12-23 03:26:33.444 I/sysui_multi_action(13854): [757,830,758,4,833,0,854,top_level_privacy,1089,0]
12-23 03:26:33.548 I/sysui_multi_action(13854): [757,87,758,2,1089,399]
12-23 03:26:33.575 I/sysui_multi_action(13854): [757,1587,758,1,833,0,1089,21]
12-23 03:26:33.576 I/sysui_multi_action(13854): [757,1729,758,4,854,isParalleledControllers:false,1089,23]
12-23 03:26:33.827 I/sysui_multi_action(13854): [757,830,758,4,833,0,854,top_level_system,1089,0]
12-23 03:26:33.930 I/sysui_multi_action(13854): [757,1587,758,2,1089,355]
12-23 03:26:33.954 I/sysui_multi_action(13854): [757,744,758,1,833,0,1089,19]
12-23 03:26:33.956 I/sysui_multi_action(13854): [757,1729,758,4,854,isParalleledControllers:false,1089,21]
12-23 03:26:35.503 I/sysui_multi_action(13854): [757,830,758,4,833,0,854,top_level_game,1089,0]
12-23 03:26:35.617 I/sysui_multi_action(13854): [757,744,758,2,1089,1661]
12-23 03:26:35.663 I/sysui_multi_action(13854): [757,3000,758,1,833,0,1089,30]
12-23 03:26:35.664 I/sysui_multi_action(13854): [757,1729,758,4,854,isParalleledControllers:false,1089,32]
12-23 03:26:37.469 I/sysui_multi_action(13854): [757,830,758,4,833,0,854,game_setting_switch,1089,0]
12-23 03:26:38.604 I/sysui_multi_action(13854): [757,830,758,4,833,0,854,game_setting_dnd,1089,0]
12-23 03:26:38.612 I/sysui_multi_action(13854): [757,3000,758,2,1089,2949]
12-23 03:26:38.649 I/sysui_multi_action(13854): [757,3100,758,1,833,0,1089,32]
12-23 03:26:38.650 I/sysui_multi_action(13854): [757,1729,758,4,854,isParalleledControllers:false,1089,33]
12-23 03:26:39.947 I/sysui_multi_action(13854): [757,3100,758,2,1089,1298]
12-23 03:26:39.975 I/sysui_multi_action(13854): [757,3000,758,1,833,0,1089,0]
12-23 03:26:40.821 I/sysui_multi_action(13854): [757,830,758,4,833,0,854,game_setting_gpu,1089,0]
12-23 03:26:40.830 I/sysui_multi_action(13854): [757,3000,758,2,1089,855]
12-23 03:26:40.878 I/sysui_multi_action(13854): [757,3000,758,1,833,0,1089,43]
12-23 03:26:40.879 I/sysui_multi_action(13854): [757,1729,758,4,854,isParalleledControllers:false,1089,44]
12-23 03:26:43.711 I/sysui_multi_action(13854): [757,830,758,4,833,0,854,game_setting_gpu_custom,1089,0]
12-23 03:26:45.196 I/sysui_multi_action(13854): [757,830,758,4,833,0,854,game_setting_gpu_custom_fps,1089,0]
12-23 03:26:45.205 I/input_focus( 1507): [Focus request 74e99ad PopupWindow:1562b54,reason=UpdateInputWindows]
12-23 03:26:45.235 I/input_focus( 1507): [Focus leaving 548bddd com.android.settings/com.android.settings.Settings (server),reason=Waiting for window because NOT_VISIBLE]
12-23 03:26:45.270 I/input_focus( 1507): [Focus entering 74e99ad PopupWindow:1562b54 (server),reason=Window became focusable. Previous reason: NOT_VISIBLE]
12-23 03:26:46.479 I/input_interaction( 1507): Interaction with: 74e99ad PopupWindow:1562b54 (server), edge-swipe (server), swipe-up (server), PointerEventDispatcher0 (server),
12-23 03:26:46.489 I/input_focus( 1507): [Focus request 548bddd com.android.settings/com.android.settings.Settings,reason=UpdateInputWindows]
12-23 03:26:46.523 I/input_focus( 1507): [Focus leaving 74e99ad PopupWindow:1562b54 (server),reason=NOT_FOCUSABLE]
12-23 03:26:46.523 I/input_focus( 1507): [Focus entering 548bddd com.android.settings/com.android.settings.Settings (server),reason=setFocusedWindow]
12-23 03:26:47.330 I/input_interaction( 1507): Interaction with: 548bddd com.android.settings/com.android.settings.Settings (server), edge-swipe (server), swipe-up (server), PointerEventDispatcher0 (server),
12-23 03:26:47.478 I/sysui_multi_action(13854): [757,830,758,4,833,0,854,game_setting_gpu_custom_fps,1089,0]
12-23 03:26:47.492 I/input_focus( 1507): [Focus request 7a99ac7 PopupWindow:1562b54,reason=UpdateInputWindows]
12-23 03:26:47.508 I/input_focus( 1507): [Focus leaving 548bddd com.android.settings/com.android.settings.Settings (server),reason=setFocusedWindow]
12-23 03:26:47.509 I/input_focus( 1507): [Focus entering 7a99ac7 PopupWindow:1562b54 (server),reason=setFocusedWindow]
12-23 03:26:48.168 I/input_interaction( 1507): Interaction with: 7a99ac7 PopupWindow:1562b54 (server), edge-swipe (server), swipe-up (server), PointerEventDispatcher0 (server),
12-23 03:26:48.176 I/input_focus( 1507): [Focus request 548bddd com.android.settings/com.android.settings.Settings,reason=UpdateInputWindows]
12-23 03:26:48.210 I/input_focus( 1507): [Focus leaving 7a99ac7 PopupWindow:1562b54 (server),reason=NOT_FOCUSABLE]
12-23 03:26:48.210 I/input_focus( 1507): [Focus entering 548bddd com.android.settings/com.android.settings.Settings (server),reason=setFocusedWindow]
12-23 03:26:49.437 I/input_interaction( 1507): Interaction with: 548bddd com.android.settings/com.android.settings.Settings (server), edge-swipe (server), swipe-up (server), PointerEventDispatcher0 (server),
12-23 03:26:49.589 I/sysui_multi_action(13854): [757,830,758,4,833,0,854,game_setting_gpu_custom_dpi,1089,0]
12-23 03:26:49.599 I/input_focus( 1507): [Focus request 29d0251 PopupWindow:4aaf227,reason=UpdateInputWindows]
12-23 03:26:49.632 I/input_focus( 1507): [Focus leaving 548bddd com.android.settings/com.android.settings.Settings (server),reason=setFocusedWindow]
12-23 03:26:49.632 I/input_focus( 1507): [Focus entering 29d0251 PopupWindow:4aaf227 (server),reason=setFocusedWindow]
12-23 03:26:50.251 I/input_interaction( 1507): Interaction with: 29d0251 PopupWindow:4aaf227 (server), edge-swipe (server), swipe-up (server), PointerEventDispatcher0 (server),
12-23 03:26:50.262 I/input_focus( 1507): [Focus request 548bddd com.android.settings/com.android.settings.Settings,reason=UpdateInputWindows]
12-23 03:26:50.282 I/input_focus( 1507): [Focus leaving 29d0251 PopupWindow:4aaf227 (server),reason=NOT_FOCUSABLE]
12-23 03:26:50.282 I/input_focus( 1507): [Focus entering 548bddd com.android.settings/com.android.settings.Settings (server),reason=setFocusedWindow]
12-23 03:26:50.920 I/input_interaction( 1507): Interaction with: 548bddd com.android.settings/com.android.settings.Settings (server), edge-swipe (server), swipe-up (server), PointerEventDispatcher0 (server),
12-23 03:26:51.037 I/sysui_multi_action(13854): [757,830,758,4,833,0,854,game_setting_gpu_custom_fps,1089,0]
12-23 03:26:51.051 I/input_focus( 1507): [Focus request 2618acb PopupWindow:1562b54,reason=UpdateInputWindows]
12-23 03:26:51.070 I/input_focus( 1507): [Focus leaving 548bddd com.android.settings/com.android.settings.Settings (server),reason=Waiting for window because NOT_VISIBLE]
12-23 03:26:51.083 I/input_focus( 1507): [Focus entering 2618acb PopupWindow:1562b54 (server),reason=Window became focusable. Previous reason: NOT_VISIBLE]
12-23 03:26:52.010 I/input_interaction( 1507): Interaction with: 2618acb PopupWindow:1562b54 (server), edge-swipe (server), swipe-up (server), PointerEventDispatcher0 (server),
12-23 03:26:52.144 I/input_focus( 1507): [Focus request 548bddd com.android.settings/com.android.settings.Settings,reason=UpdateInputWindows]
12-23 03:26:52.171 I/input_focus( 1507): [Focus leaving 2618acb PopupWindow:1562b54 (server),reason=NOT_FOCUSABLE]
12-23 03:26:52.171 I/input_focus( 1507): [Focus entering 548bddd com.android.settings/com.android.settings.Settings (server),reason=setFocusedWindow]
12-23 03:26:52.920 I/input_interaction( 1507): Interaction with: 548bddd com.android.settings/com.android.settings.Settings (server), edge-swipe (server), swipe-up (server), PointerEventDispatcher0 (server),
12-23 03:26:53.096 I/sysui_multi_action(13854): [757,830,758,4,833,0,854,game_setting_gpu_custom_fps,1089,0]
12-23 03:26:53.102 I/input_focus( 1507): [Focus request 4eac54a PopupWindow:1562b54,reason=UpdateInputWindows]
12-23 03:26:53.127 I/input_focus( 1507): [Focus leaving 548bddd com.android.settings/com.android.settings.Settings (server),reason=setFocusedWindow]
12-23 03:26:53.127 I/input_focus( 1507): [Focus entering 4eac54a PopupWindow:1562b54 (server),reason=setFocusedWindow]
12-23 03:26:53.845 I/input_interaction( 1507): Interaction with: 4eac54a PopupWindow:1562b54 (server), edge-swipe (server), swipe-up (server), PointerEventDispatcher0 (server),
12-23 03:26:54.023 I/input_focus( 1507): [Focus request 548bddd com.android.settings/com.android.settings.Settings,reason=UpdateInputWindows]
12-23 03:26:54.057 I/input_focus( 1507): [Focus leaving 4eac54a PopupWindow:1562b54 (server),reason=NOT_FOCUSABLE]
12-23 03:26:54.058 I/input_focus( 1507): [Focus entering 548bddd com.android.settings/com.android.settings.Settings (server),reason=setFocusedWindow]
12-23 03:26:54.935 I/input_interaction( 1507): Interaction with: 548bddd com.android.settings/com.android.settings.Settings (server), edge-swipe (server), swipe-up (server), PointerEventDispatcher0 (server),
12-23 03:26:55.077 I/sysui_multi_action(13854): [757,830,758,4,833,0,854,game_setting_gpu_custom_fps,1089,0]
12-23 03:26:55.082 I/input_focus( 1507): [Focus request c3fe31c PopupWindow:1562b54,reason=UpdateInputWindows]
12-23 03:26:55.110 I/input_focus( 1507): [Focus leaving 548bddd com.android.settings/com.android.settings.Settings (server),reason=setFocusedWindow]
12-23 03:26:55.110 I/input_focus( 1507): [Focus entering c3fe31c PopupWindow:1562b54 (server),reason=setFocusedWindow]
12-23 03:26:56.086 I/input_interaction( 1507): Interaction with: c3fe31c PopupWindow:1562b54 (server), edge-swipe (server), swipe-up (server), PointerEventDispatcher0 (server),
12-23 03:26:56.238 I/input_focus( 1507): [Focus request 548bddd com.android.settings/com.android.settings.Settings,reason=UpdateInputWindows]
12-23 03:26:56.263 I/input_focus( 1507): [Focus leaving c3fe31c PopupWindow:1562b54 (server),reason=NOT_FOCUSABLE]
12-23 03:26:56.263 I/input_focus( 1507): [Focus entering 548bddd com.android.settings/com.android.settings.Settings (server),reason=setFocusedWindow]
12-23 03:26:56.980 I/input_interaction( 1507): Interaction with: 548bddd com.android.settings/com.android.settings.Settings (server), edge-swipe (server), swipe-up (server), PointerEventDispatcher0 (server),
12-23 03:26:57.134 I/sysui_multi_action(13854): [757,830,758,4,833,0,854,game_setting_gpu_custom_dpi,1089,0]
12-23 03:26:57.144 I/input_focus( 1507): [Focus request 724a89e PopupWindow:4aaf227,reason=UpdateInputWindows]
12-23 03:26:57.165 I/input_focus( 1507): [Focus leaving 548bddd com.android.settings/com.android.settings.Settings (server),reason=Waiting for window because NOT_VISIBLE]
12-23 03:26:57.181 I/input_focus( 1507): [Focus entering 724a89e PopupWindow:4aaf227 (server),reason=Window became focusable. Previous reason: NOT_VISIBLE]
12-23 03:26:58.347 I/input_interaction( 1507): Interaction with: 724a89e PopupWindow:4aaf227 (server), edge-swipe (server), swipe-up (server), PointerEventDispatcher0 (server),
12-23 03:26:58.494 I/input_focus( 1507): [Focus request 548bddd com.android.settings/com.android.settings.Settings,reason=UpdateInputWindows]
12-23 03:26:58.520 I/input_focus( 1507): [Focus leaving 724a89e PopupWindow:4aaf227 (server),reason=NOT_FOCUSABLE]
12-23 03:26:58.521 I/input_focus( 1507): [Focus entering 548bddd com.android.settings/com.android.settings.Settings (server),reason=setFocusedWindow]
12-23 03:26:59.103 I/input_interaction( 1507): Interaction with: 548bddd com.android.settings/com.android.settings.Settings (server), edge-swipe (server), swipe-up (server), PointerEventDispatcher0 (server),
12-23 03:26:59.261 I/sysui_multi_action(13854): [757,830,758,4,833,0,854,game_setting_gpu_custom_dpi,1089,0]
12-23 03:26:59.268 I/input_focus( 1507): [Focus request 64d6e50 PopupWindow:4aaf227,reason=UpdateInputWindows]
12-23 03:26:59.286 I/input_focus( 1507): [Focus leaving 548bddd com.android.settings/com.android.settings.Settings (server),reason=setFocusedWindow]
12-23 03:26:59.287 I/input_focus( 1507): [Focus entering 64d6e50 PopupWindow:4aaf227 (server),reason=setFocusedWindow]
12-23 03:27:00.003 I/input_interaction( 1507): Interaction with: 64d6e50 PopupWindow:4aaf227 (server), edge-swipe (server), swipe-up (server), PointerEventDispatcher0 (server),
12-23 03:27:00.170 I/input_focus( 1507): [Focus request 548bddd com.android.settings/com.android.settings.Settings,reason=UpdateInputWindows]
12-23 03:27:00.205 I/input_focus( 1507): [Focus leaving 64d6e50 PopupWindow:4aaf227 (server),reason=NOT_FOCUSABLE]
12-23 03:27:00.205 I/input_focus( 1507): [Focus entering 548bddd com.android.settings/com.android.settings.Settings (server),reason=setFocusedWindow]
12-23 03:27:01.234 I/input_interaction( 1507): Interaction with: 548bddd com.android.settings/com.android.settings.Settings (server), edge-swipe (server), swipe-up (server), PointerEventDispatcher0 (server),
12-23 03:27:01.427 I/sysui_multi_action(13854): [757,830,758,4,833,0,854,game_setting_gpu_custom_dpi,1089,0]
12-23 03:27:01.436 I/input_focus( 1507): [Focus request 2efb003 PopupWindow:4aaf227,reason=UpdateInputWindows]
12-23 03:27:01.458 I/input_focus( 1507): [Focus leaving 548bddd com.android.settings/com.android.settings.Settings (server),reason=setFocusedWindow]
12-23 03:27:01.458 I/input_focus( 1507): [Focus entering 2efb003 PopupWindow:4aaf227 (server),reason=setFocusedWindow]
12-23 03:27:02.530 I/input_interaction( 1507): Interaction with: 2efb003 PopupWindow:4aaf227 (server), edge-swipe (server), swipe-up (server), PointerEventDispatcher0 (server),
12-23 03:27:02.701 I/input_focus( 1507): [Focus request 548bddd com.android.settings/com.android.settings.Settings,reason=UpdateInputWindows]
12-23 03:27:02.729 I/input_focus( 1507): [Focus leaving 2efb003 PopupWindow:4aaf227 (server),reason=NOT_FOCUSABLE]
12-23 03:27:02.729 I/input_focus( 1507): [Focus entering 548bddd com.android.settings/com.android.settings.Settings (server),reason=setFocusedWindow]
12-23 03:27:03.315 I/input_interaction( 1507): Interaction with: 548bddd com.android.settings/com.android.settings.Settings (server), edge-swipe (server), swipe-up (server), PointerEventDispatcher0 (server),
12-23 03:27:04.183 I/sysui_multi_action(13854): [757,830,758,4,833,0,854,game_settings_gpu_custom_aliasing,1089,0]
12-23 03:27:04.189 I/input_focus( 1507): [Focus request 7219d2d PopupWindow:3277b80,reason=UpdateInputWindows]
12-23 03:27:04.215 I/input_focus( 1507): [Focus leaving 548bddd com.android.settings/com.android.settings.Settings (server),reason=setFocusedWindow]
12-23 03:27:04.215 I/input_focus( 1507): [Focus entering 7219d2d PopupWindow:3277b80 (server),reason=setFocusedWindow]
12-23 03:27:05.391 I/input_interaction( 1507): Interaction with: 7219d2d PopupWindow:3277b80 (server), edge-swipe (server), swipe-up (server), PointerEventDispatcher0 (server),
12-23 03:27:05.543 I/input_focus( 1507): [Focus request 548bddd com.android.settings/com.android.settings.Settings,reason=UpdateInputWindows]
12-23 03:27:05.570 I/input_focus( 1507): [Focus leaving 7219d2d PopupWindow:3277b80 (server),reason=NOT_FOCUSABLE]
12-23 03:27:05.570 I/input_focus( 1507): [Focus entering 548bddd com.android.settings/com.android.settings.Settings (server),reason=setFocusedWindow]
12-23 03:27:06.380 I/input_interaction( 1507): Interaction with: 548bddd com.android.settings/com.android.settings.Settings (server), edge-swipe (server), swipe-up (server), PointerEventDispatcher0 (server),
12-23 03:27:06.529 I/sysui_multi_action(13854): [757,830,758,4,833,0,854,game_settings_gpu_custom_aliasing,1089,0]
12-23 03:27:06.535 I/input_focus( 1507): [Focus request 17bfa74 PopupWindow:3277b80,reason=UpdateInputWindows]
12-23 03:27:06.554 I/input_focus( 1507): [Focus leaving 548bddd com.android.settings/com.android.settings.Settings (server),reason=setFocusedWindow]
12-23 03:27:06.554 I/input_focus( 1507): [Focus entering 17bfa74 PopupWindow:3277b80 (server),reason=setFocusedWindow]
12-23 03:27:07.209 I/input_interaction( 1507): Interaction with: 17bfa74 PopupWindow:3277b80 (server), edge-swipe (server), swipe-up (server), PointerEventDispatcher0 (server),
12-23 03:27:07.213 I/service_manager_stats( 1507): [100,60,42011]
12-23 03:27:07.412 I/input_focus( 1507): [Focus request 548bddd com.android.settings/com.android.settings.Settings,reason=UpdateInputWindows]
12-23 03:27:07.439 I/input_focus( 1507): [Focus leaving 17bfa74 PopupWindow:3277b80 (server),reason=NOT_FOCUSABLE]
12-23 03:27:07.439 I/input_focus( 1507): [Focus entering 548bddd com.android.settings/com.android.settings.Settings (server),reason=setFocusedWindow]
12-23 03:27:08.074 I/input_interaction( 1507): Interaction with: 548bddd com.android.settings/com.android.settings.Settings (server), edge-swipe (server), swipe-up (server), PointerEventDispatcher0 (server),
12-23 03:27:21.132 I/am_uid_idle( 1507): 10050
12-23 03:28:02.487 I/sysui_multi_action( 1507): [757,1696,758,6,759,2]
12-23 03:28:02.499 I/am_wtf ( 1507): [0,1507,system_server,-1,DisplayDeviceConfig,requesting nits when no mapping exists.]
12-23 03:28:02.503 I/am_wtf ( 1507): [0,1507,system_server,-1,DisplayDeviceConfig,requesting nits when no mapping exists.]
12-23 03:28:02.516 I/am_wtf ( 1507): [0,1507,system_server,-1,DisplayDeviceConfig,requesting nits when no mapping exists.]
12-23 03:28:02.517 I/am_wtf ( 1507): [0,1507,system_server,-1,DisplayDeviceConfig,requesting nits when no mapping exists.]
12-23 03:28:02.532 I/am_wtf ( 1507): [0,1507,system_server,-1,DisplayDeviceConfig,requesting nits when no mapping exists.]
12-23 03:28:02.534 I/am_wtf ( 1507): [0,1507,system_server,-1,DisplayDeviceConfig,requesting nits when no mapping exists.]
12-23 03:28:02.538 I/am_wtf ( 1507): [0,1507,system_server,-1,DisplayDeviceConfig,requesting nits when no mapping exists.]
12-23 03:28:02.539 I/am_wtf ( 1507): [0,1507,system_server,-1,DisplayDeviceConfig,requesting nits when no mapping exists.]
12-23 03:28:02.554 I/am_wtf ( 1507): [0,1507,system_server,-1,DisplayDeviceConfig,requesting nits when no mapping exists.]
12-23 03:28:02.555 I/am_wtf ( 1507): [0,1507,system_server,-1,DisplayDeviceConfig,requesting nits when no mapping exists.]
12-23 03:28:02.571 I/am_wtf ( 1507): [0,1507,system_server,-1,DisplayDeviceConfig,requesting nits when no mapping exists.]
12-23 03:28:02.572 I/am_wtf ( 1507): [0,1507,system_server,-1,DisplayDeviceConfig,requesting nits when no mapping exists.]
12-23 03:28:02.588 I/am_wtf ( 1507): [0,1507,system_server,-1,DisplayDeviceConfig,requesting nits when no mapping exists.]
12-23 03:28:02.589 I/am_wtf ( 1507): [0,1507,system_server,-1,DisplayDeviceConfig,requesting nits when no mapping exists.]
12-23 03:28:02.605 I/am_wtf ( 1507): [0,1507,system_server,-1,DisplayDeviceConfig,requesting nits when no mapping exists.]
12-23 03:28:02.606 I/am_wtf ( 1507): [0,1507,system_server,-1,DisplayDeviceConfig,requesting nits when no mapping exists.]
12-23 03:28:02.622 I/am_wtf ( 1507): [0,1507,system_server,-1,DisplayDeviceConfig,requesting nits when no mapping exists.]
12-23 03:28:02.622 I/am_wtf ( 1507): [0,1507,system_server,-1,DisplayDeviceConfig,requesting nits when no mapping exists.]
12-23 03:28:02.639 I/am_wtf ( 1507): [0,1507,system_server,-1,DisplayDeviceConfig,requesting nits when no mapping exists.]
12-23 03:28:02.640 I/am_wtf ( 1507): [0,1507,system_server,-1,DisplayDeviceConfig,requesting nits when no mapping exists.]
12-23 03:28:02.655 I/am_wtf ( 1507): [0,1507,system_server,-1,DisplayDeviceConfig,requesting nits when no mapping exists.]
12-23 03:28:02.656 I/am_wtf ( 1507): [0,1507,system_server,-1,DisplayDeviceConfig,requesting nits when no mapping exists.]
12-23 03:28:02.672 I/am_wtf ( 1507): [0,1507,system_server,-1,DisplayDeviceConfig,requesting nits when no mapping exists.]
12-23 03:28:02.673 I/am_wtf ( 1507): [0,1507,system_server,-1,DisplayDeviceConfig,requesting nits when no mapping exists.]
12-23 03:28:02.688 I/am_wtf ( 1507): [0,1507,system_server,-1,DisplayDeviceConfig,requesting nits when no mapping exists.]
12-23 03:28:02.689 I/am_wtf ( 1507): [0,1507,system_server,-1,DisplayDeviceConfig,requesting nits when no mapping exists.]
12-23 03:28:02.707 I/am_wtf ( 1507): [0,1507,system_server,-1,DisplayDeviceConfig,requesting nits when no mapping exists.]
12-23 03:28:02.708 I/am_wtf ( 1507): [0,1507,system_server,-1,DisplayDeviceConfig,requesting nits when no mapping exists.]
12-23 03:28:02.722 I/am_wtf ( 1507): [0,1507,system_server,-1,DisplayDeviceConfig,requesting nits when no mapping exists.]
12-23 03:28:02.723 I/am_wtf ( 1507): [0,1507,system_server,-1,DisplayDeviceConfig,requesting nits when no mapping exists.]
12-23 03:28:02.739 I/am_wtf ( 1507): [0,1507,system_server,-1,DisplayDeviceConfig,requesting nits when no mapping exists.]
12-23 03:28:02.739 I/am_wtf ( 1507): [0,1507,system_server,-1,DisplayDeviceConfig,requesting nits when no mapping exists.]
12-23 03:28:02.755 I/am_wtf ( 1507): [0,1507,system_server,-1,DisplayDeviceConfig,requesting nits when no mapping exists.]
12-23 03:28:02.756 I/am_wtf ( 1507): [0,1507,system_server,-1,DisplayDeviceConfig,requesting nits when no mapping exists.]
12-23 03:28:02.772 I/am_wtf ( 1507): [0,1507,system_server,-1,DisplayDeviceConfig,requesting nits when no mapping exists.]
12-23 03:28:02.773 I/am_wtf ( 1507): [0,1507,system_server,-1,DisplayDeviceConfig,requesting nits when no mapping exists.]
12-23 03:28:02.789 I/am_wtf ( 1507): [0,1507,system_server,-1,DisplayDeviceConfig,requesting nits when no mapping exists.]
12-23 03:28:02.790 I/am_wtf ( 1507): [0,1507,system_server,-1,DisplayDeviceConfig,requesting nits when no mapping exists.]
12-23 03:28:02.806 I/am_wtf ( 1507): [0,1507,system_server,-1,DisplayDeviceConfig,requesting nits when no mapping exists.]
12-23 03:28:02.807 I/am_wtf ( 1507): [0,1507,system_server,-1,DisplayDeviceConfig,requesting nits when no mapping exists.]
12-23 03:28:02.823 I/am_wtf ( 1507): [0,1507,system_server,-1,DisplayDeviceConfig,requesting nits when no mapping exists.]
12-23 03:28:02.823 I/am_wtf ( 1507): [0,1507,system_server,-1,DisplayDeviceConfig,requesting nits when no mapping exists.]
12-23 03:28:02.839 I/am_wtf ( 1507): [0,1507,system_server,-1,DisplayDeviceConfig,requesting nits when no mapping exists.]
12-23 03:28:02.840 I/am_wtf ( 1507): [0,1507,system_server,-1,DisplayDeviceConfig,requesting nits when no mapping exists.]
12-23 03:28:02.856 I/am_wtf ( 1507): [0,1507,system_server,-1,DisplayDeviceConfig,requesting nits when no mapping exists.]
12-23 03:28:02.857 I/am_wtf ( 1507): [0,1507,system_server,-1,DisplayDeviceConfig,requesting nits when no mapping exists.]
12-23 03:28:02.872 I/am_wtf ( 1507): [0,1507,system_server,-1,DisplayDeviceConfig,requesting nits when no mapping exists.]
12-23 03:28:02.873 I/am_wtf ( 1507): [0,1507,system_server,-1,DisplayDeviceConfig,requesting nits when no mapping exists.]
12-23 03:28:02.889 I/am_wtf ( 1507): [0,1507,system_server,-1,DisplayDeviceConfig,requesting nits when no mapping exists.]
12-23 03:28:02.890 I/am_wtf ( 1507): [0,1507,system_server,-1,DisplayDeviceConfig,requesting nits when no mapping exists.]
12-23 03:28:02.905 I/am_wtf ( 1507): [0,1507,system_server,-1,DisplayDeviceConfig,requesting nits when no mapping exists.]
12-23 03:28:02.906 I/am_wtf ( 1507): [0,1507,system_server,-1,DisplayDeviceConfig,requesting nits when no mapping exists.]
12-23 03:28:02.922 I/am_wtf ( 1507): [0,1507,system_server,-1,DisplayDeviceConfig,requesting nits when no mapping exists.]
12-23 03:28:02.923 I/am_wtf ( 1507): [0,1507,system_server,-1,DisplayDeviceConfig,requesting nits when no mapping exists.]
12-23 03:28:02.940 I/am_wtf ( 1507): [0,1507,system_server,-1,DisplayDeviceConfig,requesting nits when no mapping exists.]
12-23 03:28:02.941 I/am_wtf ( 1507): [0,1507,system_server,-1,DisplayDeviceConfig,requesting nits when no mapping exists.]
12-23 03:28:02.956 I/am_wtf ( 1507): [0,1507,system_server,-1,DisplayDeviceConfig,requesting nits when no mapping exists.]
12-23 03:28:02.957 I/am_wtf ( 1507): [0,1507,system_server,-1,DisplayDeviceConfig,requesting nits when no mapping exists.]
12-23 03:28:02.973 I/am_wtf ( 1507): [0,1507,system_server,-1,DisplayDeviceConfig,requesting nits when no mapping exists.]
12-23 03:28:02.974 I/am_wtf ( 1507): [0,1507,system_server,-1,DisplayDeviceConfig,requesting nits when no mapping exists.]
12-23 03:28:02.989 I/am_wtf ( 1507): [0,1507,system_server,-1,DisplayDeviceConfig,requesting nits when no mapping exists.]
12-23 03:28:02.990 I/am_wtf ( 1507): [0,1507,system_server,-1,DisplayDeviceConfig,requesting nits when no mapping exists.]
12-23 03:28:03.006 I/am_wtf ( 1507): [0,1507,system_server,-1,DisplayDeviceConfig,requesting nits when no mapping exists.]
12-23 03:28:03.006 I/am_wtf ( 1507): [0,1507,system_server,-1,DisplayDeviceConfig,requesting nits when no mapping exists.]
12-23 03:28:03.022 I/am_wtf ( 1507): [0,1507,system_server,-1,DisplayDeviceConfig,requesting nits when no mapping exists.]
12-23 03:28:03.023 I/am_wtf ( 1507): [0,1507,system_server,-1,DisplayDeviceConfig,requesting nits when no mapping exists.]
12-23 03:28:03.039 I/am_wtf ( 1507): [0,1507,system_server,-1,DisplayDeviceConfig,requesting nits when no mapping exists.]
12-23 03:28:03.040 I/am_wtf ( 1507): [0,1507,system_server,-1,DisplayDeviceConfig,requesting nits when no mapping exists.]
12-23 03:28:03.056 I/am_wtf ( 1507): [0,1507,system_server,-1,DisplayDeviceConfig,requesting nits when no mapping exists.]
12-23 03:28:03.057 I/am_wtf ( 1507): [0,1507,system_server,-1,DisplayDeviceConfig,requesting nits when no mapping exists.]
12-23 03:28:03.072 I/am_wtf ( 1507): [0,1507,system_server,-1,DisplayDeviceConfig,requesting nits when no mapping exists.]
12-23 03:28:03.073 I/am_wtf ( 1507): [0,1507,system_server,-1,DisplayDeviceConfig,requesting nits when no mapping exists.]
12-23 03:28:03.089 I/am_wtf ( 1507): [0,1507,system_server,-1,DisplayDeviceConfig,requesting nits when no mapping exists.]
12-23 03:28:03.090 I/am_wtf ( 1507): [0,1507,system_server,-1,DisplayDeviceConfig,requesting nits when no mapping exists.]
12-23 03:28:03.106 I/am_wtf ( 1507): [0,1507,system_server,-1,DisplayDeviceConfig,requesting nits when no mapping exists.]
12-23 03:28:03.107 I/am_wtf ( 1507): [0,1507,system_server,-1,DisplayDeviceConfig,requesting nits when no mapping exists.]
12-23 03:28:03.123 I/am_wtf ( 1507): [0,1507,system_server,-1,DisplayDeviceConfig,requesting nits when no mapping exists.]
12-23 03:28:03.124 I/am_wtf ( 1507): [0,1507,system_server,-1,DisplayDeviceConfig,requesting nits when no mapping exists.]
12-23 03:28:03.139 I/am_wtf ( 1507): [0,1507,system_server,-1,DisplayDeviceConfig,requesting nits when no mapping exists.]
12-23 03:28:03.140 I/am_wtf ( 1507): [0,1507,system_server,-1,DisplayDeviceConfig,requesting nits when no mapping exists.]
12-23 03:28:03.157 I/am_wtf ( 1507): [0,1507,system_server,-1,DisplayDeviceConfig,requesting nits when no mapping exists.]
12-23 03:28:03.157 I/am_wtf ( 1507): [0,1507,system_server,-1,DisplayDeviceConfig,requesting nits when no mapping exists.]
12-23 03:28:03.173 I/am_wtf ( 1507): [0,1507,system_server,-1,DisplayDeviceConfig,requesting nits when no mapping exists.]
12-23 03:28:03.174 I/am_wtf ( 1507): [0,1507,system_server,-1,DisplayDeviceConfig,requesting nits when no mapping exists.]
12-23 03:28:03.190 I/am_wtf ( 1507): [0,1507,system_server,-1,DisplayDeviceConfig,requesting nits when no mapping exists.]
12-23 03:28:03.191 I/am_wtf ( 1507): [0,1507,system_server,-1,DisplayDeviceConfig,requesting nits when no mapping exists.]
12-23 03:28:03.206 I/am_wtf ( 1507): [0,1507,system_server,-1,DisplayDeviceConfig,requesting nits when no mapping exists.]
12-23 03:28:03.207 I/am_wtf ( 1507): [0,1507,system_server,-1,DisplayDeviceConfig,requesting nits when no mapping exists.]
12-23 03:28:03.223 I/am_wtf ( 1507): [0,1507,system_server,-1,DisplayDeviceConfig,requesting nits when no mapping exists.]
12-23 03:28:03.224 I/am_wtf ( 1507): [0,1507,system_server,-1,DisplayDeviceConfig,requesting nits when no mapping exists.]
12-23 03:28:03.239 I/am_wtf ( 1507): [0,1507,system_server,-1,DisplayDeviceConfig,requesting nits when no mapping exists.]
12-23 03:28:03.240 I/am_wtf ( 1507): [0,1507,system_server,-1,DisplayDeviceConfig,requesting nits when no mapping exists.]
12-23 03:28:03.256 I/am_wtf ( 1507): [0,1507,system_server,-1,DisplayDeviceConfig,requesting nits when no mapping exists.]
12-23 03:28:03.257 I/service_manager_stats( 1507): [100,47,56044]
12-23 03:28:03.257 I/am_wtf ( 1507): [0,1507,system_server,-1,DisplayDeviceConfig,requesting nits when no mapping exists.]
12-23 03:28:03.273 I/am_wtf ( 1507): [0,1507,system_server,-1,DisplayDeviceConfig,requesting nits when no mapping exists.]
12-23 03:28:03.274 I/am_wtf ( 1507): [0,1507,system_server,-1,DisplayDeviceConfig,requesting nits when no mapping exists.]
12-23 03:28:03.290 I/am_wtf ( 1507): [0,1507,system_server,-1,DisplayDeviceConfig,requesting nits when no mapping exists.]
12-23 03:28:03.290 I/am_wtf ( 1507): [0,1507,system_server,-1,DisplayDeviceConfig,requesting nits when no mapping exists.]
12-23 03:28:03.306 I/am_wtf ( 1507): [0,1507,system_server,-1,DisplayDeviceConfig,requesting nits when no mapping exists.]
12-23 03:28:03.307 I/am_wtf ( 1507): [0,1507,system_server,-1,DisplayDeviceConfig,requesting nits when no mapping exists.]
12-23 03:28:03.323 I/am_wtf ( 1507): [0,1507,system_server,-1,DisplayDeviceConfig,requesting nits when no mapping exists.]
12-23 03:28:03.324 I/am_wtf ( 1507): [0,1507,system_server,-1,DisplayDeviceConfig,requesting nits when no mapping exists.]
12-23 03:28:03.341 I/am_wtf ( 1507): [0,1507,system_server,-1,DisplayDeviceConfig,requesting nits when no mapping exists.]
12-23 03:28:03.342 I/am_wtf ( 1507): [0,1507,system_server,-1,DisplayDeviceConfig,requesting nits when no mapping exists.]
12-23 03:28:03.357 I/am_wtf ( 1507): [0,1507,system_server,-1,DisplayDeviceConfig,requesting nits when no mapping exists.]
12-23 03:28:03.357 I/am_wtf ( 1507): [0,1507,system_server,-1,DisplayDeviceConfig,requesting nits when no mapping exists.]
12-23 03:28:03.373 I/am_wtf ( 1507): [0,1507,system_server,-1,DisplayDeviceConfig,requesting nits when no mapping exists.]
12-23 03:28:03.374 I/am_wtf ( 1507): [0,1507,system_server,-1,DisplayDeviceConfig,requesting nits when no mapping exists.]
12-23 03:28:03.390 I/am_wtf ( 1507): [0,1507,system_server,-1,DisplayDeviceConfig,requesting nits when no mapping exists.]
12-23 03:28:03.391 I/am_wtf ( 1507): [0,1507,system_server,-1,DisplayDeviceConfig,requesting nits when no mapping exists.]
12-23 03:28:03.406 I/am_wtf ( 1507): [0,1507,system_server,-1,DisplayDeviceConfig,requesting nits when no mapping exists.]
12-23 03:28:03.407 I/am_wtf ( 1507): [0,1507,system_server,-1,DisplayDeviceConfig,requesting nits when no mapping exists.]
12-23 03:28:03.423 I/am_wtf ( 1507): [0,1507,system_server,-1,DisplayDeviceConfig,requesting nits when no mapping exists.]
12-23 03:28:03.424 I/am_wtf ( 1507): [0,1507,system_server,-1,DisplayDeviceConfig,requesting nits when no mapping exists.]
12-23 03:28:03.440 I/am_wtf ( 1507): [0,1507,system_server,-1,DisplayDeviceConfig,requesting nits when no mapping exists.]
12-23 03:28:03.440 I/am_wtf ( 1507): [0,1507,system_server,-1,DisplayDeviceConfig,requesting nits when no mapping exists.]
12-23 03:28:09.499 I/sysui_multi_action( 1507): [757,222,758,1]
12-23 03:28:09.501 I/am_uid_active( 1507): 10050
12-23 03:28:09.512 I/wm_task_created( 1507): [18,-1]
12-23 03:28:09.516 I/wm_task_moved( 1507): [18,1,7]
12-23 03:28:09.516 I/wm_task_to_front( 1507): [0,18]
12-23 03:28:09.516 I/wm_create_task( 1507): [0,18]
12-23 03:28:09.516 I/wm_create_activity( 1507): [0,42690370,18,com.thundercomm.screensaver/android.service.dreams.DreamActivity,NULL,NULL,NULL,276824064]
12-23 03:28:09.516 I/wm_task_moved( 1507): [18,1,7]
12-23 03:28:09.516 I/wm_on_top_resumed_lost_called(13854): [197961297,com.android.settings.Settings,topStateChangedWhenResumed]
12-23 03:28:09.517 I/wm_pause_activity( 1507): [0,197961297,com.android.settings/.Settings,userLeaving=true,pauseBackTasks]
12-23 03:28:09.519 I/sysui_multi_action(13854): [757,35,758,2,1089,108955]
12-23 03:28:09.519 I/am_pss ( 1507): [13854,1000,com.android.settings,202791936,179400704,0,358289408,0,2,17]
12-23 03:28:09.519 I/sysui_multi_action(13854): [757,3000,758,2,1089,88642]
12-23 03:28:09.520 I/wm_on_paused_called(13854): [197961297,com.android.settings.Settings,performPause]
12-23 03:28:09.521 I/wm_add_to_stopping( 1507): [0,197961297,com.android.settings/.Settings,makeInvisible]
12-23 03:28:09.521 I/wm_restart_activity( 1507): [0,42690370,18,com.thundercomm.screensaver/android.service.dreams.DreamActivity]
12-23 03:28:09.522 I/wm_set_resumed_activity( 1507): [0,com.thundercomm.screensaver/android.service.dreams.DreamActivity,minimalResumeActivityLocked]
12-23 03:28:09.524 I/sysui_multi_action( 1507): [757,803,799,window_time_0,802,109]
12-23 03:28:09.525 I/am_pss ( 1507): [13954,1000,com.qti.diagservices,6323200,3850240,0,94801920,0,10,5]
12-23 03:28:09.527 I/wm_on_create_called( 4978): [42690370,android.service.dreams.DreamActivity,performCreate]
12-23 03:28:09.528 I/wm_on_start_called( 4978): [42690370,android.service.dreams.DreamActivity,handleStartActivity]
12-23 03:28:09.528 I/wm_on_resume_called( 4978): [42690370,android.service.dreams.DreamActivity,RESUME_ACTIVITY]
12-23 03:28:09.530 I/wm_on_top_resumed_gained_called( 4978): [42690370,android.service.dreams.DreamActivity,topStateChangedWhenResumed]
12-23 03:28:09.545 I/input_focus( 1507): [Focus request 16cb58e com.thundercomm.screensaver/android.service.dreams.DreamActivity,reason=UpdateInputWindows]
12-23 03:28:09.556 I/sysui_multi_action( 1507): [319,45,322,41,325,8030,757,761,758,8,759,2,806,com.thundercomm.screensaver,871,android.service.dreams.DreamActivity,904,com.thundercomm.screensaver,905,0,1320,4,1321,2]
12-23 03:28:09.556 I/input_focus( 1507): [Focus leaving 548bddd com.android.settings/com.android.settings.Settings (server),reason=NO_WINDOW]
12-23 03:28:09.556 I/wm_activity_launch_time( 1507): [0,42690370,com.thundercomm.screensaver/android.service.dreams.DreamActivity,41]
12-23 03:28:09.557 I/sysui_multi_action( 1507): [757,1696,758,6,759,3]
12-23 03:28:09.570 I/am_wtf ( 1507): [0,1507,system_server,-1,DisplayDeviceConfig,requesting nits when no mapping exists.]
12-23 03:28:09.570 I/am_wtf ( 1507): [0,1507,system_server,-1,DisplayDeviceConfig,requesting nits when no mapping exists.]
12-23 03:28:09.587 I/am_wtf ( 1507): [0,1507,system_server,-1,DisplayDeviceConfig,requesting nits when no mapping exists.]
12-23 03:28:09.587 I/input_focus( 1507): [Focus entering 16cb58e com.thundercomm.screensaver/android.service.dreams.DreamActivity (server),reason=Window became focusable. Previous reason: NOT_VISIBLE]
12-23 03:28:09.587 I/am_wtf ( 1507): [0,1507,system_server,-1,DisplayDeviceConfig,requesting nits when no mapping exists.]
12-23 03:28:09.603 I/am_wtf ( 1507): [0,1507,system_server,-1,DisplayDeviceConfig,requesting nits when no mapping exists.]
12-23 03:28:09.604 I/am_wtf ( 1507): [0,1507,system_server,-1,DisplayDeviceConfig,requesting nits when no mapping exists.]
12-23 03:28:09.621 I/am_wtf ( 1507): [0,1507,system_server,-1,DisplayDeviceConfig,requesting nits when no mapping exists.]
12-23 03:28:09.622 I/am_wtf ( 1507): [0,1507,system_server,-1,DisplayDeviceConfig,requesting nits when no mapping exists.]
12-23 03:28:09.637 I/am_wtf ( 1507): [0,1507,system_server,-1,DisplayDeviceConfig,requesting nits when no mapping exists.]
12-23 03:28:09.638 I/am_wtf ( 1507): [0,1507,system_server,-1,DisplayDeviceConfig,requesting nits when no mapping exists.]
12-23 03:28:09.654 I/am_wtf ( 1507): [0,1507,system_server,-1,DisplayDeviceConfig,requesting nits when no mapping exists.]
12-23 03:28:09.654 I/am_wtf ( 1507): [0,1507,system_server,-1,DisplayDeviceConfig,requesting nits when no mapping exists.]
12-23 03:28:09.670 I/am_wtf ( 1507): [0,1507,system_server,-1,DisplayDeviceConfig,requesting nits when no mapping exists.]
12-23 03:28:09.671 I/am_wtf ( 1507): [0,1507,system_server,-1,DisplayDeviceConfig,requesting nits when no mapping exists.]
12-23 03:28:09.687 I/am_wtf ( 1507): [0,1507,system_server,-1,DisplayDeviceConfig,requesting nits when no mapping exists.]
12-23 03:28:09.688 I/am_wtf ( 1507): [0,1507,system_server,-1,DisplayDeviceConfig,requesting nits when no mapping exists.]
12-23 03:28:09.704 I/am_wtf ( 1507): [0,1507,system_server,-1,DisplayDeviceConfig,requesting nits when no mapping exists.]
12-23 03:28:09.704 I/am_wtf ( 1507): [0,1507,system_server,-1,DisplayDeviceConfig,requesting nits when no mapping exists.]
12-23 03:28:09.721 I/am_wtf ( 1507): [0,1507,system_server,-1,DisplayDeviceConfig,requesting nits when no mapping exists.]
12-23 03:28:09.722 I/am_wtf ( 1507): [0,1507,system_server,-1,DisplayDeviceConfig,requesting nits when no mapping exists.]
12-23 03:28:09.737 I/am_wtf ( 1507): [0,1507,system_server,-1,DisplayDeviceConfig,requesting nits when no mapping exists.]
12-23 03:28:09.737 I/am_wtf ( 1507): [0,1507,system_server,-1,DisplayDeviceConfig,requesting nits when no mapping exists.]
12-23 03:28:09.754 I/am_wtf ( 1507): [0,1507,system_server,-1,DisplayDeviceConfig,requesting nits when no mapping exists.]
12-23 03:28:09.755 I/am_wtf ( 1507): [0,1507,system_server,-1,DisplayDeviceConfig,requesting nits when no mapping exists.]
12-23 03:28:09.771 I/am_wtf ( 1507): [0,1507,system_server,-1,DisplayDeviceConfig,requesting nits when no mapping exists.]
12-23 03:28:09.771 I/am_wtf ( 1507): [0,1507,system_server,-1,DisplayDeviceConfig,requesting nits when no mapping exists.]
12-23 03:28:09.788 I/am_wtf ( 1507): [0,1507,system_server,-1,DisplayDeviceConfig,requesting nits when no mapping exists.]
12-23 03:28:09.788 I/am_wtf ( 1507): [0,1507,system_server,-1,DisplayDeviceConfig,requesting nits when no mapping exists.]
12-23 03:28:09.805 I/am_wtf ( 1507): [0,1507,system_server,-1,DisplayDeviceConfig,requesting nits when no mapping exists.]
12-23 03:28:09.805 I/am_wtf ( 1507): [0,1507,system_server,-1,DisplayDeviceConfig,requesting nits when no mapping exists.]
12-23 03:28:09.821 I/am_wtf ( 1507): [0,1507,system_server,-1,DisplayDeviceConfig,requesting nits when no mapping exists.]
12-23 03:28:09.821 I/am_wtf ( 1507): [0,1507,system_server,-1,DisplayDeviceConfig,requesting nits when no mapping exists.]
12-23 03:28:09.838 I/am_wtf ( 1507): [0,1507,system_server,-1,DisplayDeviceConfig,requesting nits when no mapping exists.]
12-23 03:28:09.838 I/am_wtf ( 1507): [0,1507,system_server,-1,DisplayDeviceConfig,requesting nits when no mapping exists.]
12-23 03:28:09.855 I/am_wtf ( 1507): [0,1507,system_server,-1,DisplayDeviceConfig,requesting nits when no mapping exists.]
12-23 03:28:09.855 I/am_wtf ( 1507): [0,1507,system_server,-1,DisplayDeviceConfig,requesting nits when no mapping exists.]
12-23 03:28:09.871 I/am_wtf ( 1507): [0,1507,system_server,-1,DisplayDeviceConfig,requesting nits when no mapping exists.]
12-23 03:28:09.871 I/am_wtf ( 1507): [0,1507,system_server,-1,DisplayDeviceConfig,requesting nits when no mapping exists.]
12-23 03:28:09.888 I/am_wtf ( 1507): [0,1507,system_server,-1,DisplayDeviceConfig,requesting nits when no mapping exists.]
12-23 03:28:09.888 I/am_wtf ( 1507): [0,1507,system_server,-1,DisplayDeviceConfig,requesting nits when no mapping exists.]
12-23 03:28:09.905 I/am_wtf ( 1507): [0,1507,system_server,-1,DisplayDeviceConfig,requesting nits when no mapping exists.]
12-23 03:28:09.905 I/am_wtf ( 1507): [0,1507,system_server,-1,DisplayDeviceConfig,requesting nits when no mapping exists.]
12-23 03:28:09.921 I/am_wtf ( 1507): [0,1507,system_server,-1,DisplayDeviceConfig,requesting nits when no mapping exists.]
12-23 03:28:09.922 I/am_wtf ( 1507): [0,1507,system_server,-1,DisplayDeviceConfig,requesting nits when no mapping exists.]
12-23 03:28:09.938 I/am_wtf ( 1507): [0,1507,system_server,-1,DisplayDeviceConfig,requesting nits when no mapping exists.]
12-23 03:28:09.938 I/am_wtf ( 1507): [0,1507,system_server,-1,DisplayDeviceConfig,requesting nits when no mapping exists.]
12-23 03:28:09.955 I/am_wtf ( 1507): [0,1507,system_server,-1,DisplayDeviceConfig,requesting nits when no mapping exists.]
12-23 03:28:09.955 I/am_wtf ( 1507): [0,1507,system_server,-1,DisplayDeviceConfig,requesting nits when no mapping exists.]
12-23 03:28:09.972 I/am_wtf ( 1507): [0,1507,system_server,-1,DisplayDeviceConfig,requesting nits when no mapping exists.]
12-23 03:28:09.972 I/am_wtf ( 1507): [0,1507,system_server,-1,DisplayDeviceConfig,requesting nits when no mapping exists.]
12-23 03:28:09.988 I/am_wtf ( 1507): [0,1507,system_server,-1,DisplayDeviceConfig,requesting nits when no mapping exists.]
12-23 03:28:09.988 I/am_wtf ( 1507): [0,1507,system_server,-1,DisplayDeviceConfig,requesting nits when no mapping exists.]
12-23 03:28:10.005 I/am_wtf ( 1507): [0,1507,system_server,-1,DisplayDeviceConfig,requesting nits when no mapping exists.]
12-23 03:28:10.005 I/am_wtf ( 1507): [0,1507,system_server,-1,DisplayDeviceConfig,requesting nits when no mapping exists.]
12-23 03:28:10.022 I/am_wtf ( 1507): [0,1507,system_server,-1,DisplayDeviceConfig,requesting nits when no mapping exists.]
12-23 03:28:10.022 I/am_wtf ( 1507): [0,1507,system_server,-1,DisplayDeviceConfig,requesting nits when no mapping exists.]
12-23 03:28:10.038 I/am_wtf ( 1507): [0,1507,system_server,-1,DisplayDeviceConfig,requesting nits when no mapping exists.]
12-23 03:28:10.039 I/am_wtf ( 1507): [0,1507,system_server,-1,DisplayDeviceConfig,requesting nits when no mapping exists.]
12-23 03:28:10.056 I/am_wtf ( 1507): [0,1507,system_server,-1,DisplayDeviceConfig,requesting nits when no mapping exists.]
12-23 03:28:10.056 I/am_wtf ( 1507): [0,1507,system_server,-1,DisplayDeviceConfig,requesting nits when no mapping exists.]
12-23 03:28:10.057 I/wm_stop_activity( 1507): [0,197961297,com.android.settings/.Settings]
12-23 03:28:10.072 I/am_wtf ( 1507): [0,1507,system_server,-1,DisplayDeviceConfig,requesting nits when no mapping exists.]
12-23 03:28:10.072 I/am_wtf ( 1507): [0,1507,system_server,-1,DisplayDeviceConfig,requesting nits when no mapping exists.]
12-23 03:28:10.080 I/wm_on_stop_called(13854): [197961297,com.android.settings.Settings,STOP_ACTIVITY_ITEM]
12-23 03:28:10.088 I/am_wtf ( 1507): [0,1507,system_server,-1,DisplayDeviceConfig,requesting nits when no mapping exists.]
12-23 03:28:10.089 I/am_wtf ( 1507): [0,1507,system_server,-1,DisplayDeviceConfig,requesting nits when no mapping exists.]
12-23 03:28:10.106 I/am_wtf ( 1507): [0,1507,system_server,-1,DisplayDeviceConfig,requesting nits when no mapping exists.]
12-23 03:28:10.106 I/am_wtf ( 1507): [0,1507,system_server,-1,DisplayDeviceConfig,requesting nits when no mapping exists.]
12-23 03:28:10.122 I/am_wtf ( 1507): [0,1507,system_server,-1,DisplayDeviceConfig,requesting nits when no mapping exists.]
12-23 03:28:10.122 I/am_wtf ( 1507): [0,1507,system_server,-1,DisplayDeviceConfig,requesting nits when no mapping exists.]
12-23 03:28:10.138 I/am_wtf ( 1507): [0,1507,system_server,-1,DisplayDeviceConfig,requesting nits when no mapping exists.]
12-23 03:28:10.139 I/am_wtf ( 1507): [0,1507,system_server,-1,DisplayDeviceConfig,requesting nits when no mapping exists.]
12-23 03:28:10.155 I/am_wtf ( 1507): [0,1507,system_server,-1,DisplayDeviceConfig,requesting nits when no mapping exists.]
12-23 03:28:10.155 I/am_wtf ( 1507): [0,1507,system_server,-1,DisplayDeviceConfig,requesting nits when no mapping exists.]
12-23 03:28:10.172 I/am_wtf ( 1507): [0,1507,system_server,-1,DisplayDeviceConfig,requesting nits when no mapping exists.]
12-23 03:28:10.173 I/am_wtf ( 1507): [0,1507,system_server,-1,DisplayDeviceConfig,requesting nits when no mapping exists.]
12-23 03:28:10.189 I/am_wtf ( 1507): [0,1507,system_server,-1,DisplayDeviceConfig,requesting nits when no mapping exists.]
12-23 03:28:10.189 I/am_wtf ( 1507): [0,1507,system_server,-1,DisplayDeviceConfig,requesting nits when no mapping exists.]
12-23 03:28:10.205 I/am_wtf ( 1507): [0,1507,system_server,-1,DisplayDeviceConfig,requesting nits when no mapping exists.]
12-23 03:28:10.205 I/service_manager_stats( 1507): [100,23,6949]
12-23 03:28:10.206 I/am_wtf ( 1507): [0,1507,system_server,-1,DisplayDeviceConfig,requesting nits when no mapping exists.]
12-23 03:28:10.222 I/am_wtf ( 1507): [0,1507,system_server,-1,DisplayDeviceConfig,requesting nits when no mapping exists.]
12-23 03:28:10.223 I/am_wtf ( 1507): [0,1507,system_server,-1,DisplayDeviceConfig,requesting nits when no mapping exists.]
12-23 03:28:10.239 I/am_wtf ( 1507): [0,1507,system_server,-1,DisplayDeviceConfig,requesting nits when no mapping exists.]
12-23 03:28:10.239 I/am_wtf ( 1507): [0,1507,system_server,-1,DisplayDeviceConfig,requesting nits when no mapping exists.]
12-23 03:28:10.256 I/am_wtf ( 1507): [0,1507,system_server,-1,DisplayDeviceConfig,requesting nits when no mapping exists.]
12-23 03:28:10.256 I/am_wtf ( 1507): [0,1507,system_server,-1,DisplayDeviceConfig,requesting nits when no mapping exists.]
12-23 03:28:10.272 I/am_wtf ( 1507): [0,1507,system_server,-1,DisplayDeviceConfig,requesting nits when no mapping exists.]
12-23 03:28:10.272 I/am_wtf ( 1507): [0,1507,system_server,-1,DisplayDeviceConfig,requesting nits when no mapping exists.]
12-23 03:28:10.289 I/am_wtf ( 1507): [0,1507,system_server,-1,DisplayDeviceConfig,requesting nits when no mapping exists.]
12-23 03:28:10.290 I/am_wtf ( 1507): [0,1507,system_server,-1,DisplayDeviceConfig,requesting nits when no mapping exists.]
12-23 03:28:10.306 I/am_wtf ( 1507): [0,1507,system_server,-1,DisplayDeviceConfig,requesting nits when no mapping exists.]
12-23 03:28:10.306 I/am_wtf ( 1507): [0,1507,system_server,-1,DisplayDeviceConfig,requesting nits when no mapping exists.]
12-23 03:28:10.322 I/am_wtf ( 1507): [0,1507,system_server,-1,DisplayDeviceConfig,requesting nits when no mapping exists.]
12-23 03:28:10.322 I/am_wtf ( 1507): [0,1507,system_server,-1,DisplayDeviceConfig,requesting nits when no mapping exists.]
12-23 03:28:10.339 I/am_wtf ( 1507): [0,1507,system_server,-1,DisplayDeviceConfig,requesting nits when no mapping exists.]
12-23 03:28:10.340 I/am_wtf ( 1507): [0,1507,system_server,-1,DisplayDeviceConfig,requesting nits when no mapping exists.]
12-23 03:28:10.356 I/am_wtf ( 1507): [0,1507,system_server,-1,DisplayDeviceConfig,requesting nits when no mapping exists.]
12-23 03:28:10.356 I/am_wtf ( 1507): [0,1507,system_server,-1,DisplayDeviceConfig,requesting nits when no mapping exists.]
12-23 03:28:10.372 I/am_wtf ( 1507): [0,1507,system_server,-1,DisplayDeviceConfig,requesting nits when no mapping exists.]
12-23 03:28:10.373 I/am_wtf ( 1507): [0,1507,system_server,-1,DisplayDeviceConfig,requesting nits when no mapping exists.]
12-23 03:28:10.389 I/am_wtf ( 1507): [0,1507,system_server,-1,DisplayDeviceConfig,requesting nits when no mapping exists.]
12-23 03:28:10.389 I/am_wtf ( 1507): [0,1507,system_server,-1,DisplayDeviceConfig,requesting nits when no mapping exists.]
12-23 03:28:10.406 I/am_wtf ( 1507): [0,1507,system_server,-1,DisplayDeviceConfig,requesting nits when no mapping exists.]
12-23 03:28:10.406 I/am_wtf ( 1507): [0,1507,system_server,-1,DisplayDeviceConfig,requesting nits when no mapping exists.]
12-23 03:28:10.422 I/am_wtf ( 1507): [0,1507,system_server,-1,DisplayDeviceConfig,requesting nits when no mapping exists.]
12-23 03:28:10.423 I/am_wtf ( 1507): [0,1507,system_server,-1,DisplayDeviceConfig,requesting nits when no mapping exists.]
12-23 03:28:10.439 I/am_wtf ( 1507): [0,1507,system_server,-1,DisplayDeviceConfig,requesting nits when no mapping exists.]
12-23 03:28:10.439 I/am_wtf ( 1507): [0,1507,system_server,-1,DisplayDeviceConfig,requesting nits when no mapping exists.]
12-23 03:28:10.456 I/am_wtf ( 1507): [0,1507,system_server,-1,DisplayDeviceConfig,requesting nits when no mapping exists.]
12-23 03:28:10.456 I/am_wtf ( 1507): [0,1507,system_server,-1,DisplayDeviceConfig,requesting nits when no mapping exists.]
12-23 03:28:10.473 I/am_wtf ( 1507): [0,1507,system_server,-1,DisplayDeviceConfig,requesting nits when no mapping exists.]
12-23 03:28:10.473 I/am_wtf ( 1507): [0,1507,system_server,-1,DisplayDeviceConfig,requesting nits when no mapping exists.]
12-23 03:28:10.489 I/am_wtf ( 1507): [0,1507,system_server,-1,DisplayDeviceConfig,requesting nits when no mapping exists.]
12-23 03:28:10.489 I/am_wtf ( 1507): [0,1507,system_server,-1,DisplayDeviceConfig,requesting nits when no mapping exists.]
12-23 03:28:10.506 I/am_wtf ( 1507): [0,1507,system_server,-1,DisplayDeviceConfig,requesting nits when no mapping exists.]
12-23 03:28:10.506 I/am_wtf ( 1507): [0,1507,system_server,-1,DisplayDeviceConfig,requesting nits when no mapping exists.]
12-23 03:28:10.523 I/am_wtf ( 1507): [0,1507,system_server,-1,DisplayDeviceConfig,requesting nits when no mapping exists.]
12-23 03:28:10.523 I/am_wtf ( 1507): [0,1507,system_server,-1,DisplayDeviceConfig,requesting nits when no mapping exists.]
12-23 03:29:05.133 I/am_freeze( 1507): [13741,android.process.media]
12-23 03:29:05.135 I/am_kill ( 1507): [0,13741,android.process.media,925,Unable to freeze binder interface]
12-23 03:29:05.168 I/am_proc_died( 1507): [0,13741,android.process.media,925,19]
12-23 03:29:05.169 I/am_uid_stopped( 1507): 10019
12-23 03:29:05.187 I/am_pss ( 1507): [13854,1000,com.android.settings,159424512,138723328,0,307249152,0,15,14]
12-23 03:29:05.193 I/am_pss ( 1507): [13954,1000,com.qti.diagservices,6375424,3850240,0,94801920,0,10,6]
12-23 03:29:09.403 I/am_freeze( 1507): [13276,com.android.permissioncontroller]
12-23 03:29:09.405 I/am_kill ( 1507): [0,13276,com.android.permissioncontroller,925,Unable to freeze binder interface]
12-23 03:29:09.442 I/am_proc_died( 1507): [0,13276,com.android.permissioncontroller,925,19]
12-23 03:29:09.443 I/am_uid_stopped( 1507): 10093
12-23 03:29:16.132 I/am_uid_idle( 1507): 10063
12-23 03:32:33.463 I/input_interaction( 1507): Interaction with: 16cb58e com.thundercomm.screensaver/android.service.dreams.DreamActivity (server), edge-swipe (server), swipe-up (server), PointerEventDispatcher0 (server),
12-23 03:32:33.466 I/wm_finish_activity( 1507): [0,42690370,18,com.thundercomm.screensaver/android.service.dreams.DreamActivity,finish-activity]
12-23 03:32:33.466 I/wm_task_moved( 1507): [16,1,6]
12-23 03:32:33.466 I/wm_task_to_front( 1507): [0,16]
