12-23 03:16:46.196 I/sysui_multi_action(13190): [757,1729,758,4,854,isParalleledControllers:false,1089,60]
12-23 03:16:46.710 I/sysui_multi_action(13190): [757,830,758,4,833,0,854,top_level_storage,1089,0]
12-23 03:16:46.817 I/sysui_multi_action(13190): [757,336,758,2,1089,624]
12-23 03:16:46.846 I/sysui_multi_action(13190): [757,745,758,1,833,0,1089,20]
12-23 03:16:46.847 I/sysui_multi_action(13190): [757,1729,758,4,854,isParalleledControllers:false,1089,21]
12-23 03:16:47.972 I/sysui_multi_action(13190): [757,830,758,4,833,0,854,top_level_notification,1089,0]
12-23 03:16:48.078 I/sysui_multi_action(13190): [757,745,758,2,1089,1232]
12-23 03:16:48.113 I/sysui_multi_action(13190): [757,337,758,1,833,0,1089,26]
12-23 03:16:48.116 I/sysui_multi_action(13190): [757,1729,758,4,854,isParalleledControllers:false,1089,29]
12-23 03:16:48.454 I/sysui_multi_action(13190): [757,830,758,4,833,0,854,top_level_apps,1089,0]
12-23 03:16:48.557 I/sysui_multi_action(13190): [757,337,758,2,1089,444]
12-23 03:16:48.610 I/sysui_multi_action(13190): [757,65,758,1,833,0,1089,43]
12-23 03:16:48.616 I/sysui_multi_action(13190): [757,1729,758,4,854,isParalleledControllers:false,1089,49]
12-23 03:16:48.795 I/sysui_multi_action(13190): [757,830,758,4,833,0,854,top_level_connected_devices,1089,0]
12-23 03:16:48.897 I/sysui_multi_action(13190): [757,65,758,2,1089,287]
12-23 03:16:48.929 I/sysui_multi_action(13190): [757,747,758,1,833,0,1089,29]
12-23 03:16:48.930 I/sysui_multi_action(13190): [757,1729,758,4,854,isParalleledControllers:false,1089,30]
12-23 03:16:50.577 I/sysui_multi_action(13190): [757,830,758,4,833,0,854,previously_connected_devices_see_all,1089,0]
12-23 03:16:50.598 I/sysui_multi_action(13190): [757,747,758,2,1089,1669]
12-23 03:16:50.637 I/sysui_multi_action(13190): [757,1370,758,1,833,0,1089,27]
12-23 03:16:50.637 I/sysui_multi_action(13190): [757,1729,758,4,854,isParalleledControllers:false,1089,28]
12-23 03:16:50.832 I/am_pss ( 1507): [13190,1000,com.android.settings,189592576,171950080,0,342921216,0,2,16]
12-23 03:16:50.840 I/am_pss ( 1507): [13276,10093,com.android.permissioncontroller,14072832,11493376,0,103915520,0,19,7]
12-23 03:16:50.846 I/am_pss ( 1507): [13220,10083,com.qualcomm.qti.qccauthmgr,6841344,4415488,0,96227328,0,19,5]
12-23 03:16:50.854 I/am_pss ( 1507): [4978,10050,com.thundercomm.screensaver,31509504,23150592,0,155623424,0,19,7]
12-23 03:16:50.860 I/am_pss ( 1507): [8963,1000,com.thundercomm.gamemode,18950144,14848000,0,120864768,0,10,5]
12-23 03:16:50.865 I/am_pss ( 1507): [8936,1000,com.qti.diagservices,6239232,3764224,0,94752768,0,10,4]
12-23 03:16:51.641 I/sysui_multi_action(13190): [757,1370,758,2,1089,1003]
12-23 03:16:51.691 I/sysui_multi_action(13190): [757,747,758,1,833,0,1089,0]
12-23 03:16:51.693 I/service_manager_stats(13190): [100,41,7352501]
12-23 03:17:06.519 I/am_uid_idle( 1507): 10050
12-23 03:17:11.715 I/am_pss ( 1507): [8980,10063,com.thundercomm.gamemode.provider,8205312,5816320,0,96804864,0,19,11]
12-23 03:17:11.725 I/am_pss ( 1507): [13276,10093,com.android.permissioncontroller,14072832,11493376,0,103915520,0,19,9]
12-23 03:17:11.732 I/am_pss ( 1507): [13220,10083,com.qualcomm.qti.qccauthmgr,6841344,4415488,0,96227328,0,19,6]
12-23 03:17:11.741 I/am_pss ( 1507): [4978,10050,com.thundercomm.screensaver,31509504,23150592,0,155623424,0,19,8]
12-23 03:17:19.290 I/am_uid_idle( 1507): 10083
12-23 03:17:29.384 I/am_uid_idle( 1507): 10093
12-23 03:17:34.338 I/sysui_multi_action(13190): [757,830,758,4,833,0,854,top_level_about_device,1089,0]
12-23 03:17:34.444 I/sysui_multi_action(13190): [757,747,758,2,1089,42752]
12-23 03:17:34.512 I/sysui_multi_action(13190): [757,40,758,1,833,0,1089,43]
12-23 03:17:34.513 W/FeatureConnector(13190): [ImsConnector, 0] connect: not supported.
12-23 03:17:34.514 I/sysui_multi_action(13190): [757,1729,758,4,854,isParalleledControllers:false,1089,45]
12-23 03:17:34.938 I/sysui_multi_action(13190): [757,830,758,4,833,0,854,top_level_game,1089,0]
12-23 03:17:35.041 I/sysui_multi_action(13190): [757,40,758,2,1089,529]
12-23 03:17:35.072 I/sysui_multi_action(13190): [757,3000,758,1,833,0,1089,21]
12-23 03:17:35.073 I/sysui_multi_action(13190): [757,1729,758,4,854,isParalleledControllers:false,1089,22]
12-23 03:17:35.668 I/sysui_multi_action(13190): [757,830,758,4,833,0,854,top_level_system,1089,0]
12-23 03:17:35.785 I/sysui_multi_action(13190): [757,3000,758,2,1089,712]
12-23 03:17:35.830 I/sysui_multi_action(13190): [757,744,758,1,833,0,1089,29]
12-23 03:17:35.834 I/sysui_multi_action(13190): [757,1729,758,4,854,isParalleledControllers:false,1089,33]
12-23 03:17:37.191 I/sysui_multi_action(13190): [757,830,758,4,833,0,854,top_level_apps,1089,0]
12-23 03:17:37.296 I/sysui_multi_action(13190): [757,744,758,2,1089,1466]
12-23 03:17:37.350 I/sysui_multi_action(13190): [757,65,758,1,833,0,1089,40]
12-23 03:17:37.355 I/sysui_multi_action(13190): [757,1729,758,4,854,isParalleledControllers:false,1089,45]
12-23 03:17:37.630 I/service_manager_stats( 1507): [100,61,84510]
12-23 03:17:37.744 I/sysui_multi_action(13190): [757,830,758,4,833,0,854,top_level_connected_devices,1089,0]
12-23 03:17:37.847 I/sysui_multi_action(13190): [757,65,758,2,1089,497]
12-23 03:17:37.895 I/sysui_multi_action(13190): [757,747,758,1,833,0,1089,42]
12-23 03:17:37.898 I/sysui_multi_action(13190): [757,1729,758,4,854,isParalleledControllers:false,1089,46]
12-23 03:17:38.158 I/sysui_multi_action(13190): [757,830,758,4,833,0,854,top_level_network,1089,0]
12-23 03:17:38.260 I/sysui_multi_action(13190): [757,747,758,2,1089,365]
12-23 03:17:38.278 W/CarrierConfigManager(13190): Error getting config for subId -1 ICarrierConfigLoader is null
12-23 03:17:38.315 I/sysui_multi_action(13190): [757,746,758,1,833,0,1089,44]
12-23 03:17:38.316 D/TelephonyRegistry( 1507): listen oscl: mHasNotifySubscriptionInfoChangedOccurred==false no callback
12-23 03:17:38.318 D/TelephonyRegistry( 1507): listen oscl: mHasNotifySubscriptionInfoChangedOccurred==false no callback
12-23 03:17:38.327 I/sysui_multi_action(13190): [757,1729,758,4,854,isParalleledControllers:false,1089,57]
12-23 03:17:38.827 I/sysui_multi_action(13190): [757,830,758,4,833,0,854,top_level_connected_devices,1089,0]
12-23 03:17:38.940 I/sysui_multi_action(13190): [757,746,758,2,1089,624]
12-23 03:17:38.998 I/sysui_multi_action(13190): [757,747,758,1,833,0,1089,32]
12-23 03:17:39.001 I/sysui_multi_action(13190): [757,1729,758,4,854,isParalleledControllers:false,1089,35]
12-23 03:17:39.225 I/sysui_multi_action(13190): [757,830,758,4,833,0,854,top_level_apps,1089,0]
12-23 03:17:39.328 I/sysui_multi_action(13190): [757,747,758,2,1089,330]
12-23 03:17:39.368 I/sysui_multi_action(13190): [757,65,758,1,833,0,1089,28]
12-23 03:17:39.373 I/sysui_multi_action(13190): [757,1729,758,4,854,isParalleledControllers:false,1089,33]
12-23 03:17:39.713 I/sysui_multi_action(13190): [757,830,758,4,833,0,854,top_level_notification,1089,0]
12-23 03:17:39.816 I/sysui_multi_action(13190): [757,65,758,2,1089,448]
12-23 03:17:39.837 I/sysui_multi_action(13190): [757,337,758,1,833,0,1089,14]
12-23 03:17:39.838 I/sysui_multi_action(13190): [757,1729,758,4,854,isParalleledControllers:false,1089,15]
12-23 03:17:40.980 I/sysui_multi_action(13190): [757,830,758,4,833,0,854,top_level_storage,1089,0]
12-23 03:17:41.087 I/sysui_multi_action(13190): [757,337,758,2,1089,1250]
12-23 03:17:41.142 I/sysui_multi_action(13190): [757,745,758,1,833,0,1089,34]
12-23 03:17:41.143 I/sysui_multi_action(13190): [757,1729,758,4,854,isParalleledControllers:false,1089,36]
12-23 03:17:41.432 I/sysui_multi_action(13190): [757,830,758,4,833,0,854,top_level_sound,1089,0]
12-23 03:17:41.546 I/sysui_multi_action(13190): [757,745,758,2,1089,405]
12-23 03:17:41.590 I/sysui_multi_action(13190): [757,336,758,1,833,0,1089,32]
12-23 03:17:41.593 I/sysui_multi_action(13190): [757,1729,758,4,854,isParalleledControllers:false,1089,35]
12-23 03:17:41.849 I/sysui_multi_action(13190): [757,830,758,4,833,0,854,top_level_display,1089,0]
12-23 03:17:41.955 I/sysui_multi_action(13190): [757,336,758,2,1089,365]
12-23 03:17:41.997 I/sysui_multi_action(13190): [757,46,758,1,833,0,1089,34]
12-23 03:17:42.003 I/sysui_multi_action(13190): [757,1729,758,4,854,isParalleledControllers:false,1089,40]
12-23 03:17:42.299 I/sysui_multi_action(13190): [757,830,758,4,833,0,854,top_level_security,1089,0]
12-23 03:17:42.402 I/sysui_multi_action(13190): [757,46,758,2,1089,405]
12-23 03:17:42.442 I/sysui_multi_action(13190): [757,87,758,1,833,0,1089,30]
12-23 03:17:42.446 I/sysui_multi_action(13190): [757,1729,758,4,854,isParalleledControllers:false,1089,34]
12-23 03:17:59.028 I/am_pss ( 1507): [13190,1000,com.android.settings,200406016,181686272,0,355553280,0,2,21]
12-23 03:18:03.474 I/sysui_multi_action(13190): [757,830,758,4,833,0,854,top_level_system,1089,0]
12-23 03:18:03.580 I/sysui_multi_action(13190): [757,87,758,2,1089,21137]
12-23 03:18:03.620 I/sysui_multi_action(13190): [757,744,758,1,833,0,1089,25]
12-23 03:18:03.624 I/sysui_multi_action(13190): [757,1729,758,4,854,isParalleledControllers:false,1089,29]
12-23 03:18:04.190 I/sysui_multi_action(13190): [757,830,758,4,833,0,854,top_level_game,1089,0]
12-23 03:18:04.295 I/sysui_multi_action(13190): [757,744,758,2,1089,674]
12-23 03:18:04.341 I/sysui_multi_action(13190): [757,3000,758,1,833,0,1089,32]
12-23 03:18:04.342 I/sysui_multi_action(13190): [757,1729,758,4,854,isParalleledControllers:false,1089,33]
12-23 03:18:05.056 I/sysui_multi_action(13190): [757,830,758,4,833,0,854,top_level_about_device,1089,0]
12-23 03:18:05.160 I/sysui_multi_action(13190): [757,3000,758,2,1089,819]
12-23 03:18:05.214 I/sysui_multi_action(13190): [757,40,758,1,833,0,1089,44]
12-23 03:18:05.214 W/FeatureConnector(13190): [ImsConnector, 0] connect: not supported.
12-23 03:18:05.216 I/sysui_multi_action(13190): [757,1729,758,4,854,isParalleledControllers:false,1089,46]
12-23 03:18:07.828 I/sysui_multi_action(13190): [757,830,758,4,833,0,854,top_level_network,1089,0]
12-23 03:18:07.934 I/sysui_multi_action(13190): [757,40,758,2,1089,2719]
12-23 03:18:07.958 W/CarrierConfigManager(13190): Error getting config for subId -1 ICarrierConfigLoader is null
12-23 03:18:08.009 I/sysui_multi_action(13190): [757,746,758,1,833,0,1089,59]
12-23 03:18:08.010 D/TelephonyRegistry( 1507): listen oscl: mHasNotifySubscriptionInfoChangedOccurred==false no callback
12-23 03:18:08.015 D/TelephonyRegistry( 1507): listen oscl: mHasNotifySubscriptionInfoChangedOccurred==false no callback
12-23 03:18:08.026 I/sysui_multi_action(13190): [757,1729,758,4,854,isParalleledControllers:false,1089,76]
12-23 03:18:09.433 I/sysui_multi_action(13190): [757,830,758,4,833,0,854,top_level_connected_devices,1089,0]
12-23 03:18:09.547 I/sysui_multi_action(13190): [757,746,758,2,1089,1537]
12-23 03:18:09.616 I/sysui_multi_action(13190): [757,747,758,1,833,0,1089,49]
12-23 03:18:09.622 I/sysui_multi_action(13190): [757,1729,758,4,854,isParalleledControllers:false,1089,55]
12-23 03:18:10.154 I/sysui_multi_action(13190): [757,830,758,4,833,0,854,top_level_apps,1089,0]
12-23 03:18:10.259 I/sysui_multi_action(13190): [757,747,758,2,1089,643]
12-23 03:18:10.327 I/sysui_multi_action(13190): [757,65,758,1,833,0,1089,40]
12-23 03:18:10.334 I/sysui_multi_action(13190): [757,1729,758,4,854,isParalleledControllers:false,1089,48]
12-23 03:18:10.923 I/sysui_multi_action(13190): [757,830,758,4,833,0,854,top_level_notification,1089,0]
12-23 03:18:11.027 I/sysui_multi_action(13190): [757,65,758,2,1089,700]
12-23 03:18:11.083 I/sysui_multi_action(13190): [757,337,758,1,833,0,1089,41]
12-23 03:18:11.085 I/sysui_multi_action(13190): [757,1729,758,4,854,isParalleledControllers:false,1089,43]
12-23 03:18:11.551 I/sysui_multi_action(13190): [757,830,758,4,833,0,854,top_level_storage,1089,0]
12-23 03:18:11.655 I/sysui_multi_action(13190): [757,337,758,2,1089,571]
12-23 03:18:11.697 I/sysui_multi_action(13190): [757,745,758,1,833,0,1089,27]
12-23 03:18:11.698 I/sysui_multi_action(13190): [757,1729,758,4,854,isParalleledControllers:false,1089,28]
12-23 03:18:12.960 I/sysui_multi_action(13190): [757,830,758,4,833,0,854,top_level_sound,1089,0]
12-23 03:18:13.066 I/sysui_multi_action(13190): [757,745,758,2,1089,1369]
12-23 03:18:13.126 I/sysui_multi_action(13190): [757,336,758,1,833,0,1089,44]
12-23 03:18:13.134 I/sysui_multi_action(13190): [757,1729,758,4,854,isParalleledControllers:false,1089,52]
12-23 03:18:13.510 I/sysui_multi_action(13190): [757,830,758,4,833,0,854,top_level_security,1089,0]
12-23 03:18:13.616 I/sysui_multi_action(13190): [757,336,758,2,1089,490]
12-23 03:18:13.661 I/sysui_multi_action(13190): [757,87,758,1,833,0,1089,36]
12-23 03:18:13.666 I/sysui_multi_action(13190): [757,1729,758,4,854,isParalleledControllers:false,1089,42]
12-23 03:18:14.329 I/sysui_multi_action(13190): [757,830,758,4,833,0,854,top_level_display,1089,0]
12-23 03:18:14.435 I/sysui_multi_action(13190): [757,87,758,2,1089,773]
12-23 03:18:14.495 I/sysui_multi_action(13190): [757,46,758,1,833,0,1089,45]
12-23 03:18:14.502 I/sysui_multi_action(13190): [757,1729,758,4,854,isParalleledControllers:false,1089,52]
12-23 03:18:15.011 I/sysui_multi_action(13190): [757,830,758,4,833,0,854,top_level_security,1089,0]
12-23 03:18:15.115 I/sysui_multi_action(13190): [757,46,758,2,1089,618]
12-23 03:18:15.157 I/service_manager_stats(13190): [100,45,83465]
12-23 03:18:15.172 I/sysui_multi_action(13190): [757,87,758,1,833,0,1089,36]
12-23 03:18:15.177 I/sysui_multi_action(13190): [757,1729,758,4,854,isParalleledControllers:false,1089,41]
12-23 03:18:15.439 I/sysui_multi_action(13190): [757,830,758,4,833,0,854,top_level_privacy,1089,0]
12-23 03:18:15.540 I/sysui_multi_action(13190): [757,87,758,2,1089,368]
12-23 03:18:15.574 I/sysui_multi_action(13190): [757,1587,758,1,833,0,1089,28]
12-23 03:18:15.576 I/sysui_multi_action(13190): [757,1729,758,4,854,isParalleledControllers:false,1089,30]
12-23 03:18:15.961 I/sysui_multi_action(13190): [757,830,758,4,833,0,854,top_level_system,1089,0]
12-23 03:18:16.064 I/sysui_multi_action(13190): [757,1587,758,2,1089,490]
12-23 03:18:16.090 I/sysui_multi_action(13190): [757,744,758,1,833,0,1089,21]
12-23 03:18:16.093 I/sysui_multi_action(13190): [757,1729,758,4,854,isParalleledControllers:false,1089,23]
12-23 03:18:17.200 I/sysui_multi_action(13190): [757,830,758,4,833,0,854,top_level_game,1089,0]
12-23 03:18:17.306 I/sysui_multi_action(13190): [757,744,758,2,1089,1214]
12-23 03:18:17.348 I/sysui_multi_action(13190): [757,3000,758,1,833,0,1089,30]
12-23 03:18:17.349 I/sysui_multi_action(13190): [757,1729,758,4,854,isParalleledControllers:false,1089,31]
12-23 03:18:18.683 I/sysui_multi_action(13190): [757,830,758,4,833,0,854,top_level_about_device,1089,0]
12-23 03:18:18.789 I/sysui_multi_action(13190): [757,3000,758,2,1089,1440]
12-23 03:18:18.848 I/sysui_multi_action(13190): [757,40,758,1,833,0,1089,46]
12-23 03:18:18.849 W/FeatureConnector(13190): [ImsConnector, 0] connect: not supported.
12-23 03:18:18.850 I/sysui_multi_action(13190): [757,1729,758,4,854,isParalleledControllers:false,1089,49]
12-23 03:18:20.430 I/sysui_multi_action(13190): [757,830,758,4,833,0,854,top_level_network,1089,0]
12-23 03:18:20.542 I/sysui_multi_action(13190): [757,40,758,2,1089,1694]
12-23 03:18:20.571 W/CarrierConfigManager(13190): Error getting config for subId -1 ICarrierConfigLoader is null
12-23 03:18:20.621 I/sysui_multi_action(13190): [757,746,758,1,833,0,1089,61]
12-23 03:18:20.622 D/TelephonyRegistry( 1507): listen oscl: mHasNotifySubscriptionInfoChangedOccurred==false no callback
12-23 03:18:20.625 D/TelephonyRegistry( 1507): listen oscl: mHasNotifySubscriptionInfoChangedOccurred==false no callback
12-23 03:18:20.632 I/sysui_multi_action(13190): [757,1729,758,4,854,isParalleledControllers:false,1089,72]
12-23 03:18:21.017 I/sysui_multi_action(13190): [757,830,758,4,833,0,854,top_level_connected_devices,1089,0]
12-23 03:18:21.124 I/sysui_multi_action(13190): [757,746,758,2,1089,503]
12-23 03:18:21.172 I/sysui_multi_action(13190): [757,747,758,1,833,0,1089,33]
12-23 03:18:21.173 I/sysui_multi_action(13190): [757,1729,758,4,854,isParalleledControllers:false,1089,35]
12-23 03:18:21.513 I/sysui_multi_action(13190): [757,830,758,4,833,0,854,top_level_apps,1089,0]
12-23 03:18:21.615 I/sysui_multi_action(13190): [757,747,758,2,1089,443]
12-23 03:18:21.647 I/sysui_multi_action(13190): [757,65,758,1,833,0,1089,23]
12-23 03:18:21.651 I/sysui_multi_action(13190): [757,1729,758,4,854,isParalleledControllers:false,1089,28]
12-23 03:18:22.028 I/sysui_multi_action(13190): [757,830,758,4,833,0,854,top_level_notification,1089,0]
12-23 03:18:22.131 I/sysui_multi_action(13190): [757,65,758,2,1089,484]
12-23 03:18:22.157 I/sysui_multi_action(13190): [757,337,758,1,833,0,1089,20]
12-23 03:18:22.159 I/sysui_multi_action(13190): [757,1729,758,4,854,isParalleledControllers:false,1089,22]
12-23 03:18:22.614 I/sysui_multi_action(13190): [757,830,758,4,833,0,854,top_level_storage,1089,0]
12-23 03:18:22.717 I/sysui_multi_action(13190): [757,337,758,2,1089,560]
12-23 03:18:22.742 I/sysui_multi_action(13190): [757,745,758,1,833,0,1089,17]
12-23 03:18:22.742 I/sysui_multi_action(13190): [757,1729,758,4,854,isParalleledControllers:false,1089,18]
12-23 03:18:23.791 I/service_manager_stats( 1507): [100,69,46162]
12-23 03:18:24.727 I/sysui_multi_action(13190): [757,830,758,4,833,0,854,top_level_sound,1089,0]
12-23 03:18:24.832 I/sysui_multi_action(13190): [757,745,758,2,1089,2089]
12-23 03:18:24.893 I/sysui_multi_action(13190): [757,336,758,1,833,0,1089,46]
12-23 03:18:24.900 I/sysui_multi_action(13190): [757,1729,758,4,854,isParalleledControllers:false,1089,53]
12-23 03:18:25.202 I/sysui_multi_action(13190): [757,830,758,4,833,0,854,top_level_display,1089,0]
12-23 03:18:25.306 I/sysui_multi_action(13190): [757,336,758,2,1089,413]
12-23 03:18:25.343 I/sysui_multi_action(13190): [757,46,758,1,833,0,1089,30]
12-23 03:18:25.349 I/sysui_multi_action(13190): [757,1729,758,4,854,isParalleledControllers:false,1089,36]
12-23 03:18:25.729 I/sysui_multi_action(13190): [757,830,758,4,833,0,854,top_level_security,1089,0]
12-23 03:18:25.831 I/sysui_multi_action(13190): [757,46,758,2,1089,488]
12-23 03:18:25.877 I/sysui_multi_action(13190): [757,87,758,1,833,0,1089,37]
12-23 03:18:25.881 I/sysui_multi_action(13190): [757,1729,758,4,854,isParalleledControllers:false,1089,42]
12-23 03:18:26.197 I/sysui_multi_action(13190): [757,830,758,4,833,0,854,top_level_privacy,1089,0]
12-23 03:18:26.299 I/sysui_multi_action(13190): [757,87,758,2,1089,422]
12-23 03:18:26.325 I/sysui_multi_action(13190): [757,1587,758,1,833,0,1089,21]
12-23 03:18:26.327 I/sysui_multi_action(13190): [757,1729,758,4,854,isParalleledControllers:false,1089,23]
12-23 03:18:26.707 I/sysui_multi_action(13190): [757,830,758,4,833,0,854,top_level_system,1089,0]
12-23 03:18:26.809 I/sysui_multi_action(13190): [757,1587,758,2,1089,484]
12-23 03:18:26.832 I/sysui_multi_action(13190): [757,744,758,1,833,0,1089,17]
12-23 03:18:26.834 I/sysui_multi_action(13190): [757,1729,758,4,854,isParalleledControllers:false,1089,19]
12-23 03:18:28.293 I/sysui_multi_action(13190): [757,830,758,4,833,0,854,top_level_network,1089,0]
12-23 03:18:28.398 I/sysui_multi_action(13190): [757,744,758,2,1089,1566]
12-23 03:18:28.417 W/CarrierConfigManager(13190): Error getting config for subId -1 ICarrierConfigLoader is null
12-23 03:18:28.469 I/sysui_multi_action(13190): [757,746,758,1,833,0,1089,61]
12-23 03:18:28.470 D/TelephonyRegistry( 1507): listen oscl: mHasNotifySubscriptionInfoChangedOccurred==false no callback
12-23 03:18:28.473 D/TelephonyRegistry( 1507): listen oscl: mHasNotifySubscriptionInfoChangedOccurred==false no callback
12-23 03:18:28.482 I/sysui_multi_action(13190): [757,1729,758,4,854,isParalleledControllers:false,1089,74]
12-23 03:18:29.454 I/wm_task_moved( 1507): [1,0,0]
12-23 03:18:29.455 I/wm_task_moved( 1507): [1,0,5]
12-23 03:18:29.485 I/wm_on_restart_called( 2820): [172149049,com.android.launcher3.uioverrides.QuickstepLauncher,performRestartActivity]
12-23 03:18:29.503 I/wm_on_start_called( 2820): [172149049,com.android.launcher3.uioverrides.QuickstepLauncher,handleStartActivity]
12-23 03:18:29.504 I/view_enqueue_input_event(13190): [Motion - Cancel,com.android.settings/com.android.settings.homepage.SettingsHomepageActivity]
12-23 03:18:29.505 I/input_interaction( 1507): Interaction with: edge-swipe (server), swipe-up (server), PointerEventDispatcher0 (server),
12-23 03:18:29.506 I/input_focus( 1507): [Focus request recents_animation_input_consumer,reason=UpdateInputWindows]
12-23 03:18:29.519 I/sysui_latency( 2820): [1,93]
12-23 03:18:29.527 I/input_focus( 1507): [Focus leaving a3c45f9 com.android.settings/com.android.settings.homepage.SettingsHomepageActivity (server),reason=NOT_FOCUSABLE]
12-23 03:18:29.527 I/input_focus( 1507): [Focus entering recents_animation_input_consumer (server),reason=setFocusedWindow]
12-23 03:18:29.542 I/sysui_multi_action( 1507): [319,13,322,81,325,7450,757,761,758,9,759,5,806,com.android.launcher3,871,com.android.launcher3.uioverrides.QuickstepLauncher,905,0,1320,4,1321,1]
12-23 03:18:29.703 I/commit_sys_config_file( 1507): [settings-1-0,4]
12-23 03:18:29.838 I/sysui_latency( 1507): [8,106]
12-23 03:18:30.287 I/wm_task_moved( 1507): [1,1,6]
12-23 03:18:30.287 I/wm_task_moved( 1507): [10,1,2147483647]
12-23 03:18:30.287 I/wm_task_to_front( 1507): [0,10]
12-23 03:18:30.287 I/wm_focused_root_task( 1507): [0,0,1,12,RecentsAnimation.onAnimationFinished()]
12-23 03:18:30.288 I/wm_set_resumed_activity( 1507): [0,com.android.launcher3/.uioverrides.QuickstepLauncher,RecentsAnimation.onAnimationFinished()]
12-23 03:18:30.288 I/wm_pause_activity( 1507): [0,54264970,com.android.settings/.homepage.SettingsHomepageActivity,userLeaving=true,pauseBackTasks]
12-23 03:18:30.289 I/wm_add_to_stopping( 1507): [0,54264970,com.android.settings/.homepage.SettingsHomepageActivity,makeInvisible]
12-23 03:18:30.289 I/wm_set_resumed_activity( 1507): [0,com.android.launcher3/.uioverrides.QuickstepLauncher,resumeTopActivityInnerLocked]
12-23 03:18:30.291 I/wm_resume_activity( 1507): [0,172149049,10,com.android.launcher3/.uioverrides.QuickstepLauncher]
12-23 03:18:30.291 I/wm_on_resume_called( 2820): [172149049,com.android.launcher3.uioverrides.QuickstepLauncher,RESUME_ACTIVITY]
12-23 03:18:30.296 I/wm_on_top_resumed_lost_called(13190): [54264970,com.android.settings.homepage.SettingsHomepageActivity,topStateChangedWhenResumed]
12-23 03:18:30.296 I/input_focus( 1507): [Focus request 92cfa7 com.android.launcher3/com.android.launcher3.uioverrides.QuickstepLauncher,reason=UpdateInputWindows]
12-23 03:18:30.296 I/input_focus( 1507): [Focus leaving recents_animation_input_consumer (server),reason=NOT_VISIBLE]
12-23 03:18:30.302 I/wm_on_top_resumed_gained_called( 2820): [172149049,com.android.launcher3.uioverrides.QuickstepLauncher,topStateChangedWhenResumed]
12-23 03:18:30.303 I/sysui_multi_action(13190): [757,35,758,2,1089,137014]
12-23 03:18:30.304 I/wm_stop_activity( 1507): [0,54264970,com.android.settings/.homepage.SettingsHomepageActivity]
12-23 03:18:30.305 I/sysui_multi_action( 1507): [757,803,799,window_time_0,802,138]
12-23 03:18:30.305 I/sysui_multi_action(13190): [757,746,758,2,1089,1837]
12-23 03:18:30.306 I/sysui_multi_action( 1507): [757,803,799,window_time_0,802,0]
12-23 03:18:30.311 I/wm_on_paused_called(13190): [54264970,com.android.settings.homepage.SettingsHomepageActivity,performPause]
12-23 03:18:30.312 I/input_focus( 1507): [Focus entering 92cfa7 com.android.launcher3/com.android.launcher3.uioverrides.QuickstepLauncher (server),reason=setFocusedWindow]
12-23 03:18:30.330 I/wm_on_stop_called(13190): [54264970,com.android.settings.homepage.SettingsHomepageActivity,STOP_ACTIVITY_ITEM]
12-23 03:18:31.569 I/input_interaction( 1507): Interaction with: 81d7c2e StatusBar (server), edge-swipe (server), swipe-up (server), PointerEventDispatcher0 (server),
12-23 03:18:31.575 I/sysui_multi_action( 2359): [757,803,799,panel_open,802,1]
12-23 03:18:31.577 I/sysui_multi_action( 2359): [757,1328,758,4,1326,43,1327,4,1329,0]
12-23 03:18:31.618 I/sysui_multi_action( 1507): [757,127,758,1]
12-23 03:18:31.618 I/sysui_multi_action( 1507): [757,804,799,note_load,801,1,802,1]
12-23 03:18:31.618 I/notification_panel_revealed( 1507): 1
12-23 03:18:31.635 I/input_focus( 1507): [Focus request 1c6a4ad NotificationShade,reason=UpdateInputWindows]
12-23 03:18:31.646 I/sysui_multi_action( 1507): [757,128,758,1,793,7430064,794,0,795,7430064,796,32,798,0,806,android,857,USB,858,1,947,0,1395,1,1500,7429862,1688,1]
12-23 03:18:31.646 I/sysui_multi_action( 1507): [757,804,799,note_freshness,801,7430064,802,1]
12-23 03:18:31.646 I/notification_visibility( 1507): [-1|android|32|null|1000,1,7430064,7430064,0,0]
12-23 03:18:31.666 I/input_focus( 1507): [Focus leaving 92cfa7 com.android.launcher3/com.android.launcher3.uioverrides.QuickstepLauncher (server),reason=setFocusedWindow]
12-23 03:18:31.666 I/input_focus( 1507): [Focus entering 1c6a4ad NotificationShade (server),reason=setFocusedWindow]
12-23 03:18:31.682 I/sysui_multi_action( 2359): [757,111,758,1]
12-23 03:18:31.682 I/sysui_multi_action( 2359): [757,126,758,1,759,126,927,0,928,0,1593,1]
12-23 03:18:31.682 I/sysui_multi_action( 2359): [757,113,758,1,759,113,927,1,928,1,1593,1]
12-23 03:18:31.683 I/sysui_multi_action( 2359): [757,0,758,1,759,0,927,2,928,0,1593,1]
12-23 03:18:31.683 I/sysui_multi_action( 2359): [757,0,758,1,759,0,927,3,928,0,1593,1]
12-23 03:18:31.683 I/sysui_multi_action( 2359): [757,491,758,1,759,491,927,4,928,0,1311,-1,1593,0]
12-23 03:18:31.683 I/sysui_multi_action( 2359): [757,0,758,1,759,0,927,5,928,0,1593,0]
12-23 03:18:31.683 I/sysui_multi_action( 2359): [757,111,758,1]
12-23 03:18:31.683 I/sysui_multi_action( 2359): [757,126,758,1,759,126,927,0,928,0,1593,1]
12-23 03:18:31.684 I/sysui_multi_action( 2359): [757,113,758,1,759,113,927,1,928,1,1593,1]
12-23 03:18:31.684 I/sysui_multi_action( 2359): [757,0,758,1,759,0,927,2,928,0,1593,1]
12-23 03:18:31.684 I/sysui_multi_action( 2359): [757,0,758,1,759,0,927,3,928,0,1593,1]
12-23 03:18:35.733 I/input_interaction( 1507): Interaction with: 1c6a4ad NotificationShade (server), edge-swipe (server), swipe-up (server), PointerEventDispatcher0 (server),
12-23 03:18:36.429 I/volume_changed( 1507): [3,13,26,39,com.android.systemui]
12-23 03:18:37.155 I/commit_sys_config_file( 1507): [settings-1-0,4]
12-23 03:18:38.056 I/volume_changed( 1507): [3,26,25,39,com.android.systemui]
12-23 03:18:38.772 I/commit_sys_config_file( 1507): [settings-1-0,5]
12-23 03:18:47.051 I/wm_task_created( 1507): [13,-1]
12-23 03:18:47.053 I/wm_task_moved( 1507): [1,1,7]
12-23 03:18:47.053 I/wm_set_resumed_activity( 1507): [0,com.android.launcher3/.uioverrides.QuickstepLauncher,positionChildAt]
12-23 03:18:47.053 I/wm_focused_root_task( 1507): [0,0,1,13,reuseOrNewTask returnToHome]
12-23 03:18:47.053 I/wm_task_moved( 1507): [13,1,7]
12-23 03:18:47.053 I/wm_task_to_front( 1507): [0,13]
12-23 03:18:47.053 I/wm_focused_root_task( 1507): [0,0,13,1,reuseOrNewTask]
12-23 03:18:47.053 I/wm_create_task( 1507): [0,13]
12-23 03:18:47.053 I/wm_create_activity( 1507): [0,122388588,13,com.android.settings/.Settings$ConfigureNotificationSettingsActivity,android.settings.NOTIFICATION_SETTINGS,NULL,NULL,268484608]
12-23 03:18:47.053 I/wm_task_moved( 1507): [1,1,7]
12-23 03:18:47.053 I/wm_on_top_resumed_lost_called( 2820): [172149049,com.android.launcher3.uioverrides.QuickstepLauncher,topStateChangedWhenResumed]
12-23 03:18:47.053 I/wm_set_resumed_activity( 1507): [0,com.android.launcher3/.uioverrides.QuickstepLauncher,positionChildAt]
12-23 03:18:47.053 I/wm_focused_root_task( 1507): [0,0,1,13,positionChildAtTop returnToHome]
12-23 03:18:47.053 I/wm_task_moved( 1507): [13,1,7]
12-23 03:18:47.053 I/wm_focused_root_task( 1507): [0,0,13,1,positionChildAtTop]
12-23 03:18:47.054 I/wm_pause_activity( 1507): [0,172149049,com.android.launcher3/.uioverrides.QuickstepLauncher,userLeaving=true,pauseBackTasks]
12-23 03:18:47.057 I/wm_on_paused_called( 2820): [172149049,com.android.launcher3.uioverrides.QuickstepLauncher,performPause]
12-23 03:18:47.058 I/wm_add_to_stopping( 1507): [0,172149049,com.android.launcher3/.uioverrides.QuickstepLauncher,makeInvisible]
12-23 03:18:47.058 I/wm_restart_activity( 1507): [0,122388588,13,com.android.settings/.Settings$ConfigureNotificationSettingsActivity]
12-23 03:18:47.058 I/wm_set_resumed_activity( 1507): [0,com.android.settings/.Settings$ConfigureNotificationSettingsActivity,minimalResumeActivityLocked]
12-23 03:18:47.063 I/sysui_multi_action( 1507): [757,803,799,window_time_0,802,16]
12-23 03:18:47.070 I/am_uid_active( 1507): 10083
12-23 03:18:47.075 I/wm_task_moved( 1507): [1,1,7]
12-23 03:18:47.075 I/wm_focused_root_task( 1507): [0,0,1,13,bringingFoundTaskToFront returnToHome]
12-23 03:18:47.075 I/wm_task_moved( 1507): [12,1,7]
12-23 03:18:47.075 I/wm_task_to_front( 1507): [0,12]
12-23 03:18:47.075 I/wm_focused_root_task( 1507): [0,0,12,1,bringingFoundTaskToFront]
12-23 03:18:47.075 I/wm_set_resumed_activity( 1507): [0,com.android.settings/.homepage.SettingsHomepageActivity,bringingFoundTaskToFront]
12-23 03:18:47.075 I/wm_finish_activity( 1507): [0,54264970,12,com.android.settings/.homepage.SettingsHomepageActivity,clear-task-all]
12-23 03:18:47.075 I/wm_destroy_activity( 1507): [0,54264970,12,com.android.settings/.homepage.SettingsHomepageActivity,finish-imm:finishIfPossible]
12-23 03:18:47.076 I/wm_task_moved( 1507): [1,1,7]
12-23 03:18:47.076 I/wm_focused_root_task( 1507): [0,0,1,12,reuseOrNewTask returnToHome]
12-23 03:18:47.076 I/wm_task_moved( 1507): [12,1,7]
12-23 03:18:47.076 I/wm_focused_root_task( 1507): [0,0,12,1,reuseOrNewTask]
12-23 03:18:47.076 I/wm_create_activity( 1507): [0,136702231,12,com.android.settings/.homepage.SettingsHomepageActivity,android.settings.NOTIFICATION_SETTINGS,NULL,NULL,272678912]
12-23 03:18:47.077 I/wm_pause_activity( 1507): [0,122388588,com.android.settings/.Settings$ConfigureNotificationSettingsActivity,userLeaving=true,pauseBackTasks]
12-23 03:18:47.078 I/wm_finish_activity( 1507): [0,122388588,13,com.android.settings/.Settings$ConfigureNotificationSettingsActivity,app-request]
12-23 03:18:47.078 I/wm_on_create_called(13190): [122388588,com.android.settings.Settings$ConfigureNotificationSettingsActivity,performCreate]
12-23 03:18:47.082 I/wm_on_destroy_called(13190): [54264970,com.android.settings.homepage.SettingsHomepageActivity,performDestroy]
12-23 03:18:47.085 I/wm_add_to_stopping( 1507): [0,122388588,com.android.settings/.Settings$ConfigureNotificationSettingsActivity,completeFinishing]
12-23 03:18:47.086 I/wm_restart_activity( 1507): [0,136702231,12,com.android.settings/.homepage.SettingsHomepageActivity]
12-23 03:18:47.086 I/wm_set_resumed_activity( 1507): [0,com.android.settings/.homepage.SettingsHomepageActivity,minimalResumeActivityLocked]
12-23 03:18:47.090 I/wm_destroy_activity( 1507): [0,122388588,13,com.android.settings/.Settings$ConfigureNotificationSettingsActivity,finish-imm:idle]
12-23 03:18:47.092 I/sysui_multi_action( 1507): [757,803,799,window_time_0,802,0]
12-23 03:18:47.098 I/wm_on_create_called(13190): [136702231,com.android.settings.homepage.SettingsHomepageActivity,performCreate]
12-23 03:18:47.109 I/wm_on_start_called(13190): [136702231,com.android.settings.homepage.SettingsHomepageActivity,handleStartActivity]
12-23 03:18:47.109 I/snet_event_log(13190): [120484087,-1,]
12-23 03:18:47.109 I/wm_on_resume_called(13190): [136702231,com.android.settings.homepage.SettingsHomepageActivity,RESUME_ACTIVITY]
12-23 03:18:47.110 I/sysui_multi_action(13190): [757,35,758,1,833,0,1089,11]
12-23 03:18:47.112 I/sysui_multi_action(13190): [757,1729,758,4,854,isParalleledControllers:false,1089,13]
12-23 03:18:47.114 I/wm_on_top_resumed_gained_called(13190): [136702231,com.android.settings.homepage.SettingsHomepageActivity,topStateChangedWhenResumed]
12-23 03:18:47.115 I/wm_on_destroy_called(13190): [122388588,com.android.settings.Settings$ConfigureNotificationSettingsActivity,performDestroy]
12-23 03:18:47.119 I/wm_task_removed( 1507): [13,removeChild:removeChild last r=ActivityRecord{74b806c u0 com.android.settings/.Settings$ConfigureNotificationSettingsActivity t-1 f}} in t=Task{82e86ed #13 type=standard A=1000:com.android.settings U=0 visible=false mode=fullscreen translucent=true sz=0}]
12-23 03:18:47.119 I/wm_task_removed( 1507): [13,removeChild]
12-23 03:18:47.147 I/sysui_multi_action( 1507): [324,1,757,1090,758,12,806,com.android.settings,871,com.android.settings.homepage.SettingsHomepageActivity,1091,101]
12-23 03:18:47.149 I/sysui_multi_action( 1507): [319,63,321,33,322,101,325,7467,757,761,758,8,759,1,806,com.android.settings,871,com.android.settings.homepage.SettingsHomepageActivity,904,com.android.settings,905,0,1320,4,1321,1]
12-23 03:18:47.149 I/wm_activity_launch_time( 1507): [0,136702231,com.android.settings/.homepage.SettingsHomepageActivity,101]
12-23 03:18:47.311 I/sysui_multi_action(13190): [757,337,758,1,833,0,1089,11]
12-23 03:18:47.312 I/sysui_multi_action(13190): [757,1729,758,4,854,isParalleledControllers:false,1089,12]
12-23 03:18:47.621 I/wm_stop_activity( 1507): [0,172149049,com.android.launcher3/.uioverrides.QuickstepLauncher]
12-23 03:18:47.622 I/notification_enqueue( 1507): [10081,2359,com.android.systemui,2048,NULL,0,Notification(channel=updateNotification shortcut=null contentView=null vibrate=null sound=null defaults=0x0 flags=0x0 color=0x00000000 vis=PRIVATE),1]
12-23 03:18:47.622 I/sysui_multi_action( 2359): [757,111,758,2]
12-23 03:18:47.622 I/sysui_multi_action( 2359): [757,111,758,2]
12-23 03:18:47.630 I/input_focus( 1507): [Focus request 89e3ba3 com.android.settings/com.android.settings.homepage.SettingsHomepageActivity,reason=UpdateInputWindows]
12-23 03:18:47.636 I/sysui_multi_action( 1507): [757,128,758,2,793,7446054,794,15990,795,7446054,796,32,798,0,806,android,857,USB,858,1,947,0,1395,1,1500,7445852,1688,1]
12-23 03:18:47.636 I/notification_visibility( 1507): [-1|android|32|null|1000,0,7446054,7446054,0,0]
12-23 03:18:47.637 I/sysui_multi_action( 1507): [757,127,758,2]
12-23 03:18:47.637 I/notification_panel_hidden( 1507):
12-23 03:18:47.638 I/input_focus( 1507): [Focus leaving 1c6a4ad NotificationShade (server),reason=NOT_FOCUSABLE]
12-23 03:18:47.638 I/input_focus( 1507): [Focus entering 89e3ba3 com.android.settings/com.android.settings.homepage.SettingsHomepageActivity (server),reason=setFocusedWindow]
12-23 03:18:47.640 I/wm_on_stop_called( 2820): [172149049,com.android.launcher3.uioverrides.QuickstepLauncher,STOP_ACTIVITY_ITEM]
12-23 03:18:49.921 I/input_interaction( 1507): Interaction with: 89e3ba3 com.android.settings/com.android.settings.homepage.SettingsHomepageActivity (server), edge-swipe (server), swipe-up (server), PointerEventDispatcher0 (server),
12-23 03:18:50.856 I/sysui_multi_action(13190): [757,830,758,4,833,0,854,top_level_about_device,1089,0]
12-23 03:18:50.960 I/sysui_multi_action(13190): [757,337,758,2,1089,3649]
12-23 03:18:51.023 I/sysui_multi_action(13190): [757,40,758,1,833,0,1089,45]
12-23 03:18:51.024 W/FeatureConnector(13190): [ImsConnector, 0] connect: not supported.
12-23 03:18:51.027 I/sysui_multi_action(13190): [757,1729,758,4,854,isParalleledControllers:false,1089,49]
12-23 03:18:52.340 I/sysui_multi_action(13190): [757,848,758,4]
12-23 03:18:52.341 I/sysui_multi_action(13190): [757,830,758,4,833,0,854,build_number,1089,0]
12-23 03:18:52.508 I/sysui_multi_action(13190): [757,848,758,4]
12-23 03:18:52.509 I/sysui_multi_action(13190): [757,830,758,4,833,0,854,build_number,1089,0]
12-23 03:18:52.652 I/sysui_multi_action(13190): [757,848,758,4]
12-23 03:18:52.652 I/sysui_multi_action(13190): [757,830,758,4,833,0,854,build_number,1089,0]
12-23 03:18:52.885 I/sysui_multi_action(13190): [757,848,758,4]
12-23 03:18:52.886 I/sysui_multi_action(13190): [757,830,758,4,833,0,854,build_number,1089,0]
12-23 03:18:53.030 I/sysui_multi_action(13190): [757,848,758,4]
12-23 03:18:53.031 I/sysui_multi_action(13190): [757,830,758,4,833,0,854,build_number,1089,0]
12-23 03:18:53.152 I/sysui_multi_action(13190): [757,848,758,4]
12-23 03:18:53.153 I/sysui_multi_action(13190): [757,830,758,4,833,0,854,build_number,1089,0]
12-23 03:18:53.249 I/am_uid_stopped( 1507): 2000
12-23 03:18:53.252 I/am_kill ( 1507): [0,4205,com.android.shell,935,change com.android.shell]
12-23 03:18:53.261 I/sysui_multi_action(13190): [757,848,758,4]
12-23 03:18:53.262 I/am_uid_active( 1507): 10093
12-23 03:18:53.262 I/sysui_multi_action(13190): [757,848,758,4]
12-23 03:18:53.263 I/sysui_multi_action(13190): [757,830,758,4,833,0,854,build_number,1089,0]
12-23 03:18:53.373 I/sysui_multi_action(13190): [757,830,758,4,833,0,854,build_number,1089,0]
12-23 03:18:53.450 I/commit_sys_config_file( 1507): [settings-0-0,5]
12-23 03:18:53.512 I/sysui_multi_action(13190): [757,830,758,4,833,0,854,build_number,1089,0]
12-23 03:18:53.625 I/sysui_multi_action(13190): [757,830,758,4,833,0,854,build_number,1089,0]
12-23 03:18:53.758 I/sysui_multi_action(13190): [757,830,758,4,833,0,854,build_number,1089,0]
12-23 03:18:53.911 I/sysui_multi_action(13190): [757,830,758,4,833,0,854,build_number,1089,0]
12-23 03:18:54.060 I/sysui_multi_action(13190): [757,830,758,4,833,0,854,build_number,1089,0]
12-23 03:18:54.228 I/sysui_multi_action(13190): [757,830,758,4,833,0,854,build_number,1089,0]
12-23 03:18:54.392 I/sysui_multi_action(13190): [757,830,758,4,833,0,854,build_number,1089,0]
12-23 03:18:54.589 I/sysui_multi_action(13190): [757,830,758,4,833,0,854,build_number,1089,0]
12-23 03:18:54.730 I/sysui_multi_action(13190): [757,830,758,4,833,0,854,build_number,1089,0]
12-23 03:18:54.879 I/sysui_multi_action(13190): [757,830,758,4,833,0,854,build_number,1089,0]
12-23 03:18:55.057 I/sysui_multi_action(13190): [757,830,758,4,833,0,854,build_number,1089,0]
12-23 03:18:56.444 I/sysui_multi_action(13190): [757,830,758,4,833,0,854,top_level_game,1089,0]
12-23 03:18:56.553 I/sysui_multi_action(13190): [757,40,758,2,1089,5528]
12-23 03:18:56.596 I/sysui_multi_action(13190): [757,3000,758,1,833,0,1089,27]
12-23 03:18:56.597 I/sysui_multi_action(13190): [757,1729,758,4,854,isParalleledControllers:false,1089,28]
12-23 03:18:57.316 I/sysui_multi_action( 1507): [757,1717,758,1,759,0]
12-23 03:18:57.317 I/sysui_multi_action( 1507): [757,1717,758,2,759,0]
12-23 03:18:57.317 I/sysui_multi_action( 1507): [757,1717,758,3,759,0]
12-23 03:18:58.176 I/service_manager_stats( 1507): [100,60,34384]
12-23 03:18:58.305 I/sysui_multi_action(13190): [757,830,758,4,833,0,854,top_level_system,1089,0]
12-23 03:18:58.416 I/sysui_multi_action(13190): [757,3000,758,2,1089,1820]
12-23 03:18:58.459 I/sysui_multi_action(13190): [757,744,758,1,833,0,1089,29]
12-23 03:18:58.462 I/sysui_multi_action(13190): [757,1729,758,4,854,isParalleledControllers:false,1089,33]
12-23 03:18:59.623 I/sysui_multi_action(13190): [757,830,758,4,833,0,854,dashboard_tile_pref_com.android.settings.Settings$DevelopmentSettingsDashboardActivity,1089,0]
12-23 03:18:59.634 I/sysui_multi_action(13190): [757,744,758,2,1089,1176]
12-23 03:18:59.719 I/auditd (13190): type=1400 audit(0.0:804): avc: denied { read } for comm="ndroid.settings" name="pagetypeinfo" dev="proc" ino=4026531857 scontext=u:r:system_app:s0 tcontext=u:object_r:proc_pagetypeinfo:s0 tclass=file permissive=0
12-23 03:18:59.719 I/auditd (13190): type=1400 audit(0.0:805): avc: denied { search } for comm="ndroid.settings" name="zram0" dev="sysfs" ino=56842 scontext=u:r:system_app:s0 tcontext=u:object_r:sysfs_zram:s0 tclass=dir permissive=0
12-23 03:18:59.719 I/auditd (13190): type=1400 audit(0.0:806): avc: denied { search } for comm="ndroid.settings" name="zram0" dev="sysfs" ino=56842 scontext=u:r:system_app:s0 tcontext=u:object_r:sysfs_zram:s0 tclass=dir permissive=0
12-23 03:18:59.759 I/service_manager_stats(13190): [100,36,44601]
12-23 03:18:59.775 I/sysui_multi_action(13190): [757,853,758,4,854,null/switch_bar,1089,1]
12-23 03:18:59.777 I/sysui_multi_action(13190): [757,39,758,1,833,0,1089,139]
12-23 03:18:59.777 D/TelephonyRegistry( 1507): listen oscl: mHasNotifySubscriptionInfoChangedOccurred==false no callback
12-23 03:18:59.779 D/TelephonyRegistry( 1507): listen oscl: mHasNotifySubscriptionInfoChangedOccurred==false no callback
12-23 03:18:59.783 I/auditd (13190): type=1400 audit(0.0:807): avc: denied { read } for comm="pool-2-thread-5" name="pagetypeinfo" dev="proc" ino=4026531857 scontext=u:r:system_app:s0 tcontext=u:object_r:proc_pagetypeinfo:s0 tclass=file permissive=0
12-23 03:18:59.783 I/auditd (13190): type=1400 audit(0.0:808): avc: denied { search } for comm="pool-2-thread-5" name="zram0" dev="sysfs" ino=56842 scontext=u:r:system_app:s0 tcontext=u:object_r:sysfs_zram:s0 tclass=dir permissive=0
12-23 03:18:59.783 I/auditd (13190): type=1400 audit(0.0:809): avc: denied { search } for comm="pool-2-thread-5" name="zram0" dev="sysfs" ino=56842 scontext=u:r:system_app:s0 tcontext=u:object_r:sysfs_zram:s0 tclass=dir permissive=0
12-23 03:18:59.804 I/sysui_multi_action(13190): [757,1729,758,4,854,isParalleledControllers:false,1089,166]
12-23 03:18:59.977 I/commit_sys_config_file( 1507): [settings-0-0,4]
12-23 03:19:03.048 I/sysui_multi_action(13190): [757,830,758,4,833,0,854,enable_adb,1089,0]
12-23 03:19:03.109 I/sysui_multi_action(13190): [757,1222,758,1,833,0,1089,34]
12-23 03:19:03.121 I/input_focus( 1507): [Focus request c3c88da com.android.settings/com.android.settings.homepage.SettingsHomepageActivity,reason=UpdateInputWindows]
12-23 03:19:03.143 I/input_focus( 1507): [Focus leaving 89e3ba3 com.android.settings/com.android.settings.homepage.SettingsHomepageActivity (server),reason=Waiting for window because NOT_VISIBLE]
12-23 03:19:03.160 I/input_focus( 1507): [Focus entering c3c88da com.android.settings/com.android.settings.homepage.SettingsHomepageActivity (server),reason=Window became focusable. Previous reason: NOT_VISIBLE]
12-23 03:19:03.255 I/commit_sys_config_file( 1507): [package-user-0,5]
12-23 03:19:04.294 I/input_interaction( 1507): Interaction with: c3c88da com.android.settings/com.android.settings.homepage.SettingsHomepageActivity (server), edge-swipe (server), swipe-up (server), PointerEventDispatcher0 (server),
12-23 03:19:04.522 I/input_focus( 1507): [Focus request 89e3ba3 com.android.settings/com.android.settings.homepage.SettingsHomepageActivity,reason=UpdateInputWindows]
12-23 03:19:04.533 I/sysui_multi_action(13190): [757,1222,758,2,1089,1424]
12-23 03:19:04.545 I/input_focus( 1507): [Focus entering 89e3ba3 com.android.settings/com.android.settings.homepage.SettingsHomepageActivity (server),reason=setFocusedWindow]
12-23 03:19:04.704 I/commit_sys_config_file( 1507): [settings-0-0,5]
12-23 03:19:04.722 I/notification_enqueue( 1507): [1000,1507,android,26,NULL,-1,Notification(channel=DEVELOPER_IMPORTANT shortcut=null contentView=null vibrate=null sound=null tick defaults=0x0 flags=0x2 color=0x00000000 vis=PUBLIC),0]
12-23 03:19:04.923 I/sysui_multi_action( 1507): [757,1501,758,1,793,203,794,0,795,203,796,26,806,android,857,DEVELOPER_IMPORTANT,858,4,947,0,1500,0]
12-23 03:19:04.924 I/sysui_multi_action( 1507): [757,804,799,note_interruptive,801,0,802,1]
12-23 03:19:04.925 I/sysui_multi_action( 1507): [757,1501,758,1,793,205,794,0,795,205,796,26,806,android,857,DEVELOPER_IMPORTANT,858,4,947,0,1500,0,1688,1]
12-23 03:19:04.926 I/sysui_multi_action( 1507): [757,804,799,note_interruptive,801,0,802,1]
12-23 03:19:04.926 I/sysui_multi_action( 1507): [757,199,758,1,759,2,793,206,794,0,795,206,796,26,806,android,857,DEVELOPER_IMPORTANT,858,4,947,0,1500,1,1688,1]
12-23 03:19:04.926 I/notification_alert( 1507): [-1|android|26|null|1000,0,1,0]
12-23 03:19:04.973 I/am_uid_running( 1507): 10019
12-23 03:19:04.987 I/am_proc_start( 1507): [0,13741,10019,android.process.media,broadcast,{com.android.mtp/com.android.mtp.MtpReceiver}]
12-23 03:19:05.009 I/am_proc_bound( 1507): [0,13741,android.process.media]
12-23 03:19:05.013 I/sysui_multi_action( 2359): [757,803,799,note_peek,802,1]
12-23 03:19:05.025 I/sysui_multi_action( 1507): [757,127,758,1]
12-23 03:19:05.025 I/sysui_multi_action( 1507): [757,804,799,note_load,801,1,802,1]
12-23 03:19:05.025 I/notification_panel_revealed( 1507): 1
12-23 03:19:05.029 I/sysui_heads_up_status( 2359): [-1|android|26|null|1000,1]
12-23 03:19:05.034 I/sysui_multi_action( 1507): [757,128,758,1,793,7463452,794,0,795,7463452,796,32,798,1,806,android,857,USB,858,1,947,0,1395,2,1500,7463250,1688,1]
12-23 03:19:05.034 I/sysui_multi_action( 1507): [757,804,799,note_freshness,801,7463452,802,1]
12-23 03:19:05.034 I/notification_visibility( 1507): [-1|android|32|null|1000,1,7463452,7463452,0,1]
12-23 03:19:05.484 I/wm_task_created( 1507): [14,-1]
12-23 03:19:05.491 I/wm_task_moved( 1507): [14,1,7]
12-23 03:19:05.491 I/wm_task_to_front( 1507): [0,14]
12-23 03:19:05.491 I/wm_on_top_resumed_lost_called(13190): [136702231,com.android.settings.homepage.SettingsHomepageActivity,topStateChangedWhenResumed]
12-23 03:19:05.491 I/wm_create_task( 1507): [0,14]
12-23 03:19:05.491 I/wm_create_activity( 1507): [0,129168122,14,com.android.systemui/.usb.UsbDebuggingActivity,NULL,NULL,NULL,276824064]
12-23 03:19:05.491 I/wm_task_moved( 1507): [14,1,7]
12-23 03:19:05.493 I/wm_pause_activity( 1507): [0,136702231,com.android.settings/.homepage.SettingsHomepageActivity,userLeaving=true,pauseBackTasks]
12-23 03:19:05.497 I/sysui_multi_action(13190): [757,35,758,2,1089,18387]
12-23 03:19:05.499 I/sysui_multi_action(13190): [757,39,758,2,1089,5722]
12-23 03:19:05.499 I/wm_on_paused_called(13190): [136702231,com.android.settings.homepage.SettingsHomepageActivity,performPause]
12-23 03:19:05.501 I/wm_restart_activity( 1507): [0,129168122,14,com.android.systemui/.usb.UsbDebuggingActivity]
12-23 03:19:05.502 I/wm_set_resumed_activity( 1507): [0,com.android.systemui/.usb.UsbDebuggingActivity,minimalResumeActivityLocked]
12-23 03:19:05.505 I/sysui_multi_action( 1507): [757,803,799,window_time_0,802,19]
12-23 03:19:05.512 I/wm_on_create_called( 2359): [129168122,com.android.systemui.usb.UsbDebuggingActivity,performCreate]
12-23 03:19:05.512 I/wm_on_start_called( 2359): [129168122,com.android.systemui.usb.UsbDebuggingActivity,handleStartActivity]
12-23 03:19:05.513 I/wm_on_resume_called( 2359): [129168122,com.android.systemui.usb.UsbDebuggingActivity,RESUME_ACTIVITY]
12-23 03:19:05.514 I/wm_on_top_resumed_gained_called( 2359): [129168122,com.android.systemui.usb.UsbDebuggingActivity,topStateChangedWhenResumed]
12-23 03:19:05.532 I/input_focus( 1507): [Focus request dd1aa23 com.android.systemui/com.android.systemui.usb.UsbDebuggingActivity,reason=UpdateInputWindows]
12-23 03:19:05.539 I/sysui_multi_action( 1507): [319,61,322,61,325,7486,757,761,758,8,759,2,806,com.android.systemui,871,com.android.systemui.usb.UsbDebuggingActivity,904,android,905,0,1320,8,1321,5]
12-23 03:19:05.539 I/wm_activity_launch_time( 1507): [0,129168122,com.android.systemui/.usb.UsbDebuggingActivity,61]
12-23 03:19:05.546 I/sysui_multi_action( 1507): [757,128,758,1,793,826,794,0,795,826,796,26,798,0,806,android,857,DEVELOPER_IMPORTANT,858,4,947,0,1395,2,1500,621,1688,1]
12-23 03:19:05.546 I/sysui_multi_action( 1507): [757,804,799,note_freshness,801,826,802,1]
12-23 03:19:05.546 I/notification_visibility( 1507): [-1|android|26|null|1000,1,826,826,0,0]
12-23 03:19:05.547 I/sysui_multi_action( 1507): [757,128,758,2,793,7463965,794,513,795,7463965,796,32,798,1,806,android,857,USB,858,1,947,0,1395,2,1500,7463763,1688,1]
12-23 03:19:05.547 I/notification_visibility( 1507): [-1|android|32|null|1000,0,7463965,7463965,0,1]
12-23 03:19:05.547 I/input_focus( 1507): [Focus leaving 89e3ba3 com.android.settings/com.android.settings.homepage.SettingsHomepageActivity (server),reason=Waiting for window because NOT_VISIBLE]
12-23 03:19:05.563 I/input_focus( 1507): [Focus entering dd1aa23 com.android.systemui/com.android.systemui.usb.UsbDebuggingActivity (server),reason=Window became focusable. Previous reason: NOT_VISIBLE]
12-23 03:19:05.690 I/commit_sys_config_file( 1507): [settings-2-0,2]
12-23 03:19:06.352 I/input_interaction( 1507): Interaction with: dd1aa23 com.android.systemui/com.android.systemui.usb.UsbDebuggingActivity (server), edge-swipe (server), swipe-up (server), PointerEventDispatcher0 (server),
12-23 03:19:07.442 I/wm_finish_activity( 1507): [0,129168122,14,com.android.systemui/.usb.UsbDebuggingActivity,app-request]
12-23 03:19:07.442 I/wm_task_moved( 1507): [1,1,7]
12-23 03:19:07.442 I/wm_focused_root_task( 1507): [0,0,1,14,finish-top adjustFocusToNextFocusableTask returnToHome]
12-23 03:19:07.442 I/wm_task_moved( 1507): [12,1,7]
12-23 03:19:07.442 I/wm_task_to_front( 1507): [0,12]
12-23 03:19:07.443 I/wm_focused_root_task( 1507): [0,0,12,1,finish-top adjustFocusToNextFocusableTask]
12-23 03:19:07.446 I/wm_pause_activity( 1507): [0,129168122,com.android.systemui/.usb.UsbDebuggingActivity,userLeaving=false,finish]
12-23 03:19:07.448 I/input_focus( 1507): [Focus request 89e3ba3 com.android.settings/com.android.settings.homepage.SettingsHomepageActivity,reason=UpdateInputWindows]
12-23 03:19:07.451 I/wm_on_top_resumed_lost_called( 2359): [129168122,com.android.systemui.usb.UsbDebuggingActivity,topStateChangedWhenResumed]
12-23 03:19:07.451 I/wm_on_paused_called( 2359): [129168122,com.android.systemui.usb.UsbDebuggingActivity,performPause]
12-23 03:19:07.454 I/wm_set_resumed_activity( 1507): [0,com.android.settings/.homepage.SettingsHomepageActivity,resumeTopActivityInnerLocked]
12-23 03:19:07.455 I/wm_resume_activity( 1507): [0,136702231,12,com.android.settings/.homepage.SettingsHomepageActivity]
12-23 03:19:07.455 I/wm_on_resume_called(13190): [136702231,com.android.settings.homepage.SettingsHomepageActivity,RESUME_ACTIVITY]
12-23 03:19:07.456 I/sysui_multi_action(13190): [757,35,758,1,833,0,1089,0]
12-23 03:19:07.458 I/sysui_multi_action(13190): [757,39,758,1,833,0,1089,0]
12-23 03:19:07.459 D/TelephonyRegistry( 1507): listen oscl: mHasNotifySubscriptionInfoChangedOccurred==false no callback
