12-23 03:45:07.870 I/am_wtf ( 1507): [0,1507,system_server,-1,DisplayDeviceConfig,requesting nits when no mapping exists.]
12-23 03:45:07.871 I/am_wtf ( 1507): [0,1507,system_server,-1,DisplayDeviceConfig,requesting nits when no mapping exists.]
12-23 03:45:07.886 I/am_wtf ( 1507): [0,1507,system_server,-1,DisplayDeviceConfig,requesting nits when no mapping exists.]
12-23 03:45:07.887 I/am_wtf ( 1507): [0,1507,system_server,-1,DisplayDeviceConfig,requesting nits when no mapping exists.]
12-23 03:45:07.902 I/wm_task_moved( 1507): [21,1,6]
12-23 03:45:07.902 I/wm_set_resumed_activity( 1507): [0,com.android.settings/.Settings,positionChildAt]
12-23 03:45:07.902 I/wm_create_activity( 1507): [0,173601181,21,com.android.settings/.SubSettings,android.intent.action.MAIN,NULL,NULL,0]
12-23 03:45:07.902 I/am_wtf ( 1507): [0,1507,system_server,-1,DisplayDeviceConfig,requesting nits when no mapping exists.]
12-23 03:45:07.902 I/am_wtf ( 1507): [0,1507,system_server,-1,DisplayDeviceConfig,requesting nits when no mapping exists.]
12-23 03:45:07.903 I/wm_pause_activity( 1507): [0,124469811,com.android.settings/.Settings,userLeaving=true,resumeTopActivityInnerLocked]
12-23 03:45:07.905 I/wm_on_top_resumed_lost_called(14219): [124469811,com.android.settings.Settings,topStateChangedWhenResumed]
12-23 03:45:07.906 I/sysui_multi_action(14219): [757,35,758,2,1089,130694]
12-23 03:45:07.907 I/sysui_multi_action(14219): [757,103,758,2,1089,130694]
12-23 03:45:07.907 I/wm_on_paused_called(14219): [124469811,com.android.settings.Settings,performPause]
12-23 03:45:07.908 I/wm_add_to_stopping( 1507): [0,124469811,com.android.settings/.Settings,makeInvisible]
12-23 03:45:07.909 I/wm_restart_activity( 1507): [0,173601181,21,com.android.settings/.SubSettings]
12-23 03:45:07.909 I/wm_set_resumed_activity( 1507): [0,com.android.settings/.SubSettings,minimalResumeActivityLocked]
12-23 03:45:07.911 I/sysui_multi_action( 1507): [757,803,799,window_time_0,802,130]
12-23 03:45:07.916 I/am_pss ( 1507): [14484,10069,com.android.webview:webview_service,27942912,11022336,0,94011392,0,19,5]
12-23 03:45:07.922 I/am_pss ( 1507): [14301,10083,com.qualcomm.qti.qccauthmgr,6865920,4415488,0,96325632,0,19,5]
12-23 03:45:07.925 I/am_uid_active( 1507): 10083
12-23 03:45:07.927 I/am_pss ( 1507): [14509,10093,com.android.permissioncontroller,13676544,11059200,0,103501824,0,19,5]
12-23 03:45:07.930 I/wm_finish_activity( 1507): [0,173601181,21,com.android.settings/.SubSettings,clear-task-stack]
12-23 03:45:07.933 I/am_pss ( 1507): [8963,1000,com.thundercomm.gamemode,19033088,14721024,0,123191296,0,10,5]
12-23 03:45:07.933 I/wm_pause_activity( 1507): [0,173601181,com.android.settings/.SubSettings,userLeaving=false,finish]
12-23 03:45:07.934 I/wm_new_intent( 1507): [0,124469811,21,com.android.settings/.Settings,android.intent.action.MAIN,NULL,NULL,270532608]
12-23 03:45:07.934 I/wm_task_moved( 1507): [21,1,6]
12-23 03:45:07.935 I/input_focus( 1507): [Focus leaving 9592226 com.android.settings/com.android.settings.Settings (server),reason=NO_WINDOW]
12-23 03:45:07.935 I/wm_on_create_called(14219): [173601181,com.android.settings.SubSettings,performCreate]
12-23 03:45:07.937 I/wm_add_to_stopping( 1507): [0,173601181,com.android.settings/.SubSettings,completeFinishing]
12-23 03:45:07.937 I/wm_set_resumed_activity( 1507): [0,com.android.settings/.Settings,resumeTopActivityInnerLocked]
12-23 03:45:07.938 I/wm_resume_activity( 1507): [0,124469811,21,com.android.settings/.Settings]
12-23 03:45:07.940 I/input_focus( 1507): [Focus request 9592226 com.android.settings/com.android.settings.Settings,reason=UpdateInputWindows]
12-23 03:45:07.941 I/wm_on_resume_called(14219): [124469811,com.android.settings.Settings,RESUME_ACTIVITY]
12-23 03:45:07.941 I/sysui_multi_action(14219): [757,35,758,1,833,0,1089,0]
12-23 03:45:07.942 I/sysui_multi_action( 1507): [757,803,799,window_time_0,802,0]
12-23 03:45:07.942 I/sysui_multi_action(14219): [757,103,758,1,833,0,1089,0]
12-23 03:45:07.944 I/wm_on_top_resumed_gained_called(14219): [124469811,com.android.settings.Settings,topWhenResuming]
12-23 03:45:07.969 I/input_focus( 1507): [Focus entering 9592226 com.android.settings/com.android.settings.Settings (server),reason=Window became focusable. Previous reason: NO_WINDOW]
12-23 03:45:07.970 I/wm_destroy_activity( 1507): [0,173601181,21,com.android.settings/.SubSettings,finish-imm:idle]
12-23 03:45:07.986 I/wm_on_destroy_called(14219): [173601181,com.android.settings.SubSettings,performDestroy]
12-23 03:45:08.044 I/am_uid_active( 1507): 10063
12-23 03:45:08.167 I/auditd ( 0): type=1400 audit(0.0:1207): avc: denied { kill } for comm="swapper/1" capability=5 scontext=u:r:kernel:s0 tcontext=u:r:kernel:s0 tclass=capability permissive=0
12-23 03:45:08.176 I/sysui_multi_action(14219): [757,849,758,1,833,0,1089,34]
12-23 03:45:08.178 I/sysui_multi_action(14219): [757,1729,758,4,854,isParalleledControllers:false,1089,36]
12-23 03:45:09.167 I/auditd ( 0): type=1400 audit(0.0:1208): avc: denied { kill } for comm="swapper/1" capability=5 scontext=u:r:kernel:s0 tcontext=u:r:kernel:s0 tclass=capability permissive=0
12-23 03:45:10.248 I/ntp_failure( 1507): [time.android.com/216.239.35.4,java.net.SocketTimeoutException: Poll timed out]
12-23 03:45:10.314 I/liblog ( 1331): 11
12-23 03:45:11.171 I/auditd ( 0): type=1400 audit(0.0:1209): avc: denied { kill } for comm="swapper/0" capability=5 scontext=u:r:kernel:s0 tcontext=u:r:kernel:s0 tclass=capability permissive=0
12-23 03:45:12.167 I/auditd ( 0): type=1400 audit(0.0:1210): avc: denied { kill } for comm="swapper/0" capability=5 scontext=u:r:kernel:s0 tcontext=u:r:kernel:s0 tclass=capability permissive=0
12-23 03:45:13.171 I/auditd ( 0): type=1400 audit(0.0:1211): avc: denied { kill } for comm="swapper/0" capability=5 scontext=u:r:kernel:s0 tcontext=u:r:kernel:s0 tclass=capability permissive=0
12-23 03:45:14.019 I/sysui_multi_action(14219): [757,137,758,4]
12-23 03:45:14.025 I/sysui_multi_action(14219): [757,849,758,2,1089,5849]
12-23 03:45:14.121 I/netstats_mobile_sample( 1507): [0,0,0,0,0,0,0,0,0,0,0,0,1671738314121]
12-23 03:45:14.122 I/netstats_wifi_sample( 1507): [847278,2521,917884,2909,847278,2521,917884,2909,1328084,6548,499426,1719,1671738314121]
12-23 03:45:14.167 I/auditd ( 0): type=1400 audit(0.0:1212): avc: denied { kill } for comm="swapper/0" capability=5 scontext=u:r:kernel:s0 tcontext=u:r:kernel:s0 tclass=capability permissive=0
12-23 03:45:15.167 I/auditd ( 0): type=1400 audit(0.0:1213): avc: denied { kill } for comm="swapper/0" capability=5 scontext=u:r:kernel:s0 tcontext=u:r:kernel:s0 tclass=capability permissive=0
12-23 03:45:15.256 I/ntp_failure( 1507): [time.android.com/216.239.35.8,java.net.SocketTimeoutException: Poll timed out]
12-23 03:45:15.794 I/notification_enqueue( 1507): [1000,1507,android,17303299,com.android.wifi,0,Notification(channel=NETWORK_AVAILABLE shortcut=null contentView=null vibrate=null sound=null tick defaults=0x0 flags=0x100 color=0x00000000 actions=2 vis=PRIVATE),0]
12-23 03:45:15.996 I/sysui_multi_action( 1507): [757,1501,758,1,793,206,794,0,795,206,796,17303299,797,com.android.wifi,806,android,857,NETWORK_AVAILABLE,858,2,947,0,1500,0,1688,1]
12-23 03:45:15.996 I/sysui_multi_action( 1507): [757,804,799,note_interruptive,801,0,802,1]
12-23 03:45:16.167 I/auditd ( 0): type=1400 audit(0.0:1214): avc: denied { kill } for comm="swapper/0" capability=5 scontext=u:r:kernel:s0 tcontext=u:r:kernel:s0 tclass=capability permissive=0
12-23 03:45:17.167 I/auditd (13793): type=1400 audit(0.0:1215): avc: denied { kill } for comm="kworker/u16:13" capability=5 scontext=u:r:kernel:s0 tcontext=u:r:kernel:s0 tclass=capability permissive=0
12-23 03:45:18.171 I/auditd ( 0): type=1400 audit(0.0:1216): avc: denied { kill } for comm="swapper/0" capability=5 scontext=u:r:kernel:s0 tcontext=u:r:kernel:s0 tclass=capability permissive=0
12-23 03:45:19.171 I/auditd ( 0): type=1400 audit(0.0:1217): avc: denied { kill } for comm="swapper/0" capability=5 scontext=u:r:kernel:s0 tcontext=u:r:kernel:s0 tclass=capability permissive=0
12-23 03:45:20.171 I/auditd ( 0): type=1400 audit(0.0:1218): avc: denied { kill } for comm="swapper/0" capability=5 scontext=u:r:kernel:s0 tcontext=u:r:kernel:s0 tclass=capability permissive=0
12-23 03:45:24.171 I/auditd ( 0): type=1400 audit(0.0:1219): avc: denied { kill } for comm="swapper/0" capability=5 scontext=u:r:kernel:s0 tcontext=u:r:kernel:s0 tclass=capability permissive=0
12-23 03:45:25.171 I/auditd ( 0): type=1400 audit(0.0:1220): avc: denied { kill } for comm="swapper/0" capability=5 scontext=u:r:kernel:s0 tcontext=u:r:kernel:s0 tclass=capability permissive=0
12-23 03:45:26.167 I/auditd ( 0): type=1400 audit(0.0:1221): avc: denied { kill } for comm="swapper/0" capability=5 scontext=u:r:kernel:s0 tcontext=u:r:kernel:s0 tclass=capability permissive=0
12-23 03:45:27.171 I/auditd ( 0): type=1400 audit(0.0:1222): avc: denied { kill } for comm="swapper/0" capability=5 scontext=u:r:kernel:s0 tcontext=u:r:kernel:s0 tclass=capability permissive=0
12-23 03:45:28.167 I/auditd ( 0): type=1400 audit(0.0:1223): avc: denied { kill } for comm="swapper/0" capability=5 scontext=u:r:kernel:s0 tcontext=u:r:kernel:s0 tclass=capability permissive=0
12-23 03:45:29.167 I/auditd (14029): type=1400 audit(0.0:1224): avc: denied { kill } for comm="kworker/u16:11" capability=5 scontext=u:r:kernel:s0 tcontext=u:r:kernel:s0 tclass=capability permissive=0
12-23 03:45:29.513 I/sysui_multi_action(14219): [757,135,758,4,759,0]
12-23 03:45:29.524 I/wm_task_moved( 1507): [21,1,6]
12-23 03:45:29.525 I/wm_set_resumed_activity( 1507): [0,com.android.settings/.Settings,positionChildAt]
12-23 03:45:29.525 I/wm_create_activity( 1507): [0,143206857,21,com.android.settings/.SubSettings,android.intent.action.MAIN,NULL,NULL,0]
12-23 03:45:29.528 I/wm_pause_activity( 1507): [0,124469811,com.android.settings/.Settings,userLeaving=true,resumeTopActivityInnerLocked]
12-23 03:45:29.531 I/wm_on_top_resumed_lost_called(14219): [124469811,com.android.settings.Settings,topStateChangedWhenResumed]
12-23 03:45:29.532 I/sysui_multi_action(14219): [757,35,758,2,1089,21591]
12-23 03:45:29.532 I/sysui_multi_action(14219): [757,103,758,2,1089,21590]
12-23 03:45:29.533 I/wm_on_paused_called(14219): [124469811,com.android.settings.Settings,performPause]
12-23 03:45:29.534 I/wm_add_to_stopping( 1507): [0,124469811,com.android.settings/.Settings,makeInvisible]
12-23 03:45:29.534 I/wm_restart_activity( 1507): [0,143206857,21,com.android.settings/.SubSettings]
12-23 03:45:29.535 I/wm_set_resumed_activity( 1507): [0,com.android.settings/.SubSettings,minimalResumeActivityLocked]
12-23 03:45:29.536 I/sysui_multi_action( 1507): [757,803,799,window_time_0,802,22]
12-23 03:45:29.542 I/am_pss ( 1507): [14484,10069,com.android.webview:webview_service,27942912,11022336,0,94011392,0,19,5]
12-23 03:45:29.547 I/am_pss ( 1507): [14509,10093,com.android.permissioncontroller,13676544,11059200,0,103501824,0,19,5]
12-23 03:45:29.549 I/wm_finish_activity( 1507): [0,143206857,21,com.android.settings/.SubSettings,clear-task-stack]
12-23 03:45:29.552 I/wm_pause_activity( 1507): [0,143206857,com.android.settings/.SubSettings,userLeaving=false,finish]
12-23 03:45:29.553 I/wm_new_intent( 1507): [0,124469811,21,com.android.settings/.Settings,android.intent.action.MAIN,NULL,NULL,270532608]
12-23 03:45:29.553 I/wm_task_moved( 1507): [21,1,6]
12-23 03:45:29.554 I/input_focus( 1507): [Focus leaving 9592226 com.android.settings/com.android.settings.Settings (server),reason=NO_WINDOW]
12-23 03:45:29.555 I/wm_on_create_called(14219): [143206857,com.android.settings.SubSettings,performCreate]
12-23 03:45:29.556 I/wm_add_to_stopping( 1507): [0,143206857,com.android.settings/.SubSettings,completeFinishing]
12-23 03:45:29.557 I/wm_set_resumed_activity( 1507): [0,com.android.settings/.Settings,resumeTopActivityInnerLocked]
12-23 03:45:29.558 I/wm_resume_activity( 1507): [0,124469811,21,com.android.settings/.Settings]
12-23 03:45:29.560 I/input_focus( 1507): [Focus request 9592226 com.android.settings/com.android.settings.Settings,reason=UpdateInputWindows]
12-23 03:45:29.560 I/sysui_multi_action( 1507): [757,803,799,window_time_0,802,0]
12-23 03:45:29.561 I/wm_on_activity_result_called(14219): [124469811,com.android.settings.Settings,ACTIVITY_RESULT]
12-23 03:45:29.561 I/wm_on_resume_called(14219): [124469811,com.android.settings.Settings,RESUME_ACTIVITY]
12-23 03:45:29.562 I/sysui_multi_action(14219): [757,35,758,1,833,0,1089,0]
12-23 03:45:29.563 I/sysui_multi_action(14219): [757,103,758,1,833,0,1089,0]
12-23 03:45:29.564 I/wm_on_top_resumed_gained_called(14219): [124469811,com.android.settings.Settings,topWhenResuming]
12-23 03:45:29.587 I/input_focus( 1507): [Focus entering 9592226 com.android.settings/com.android.settings.Settings (server),reason=Window became focusable. Previous reason: NO_WINDOW]
12-23 03:45:29.588 I/wm_destroy_activity( 1507): [0,143206857,21,com.android.settings/.SubSettings,finish-imm:idle]
12-23 03:45:29.604 I/wm_on_destroy_called(14219): [143206857,com.android.settings.SubSettings,performDestroy]
12-23 03:45:29.801 I/sysui_multi_action(14219): [757,1800,758,1,833,0,1089,29]
12-23 03:45:30.167 I/auditd ( 0): type=1400 audit(0.0:1225): avc: denied { kill } for comm="swapper/0" capability=5 scontext=u:r:kernel:s0 tcontext=u:r:kernel:s0 tclass=capability permissive=0
12-23 03:45:31.020 I/liblog ( 1331): 6
12-23 03:45:31.020 I/liblog ( 1331): 1
12-23 03:45:31.020 I/liblog ( 1331): 1
12-23 03:45:31.020 I/liblog ( 1331): 1
12-23 03:45:31.020 I/liblog ( 1331): 1
12-23 03:45:31.020 I/liblog ( 1331): 1
12-23 03:45:31.020 I/liblog ( 1331): 1
12-23 03:45:31.020 I/liblog ( 1331): 1
12-23 03:45:31.020 I/liblog ( 1331): 1
12-23 03:45:31.020 I/liblog ( 1331): 1
12-23 03:45:31.020 I/liblog ( 1331): 1
12-23 03:45:31.021 I/liblog ( 1331): 1
12-23 03:45:31.021 I/liblog ( 1331): 3
12-23 03:45:31.021 I/liblog ( 1331): 1
12-23 03:45:31.021 I/liblog ( 1331): 1
12-23 03:45:31.021 I/liblog ( 1331): 1
12-23 03:45:31.021 I/liblog ( 1331): 1
12-23 03:45:31.021 I/liblog ( 1331): 1
12-23 03:45:31.021 I/liblog ( 1331): 1
12-23 03:45:31.021 I/liblog ( 1331): 1
12-23 03:45:31.021 I/liblog ( 1331): 1
12-23 03:45:31.021 I/liblog ( 1331): 1
12-23 03:45:31.021 I/liblog ( 1331): 1
12-23 03:45:31.021 I/liblog ( 1331): 1
12-23 03:45:31.021 I/liblog ( 1331): 1
12-23 03:45:31.021 I/liblog ( 1331): 1
12-23 03:45:31.021 I/liblog ( 1331): 1
12-23 03:45:31.021 I/liblog ( 1331): 1
12-23 03:45:31.021 I/liblog ( 1331): 1
12-23 03:45:31.021 I/liblog ( 1331): 1
12-23 03:45:31.021 I/liblog ( 1331): 1
12-23 03:45:31.021 I/liblog ( 1331): 2
12-23 03:45:31.021 I/liblog ( 1331): 2
12-23 03:45:31.021 I/liblog ( 1331): 2
12-23 03:45:31.021 I/liblog ( 1331): 2
12-23 03:45:31.021 I/liblog ( 1331): 1
12-23 03:45:31.021 I/liblog ( 1331): 1
12-23 03:45:31.021 I/liblog ( 1331): 1
12-23 03:45:31.021 I/liblog ( 1331): 1
12-23 03:45:31.021 I/liblog ( 1331): 4
12-23 03:45:31.021 I/liblog ( 1331): 1
12-23 03:45:31.021 I/liblog ( 1331): 2
12-23 03:45:31.021 I/liblog ( 1331): 1
12-23 03:45:31.021 I/liblog ( 1331): 1
12-23 03:45:31.021 I/liblog ( 1331): 2
12-23 03:45:31.021 I/liblog ( 1331): 1
12-23 03:45:31.021 I/liblog ( 1331): 1
12-23 03:45:31.021 I/liblog ( 1331): 1
12-23 03:45:31.021 I/liblog ( 1331): 1
12-23 03:45:31.021 I/liblog ( 1331): 1
12-23 03:45:31.021 I/liblog ( 1331): 2
12-23 03:45:31.021 I/liblog ( 1331): 1
12-23 03:45:31.021 I/liblog ( 1331): 1
12-23 03:45:31.022 I/liblog ( 1331): 179
12-23 03:45:31.171 I/auditd ( 0): type=1400 audit(0.0:1226): avc: denied { kill } for comm="swapper/0" capability=5 scontext=u:r:kernel:s0 tcontext=u:r:kernel:s0 tclass=capability permissive=0
12-23 03:45:32.171 I/auditd ( 0): type=1400 audit(0.0:1227): avc: denied { kill } for comm="swapper/0" capability=5 scontext=u:r:kernel:s0 tcontext=u:r:kernel:s0 tclass=capability permissive=0
12-23 03:45:33.171 I/auditd ( 0): type=1400 audit(0.0:1228): avc: denied { kill } for comm="swapper/0" capability=5 scontext=u:r:kernel:s0 tcontext=u:r:kernel:s0 tclass=capability permissive=0
12-23 03:45:34.167 I/auditd ( 0): type=1400 audit(0.0:1229): avc: denied { kill } for comm="swapper/0" capability=5 scontext=u:r:kernel:s0 tcontext=u:r:kernel:s0 tclass=capability permissive=0
12-23 03:45:35.167 I/auditd ( 0): type=1400 audit(0.0:1230): avc: denied { kill } for comm="swapper/0" capability=5 scontext=u:r:kernel:s0 tcontext=u:r:kernel:s0 tclass=capability permissive=0
12-23 03:45:36.171 I/auditd ( 0): type=1400 audit(0.0:1231): avc: denied { kill } for comm="swapper/0" capability=5 scontext=u:r:kernel:s0 tcontext=u:r:kernel:s0 tclass=capability permissive=0
12-23 03:45:37.171 I/auditd ( 0): type=1400 audit(0.0:1232): avc: denied { kill } for comm="swapper/0" capability=5 scontext=u:r:kernel:s0 tcontext=u:r:kernel:s0 tclass=capability permissive=0
12-23 03:45:38.171 I/auditd ( 0): type=1400 audit(0.0:1233): avc: denied { kill } for comm="swapper/0" capability=5 scontext=u:r:kernel:s0 tcontext=u:r:kernel:s0 tclass=capability permissive=0
12-23 03:45:39.171 I/auditd ( 0): type=1400 audit(0.0:1234): avc: denied { kill } for comm="swapper/0" capability=5 scontext=u:r:kernel:s0 tcontext=u:r:kernel:s0 tclass=capability permissive=0
12-23 03:45:40.171 I/auditd ( 0): type=1400 audit(0.0:1235): avc: denied { kill } for comm="swapper/0" capability=5 scontext=u:r:kernel:s0 tcontext=u:r:kernel:s0 tclass=capability permissive=0
12-23 03:45:41.099 I/liblog ( 1331): 27
12-23 03:45:41.099 I/liblog ( 1331): 1
12-23 03:45:41.138 I/input_interaction( 1507): Interaction with: 81d7c2e StatusBar (server), edge-swipe (server), swipe-up (server), PointerEventDispatcher0 (server),
12-23 03:45:41.142 I/sysui_multi_action( 2359): [757,803,799,panel_open,802,1]
12-23 03:45:41.145 I/sysui_multi_action( 2359): [757,1328,758,4,1326,46,1327,1,1329,0]
12-23 03:45:41.202 I/sysui_multi_action( 1507): [757,127,758,1]
12-23 03:45:41.202 I/sysui_multi_action( 1507): [757,804,799,note_load,801,3,802,1]
12-23 03:45:41.202 I/notification_panel_revealed( 1507): 3
12-23 03:45:41.209 I/input_focus( 1507): [Focus request 1c6a4ad NotificationShade,reason=UpdateInputWindows]
12-23 03:45:41.219 I/sysui_multi_action( 1507): [757,128,758,1,793,1596499,794,0,795,1596499,796,26,798,0,806,android,857,DEVELOPER_IMPORTANT,858,4,947,0,1395,3,1500,1596294,1688,1]
12-23 03:45:41.219 I/sysui_multi_action( 1507): [757,804,799,note_freshness,801,1596499,802,1]
12-23 03:45:41.219 I/notification_visibility( 1507): [-1|android|26|null|1000,1,1596499,1596499,0,0]
12-23 03:45:41.219 I/sysui_multi_action( 1507): [757,128,758,1,793,25430,794,0,795,25430,796,17303299,797,com.android.wifi,798,1,806,android,857,NETWORK_AVAILABLE,858,2,947,0,1395,3,1500,25224,1688,1]
12-23 03:45:41.219 I/sysui_multi_action( 1507): [757,804,799,note_freshness,801,25430,802,1]
12-23 03:45:41.219 I/notification_visibility( 1507): [0|android|17303299|com.android.wifi|1000,1,25430,25430,0,1]
12-23 03:45:41.219 I/sysui_multi_action( 1507): [757,128,758,1,793,9059637,794,0,795,9059637,796,32,798,2,806,android,857,USB,858,1,947,0,1395,3,1500,9059435,1688,1]
12-23 03:45:41.219 I/sysui_multi_action( 1507): [757,804,799,note_freshness,801,9059637,802,1]
12-23 03:45:41.219 I/notification_visibility( 1507): [-1|android|32|null|1000,1,9059637,9059637,0,2]
12-23 03:45:41.233 I/input_focus( 1507): [Focus leaving 9592226 com.android.settings/com.android.settings.Settings (server),reason=setFocusedWindow]
12-23 03:45:41.233 I/input_focus( 1507): [Focus entering 1c6a4ad NotificationShade (server),reason=setFocusedWindow]
12-23 03:45:41.301 I/sysui_multi_action( 2359): [757,111,758,1]
12-23 03:45:41.302 I/sysui_multi_action( 2359): [757,126,758,1,759,126,927,0,928,1,1593,0]
12-23 03:45:41.302 I/sysui_multi_action( 2359): [757,113,758,1,759,113,927,1,928,1,1593,0]
12-23 03:45:41.302 I/sysui_multi_action( 2359): [757,0,758,1,759,0,927,2,928,0,1593,0]
12-23 03:45:41.302 I/sysui_multi_action( 2359): [757,0,758,1,759,0,927,3,928,0,1593,0]
12-23 03:45:41.303 I/sysui_multi_action( 2359): [757,491,758,1,759,491,927,4,928,0,1311,-1,1593,0]
12-23 03:45:41.303 I/sysui_multi_action( 2359): [757,0,758,1,759,0,927,5,928,0,1593,0]
12-23 03:45:41.303 I/sysui_multi_action( 2359): [757,111,758,1]
12-23 03:45:41.304 I/sysui_multi_action( 2359): [757,126,758,1,759,126,927,0,928,1,1593,0]
12-23 03:45:41.304 I/sysui_multi_action( 2359): [757,113,758,1,759,113,927,1,928,1,1593,0]
12-23 03:45:41.304 I/sysui_multi_action( 2359): [757,0,758,1,759,0,927,2,928,0,1593,0]
12-23 03:45:41.304 I/sysui_multi_action( 2359): [757,0,758,1,759,0,927,3,928,0,1593,0]
12-23 03:45:42.167 I/auditd ( 0): type=1400 audit(0.0:1236): avc: denied { kill } for comm="swapper/0" capability=5 scontext=u:r:kernel:s0 tcontext=u:r:kernel:s0 tclass=capability permissive=0
12-23 03:45:42.183 I/input_interaction( 1507): Interaction with: 1c6a4ad NotificationShade (server), edge-swipe (server), swipe-up (server), PointerEventDispatcher0 (server),
12-23 03:45:43.796 I/notification_enqueue( 1507): [10081,2359,com.android.systemui,2048,NULL,0,Notification(channel=updateNotification shortcut=null contentView=null vibrate=null sound=null defaults=0x0 flags=0x0 color=0x00000000 vis=PRIVATE),1]
12-23 03:45:43.797 I/sysui_multi_action( 2359): [757,111,758,2]
12-23 03:45:43.798 I/sysui_multi_action( 2359): [757,111,758,2]
12-23 03:45:43.924 I/input_focus( 1507): [Focus request 9592226 com.android.settings/com.android.settings.Settings,reason=UpdateInputWindows]
12-23 03:45:43.927 I/sysui_multi_action( 1507): [757,128,758,2,793,1599207,794,2708,795,1599207,796,26,798,0,806,android,857,DEVELOPER_IMPORTANT,858,4,947,0,1395,3,1500,1599002,1688,1]
12-23 03:45:43.928 I/notification_visibility( 1507): [-1|android|26|null|1000,0,1599207,1599207,0,0]
12-23 03:45:43.928 I/sysui_multi_action( 1507): [757,128,758,2,793,28139,794,2709,795,28139,796,17303299,797,com.android.wifi,798,1,806,android,857,NETWORK_AVAILABLE,858,2,947,0,1395,3,1500,27933,1688,1]
12-23 03:45:43.928 I/notification_visibility( 1507): [0|android|17303299|com.android.wifi|1000,0,28139,28139,0,1]
12-23 03:45:43.928 I/sysui_multi_action( 1507): [757,128,758,2,793,9062346,794,2709,795,9062346,796,32,798,2,806,android,857,USB,858,1,947,0,1395,3,1500,9062144,1688,1]
12-23 03:45:43.929 I/notification_visibility( 1507): [-1|android|32|null|1000,0,9062346,9062346,0,2]
12-23 03:45:43.931 I/sysui_multi_action( 1507): [757,127,758,2]
12-23 03:45:43.931 I/notification_panel_hidden( 1507):
12-23 03:45:43.941 I/input_focus( 1507): [Focus leaving 1c6a4ad NotificationShade (server),reason=NO_WINDOW]
12-23 03:45:43.941 I/input_focus( 1507): [Focus entering 9592226 com.android.settings/com.android.settings.Settings (server),reason=setFocusedWindow]
12-23 03:45:44.167 I/auditd ( 0): type=1400 audit(0.0:1237): avc: denied { kill } for comm="swapper/0" capability=5 scontext=u:r:kernel:s0 tcontext=u:r:kernel:s0 tclass=capability permissive=0
12-23 03:45:44.347 I/input_interaction( 1507): Interaction with: 9592226 com.android.settings/com.android.settings.Settings (server), edge-swipe (server), swipe-up (server), PointerEventDispatcher0 (server),
12-23 03:45:44.460 I/sysui_multi_action(14219): [757,1800,758,2,1089,14659]
12-23 03:45:45.171 I/auditd ( 0): type=1400 audit(0.0:1238): avc: denied { kill } for comm="swapper/0" capability=5 scontext=u:r:kernel:s0 tcontext=u:r:kernel:s0 tclass=capability permissive=0
12-23 03:45:46.167 I/auditd ( 0): type=1400 audit(0.0:1239): avc: denied { kill } for comm="swapper/0" capability=5 scontext=u:r:kernel:s0 tcontext=u:r:kernel:s0 tclass=capability permissive=0
12-23 03:45:47.171 I/auditd ( 0): type=1400 audit(0.0:1240): avc: denied { kill } for comm="swapper/0" capability=5 scontext=u:r:kernel:s0 tcontext=u:r:kernel:s0 tclass=capability permissive=0
12-23 03:45:48.167 I/auditd ( 0): type=1400 audit(0.0:1241): avc: denied { kill } for comm="swapper/0" capability=5 scontext=u:r:kernel:s0 tcontext=u:r:kernel:s0 tclass=capability permissive=0
12-23 03:45:49.171 I/auditd ( 0): type=1400 audit(0.0:1242): avc: denied { kill } for comm="swapper/0" capability=5 scontext=u:r:kernel:s0 tcontext=u:r:kernel:s0 tclass=capability permissive=0
12-23 03:45:50.171 I/auditd ( 0): type=1400 audit(0.0:1243): avc: denied { kill } for comm="swapper/0" capability=5 scontext=u:r:kernel:s0 tcontext=u:r:kernel:s0 tclass=capability permissive=0
12-23 03:45:51.167 I/auditd ( 0): type=1400 audit(0.0:1244): avc: denied { kill } for comm="swapper/0" capability=5 scontext=u:r:kernel:s0 tcontext=u:r:kernel:s0 tclass=capability permissive=0
12-23 03:45:52.167 I/auditd ( 0): type=1400 audit(0.0:1245): avc: denied { kill } for comm="swapper/0" capability=5 scontext=u:r:kernel:s0 tcontext=u:r:kernel:s0 tclass=capability permissive=0
12-23 03:45:53.171 I/auditd ( 0): type=1400 audit(0.0:1246): avc: denied { kill } for comm="swapper/0" capability=5 scontext=u:r:kernel:s0 tcontext=u:r:kernel:s0 tclass=capability permissive=0
12-23 03:45:54.171 I/auditd ( 0): type=1400 audit(0.0:1247): avc: denied { kill } for comm="swapper/0" capability=5 scontext=u:r:kernel:s0 tcontext=u:r:kernel:s0 tclass=capability permissive=0
12-23 03:45:55.171 I/auditd ( 0): type=1400 audit(0.0:1248): avc: denied { kill } for comm="swapper/1" capability=5 scontext=u:r:kernel:s0 tcontext=u:r:kernel:s0 tclass=capability permissive=0
12-23 03:45:56.167 I/auditd ( 0): type=1400 audit(0.0:1249): avc: denied { kill } for comm="swapper/1" capability=5 scontext=u:r:kernel:s0 tcontext=u:r:kernel:s0 tclass=capability permissive=0
12-23 03:45:57.171 I/auditd ( 0): type=1400 audit(0.0:1250): avc: denied { kill } for comm="swapper/1" capability=5 scontext=u:r:kernel:s0 tcontext=u:r:kernel:s0 tclass=capability permissive=0
12-23 03:45:58.171 I/auditd ( 0): type=1400 audit(0.0:1251): avc: denied { kill } for comm="swapper/1" capability=5 scontext=u:r:kernel:s0 tcontext=u:r:kernel:s0 tclass=capability permissive=0
12-23 03:45:59.171 I/auditd ( 0): type=1400 audit(0.0:1252): avc: denied { kill } for comm="swapper/1" capability=5 scontext=u:r:kernel:s0 tcontext=u:r:kernel:s0 tclass=capability permissive=0
12-23 03:46:00.167 I/auditd ( 0): type=1400 audit(0.0:1253): avc: denied { kill } for comm="swapper/1" capability=5 scontext=u:r:kernel:s0 tcontext=u:r:kernel:s0 tclass=capability permissive=0
12-23 03:46:02.167 I/auditd ( 0): type=1400 audit(0.0:1254): avc: denied { kill } for comm="swapper/3" capability=5 scontext=u:r:kernel:s0 tcontext=u:r:kernel:s0 tclass=capability permissive=0
12-23 03:46:04.171 I/auditd ( 0): type=1400 audit(0.0:1255): avc: denied { kill } for comm="swapper/3" capability=5 scontext=u:r:kernel:s0 tcontext=u:r:kernel:s0 tclass=capability permissive=0
12-23 03:46:05.171 I/auditd ( 0): type=1400 audit(0.0:1256): avc: denied { kill } for comm="swapper/3" capability=5 scontext=u:r:kernel:s0 tcontext=u:r:kernel:s0 tclass=capability permissive=0
12-23 03:46:06.171 I/auditd ( 0): type=1400 audit(0.0:1257): avc: denied { kill } for comm="swapper/3" capability=5 scontext=u:r:kernel:s0 tcontext=u:r:kernel:s0 tclass=capability permissive=0
12-23 03:46:07.171 I/auditd ( 0): type=1400 audit(0.0:1258): avc: denied { kill } for comm="swapper/3" capability=5 scontext=u:r:kernel:s0 tcontext=u:r:kernel:s0 tclass=capability permissive=0
12-23 03:46:08.171 I/auditd ( 0): type=1400 audit(0.0:1259): avc: denied { kill } for comm="swapper/3" capability=5 scontext=u:r:kernel:s0 tcontext=u:r:kernel:s0 tclass=capability permissive=0
12-23 03:46:09.171 I/auditd ( 0): type=1400 audit(0.0:1260): avc: denied { kill } for comm="swapper/3" capability=5 scontext=u:r:kernel:s0 tcontext=u:r:kernel:s0 tclass=capability permissive=0
12-23 03:46:10.167 I/auditd ( 0): type=1400 audit(0.0:1261): avc: denied { kill } for comm="swapper/3" capability=5 scontext=u:r:kernel:s0 tcontext=u:r:kernel:s0 tclass=capability permissive=0
12-23 03:46:11.211 I/liblog ( 1331): 136
12-23 03:46:12.167 I/auditd ( 0): type=1400 audit(0.0:1262): avc: denied { kill } for comm="swapper/3" capability=5 scontext=u:r:kernel:s0 tcontext=u:r:kernel:s0 tclass=capability permissive=0
12-23 03:46:13.167 I/auditd ( 0): type=1400 audit(0.0:1263): avc: denied { kill } for comm="swapper/3" capability=5 scontext=u:r:kernel:s0 tcontext=u:r:kernel:s0 tclass=capability permissive=0
12-23 03:46:14.171 I/auditd ( 0): type=1400 audit(0.0:1264): avc: denied { kill } for comm="swapper/3" capability=5 scontext=u:r:kernel:s0 tcontext=u:r:kernel:s0 tclass=capability permissive=0
12-23 03:46:15.171 I/auditd ( 0): type=1400 audit(0.0:1265): avc: denied { kill } for comm="swapper/3" capability=5 scontext=u:r:kernel:s0 tcontext=u:r:kernel:s0 tclass=capability permissive=0
12-23 03:46:16.171 I/auditd ( 0): type=1400 audit(0.0:1266): avc: denied { kill } for comm="swapper/3" capability=5 scontext=u:r:kernel:s0 tcontext=u:r:kernel:s0 tclass=capability permissive=0
12-23 03:46:17.171 I/auditd ( 0): type=1400 audit(0.0:1267): avc: denied { kill } for comm="swapper/3" capability=5 scontext=u:r:kernel:s0 tcontext=u:r:kernel:s0 tclass=capability permissive=0
12-23 03:46:18.171 I/auditd ( 0): type=1400 audit(0.0:1268): avc: denied { kill } for comm="swapper/3" capability=5 scontext=u:r:kernel:s0 tcontext=u:r:kernel:s0 tclass=capability permissive=0
12-23 03:46:19.167 I/auditd ( 0): type=1400 audit(0.0:1269): avc: denied { kill } for comm="swapper/3" capability=5 scontext=u:r:kernel:s0 tcontext=u:r:kernel:s0 tclass=capability permissive=0
12-23 03:46:20.167 I/auditd ( 0): type=1400 audit(0.0:1270): avc: denied { kill } for comm="swapper/3" capability=5 scontext=u:r:kernel:s0 tcontext=u:r:kernel:s0 tclass=capability permissive=0
12-23 03:46:21.167 I/auditd ( 0): type=1400 audit(0.0:1271): avc: denied { kill } for comm="swapper/3" capability=5 scontext=u:r:kernel:s0 tcontext=u:r:kernel:s0 tclass=capability permissive=0
12-23 03:46:22.167 I/auditd ( 0): type=1400 audit(0.0:1272): avc: denied { kill } for comm="swapper/3" capability=5 scontext=u:r:kernel:s0 tcontext=u:r:kernel:s0 tclass=capability permissive=0
12-23 03:46:23.167 I/auditd ( 0): type=1400 audit(0.0:1273): avc: denied { kill } for comm="swapper/3" capability=5 scontext=u:r:kernel:s0 tcontext=u:r:kernel:s0 tclass=capability permissive=0
12-23 03:46:24.171 I/auditd ( 0): type=1400 audit(0.0:1274): avc: denied { kill } for comm="swapper/3" capability=5 scontext=u:r:kernel:s0 tcontext=u:r:kernel:s0 tclass=capability permissive=0
12-23 03:46:25.167 I/auditd ( 0): type=1400 audit(0.0:1275): avc: denied { kill } for comm="swapper/3" capability=5 scontext=u:r:kernel:s0 tcontext=u:r:kernel:s0 tclass=capability permissive=0
12-23 03:46:26.171 I/auditd ( 0): type=1400 audit(0.0:1276): avc: denied { kill } for comm="swapper/3" capability=5 scontext=u:r:kernel:s0 tcontext=u:r:kernel:s0 tclass=capability permissive=0
12-23 03:46:27.167 I/auditd ( 0): type=1400 audit(0.0:1277): avc: denied { kill } for comm="swapper/3" capability=5 scontext=u:r:kernel:s0 tcontext=u:r:kernel:s0 tclass=capability permissive=0
12-23 03:46:28.167 I/auditd ( 0): type=1400 audit(0.0:1278): avc: denied { kill } for comm="swapper/3" capability=5 scontext=u:r:kernel:s0 tcontext=u:r:kernel:s0 tclass=capability permissive=0
12-23 03:46:29.167 I/auditd ( 0): type=1400 audit(0.0:1279): avc: denied { kill } for comm="swapper/3" capability=5 scontext=u:r:kernel:s0 tcontext=u:r:kernel:s0 tclass=capability permissive=0
12-23 03:46:30.167 I/auditd ( 0): type=1400 audit(0.0:1280): avc: denied { kill } for comm="swapper/3" capability=5 scontext=u:r:kernel:s0 tcontext=u:r:kernel:s0 tclass=capability permissive=0
12-23 03:46:31.171 I/auditd ( 0): type=1400 audit(0.0:1281): avc: denied { kill } for comm="swapper/3" capability=5 scontext=u:r:kernel:s0 tcontext=u:r:kernel:s0 tclass=capability permissive=0
12-23 03:46:32.167 I/auditd ( 0): type=1400 audit(0.0:1282): avc: denied { kill } for comm="swapper/3" capability=5 scontext=u:r:kernel:s0 tcontext=u:r:kernel:s0 tclass=capability permissive=0
12-23 03:46:34.171 I/auditd ( 0): type=1400 audit(0.0:1283): avc: denied { kill } for comm="swapper/3" capability=5 scontext=u:r:kernel:s0 tcontext=u:r:kernel:s0 tclass=capability permissive=0
12-23 03:46:35.167 I/auditd ( 0): type=1400 audit(0.0:1284): avc: denied { kill } for comm="swapper/3" capability=5 scontext=u:r:kernel:s0 tcontext=u:r:kernel:s0 tclass=capability permissive=0
12-23 03:46:35.578 I/am_uid_idle( 1507): 10083
12-23 03:46:35.668 I/am_uid_idle( 1507): 10063
12-23 03:46:36.171 I/auditd ( 0): type=1400 audit(0.0:1285): avc: denied { kill } for comm="swapper/3" capability=5 scontext=u:r:kernel:s0 tcontext=u:r:kernel:s0 tclass=capability permissive=0
12-23 03:46:37.171 I/auditd ( 0): type=1400 audit(0.0:1286): avc: denied { kill } for comm="swapper/3" capability=5 scontext=u:r:kernel:s0 tcontext=u:r:kernel:s0 tclass=capability permissive=0
12-23 03:46:37.480 I/sysui_multi_action( 1507): [757,1696,758,6,759,2]
12-23 03:46:37.493 I/am_wtf ( 1507): [0,1507,system_server,-1,DisplayDeviceConfig,requesting nits when no mapping exists.]
12-23 03:46:37.497 I/am_wtf ( 1507): [0,1507,system_server,-1,DisplayDeviceConfig,requesting nits when no mapping exists.]
12-23 03:46:37.509 I/am_wtf ( 1507): [0,1507,system_server,-1,DisplayDeviceConfig,requesting nits when no mapping exists.]
12-23 03:46:37.511 I/am_wtf ( 1507): [0,1507,system_server,-1,DisplayDeviceConfig,requesting nits when no mapping exists.]
12-23 03:46:37.518 I/am_wtf ( 1507): [0,1507,system_server,-1,DisplayDeviceConfig,requesting nits when no mapping exists.]
12-23 03:46:37.520 I/am_wtf ( 1507): [0,1507,system_server,-1,DisplayDeviceConfig,requesting nits when no mapping exists.]
12-23 03:46:37.535 I/am_wtf ( 1507): [0,1507,system_server,-1,DisplayDeviceConfig,requesting nits when no mapping exists.]
12-23 03:46:37.536 I/am_wtf ( 1507): [0,1507,system_server,-1,DisplayDeviceConfig,requesting nits when no mapping exists.]
12-23 03:46:37.551 I/am_wtf ( 1507): [0,1507,system_server,-1,DisplayDeviceConfig,requesting nits when no mapping exists.]
12-23 03:46:37.552 I/am_wtf ( 1507): [0,1507,system_server,-1,DisplayDeviceConfig,requesting nits when no mapping exists.]
12-23 03:46:37.568 I/am_wtf ( 1507): [0,1507,system_server,-1,DisplayDeviceConfig,requesting nits when no mapping exists.]
12-23 03:46:37.569 I/am_wtf ( 1507): [0,1507,system_server,-1,DisplayDeviceConfig,requesting nits when no mapping exists.]
12-23 03:46:37.585 I/am_wtf ( 1507): [0,1507,system_server,-1,DisplayDeviceConfig,requesting nits when no mapping exists.]
12-23 03:46:37.586 I/am_wtf ( 1507): [0,1507,system_server,-1,DisplayDeviceConfig,requesting nits when no mapping exists.]
12-23 03:46:37.587 I/service_manager_stats( 1507): [100,66,90000]
12-23 03:46:37.602 I/am_wtf ( 1507): [0,1507,system_server,-1,DisplayDeviceConfig,requesting nits when no mapping exists.]
12-23 03:46:37.602 I/am_wtf ( 1507): [0,1507,system_server,-1,DisplayDeviceConfig,requesting nits when no mapping exists.]
12-23 03:46:37.618 I/am_wtf ( 1507): [0,1507,system_server,-1,DisplayDeviceConfig,requesting nits when no mapping exists.]
12-23 03:46:37.619 I/am_wtf ( 1507): [0,1507,system_server,-1,DisplayDeviceConfig,requesting nits when no mapping exists.]
12-23 03:46:37.636 I/am_wtf ( 1507): [0,1507,system_server,-1,DisplayDeviceConfig,requesting nits when no mapping exists.]
12-23 03:46:37.637 I/am_wtf ( 1507): [0,1507,system_server,-1,DisplayDeviceConfig,requesting nits when no mapping exists.]
12-23 03:46:37.652 I/am_wtf ( 1507): [0,1507,system_server,-1,DisplayDeviceConfig,requesting nits when no mapping exists.]
12-23 03:46:37.653 I/am_wtf ( 1507): [0,1507,system_server,-1,DisplayDeviceConfig,requesting nits when no mapping exists.]
12-23 03:46:37.669 I/am_wtf ( 1507): [0,1507,system_server,-1,DisplayDeviceConfig,requesting nits when no mapping exists.]
12-23 03:46:37.670 I/am_wtf ( 1507): [0,1507,system_server,-1,DisplayDeviceConfig,requesting nits when no mapping exists.]
12-23 03:46:37.686 I/am_wtf ( 1507): [0,1507,system_server,-1,DisplayDeviceConfig,requesting nits when no mapping exists.]
12-23 03:46:37.687 I/am_wtf ( 1507): [0,1507,system_server,-1,DisplayDeviceConfig,requesting nits when no mapping exists.]
12-23 03:46:37.702 I/am_wtf ( 1507): [0,1507,system_server,-1,DisplayDeviceConfig,requesting nits when no mapping exists.]
12-23 03:46:37.702 I/am_wtf ( 1507): [0,1507,system_server,-1,DisplayDeviceConfig,requesting nits when no mapping exists.]
12-23 03:46:37.719 I/am_wtf ( 1507): [0,1507,system_server,-1,DisplayDeviceConfig,requesting nits when no mapping exists.]
12-23 03:46:37.720 I/am_wtf ( 1507): [0,1507,system_server,-1,DisplayDeviceConfig,requesting nits when no mapping exists.]
12-23 03:46:37.735 I/am_wtf ( 1507): [0,1507,system_server,-1,DisplayDeviceConfig,requesting nits when no mapping exists.]
12-23 03:46:37.736 I/am_wtf ( 1507): [0,1507,system_server,-1,DisplayDeviceConfig,requesting nits when no mapping exists.]
12-23 03:46:37.752 I/am_wtf ( 1507): [0,1507,system_server,-1,DisplayDeviceConfig,requesting nits when no mapping exists.]
12-23 03:46:37.753 I/am_wtf ( 1507): [0,1507,system_server,-1,DisplayDeviceConfig,requesting nits when no mapping exists.]
12-23 03:46:37.769 I/am_wtf ( 1507): [0,1507,system_server,-1,DisplayDeviceConfig,requesting nits when no mapping exists.]
12-23 03:46:37.769 I/am_wtf ( 1507): [0,1507,system_server,-1,DisplayDeviceConfig,requesting nits when no mapping exists.]
12-23 03:46:37.785 I/am_wtf ( 1507): [0,1507,system_server,-1,DisplayDeviceConfig,requesting nits when no mapping exists.]
12-23 03:46:37.786 I/am_wtf ( 1507): [0,1507,system_server,-1,DisplayDeviceConfig,requesting nits when no mapping exists.]
12-23 03:46:37.802 I/am_wtf ( 1507): [0,1507,system_server,-1,DisplayDeviceConfig,requesting nits when no mapping exists.]
12-23 03:46:37.803 I/am_wtf ( 1507): [0,1507,system_server,-1,DisplayDeviceConfig,requesting nits when no mapping exists.]
12-23 03:46:37.819 I/am_wtf ( 1507): [0,1507,system_server,-1,DisplayDeviceConfig,requesting nits when no mapping exists.]
12-23 03:46:37.820 I/am_wtf ( 1507): [0,1507,system_server,-1,DisplayDeviceConfig,requesting nits when no mapping exists.]
12-23 03:46:37.835 I/am_wtf ( 1507): [0,1507,system_server,-1,DisplayDeviceConfig,requesting nits when no mapping exists.]
12-23 03:46:37.836 I/am_wtf ( 1507): [0,1507,system_server,-1,DisplayDeviceConfig,requesting nits when no mapping exists.]
12-23 03:46:37.852 I/am_wtf ( 1507): [0,1507,system_server,-1,DisplayDeviceConfig,requesting nits when no mapping exists.]
12-23 03:46:37.853 I/am_wtf ( 1507): [0,1507,system_server,-1,DisplayDeviceConfig,requesting nits when no mapping exists.]
12-23 03:46:37.869 I/am_wtf ( 1507): [0,1507,system_server,-1,DisplayDeviceConfig,requesting nits when no mapping exists.]
12-23 03:46:37.870 I/am_wtf ( 1507): [0,1507,system_server,-1,DisplayDeviceConfig,requesting nits when no mapping exists.]
12-23 03:46:37.886 I/am_wtf ( 1507): [0,1507,system_server,-1,DisplayDeviceConfig,requesting nits when no mapping exists.]
12-23 03:46:37.887 I/am_wtf ( 1507): [0,1507,system_server,-1,DisplayDeviceConfig,requesting nits when no mapping exists.]
12-23 03:46:37.902 I/am_wtf ( 1507): [0,1507,system_server,-1,DisplayDeviceConfig,requesting nits when no mapping exists.]
12-23 03:46:37.903 I/am_wtf ( 1507): [0,1507,system_server,-1,DisplayDeviceConfig,requesting nits when no mapping exists.]
12-23 03:46:37.919 I/am_wtf ( 1507): [0,1507,system_server,-1,DisplayDeviceConfig,requesting nits when no mapping exists.]
12-23 03:46:37.920 I/am_wtf ( 1507): [0,1507,system_server,-1,DisplayDeviceConfig,requesting nits when no mapping exists.]
12-23 03:46:37.936 I/am_wtf ( 1507): [0,1507,system_server,-1,DisplayDeviceConfig,requesting nits when no mapping exists.]
12-23 03:46:37.937 I/am_wtf ( 1507): [0,1507,system_server,-1,DisplayDeviceConfig,requesting nits when no mapping exists.]
12-23 03:46:37.952 I/am_wtf ( 1507): [0,1507,system_server,-1,DisplayDeviceConfig,requesting nits when no mapping exists.]
12-23 03:46:37.953 I/am_wtf ( 1507): [0,1507,system_server,-1,DisplayDeviceConfig,requesting nits when no mapping exists.]
12-23 03:46:37.969 I/am_wtf ( 1507): [0,1507,system_server,-1,DisplayDeviceConfig,requesting nits when no mapping exists.]
12-23 03:46:37.970 I/am_wtf ( 1507): [0,1507,system_server,-1,DisplayDeviceConfig,requesting nits when no mapping exists.]
12-23 03:46:37.986 I/am_wtf ( 1507): [0,1507,system_server,-1,DisplayDeviceConfig,requesting nits when no mapping exists.]
12-23 03:46:37.986 I/am_wtf ( 1507): [0,1507,system_server,-1,DisplayDeviceConfig,requesting nits when no mapping exists.]
12-23 03:46:38.003 I/am_wtf ( 1507): [0,1507,system_server,-1,DisplayDeviceConfig,requesting nits when no mapping exists.]
12-23 03:46:38.004 I/am_wtf ( 1507): [0,1507,system_server,-1,DisplayDeviceConfig,requesting nits when no mapping exists.]
12-23 03:46:38.020 I/am_wtf ( 1507): [0,1507,system_server,-1,DisplayDeviceConfig,requesting nits when no mapping exists.]
12-23 03:46:38.020 I/am_wtf ( 1507): [0,1507,system_server,-1,DisplayDeviceConfig,requesting nits when no mapping exists.]
12-23 03:46:38.036 I/am_wtf ( 1507): [0,1507,system_server,-1,DisplayDeviceConfig,requesting nits when no mapping exists.]
12-23 03:46:38.037 I/am_wtf ( 1507): [0,1507,system_server,-1,DisplayDeviceConfig,requesting nits when no mapping exists.]
12-23 03:46:38.053 I/am_wtf ( 1507): [0,1507,system_server,-1,DisplayDeviceConfig,requesting nits when no mapping exists.]
12-23 03:46:38.054 I/am_wtf ( 1507): [0,1507,system_server,-1,DisplayDeviceConfig,requesting nits when no mapping exists.]
12-23 03:46:38.069 I/am_wtf ( 1507): [0,1507,system_server,-1,DisplayDeviceConfig,requesting nits when no mapping exists.]
12-23 03:46:38.070 I/am_wtf ( 1507): [0,1507,system_server,-1,DisplayDeviceConfig,requesting nits when no mapping exists.]
12-23 03:46:38.086 I/am_wtf ( 1507): [0,1507,system_server,-1,DisplayDeviceConfig,requesting nits when no mapping exists.]
12-23 03:46:38.087 I/am_wtf ( 1507): [0,1507,system_server,-1,DisplayDeviceConfig,requesting nits when no mapping exists.]
12-23 03:46:38.103 I/am_wtf ( 1507): [0,1507,system_server,-1,DisplayDeviceConfig,requesting nits when no mapping exists.]
12-23 03:46:38.104 I/am_wtf ( 1507): [0,1507,system_server,-1,DisplayDeviceConfig,requesting nits when no mapping exists.]
12-23 03:46:38.120 I/am_wtf ( 1507): [0,1507,system_server,-1,DisplayDeviceConfig,requesting nits when no mapping exists.]
12-23 03:46:38.121 I/am_wtf ( 1507): [0,1507,system_server,-1,DisplayDeviceConfig,requesting nits when no mapping exists.]
12-23 03:46:38.137 I/am_wtf ( 1507): [0,1507,system_server,-1,DisplayDeviceConfig,requesting nits when no mapping exists.]
12-23 03:46:38.137 I/am_wtf ( 1507): [0,1507,system_server,-1,DisplayDeviceConfig,requesting nits when no mapping exists.]
12-23 03:46:38.153 I/am_wtf ( 1507): [0,1507,system_server,-1,DisplayDeviceConfig,requesting nits when no mapping exists.]
12-23 03:46:38.154 I/am_wtf ( 1507): [0,1507,system_server,-1,DisplayDeviceConfig,requesting nits when no mapping exists.]
12-23 03:46:38.170 I/am_wtf ( 1507): [0,1507,system_server,-1,DisplayDeviceConfig,requesting nits when no mapping exists.]
12-23 03:46:38.171 I/am_wtf ( 1507): [0,1507,system_server,-1,DisplayDeviceConfig,requesting nits when no mapping exists.]
12-23 03:46:38.167 I/auditd ( 0): type=1400 audit(0.0:1287): avc: denied { kill } for comm="swapper/3" capability=5 scontext=u:r:kernel:s0 tcontext=u:r:kernel:s0 tclass=capability permissive=0
12-23 03:46:38.187 I/am_wtf ( 1507): [0,1507,system_server,-1,DisplayDeviceConfig,requesting nits when no mapping exists.]
12-23 03:46:38.188 I/am_wtf ( 1507): [0,1507,system_server,-1,DisplayDeviceConfig,requesting nits when no mapping exists.]
12-23 03:46:38.204 I/am_wtf ( 1507): [0,1507,system_server,-1,DisplayDeviceConfig,requesting nits when no mapping exists.]
12-23 03:46:38.205 I/am_wtf ( 1507): [0,1507,system_server,-1,DisplayDeviceConfig,requesting nits when no mapping exists.]
12-23 03:46:38.220 I/am_wtf ( 1507): [0,1507,system_server,-1,DisplayDeviceConfig,requesting nits when no mapping exists.]
12-23 03:46:38.221 I/am_wtf ( 1507): [0,1507,system_server,-1,DisplayDeviceConfig,requesting nits when no mapping exists.]
12-23 03:46:38.237 I/am_wtf ( 1507): [0,1507,system_server,-1,DisplayDeviceConfig,requesting nits when no mapping exists.]
12-23 03:46:38.238 I/am_wtf ( 1507): [0,1507,system_server,-1,DisplayDeviceConfig,requesting nits when no mapping exists.]
12-23 03:46:38.254 I/am_wtf ( 1507): [0,1507,system_server,-1,DisplayDeviceConfig,requesting nits when no mapping exists.]
12-23 03:46:38.254 I/am_wtf ( 1507): [0,1507,system_server,-1,DisplayDeviceConfig,requesting nits when no mapping exists.]
12-23 03:46:38.270 I/am_wtf ( 1507): [0,1507,system_server,-1,DisplayDeviceConfig,requesting nits when no mapping exists.]
12-23 03:46:38.271 I/am_wtf ( 1507): [0,1507,system_server,-1,DisplayDeviceConfig,requesting nits when no mapping exists.]
12-23 03:46:38.287 I/am_wtf ( 1507): [0,1507,system_server,-1,DisplayDeviceConfig,requesting nits when no mapping exists.]
12-23 03:46:38.287 I/am_wtf ( 1507): [0,1507,system_server,-1,DisplayDeviceConfig,requesting nits when no mapping exists.]
12-23 03:46:38.303 I/am_wtf ( 1507): [0,1507,system_server,-1,DisplayDeviceConfig,requesting nits when no mapping exists.]
12-23 03:46:38.304 I/am_wtf ( 1507): [0,1507,system_server,-1,DisplayDeviceConfig,requesting nits when no mapping exists.]
12-23 03:46:38.320 I/am_wtf ( 1507): [0,1507,system_server,-1,DisplayDeviceConfig,requesting nits when no mapping exists.]
12-23 03:46:38.321 I/am_wtf ( 1507): [0,1507,system_server,-1,DisplayDeviceConfig,requesting nits when no mapping exists.]
12-23 03:46:38.337 I/am_wtf ( 1507): [0,1507,system_server,-1,DisplayDeviceConfig,requesting nits when no mapping exists.]
12-23 03:46:38.338 I/am_wtf ( 1507): [0,1507,system_server,-1,DisplayDeviceConfig,requesting nits when no mapping exists.]
12-23 03:46:38.353 I/am_wtf ( 1507): [0,1507,system_server,-1,DisplayDeviceConfig,requesting nits when no mapping exists.]
12-23 03:46:38.354 I/am_wtf ( 1507): [0,1507,system_server,-1,DisplayDeviceConfig,requesting nits when no mapping exists.]
12-23 03:46:38.370 I/am_wtf ( 1507): [0,1507,system_server,-1,DisplayDeviceConfig,requesting nits when no mapping exists.]
12-23 03:46:38.371 I/am_wtf ( 1507): [0,1507,system_server,-1,DisplayDeviceConfig,requesting nits when no mapping exists.]
12-23 03:46:38.387 I/am_wtf ( 1507): [0,1507,system_server,-1,DisplayDeviceConfig,requesting nits when no mapping exists.]
12-23 03:46:38.388 I/am_wtf ( 1507): [0,1507,system_server,-1,DisplayDeviceConfig,requesting nits when no mapping exists.]
12-23 03:46:38.404 I/am_wtf ( 1507): [0,1507,system_server,-1,DisplayDeviceConfig,requesting nits when no mapping exists.]
12-23 03:46:38.405 I/am_wtf ( 1507): [0,1507,system_server,-1,DisplayDeviceConfig,requesting nits when no mapping exists.]
12-23 03:46:38.421 I/am_wtf ( 1507): [0,1507,system_server,-1,DisplayDeviceConfig,requesting nits when no mapping exists.]
12-23 03:46:38.422 I/am_wtf ( 1507): [0,1507,system_server,-1,DisplayDeviceConfig,requesting nits when no mapping exists.]
12-23 03:46:38.437 I/am_wtf ( 1507): [0,1507,system_server,-1,DisplayDeviceConfig,requesting nits when no mapping exists.]
12-23 03:46:38.438 I/am_wtf ( 1507): [0,1507,system_server,-1,DisplayDeviceConfig,requesting nits when no mapping exists.]
12-23 03:46:39.171 I/auditd ( 0): type=1400 audit(0.0:1288): avc: denied { kill } for comm="swapper/3" capability=5 scontext=u:r:kernel:s0 tcontext=u:r:kernel:s0 tclass=capability permissive=0
12-23 03:46:40.167 I/auditd (14370): type=1400 audit(0.0:1289): avc: denied { kill } for comm="scheduler_threa" capability=5 scontext=u:r:kernel:s0 tcontext=u:r:kernel:s0 tclass=capability permissive=0
12-23 03:46:41.171 I/auditd ( 0): type=1400 audit(0.0:1290): avc: denied { kill } for comm="swapper/3" capability=5 scontext=u:r:kernel:s0 tcontext=u:r:kernel:s0 tclass=capability permissive=0
12-23 03:46:42.167 I/auditd ( 0): type=1400 audit(0.0:1291): avc: denied { kill } for comm="swapper/3" capability=5 scontext=u:r:kernel:s0 tcontext=u:r:kernel:s0 tclass=capability permissive=0
12-23 03:46:43.167 I/auditd ( 0): type=1400 audit(0.0:1292): avc: denied { kill } for comm="swapper/3" capability=5 scontext=u:r:kernel:s0 tcontext=u:r:kernel:s0 tclass=capability permissive=0
12-23 03:46:44.171 I/auditd ( 0): type=1400 audit(0.0:1293): avc: denied { kill } for comm="swapper/3" capability=5 scontext=u:r:kernel:s0 tcontext=u:r:kernel:s0 tclass=capability permissive=0
12-23 03:46:44.471 I/sysui_multi_action( 1507): [757,222,758,1]
12-23 03:46:44.475 I/am_uid_active( 1507): 10050
12-23 03:46:44.487 I/service_manager_slow( 1507): [10,platform_compat]
12-23 03:46:44.487 I/service_manager_stats( 1507): [103,59,6901]
12-23 03:46:44.491 I/am_pss ( 1507): [14219,1000,com.android.settings,181661696,162000896,0,324689920,0,2,19]
12-23 03:46:44.496 I/wm_task_created( 1507): [22,-1]
12-23 03:46:44.500 I/wm_task_moved( 1507): [22,1,7]
12-23 03:46:44.500 I/wm_task_to_front( 1507): [0,22]
12-23 03:46:44.500 I/wm_create_task( 1507): [0,22]
12-23 03:46:44.500 I/wm_create_activity( 1507): [0,197338407,22,com.thundercomm.screensaver/android.service.dreams.DreamActivity,NULL,NULL,NULL,276824064]
12-23 03:46:44.500 I/wm_task_moved( 1507): [22,1,7]
12-23 03:46:44.500 I/wm_on_top_resumed_lost_called(14219): [124469811,com.android.settings.Settings,topStateChangedWhenResumed]
12-23 03:46:44.500 I/wm_pause_activity( 1507): [0,124469811,com.android.settings/.Settings,userLeaving=true,pauseBackTasks]
12-23 03:46:44.503 I/sysui_multi_action(14219): [757,35,758,2,1089,74941]
12-23 03:46:44.503 I/sysui_multi_action(14219): [757,103,758,2,1089,74940]
12-23 03:46:44.504 I/wm_on_paused_called(14219): [124469811,com.android.settings.Settings,performPause]
12-23 03:46:44.505 I/wm_add_to_stopping( 1507): [0,124469811,com.android.settings/.Settings,makeInvisible]
