12-23 03:48:15.287 I/am_wtf ( 1507): [0,1507,system_server,-1,DisplayDeviceConfig,requesting nits when no mapping exists.]
12-23 03:48:15.288 I/am_wtf ( 1507): [0,1507,system_server,-1,DisplayDeviceConfig,requesting nits when no mapping exists.]
12-23 03:48:15.303 I/am_wtf ( 1507): [0,1507,system_server,-1,DisplayDeviceConfig,requesting nits when no mapping exists.]
12-23 03:48:15.304 I/am_wtf ( 1507): [0,1507,system_server,-1,DisplayDeviceConfig,requesting nits when no mapping exists.]
12-23 03:48:15.320 I/am_wtf ( 1507): [0,1507,system_server,-1,DisplayDeviceConfig,requesting nits when no mapping exists.]
12-23 03:48:15.321 I/am_wtf ( 1507): [0,1507,system_server,-1,DisplayDeviceConfig,requesting nits when no mapping exists.]
12-23 03:48:15.337 I/am_wtf ( 1507): [0,1507,system_server,-1,DisplayDeviceConfig,requesting nits when no mapping exists.]
12-23 03:48:15.338 I/am_wtf ( 1507): [0,1507,system_server,-1,DisplayDeviceConfig,requesting nits when no mapping exists.]
12-23 03:48:15.353 I/am_wtf ( 1507): [0,1507,system_server,-1,DisplayDeviceConfig,requesting nits when no mapping exists.]
12-23 03:48:15.354 I/am_wtf ( 1507): [0,1507,system_server,-1,DisplayDeviceConfig,requesting nits when no mapping exists.]
12-23 03:48:15.370 I/am_wtf ( 1507): [0,1507,system_server,-1,DisplayDeviceConfig,requesting nits when no mapping exists.]
12-23 03:48:15.371 I/am_wtf ( 1507): [0,1507,system_server,-1,DisplayDeviceConfig,requesting nits when no mapping exists.]
12-23 03:48:15.387 I/am_wtf ( 1507): [0,1507,system_server,-1,DisplayDeviceConfig,requesting nits when no mapping exists.]
12-23 03:48:15.388 I/am_wtf ( 1507): [0,1507,system_server,-1,DisplayDeviceConfig,requesting nits when no mapping exists.]
12-23 03:48:15.404 I/am_wtf ( 1507): [0,1507,system_server,-1,DisplayDeviceConfig,requesting nits when no mapping exists.]
12-23 03:48:15.405 I/am_wtf ( 1507): [0,1507,system_server,-1,DisplayDeviceConfig,requesting nits when no mapping exists.]
12-23 03:48:15.421 I/am_wtf ( 1507): [0,1507,system_server,-1,DisplayDeviceConfig,requesting nits when no mapping exists.]
12-23 03:48:15.422 I/am_wtf ( 1507): [0,1507,system_server,-1,DisplayDeviceConfig,requesting nits when no mapping exists.]
12-23 03:48:15.438 I/am_wtf ( 1507): [0,1507,system_server,-1,DisplayDeviceConfig,requesting nits when no mapping exists.]
12-23 03:48:15.439 I/am_wtf ( 1507): [0,1507,system_server,-1,DisplayDeviceConfig,requesting nits when no mapping exists.]
12-23 03:48:15.454 I/am_wtf ( 1507): [0,1507,system_server,-1,DisplayDeviceConfig,requesting nits when no mapping exists.]
12-23 03:48:15.454 I/am_wtf ( 1507): [0,1507,system_server,-1,DisplayDeviceConfig,requesting nits when no mapping exists.]
12-23 03:48:15.473 I/am_wtf ( 1507): [0,1507,system_server,-1,DisplayDeviceConfig,requesting nits when no mapping exists.]
12-23 03:48:15.474 I/am_wtf ( 1507): [0,1507,system_server,-1,DisplayDeviceConfig,requesting nits when no mapping exists.]
12-23 03:48:15.488 I/am_wtf ( 1507): [0,1507,system_server,-1,DisplayDeviceConfig,requesting nits when no mapping exists.]
12-23 03:48:15.490 I/am_wtf ( 1507): [0,1507,system_server,-1,DisplayDeviceConfig,requesting nits when no mapping exists.]
12-23 03:48:15.505 I/am_wtf ( 1507): [0,1507,system_server,-1,DisplayDeviceConfig,requesting nits when no mapping exists.]
12-23 03:48:15.506 I/am_wtf ( 1507): [0,1507,system_server,-1,DisplayDeviceConfig,requesting nits when no mapping exists.]
12-23 03:48:15.522 I/am_wtf ( 1507): [0,1507,system_server,-1,DisplayDeviceConfig,requesting nits when no mapping exists.]
12-23 03:48:15.523 I/am_wtf ( 1507): [0,1507,system_server,-1,DisplayDeviceConfig,requesting nits when no mapping exists.]
12-23 03:48:15.538 I/am_wtf ( 1507): [0,1507,system_server,-1,DisplayDeviceConfig,requesting nits when no mapping exists.]
12-23 03:48:15.539 I/am_wtf ( 1507): [0,1507,system_server,-1,DisplayDeviceConfig,requesting nits when no mapping exists.]
12-23 03:48:15.554 I/am_wtf ( 1507): [0,1507,system_server,-1,DisplayDeviceConfig,requesting nits when no mapping exists.]
12-23 03:48:15.554 I/am_wtf ( 1507): [0,1507,system_server,-1,DisplayDeviceConfig,requesting nits when no mapping exists.]
12-23 03:48:15.571 I/am_wtf ( 1507): [0,1507,system_server,-1,DisplayDeviceConfig,requesting nits when no mapping exists.]
12-23 03:48:15.571 I/am_wtf ( 1507): [0,1507,system_server,-1,DisplayDeviceConfig,requesting nits when no mapping exists.]
12-23 03:48:15.588 I/am_wtf ( 1507): [0,1507,system_server,-1,DisplayDeviceConfig,requesting nits when no mapping exists.]
12-23 03:48:15.589 I/am_wtf ( 1507): [0,1507,system_server,-1,DisplayDeviceConfig,requesting nits when no mapping exists.]
12-23 03:48:15.605 I/am_wtf ( 1507): [0,1507,system_server,-1,DisplayDeviceConfig,requesting nits when no mapping exists.]
12-23 03:48:15.606 I/am_wtf ( 1507): [0,1507,system_server,-1,DisplayDeviceConfig,requesting nits when no mapping exists.]
12-23 03:48:15.621 I/am_wtf ( 1507): [0,1507,system_server,-1,DisplayDeviceConfig,requesting nits when no mapping exists.]
12-23 03:48:15.622 I/am_wtf ( 1507): [0,1507,system_server,-1,DisplayDeviceConfig,requesting nits when no mapping exists.]
12-23 03:48:15.638 I/am_wtf ( 1507): [0,1507,system_server,-1,DisplayDeviceConfig,requesting nits when no mapping exists.]
12-23 03:48:15.639 I/am_wtf ( 1507): [0,1507,system_server,-1,DisplayDeviceConfig,requesting nits when no mapping exists.]
12-23 03:48:15.654 I/am_wtf ( 1507): [0,1507,system_server,-1,DisplayDeviceConfig,requesting nits when no mapping exists.]
12-23 03:48:15.656 I/am_wtf ( 1507): [0,1507,system_server,-1,DisplayDeviceConfig,requesting nits when no mapping exists.]
12-23 03:48:15.671 I/am_wtf ( 1507): [0,1507,system_server,-1,DisplayDeviceConfig,requesting nits when no mapping exists.]
12-23 03:48:15.672 I/am_wtf ( 1507): [0,1507,system_server,-1,DisplayDeviceConfig,requesting nits when no mapping exists.]
12-23 03:48:15.673 I/service_manager_stats( 1507): [100,46,75225]
12-23 03:48:15.688 I/am_wtf ( 1507): [0,1507,system_server,-1,DisplayDeviceConfig,requesting nits when no mapping exists.]
12-23 03:48:15.689 I/am_wtf ( 1507): [0,1507,system_server,-1,DisplayDeviceConfig,requesting nits when no mapping exists.]
12-23 03:48:15.705 I/am_wtf ( 1507): [0,1507,system_server,-1,DisplayDeviceConfig,requesting nits when no mapping exists.]
12-23 03:48:15.705 I/am_wtf ( 1507): [0,1507,system_server,-1,DisplayDeviceConfig,requesting nits when no mapping exists.]
12-23 03:48:15.721 I/am_wtf ( 1507): [0,1507,system_server,-1,DisplayDeviceConfig,requesting nits when no mapping exists.]
12-23 03:48:15.722 I/am_wtf ( 1507): [0,1507,system_server,-1,DisplayDeviceConfig,requesting nits when no mapping exists.]
12-23 03:48:15.738 I/am_wtf ( 1507): [0,1507,system_server,-1,DisplayDeviceConfig,requesting nits when no mapping exists.]
12-23 03:48:15.739 I/am_wtf ( 1507): [0,1507,system_server,-1,DisplayDeviceConfig,requesting nits when no mapping exists.]
12-23 03:48:15.755 I/am_wtf ( 1507): [0,1507,system_server,-1,DisplayDeviceConfig,requesting nits when no mapping exists.]
12-23 03:48:15.756 I/am_wtf ( 1507): [0,1507,system_server,-1,DisplayDeviceConfig,requesting nits when no mapping exists.]
12-23 03:48:15.771 I/am_wtf ( 1507): [0,1507,system_server,-1,DisplayDeviceConfig,requesting nits when no mapping exists.]
12-23 03:48:15.772 I/am_wtf ( 1507): [0,1507,system_server,-1,DisplayDeviceConfig,requesting nits when no mapping exists.]
12-23 03:48:15.789 I/am_wtf ( 1507): [0,1507,system_server,-1,DisplayDeviceConfig,requesting nits when no mapping exists.]
12-23 03:48:15.790 I/am_wtf ( 1507): [0,1507,system_server,-1,DisplayDeviceConfig,requesting nits when no mapping exists.]
12-23 03:48:15.805 I/am_wtf ( 1507): [0,1507,system_server,-1,DisplayDeviceConfig,requesting nits when no mapping exists.]
12-23 03:48:15.806 I/am_wtf ( 1507): [0,1507,system_server,-1,DisplayDeviceConfig,requesting nits when no mapping exists.]
12-23 03:48:15.822 I/am_wtf ( 1507): [0,1507,system_server,-1,DisplayDeviceConfig,requesting nits when no mapping exists.]
12-23 03:48:15.822 I/am_wtf ( 1507): [0,1507,system_server,-1,DisplayDeviceConfig,requesting nits when no mapping exists.]
12-23 03:48:15.839 I/am_wtf ( 1507): [0,1507,system_server,-1,DisplayDeviceConfig,requesting nits when no mapping exists.]
12-23 03:48:15.840 I/am_wtf ( 1507): [0,1507,system_server,-1,DisplayDeviceConfig,requesting nits when no mapping exists.]
12-23 03:48:15.855 I/am_wtf ( 1507): [0,1507,system_server,-1,DisplayDeviceConfig,requesting nits when no mapping exists.]
12-23 03:48:15.856 I/am_wtf ( 1507): [0,1507,system_server,-1,DisplayDeviceConfig,requesting nits when no mapping exists.]
12-23 03:48:15.872 I/am_wtf ( 1507): [0,1507,system_server,-1,DisplayDeviceConfig,requesting nits when no mapping exists.]
12-23 03:48:15.873 I/am_wtf ( 1507): [0,1507,system_server,-1,DisplayDeviceConfig,requesting nits when no mapping exists.]
12-23 03:48:15.888 I/am_wtf ( 1507): [0,1507,system_server,-1,DisplayDeviceConfig,requesting nits when no mapping exists.]
12-23 03:48:15.889 I/am_wtf ( 1507): [0,1507,system_server,-1,DisplayDeviceConfig,requesting nits when no mapping exists.]
12-23 03:48:15.905 I/am_wtf ( 1507): [0,1507,system_server,-1,DisplayDeviceConfig,requesting nits when no mapping exists.]
12-23 03:48:15.906 I/am_wtf ( 1507): [0,1507,system_server,-1,DisplayDeviceConfig,requesting nits when no mapping exists.]
12-23 03:48:15.922 I/am_wtf ( 1507): [0,1507,system_server,-1,DisplayDeviceConfig,requesting nits when no mapping exists.]
12-23 03:48:15.922 I/am_wtf ( 1507): [0,1507,system_server,-1,DisplayDeviceConfig,requesting nits when no mapping exists.]
12-23 03:48:15.940 I/am_wtf ( 1507): [0,1507,system_server,-1,DisplayDeviceConfig,requesting nits when no mapping exists.]
12-23 03:48:15.941 I/am_wtf ( 1507): [0,1507,system_server,-1,DisplayDeviceConfig,requesting nits when no mapping exists.]
12-23 03:48:15.955 I/am_wtf ( 1507): [0,1507,system_server,-1,DisplayDeviceConfig,requesting nits when no mapping exists.]
12-23 03:48:15.956 I/am_wtf ( 1507): [0,1507,system_server,-1,DisplayDeviceConfig,requesting nits when no mapping exists.]
12-23 03:48:15.971 I/am_wtf ( 1507): [0,1507,system_server,-1,DisplayDeviceConfig,requesting nits when no mapping exists.]
12-23 03:48:15.971 I/am_wtf ( 1507): [0,1507,system_server,-1,DisplayDeviceConfig,requesting nits when no mapping exists.]
12-23 03:48:15.988 I/am_wtf ( 1507): [0,1507,system_server,-1,DisplayDeviceConfig,requesting nits when no mapping exists.]
12-23 03:48:15.989 I/am_wtf ( 1507): [0,1507,system_server,-1,DisplayDeviceConfig,requesting nits when no mapping exists.]
12-23 03:48:16.167 I/auditd ( 0): type=1400 audit(0.0:1380): avc: denied { kill } for comm="swapper/0" capability=5 scontext=u:r:kernel:s0 tcontext=u:r:kernel:s0 tclass=capability permissive=0
12-23 03:48:17.171 I/auditd ( 0): type=1400 audit(0.0:1381): avc: denied { kill } for comm="swapper/0" capability=5 scontext=u:r:kernel:s0 tcontext=u:r:kernel:s0 tclass=capability permissive=0
12-23 03:48:18.171 I/auditd ( 0): type=1400 audit(0.0:1382): avc: denied { kill } for comm="swapper/0" capability=5 scontext=u:r:kernel:s0 tcontext=u:r:kernel:s0 tclass=capability permissive=0
12-23 03:48:19.167 I/auditd ( 0): type=1400 audit(0.0:1383): avc: denied { kill } for comm="swapper/0" capability=5 scontext=u:r:kernel:s0 tcontext=u:r:kernel:s0 tclass=capability permissive=0
12-23 03:48:20.171 I/auditd ( 0): type=1400 audit(0.0:1384): avc: denied { kill } for comm="swapper/0" capability=5 scontext=u:r:kernel:s0 tcontext=u:r:kernel:s0 tclass=capability permissive=0
12-23 03:48:21.171 I/auditd ( 0): type=1400 audit(0.0:1385): avc: denied { kill } for comm="swapper/0" capability=5 scontext=u:r:kernel:s0 tcontext=u:r:kernel:s0 tclass=capability permissive=0
12-23 03:48:22.048 I/sysui_multi_action( 1507): [757,222,758,1]
12-23 03:48:22.049 I/am_uid_active( 1507): 10050
12-23 03:48:22.060 I/wm_task_created( 1507): [23,-1]
12-23 03:48:22.064 I/wm_task_moved( 1507): [23,1,7]
12-23 03:48:22.064 I/wm_task_to_front( 1507): [0,23]
12-23 03:48:22.064 I/wm_create_task( 1507): [0,23]
12-23 03:48:22.064 I/wm_create_activity( 1507): [0,168388268,23,com.thundercomm.screensaver/android.service.dreams.DreamActivity,NULL,NULL,NULL,276824064]
12-23 03:48:22.064 I/wm_task_moved( 1507): [23,1,7]
12-23 03:48:22.064 I/wm_on_top_resumed_lost_called(14219): [124469811,com.android.settings.Settings,topStateChangedWhenResumed]
12-23 03:48:22.065 I/wm_pause_activity( 1507): [0,124469811,com.android.settings/.Settings,userLeaving=true,pauseBackTasks]
12-23 03:48:22.067 I/sysui_multi_action(14219): [757,35,758,2,1089,59989]
12-23 03:48:22.068 I/sysui_multi_action(14219): [757,103,758,2,1089,59989]
12-23 03:48:22.068 I/sysui_multi_action(14219): [757,1800,758,2,1089,59759]
12-23 03:48:22.069 I/wm_on_paused_called(14219): [124469811,com.android.settings.Settings,performPause]
12-23 03:48:22.070 I/wm_add_to_stopping( 1507): [0,124469811,com.android.settings/.Settings,makeInvisible]
12-23 03:48:22.070 I/wm_restart_activity( 1507): [0,168388268,23,com.thundercomm.screensaver/android.service.dreams.DreamActivity]
12-23 03:48:22.071 I/wm_set_resumed_activity( 1507): [0,com.thundercomm.screensaver/android.service.dreams.DreamActivity,minimalResumeActivityLocked]
12-23 03:48:22.074 I/wm_on_create_called( 4978): [168388268,android.service.dreams.DreamActivity,performCreate]
12-23 03:48:22.074 I/wm_on_start_called( 4978): [168388268,android.service.dreams.DreamActivity,handleStartActivity]
12-23 03:48:22.074 I/wm_on_resume_called( 4978): [168388268,android.service.dreams.DreamActivity,RESUME_ACTIVITY]
12-23 03:48:22.075 I/sysui_multi_action( 1507): [757,803,799,window_time_0,802,60]
12-23 03:48:22.076 I/wm_on_top_resumed_gained_called( 4978): [168388268,android.service.dreams.DreamActivity,topStateChangedWhenResumed]
12-23 03:48:22.094 I/input_focus( 1507): [Focus request afc4198 com.thundercomm.screensaver/android.service.dreams.DreamActivity,reason=UpdateInputWindows]
12-23 03:48:22.104 I/input_focus( 1507): [Focus leaving 9592226 com.android.settings/com.android.settings.Settings (server),reason=NO_WINDOW]
12-23 03:48:22.104 I/sysui_multi_action( 1507): [319,45,322,41,325,9242,757,761,758,8,759,2,806,com.thundercomm.screensaver,871,android.service.dreams.DreamActivity,904,com.thundercomm.screensaver,905,0,1320,4,1321,2]
12-23 03:48:22.104 I/wm_activity_launch_time( 1507): [0,168388268,com.thundercomm.screensaver/android.service.dreams.DreamActivity,41]
12-23 03:48:22.105 I/sysui_multi_action( 1507): [757,1696,758,6,759,3]
12-23 03:48:22.118 I/am_wtf ( 1507): [0,1507,system_server,-1,DisplayDeviceConfig,requesting nits when no mapping exists.]
12-23 03:48:22.119 I/am_wtf ( 1507): [0,1507,system_server,-1,DisplayDeviceConfig,requesting nits when no mapping exists.]
12-23 03:48:22.135 I/am_wtf ( 1507): [0,1507,system_server,-1,DisplayDeviceConfig,requesting nits when no mapping exists.]
12-23 03:48:22.136 I/input_focus( 1507): [Focus entering afc4198 com.thundercomm.screensaver/android.service.dreams.DreamActivity (server),reason=Window became focusable. Previous reason: NOT_VISIBLE]
12-23 03:48:22.136 I/am_wtf ( 1507): [0,1507,system_server,-1,DisplayDeviceConfig,requesting nits when no mapping exists.]
12-23 03:48:22.152 I/am_wtf ( 1507): [0,1507,system_server,-1,DisplayDeviceConfig,requesting nits when no mapping exists.]
12-23 03:48:22.152 I/am_wtf ( 1507): [0,1507,system_server,-1,DisplayDeviceConfig,requesting nits when no mapping exists.]
12-23 03:48:22.168 I/am_wtf ( 1507): [0,1507,system_server,-1,DisplayDeviceConfig,requesting nits when no mapping exists.]
12-23 03:48:22.169 I/am_wtf ( 1507): [0,1507,system_server,-1,DisplayDeviceConfig,requesting nits when no mapping exists.]
12-23 03:48:22.186 I/am_wtf ( 1507): [0,1507,system_server,-1,DisplayDeviceConfig,requesting nits when no mapping exists.]
12-23 03:48:22.186 I/am_wtf ( 1507): [0,1507,system_server,-1,DisplayDeviceConfig,requesting nits when no mapping exists.]
12-23 03:48:22.203 I/am_wtf ( 1507): [0,1507,system_server,-1,DisplayDeviceConfig,requesting nits when no mapping exists.]
12-23 03:48:22.203 I/am_wtf ( 1507): [0,1507,system_server,-1,DisplayDeviceConfig,requesting nits when no mapping exists.]
12-23 03:48:22.219 I/am_wtf ( 1507): [0,1507,system_server,-1,DisplayDeviceConfig,requesting nits when no mapping exists.]
12-23 03:48:22.220 I/am_wtf ( 1507): [0,1507,system_server,-1,DisplayDeviceConfig,requesting nits when no mapping exists.]
12-23 03:48:22.235 I/am_wtf ( 1507): [0,1507,system_server,-1,DisplayDeviceConfig,requesting nits when no mapping exists.]
12-23 03:48:22.235 I/am_wtf ( 1507): [0,1507,system_server,-1,DisplayDeviceConfig,requesting nits when no mapping exists.]
12-23 03:48:22.252 I/am_wtf ( 1507): [0,1507,system_server,-1,DisplayDeviceConfig,requesting nits when no mapping exists.]
12-23 03:48:22.252 I/am_wtf ( 1507): [0,1507,system_server,-1,DisplayDeviceConfig,requesting nits when no mapping exists.]
12-23 03:48:22.269 I/am_wtf ( 1507): [0,1507,system_server,-1,DisplayDeviceConfig,requesting nits when no mapping exists.]
12-23 03:48:22.269 I/am_wtf ( 1507): [0,1507,system_server,-1,DisplayDeviceConfig,requesting nits when no mapping exists.]
12-23 03:48:22.285 I/am_wtf ( 1507): [0,1507,system_server,-1,DisplayDeviceConfig,requesting nits when no mapping exists.]
12-23 03:48:22.286 I/am_wtf ( 1507): [0,1507,system_server,-1,DisplayDeviceConfig,requesting nits when no mapping exists.]
12-23 03:48:22.302 I/am_wtf ( 1507): [0,1507,system_server,-1,DisplayDeviceConfig,requesting nits when no mapping exists.]
12-23 03:48:22.303 I/am_wtf ( 1507): [0,1507,system_server,-1,DisplayDeviceConfig,requesting nits when no mapping exists.]
12-23 03:48:22.319 I/am_wtf ( 1507): [0,1507,system_server,-1,DisplayDeviceConfig,requesting nits when no mapping exists.]
12-23 03:48:22.319 I/am_wtf ( 1507): [0,1507,system_server,-1,DisplayDeviceConfig,requesting nits when no mapping exists.]
12-23 03:48:22.336 I/am_wtf ( 1507): [0,1507,system_server,-1,DisplayDeviceConfig,requesting nits when no mapping exists.]
12-23 03:48:22.336 I/am_wtf ( 1507): [0,1507,system_server,-1,DisplayDeviceConfig,requesting nits when no mapping exists.]
12-23 03:48:22.352 I/am_wtf ( 1507): [0,1507,system_server,-1,DisplayDeviceConfig,requesting nits when no mapping exists.]
12-23 03:48:22.353 I/am_wtf ( 1507): [0,1507,system_server,-1,DisplayDeviceConfig,requesting nits when no mapping exists.]
12-23 03:48:22.369 I/am_wtf ( 1507): [0,1507,system_server,-1,DisplayDeviceConfig,requesting nits when no mapping exists.]
12-23 03:48:22.369 I/am_wtf ( 1507): [0,1507,system_server,-1,DisplayDeviceConfig,requesting nits when no mapping exists.]
12-23 03:48:22.386 I/am_wtf ( 1507): [0,1507,system_server,-1,DisplayDeviceConfig,requesting nits when no mapping exists.]
12-23 03:48:22.386 I/am_wtf ( 1507): [0,1507,system_server,-1,DisplayDeviceConfig,requesting nits when no mapping exists.]
12-23 03:48:22.402 I/am_wtf ( 1507): [0,1507,system_server,-1,DisplayDeviceConfig,requesting nits when no mapping exists.]
12-23 03:48:22.403 I/am_wtf ( 1507): [0,1507,system_server,-1,DisplayDeviceConfig,requesting nits when no mapping exists.]
12-23 03:48:22.421 I/am_wtf ( 1507): [0,1507,system_server,-1,DisplayDeviceConfig,requesting nits when no mapping exists.]
12-23 03:48:22.421 I/am_wtf ( 1507): [0,1507,system_server,-1,DisplayDeviceConfig,requesting nits when no mapping exists.]
12-23 03:48:22.436 I/am_wtf ( 1507): [0,1507,system_server,-1,DisplayDeviceConfig,requesting nits when no mapping exists.]
12-23 03:48:22.437 I/am_wtf ( 1507): [0,1507,system_server,-1,DisplayDeviceConfig,requesting nits when no mapping exists.]
12-23 03:48:22.453 I/am_wtf ( 1507): [0,1507,system_server,-1,DisplayDeviceConfig,requesting nits when no mapping exists.]
12-23 03:48:22.453 I/am_wtf ( 1507): [0,1507,system_server,-1,DisplayDeviceConfig,requesting nits when no mapping exists.]
12-23 03:48:22.469 I/am_wtf ( 1507): [0,1507,system_server,-1,DisplayDeviceConfig,requesting nits when no mapping exists.]
12-23 03:48:22.470 I/am_wtf ( 1507): [0,1507,system_server,-1,DisplayDeviceConfig,requesting nits when no mapping exists.]
12-23 03:48:22.487 I/am_wtf ( 1507): [0,1507,system_server,-1,DisplayDeviceConfig,requesting nits when no mapping exists.]
12-23 03:48:22.487 I/am_wtf ( 1507): [0,1507,system_server,-1,DisplayDeviceConfig,requesting nits when no mapping exists.]
12-23 03:48:22.503 I/am_wtf ( 1507): [0,1507,system_server,-1,DisplayDeviceConfig,requesting nits when no mapping exists.]
12-23 03:48:22.503 I/am_wtf ( 1507): [0,1507,system_server,-1,DisplayDeviceConfig,requesting nits when no mapping exists.]
12-23 03:48:22.520 I/am_wtf ( 1507): [0,1507,system_server,-1,DisplayDeviceConfig,requesting nits when no mapping exists.]
12-23 03:48:22.520 I/am_wtf ( 1507): [0,1507,system_server,-1,DisplayDeviceConfig,requesting nits when no mapping exists.]
12-23 03:48:22.536 I/am_wtf ( 1507): [0,1507,system_server,-1,DisplayDeviceConfig,requesting nits when no mapping exists.]
12-23 03:48:22.537 I/am_wtf ( 1507): [0,1507,system_server,-1,DisplayDeviceConfig,requesting nits when no mapping exists.]
12-23 03:48:22.553 I/am_wtf ( 1507): [0,1507,system_server,-1,DisplayDeviceConfig,requesting nits when no mapping exists.]
12-23 03:48:22.553 I/am_wtf ( 1507): [0,1507,system_server,-1,DisplayDeviceConfig,requesting nits when no mapping exists.]
12-23 03:48:22.570 I/am_wtf ( 1507): [0,1507,system_server,-1,DisplayDeviceConfig,requesting nits when no mapping exists.]
12-23 03:48:22.570 I/am_wtf ( 1507): [0,1507,system_server,-1,DisplayDeviceConfig,requesting nits when no mapping exists.]
12-23 03:48:22.586 I/am_wtf ( 1507): [0,1507,system_server,-1,DisplayDeviceConfig,requesting nits when no mapping exists.]
12-23 03:48:22.587 I/am_wtf ( 1507): [0,1507,system_server,-1,DisplayDeviceConfig,requesting nits when no mapping exists.]
12-23 03:48:22.604 I/am_wtf ( 1507): [0,1507,system_server,-1,DisplayDeviceConfig,requesting nits when no mapping exists.]
12-23 03:48:22.604 I/wm_stop_activity( 1507): [0,124469811,com.android.settings/.Settings]
12-23 03:48:22.605 I/am_wtf ( 1507): [0,1507,system_server,-1,DisplayDeviceConfig,requesting nits when no mapping exists.]
12-23 03:48:22.620 I/am_wtf ( 1507): [0,1507,system_server,-1,DisplayDeviceConfig,requesting nits when no mapping exists.]
12-23 03:48:22.620 I/am_wtf ( 1507): [0,1507,system_server,-1,DisplayDeviceConfig,requesting nits when no mapping exists.]
12-23 03:48:22.620 I/service_manager_stats( 1507): [100,30,6948]
12-23 03:48:22.631 I/wm_on_stop_called(14219): [124469811,com.android.settings.Settings,STOP_ACTIVITY_ITEM]
12-23 03:48:22.637 I/am_wtf ( 1507): [0,1507,system_server,-1,DisplayDeviceConfig,requesting nits when no mapping exists.]
12-23 03:48:22.637 I/am_wtf ( 1507): [0,1507,system_server,-1,DisplayDeviceConfig,requesting nits when no mapping exists.]
12-23 03:48:22.653 I/am_wtf ( 1507): [0,1507,system_server,-1,DisplayDeviceConfig,requesting nits when no mapping exists.]
12-23 03:48:22.653 I/am_wtf ( 1507): [0,1507,system_server,-1,DisplayDeviceConfig,requesting nits when no mapping exists.]
12-23 03:48:22.670 I/am_wtf ( 1507): [0,1507,system_server,-1,DisplayDeviceConfig,requesting nits when no mapping exists.]
12-23 03:48:22.670 I/am_wtf ( 1507): [0,1507,system_server,-1,DisplayDeviceConfig,requesting nits when no mapping exists.]
12-23 03:48:22.686 I/am_wtf ( 1507): [0,1507,system_server,-1,DisplayDeviceConfig,requesting nits when no mapping exists.]
12-23 03:48:22.687 I/am_wtf ( 1507): [0,1507,system_server,-1,DisplayDeviceConfig,requesting nits when no mapping exists.]
12-23 03:48:22.703 I/am_wtf ( 1507): [0,1507,system_server,-1,DisplayDeviceConfig,requesting nits when no mapping exists.]
12-23 03:48:22.704 I/am_wtf ( 1507): [0,1507,system_server,-1,DisplayDeviceConfig,requesting nits when no mapping exists.]
12-23 03:48:22.720 I/am_wtf ( 1507): [0,1507,system_server,-1,DisplayDeviceConfig,requesting nits when no mapping exists.]
12-23 03:48:22.720 I/am_wtf ( 1507): [0,1507,system_server,-1,DisplayDeviceConfig,requesting nits when no mapping exists.]
12-23 03:48:22.737 I/am_wtf ( 1507): [0,1507,system_server,-1,DisplayDeviceConfig,requesting nits when no mapping exists.]
12-23 03:48:22.737 I/am_wtf ( 1507): [0,1507,system_server,-1,DisplayDeviceConfig,requesting nits when no mapping exists.]
12-23 03:48:22.754 I/am_wtf ( 1507): [0,1507,system_server,-1,DisplayDeviceConfig,requesting nits when no mapping exists.]
12-23 03:48:22.754 I/am_wtf ( 1507): [0,1507,system_server,-1,DisplayDeviceConfig,requesting nits when no mapping exists.]
12-23 03:48:22.770 I/am_wtf ( 1507): [0,1507,system_server,-1,DisplayDeviceConfig,requesting nits when no mapping exists.]
12-23 03:48:22.770 I/am_wtf ( 1507): [0,1507,system_server,-1,DisplayDeviceConfig,requesting nits when no mapping exists.]
12-23 03:48:22.787 I/am_wtf ( 1507): [0,1507,system_server,-1,DisplayDeviceConfig,requesting nits when no mapping exists.]
12-23 03:48:22.788 I/am_wtf ( 1507): [0,1507,system_server,-1,DisplayDeviceConfig,requesting nits when no mapping exists.]
12-23 03:48:22.803 I/am_wtf ( 1507): [0,1507,system_server,-1,DisplayDeviceConfig,requesting nits when no mapping exists.]
12-23 03:48:22.804 I/am_wtf ( 1507): [0,1507,system_server,-1,DisplayDeviceConfig,requesting nits when no mapping exists.]
12-23 03:48:22.820 I/am_wtf ( 1507): [0,1507,system_server,-1,DisplayDeviceConfig,requesting nits when no mapping exists.]
12-23 03:48:22.820 I/am_wtf ( 1507): [0,1507,system_server,-1,DisplayDeviceConfig,requesting nits when no mapping exists.]
12-23 03:48:22.837 I/am_wtf ( 1507): [0,1507,system_server,-1,DisplayDeviceConfig,requesting nits when no mapping exists.]
12-23 03:48:22.837 I/am_wtf ( 1507): [0,1507,system_server,-1,DisplayDeviceConfig,requesting nits when no mapping exists.]
12-23 03:48:22.854 I/am_wtf ( 1507): [0,1507,system_server,-1,DisplayDeviceConfig,requesting nits when no mapping exists.]
12-23 03:48:22.854 I/am_wtf ( 1507): [0,1507,system_server,-1,DisplayDeviceConfig,requesting nits when no mapping exists.]
12-23 03:48:22.871 I/am_wtf ( 1507): [0,1507,system_server,-1,DisplayDeviceConfig,requesting nits when no mapping exists.]
12-23 03:48:22.871 I/am_wtf ( 1507): [0,1507,system_server,-1,DisplayDeviceConfig,requesting nits when no mapping exists.]
12-23 03:48:22.887 I/am_wtf ( 1507): [0,1507,system_server,-1,DisplayDeviceConfig,requesting nits when no mapping exists.]
12-23 03:48:22.887 I/am_wtf ( 1507): [0,1507,system_server,-1,DisplayDeviceConfig,requesting nits when no mapping exists.]
12-23 03:48:22.904 I/am_wtf ( 1507): [0,1507,system_server,-1,DisplayDeviceConfig,requesting nits when no mapping exists.]
12-23 03:48:22.904 I/am_wtf ( 1507): [0,1507,system_server,-1,DisplayDeviceConfig,requesting nits when no mapping exists.]
12-23 03:48:22.920 I/am_wtf ( 1507): [0,1507,system_server,-1,DisplayDeviceConfig,requesting nits when no mapping exists.]
12-23 03:48:22.921 I/am_wtf ( 1507): [0,1507,system_server,-1,DisplayDeviceConfig,requesting nits when no mapping exists.]
12-23 03:48:22.937 I/am_wtf ( 1507): [0,1507,system_server,-1,DisplayDeviceConfig,requesting nits when no mapping exists.]
12-23 03:48:22.938 I/am_wtf ( 1507): [0,1507,system_server,-1,DisplayDeviceConfig,requesting nits when no mapping exists.]
12-23 03:48:22.954 I/am_wtf ( 1507): [0,1507,system_server,-1,DisplayDeviceConfig,requesting nits when no mapping exists.]
12-23 03:48:22.954 I/am_wtf ( 1507): [0,1507,system_server,-1,DisplayDeviceConfig,requesting nits when no mapping exists.]
12-23 03:48:22.970 I/am_wtf ( 1507): [0,1507,system_server,-1,DisplayDeviceConfig,requesting nits when no mapping exists.]
12-23 03:48:22.971 I/am_wtf ( 1507): [0,1507,system_server,-1,DisplayDeviceConfig,requesting nits when no mapping exists.]
12-23 03:48:22.987 I/am_wtf ( 1507): [0,1507,system_server,-1,DisplayDeviceConfig,requesting nits when no mapping exists.]
12-23 03:48:22.987 I/am_wtf ( 1507): [0,1507,system_server,-1,DisplayDeviceConfig,requesting nits when no mapping exists.]
12-23 03:48:23.004 I/am_wtf ( 1507): [0,1507,system_server,-1,DisplayDeviceConfig,requesting nits when no mapping exists.]
12-23 03:48:23.004 I/am_wtf ( 1507): [0,1507,system_server,-1,DisplayDeviceConfig,requesting nits when no mapping exists.]
12-23 03:48:23.021 I/am_wtf ( 1507): [0,1507,system_server,-1,DisplayDeviceConfig,requesting nits when no mapping exists.]
12-23 03:48:23.021 I/am_wtf ( 1507): [0,1507,system_server,-1,DisplayDeviceConfig,requesting nits when no mapping exists.]
12-23 03:48:23.037 I/am_wtf ( 1507): [0,1507,system_server,-1,DisplayDeviceConfig,requesting nits when no mapping exists.]
12-23 03:48:23.038 I/am_wtf ( 1507): [0,1507,system_server,-1,DisplayDeviceConfig,requesting nits when no mapping exists.]
12-23 03:48:23.054 I/am_wtf ( 1507): [0,1507,system_server,-1,DisplayDeviceConfig,requesting nits when no mapping exists.]
12-23 03:48:23.054 I/am_wtf ( 1507): [0,1507,system_server,-1,DisplayDeviceConfig,requesting nits when no mapping exists.]
12-23 03:48:23.071 I/am_wtf ( 1507): [0,1507,system_server,-1,DisplayDeviceConfig,requesting nits when no mapping exists.]
12-23 03:48:23.071 I/am_wtf ( 1507): [0,1507,system_server,-1,DisplayDeviceConfig,requesting nits when no mapping exists.]
12-23 03:48:23.167 I/auditd ( 0): type=1400 audit(0.0:1386): avc: denied { kill } for comm="swapper/7" capability=5 scontext=u:r:kernel:s0 tcontext=u:r:kernel:s0 tclass=capability permissive=0
12-23 03:48:23.601 I/liblog ( 1331): 60
12-23 03:48:23.601 I/liblog ( 1331): 1
12-23 03:48:23.601 I/liblog ( 1331): 1
12-23 03:48:23.601 I/liblog ( 1331): 1
12-23 03:48:23.601 I/liblog ( 1331): 1
12-23 03:48:23.601 I/liblog ( 1331): 1
12-23 03:48:23.601 I/liblog ( 1331): 1
12-23 03:48:23.601 I/liblog ( 1331): 1
12-23 03:48:23.601 I/liblog ( 1331): 1
12-23 03:48:23.601 I/liblog ( 1331): 1
12-23 03:48:23.601 I/liblog ( 1331): 1
12-23 03:48:23.601 I/liblog ( 1331): 1
12-23 03:48:23.601 I/liblog ( 1331): 1
12-23 03:48:23.601 I/liblog ( 1331): 2
12-23 03:48:23.601 I/liblog ( 1331): 1
12-23 03:48:23.601 I/liblog ( 1331): 1
12-23 03:48:23.601 I/liblog ( 1331): 1
12-23 03:48:23.601 I/liblog ( 1331): 1
12-23 03:48:23.602 I/liblog ( 1331): 1
12-23 03:48:23.602 I/liblog ( 1331): 1
12-23 03:48:23.602 I/liblog ( 1331): 1
12-23 03:48:23.602 I/liblog ( 1331): 1
12-23 03:48:23.602 I/liblog ( 1331): 1
12-23 03:48:23.602 I/liblog ( 1331): 2
12-23 03:48:23.602 I/liblog ( 1331): 1
12-23 03:48:23.602 I/liblog ( 1331): 1
12-23 03:48:23.602 I/liblog ( 1331): 1
12-23 03:48:23.602 I/liblog ( 1331): 1
12-23 03:48:23.602 I/liblog ( 1331): 1
12-23 03:48:23.602 I/liblog ( 1331): 1
12-23 03:48:23.602 I/liblog ( 1331): 1
12-23 03:48:23.602 I/liblog ( 1331): 1
12-23 03:48:23.602 I/liblog ( 1331): 1
12-23 03:48:23.602 I/liblog ( 1331): 1
12-23 03:48:23.602 I/liblog ( 1331): 1
12-23 03:48:23.602 I/liblog ( 1331): 1
12-23 03:48:23.602 I/liblog ( 1331): 1
12-23 03:48:23.602 I/liblog ( 1331): 3
12-23 03:48:23.602 I/liblog ( 1331): 1
12-23 03:48:23.602 I/liblog ( 1331): 2
12-23 03:48:23.602 I/liblog ( 1331): 1
12-23 03:48:23.602 I/liblog ( 1331): 1
12-23 03:48:23.602 I/liblog ( 1331): 1
12-23 03:48:23.602 I/liblog ( 1331): 2
12-23 03:48:23.602 I/liblog ( 1331): 1
12-23 03:48:23.602 I/liblog ( 1331): 1
12-23 03:48:23.602 I/liblog ( 1331): 2
12-23 03:48:23.602 I/liblog ( 1331): 1
12-23 03:48:23.602 I/liblog ( 1331): 1
12-23 03:48:23.602 I/liblog ( 1331): 1
12-23 03:48:23.602 I/liblog ( 1331): 1
12-23 03:48:23.602 I/liblog ( 1331): 1
12-23 03:48:23.602 I/liblog ( 1331): 1
12-23 03:48:23.602 I/liblog ( 1331): 1
12-23 03:48:23.602 I/liblog ( 1331): 1
12-23 03:48:23.602 I/liblog ( 1331): 1
12-23 03:48:23.602 I/liblog ( 1331): 1
12-23 03:48:23.602 I/liblog ( 1331): 1
12-23 03:48:23.602 I/liblog ( 1331): 1
12-23 03:48:23.602 I/liblog ( 1331): 1
12-23 03:48:23.602 I/liblog ( 1331): 2
12-23 03:48:24.167 I/auditd ( 0): type=1400 audit(0.0:1387): avc: denied { kill } for comm="swapper/7" capability=5 scontext=u:r:kernel:s0 tcontext=u:r:kernel:s0 tclass=capability permissive=0
12-23 03:48:25.171 I/auditd ( 0): type=1400 audit(0.0:1388): avc: denied { kill } for comm="swapper/2" capability=5 scontext=u:r:kernel:s0 tcontext=u:r:kernel:s0 tclass=capability permissive=0
12-23 03:48:26.171 I/auditd ( 0): type=1400 audit(0.0:1389): avc: denied { kill } for comm="swapper/2" capability=5 scontext=u:r:kernel:s0 tcontext=u:r:kernel:s0 tclass=capability permissive=0
12-23 03:48:27.167 I/auditd ( 0): type=1400 audit(0.0:1390): avc: denied { kill } for comm="swapper/2" capability=5 scontext=u:r:kernel:s0 tcontext=u:r:kernel:s0 tclass=capability permissive=0
12-23 03:48:28.097 I/am_uid_idle( 1507): 10083
12-23 03:48:28.171 I/auditd ( 0): type=1400 audit(0.0:1391): avc: denied { kill } for comm="swapper/2" capability=5 scontext=u:r:kernel:s0 tcontext=u:r:kernel:s0 tclass=capability permissive=0
12-23 03:48:29.167 I/auditd ( 0): type=1400 audit(0.0:1392): avc: denied { kill } for comm="swapper/2" capability=5 scontext=u:r:kernel:s0 tcontext=u:r:kernel:s0 tclass=capability permissive=0
12-23 03:48:30.171 I/auditd ( 0): type=1400 audit(0.0:1393): avc: denied { kill } for comm="swapper/2" capability=5 scontext=u:r:kernel:s0 tcontext=u:r:kernel:s0 tclass=capability permissive=0
12-23 03:48:31.171 I/auditd ( 0): type=1400 audit(0.0:1394): avc: denied { kill } for comm="swapper/2" capability=5 scontext=u:r:kernel:s0 tcontext=u:r:kernel:s0 tclass=capability permissive=0
12-23 03:48:32.171 I/auditd ( 0): type=1400 audit(0.0:1395): avc: denied { kill } for comm="swapper/2" capability=5 scontext=u:r:kernel:s0 tcontext=u:r:kernel:s0 tclass=capability permissive=0
12-23 03:48:33.167 I/auditd ( 0): type=1400 audit(0.0:1396): avc: denied { kill } for comm="swapper/2" capability=5 scontext=u:r:kernel:s0 tcontext=u:r:kernel:s0 tclass=capability permissive=0
12-23 03:48:34.171 I/auditd ( 0): type=1400 audit(0.0:1397): avc: denied { kill } for comm="swapper/2" capability=5 scontext=u:r:kernel:s0 tcontext=u:r:kernel:s0 tclass=capability permissive=0
12-23 03:48:35.171 I/auditd ( 0): type=1400 audit(0.0:1398): avc: denied { kill } for comm="swapper/2" capability=5 scontext=u:r:kernel:s0 tcontext=u:r:kernel:s0 tclass=capability permissive=0
12-23 03:48:36.171 I/auditd ( 0): type=1400 audit(0.0:1399): avc: denied { kill } for comm="swapper/2" capability=5 scontext=u:r:kernel:s0 tcontext=u:r:kernel:s0 tclass=capability permissive=0
12-23 03:48:37.171 I/auditd ( 0): type=1400 audit(0.0:1400): avc: denied { kill } for comm="swapper/2" capability=5 scontext=u:r:kernel:s0 tcontext=u:r:kernel:s0 tclass=capability permissive=0
12-23 03:48:38.171 I/auditd ( 0): type=1400 audit(0.0:1401): avc: denied { kill } for comm="swapper/2" capability=5 scontext=u:r:kernel:s0 tcontext=u:r:kernel:s0 tclass=capability permissive=0
12-23 03:48:39.171 I/auditd ( 0): type=1400 audit(0.0:1402): avc: denied { kill } for comm="swapper/2" capability=5 scontext=u:r:kernel:s0 tcontext=u:r:kernel:s0 tclass=capability permissive=0
12-23 03:48:40.167 I/auditd ( 0): type=1400 audit(0.0:1403): avc: denied { kill } for comm="swapper/2" capability=5 scontext=u:r:kernel:s0 tcontext=u:r:kernel:s0 tclass=capability permissive=0
12-23 03:48:41.171 I/auditd ( 0): type=1400 audit(0.0:1404): avc: denied { kill } for comm="swapper/2" capability=5 scontext=u:r:kernel:s0 tcontext=u:r:kernel:s0 tclass=capability permissive=0
12-23 03:48:42.171 I/auditd ( 0): type=1400 audit(0.0:1405): avc: denied { kill } for comm="swapper/2" capability=5 scontext=u:r:kernel:s0 tcontext=u:r:kernel:s0 tclass=capability permissive=0
12-23 03:48:43.167 I/auditd ( 0): type=1400 audit(0.0:1406): avc: denied { kill } for comm="swapper/2" capability=5 scontext=u:r:kernel:s0 tcontext=u:r:kernel:s0 tclass=capability permissive=0
12-23 03:48:44.171 I/auditd ( 0): type=1400 audit(0.0:1407): avc: denied { kill } for comm="swapper/2" capability=5 scontext=u:r:kernel:s0 tcontext=u:r:kernel:s0 tclass=capability permissive=0
12-23 03:48:45.171 I/auditd ( 0): type=1400 audit(0.0:1408): avc: denied { kill } for comm="swapper/2" capability=5 scontext=u:r:kernel:s0 tcontext=u:r:kernel:s0 tclass=capability permissive=0
12-23 03:48:46.171 I/auditd ( 0): type=1400 audit(0.0:1409): avc: denied { kill } for comm="swapper/2" capability=5 scontext=u:r:kernel:s0 tcontext=u:r:kernel:s0 tclass=capability permissive=0
12-23 03:48:47.171 I/auditd ( 0): type=1400 audit(0.0:1410): avc: denied { kill } for comm="swapper/2" capability=5 scontext=u:r:kernel:s0 tcontext=u:r:kernel:s0 tclass=capability permissive=0
12-23 03:48:48.171 I/auditd ( 0): type=1400 audit(0.0:1411): avc: denied { kill } for comm="swapper/2" capability=5 scontext=u:r:kernel:s0 tcontext=u:r:kernel:s0 tclass=capability permissive=0
12-23 03:48:49.171 I/auditd ( 0): type=1400 audit(0.0:1412): avc: denied { kill } for comm="swapper/2" capability=5 scontext=u:r:kernel:s0 tcontext=u:r:kernel:s0 tclass=capability permissive=0
12-23 03:48:50.171 I/auditd ( 0): type=1400 audit(0.0:1413): avc: denied { kill } for comm="swapper/2" capability=5 scontext=u:r:kernel:s0 tcontext=u:r:kernel:s0 tclass=capability permissive=0
12-23 03:48:51.171 I/auditd ( 0): type=1400 audit(0.0:1414): avc: denied { kill } for comm="swapper/2" capability=5 scontext=u:r:kernel:s0 tcontext=u:r:kernel:s0 tclass=capability permissive=0
12-23 03:48:52.171 I/auditd ( 0): type=1400 audit(0.0:1415): avc: denied { kill } for comm="swapper/2" capability=5 scontext=u:r:kernel:s0 tcontext=u:r:kernel:s0 tclass=capability permissive=0
12-23 03:48:53.171 I/auditd ( 0): type=1400 audit(0.0:1416): avc: denied { kill } for comm="swapper/2" capability=5 scontext=u:r:kernel:s0 tcontext=u:r:kernel:s0 tclass=capability permissive=0
12-23 03:48:54.167 I/auditd ( 0): type=1400 audit(0.0:1417): avc: denied { kill } for comm="swapper/2" capability=5 scontext=u:r:kernel:s0 tcontext=u:r:kernel:s0 tclass=capability permissive=0
12-23 03:48:55.171 I/auditd ( 0): type=1400 audit(0.0:1418): avc: denied { kill } for comm="swapper/2" capability=5 scontext=u:r:kernel:s0 tcontext=u:r:kernel:s0 tclass=capability permissive=0
12-23 03:48:56.171 I/auditd ( 0): type=1400 audit(0.0:1419): avc: denied { kill } for comm="swapper/2" capability=5 scontext=u:r:kernel:s0 tcontext=u:r:kernel:s0 tclass=capability permissive=0
12-23 03:48:57.167 I/auditd ( 740): type=1400 audit(0.0:1420): avc: denied { kill } for comm="crtc_commit:125" capability=5 scontext=u:r:kernel:s0 tcontext=u:r:kernel:s0 tclass=capability permissive=0
12-23 03:48:58.167 I/auditd ( 0): type=1400 audit(0.0:1421): avc: denied { kill } for comm="swapper/2" capability=5 scontext=u:r:kernel:s0 tcontext=u:r:kernel:s0 tclass=capability permissive=0
12-23 03:48:59.167 I/auditd ( 0): type=1400 audit(0.0:1422): avc: denied { kill } for comm="swapper/2" capability=5 scontext=u:r:kernel:s0 tcontext=u:r:kernel:s0 tclass=capability permissive=0
12-23 03:48:59.239 I/input_interaction( 1507): Interaction with: afc4198 com.thundercomm.screensaver/android.service.dreams.DreamActivity (server), edge-swipe (server), swipe-up (server), PointerEventDispatcher0 (server),
12-23 03:48:59.241 I/wm_finish_activity( 1507): [0,168388268,23,com.thundercomm.screensaver/android.service.dreams.DreamActivity,finish-activity]
12-23 03:48:59.246 I/wm_task_moved( 1507): [21,1,6]
12-23 03:48:59.246 I/wm_task_to_front( 1507): [0,21]
12-23 03:48:59.247 I/wm_focused_root_task( 1507): [0,0,21,23,finish-top adjustFocusToNextFocusableTask]
12-23 03:48:59.248 I/wm_pause_activity( 1507): [0,168388268,com.thundercomm.screensaver/android.service.dreams.DreamActivity,userLeaving=false,finish]
12-23 03:48:59.255 I/sysui_multi_action( 1507): [757,803,799,window_time_0,802,38]
12-23 03:48:59.256 I/wm_on_top_resumed_lost_called( 4978): [168388268,android.service.dreams.DreamActivity,topStateChangedWhenResumed]
12-23 03:48:59.257 I/wm_on_paused_called( 4978): [168388268,android.service.dreams.DreamActivity,performPause]
12-23 03:48:59.257 I/wm_add_to_stopping( 1507): [0,168388268,com.thundercomm.screensaver/android.service.dreams.DreamActivity,completeFinishing]
12-23 03:48:59.261 I/wm_set_resumed_activity( 1507): [0,com.android.settings/.Settings,resumeTopActivityInnerLocked]
12-23 03:48:59.263 I/wm_resume_activity( 1507): [0,124469811,21,com.android.settings/.Settings]
12-23 03:48:59.266 I/wm_on_restart_called(14219): [124469811,com.android.settings.Settings,performRestartActivity]
12-23 03:48:59.277 I/view_enqueue_input_event( 4978): [Motion - Cancel,com.thundercomm.screensaver/android.service.dreams.DreamActivity]
12-23 03:48:59.277 I/input_focus( 1507): [Focus leaving afc4198 com.thundercomm.screensaver/android.service.dreams.DreamActivity (server),reason=NO_WINDOW]
12-23 03:48:59.279 I/sysui_multi_action( 1507): [757,803,799,window_time_0,802,0]
12-23 03:48:59.288 I/wm_on_start_called(14219): [124469811,com.android.settings.Settings,handleStartActivity]
12-23 03:48:59.288 I/snet_event_log(14219): [120484087,-1,]
12-23 03:48:59.288 I/wm_on_resume_called(14219): [124469811,com.android.settings.Settings,RESUME_ACTIVITY]
12-23 03:48:59.289 I/sysui_multi_action(14219): [757,35,758,1,833,0,1089,0]
12-23 03:48:59.290 I/input_interaction( 1507): Interaction with: edge-swipe (server), swipe-up (server), PointerEventDispatcher0 (server),
12-23 03:48:59.290 I/sysui_multi_action(14219): [757,103,758,1,833,0,1089,0]
12-23 03:48:59.293 I/sysui_multi_action(14219): [757,1800,758,1,833,0,1089,0]
12-23 03:48:59.294 I/wm_on_top_resumed_gained_called(14219): [124469811,com.android.settings.Settings,topWhenResuming]
12-23 03:48:59.301 I/input_focus( 1507): [Focus request 9592226 com.android.settings/com.android.settings.Settings,reason=UpdateInputWindows]
12-23 03:48:59.327 I/input_focus( 1507): [Focus entering 9592226 com.android.settings/com.android.settings.Settings (server),reason=setFocusedWindow]
12-23 03:48:59.829 I/wm_destroy_activity( 1507): [0,168388268,23,com.thundercomm.screensaver/android.service.dreams.DreamActivity,finish-imm:idle]
12-23 03:48:59.842 I/wm_on_stop_called( 4978): [168388268,android.service.dreams.DreamActivity,LIFECYCLER_STOP_ACTIVITY]
12-23 03:48:59.844 I/wm_on_destroy_called( 4978): [168388268,android.service.dreams.DreamActivity,performDestroy]
12-23 03:48:59.857 I/sysui_multi_action( 1507): [757,222,758,2]
12-23 03:48:59.857 I/sysui_multi_action( 1507): [757,804,799,dreaming_minutes,801,0,802,1]
12-23 03:48:59.869 I/wm_task_removed( 1507): [23,removeChild:removeChild last r=ActivityRecord{a0966ac u0 com.thundercomm.screensaver/android.service.dreams.DreamActivity t-1 f}} in t=Task{f2bb561 #23 type=dream A=10050:android:com.thundercomm.screensaver/dream U=0 visible=false mode=fullscreen translucent=true sz=0}]
12-23 03:48:59.869 I/wm_task_removed( 1507): [23,removeChild]
12-23 03:49:00.167 I/auditd ( 0): type=1400 audit(0.0:1423): avc: denied { kill } for comm="swapper/2" capability=5 scontext=u:r:kernel:s0 tcontext=u:r:kernel:s0 tclass=capability permissive=0
12-23 03:49:00.907 I/input_interaction( 1507): Interaction with: 9592226 com.android.settings/com.android.settings.Settings (server), edge-swipe (server), swipe-up (server), PointerEventDispatcher0 (server),
12-23 03:49:01.055 I/sysui_multi_action(14219): [757,1800,758,2,1089,1762]
12-23 03:49:01.167 I/auditd ( 0): type=1400 audit(0.0:1424): avc: denied { kill } for comm="swapper/2" capability=5 scontext=u:r:kernel:s0 tcontext=u:r:kernel:s0 tclass=capability permissive=0
12-23 03:49:02.167 I/auditd ( 0): type=1400 audit(0.0:1425): avc: denied { kill } for comm="swapper/2" capability=5 scontext=u:r:kernel:s0 tcontext=u:r:kernel:s0 tclass=capability permissive=0
12-23 03:49:03.171 I/auditd ( 0): type=1400 audit(0.0:1426): avc: denied { kill } for comm="swapper/2" capability=5 scontext=u:r:kernel:s0 tcontext=u:r:kernel:s0 tclass=capability permissive=0
12-23 03:49:04.171 I/auditd ( 0): type=1400 audit(0.0:1427): avc: denied { kill } for comm="swapper/2" capability=5 scontext=u:r:kernel:s0 tcontext=u:r:kernel:s0 tclass=capability permissive=0
12-23 03:49:05.171 I/auditd ( 0): type=1400 audit(0.0:1428): avc: denied { kill } for comm="swapper/2" capability=5 scontext=u:r:kernel:s0 tcontext=u:r:kernel:s0 tclass=capability permissive=0
12-23 03:49:06.171 I/auditd ( 0): type=1400 audit(0.0:1429): avc: denied { kill } for comm="swapper/2" capability=5 scontext=u:r:kernel:s0 tcontext=u:r:kernel:s0 tclass=capability permissive=0
12-23 03:49:07.167 I/auditd ( 0): type=1400 audit(0.0:1430): avc: denied { kill } for comm="swapper/2" capability=5 scontext=u:r:kernel:s0 tcontext=u:r:kernel:s0 tclass=capability permissive=0 --------- beginning of main
12-23 03:49:07.943 I/mpu_uart( 647): [MSG-P:RECV]:No message received in 1000 ms
12-23 03:49:08.171 I/auditd ( 0): type=1400 audit(0.0:1431): avc: denied { kill } for comm="swapper/2" capability=5 scontext=u:r:kernel:s0 tcontext=u:r:kernel:s0 tclass=capability permissive=0
12-23 03:49:08.171 W/swapper/2( 0): type=1400 audit(0.0:1431): avc: denied { kill } for capability=5 scontext=u:r:kernel:s0 tcontext=u:r:kernel:s0 tclass=capability permissive=0
12-23 03:49:08.283 I/mpu_uart( 647): [MSG-P:R]:recv sync frame timeout --------- beginning of kernel
01-01 10:36:46.301 D/ ( 0): mv2112_read_status
01-01 10:36:46.301 D/mv2112_update_link( 0): 3.0x901(1G): 0x80
01-01 10:36:46.301 D/mv2112_update_link( 0): 3.0x8109(100M): 0x8
01-01 10:36:46.301 D/mv2112_update_link( 0): link 0x0
01-01 10:36:46.301 D/mv2112_read_status( 0): autoneg is disabled
12-23 03:49:08.944 I/mpu_uart( 647): [MSG-P:RECV]:No message received in 1000 ms
12-23 03:49:09.171 I/auditd ( 0): type=1400 audit(0.0:1432): avc: denied { kill } for comm="swapper/2" capability=5 scontext=u:r:kernel:s0 tcontext=u:r:kernel:s0 tclass=capability permissive=0
12-23 03:49:09.171 W/swapper/2( 0): type=1400 audit(0.0:1432): avc: denied { kill } for capability=5 scontext=u:r:kernel:s0 tcontext=u:r:kernel:s0 tclass=capability permissive=0
12-23 03:49:09.360 I/WifiService( 1507): startScan uid=1000
12-23 03:49:09.369 D/LOWI-9.0.0.87.a( 1331): [LOWI-Scan] wait_event:Wait done with Cmd 33
12-23 03:49:09.369 D/LOWI-9.0.0.87.a( 1331): [LOWI-Scan] do_listen_events: Rcvd valid Netlink Cmd 0 Err 0
01-01 10:36:47.324 D/ ( 0): mv2112_read_status
01-01 10:36:47.325 D/mv2112_update_link( 0): 3.0x901(1G): 0x80
01-01 10:36:47.325 D/mv2112_update_link( 0): 3.0x8109(100M): 0x8
01-01 10:36:47.325 D/mv2112_update_link( 0): link 0x0
01-01 10:36:47.325 D/mv2112_read_status( 0): autoneg is disabled
01-01 10:36:47.342 I/[schedu][0x298a639f97][03:49:09.417349] wlan( 0): [14370:I:OSIF] scan start scan id 41010
12-23 03:49:09.944 I/mpu_uart( 647): [MSG-P:RECV]:No message received in 1000 ms
12-23 03:49:10.167 I/auditd ( 0): type=1400 audit(0.0:1433): avc: denied { kill } for comm="swapper/2" capability=5 scontext=u:r:kernel:s0 tcontext=u:r:kernel:s0 tclass=capability permissive=0
12-23 03:49:10.167 W/swapper/2( 0): type=1400 audit(0.0:1433): avc: denied { kill } for capability=5 scontext=u:r:kernel:s0 tcontext=u:r:kernel:s0 tclass=capability permissive=0
01-01 10:36:48.348 D/ ( 0): mv2112_read_status
01-01 10:36:48.349 D/mv2112_update_link( 0): 3.0x901(1G): 0x80
01-01 10:36:48.349 D/mv2112_update_link( 0): 3.0x8109(100M): 0x8
01-01 10:36:48.349 D/mv2112_update_link( 0): link 0x0
01-01 10:36:48.349 D/mv2112_read_status( 0): autoneg is disabled
12-23 03:49:10.565 D/vendor.qti.bluetooth@1.0-ibs_handler( 818): SerialClockVote: vote for UART CLK ON
12-23 03:49:10.566 D/vendor.qti.bluetooth@1.0-wake_lock( 818): Acquire wakelock is acquired
12-23 03:49:10.566 I/vendor.qti.bluetooth@1.0-ibs_handler( 818): DeviceWakeUp: Writing IBS_WAKE_IND
12-23 03:49:10.573 I/vendor.qti.bluetooth@1.0-ibs_handler( 818): ProcessIbsCmd: Received IBS_WAKE_ACK: 0xFC
12-23 03:49:10.573 I/vendor.qti.bluetooth@1.0-ibs_handler( 818): ProcessIbsCmd: Signal wack_cond_
12-23 03:49:10.573 D/vendor.qti.bluetooth@1.0-ibs_handler( 818): DeviceWakeUp: Unblocked from waiting for FC, pthread_cond_timedwait ret = 0
12-23 03:49:10.575 I/vendor.qti.bluetooth@1.0-ibs_handler( 818): ProcessIbsCmd: Received IBS_WAKE_IND: 0xFD
12-23 03:49:10.575 I/vendor.qti.bluetooth@1.0-ibs_handler( 818): ProcessIbsCmd: Writing IBS_WAKE_ACK
12-23 03:49:10.577 I/bt_stack( 2342): [INFO:btm_ble_bgconn.cc(429)] Already connection initiated (or) No Pending connections(or) Resources of lcb are exhausted
12-23 03:49:10.592 D/LOWI-9.0.0.87.a( 1331): [LOWI-Scan] wait_event:Wait done with Cmd 34
12-23 03:49:10.592 D/LOWI-9.0.0.87.a( 1331): [LOWI-Scan] do_listen_events: Rcvd valid Netlink Cmd 34 Err 0
12-23 03:49:10.593 D/WifiNl80211Manager( 1507): Scan result ready event
12-23 03:49:10.593 D/LOWI-9.0.0.87.a( 1331): [LOWI-Scan]
12-23 03:49:10.593 D/LOWI-9.0.0.87.a( 1331): [LOWI-Scan] print_bss_handler: Report Probe TSF 9290271634 as it greater than Beacon TSF 9233279613
12-23 03:49:10.593 D/LOWI-9.0.0.87.a( 1331): [LOWI-Scan] is_qcom_ie, bss_age: 0
12-23 03:49:10.593 D/WifiNative( 1507): Scan result ready event
12-23 03:49:10.593 D/LOWI-9.0.0.87.a( 1331): [LOWI-Scan] BSS 38:a9:1c:35:03:0b LOWI_PHY_MODE_11AC_VHT80(10), Beacon Interval: 100, LOWI_ENCRYPTION_TYPE_OPEN 11mcRanging: No, ANQP: No, LCI: No, Civic: No, capability(0x0501): ESS SpectrumMgmt ShortSlotTime
12-23 03:49:10.593 D/LOWI-9.0.0.87.a( 1331): [LOWI-Scan] BSS 38:a9:1c:35:03:0b FREQ: 5180, cFreq1[40:80:160] = [5190:5210:0] cFreq2 = 0 Country Code = US
12-23 03:49:10.593 D/LOWI-9.0.0.87.a( 1331): [LOWI-Scan] BSS 38:a9:1c:35:03:0b (wlan0) ASSO: NO AddInfo: 0x0, TSF 0, 02:34:50.271, RSSI: -74, CPL: 127, AGE: 1132, SSID , TSFDelta: 0x67a44c09, TXRate: 0
12-23 03:49:10.593 D/LOWI-9.0.0.87.a( 1331): [LOWI-Scan]
12-23 03:49:10.593 D/LOWI-9.0.0.87.a( 1331): [LOWI-Scan] print_bss_handler: Report Probe TSF 9290272372 as it greater than Beacon TSF 9290271439
12-23 03:49:10.593 D/LOWI-9.0.0.87.a( 1331): [LOWI-Scan] decode_rsn_wpa_ie: LOWI_ENCRYPTION_TYPE_WPA_PSK
12-23 03:49:10.593 D/LOWI-9.0.0.87.a( 1331): [LOWI-Scan] is_qcom_ie, bss_age: 0
