12-23 03:19:07.464 D/TelephonyRegistry( 1507): listen oscl: mHasNotifySubscriptionInfoChangedOccurred==false no callback
12-23 03:19:07.468 I/input_focus( 1507): [Focus leaving dd1aa23 com.android.systemui/com.android.systemui.usb.UsbDebuggingActivity (server),reason=NO_WINDOW]
12-23 03:19:07.468 I/input_focus( 1507): [Focus entering 89e3ba3 com.android.settings/com.android.settings.homepage.SettingsHomepageActivity (server),reason=setFocusedWindow]
12-23 03:19:07.469 I/sysui_multi_action( 1507): [757,803,799,window_time_0,802,2]
12-23 03:19:07.467 I/auditd (13190): type=1400 audit(0.0:810): avc: denied { read } for comm="pool-2-thread-1" name="pagetypeinfo" dev="proc" ino=4026531857 scontext=u:r:system_app:s0 tcontext=u:object_r:proc_pagetypeinfo:s0 tclass=file permissive=0
12-23 03:19:07.471 I/auditd (13190): type=1400 audit(0.0:811): avc: denied { search } for comm="pool-2-thread-1" name="zram0" dev="sysfs" ino=56842 scontext=u:r:system_app:s0 tcontext=u:object_r:sysfs_zram:s0 tclass=dir permissive=0
12-23 03:19:07.471 I/auditd (13190): type=1400 audit(0.0:812): avc: denied { search } for comm="pool-2-thread-1" name="zram0" dev="sysfs" ino=56842 scontext=u:r:system_app:s0 tcontext=u:object_r:sysfs_zram:s0 tclass=dir permissive=0
12-23 03:19:07.491 I/wm_on_top_resumed_gained_called(13190): [136702231,com.android.settings.homepage.SettingsHomepageActivity,topWhenResuming]
12-23 03:19:07.521 I/wm_destroy_activity( 1507): [0,129168122,14,com.android.systemui/.usb.UsbDebuggingActivity,finish-idle]
12-23 03:19:07.526 I/wm_on_stop_called( 2359): [129168122,com.android.systemui.usb.UsbDebuggingActivity,LIFECYCLER_STOP_ACTIVITY]
12-23 03:19:07.527 I/wm_on_destroy_called( 2359): [129168122,com.android.systemui.usb.UsbDebuggingActivity,performDestroy]
12-23 03:19:07.678 I/commit_sys_config_file( 1507): [settings-0-0,5]
12-23 03:19:07.718 I/wm_task_removed( 1507): [14,removeChild:removeChild last r=ActivityRecord{7b2f2fa u0 com.android.systemui/.usb.UsbDebuggingActivity t-1 f}} in t=Task{b8ac57f #14 type=standard A=10081:com.android.systemui U=0 visible=false mode=fullscreen translucent=true sz=0}]
12-23 03:19:07.718 I/wm_task_removed( 1507): [14,removeChild]
12-23 03:19:09.142 I/input_interaction( 1507): Interaction with: 89e3ba3 com.android.settings/com.android.settings.homepage.SettingsHomepageActivity (server), edge-swipe (server), swipe-up (server), PointerEventDispatcher0 (server),
12-23 03:19:09.327 I/sysui_multi_action(13190): [757,830,758,4,833,0,854,toggle_adb_wireless,1089,0]
12-23 03:19:09.346 I/sysui_multi_action(13190): [757,39,758,2,1089,1888]
12-23 03:19:09.370 I/am_crash( 1507): [13190,0,com.android.settings,952647173,java.lang.ClassCastException,com.android.settings.homepage.SettingsHomepageActivity cannot be cast to com.android.settings.SettingsActivity,WirelessDebuggingFragment.java,174]
12-23 03:19:09.373 I/wm_finish_activity( 1507): [0,136702231,12,com.android.settings/.homepage.SettingsHomepageActivity,force-crash]
12-23 03:19:09.374 I/wm_task_moved( 1507): [1,1,6]
12-23 03:19:09.374 I/wm_task_moved( 1507): [10,1,2147483647]
12-23 03:19:09.374 I/wm_task_to_front( 1507): [0,10]
12-23 03:19:09.375 I/wm_focused_root_task( 1507): [0,0,1,12,finish-top adjustFocusToNextFocusableTask]
12-23 03:19:09.375 I/wm_set_resumed_activity( 1507): [0,com.android.launcher3/.uioverrides.QuickstepLauncher,finish-top adjustFocusToNextFocusableTask]
12-23 03:19:09.382 I/wm_pause_activity( 1507): [0,136702231,com.android.settings/.homepage.SettingsHomepageActivity,userLeaving=false,finish]
12-23 03:19:09.387 I/sysui_multi_action( 1507): [757,316,758,4,759,-1]
12-23 03:19:09.406 I/input_focus( 1507): [Focus leaving 89e3ba3 com.android.settings/com.android.settings.homepage.SettingsHomepageActivity (server),reason=NO_WINDOW]
12-23 03:19:09.457 I/am_proc_died( 1507): [0,13190,com.android.settings,0,2]
12-23 03:19:09.467 I/wm_task_removed( 1507): [12,removeChild:removeChild last r=ActivityRecord{825e917 u0 com.android.settings/.homepage.SettingsHomepageActivity t-1 f}} in t=Task{f09ae2 #12 type=standard A=1000:com.android.settings.root U=0 visible=false mode=fullscreen translucent=true sz=0}]
12-23 03:19:09.467 I/wm_task_removed( 1507): [12,removeChild]
12-23 03:19:09.470 I/wm_set_resumed_activity( 1507): [0,com.android.launcher3/.uioverrides.QuickstepLauncher,resumeTopActivityInnerLocked]
12-23 03:19:09.473 I/wm_resume_activity( 1507): [0,172149049,10,com.android.launcher3/.uioverrides.QuickstepLauncher]
12-23 03:19:09.484 I/wm_on_restart_called( 2820): [172149049,com.android.launcher3.uioverrides.QuickstepLauncher,performRestartActivity]
12-23 03:19:09.485 I/wm_on_start_called( 2820): [172149049,com.android.launcher3.uioverrides.QuickstepLauncher,handleStartActivity]
12-23 03:19:09.486 I/wm_on_resume_called( 2820): [172149049,com.android.launcher3.uioverrides.QuickstepLauncher,RESUME_ACTIVITY]
12-23 03:19:09.492 I/input_focus( 1507): [Focus request 92cfa7 com.android.launcher3/com.android.launcher3.uioverrides.QuickstepLauncher,reason=UpdateInputWindows]
12-23 03:19:09.507 I/input_focus( 1507): [Focus entering 92cfa7 com.android.launcher3/com.android.launcher3.uioverrides.QuickstepLauncher (server),reason=setFocusedWindow]
12-23 03:19:09.877 I/wm_on_top_resumed_gained_called( 2820): [172149049,com.android.launcher3.uioverrides.QuickstepLauncher,topStateChangedWhenResumed]
12-23 03:19:10.513 I/input_interaction( 1507): Interaction with: 92cfa7 com.android.launcher3/com.android.launcher3.uioverrides.QuickstepLauncher (server), f168a65 com.android.systemui.ImageWallpaper (server), edge-swipe (server), swipe-up (server), PointerEventDispatcher0 (server),
12-23 03:19:10.691 I/input_focus( 1507): [Focus request 1c6a4ad NotificationShade,reason=UpdateInputWindows]
12-23 03:19:10.710 I/input_focus( 1507): [Focus leaving 92cfa7 com.android.launcher3/com.android.launcher3.uioverrides.QuickstepLauncher (server),reason=setFocusedWindow]
12-23 03:19:10.710 I/input_focus( 1507): [Focus entering 1c6a4ad NotificationShade (server),reason=setFocusedWindow]
12-23 03:19:10.717 I/sysui_multi_action( 1507): [757,128,758,1,793,7469135,794,0,795,7469135,796,32,798,1,806,android,857,USB,858,1,947,0,1395,2,1500,7468933,1688,1]
12-23 03:19:10.717 I/sysui_multi_action( 1507): [757,804,799,note_freshness,801,7469135,802,1]
12-23 03:19:10.717 I/notification_visibility( 1507): [-1|android|32|null|1000,1,7469135,7469135,0,1]
12-23 03:19:10.729 I/input_interaction( 1507): Interaction with: 92cfa7 com.android.launcher3/com.android.launcher3.uioverrides.QuickstepLauncher (server), f168a65 com.android.systemui.ImageWallpaper (server), 1c6a4ad NotificationShade (server), edge-swipe (server), swipe-up (server), PointerEventDispatcher0 (server),
12-23 03:19:10.729 I/view_enqueue_input_event( 2820): [Motion - Cancel,com.android.launcher3/com.android.launcher3.uioverrides.QuickstepLauncher]
12-23 03:19:10.731 I/sysui_multi_action( 2359): [757,803,799,panel_open,802,1]
12-23 03:19:10.742 I/input_interaction( 1507): Interaction with: f168a65 com.android.systemui.ImageWallpaper (server), 1c6a4ad NotificationShade (server), edge-swipe (server), swipe-up (server), PointerEventDispatcher0 (server),
12-23 03:19:11.111 I/sysui_multi_action( 2359): [757,111,758,1]
12-23 03:19:11.112 I/sysui_multi_action( 2359): [757,126,758,1,759,126,927,0,928,0,1593,1]
12-23 03:19:11.112 I/sysui_multi_action( 2359): [757,113,758,1,759,113,927,1,928,1,1593,1]
12-23 03:19:11.113 I/sysui_multi_action( 2359): [757,0,758,1,759,0,927,2,928,0,1593,1]
12-23 03:19:11.113 I/sysui_multi_action( 2359): [757,0,758,1,759,0,927,3,928,0,1593,1]
12-23 03:19:11.114 I/sysui_multi_action( 2359): [757,491,758,1,759,491,927,4,928,0,1311,-1,1593,0]
12-23 03:19:11.114 I/sysui_multi_action( 2359): [757,0,758,1,759,0,927,5,928,0,1593,0]
12-23 03:19:11.115 I/sysui_multi_action( 2359): [757,111,758,1]
12-23 03:19:11.115 I/sysui_multi_action( 2359): [757,126,758,1,759,126,927,0,928,0,1593,1]
12-23 03:19:11.116 I/sysui_multi_action( 2359): [757,113,758,1,759,113,927,1,928,1,1593,1]
12-23 03:19:11.116 I/sysui_multi_action( 2359): [757,0,758,1,759,0,927,2,928,0,1593,1]
12-23 03:19:11.117 I/sysui_multi_action( 2359): [757,0,758,1,759,0,927,3,928,0,1593,1]
12-23 03:19:13.054 I/input_interaction( 1507): Interaction with: 1c6a4ad NotificationShade (server), edge-swipe (server), swipe-up (server), PointerEventDispatcher0 (server),
12-23 03:19:13.488 I/notification_enqueue( 1507): [10081,2359,com.android.systemui,2048,NULL,0,Notification(channel=updateNotification shortcut=null contentView=null vibrate=null sound=null defaults=0x0 flags=0x0 color=0x00000000 vis=PRIVATE),1]
12-23 03:19:13.489 I/sysui_multi_action( 2359): [757,111,758,2]
12-23 03:19:13.490 I/sysui_multi_action( 2359): [757,111,758,2]
12-23 03:19:13.698 I/sysui_heads_up_status( 2359): [-1|android|26|null|1000,0]
12-23 03:19:13.726 I/input_focus( 1507): [Focus request 92cfa7 com.android.launcher3/com.android.launcher3.uioverrides.QuickstepLauncher,reason=UpdateInputWindows]
12-23 03:19:13.734 I/input_focus( 1507): [Focus leaving 1c6a4ad NotificationShade (server),reason=NOT_FOCUSABLE]
12-23 03:19:13.734 I/input_focus( 1507): [Focus entering 92cfa7 com.android.launcher3/com.android.launcher3.uioverrides.QuickstepLauncher (server),reason=setFocusedWindow]
12-23 03:19:13.763 I/sysui_multi_action( 1507): [757,128,758,2,793,9043,794,8217,795,9043,796,26,798,0,806,android,857,DEVELOPER_IMPORTANT,858,4,947,0,1395,2,1500,8838,1688,1]
12-23 03:19:13.763 I/notification_visibility( 1507): [-1|android|26|null|1000,0,9043,9043,0,0]
12-23 03:19:13.763 I/sysui_multi_action( 1507): [757,128,758,2,793,7472181,794,3046,795,7472181,796,32,798,1,806,android,857,USB,858,1,947,0,1395,2,1500,7471979,1688,1]
12-23 03:19:13.763 I/notification_visibility( 1507): [-1|android|32|null|1000,0,7472181,7472181,0,1]
12-23 03:19:13.764 I/sysui_multi_action( 1507): [757,127,758,2]
12-23 03:19:13.764 I/notification_panel_hidden( 1507):
12-23 03:19:53.136 I/am_uid_idle( 1507): 10083
12-23 03:20:06.168 I/sysui_multi_action( 1507): [757,1696,758,6,759,2]
12-23 03:20:06.179 I/am_wtf ( 1507): [0,1507,system_server,-1,DisplayDeviceConfig,requesting nits when no mapping exists.]
12-23 03:20:06.183 I/am_wtf ( 1507): [0,1507,system_server,-1,DisplayDeviceConfig,requesting nits when no mapping exists.]
12-23 03:20:06.195 I/am_wtf ( 1507): [0,1507,system_server,-1,DisplayDeviceConfig,requesting nits when no mapping exists.]
12-23 03:20:06.197 I/am_wtf ( 1507): [0,1507,system_server,-1,DisplayDeviceConfig,requesting nits when no mapping exists.]
12-23 03:20:06.210 I/am_wtf ( 1507): [0,1507,system_server,-1,DisplayDeviceConfig,requesting nits when no mapping exists.]
12-23 03:20:06.211 I/am_wtf ( 1507): [0,1507,system_server,-1,DisplayDeviceConfig,requesting nits when no mapping exists.]
12-23 03:20:06.226 I/am_wtf ( 1507): [0,1507,system_server,-1,DisplayDeviceConfig,requesting nits when no mapping exists.]
12-23 03:20:06.227 I/am_wtf ( 1507): [0,1507,system_server,-1,DisplayDeviceConfig,requesting nits when no mapping exists.]
12-23 03:20:06.243 I/am_wtf ( 1507): [0,1507,system_server,-1,DisplayDeviceConfig,requesting nits when no mapping exists.]
12-23 03:20:06.243 I/am_wtf ( 1507): [0,1507,system_server,-1,DisplayDeviceConfig,requesting nits when no mapping exists.]
12-23 03:20:06.260 I/am_wtf ( 1507): [0,1507,system_server,-1,DisplayDeviceConfig,requesting nits when no mapping exists.]
12-23 03:20:06.261 I/am_wtf ( 1507): [0,1507,system_server,-1,DisplayDeviceConfig,requesting nits when no mapping exists.]
12-23 03:20:06.277 I/am_wtf ( 1507): [0,1507,system_server,-1,DisplayDeviceConfig,requesting nits when no mapping exists.]
12-23 03:20:06.277 I/am_wtf ( 1507): [0,1507,system_server,-1,DisplayDeviceConfig,requesting nits when no mapping exists.]
12-23 03:20:06.294 I/am_wtf ( 1507): [0,1507,system_server,-1,DisplayDeviceConfig,requesting nits when no mapping exists.]
12-23 03:20:06.295 I/am_wtf ( 1507): [0,1507,system_server,-1,DisplayDeviceConfig,requesting nits when no mapping exists.]
12-23 03:20:06.310 I/am_wtf ( 1507): [0,1507,system_server,-1,DisplayDeviceConfig,requesting nits when no mapping exists.]
12-23 03:20:06.311 I/am_wtf ( 1507): [0,1507,system_server,-1,DisplayDeviceConfig,requesting nits when no mapping exists.]
12-23 03:20:06.327 I/am_wtf ( 1507): [0,1507,system_server,-1,DisplayDeviceConfig,requesting nits when no mapping exists.]
12-23 03:20:06.327 I/am_wtf ( 1507): [0,1507,system_server,-1,DisplayDeviceConfig,requesting nits when no mapping exists.]
12-23 03:20:06.343 I/am_wtf ( 1507): [0,1507,system_server,-1,DisplayDeviceConfig,requesting nits when no mapping exists.]
12-23 03:20:06.344 I/am_wtf ( 1507): [0,1507,system_server,-1,DisplayDeviceConfig,requesting nits when no mapping exists.]
12-23 03:20:06.360 I/am_wtf ( 1507): [0,1507,system_server,-1,DisplayDeviceConfig,requesting nits when no mapping exists.]
12-23 03:20:06.361 I/am_wtf ( 1507): [0,1507,system_server,-1,DisplayDeviceConfig,requesting nits when no mapping exists.]
12-23 03:20:06.376 I/am_wtf ( 1507): [0,1507,system_server,-1,DisplayDeviceConfig,requesting nits when no mapping exists.]
12-23 03:20:06.377 I/am_wtf ( 1507): [0,1507,system_server,-1,DisplayDeviceConfig,requesting nits when no mapping exists.]
12-23 03:20:06.393 I/am_wtf ( 1507): [0,1507,system_server,-1,DisplayDeviceConfig,requesting nits when no mapping exists.]
12-23 03:20:06.394 I/am_wtf ( 1507): [0,1507,system_server,-1,DisplayDeviceConfig,requesting nits when no mapping exists.]
12-23 03:20:06.410 I/am_wtf ( 1507): [0,1507,system_server,-1,DisplayDeviceConfig,requesting nits when no mapping exists.]
12-23 03:20:06.412 I/am_wtf ( 1507): [0,1507,system_server,-1,DisplayDeviceConfig,requesting nits when no mapping exists.]
12-23 03:20:06.427 I/am_wtf ( 1507): [0,1507,system_server,-1,DisplayDeviceConfig,requesting nits when no mapping exists.]
12-23 03:20:06.428 I/am_wtf ( 1507): [0,1507,system_server,-1,DisplayDeviceConfig,requesting nits when no mapping exists.]
12-23 03:20:06.444 I/am_wtf ( 1507): [0,1507,system_server,-1,DisplayDeviceConfig,requesting nits when no mapping exists.]
12-23 03:20:06.445 I/am_wtf ( 1507): [0,1507,system_server,-1,DisplayDeviceConfig,requesting nits when no mapping exists.]
12-23 03:20:06.461 I/am_wtf ( 1507): [0,1507,system_server,-1,DisplayDeviceConfig,requesting nits when no mapping exists.]
12-23 03:20:06.462 I/am_wtf ( 1507): [0,1507,system_server,-1,DisplayDeviceConfig,requesting nits when no mapping exists.]
12-23 03:20:06.477 I/am_wtf ( 1507): [0,1507,system_server,-1,DisplayDeviceConfig,requesting nits when no mapping exists.]
12-23 03:20:06.478 I/am_wtf ( 1507): [0,1507,system_server,-1,DisplayDeviceConfig,requesting nits when no mapping exists.]
12-23 03:20:06.494 I/am_wtf ( 1507): [0,1507,system_server,-1,DisplayDeviceConfig,requesting nits when no mapping exists.]
12-23 03:20:06.495 I/am_wtf ( 1507): [0,1507,system_server,-1,DisplayDeviceConfig,requesting nits when no mapping exists.]
12-23 03:20:06.511 I/am_wtf ( 1507): [0,1507,system_server,-1,DisplayDeviceConfig,requesting nits when no mapping exists.]
12-23 03:20:06.511 I/am_wtf ( 1507): [0,1507,system_server,-1,DisplayDeviceConfig,requesting nits when no mapping exists.]
12-23 03:20:06.527 I/am_wtf ( 1507): [0,1507,system_server,-1,DisplayDeviceConfig,requesting nits when no mapping exists.]
12-23 03:20:06.528 I/am_wtf ( 1507): [0,1507,system_server,-1,DisplayDeviceConfig,requesting nits when no mapping exists.]
12-23 03:20:06.529 I/service_manager_stats( 1507): [100,51,68353]
12-23 03:20:06.544 I/am_wtf ( 1507): [0,1507,system_server,-1,DisplayDeviceConfig,requesting nits when no mapping exists.]
12-23 03:20:06.545 I/am_wtf ( 1507): [0,1507,system_server,-1,DisplayDeviceConfig,requesting nits when no mapping exists.]
12-23 03:20:06.560 I/am_wtf ( 1507): [0,1507,system_server,-1,DisplayDeviceConfig,requesting nits when no mapping exists.]
12-23 03:20:06.561 I/am_wtf ( 1507): [0,1507,system_server,-1,DisplayDeviceConfig,requesting nits when no mapping exists.]
12-23 03:20:06.577 I/am_wtf ( 1507): [0,1507,system_server,-1,DisplayDeviceConfig,requesting nits when no mapping exists.]
12-23 03:20:06.578 I/am_wtf ( 1507): [0,1507,system_server,-1,DisplayDeviceConfig,requesting nits when no mapping exists.]
12-23 03:20:06.594 I/am_wtf ( 1507): [0,1507,system_server,-1,DisplayDeviceConfig,requesting nits when no mapping exists.]
12-23 03:20:06.595 I/am_wtf ( 1507): [0,1507,system_server,-1,DisplayDeviceConfig,requesting nits when no mapping exists.]
12-23 03:20:06.610 I/am_wtf ( 1507): [0,1507,system_server,-1,DisplayDeviceConfig,requesting nits when no mapping exists.]
12-23 03:20:06.611 I/am_wtf ( 1507): [0,1507,system_server,-1,DisplayDeviceConfig,requesting nits when no mapping exists.]
12-23 03:20:06.627 I/am_wtf ( 1507): [0,1507,system_server,-1,DisplayDeviceConfig,requesting nits when no mapping exists.]
12-23 03:20:06.628 I/am_wtf ( 1507): [0,1507,system_server,-1,DisplayDeviceConfig,requesting nits when no mapping exists.]
12-23 03:20:06.644 I/am_wtf ( 1507): [0,1507,system_server,-1,DisplayDeviceConfig,requesting nits when no mapping exists.]
12-23 03:20:06.645 I/am_wtf ( 1507): [0,1507,system_server,-1,DisplayDeviceConfig,requesting nits when no mapping exists.]
12-23 03:20:06.661 I/am_wtf ( 1507): [0,1507,system_server,-1,DisplayDeviceConfig,requesting nits when no mapping exists.]
12-23 03:20:06.661 I/am_wtf ( 1507): [0,1507,system_server,-1,DisplayDeviceConfig,requesting nits when no mapping exists.]
12-23 03:20:06.677 I/am_wtf ( 1507): [0,1507,system_server,-1,DisplayDeviceConfig,requesting nits when no mapping exists.]
12-23 03:20:06.678 I/am_wtf ( 1507): [0,1507,system_server,-1,DisplayDeviceConfig,requesting nits when no mapping exists.]
12-23 03:20:06.694 I/am_wtf ( 1507): [0,1507,system_server,-1,DisplayDeviceConfig,requesting nits when no mapping exists.]
12-23 03:20:06.695 I/am_wtf ( 1507): [0,1507,system_server,-1,DisplayDeviceConfig,requesting nits when no mapping exists.]
12-23 03:20:06.711 I/am_wtf ( 1507): [0,1507,system_server,-1,DisplayDeviceConfig,requesting nits when no mapping exists.]
12-23 03:20:06.712 I/am_wtf ( 1507): [0,1507,system_server,-1,DisplayDeviceConfig,requesting nits when no mapping exists.]
12-23 03:20:06.727 I/am_wtf ( 1507): [0,1507,system_server,-1,DisplayDeviceConfig,requesting nits when no mapping exists.]
12-23 03:20:06.728 I/am_wtf ( 1507): [0,1507,system_server,-1,DisplayDeviceConfig,requesting nits when no mapping exists.]
12-23 03:20:06.744 I/am_wtf ( 1507): [0,1507,system_server,-1,DisplayDeviceConfig,requesting nits when no mapping exists.]
12-23 03:20:06.745 I/am_wtf ( 1507): [0,1507,system_server,-1,DisplayDeviceConfig,requesting nits when no mapping exists.]
12-23 03:20:06.761 I/am_wtf ( 1507): [0,1507,system_server,-1,DisplayDeviceConfig,requesting nits when no mapping exists.]
12-23 03:20:06.762 I/am_wtf ( 1507): [0,1507,system_server,-1,DisplayDeviceConfig,requesting nits when no mapping exists.]
12-23 03:20:06.777 I/am_wtf ( 1507): [0,1507,system_server,-1,DisplayDeviceConfig,requesting nits when no mapping exists.]
12-23 03:20:06.778 I/am_wtf ( 1507): [0,1507,system_server,-1,DisplayDeviceConfig,requesting nits when no mapping exists.]
12-23 03:20:06.794 I/am_wtf ( 1507): [0,1507,system_server,-1,DisplayDeviceConfig,requesting nits when no mapping exists.]
12-23 03:20:06.795 I/am_wtf ( 1507): [0,1507,system_server,-1,DisplayDeviceConfig,requesting nits when no mapping exists.]
12-23 03:20:06.811 I/am_wtf ( 1507): [0,1507,system_server,-1,DisplayDeviceConfig,requesting nits when no mapping exists.]
12-23 03:20:06.812 I/am_wtf ( 1507): [0,1507,system_server,-1,DisplayDeviceConfig,requesting nits when no mapping exists.]
12-23 03:20:06.828 I/am_wtf ( 1507): [0,1507,system_server,-1,DisplayDeviceConfig,requesting nits when no mapping exists.]
12-23 03:20:06.829 I/am_wtf ( 1507): [0,1507,system_server,-1,DisplayDeviceConfig,requesting nits when no mapping exists.]
12-23 03:20:06.845 I/am_wtf ( 1507): [0,1507,system_server,-1,DisplayDeviceConfig,requesting nits when no mapping exists.]
12-23 03:20:06.846 I/am_wtf ( 1507): [0,1507,system_server,-1,DisplayDeviceConfig,requesting nits when no mapping exists.]
12-23 03:20:06.861 I/am_wtf ( 1507): [0,1507,system_server,-1,DisplayDeviceConfig,requesting nits when no mapping exists.]
12-23 03:20:06.862 I/am_wtf ( 1507): [0,1507,system_server,-1,DisplayDeviceConfig,requesting nits when no mapping exists.]
12-23 03:20:06.878 I/am_wtf ( 1507): [0,1507,system_server,-1,DisplayDeviceConfig,requesting nits when no mapping exists.]
12-23 03:20:06.879 I/am_wtf ( 1507): [0,1507,system_server,-1,DisplayDeviceConfig,requesting nits when no mapping exists.]
12-23 03:20:06.895 I/am_wtf ( 1507): [0,1507,system_server,-1,DisplayDeviceConfig,requesting nits when no mapping exists.]
12-23 03:20:06.896 I/am_wtf ( 1507): [0,1507,system_server,-1,DisplayDeviceConfig,requesting nits when no mapping exists.]
12-23 03:20:06.911 I/am_wtf ( 1507): [0,1507,system_server,-1,DisplayDeviceConfig,requesting nits when no mapping exists.]
12-23 03:20:06.912 I/am_wtf ( 1507): [0,1507,system_server,-1,DisplayDeviceConfig,requesting nits when no mapping exists.]
12-23 03:20:06.928 I/am_wtf ( 1507): [0,1507,system_server,-1,DisplayDeviceConfig,requesting nits when no mapping exists.]
12-23 03:20:06.929 I/am_wtf ( 1507): [0,1507,system_server,-1,DisplayDeviceConfig,requesting nits when no mapping exists.]
12-23 03:20:06.945 I/am_wtf ( 1507): [0,1507,system_server,-1,DisplayDeviceConfig,requesting nits when no mapping exists.]
12-23 03:20:06.945 I/am_wtf ( 1507): [0,1507,system_server,-1,DisplayDeviceConfig,requesting nits when no mapping exists.]
12-23 03:20:06.961 I/am_wtf ( 1507): [0,1507,system_server,-1,DisplayDeviceConfig,requesting nits when no mapping exists.]
12-23 03:20:06.962 I/am_wtf ( 1507): [0,1507,system_server,-1,DisplayDeviceConfig,requesting nits when no mapping exists.]
12-23 03:20:06.978 I/am_wtf ( 1507): [0,1507,system_server,-1,DisplayDeviceConfig,requesting nits when no mapping exists.]
12-23 03:20:06.979 I/am_wtf ( 1507): [0,1507,system_server,-1,DisplayDeviceConfig,requesting nits when no mapping exists.]
12-23 03:20:06.995 I/am_wtf ( 1507): [0,1507,system_server,-1,DisplayDeviceConfig,requesting nits when no mapping exists.]
12-23 03:20:06.996 I/am_wtf ( 1507): [0,1507,system_server,-1,DisplayDeviceConfig,requesting nits when no mapping exists.]
12-23 03:20:07.011 I/am_wtf ( 1507): [0,1507,system_server,-1,DisplayDeviceConfig,requesting nits when no mapping exists.]
12-23 03:20:07.012 I/am_wtf ( 1507): [0,1507,system_server,-1,DisplayDeviceConfig,requesting nits when no mapping exists.]
12-23 03:20:07.028 I/am_wtf ( 1507): [0,1507,system_server,-1,DisplayDeviceConfig,requesting nits when no mapping exists.]
12-23 03:20:07.029 I/am_wtf ( 1507): [0,1507,system_server,-1,DisplayDeviceConfig,requesting nits when no mapping exists.]
12-23 03:20:07.045 I/am_wtf ( 1507): [0,1507,system_server,-1,DisplayDeviceConfig,requesting nits when no mapping exists.]
12-23 03:20:07.046 I/am_wtf ( 1507): [0,1507,system_server,-1,DisplayDeviceConfig,requesting nits when no mapping exists.]
12-23 03:20:07.062 I/am_wtf ( 1507): [0,1507,system_server,-1,DisplayDeviceConfig,requesting nits when no mapping exists.]
12-23 03:20:07.063 I/am_wtf ( 1507): [0,1507,system_server,-1,DisplayDeviceConfig,requesting nits when no mapping exists.]
12-23 03:20:07.078 I/am_wtf ( 1507): [0,1507,system_server,-1,DisplayDeviceConfig,requesting nits when no mapping exists.]
12-23 03:20:07.079 I/am_wtf ( 1507): [0,1507,system_server,-1,DisplayDeviceConfig,requesting nits when no mapping exists.]
12-23 03:20:07.095 I/am_wtf ( 1507): [0,1507,system_server,-1,DisplayDeviceConfig,requesting nits when no mapping exists.]
12-23 03:20:07.096 I/am_wtf ( 1507): [0,1507,system_server,-1,DisplayDeviceConfig,requesting nits when no mapping exists.]
12-23 03:20:07.112 I/am_wtf ( 1507): [0,1507,system_server,-1,DisplayDeviceConfig,requesting nits when no mapping exists.]
12-23 03:20:07.113 I/am_wtf ( 1507): [0,1507,system_server,-1,DisplayDeviceConfig,requesting nits when no mapping exists.]
12-23 03:20:07.128 I/am_wtf ( 1507): [0,1507,system_server,-1,DisplayDeviceConfig,requesting nits when no mapping exists.]
12-23 03:20:07.129 I/am_wtf ( 1507): [0,1507,system_server,-1,DisplayDeviceConfig,requesting nits when no mapping exists.]
12-23 03:20:09.356 I/am_uid_idle( 1507): 10093
12-23 03:20:11.618 I/am_uid_idle( 1507): 10063
12-23 03:20:13.177 I/sysui_multi_action( 1507): [757,222,758,1]
12-23 03:20:13.179 I/am_uid_active( 1507): 10050
12-23 03:20:13.189 I/am_pss ( 1507): [13741,10019,android.process.media,11478016,8712192,0,103309312,0,19,11]
12-23 03:20:13.202 I/wm_task_created( 1507): [15,-1]
12-23 03:20:13.206 I/wm_task_moved( 1507): [15,1,6]
12-23 03:20:13.206 I/wm_task_to_front( 1507): [0,15]
12-23 03:20:13.206 I/wm_create_task( 1507): [0,15]
12-23 03:20:13.206 I/wm_create_activity( 1507): [0,183511466,15,com.thundercomm.screensaver/android.service.dreams.DreamActivity,NULL,NULL,NULL,276824064]
12-23 03:20:13.206 I/wm_task_moved( 1507): [15,1,6]
12-23 03:20:13.206 I/wm_on_top_resumed_lost_called( 2820): [172149049,com.android.launcher3.uioverrides.QuickstepLauncher,topStateChangedWhenResumed]
12-23 03:20:13.207 I/wm_pause_activity( 1507): [0,172149049,com.android.launcher3/.uioverrides.QuickstepLauncher,userLeaving=true,pauseBackTasks]
12-23 03:20:13.209 I/wm_on_paused_called( 2820): [172149049,com.android.launcher3.uioverrides.QuickstepLauncher,performPause]
12-23 03:20:13.210 I/wm_add_to_stopping( 1507): [0,172149049,com.android.launcher3/.uioverrides.QuickstepLauncher,makeInvisible]
12-23 03:20:13.210 I/wm_restart_activity( 1507): [0,183511466,15,com.thundercomm.screensaver/android.service.dreams.DreamActivity]
12-23 03:20:13.211 I/wm_set_resumed_activity( 1507): [0,com.thundercomm.screensaver/android.service.dreams.DreamActivity,minimalResumeActivityLocked]
12-23 03:20:13.216 I/sysui_multi_action( 1507): [757,803,799,window_time_0,802,66]
12-23 03:20:13.217 I/wm_on_create_called( 4978): [183511466,android.service.dreams.DreamActivity,performCreate]
12-23 03:20:13.217 I/wm_on_start_called( 4978): [183511466,android.service.dreams.DreamActivity,handleStartActivity]
12-23 03:20:13.217 I/wm_on_resume_called( 4978): [183511466,android.service.dreams.DreamActivity,RESUME_ACTIVITY]
12-23 03:20:13.219 I/wm_on_top_resumed_gained_called( 4978): [183511466,android.service.dreams.DreamActivity,topStateChangedWhenResumed]
12-23 03:20:13.222 I/am_uid_active( 1507): 10063
12-23 03:20:13.226 I/input_focus( 1507): [Focus leaving 92cfa7 com.android.launcher3/com.android.launcher3.uioverrides.QuickstepLauncher (server),reason=NO_WINDOW]
12-23 03:20:13.235 I/input_focus( 1507): [Focus request aff3676 com.thundercomm.screensaver/android.service.dreams.DreamActivity,reason=UpdateInputWindows]
12-23 03:20:13.242 I/sysui_multi_action( 1507): [319,44,322,43,325,7554,757,761,758,8,759,2,806,com.thundercomm.screensaver,871,android.service.dreams.DreamActivity,904,com.thundercomm.screensaver,905,0,1320,4,1321,2]
12-23 03:20:13.243 I/wm_activity_launch_time( 1507): [0,183511466,com.thundercomm.screensaver/android.service.dreams.DreamActivity,43]
12-23 03:20:13.244 I/sysui_multi_action( 1507): [757,1696,758,6,759,3]
12-23 03:20:13.258 I/am_wtf ( 1507): [0,1507,system_server,-1,DisplayDeviceConfig,requesting nits when no mapping exists.]
12-23 03:20:13.259 I/am_wtf ( 1507): [0,1507,system_server,-1,DisplayDeviceConfig,requesting nits when no mapping exists.]
12-23 03:20:13.259 I/input_focus( 1507): [Focus entering aff3676 com.thundercomm.screensaver/android.service.dreams.DreamActivity (server),reason=Window became focusable. Previous reason: NOT_VISIBLE]
12-23 03:20:13.275 I/am_wtf ( 1507): [0,1507,system_server,-1,DisplayDeviceConfig,requesting nits when no mapping exists.]
12-23 03:20:13.275 I/am_wtf ( 1507): [0,1507,system_server,-1,DisplayDeviceConfig,requesting nits when no mapping exists.]
12-23 03:20:13.292 I/am_wtf ( 1507): [0,1507,system_server,-1,DisplayDeviceConfig,requesting nits when no mapping exists.]
12-23 03:20:13.293 I/am_wtf ( 1507): [0,1507,system_server,-1,DisplayDeviceConfig,requesting nits when no mapping exists.]
12-23 03:20:13.309 I/am_wtf ( 1507): [0,1507,system_server,-1,DisplayDeviceConfig,requesting nits when no mapping exists.]
12-23 03:20:13.309 I/am_wtf ( 1507): [0,1507,system_server,-1,DisplayDeviceConfig,requesting nits when no mapping exists.]
12-23 03:20:13.325 I/am_wtf ( 1507): [0,1507,system_server,-1,DisplayDeviceConfig,requesting nits when no mapping exists.]
12-23 03:20:13.326 I/am_wtf ( 1507): [0,1507,system_server,-1,DisplayDeviceConfig,requesting nits when no mapping exists.]
12-23 03:20:13.342 I/am_wtf ( 1507): [0,1507,system_server,-1,DisplayDeviceConfig,requesting nits when no mapping exists.]
12-23 03:20:13.343 I/am_wtf ( 1507): [0,1507,system_server,-1,DisplayDeviceConfig,requesting nits when no mapping exists.]
12-23 03:20:13.359 I/am_wtf ( 1507): [0,1507,system_server,-1,DisplayDeviceConfig,requesting nits when no mapping exists.]
12-23 03:20:13.359 I/am_wtf ( 1507): [0,1507,system_server,-1,DisplayDeviceConfig,requesting nits when no mapping exists.]
12-23 03:20:13.375 I/am_wtf ( 1507): [0,1507,system_server,-1,DisplayDeviceConfig,requesting nits when no mapping exists.]
12-23 03:20:13.376 I/am_wtf ( 1507): [0,1507,system_server,-1,DisplayDeviceConfig,requesting nits when no mapping exists.]
12-23 03:20:13.393 I/am_wtf ( 1507): [0,1507,system_server,-1,DisplayDeviceConfig,requesting nits when no mapping exists.]
12-23 03:20:13.393 I/am_wtf ( 1507): [0,1507,system_server,-1,DisplayDeviceConfig,requesting nits when no mapping exists.]
12-23 03:20:13.409 I/am_wtf ( 1507): [0,1507,system_server,-1,DisplayDeviceConfig,requesting nits when no mapping exists.]
12-23 03:20:13.409 I/am_wtf ( 1507): [0,1507,system_server,-1,DisplayDeviceConfig,requesting nits when no mapping exists.]
12-23 03:20:13.426 I/am_wtf ( 1507): [0,1507,system_server,-1,DisplayDeviceConfig,requesting nits when no mapping exists.]
12-23 03:20:13.426 I/am_wtf ( 1507): [0,1507,system_server,-1,DisplayDeviceConfig,requesting nits when no mapping exists.]
12-23 03:20:13.426 I/service_manager_stats( 1507): [100,42,6898]
12-23 03:20:13.443 I/am_wtf ( 1507): [0,1507,system_server,-1,DisplayDeviceConfig,requesting nits when no mapping exists.]
12-23 03:20:13.443 I/am_wtf ( 1507): [0,1507,system_server,-1,DisplayDeviceConfig,requesting nits when no mapping exists.]
12-23 03:20:13.460 I/am_wtf ( 1507): [0,1507,system_server,-1,DisplayDeviceConfig,requesting nits when no mapping exists.]
12-23 03:20:13.460 I/am_wtf ( 1507): [0,1507,system_server,-1,DisplayDeviceConfig,requesting nits when no mapping exists.]
12-23 03:20:13.476 I/am_wtf ( 1507): [0,1507,system_server,-1,DisplayDeviceConfig,requesting nits when no mapping exists.]
12-23 03:20:13.476 I/am_wtf ( 1507): [0,1507,system_server,-1,DisplayDeviceConfig,requesting nits when no mapping exists.]
12-23 03:20:13.493 I/am_wtf ( 1507): [0,1507,system_server,-1,DisplayDeviceConfig,requesting nits when no mapping exists.]
12-23 03:20:13.493 I/am_wtf ( 1507): [0,1507,system_server,-1,DisplayDeviceConfig,requesting nits when no mapping exists.]
12-23 03:20:13.510 I/am_wtf ( 1507): [0,1507,system_server,-1,DisplayDeviceConfig,requesting nits when no mapping exists.]
12-23 03:20:13.510 I/am_wtf ( 1507): [0,1507,system_server,-1,DisplayDeviceConfig,requesting nits when no mapping exists.]
12-23 03:20:13.527 I/am_wtf ( 1507): [0,1507,system_server,-1,DisplayDeviceConfig,requesting nits when no mapping exists.]
12-23 03:20:13.527 I/am_wtf ( 1507): [0,1507,system_server,-1,DisplayDeviceConfig,requesting nits when no mapping exists.]
12-23 03:20:13.544 I/am_wtf ( 1507): [0,1507,system_server,-1,DisplayDeviceConfig,requesting nits when no mapping exists.]
12-23 03:20:13.544 I/am_wtf ( 1507): [0,1507,system_server,-1,DisplayDeviceConfig,requesting nits when no mapping exists.]
12-23 03:20:13.544 I/wm_stop_activity( 1507): [0,172149049,com.android.launcher3/.uioverrides.QuickstepLauncher]
12-23 03:20:13.559 I/am_wtf ( 1507): [0,1507,system_server,-1,DisplayDeviceConfig,requesting nits when no mapping exists.]
12-23 03:20:13.561 I/am_wtf ( 1507): [0,1507,system_server,-1,DisplayDeviceConfig,requesting nits when no mapping exists.]
12-23 03:20:13.562 I/wm_on_stop_called( 2820): [172149049,com.android.launcher3.uioverrides.QuickstepLauncher,STOP_ACTIVITY_ITEM]
12-23 03:20:13.576 I/am_wtf ( 1507): [0,1507,system_server,-1,DisplayDeviceConfig,requesting nits when no mapping exists.]
12-23 03:20:13.577 I/am_wtf ( 1507): [0,1507,system_server,-1,DisplayDeviceConfig,requesting nits when no mapping exists.]
12-23 03:20:13.593 I/am_wtf ( 1507): [0,1507,system_server,-1,DisplayDeviceConfig,requesting nits when no mapping exists.]
12-23 03:20:13.593 I/am_wtf ( 1507): [0,1507,system_server,-1,DisplayDeviceConfig,requesting nits when no mapping exists.]
12-23 03:20:13.610 I/am_wtf ( 1507): [0,1507,system_server,-1,DisplayDeviceConfig,requesting nits when no mapping exists.]
12-23 03:20:13.610 I/am_wtf ( 1507): [0,1507,system_server,-1,DisplayDeviceConfig,requesting nits when no mapping exists.]
12-23 03:20:13.626 I/am_wtf ( 1507): [0,1507,system_server,-1,DisplayDeviceConfig,requesting nits when no mapping exists.]
12-23 03:20:13.627 I/am_wtf ( 1507): [0,1507,system_server,-1,DisplayDeviceConfig,requesting nits when no mapping exists.]
12-23 03:20:13.644 I/am_wtf ( 1507): [0,1507,system_server,-1,DisplayDeviceConfig,requesting nits when no mapping exists.]
12-23 03:20:13.644 I/am_wtf ( 1507): [0,1507,system_server,-1,DisplayDeviceConfig,requesting nits when no mapping exists.]
12-23 03:20:13.660 I/am_wtf ( 1507): [0,1507,system_server,-1,DisplayDeviceConfig,requesting nits when no mapping exists.]
12-23 03:20:13.660 I/am_wtf ( 1507): [0,1507,system_server,-1,DisplayDeviceConfig,requesting nits when no mapping exists.]
12-23 03:20:13.677 I/am_wtf ( 1507): [0,1507,system_server,-1,DisplayDeviceConfig,requesting nits when no mapping exists.]
12-23 03:20:13.677 I/am_wtf ( 1507): [0,1507,system_server,-1,DisplayDeviceConfig,requesting nits when no mapping exists.]
12-23 03:20:13.693 I/am_wtf ( 1507): [0,1507,system_server,-1,DisplayDeviceConfig,requesting nits when no mapping exists.]
12-23 03:20:13.693 I/am_wtf ( 1507): [0,1507,system_server,-1,DisplayDeviceConfig,requesting nits when no mapping exists.]
12-23 03:20:13.710 I/am_wtf ( 1507): [0,1507,system_server,-1,DisplayDeviceConfig,requesting nits when no mapping exists.]
12-23 03:20:13.711 I/am_wtf ( 1507): [0,1507,system_server,-1,DisplayDeviceConfig,requesting nits when no mapping exists.]
12-23 03:20:13.727 I/am_wtf ( 1507): [0,1507,system_server,-1,DisplayDeviceConfig,requesting nits when no mapping exists.]
12-23 03:20:13.727 I/am_wtf ( 1507): [0,1507,system_server,-1,DisplayDeviceConfig,requesting nits when no mapping exists.]
12-23 03:20:13.743 I/am_wtf ( 1507): [0,1507,system_server,-1,DisplayDeviceConfig,requesting nits when no mapping exists.]
12-23 03:20:13.744 I/am_wtf ( 1507): [0,1507,system_server,-1,DisplayDeviceConfig,requesting nits when no mapping exists.]
12-23 03:20:13.760 I/am_wtf ( 1507): [0,1507,system_server,-1,DisplayDeviceConfig,requesting nits when no mapping exists.]
12-23 03:20:13.761 I/am_wtf ( 1507): [0,1507,system_server,-1,DisplayDeviceConfig,requesting nits when no mapping exists.]
12-23 03:20:13.777 I/am_wtf ( 1507): [0,1507,system_server,-1,DisplayDeviceConfig,requesting nits when no mapping exists.]
12-23 03:20:13.777 I/am_wtf ( 1507): [0,1507,system_server,-1,DisplayDeviceConfig,requesting nits when no mapping exists.]
12-23 03:20:13.794 I/am_wtf ( 1507): [0,1507,system_server,-1,DisplayDeviceConfig,requesting nits when no mapping exists.]
12-23 03:20:13.794 I/am_wtf ( 1507): [0,1507,system_server,-1,DisplayDeviceConfig,requesting nits when no mapping exists.]
12-23 03:20:13.811 I/am_wtf ( 1507): [0,1507,system_server,-1,DisplayDeviceConfig,requesting nits when no mapping exists.]
12-23 03:20:13.811 I/am_wtf ( 1507): [0,1507,system_server,-1,DisplayDeviceConfig,requesting nits when no mapping exists.]
12-23 03:20:13.827 I/am_wtf ( 1507): [0,1507,system_server,-1,DisplayDeviceConfig,requesting nits when no mapping exists.]
12-23 03:20:13.828 I/am_wtf ( 1507): [0,1507,system_server,-1,DisplayDeviceConfig,requesting nits when no mapping exists.]
12-23 03:20:13.844 I/am_wtf ( 1507): [0,1507,system_server,-1,DisplayDeviceConfig,requesting nits when no mapping exists.]
12-23 03:20:13.844 I/am_wtf ( 1507): [0,1507,system_server,-1,DisplayDeviceConfig,requesting nits when no mapping exists.]
12-23 03:20:13.861 I/am_wtf ( 1507): [0,1507,system_server,-1,DisplayDeviceConfig,requesting nits when no mapping exists.]
12-23 03:20:13.861 I/am_wtf ( 1507): [0,1507,system_server,-1,DisplayDeviceConfig,requesting nits when no mapping exists.]
12-23 03:20:13.877 I/am_wtf ( 1507): [0,1507,system_server,-1,DisplayDeviceConfig,requesting nits when no mapping exists.]
12-23 03:20:13.877 I/am_wtf ( 1507): [0,1507,system_server,-1,DisplayDeviceConfig,requesting nits when no mapping exists.]
12-23 03:20:13.894 I/am_wtf ( 1507): [0,1507,system_server,-1,DisplayDeviceConfig,requesting nits when no mapping exists.]
12-23 03:20:13.894 I/am_wtf ( 1507): [0,1507,system_server,-1,DisplayDeviceConfig,requesting nits when no mapping exists.]
12-23 03:20:13.910 I/am_wtf ( 1507): [0,1507,system_server,-1,DisplayDeviceConfig,requesting nits when no mapping exists.]
12-23 03:20:13.911 I/am_wtf ( 1507): [0,1507,system_server,-1,DisplayDeviceConfig,requesting nits when no mapping exists.]
12-23 03:20:13.927 I/am_wtf ( 1507): [0,1507,system_server,-1,DisplayDeviceConfig,requesting nits when no mapping exists.]
12-23 03:20:13.927 I/am_wtf ( 1507): [0,1507,system_server,-1,DisplayDeviceConfig,requesting nits when no mapping exists.]
12-23 03:20:13.944 I/am_wtf ( 1507): [0,1507,system_server,-1,DisplayDeviceConfig,requesting nits when no mapping exists.]
12-23 03:20:13.944 I/am_wtf ( 1507): [0,1507,system_server,-1,DisplayDeviceConfig,requesting nits when no mapping exists.]
12-23 03:20:13.960 I/am_wtf ( 1507): [0,1507,system_server,-1,DisplayDeviceConfig,requesting nits when no mapping exists.]
12-23 03:20:13.961 I/am_wtf ( 1507): [0,1507,system_server,-1,DisplayDeviceConfig,requesting nits when no mapping exists.]
12-23 03:20:13.978 I/am_wtf ( 1507): [0,1507,system_server,-1,DisplayDeviceConfig,requesting nits when no mapping exists.]
12-23 03:20:13.978 I/am_wtf ( 1507): [0,1507,system_server,-1,DisplayDeviceConfig,requesting nits when no mapping exists.]
12-23 03:20:13.994 I/am_wtf ( 1507): [0,1507,system_server,-1,DisplayDeviceConfig,requesting nits when no mapping exists.]
12-23 03:20:13.995 I/am_wtf ( 1507): [0,1507,system_server,-1,DisplayDeviceConfig,requesting nits when no mapping exists.]
12-23 03:20:14.011 I/am_wtf ( 1507): [0,1507,system_server,-1,DisplayDeviceConfig,requesting nits when no mapping exists.]
12-23 03:20:14.011 I/am_wtf ( 1507): [0,1507,system_server,-1,DisplayDeviceConfig,requesting nits when no mapping exists.]
12-23 03:20:14.027 I/am_wtf ( 1507): [0,1507,system_server,-1,DisplayDeviceConfig,requesting nits when no mapping exists.]
12-23 03:20:14.027 I/am_wtf ( 1507): [0,1507,system_server,-1,DisplayDeviceConfig,requesting nits when no mapping exists.]
12-23 03:20:14.044 I/am_wtf ( 1507): [0,1507,system_server,-1,DisplayDeviceConfig,requesting nits when no mapping exists.]
12-23 03:20:14.044 I/am_wtf ( 1507): [0,1507,system_server,-1,DisplayDeviceConfig,requesting nits when no mapping exists.]
12-23 03:20:14.061 I/am_wtf ( 1507): [0,1507,system_server,-1,DisplayDeviceConfig,requesting nits when no mapping exists.]
12-23 03:20:14.061 I/am_wtf ( 1507): [0,1507,system_server,-1,DisplayDeviceConfig,requesting nits when no mapping exists.]
12-23 03:20:14.077 I/am_wtf ( 1507): [0,1507,system_server,-1,DisplayDeviceConfig,requesting nits when no mapping exists.]
12-23 03:20:14.078 I/am_wtf ( 1507): [0,1507,system_server,-1,DisplayDeviceConfig,requesting nits when no mapping exists.]
12-23 03:20:14.094 I/am_wtf ( 1507): [0,1507,system_server,-1,DisplayDeviceConfig,requesting nits when no mapping exists.]
12-23 03:20:14.094 I/am_wtf ( 1507): [0,1507,system_server,-1,DisplayDeviceConfig,requesting nits when no mapping exists.]
12-23 03:20:14.111 I/am_wtf ( 1507): [0,1507,system_server,-1,DisplayDeviceConfig,requesting nits when no mapping exists.]
12-23 03:20:14.111 I/am_wtf ( 1507): [0,1507,system_server,-1,DisplayDeviceConfig,requesting nits when no mapping exists.]
12-23 03:20:14.128 I/am_wtf ( 1507): [0,1507,system_server,-1,DisplayDeviceConfig,requesting nits when no mapping exists.]
12-23 03:20:14.128 I/am_wtf ( 1507): [0,1507,system_server,-1,DisplayDeviceConfig,requesting nits when no mapping exists.]
12-23 03:20:14.144 I/am_wtf ( 1507): [0,1507,system_server,-1,DisplayDeviceConfig,requesting nits when no mapping exists.]
12-23 03:20:14.144 I/am_wtf ( 1507): [0,1507,system_server,-1,DisplayDeviceConfig,requesting nits when no mapping exists.]
12-23 03:20:14.161 I/am_wtf ( 1507): [0,1507,system_server,-1,DisplayDeviceConfig,requesting nits when no mapping exists.]
12-23 03:20:14.161 I/am_wtf ( 1507): [0,1507,system_server,-1,DisplayDeviceConfig,requesting nits when no mapping exists.]
12-23 03:20:14.178 I/am_wtf ( 1507): [0,1507,system_server,-1,DisplayDeviceConfig,requesting nits when no mapping exists.]
12-23 03:20:14.178 I/am_wtf ( 1507): [0,1507,system_server,-1,DisplayDeviceConfig,requesting nits when no mapping exists.]
12-23 03:20:14.194 I/am_wtf ( 1507): [0,1507,system_server,-1,DisplayDeviceConfig,requesting nits when no mapping exists.]
12-23 03:20:14.194 I/am_wtf ( 1507): [0,1507,system_server,-1,DisplayDeviceConfig,requesting nits when no mapping exists.]
12-23 03:21:19.627 I/am_uid_idle( 1507): 10063
12-23 03:24:37.091 I/input_interaction( 1507): Interaction with: aff3676 com.thundercomm.screensaver/android.service.dreams.DreamActivity (server), edge-swipe (server), swipe-up (server), PointerEventDispatcher0 (server),
12-23 03:24:37.093 I/wm_finish_activity( 1507): [0,183511466,15,com.thundercomm.screensaver/android.service.dreams.DreamActivity,finish-activity]
12-23 03:24:37.093 I/wm_task_moved( 1507): [1,1,5]
12-23 03:24:37.094 I/wm_task_moved( 1507): [10,1,2147483647]
12-23 03:24:37.094 I/wm_task_to_front( 1507): [0,10]
12-23 03:24:37.095 I/wm_focused_root_task( 1507): [0,0,1,15,finish-top adjustFocusToNextFocusableTask]
12-23 03:24:37.095 I/wm_set_resumed_activity( 1507): [0,com.android.launcher3/.uioverrides.QuickstepLauncher,finish-top adjustFocusToNextFocusableTask]
12-23 03:24:37.097 I/wm_pause_activity( 1507): [0,183511466,com.thundercomm.screensaver/android.service.dreams.DreamActivity,userLeaving=false,finish]
12-23 03:24:37.103 I/wm_on_top_resumed_lost_called( 4978): [183511466,android.service.dreams.DreamActivity,topStateChangedWhenResumed]
12-23 03:24:37.104 I/wm_on_paused_called( 4978): [183511466,android.service.dreams.DreamActivity,performPause]
12-23 03:24:37.104 I/sysui_multi_action( 1507): [757,803,799,window_time_0,802,263]
12-23 03:24:37.105 I/wm_add_to_stopping( 1507): [0,183511466,com.thundercomm.screensaver/android.service.dreams.DreamActivity,completeFinishing]
12-23 03:24:37.108 I/wm_set_resumed_activity( 1507): [0,com.android.launcher3/.uioverrides.QuickstepLauncher,resumeTopActivityInnerLocked]
12-23 03:24:37.109 I/wm_resume_activity( 1507): [0,172149049,10,com.android.launcher3/.uioverrides.QuickstepLauncher]
12-23 03:24:37.118 I/wm_on_restart_called( 2820): [172149049,com.android.launcher3.uioverrides.QuickstepLauncher,performRestartActivity]
12-23 03:24:37.118 I/wm_on_start_called( 2820): [172149049,com.android.launcher3.uioverrides.QuickstepLauncher,handleStartActivity]
12-23 03:24:37.119 I/wm_on_resume_called( 2820): [172149049,com.android.launcher3.uioverrides.QuickstepLauncher,RESUME_ACTIVITY]
12-23 03:24:37.119 I/wm_on_top_resumed_gained_called( 2820): [172149049,com.android.launcher3.uioverrides.QuickstepLauncher,topWhenResuming]
12-23 03:24:37.119 I/sysui_multi_action( 1507): [757,803,799,window_time_0,802,0]
12-23 03:24:37.128 I/input_focus( 1507): [Focus leaving aff3676 com.thundercomm.screensaver/android.service.dreams.DreamActivity (server),reason=NO_WINDOW]
12-23 03:24:37.128 I/input_interaction( 1507): Interaction with: edge-swipe (server), swipe-up (server), PointerEventDispatcher0 (server),
12-23 03:24:37.132 I/am_uid_active( 1507): 10063
12-23 03:24:37.132 I/view_enqueue_input_event( 4978): [Motion - Cancel,com.thundercomm.screensaver/android.service.dreams.DreamActivity]
12-23 03:24:37.138 I/input_focus( 1507): [Focus request 92cfa7 com.android.launcher3/com.android.launcher3.uioverrides.QuickstepLauncher,reason=UpdateInputWindows]
12-23 03:24:37.141 I/am_pss ( 1507): [13741,10019,android.process.media,11478016,8712192,0,103309312,0,19,7]
12-23 03:24:37.149 I/am_pss ( 1507): [8963,1000,com.thundercomm.gamemode,19422208,14983168,0,123269120,0,10,7]
12-23 03:24:37.155 I/am_pss ( 1507): [8936,1000,com.qti.diagservices,6288384,3764224,0,94752768,0,10,5]
12-23 03:24:37.161 I/input_focus( 1507): [Focus entering 92cfa7 com.android.launcher3/com.android.launcher3.uioverrides.QuickstepLauncher (server),reason=setFocusedWindow]
12-23 03:24:37.396 I/wm_destroy_activity( 1507): [0,183511466,15,com.thundercomm.screensaver/android.service.dreams.DreamActivity,finish-imm:idle]
12-23 03:24:37.418 I/wm_on_stop_called( 4978): [183511466,android.service.dreams.DreamActivity,LIFECYCLER_STOP_ACTIVITY]
12-23 03:24:37.418 I/wm_on_destroy_called( 4978): [183511466,android.service.dreams.DreamActivity,performDestroy]
12-23 03:24:37.421 I/sysui_multi_action( 1507): [757,222,758,2]
12-23 03:24:37.421 I/sysui_multi_action( 1507): [757,804,799,dreaming_minutes,801,4,802,1]
12-23 03:24:37.432 I/wm_task_removed( 1507): [15,removeChild:removeChild last r=ActivityRecord{af029aa u0 com.thundercomm.screensaver/android.service.dreams.DreamActivity t-1 f}} in t=Task{2ff4967 #15 type=dream A=10050:android:com.thundercomm.screensaver/dream U=0 visible=false mode=fullscreen translucent=true sz=0}]
12-23 03:24:37.432 I/wm_task_removed( 1507): [15,removeChild]
12-23 03:24:38.033 I/input_interaction( 1507): Interaction with: 92cfa7 com.android.launcher3/com.android.launcher3.uioverrides.QuickstepLauncher (server), f168a65 com.android.systemui.ImageWallpaper (server), edge-swipe (server), swipe-up (server), PointerEventDispatcher0 (server),
12-23 03:24:38.237 I/view_enqueue_input_event( 2820): [Motion - Cancel,com.android.launcher3/com.android.launcher3.uioverrides.QuickstepLauncher]
12-23 03:24:38.249 I/input_interaction( 1507): Interaction with: edge-swipe (server), swipe-up (server), PointerEventDispatcher0 (server),
12-23 03:24:38.359 I/service_manager_stats( 1507): [100,18,264933]
12-23 03:24:38.420 I/commit_sys_config_file( 1507): [settings-1-0,4]
12-23 03:24:38.996 I/commit_sys_config_file( 1507): [settings-1-0,6]
12-23 03:24:40.028 I/input_interaction( 1507): Interaction with: 92cfa7 com.android.launcher3/com.android.launcher3.uioverrides.QuickstepLauncher (server), f168a65 com.android.systemui.ImageWallpaper (server), edge-swipe (server), swipe-up (server), PointerEventDispatcher0 (server),
12-23 03:24:42.015 I/wm_task_created( 1507): [16,-1]
12-23 03:24:42.017 I/wm_task_moved( 1507): [16,1,6]
12-23 03:24:42.017 I/wm_task_to_front( 1507): [0,16]
12-23 03:24:42.017 I/wm_create_task( 1507): [0,16]
12-23 03:24:42.017 I/wm_create_activity( 1507): [0,197961297,16,com.android.settings/.Settings,android.intent.action.MAIN,NULL,NULL,270532608]
12-23 03:24:42.017 I/wm_task_moved( 1507): [16,1,6]
12-23 03:24:42.019 I/wm_pause_activity( 1507): [0,172149049,com.android.launcher3/.uioverrides.QuickstepLauncher,userLeaving=true,pauseBackTasks]
12-23 03:24:42.023 I/wm_on_top_resumed_lost_called( 2820): [172149049,com.android.launcher3.uioverrides.QuickstepLauncher,topStateChangedWhenResumed]
12-23 03:24:42.023 I/wm_on_paused_called( 2820): [172149049,com.android.launcher3.uioverrides.QuickstepLauncher,performPause]
12-23 03:24:42.024 I/wm_add_to_stopping( 1507): [0,172149049,com.android.launcher3/.uioverrides.QuickstepLauncher,makeInvisible]
12-23 03:24:42.026 I/sysui_multi_action( 1507): [757,803,799,window_time_0,802,5]
12-23 03:24:42.030 I/am_proc_start( 1507): [0,13854,1000,com.android.settings,pre-top-activity,{com.android.settings/com.android.settings.Settings}]
12-23 03:24:42.043 I/am_proc_bound( 1507): [0,13854,com.android.settings]
12-23 03:24:42.048 I/wm_restart_activity( 1507): [0,197961297,16,com.android.settings/.Settings]
12-23 03:24:42.048 I/wm_set_resumed_activity( 1507): [0,com.android.settings/.Settings,minimalResumeActivityLocked]
12-23 03:24:42.057 I/input_focus( 1507): [Focus leaving 92cfa7 com.android.launcher3/com.android.launcher3.uioverrides.QuickstepLauncher (server),reason=NO_WINDOW]
12-23 03:24:42.068 I/am_wtf ( 1507): [0,13854,com.android.settings,952647173,RoleParser,com.android.permissioncontroller.role.model.AssistantRoleBehavior]
12-23 03:24:42.069 I/am_wtf ( 1507): [0,13854,com.android.settings,952647173,RoleParser,com.android.permissioncontroller.role.model.BrowserRoleBehavior]
12-23 03:24:42.070 I/am_wtf ( 1507): [0,13854,com.android.settings,952647173,RoleParser,com.android.permissioncontroller.role.model.DialerRoleBehavior]
12-23 03:24:42.070 I/am_wtf ( 1507): [0,13854,com.android.settings,952647173,RoleParser,com.android.permissioncontroller.role.model.SmsRoleBehavior]
12-23 03:24:42.071 I/am_wtf ( 1507): [0,13854,com.android.settings,952647173,RoleParser,com.android.permissioncontroller.role.model.EmergencyRoleBehavior]
12-23 03:24:42.072 I/am_wtf ( 1507): [0,13854,com.android.settings,952647173,RoleParser,com.android.permissioncontroller.role.model.HomeRoleBehavior]
