12-23 03:49:40.061 I/ActivityTaskManager( 1507): START u0 {act=android.intent.action.MAIN cmp=com.android.settings/.SubSettings (has extras)} from uid 1000
12-23 03:49:40.062 I/EventSequenceValidator( 1507): Transition from ACTIVITY_FINISHED to INTENT_STARTED
12-23 03:49:40.068 I/wm_task_moved( 1507): [21,1,6]
12-23 03:49:40.068 I/wm_set_resumed_activity( 1507): [0,com.android.settings/.Settings,positionChildAt]
12-23 03:49:40.068 I/wm_create_activity( 1507): [0,138057594,21,com.android.settings/.SubSettings,android.intent.action.MAIN,NULL,NULL,0]
12-23 03:49:40.068 D/CompatibilityInfo( 1507): mCompatibilityFlags - 4
12-23 03:49:40.068 D/CompatibilityInfo( 1507): applicationDensity - 240
12-23 03:49:40.068 D/CompatibilityInfo( 1507): applicationScale - 1.0
12-23 03:49:40.069 D/ActivityTrigger( 1507): ActivityTrigger activityPauseTrigger
12-23 03:49:40.069 I/wm_pause_activity( 1507): [0,124469811,com.android.settings/.Settings,userLeaving=true,resumeTopActivityInnerLocked]
12-23 03:49:40.071 I/EventSequenceValidator( 1507): Transition from INTENT_STARTED to INTENT_FAILED
12-23 03:49:40.072 I/wm_on_top_resumed_lost_called(14219): [124469811,com.android.settings.Settings,topStateChangedWhenResumed]
12-23 03:49:40.073 I/sysui_multi_action(14219): [757,35,758,2,1089,4732]
12-23 03:49:40.073 I/sysui_multi_action(14219): [757,103,758,2,1089,2327]
12-23 03:49:40.074 I/wm_on_paused_called(14219): [124469811,com.android.settings.Settings,performPause]
12-23 03:49:40.074 I/ActivityTaskManager( 1507): FOREGROUND_APPLICATION_CHANGED to com.android.settings.SubSettings
12-23 03:49:40.074 I/ActivityTaskManager( 1507): The Process com.android.settings Already Exists in BG. So sending its PID: 14219
12-23 03:49:40.074 W/ActivityTaskManager( 1507): Tried to set launchTime (0) < mLastActivityLaunchTime (9182859)
12-23 03:49:40.074 I/wm_add_to_stopping( 1507): [0,124469811,com.android.settings/.Settings,makeInvisible]
12-23 03:49:40.075 I/wm_restart_activity( 1507): [0,138057594,21,com.android.settings/.SubSettings]
12-23 03:49:40.075 D/CompatibilityInfo( 1507): mCompatibilityFlags - 4
12-23 03:49:40.075 D/CompatibilityInfo( 1507): applicationDensity - 240
12-23 03:49:40.075 D/CompatibilityInfo( 1507): applicationScale - 1.0
12-23 03:49:40.075 I/wm_set_resumed_activity( 1507): [0,com.android.settings/.SubSettings,minimalResumeActivityLocked]
12-23 03:49:40.075 I/OMX-VENC: venc_dev( 1208): stats: avg. fps 36.76, bitrate 2562403
12-23 03:49:40.077 I/sysui_multi_action( 1507): [757,803,799,window_time_0,802,4]
12-23 03:49:40.094 D/SettingsActivity(14219): Starting onCreate
12-23 03:49:40.095 I/am_uid_active( 1507): 10083
12-23 03:49:40.097 D/QCCAuthMgr(14301): SMQContentProvider query uri: content://com.qti.smq.Feedback.provider/smq_settings, selection: key=?, uri_matcher: 1
12-23 03:49:40.097 D/QCCAuthMgr(14301): SMQContentProvider query tableName: smq_settings
12-23 03:49:40.098 D/SettingsActivity(14219): Starting to set activity title
12-23 03:49:40.099 I/thunderperf( 1507): Maybe need boostperf for current app!
12-23 03:49:40.099 I/thunderperf( 1507): Current app pkgName=com.android.settings
12-23 03:49:40.099 D/FgBoostPerfService( 8963): [FgBoostPerfService.perfBoostAcq]start: stat=true pkgName=com.android.settings
12-23 03:49:40.099 V/GameMode_GameTypeUtils( 8963): judge isGame:com.android.settings
12-23 03:49:40.099 I/FgBoostPerfService( 8963): [FgBoostPerfService.perfBoostAcq] not game-mode or game app!
12-23 03:49:40.099 I/ThunderPerfManager( 1507): PerfAcq error : state=true pkgName=com.android.settings
12-23 03:49:40.099 I/ActivityTaskManager( 1507): START u0 {act=android.intent.action.MAIN cmp=com.android.settings/.homepage.SettingsHomepageActivity (has extras)} from uid 1000
12-23 03:49:40.100 I/wm_finish_activity( 1507): [0,138057594,21,com.android.settings/.SubSettings,clear-task-stack]
12-23 03:49:40.103 D/ActivityTrigger( 1507): ActivityTrigger activityPauseTrigger
12-23 03:49:40.103 I/wm_pause_activity( 1507): [0,138057594,com.android.settings/.SubSettings,userLeaving=false,finish]
12-23 03:49:40.103 I/wm_new_intent( 1507): [0,124469811,21,com.android.settings/.Settings,android.intent.action.MAIN,NULL,NULL,270532608]
12-23 03:49:40.103 I/wm_task_moved( 1507): [21,1,6]
12-23 03:49:40.105 W/ActivityTaskManager( 1507): Duplicate finish request for r=ActivityRecord{83a977a u0 com.android.settings/.SubSettings t21 f}}
12-23 03:49:40.105 I/wm_on_create_called(14219): [138057594,com.android.settings.SubSettings,performCreate]
12-23 03:49:40.105 I/EventSequenceValidator( 1507): inc AccIntentStartedEvents to 1
12-23 03:49:40.106 I/wm_add_to_stopping( 1507): [0,138057594,com.android.settings/.SubSettings,completeFinishing]
12-23 03:49:40.106 I/input_focus( 1507): [Focus leaving 9592226 com.android.settings/com.android.settings.Settings (server),reason=NO_WINDOW]
12-23 03:49:40.106 I/ActivityTaskManager( 1507): FOREGROUND_APPLICATION_CHANGED to com.android.settings.homepage.SettingsHomepageActivity
12-23 03:49:40.107 I/wm_set_resumed_activity( 1507): [0,com.android.settings/.Settings,resumeTopActivityInnerLocked]
12-23 03:49:40.107 I/wm_resume_activity( 1507): [0,124469811,21,com.android.settings/.Settings]
12-23 03:49:40.109 I/input_focus( 1507): [Focus request 9592226 com.android.settings/com.android.settings.Settings,reason=UpdateInputWindows]
12-23 03:49:40.109 I/sysui_multi_action( 1507): [757,803,799,window_time_0,802,0]
12-23 03:49:40.111 I/wm_on_activity_result_called(14219): [124469811,com.android.settings.Settings,ACTIVITY_RESULT]
12-23 03:49:40.111 I/wm_on_resume_called(14219): [124469811,com.android.settings.Settings,RESUME_ACTIVITY]
12-23 03:49:40.111 I/sysui_multi_action(14219): [757,35,758,1,833,0,1089,0]
12-23 03:49:40.112 I/sysui_multi_action(14219): [757,103,758,1,833,0,1089,0]
12-23 03:49:40.113 D/UsageGraph(14219): No enabled state changed, skipping updateCategory call
12-23 03:49:40.114 I/wm_on_top_resumed_gained_called(14219): [124469811,com.android.settings.Settings,topWhenResuming]
01-01 10:37:18.044 D/ ( 0): mv2112_read_status
01-01 10:37:18.045 D/mv2112_update_link( 0): 3.0x901(1G): 0x80
01-01 10:37:18.045 D/mv2112_update_link( 0): 3.0x8109(100M): 0x8
01-01 10:37:18.045 D/mv2112_update_link( 0): link 0x0
01-01 10:37:18.045 D/mv2112_read_status( 0): autoneg is disabled
12-23 03:49:40.140 I/input_focus( 1507): [Focus entering 9592226 com.android.settings/com.android.settings.Settings (server),reason=Window became focusable. Previous reason: NO_WINDOW]
12-23 03:49:40.150 W/System ( 2359): A resource failed to call close.
12-23 03:49:40.150 W/System ( 2359): A resource failed to call release.
12-23 03:49:40.150 W/System ( 2359): A resource failed to call release.
12-23 03:49:40.150 W/System ( 2359): A resource failed to call close.
12-23 03:49:40.151 W/System ( 2359): A resource failed to call close.
12-23 03:49:40.151 W/System ( 2359): A resource failed to call release.
12-23 03:49:40.172 I/wm_destroy_activity( 1507): [0,138057594,21,com.android.settings/.SubSettings,finish-imm:idle]
12-23 03:49:40.173 I/wm_on_destroy_called(14219): [138057594,com.android.settings.SubSettings,performDestroy]
12-23 03:49:40.208 I/GameMode_ActivityMonitoringService( 8963): onTaskStackChanged
12-23 03:49:40.210 I/GameMode_ActivityMonitoringService( 8963): Updating top task to: TaskInfoContainer [topActivity=ComponentInfo{com.android.settings/com.android.settings.Settings}, taskId=21, stackId=21, userId=0, displayId=0, position=6
12-23 03:49:40.210 I/GameMode_ActivityMonitoringService( 8963): Notifying about top task: TaskInfoContainer [topActivity=ComponentInfo{com.android.settings/com.android.settings.Settings}, taskId=21, stackId=21, userId=0, displayId=0, position=6
12-23 03:49:40.210 E/GameMode_ActivityMonitoringService( 8963): onActivityLaunch:com.android.settings
12-23 03:49:40.210 V/GameMode_GameTypeUtils( 8963): judge isGame:com.android.settings
12-23 03:49:40.210 V/GameMode_GpuUtils( 8963): fps:60
12-23 03:49:40.211 D/GameMode_GameModeActionUtils( 8963): Show GameMode entry by service!
12-23 03:49:40.211 W/ContextImpl( 8963): Calling a method in the system process without a qualified user: android.app.ContextImpl.startService:1816 android.content.ContextWrapper.startService:774 com.thundercomm.gamemode.ingame.services.GameModeActionUtils.startGameModeService:99 com.thundercomm.gamemode.ingame.services.GameModeActionUtils.startGameModeEntry:22 com.thundercomm.gamemode.ingame.services.ActivityMonitoringService$1.onActivityLaunch:127
12-23 03:49:40.212 D/GameModeIF_GameModeSettings( 8963): getUriFor setting_content_uri_root = content://com.thundercomm.gamemode.api/gamemode_settings , name = gamemode_isgaming
12-23 03:49:40.212 D/GameMode_GameModeService( 8963): type=hide_entry
12-23 03:49:40.213 I/GameModeConfig( 1507): Current uri is uri = content://com.thundercomm.gamemode.api/gamemode_settings/gamemode_isgaming
12-23 03:49:40.213 D/GameModeIF_GameModeSettings( 1507): getUriFor setting_content_uri_root = content://com.thundercomm.gamemode.api/gamemode_settings , name = gamemode_isgaming
12-23 03:49:40.213 D/GameMode_GameSettingsObserver( 8963): Game Data change!!!! uri = content://com.thundercomm.gamemode.api/gamemode_settings/gamemode_isgaming
12-23 03:49:40.213 D/GameModeIF_GameModeSettings( 8963): getUriFor setting_content_uri_root = content://com.thundercomm.gamemode.api/gamemode_settings , name = gamemode_isgaming
12-23 03:49:40.213 D/GameModeIF_GameModeSettings( 8963): gamemode_isgaming set to 0
12-23 03:49:40.214 I/GameModeConfig( 1507): isGameModeOn = true
12-23 03:49:40.214 I/GameModeConfig( 1507): isGaming = false
12-23 03:49:40.214 I/GameModeConfig( 1507): isGameModeOn = true
12-23 03:49:40.214 I/GameModeConfig( 1507): isGaming = false
12-23 03:49:40.214 I/GameModeConfig( 1507): isDisableVoice = true
12-23 03:49:40.215 D/GameMode_GameModeService( 8963): updateGlobalSettings = gamemode_isgaming
12-23 03:49:40.340 D/ConnectivityService( 1507): NetReassign [no changes]
12-23 03:49:40.341 D/ConnectivityService( 1507): requestNetwork for uid/pid:1000/14219 activeRequest: null callbackRequest: 176 [NetworkRequest [ REQUEST id=177, [ Capabilities: INTERNET&NOT_RESTRICTED&TRUSTED&NOT_VCN_MANAGED Uid: 1000 RequestorUid: 1000 RequestorPkg: com.android.settings] ]] callback flags: 0 priority: 2147483647
12-23 03:49:40.341 D/ConnectivityService( 1507): NetReassign [no changes]
12-23 03:49:40.341 D/Ethernet( 1507): got request NetworkRequest [ REQUEST id=177, [ Capabilities: INTERNET&NOT_RESTRICTED&TRUSTED&NOT_VCN_MANAGED Uid: 1000 RequestorUid: 1000 RequestorPkg: com.android.settings] ]
12-23 03:49:40.341 D/EthernetNetworkFactory( 1507): acceptRequest, request: NetworkRequest [ REQUEST id=177, [ Capabilities: INTERNET&NOT_RESTRICTED&TRUSTED&NOT_VCN_MANAGED Uid: 1000 RequestorUid: 1000 RequestorPkg: com.android.settings] ]
12-23 03:49:40.341 I/EthernetNetworkFactory( 1507): networkForRequest, request: NetworkRequest [ REQUEST id=177, [ Capabilities: INTERNET&NOT_RESTRICTED&TRUSTED&NOT_VCN_MANAGED Uid: 1000 RequestorUid: 1000 RequestorPkg: com.android.settings] ], network: null
12-23 03:49:40.341 D/WifiNetworkFactory( 1507): got request NetworkRequest [ REQUEST id=177, [ Capabilities: INTERNET&NOT_RESTRICTED&TRUSTED&NOT_VCN_MANAGED Uid: 1000 RequestorUid: 1000 RequestorPkg: com.android.settings] ]
12-23 03:49:40.342 D/UntrustedWifiNetworkFactory( 1507): got request NetworkRequest [ REQUEST id=177, [ Capabilities: INTERNET&NOT_RESTRICTED&TRUSTED&NOT_VCN_MANAGED Uid: 1000 RequestorUid: 1000 RequestorPkg: com.android.settings] ]
12-23 03:49:40.342 D/OemPaidWifiNetworkFactory( 1507): got request NetworkRequest [ REQUEST id=177, [ Capabilities: INTERNET&NOT_RESTRICTED&TRUSTED&NOT_VCN_MANAGED Uid: 1000 RequestorUid: 1000 RequestorPkg: com.android.settings] ]
12-23 03:49:40.342 I/sysui_multi_action(14219): [757,1800,758,1,833,0,1089,31]
12-23 03:49:40.345 I/WifiService( 1507): startScan uid=1000
12-23 03:49:40.347 D/LOWI-9.0.0.87.a( 1331): [LOWI-Scan] wait_event:Wait done with Cmd 33
12-23 03:49:40.347 D/LOWI-9.0.0.87.a( 1331): [LOWI-Scan] do_listen_events: Rcvd valid Netlink Cmd 0 Err 0
01-01 10:37:18.319 I/[schedu][0x29add6d4de][03:49:40.394059] wlan( 0): [14370:I:OSIF] scan start scan id 41015
12-23 03:49:40.959 I/mpu_uart( 647): [MSG-P:RECV]:No message received in 1000 ms
01-01 10:37:19.068 D/ ( 0): mv2112_read_status
01-01 10:37:19.069 D/mv2112_update_link( 0): 3.0x901(1G): 0x80
01-01 10:37:19.069 D/mv2112_update_link( 0): 3.0x8109(100M): 0x8
01-01 10:37:19.069 D/mv2112_update_link( 0): link 0x0
01-01 10:37:19.069 D/mv2112_read_status( 0): autoneg is disabled
12-23 03:49:41.167 I/auditd ( 0): type=1400 audit(0.0:1558): avc: denied { kill } for comm="swapper/6" capability=5 scontext=u:r:kernel:s0 tcontext=u:r:kernel:s0 tclass=capability permissive=0
12-23 03:49:41.167 W/swapper/6( 0): type=1400 audit(0.0:1558): avc: denied { kill } for capability=5 scontext=u:r:kernel:s0 tcontext=u:r:kernel:s0 tclass=capability permissive=0
12-23 03:49:41.318 I/mpu_uart( 647): [MSG-P:R]:recv sync frame timeout
12-23 03:49:41.387 I/OMX-VENC: venc_dev( 1208): stats: avg. fps 32.78, bitrate 2041249
12-23 03:49:41.391 D/BufferPoolAccessor2.0( 1233): bufferpool2 0xb40000706a48ecb8 : 0(0 size) total buffers - 0(0 size) used buffers - 93/97 (recycle/alloc) - 4/96 (fetch/transfer)
12-23 03:49:41.391 D/BufferPoolAccessor2.0( 1233): evictor expired: 1, evicted: 1
12-23 03:49:41.391 D/BufferPoolAccessor2.0( 1195): bufferpool2 0xf0302428 : 0(0 size) total buffers - 0(0 size) used buffers - 93/101 (recycle/alloc) - 8/198 (fetch/transfer)
12-23 03:49:41.391 D/BufferPoolAccessor2.0( 1195): evictor expired: 1, evicted: 1
12-23 03:49:41.577 D/LOWI-9.0.0.87.a( 1331): [LOWI-Scan] wait_event:Wait done with Cmd 34
12-23 03:49:41.577 D/LOWI-9.0.0.87.a( 1331): [LOWI-Scan] do_listen_events: Rcvd valid Netlink Cmd 34 Err 0
12-23 03:49:41.577 D/LOWI-9.0.0.87.a( 1331): [LOWI-Scan]
12-23 03:49:41.577 D/LOWI-9.0.0.87.a( 1331): [LOWI-Scan] print_bss_handler: Report beacon TSF 9321243926 as it greater than probe TSF 9321234999
12-23 03:49:41.577 D/WifiNl80211Manager( 1507): Scan result ready event
12-23 03:49:41.577 D/LOWI-9.0.0.87.a( 1331): [LOWI-Scan] is_qcom_ie, bss_age: 0
12-23 03:49:41.577 D/LOWI-9.0.0.87.a( 1331): [LOWI-Scan] BSS 38:a9:1c:35:03:0b LOWI_PHY_MODE_11AC_VHT80(10), Beacon Interval: 100, LOWI_ENCRYPTION_TYPE_OPEN 11mcRanging: No, ANQP: No, LCI: No, Civic: No, capability(0x0101): ESS SpectrumMgmt
12-23 03:49:41.577 D/LOWI-9.0.0.87.a( 1331): [LOWI-Scan] BSS 38:a9:1c:35:03:0b FREQ: 5180, cFreq1[40:80:160] = [5190:5210:0] cFreq2 = 0 Country Code = US
12-23 03:49:41.577 D/LOWI-9.0.0.87.a( 1331): [LOWI-Scan] BSS 38:a9:1c:35:03:0b (wlan0) ASSO: NO AddInfo: 0x1, TSF 0, 02:35:21.243, RSSI: -74, CPL: 127, AGE: 1144, SSID , TSFDelta: 0x656150e3, TXRate: 0
12-23 03:49:41.577 D/WifiNative( 1507): Scan result ready event
12-23 03:49:41.577 D/LOWI-9.0.0.87.a( 1331): [LOWI-Scan]
12-23 03:49:41.577 D/LOWI-9.0.0.87.a( 1331): [LOWI-Scan] print_bss_handler: Report Probe TSF 9321235571 as it greater than Beacon TSF 9290271439
12-23 03:49:41.577 D/LOWI-9.0.0.87.a( 1331): [LOWI-Scan] decode_rsn_wpa_ie: LOWI_ENCRYPTION_TYPE_WPA_PSK
12-23 03:49:41.577 D/LOWI-9.0.0.87.a( 1331): [LOWI-Scan] is_qcom_ie, bss_age: 0
12-23 03:49:41.577 D/LOWI-9.0.0.87.a( 1331): [LOWI-Scan] BSS 38:a9:1c:35:03:09 LOWI_PHY_MODE_11AC_VHT80(10), Beacon Interval: 100, LOWI_ENCRYPTION_TYPE_WPA_PSK 11mcRanging: No, ANQP: No, LCI: No, Civic: No, capability(0x0511): ESS Privacy SpectrumMgmt ShortSlotTime
12-23 03:49:41.577 D/LOWI-9.0.0.87.a( 1331): [LOWI-Scan] BSS 38:a9:1c:35:03:09 FREQ: 5180, cFreq1[40:80:160] = [5190:5210:0] cFreq2 = 0 Country Code = US
12-23 03:49:41.577 D/LOWI-9.0.0.87.a( 1331): [LOWI-Scan] BSS 38:a9:1c:35:03:09 (wlan0) ASSO: NO AddInfo: 0x0, TSF 0, 02:35:21.235, RSSI: -76, CPL: 127, AGE: 1152, SSID H3C_350304_5G, TSFDelta: 0x6564a7ef, TXRate: 0
12-23 03:49:41.577 D/LOWI-9.0.0.87.a( 1331): [LOWI-Scan]
12-23 03:49:41.577 D/LOWI-9.0.0.87.a( 1331): [LOWI-Scan] print_bss_handler: Report Probe TSF 9321441573 as it greater than Beacon TSF 9321418759
12-23 03:49:41.577 D/LOWI-9.0.0.87.a( 1331): [LOWI-Scan] decode_rsn_wpa_ie: LOWI_ENCRYPTION_TYPE_WPA_PSK
12-23 03:49:41.577 D/LOWI-9.0.0.87.a( 1331): [LOWI-Scan] is_qcom_ie, bss_age: 0
12-23 03:49:41.577 D/LOWI-9.0.0.87.a( 1331): [LOWI-Scan] BSS 5c:02:14:f9:4f:d3 LOWI_PHY_MODE_11AC_VHT80(10), Beacon Interval: 100, LOWI_ENCRYPTION_TYPE_WPA_PSK 11mcRanging: No, ANQP: Yes, LCI: No, Civic: No, capability(0x1931): ESS Privacy ShortPreamble SpectrumMgmt APSD
12-23 03:49:41.577 D/LOWI-9.0.0.87.a( 1331): [LOWI-Scan] BSS 5c:02:14:f9:4f:d3 FREQ: 5745, cFreq1[40:80:160] = [5755:5775:0] cFreq2 = 0 Country Code = CN
12-23 03:49:41.577 D/LOWI-9.0.0.87.a( 1331): [LOWI-Scan] BSS 5c:02:14:f9:4f:d3 (wlan0) ASSO: NO AddInfo: 0x0, TSF 0, 02:35:21.441, RSSI: -100, CPL: 127, AGE: 944, SSID ThunderSoft_XTS_5G, TSFDelta: 0x98d554b7, TXRate: 0
12-23 03:49:41.577 D/LOWI-9.0.0.87.a( 1331): [LOWI-Scan]
12-23 03:49:41.577 D/LOWI-9.0.0.87.a( 1331): [LOWI-Scan] print_bss_handler: Report Probe TSF 9321547250 as it greater than Beacon TSF 9321512533
12-23 03:49:41.577 D/LOWI-9.0.0.87.a( 1331): [LOWI-Scan] decode_rsn_wpa_ie: LOWI_ENCRYPTION_TYPE_WPA_PSK
12-23 03:49:41.577 D/LOWI-9.0.0.87.a( 1331): [LOWI-Scan] is_qcom_ie, bss_age: 0
12-23 03:49:41.577 D/LOWI-9.0.0.87.a( 1331): [LOWI-Scan] BSS 5c:02:14:f9:4f:d2 LOWI_PHY_MODE_11AC_VHT20_2G(11), Beacon Interval: 100, LOWI_ENCRYPTION_TYPE_WPA_PSK 11mcRanging: No, ANQP: Yes, LCI: No, Civic: No, capability(0x1431): ESS Privacy ShortPreamble ShortSlotTime
12-23 03:49:41.577 D/LOWI-9.0.0.87.a( 1331): [LOWI-Scan] BSS 5c:02:14:f9:4f:d2 FREQ: 2427, cFreq1[40:80:160] = [0:0:0] cFreq2 = 0 Country Code = CN
12-23 03:49:41.577 D/LOWI-9.0.0.87.a( 1331): [LOWI-Scan] BSS 5c:02:14:f9:4f:d2 (wlan0) ASSO: NO AddInfo: 0x0, TSF 0, 02:35:21.547, RSSI: -106, CPL: 127, AGE: 840, SSID ThunderSoft_XTS_2.4G, TSFDelta: 0x999554ec, TXRate: 0
12-23 03:49:41.577 D/LOWI-9.0.0.87.a( 1331): [LOWI-Scan]
12-23 03:49:41.577 D/LOWI-9.0.0.87.a( 1331): [LOWI-Scan] print_bss_handler: Report Probe TSF 9316608373 as it greater than Beacon TSF 9302734435
12-23 03:49:41.577 D/LOWI-9.0.0.87.a( 1331): [LOWI-Scan] decode_rsn_wpa_ie: LOWI_ENCRYPTION_TYPE_WPA_PSK
12-23 03:49:41.577 D/LOWI-9.0.0.87.a( 1331): [LOWI-Scan] is_qcom_ie, bss_age: 0
12-23 03:49:41.577 D/LOWI-9.0.0.87.a( 1331): [LOWI-Scan] BSS 18:6f:2d:0a:b8:40 LOWI_PHY_MODE_11NG_HT20(5), Beacon Interval: 100, LOWI_ENCRYPTION_TYPE_WPA_PSK 11mcRanging: No, ANQP: No, LCI: No, Civic: No, capability(0x0531): ESS Privacy ShortPreamble SpectrumMgmt ShortSlotTime
12-23 03:49:41.577 D/LOWI-9.0.0.87.a( 1331): [LOWI-Scan] BSS 18:6f:2d:0a:b8:40 FREQ: 2427, cFreq1[40:80:160] = [2427:0:0] cFreq2 = 0 Country Code = CN
12-23 03:49:41.577 D/LOWI-9.0.0.87.a( 1331): [LOWI-Scan] BSS 18:6f:2d:0a:b8:40 (wlan0) ASSO: NO AddInfo: 0x0, TSF 0, 02:35:16.608, RSSI: -130, CPL: 127, AGE: 5771, SSID Testing , TSFDelta: 0xc2df5078, TXRate: 0
12-23 03:49:41.577 D/LOWI-9.0.0.87.a( 1331): [LOWI-Scan]
12-23 03:49:41.577 D/LOWI-9.0.0.87.a( 1331): [LOWI-Scan] print_bss_handler: Report Probe TSF 9316642684 as it greater than Beacon TSF 9316591036
12-23 03:49:41.577 D/LOWI-9.0.0.87.a( 1331): [LOWI-Scan] is_qcom_ie, bss_age: 0
12-23 03:49:41.577 D/LOWI-9.0.0.87.a( 1331): [LOWI-Scan] BSS 18:6f:2d:0a:b8:41 LOWI_PHY_MODE_11NG_HT20(5), Beacon Interval: 100, LOWI_ENCRYPTION_TYPE_OPEN 11mcRanging: No, ANQP: No, LCI: No, Civic: No, capability(0x0521): ESS ShortPreamble SpectrumMgmt ShortSlotTime
12-23 03:49:41.577 D/LOWI-9.0.0.87.a( 1331): [LOWI-Scan] BSS 18:6f:2d:0a:b8:41 FREQ: 2427, cFreq1[40:80:160] = [2427:0:0] cFreq2 = 0 Country Code = CN
12-23 03:49:41.577 D/LOWI-9.0.0.87.a( 1331): [LOWI-Scan] BSS 18:6f:2d:0a:b8:41 (wlan0) ASSO: NO AddInfo: 0x0, TSF 0, 02:35:16.642, RSSI: -126, CPL: 127, AGE: 5738, SSID Guest, TSFDelta: 0xc3bd624b, TXRate: 0
12-23 03:49:41.577 D/LOWI-9.0.0.87.a( 1331): [LOWI-Scan]
12-23 03:49:41.577 D/LOWI-9.0.0.87.a( 1331): [LOWI-Scan] print_bss_handler: Report beacon TSF 9319073161 as it greater than probe TSF 9316642737
12-23 03:49:41.577 D/LOWI-9.0.0.87.a( 1331): [LOWI-Scan] decode_rsn_wpa_ie: LOWI_ENCRYPTION_TYPE_WPA_PSK
12-23 03:49:41.577 D/LOWI-9.0.0.87.a( 1331): [LOWI-Scan] is_qcom_ie, bss_age: 0
12-23 03:49:41.577 D/LOWI-9.0.0.87.a( 1331): [LOWI-Scan] BSS 18:6f:2d:0a:b8:42 LOWI_PHY_MODE_11NG_HT20(5), Beacon Interval: 100, LOWI_ENCRYPTION_TYPE_WPA_PSK 11mcRanging: No, ANQP: No, LCI: No, Civic: No, capability(0x0531): ESS Privacy ShortPreamble SpectrumMgmt ShortSlotTime
12-23 03:49:41.577 D/LOWI-9.0.0.87.a( 1331): [LOWI-Scan] BSS 18:6f:2d:0a:b8:42 FREQ: 2427, cFreq1[40:80:160] = [2427:0:0] cFreq2 = 0 Country Code = CN
12-23 03:49:41.577 D/LOWI-9.0.0.87.a( 1331): [LOWI-Scan] BSS 18:6f:2d:0a:b8:42 (wlan0) ASSO: NO AddInfo: 0x1, TSF 0, 02:35:19.073, RSSI: -128, CPL: 127, AGE: 3309, SSID ThunderSoft_2.4G, TSFDelta: 0xc3c251f9, TXRate: 0
12-23 03:49:41.577 D/LOWI-9.0.0.87.a( 1331): [LOWI-Scan]
12-23 03:49:41.577 D/LOWI-9.0.0.87.a( 1331): [LOWI-Scan] print_bss_handler: Report Probe TSF 9321626651 as it greater than Beacon TSF 9321590353
12-23 03:49:41.577 D/LOWI-9.0.0.87.a( 1331): [LOWI-Scan] decode_rsn_wpa_ie: LOWI_ENCRYPTION_TYPE_WPA_PSK
12-23 03:49:41.577 D/LOWI-9.0.0.87.a( 1331): [LOWI-Scan] is_qcom_ie, bss_age: 0
12-23 03:49:41.577 D/LOWI-9.0.0.87.a( 1331): [LOWI-Scan] BSS 18:6f:2d:81:18:40 LOWI_PHY_MODE_11NG_HT20(5), Beacon Interval: 100, LOWI_ENCRYPTION_TYPE_WPA_PSK 11mcRanging: No, ANQP: No, LCI: No, Civic: No, capability(0x0531): ESS Privacy ShortPreamble SpectrumMgmt ShortSlotTime
12-23 03:49:41.577 D/LOWI-9.0.0.87.a( 1331): [LOWI-Scan] BSS 18:6f:2d:81:18:40 FREQ: 2432, cFreq1[40:80:160] = [2432:0:0] cFreq2 = 0 Country Code = CN
12-23 03:49:41.577 D/LOWI-9.0.0.87.a( 1331): [LOWI-Scan] BSS 18:6f:2d:81:18:40 (wlan0) ASSO: NO AddInfo: 0x0, TSF 0, 02:35:21.626, RSSI: -136, CPL: 127, AGE: 760, SSID Testing , TSFDelta: 0xc0130b3d, TXRate: 0
12-23 03:49:41.577 D/LOWI-9.0.0.87.a( 1331): [LOWI-Scan]
12-23 03:49:41.577 D/LOWI-9.0.0.87.a( 1331): [LOWI-Scan] print_bss_handler: Report Probe TSF 9321650211 as it greater than Beacon TSF 9321590379
12-23 03:49:41.577 D/LOWI-9.0.0.87.a( 1331): [LOWI-Scan] is_qcom_ie, bss_age: 0
12-23 03:49:41.577 D/LOWI-9.0.0.87.a( 1331): [LOWI-Scan] BSS 18:6f:2d:81:18:41 LOWI_PHY_MODE_11NG_HT20(5), Beacon Interval: 100, LOWI_ENCRYPTION_TYPE_OPEN 11mcRanging: No, ANQP: No, LCI: No, Civic: No, capability(0x0521): ESS ShortPreamble SpectrumMgmt ShortSlotTime
12-23 03:49:41.577 D/LOWI-9.0.0.87.a( 1331): [LOWI-Scan] BSS 18:6f:2d:81:18:41 FREQ: 2432, cFreq1[40:80:160] = [2432:0:0] cFreq2 = 0 Country Code = CN
12-23 03:49:41.577 D/LOWI-9.0.0.87.a( 1331): [LOWI-Scan] BSS 18:6f:2d:81:18:41 (wlan0) ASSO: NO AddInfo: 0x0, TSF 0, 02:35:21.650, RSSI: -134, CPL: 127, AGE: 736, SSID Guest, TSFDelta: 0xc0c1681d, TXRate: 0
12-23 03:49:41.577 D/LOWI-9.0.0.87.a( 1331): [LOWI-Scan]
12-23 03:49:41.577 D/LOWI-9.0.0.87.a( 1331): [LOWI-Scan] print_bss_handler: Report Probe TSF 9321651725 as it greater than Beacon TSF 9321591318
12-23 03:49:41.577 D/LOWI-9.0.0.87.a( 1331): [LOWI-Scan] decode_rsn_wpa_ie: LOWI_ENCRYPTION_TYPE_WPA_PSK
12-23 03:49:41.577 D/LOWI-9.0.0.87.a( 1331): [LOWI-Scan] is_qcom_ie, bss_age: 0
12-23 03:49:41.577 D/LOWI-9.0.0.87.a( 1331): [LOWI-Scan] BSS 18:6f:2d:81:18:42 LOWI_PHY_MODE_11NG_HT20(5), Beacon Interval: 100, LOWI_ENCRYPTION_TYPE_WPA_PSK 11mcRanging: No, ANQP: No, LCI: No, Civic: No, capability(0x0531): ESS Privacy ShortPreamble SpectrumMgmt ShortSlotTime
12-23 03:49:41.577 D/LOWI-9.0.0.87.a( 1331): [LOWI-Scan] BSS 18:6f:2d:81:18:42 FREQ: 2432, cFreq1[40:80:160] = [2432:0:0] cFreq2 = 0 Country Code = CN
12-23 03:49:41.577 D/LOWI-9.0.0.87.a( 1331): [LOWI-Scan] BSS 18:6f:2d:81:18:42 (wlan0) ASSO: NO AddInfo: 0x0, TSF 0, 02:35:21.651, RSSI: -140, CPL: 127, AGE: 736, SSID ThunderSoft_2.4G, TSFDelta: 0xc0cc45c1, TXRate: 0
12-23 03:49:41.577 D/LOWI-9.0.0.87.a( 1331): [LOWI-Scan]
12-23 03:49:41.577 D/LOWI-9.0.0.87.a( 1331): [LOWI-Scan] print_bss_handler: Report Probe TSF 9321673577 as it greater than Beacon TSF 9321592052
12-23 03:49:41.577 D/LOWI-9.0.0.87.a( 1331): [LOWI-Scan] decode_rsn_wpa_ie: LOWI_ENCRYPTION_TYPE_WPA_PSK
12-23 03:49:41.577 D/LOWI-9.0.0.87.a( 1331): [LOWI-Scan] is_qcom_ie, bss_age: 0
12-23 03:49:41.577 D/LOWI-9.0.0.87.a( 1331): [LOWI-Scan] BSS 18:6f:2d:81:18:43 LOWI_PHY_MODE_11NG_HT20(5), Beacon Interval: 100, LOWI_ENCRYPTION_TYPE_WPA_PSK 11mcRanging: No, ANQP: No, LCI: No, Civic: No, capability(0x0531): ESS Privacy ShortPreamble SpectrumMgmt ShortSlotTime
12-23 03:49:41.577 D/LOWI-9.0.0.87.a( 1331): [LOWI-Scan] BSS 18:6f:2d:81:18:43 FREQ: 2432, cFreq1[40:80:160] = [2432:0:0] cFreq2 = 0 Country Code = CN
12-23 03:49:41.577 D/LOWI-9.0.0.87.a( 1331): [LOWI-Scan] BSS 18:6f:2d:81:18:43 (wlan0) ASSO: NO AddInfo: 0x0, TSF 0, 02:35:21.673, RSSI: -136, CPL: 127, AGE: 712, SSID ZXHY, TSFDelta: 0xc0d7813e, TXRate: 0
12-23 03:49:41.577 D/LOWI-9.0.0.87.a( 1331): [LOWI-Scan]
12-23 03:49:41.577 D/LOWI-9.0.0.87.a( 1331): [LOWI-Scan] print_bss_handler: Report Probe TSF 9321673602 as it greater than Beacon TSF 9321592886
12-23 03:49:41.577 D/LOWI-9.0.0.87.a( 1331): [LOWI-Scan] decode_rsn_wpa_ie: LOWI_ENCRYPTION_TYPE_WPA_PSK
12-23 03:49:41.577 D/LOWI-9.0.0.87.a( 1331): [LOWI-Scan] is_qcom_ie, bss_age: 0
12-23 03:49:41.577 D/LOWI-9.0.0.87.a( 1331): [LOWI-Scan] BSS 18:6f:2d:81:18:44 LOWI_PHY_MODE_11NG_HT20(5), Beacon Interval: 100, LOWI_ENCRYPTION_TYPE_WPA_PSK 11mcRanging: No, ANQP: No, LCI: No, Civic: No, capability(0x0531): ESS Privacy ShortPreamble SpectrumMgmt ShortSlotTime
12-23 03:49:41.577 D/LOWI-9.0.0.87.a( 1331): [LOWI-Scan] BSS 18:6f:2d:81:18:44 FREQ: 2432, cFreq1[40:80:160] = [2432:0:0] cFreq2 = 0 Country Code = CN
12-23 03:49:41.577 D/LOWI-9.0.0.87.a( 1331): [LOWI-Scan] BSS 18:6f:2d:81:18:44 (wlan0) ASSO: NO AddInfo: 0x0, TSF 0, 02:35:21.673, RSSI: -136, CPL: 127, AGE: 712, SSID Fanya, TSFDelta: 0xc0dca4ed, TXRate: 0
12-23 03:49:41.577 D/LOWI-9.0.0.87.a( 1331): [LOWI-Scan]
12-23 03:49:41.577 D/LOWI-9.0.0.87.a( 1331): [LOWI-Scan] print_bss_handler: Report Probe TSF 9321645428 as it greater than Beacon TSF 9321595334
12-23 03:49:41.577 D/LOWI-9.0.0.87.a( 1331): [LOWI-Scan] decode_rsn_wpa_ie: LOWI_ENCRYPTION_TYPE_WPA_PSK
12-23 03:49:41.577 D/LOWI-9.0.0.87.a( 1331): [LOWI-Scan] is_qcom_ie, bss_age: 0
12-23 03:49:41.577 D/LOWI-9.0.0.87.a( 1331): [LOWI-Scan] BSS 58:d9:d5:44:ba:d8 LOWI_PHY_MODE_11G(1), Beacon Interval: 100, LOWI_ENCRYPTION_TYPE_WPA_PSK 11mcRanging: No, ANQP: No, LCI: No, Civic: No, capability(0x0011): ESS Privacy
12-23 03:49:41.577 D/LOWI-9.0.0.87.a( 1331): [LOWI-Scan] BSS 58:d9:d5:44:ba:d8 FREQ: 2432, cFreq1[40:80:160] = [0:0:0] cFreq2 = 0 Country Code =
12-23 03:49:41.577 D/LOWI-9.0.0.87.a( 1331): [LOWI-Scan] BSS 58:d9:d5:44:ba:d8 (wlan0) ASSO: NO AddInfo: 0x0, TSF 0, 02:35:21.645, RSSI: -82, CPL: 127, AGE: 740, SSID TD-2.4G, TSFDelta: 0xd654282, TXRate: 0
12-23 03:49:41.577 D/LOWI-9.0.0.87.a( 1331): [LOWI-Scan]
12-23 03:49:41.577 D/LOWI-9.0.0.87.a( 1331): [LOWI-Scan] print_bss_handler: Report Probe TSF 9321673631 as it greater than Beacon TSF 9321593611
12-23 03:49:41.577 D/LOWI-9.0.0.87.a( 1331): [LOWI-Scan] decode_rsn_wpa_ie: LOWI_ENCRYPTION_TYPE_WPA_PSK
12-23 03:49:41.577 D/LOWI-9.0.0.87.a( 1331): [LOWI-Scan] is_qcom_ie, bss_age: 0
12-23 03:49:41.577 D/LOWI-9.0.0.87.a( 1331): [LOWI-Scan] BSS 18:6f:2d:81:18:45 LOWI_PHY_MODE_11NG_HT20(5), Beacon Interval: 100, LOWI_ENCRYPTION_TYPE_WPA_PSK 11mcRanging: No, ANQP: No, LCI: No, Civic: No, capability(0x0531): ESS Privacy ShortPreamble SpectrumMgmt ShortSlotTime
12-23 03:49:41.577 D/LOWI-9.0.0.87.a( 1331): [LOWI-Scan] BSS 18:6f:2d:81:18:45 FREQ: 2432, cFreq1[40:80:160] = [2432:0:0] cFreq2 = 0 Country Code = CN
12-23 03:49:41.577 D/LOWI-9.0.0.87.a( 1331): [LOWI-Scan] BSS 18:6f:2d:81:18:45 (wlan0) ASSO: NO AddInfo: 0x0, TSF 0, 02:35:21.673, RSSI: -134, CPL: 127, AGE: 712, SSID 123, TSFDelta: 0xc0e1b8e8, TXRate: 0
12-23 03:49:41.577 D/LOWI-9.0.0.87.a( 1331): [LOWI-Scan]
12-23 03:49:41.577 D/LOWI-9.0.0.87.a( 1331): [LOWI-Scan] print_bss_handler: Report Probe TSF 9321733227 as it greater than Beacon TSF 9319219829
12-23 03:49:41.577 D/LOWI-9.0.0.87.a( 1331): [LOWI-Scan] decode_rsn_wpa_ie: LOWI_ENCRYPTION_TYPE_WPA_PSK
12-23 03:49:41.577 D/LOWI-9.0.0.87.a( 1331): [LOWI-Scan] is_qcom_ie, bss_age: 0
12-23 03:49:41.577 D/LOWI-9.0.0.87.a( 1331): [LOWI-Scan] BSS 18:6f:2d:81:25:40 LOWI_PHY_MODE_11NG_HT20(5), Beacon Interval: 100, LOWI_ENCRYPTION_TYPE_WPA_PSK 11mcRanging: No, ANQP: No, LCI: No, Civic: No, capability(0x0531): ESS Privacy ShortPreamble SpectrumMgmt ShortSlotTime
12-23 03:49:41.577 D/LOWI-9.0.0.87.a( 1331): [LOWI-Scan] BSS 18:6f:2d:81:25:40 FREQ: 2437, cFreq1[40:80:160] = [2437:0:0] cFreq2 = 0 Country Code = CN
12-23 03:49:41.577 D/LOWI-9.0.0.87.a( 1331): [LOWI-Scan] BSS 18:6f:2d:81:25:40 (wlan0) ASSO: NO AddInfo: 0x0, TSF 0, 02:35:21.733, RSSI: -84, CPL: 127, AGE: 652, SSID Testing , TSFDelta: 0x66f4365c, TXRate: 0
12-23 03:49:41.577 D/LOWI-9.0.0.87.a( 1331): [LOWI-Scan]
12-23 03:49:41.577 D/LOWI-9.0.0.87.a( 1331): [LOWI-Scan] print_bss_handler: Report Probe TSF 9321736938 as it greater than Beacon TSF 9319219935
12-23 03:49:41.577 D/LOWI-9.0.0.87.a( 1331): [LOWI-Scan] is_qcom_ie, bss_age: 0
12-23 03:49:41.577 D/LOWI-9.0.0.87.a( 1331): [LOWI-Scan] BSS 18:6f:2d:81:25:41 LOWI_PHY_MODE_11NG_HT20(5), Beacon Interval: 100, LOWI_ENCRYPTION_TYPE_OPEN 11mcRanging: No, ANQP: No, LCI: No, Civic: No, capability(0x0521): ESS ShortPreamble SpectrumMgmt ShortSlotTime
12-23 03:49:41.577 D/LOWI-9.0.0.87.a( 1331): [LOWI-Scan] BSS 18:6f:2d:81:25:41 FREQ: 2437, cFreq1[40:80:160] = [2437:0:0] cFreq2 = 0 Country Code = CN
12-23 03:49:41.577 D/LOWI-9.0.0.87.a( 1331): [LOWI-Scan] BSS 18:6f:2d:81:25:41 (wlan0) ASSO: NO AddInfo: 0x0, TSF 0, 02:35:21.736, RSSI: -86, CPL: 127, AGE: 648, SSID Guest, TSFDelta: 0x6710fbc7, TXRate: 0
12-23 03:49:41.577 D/LOWI-9.0.0.87.a( 1331): [LOWI-Scan]
12-23 03:49:41.577 D/LOWI-9.0.0.87.a( 1331): [LOWI-Scan] print_bss_handler: Report Probe TSF 9321738994 as it greater than Beacon TSF 9321675177
12-23 03:49:41.577 D/LOWI-9.0.0.87.a( 1331): [LOWI-Scan] decode_rsn_wpa_ie: LOWI_ENCRYPTION_TYPE_WPA_PSK
12-23 03:49:41.577 D/LOWI-9.0.0.87.a( 1331): [LOWI-Scan] is_qcom_ie, bss_age: 0
12-23 03:49:41.577 D/LOWI-9.0.0.87.a( 1331): [LOWI-Scan] BSS 18:6f:2d:81:25:42 LOWI_PHY_MODE_11NG_HT20(5), Beacon Interval: 100, LOWI_ENCRYPTION_TYPE_WPA_PSK 11mcRanging: No, ANQP: No, LCI: No, Civic: No, capability(0x0531): ESS Privacy ShortPreamble SpectrumMgmt ShortSlotTime
12-23 03:49:41.577 D/LOWI-9.0.0.87.a( 1331): [LOWI-Scan] BSS 18:6f:2d:81:25:42 FREQ: 2437, cFreq1[40:80:160] = [2437:0:0] cFreq2 = 0 Country Code = CN
12-23 03:49:41.577 D/LOWI-9.0.0.87.a( 1331): [LOWI-Scan] BSS 18:6f:2d:81:25:42 (wlan0) ASSO: NO AddInfo: 0x0, TSF 0, 02:35:21.738, RSSI: -86, CPL: 127, AGE: 648, SSID ThunderSoft_2.4G, TSFDelta: 0x671d8d26, TXRate: 0
12-23 03:49:41.577 D/LOWI-9.0.0.87.a( 1331): [LOWI-Scan]
12-23 03:49:41.577 D/LOWI-9.0.0.87.a( 1331): [LOWI-Scan] print_bss_handler: Report Probe TSF 9321741203 as it greater than Beacon TSF 9321676063
12-23 03:49:41.577 D/LOWI-9.0.0.87.a( 1331): [LOWI-Scan] decode_rsn_wpa_ie: LOWI_ENCRYPTION_TYPE_WPA_PSK
12-23 03:49:41.577 D/LOWI-9.0.0.87.a( 1331): [LOWI-Scan] is_qcom_ie, bss_age: 0
12-23 03:49:41.577 D/LOWI-9.0.0.87.a( 1331): [LOWI-Scan] BSS 18:6f:2d:81:25:43 LOWI_PHY_MODE_11NG_HT20(5), Beacon Interval: 100, LOWI_ENCRYPTION_TYPE_WPA_PSK 11mcRanging: No, ANQP: No, LCI: No, Civic: No, capability(0x0531): ESS Privacy ShortPreamble SpectrumMgmt ShortSlotTime
12-23 03:49:41.577 D/LOWI-9.0.0.87.a( 1331): [LOWI-Scan] BSS 18:6f:2d:81:25:43 FREQ: 2437, cFreq1[40:80:160] = [2437:0:0] cFreq2 = 0 Country Code = CN
12-23 03:49:41.577 D/LOWI-9.0.0.87.a( 1331): [LOWI-Scan] BSS 18:6f:2d:81:25:43 (wlan0) ASSO: NO AddInfo: 0x0, TSF 0, 02:35:21.741, RSSI: -86, CPL: 127, AGE: 644, SSID ZXHY, TSFDelta: 0x672e0b07, TXRate: 0
12-23 03:49:41.577 D/LOWI-9.0.0.87.a( 1331): [LOWI-Scan]
12-23 03:49:41.577 D/LOWI-9.0.0.87.a( 1331): [LOWI-Scan] print_bss_handler: Report Probe TSF 9321747658 as it greater than Beacon TSF 9321677701
12-23 03:49:41.577 D/LOWI-9.0.0.87.a( 1331): [LOWI-Scan] decode_rsn_wpa_ie: LOWI_ENCRYPTION_TYPE_WPA_PSK
12-23 03:49:41.577 D/LOWI-9.0.0.87.a( 1331): [LOWI-Scan] is_qcom_ie, bss_age: 0
12-23 03:49:41.577 D/LOWI-9.0.0.87.a( 1331): [LOWI-Scan] BSS 18:6f:2d:81:25:44 LOWI_PHY_MODE_11NG_HT20(5), Beacon Interval: 100, LOWI_ENCRYPTION_TYPE_WPA_PSK 11mcRanging: No, ANQP: No, LCI: No, Civic: No, capability(0x0531): ESS Privacy ShortPreamble SpectrumMgmt ShortSlotTime
12-23 03:49:41.577 D/LOWI-9.0.0.87.a( 1331): [LOWI-Scan] BSS 18:6f:2d:81:25:44 FREQ: 2437, cFreq1[40:80:160] = [2437:0:0] cFreq2 = 0 Country Code = CN
12-23 03:49:41.577 D/LOWI-9.0.0.87.a( 1331): [LOWI-Scan] BSS 18:6f:2d:81:25:44 (wlan0) ASSO: NO AddInfo: 0x0, TSF 0, 02:35:21.747, RSSI: -88, CPL: 127, AGE: 640, SSID Fanya, TSFDelta: 0x675d7546, TXRate: 0
12-23 03:49:41.577 D/LOWI-9.0.0.87.a( 1331): [LOWI-Scan]
12-23 03:49:41.577 D/LOWI-9.0.0.87.a( 1331): [LOWI-Scan] print_bss_handler: Report Probe TSF 9321690728 as it greater than Beacon TSF 9321675195
12-23 03:49:41.577 D/LOWI-9.0.0.87.a( 1331): [LOWI-Scan] decode_rsn_wpa_ie: LOWI_ENCRYPTION_TYPE_WPA_PSK
12-23 03:49:41.577 D/LOWI-9.0.0.87.a( 1331): [LOWI-Scan] is_qcom_ie, bss_age: 0
12-23 03:49:41.577 D/LOWI-9.0.0.87.a( 1331): [LOWI-Scan] BSS 18:6f:2d:0a:b8:50 LOWI_PHY_MODE_11AC_VHT20(8), Beacon Interval: 100, LOWI_ENCRYPTION_TYPE_WPA_PSK 11mcRanging: No, ANQP: No, LCI: No, Civic: No, capability(0x0111): ESS Privacy SpectrumMgmt
12-23 03:49:41.577 D/LOWI-9.0.0.87.a( 1331): [LOWI-Scan] BSS 18:6f:2d:0a:b8:50 FREQ: 5260, cFreq1[40:80:160] = [5260:0:0] cFreq2 = 0 Country Code = CN
12-23 03:49:41.577 D/LOWI-9.0.0.87.a( 1331): [LOWI-Scan] BSS 18:6f:2d:0a:b8:50 (wlan0) ASSO: NO AddInfo: 0x0, TSF 0, 02:35:21.690, RSSI: -144, CPL: 127, AGE: 696, SSID Testing , TSFDelta: 0x7c1c777c, TXRate: 0
12-23 03:49:41.577 D/LOWI-9.0.0.87.a( 1331): [LOWI-Scan]
12-23 03:49:41.577 D/LOWI-9.0.0.87.a( 1331): [LOWI-Scan] print_bss_handler: Report Probe TSF 9321691324 as it greater than Beacon TSF 9321675398
12-23 03:49:41.577 D/LOWI-9.0.0.87.a( 1331): [LOWI-Scan] is_qcom_ie, bss_age: 0
12-23 03:49:41.577 D/LOWI-9.0.0.87.a( 1331): [LOWI-Scan] BSS 18:6f:2d:0a:b8:51 LOWI_PHY_MODE_11AC_VHT20(8), Beacon Interval: 100, LOWI_ENCRYPTION_TYPE_OPEN 11mcRanging: No, ANQP: No, LCI: No, Civic: No, capability(0x0101): ESS SpectrumMgmt
12-23 03:49:41.577 D/LOWI-9.0.0.87.a( 1331): [LOWI-Scan] BSS 18:6f:2d:0a:b8:51 FREQ: 5260, cFreq1[40:80:160] = [5260:0:0] cFreq2 = 0 Country Code = CN
12-23 03:49:41.577 D/LOWI-9.0.0.87.a( 1331): [LOWI-Scan] BSS 18:6f:2d:0a:b8:51 (wlan0) ASSO: NO AddInfo: 0x0, TSF 0, 02:35:21.691, RSSI: -142, CPL: 127, AGE: 696, SSID Guest, TSFDelta: 0x7c20d148, TXRate: 0
12-23 03:49:41.577 D/LOWI-9.0.0.87.a( 1331): [LOWI-Scan]
12-23 03:49:41.577 D/LOWI-9.0.0.87.a( 1331): [LOWI-Scan] print_bss_handler: Report Probe TSF 9321691867 as it greater than Beacon TSF 9321675407
12-23 03:49:41.577 D/LOWI-9.0.0.87.a( 1331): [LOWI-Scan] decode_rsn_wpa_ie: LOWI_ENCRYPTION_TYPE_WPA_PSK
12-23 03:49:41.577 D/LOWI-9.0.0.87.a( 1331): [LOWI-Scan] is_qcom_ie, bss_age: 0
12-23 03:49:41.577 D/LOWI-9.0.0.87.a( 1331): [LOWI-Scan] BSS 18:6f:2d:0a:b8:52 LOWI_PHY_MODE_11AC_VHT20(8), Beacon Interval: 100, LOWI_ENCRYPTION_TYPE_WPA_PSK 11mcRanging: No, ANQP: No, LCI: No, Civic: No, capability(0x0111): ESS Privacy SpectrumMgmt
12-23 03:49:41.577 D/LOWI-9.0.0.87.a( 1331): [LOWI-Scan] BSS 18:6f:2d:0a:b8:52 FREQ: 5260, cFreq1[40:80:160] = [5260:0:0] cFreq2 = 0 Country Code = CN
12-23 03:49:41.577 D/LOWI-9.0.0.87.a( 1331): [LOWI-Scan] BSS 18:6f:2d:0a:b8:52 (wlan0) ASSO: NO AddInfo: 0x0, TSF 0, 02:35:21.691, RSSI: -146, CPL: 127, AGE: 696, SSID ZXHY, TSFDelta: 0x7c24a5fd, TXRate: 0
12-23 03:49:41.578 D/LOWI-9.0.0.87.a( 1331): [LOWI-Scan]
12-23 03:49:41.578 D/LOWI-9.0.0.87.a( 1331): [LOWI-Scan] print_bss_handler: Report Probe TSF 9321694376 as it greater than Beacon TSF 9321675435
12-23 03:49:41.578 D/LOWI-9.0.0.87.a( 1331): [LOWI-Scan] decode_rsn_wpa_ie: LOWI_ENCRYPTION_TYPE_WPA_PSK
12-23 03:49:41.578 D/LOWI-9.0.0.87.a( 1331): [LOWI-Scan] is_qcom_ie, bss_age: 0
12-23 03:49:41.578 D/LOWI-9.0.0.87.a( 1331): [LOWI-Scan] BSS 18:6f:2d:0a:b8:53 LOWI_PHY_MODE_11AC_VHT20(8), Beacon Interval: 100, LOWI_ENCRYPTION_TYPE_WPA_PSK 11mcRanging: No, ANQP: No, LCI: No, Civic: No, capability(0x0111): ESS Privacy SpectrumMgmt
12-23 03:49:41.578 D/LOWI-9.0.0.87.a( 1331): [LOWI-Scan] BSS 18:6f:2d:0a:b8:53 FREQ: 5260, cFreq1[40:80:160] = [5260:0:0] cFreq2 = 0 Country Code = CN
12-23 03:49:41.578 D/LOWI-9.0.0.87.a( 1331): [LOWI-Scan] BSS 18:6f:2d:0a:b8:53 (wlan0) ASSO: NO AddInfo: 0x0, TSF 0, 02:35:21.694, RSSI: -144, CPL: 127, AGE: 692, SSID Fanya, TSFDelta: 0x7c372453, TXRate: 0
12-23 03:49:41.578 D/LOWI-9.0.0.87.a( 1331): [LOWI-Scan]
01-01 10:37:19.502 I/[schedu][0x29af317a26][03:49:41.577277] wlan( 0): [14370:I:OSIF] vdev 0, scan id 41015 type COMPLETED(1) reason COMPLETED(1) scan found 91 bss
12-23 03:49:41.578 D/LOWI-9.0.0.87.a( 1331): [LOWI-Scan] print_bss_handler: Report Probe TSF 9321694758 as it greater than Beacon TSF 9321675489
12-23 03:49:41.578 D/LOWI-9.0.0.87.a( 1331): [LOWI-Scan] decode_rsn_wpa_ie: LOWI_ENCRYPTION_TYPE_WPA_PSK
12-23 03:49:41.578 D/LOWI-9.0.0.87.a( 1331): [LOWI-Scan] is_qcom_ie, bss_age: 0
12-23 03:49:41.578 D/LOWI-9.0.0.87.a( 1331): [LOWI-Scan] BSS 18:6f:2d:0a:b8:54 LOWI_PHY_MODE_11AC_VHT20(8), Beacon Interval: 100, LOWI_ENCRYPTION_TYPE_WPA_PSK 11mcRanging: No, ANQP: No, LCI: No, Civic: No, capability(0x0111): ESS Privacy SpectrumMgmt
12-23 03:49:41.578 D/LOWI-9.0.0.87.a( 1331): [LOWI-Scan] BSS 18:6f:2d:0a:b8:54 FREQ: 5260, cFreq1[40:80:160] = [5260:0:0] cFreq2 = 0 Country Code = CN
12-23 03:49:41.578 D/LOWI-9.0.0.87.a( 1331): [LOWI-Scan] BSS 18:6f:2d:0a:b8:54 (wlan0) ASSO: NO AddInfo: 0x0, TSF 0, 02:35:21.694, RSSI: -144, CPL: 127, AGE: 692, SSID ThunderSoft, TSFDelta: 0x7c39c542, TXRate: 0
12-23 03:49:41.578 D/LOWI-9.0.0.87.a( 1331): [LOWI-Scan]
12-23 03:49:41.578 D/LOWI-9.0.0.87.a( 1331): [LOWI-Scan] print_bss_handler: Report Probe TSF 9321695084 as it greater than Beacon TSF 9319220729
12-23 03:49:41.578 D/LOWI-9.0.0.87.a( 1331): [LOWI-Scan] decode_rsn_wpa_ie: LOWI_ENCRYPTION_TYPE_WPA_PSK
12-23 03:49:41.578 D/LOWI-9.0.0.87.a( 1331): [LOWI-Scan] is_qcom_ie, bss_age: 0
12-23 03:49:41.578 D/LOWI-9.0.0.87.a( 1331): [LOWI-Scan] BSS 18:6f:2d:0a:b8:55 LOWI_PHY_MODE_11AC_VHT20(8), Beacon Interval: 100, LOWI_ENCRYPTION_TYPE_WPA_PSK 11mcRanging: No, ANQP: No, LCI: No, Civic: No, capability(0x0111): ESS Privacy SpectrumMgmt
12-23 03:49:41.578 D/LOWI-9.0.0.87.a( 1331): [LOWI-Scan] BSS 18:6f:2d:0a:b8:55 FREQ: 5260, cFreq1[40:80:160] = [5260:0:0] cFreq2 = 0 Country Code = CN
12-23 03:49:41.578 D/LOWI-9.0.0.87.a( 1331): [LOWI-Scan] BSS 18:6f:2d:0a:b8:55 (wlan0) ASSO: NO AddInfo: 0x0, TSF 0, 02:35:21.695, RSSI: -144, CPL: 127, AGE: 692, SSID GM, TSFDelta: 0x7c3c5c91, TXRate: 0
12-23 03:49:41.578 D/LOWI-9.0.0.87.a( 1331): [LOWI-Scan]
12-23 03:49:41.578 D/LOWI-9.0.0.87.a( 1331): [LOWI-Scan] print_bss_handler: Report beacon TSF 9321712179 as it greater than probe TSF 9321708807
12-23 03:49:41.578 D/LOWI-9.0.0.87.a( 1331): [LOWI-Scan] decode_rsn_wpa_ie: LOWI_ENCRYPTION_TYPE_WPA_PSK
12-23 03:49:41.578 D/LOWI-9.0.0.87.a( 1331): [LOWI-Scan] is_qcom_ie, bss_age: 0
12-23 03:49:41.578 D/LOWI-9.0.0.87.a( 1331): [LOWI-Scan] BSS 18:6f:2d:81:18:54 LOWI_PHY_MODE_11AC_VHT20(8), Beacon Interval: 100, LOWI_ENCRYPTION_TYPE_WPA_PSK 11mcRanging: No, ANQP: No, LCI: No, Civic: No, capability(0x0111): ESS Privacy SpectrumMgmt
12-23 03:49:41.578 D/LOWI-9.0.0.87.a( 1331): [LOWI-Scan] BSS 18:6f:2d:81:18:54 FREQ: 5260, cFreq1[40:80:160] = [5260:0:0] cFreq2 = 0 Country Code = CN
12-23 03:49:41.578 D/LOWI-9.0.0.87.a( 1331): [LOWI-Scan] BSS 18:6f:2d:81:18:54 (wlan0) ASSO: NO AddInfo: 0x1, TSF 0, 02:35:21.712, RSSI: -160, CPL: 127, AGE: 672, SSID ThunderSoft, TSFDelta: 0xfe741b0c, TXRate: 0
12-23 03:49:41.578 D/LOWI-9.0.0.87.a( 1331): [LOWI-Scan]
12-23 03:49:41.578 D/LOWI-9.0.0.87.a( 1331): [LOWI-Scan] print_bss_handler: Report beacon TSF 9321711840 as it greater than probe TSF 9321708348
12-23 03:49:41.578 D/LOWI-9.0.0.87.a( 1331): [LOWI-Scan] decode_rsn_wpa_ie: LOWI_ENCRYPTION_TYPE_WPA_PSK
12-23 03:49:41.578 D/LOWI-9.0.0.87.a( 1331): [LOWI-Scan] is_qcom_ie, bss_age: 0
12-23 03:49:41.578 D/LOWI-9.0.0.87.a( 1331): [LOWI-Scan] BSS 18:6f:2d:81:18:53 LOWI_PHY_MODE_11AC_VHT20(8), Beacon Interval: 100, LOWI_ENCRYPTION_TYPE_WPA_PSK 11mcRanging: No, ANQP: No, LCI: No, Civic: No, capability(0x0111): ESS Privacy SpectrumMgmt
12-23 03:49:41.578 D/LOWI-9.0.0.87.a( 1331): [LOWI-Scan] BSS 18:6f:2d:81:18:53 FREQ: 5260, cFreq1[40:80:160] = [5260:0:0] cFreq2 = 0 Country Code = CN
12-23 03:49:41.578 D/LOWI-9.0.0.87.a( 1331): [LOWI-Scan] BSS 18:6f:2d:81:18:53 (wlan0) ASSO: NO AddInfo: 0x1, TSF 0, 02:35:21.711, RSSI: -162, CPL: 127, AGE: 676, SSID Fanya, TSFDelta: 0xfe718be3, TXRate: 0
12-23 03:49:41.578 D/LOWI-9.0.0.87.a( 1331): [LOWI-Scan]
12-23 03:49:41.578 D/LOWI-9.0.0.87.a( 1331): [LOWI-Scan] print_bss_handler: Report beacon TSF 9321712446 as it greater than probe TSF 9321709501
12-23 03:49:41.578 D/LOWI-9.0.0.87.a( 1331): [LOWI-Scan] decode_rsn_wpa_ie: LOWI_ENCRYPTION_TYPE_WPA_PSK
12-23 03:49:41.578 D/LOWI-9.0.0.87.a( 1331): [LOWI-Scan] is_qcom_ie, bss_age: 0
12-23 03:49:41.578 D/LOWI-9.0.0.87.a( 1331): [LOWI-Scan] BSS 18:6f:2d:81:18:55 LOWI_PHY_MODE_11AC_VHT20(8), Beacon Interval: 100, LOWI_ENCRYPTION_TYPE_WPA_PSK 11mcRanging: No, ANQP: No, LCI: No, Civic: No, capability(0x0111): ESS Privacy SpectrumMgmt
12-23 03:49:41.578 D/LOWI-9.0.0.87.a( 1331): [LOWI-Scan] BSS 18:6f:2d:81:18:55 FREQ: 5260, cFreq1[40:80:160] = [5260:0:0] cFreq2 = 0 Country Code = CN
12-23 03:49:41.578 D/LOWI-9.0.0.87.a( 1331): [LOWI-Scan] BSS 18:6f:2d:81:18:55 (wlan0) ASSO: NO AddInfo: 0x1, TSF 0, 02:35:21.712, RSSI: -162, CPL: 127, AGE: 672, SSID GM, TSFDelta: 0xfe79eec7, TXRate: 0
12-23 03:49:41.578 D/LOWI-9.0.0.87.a( 1331): [LOWI-Scan]
12-23 03:49:41.578 D/LOWI-9.0.0.87.a( 1331): [LOWI-Scan] print_bss_handler: Report beacon TSF 9321712753 as it greater than probe TSF 9321710232
12-23 03:49:41.578 D/LOWI-9.0.0.87.a( 1331): [LOWI-Scan] decode_rsn_wpa_ie: LOWI_ENCRYPTION_TYPE_WPA_PSK
12-23 03:49:41.578 D/LOWI-9.0.0.87.a( 1331): [LOWI-Scan] is_qcom_ie, bss_age: 0
12-23 03:49:41.578 D/LOWI-9.0.0.87.a( 1331): [LOWI-Scan] BSS 18:6f:2d:81:18:56 LOWI_PHY_MODE_11AC_VHT20(8), Beacon Interval: 100, LOWI_ENCRYPTION_TYPE_WPA_PSK 11mcRanging: No, ANQP: No, LCI: No, Civic: No, capability(0x0111): ESS Privacy SpectrumMgmt
12-23 03:49:41.578 D/LOWI-9.0.0.87.a( 1331): [LOWI-Scan] BSS 18:6f:2d:81:18:56 FREQ: 5260, cFreq1[40:80:160] = [5260:0:0] cFreq2 = 0 Country Code = CN
12-23 03:49:41.578 D/LOWI-9.0.0.87.a( 1331): [LOWI-Scan] BSS 18:6f:2d:81:18:56 (wlan0) ASSO: NO AddInfo: 0x1, TSF 0, 02:35:21.712, RSSI: -164, CPL: 127, AGE: 672, SSID 123, TSFDelta: 0xfe7f5a7a, TXRate: 0
12-23 03:49:41.578 D/LOWI-9.0.0.87.a( 1331): [LOWI-Scan]
12-23 03:49:41.578 D/LOWI-9.0.0.87.a( 1331): [LOWI-Scan] print_bss_handler: Report Probe TSF 9321859593 as it greater than Beacon TSF 9321826646
12-23 03:49:41.578 D/LOWI-9.0.0.87.a( 1331): [LOWI-Scan] decode_rsn_wpa_ie: LOWI_ENCRYPTION_TYPE_WPA_PSK
12-23 03:49:41.578 D/LOWI-9.0.0.87.a( 1331): [LOWI-Scan] is_qcom_ie, bss_age: 0
12-23 03:49:41.578 D/LOWI-9.0.0.87.a( 1331): [LOWI-Scan] BSS 18:6f:2d:80:dd:70 LOWI_PHY_MODE_11AC_VHT20(8), Beacon Interval: 100, LOWI_ENCRYPTION_TYPE_WPA_PSK 11mcRanging: No, ANQP: No, LCI: No, Civic: No, capability(0x0111): ESS Privacy SpectrumMgmt
12-23 03:49:41.578 D/LOWI-9.0.0.87.a( 1331): [LOWI-Scan] BSS 18:6f:2d:80:dd:70 FREQ: 5280, cFreq1[40:80:160] = [5280:0:0] cFreq2 = 0 Country Code = CN
12-23 03:49:41.578 D/LOWI-9.0.0.87.a( 1331): [LOWI-Scan] BSS 18:6f:2d:80:dd:70 (wlan0) ASSO: NO AddInfo: 0x0, TSF 0, 02:35:21.859, RSSI: -134, CPL: 127, AGE: 528, SSID Testing , TSFDelta: 0x7e913d7a, TXRate: 0
12-23 03:49:41.578 D/LOWI-9.0.0.87.a( 1331): [LOWI-Scan]
12-23 03:49:41.578 D/LOWI-9.0.0.87.a( 1331): [LOWI-Scan] print_bss_handler: Report Probe TSF 9321860162 as it greater than Beacon TSF 9321826964
12-23 03:49:41.578 D/LOWI-9.0.0.87.a( 1331): [LOWI-Scan] is_qcom_ie, bss_age: 0
12-23 03:49:41.578 D/LOWI-9.0.0.87.a( 1331): [LOWI-Scan] BSS 18:6f:2d:80:dd:71 LOWI_PHY_MODE_11AC_VHT20(8), Beacon Interval: 100, LOWI_ENCRYPTION_TYPE_OPEN 11mcRanging: No, ANQP: No, LCI: No, Civic: No, capability(0x0101): ESS SpectrumMgmt
12-23 03:49:41.578 D/LOWI-9.0.0.87.a( 1331): [LOWI-Scan] BSS 18:6f:2d:80:dd:71 FREQ: 5280, cFreq1[40:80:160] = [5280:0:0] cFreq2 = 0 Country Code = CN
12-23 03:49:41.578 D/LOWI-9.0.0.87.a( 1331): [LOWI-Scan] BSS 18:6f:2d:80:dd:71 (wlan0) ASSO: NO AddInfo: 0x0, TSF 0, 02:35:21.860, RSSI: -134, CPL: 127, AGE: 524, SSID Guest, TSFDelta: 0x7e966023, TXRate: 0
12-23 03:49:41.578 D/LOWI-9.0.0.87.a( 1331): [LOWI-Scan]
12-23 03:49:41.578 D/LOWI-9.0.0.87.a( 1331): [LOWI-Scan] print_bss_handler: Report Probe TSF 9321860918 as it greater than Beacon TSF 9321827204
12-23 03:49:41.578 D/LOWI-9.0.0.87.a( 1331): [LOWI-Scan] decode_rsn_wpa_ie: LOWI_ENCRYPTION_TYPE_WPA_PSK
12-23 03:49:41.578 D/LOWI-9.0.0.87.a( 1331): [LOWI-Scan] is_qcom_ie, bss_age: 0
12-23 03:49:41.578 D/LOWI-9.0.0.87.a( 1331): [LOWI-Scan] BSS 18:6f:2d:80:dd:72 LOWI_PHY_MODE_11AC_VHT20(8), Beacon Interval: 100, LOWI_ENCRYPTION_TYPE_WPA_PSK 11mcRanging: No, ANQP: No, LCI: No, Civic: No, capability(0x0111): ESS Privacy SpectrumMgmt
12-23 03:49:41.578 D/LOWI-9.0.0.87.a( 1331): [LOWI-Scan] BSS 18:6f:2d:80:dd:72 FREQ: 5280, cFreq1[40:80:160] = [5280:0:0] cFreq2 = 0 Country Code = CN
12-23 03:49:41.578 D/LOWI-9.0.0.87.a( 1331): [LOWI-Scan] BSS 18:6f:2d:80:dd:72 (wlan0) ASSO: NO AddInfo: 0x0, TSF 0, 02:35:21.860, RSSI: -134, CPL: 127, AGE: 524, SSID ZXHY, TSFDelta: 0x7e9c03f1, TXRate: 0
12-23 03:49:41.578 D/LOWI-9.0.0.87.a( 1331): [LOWI-Scan]
12-23 03:49:41.578 D/LOWI-9.0.0.87.a( 1331): [LOWI-Scan] print_bss_handler: Report Probe TSF 9321861644 as it greater than Beacon TSF 9321827595
12-23 03:49:41.578 D/LOWI-9.0.0.87.a( 1331): [LOWI-Scan] decode_rsn_wpa_ie: LOWI_ENCRYPTION_TYPE_WPA_PSK
12-23 03:49:41.578 D/LOWI-9.0.0.87.a( 1331): [LOWI-Scan] is_qcom_ie, bss_age: 0
12-23 03:49:41.578 D/LOWI-9.0.0.87.a( 1331): [LOWI-Scan] BSS 18:6f:2d:80:dd:73 LOWI_PHY_MODE_11AC_VHT20(8), Beacon Interval: 100, LOWI_ENCRYPTION_TYPE_WPA_PSK 11mcRanging: No, ANQP: No, LCI: No, Civic: No, capability(0x0111): ESS Privacy SpectrumMgmt
12-23 03:49:41.578 D/LOWI-9.0.0.87.a( 1331): [LOWI-Scan] BSS 18:6f:2d:80:dd:73 FREQ: 5280, cFreq1[40:80:160] = [5280:0:0] cFreq2 = 0 Country Code = CN
12-23 03:49:41.578 D/LOWI-9.0.0.87.a( 1331): [LOWI-Scan] BSS 18:6f:2d:80:dd:73 (wlan0) ASSO: NO AddInfo: 0x0, TSF 0, 02:35:21.861, RSSI: -134, CPL: 127, AGE: 524, SSID Fanya, TSFDelta: 0x7ea15aad, TXRate: 0
12-23 03:49:41.578 D/LOWI-9.0.0.87.a( 1331): [LOWI-Scan]
12-23 03:49:41.578 D/LOWI-9.0.0.87.a( 1331): [LOWI-Scan] print_bss_handler: Report Probe TSF 9321862373 as it greater than Beacon TSF 9321827917
12-23 03:49:41.578 D/LOWI-9.0.0.87.a( 1331): [LOWI-Scan] decode_rsn_wpa_ie: LOWI_ENCRYPTION_TYPE_WPA_PSK
12-23 03:49:41.578 D/LOWI-9.0.0.87.a( 1331): [LOWI-Scan] is_qcom_ie, bss_age: 0
12-23 03:49:41.578 D/LOWI-9.0.0.87.a( 1331): [LOWI-Scan] BSS 18:6f:2d:80:dd:74 LOWI_PHY_MODE_11AC_VHT20(8), Beacon Interval: 100, LOWI_ENCRYPTION_TYPE_WPA_PSK 11mcRanging: No, ANQP: No, LCI: No, Civic: No, capability(0x0111): ESS Privacy SpectrumMgmt
12-23 03:49:41.578 D/LOWI-9.0.0.87.a( 1331): [LOWI-Scan] BSS 18:6f:2d:80:dd:74 FREQ: 5280, cFreq1[40:80:160] = [5280:0:0] cFreq2 = 0 Country Code = CN
12-23 03:49:41.578 D/LOWI-9.0.0.87.a( 1331): [LOWI-Scan] BSS 18:6f:2d:80:dd:74 (wlan0) ASSO: NO AddInfo: 0x0, TSF 0, 02:35:21.862, RSSI: -134, CPL: 127, AGE: 524, SSID ThunderSoft, TSFDelta: 0x7ea6b319, TXRate: 0
12-23 03:49:41.578 D/LOWI-9.0.0.87.a( 1331): [LOWI-Scan]
12-23 03:49:41.578 D/LOWI-9.0.0.87.a( 1331): [LOWI-Scan] print_bss_handler: Report Probe TSF 9321865956 as it greater than Beacon TSF 9321828200
12-23 03:49:41.578 D/LOWI-9.0.0.87.a( 1331): [LOWI-Scan] decode_rsn_wpa_ie: LOWI_ENCRYPTION_TYPE_WPA_PSK
12-23 03:49:41.578 D/LOWI-9.0.0.87.a( 1331): [LOWI-Scan] is_qcom_ie, bss_age: 0
12-23 03:49:41.578 D/LOWI-9.0.0.87.a( 1331): [LOWI-Scan] BSS 18:6f:2d:80:dd:75 LOWI_PHY_MODE_11AC_VHT20(8), Beacon Interval: 100, LOWI_ENCRYPTION_TYPE_WPA_PSK 11mcRanging: No, ANQP: No, LCI: No, Civic: No, capability(0x0111): ESS Privacy SpectrumMgmt
12-23 03:49:41.578 D/LOWI-9.0.0.87.a( 1331): [LOWI-Scan] BSS 18:6f:2d:80:dd:75 FREQ: 5280, cFreq1[40:80:160] = [5280:0:0] cFreq2 = 0 Country Code = CN
12-23 03:49:41.578 D/LOWI-9.0.0.87.a( 1331): [LOWI-Scan] BSS 18:6f:2d:80:dd:75 (wlan0) ASSO: NO AddInfo: 0x0, TSF 0, 02:35:21.865, RSSI: -134, CPL: 127, AGE: 520, SSID GM, TSFDelta: 0x7ec0ee16, TXRate: 0
12-23 03:49:41.578 D/LOWI-9.0.0.87.a( 1331): [LOWI-Scan]
12-23 03:49:41.578 D/LOWI-9.0.0.87.a( 1331): [LOWI-Scan] print_bss_handler: Report beacon TSF 9321862734 as it greater than probe TSF 9321859537
12-23 03:49:41.578 D/LOWI-9.0.0.87.a( 1331): [LOWI-Scan] decode_rsn_wpa_ie: LOWI_ENCRYPTION_TYPE_WPA_PSK
12-23 03:49:41.578 D/LOWI-9.0.0.87.a( 1331): [LOWI-Scan] is_qcom_ie, bss_age: 0
12-23 03:49:41.578 D/LOWI-9.0.0.87.a( 1331): [LOWI-Scan] BSS 18:6f:2d:81:16:f0 LOWI_PHY_MODE_11AC_VHT20(8), Beacon Interval: 100, LOWI_ENCRYPTION_TYPE_WPA_PSK 11mcRanging: No, ANQP: No, LCI: No, Civic: No, capability(0x0111): ESS Privacy SpectrumMgmt
12-23 03:49:41.578 D/LOWI-9.0.0.87.a( 1331): [LOWI-Scan] BSS 18:6f:2d:81:16:f0 FREQ: 5280, cFreq1[40:80:160] = [5280:0:0] cFreq2 = 0 Country Code = CN
12-23 03:49:41.578 D/LOWI-9.0.0.87.a( 1331): [LOWI-Scan] BSS 18:6f:2d:81:16:f0 (wlan0) ASSO: NO AddInfo: 0x1, TSF 0, 02:35:21.862, RSSI: -142, CPL: 127, AGE: 524, SSID Testing , TSFDelta: 0x7ebc9bb9, TXRate: 0
12-23 03:49:41.578 D/LOWI-9.0.0.87.a( 1331): [LOWI-Scan]
12-23 03:49:41.578 D/LOWI-9.0.0.87.a( 1331): [LOWI-Scan] print_bss_handler: Report beacon TSF 9321863293 as it greater than probe TSF 9321859787
