12-23 03:44:08.494 I/am_wtf ( 1507): [0,1507,system_server,-1,DisplayDeviceConfig,requesting nits when no mapping exists.]
12-23 03:44:08.510 I/am_wtf ( 1507): [0,1507,system_server,-1,DisplayDeviceConfig,requesting nits when no mapping exists.]
12-23 03:44:08.510 I/am_wtf ( 1507): [0,1507,system_server,-1,DisplayDeviceConfig,requesting nits when no mapping exists.]
12-23 03:44:08.527 I/am_wtf ( 1507): [0,1507,system_server,-1,DisplayDeviceConfig,requesting nits when no mapping exists.]
12-23 03:44:08.528 I/am_wtf ( 1507): [0,1507,system_server,-1,DisplayDeviceConfig,requesting nits when no mapping exists.]
12-23 03:44:08.543 I/am_wtf ( 1507): [0,1507,system_server,-1,DisplayDeviceConfig,requesting nits when no mapping exists.]
12-23 03:44:08.544 I/am_wtf ( 1507): [0,1507,system_server,-1,DisplayDeviceConfig,requesting nits when no mapping exists.]
12-23 03:44:08.561 I/am_wtf ( 1507): [0,1507,system_server,-1,DisplayDeviceConfig,requesting nits when no mapping exists.]
12-23 03:44:08.562 I/am_wtf ( 1507): [0,1507,system_server,-1,DisplayDeviceConfig,requesting nits when no mapping exists.]
12-23 03:44:08.577 I/am_wtf ( 1507): [0,1507,system_server,-1,DisplayDeviceConfig,requesting nits when no mapping exists.]
12-23 03:44:08.578 I/am_wtf ( 1507): [0,1507,system_server,-1,DisplayDeviceConfig,requesting nits when no mapping exists.]
12-23 03:44:08.593 I/am_wtf ( 1507): [0,1507,system_server,-1,DisplayDeviceConfig,requesting nits when no mapping exists.]
12-23 03:44:08.594 I/am_wtf ( 1507): [0,1507,system_server,-1,DisplayDeviceConfig,requesting nits when no mapping exists.]
12-23 03:44:08.610 I/am_wtf ( 1507): [0,1507,system_server,-1,DisplayDeviceConfig,requesting nits when no mapping exists.]
12-23 03:44:08.611 I/am_wtf ( 1507): [0,1507,system_server,-1,DisplayDeviceConfig,requesting nits when no mapping exists.]
12-23 03:44:08.627 I/am_wtf ( 1507): [0,1507,system_server,-1,DisplayDeviceConfig,requesting nits when no mapping exists.]
12-23 03:44:08.627 I/am_wtf ( 1507): [0,1507,system_server,-1,DisplayDeviceConfig,requesting nits when no mapping exists.]
12-23 03:44:08.643 I/am_wtf ( 1507): [0,1507,system_server,-1,DisplayDeviceConfig,requesting nits when no mapping exists.]
12-23 03:44:08.644 I/am_wtf ( 1507): [0,1507,system_server,-1,DisplayDeviceConfig,requesting nits when no mapping exists.]
12-23 03:44:08.660 I/am_wtf ( 1507): [0,1507,system_server,-1,DisplayDeviceConfig,requesting nits when no mapping exists.]
12-23 03:44:08.661 I/am_wtf ( 1507): [0,1507,system_server,-1,DisplayDeviceConfig,requesting nits when no mapping exists.]
12-23 03:44:08.676 I/am_wtf ( 1507): [0,1507,system_server,-1,DisplayDeviceConfig,requesting nits when no mapping exists.]
12-23 03:44:08.677 I/am_wtf ( 1507): [0,1507,system_server,-1,DisplayDeviceConfig,requesting nits when no mapping exists.]
12-23 03:44:08.694 I/am_wtf ( 1507): [0,1507,system_server,-1,DisplayDeviceConfig,requesting nits when no mapping exists.]
12-23 03:44:08.695 I/am_wtf ( 1507): [0,1507,system_server,-1,DisplayDeviceConfig,requesting nits when no mapping exists.]
12-23 03:44:08.710 I/am_wtf ( 1507): [0,1507,system_server,-1,DisplayDeviceConfig,requesting nits when no mapping exists.]
12-23 03:44:08.711 I/am_wtf ( 1507): [0,1507,system_server,-1,DisplayDeviceConfig,requesting nits when no mapping exists.]
12-23 03:44:08.727 I/am_wtf ( 1507): [0,1507,system_server,-1,DisplayDeviceConfig,requesting nits when no mapping exists.]
12-23 03:44:08.727 I/am_wtf ( 1507): [0,1507,system_server,-1,DisplayDeviceConfig,requesting nits when no mapping exists.]
12-23 03:44:08.743 I/am_wtf ( 1507): [0,1507,system_server,-1,DisplayDeviceConfig,requesting nits when no mapping exists.]
12-23 03:44:08.744 I/am_wtf ( 1507): [0,1507,system_server,-1,DisplayDeviceConfig,requesting nits when no mapping exists.]
12-23 03:44:08.760 I/am_wtf ( 1507): [0,1507,system_server,-1,DisplayDeviceConfig,requesting nits when no mapping exists.]
12-23 03:44:08.761 I/am_wtf ( 1507): [0,1507,system_server,-1,DisplayDeviceConfig,requesting nits when no mapping exists.]
12-23 03:44:08.777 I/am_wtf ( 1507): [0,1507,system_server,-1,DisplayDeviceConfig,requesting nits when no mapping exists.]
12-23 03:44:08.777 I/am_wtf ( 1507): [0,1507,system_server,-1,DisplayDeviceConfig,requesting nits when no mapping exists.]
12-23 03:44:08.793 I/am_wtf ( 1507): [0,1507,system_server,-1,DisplayDeviceConfig,requesting nits when no mapping exists.]
12-23 03:44:08.794 I/am_wtf ( 1507): [0,1507,system_server,-1,DisplayDeviceConfig,requesting nits when no mapping exists.]
12-23 03:44:08.810 I/am_wtf ( 1507): [0,1507,system_server,-1,DisplayDeviceConfig,requesting nits when no mapping exists.]
12-23 03:44:08.811 I/am_wtf ( 1507): [0,1507,system_server,-1,DisplayDeviceConfig,requesting nits when no mapping exists.]
12-23 03:44:08.827 I/am_wtf ( 1507): [0,1507,system_server,-1,DisplayDeviceConfig,requesting nits when no mapping exists.]
12-23 03:44:08.828 I/am_wtf ( 1507): [0,1507,system_server,-1,DisplayDeviceConfig,requesting nits when no mapping exists.]
12-23 03:44:08.844 I/am_wtf ( 1507): [0,1507,system_server,-1,DisplayDeviceConfig,requesting nits when no mapping exists.]
12-23 03:44:08.845 I/am_wtf ( 1507): [0,1507,system_server,-1,DisplayDeviceConfig,requesting nits when no mapping exists.]
12-23 03:44:08.860 I/am_wtf ( 1507): [0,1507,system_server,-1,DisplayDeviceConfig,requesting nits when no mapping exists.]
12-23 03:44:08.861 I/am_wtf ( 1507): [0,1507,system_server,-1,DisplayDeviceConfig,requesting nits when no mapping exists.]
12-23 03:44:08.877 I/am_wtf ( 1507): [0,1507,system_server,-1,DisplayDeviceConfig,requesting nits when no mapping exists.]
12-23 03:44:08.878 I/am_wtf ( 1507): [0,1507,system_server,-1,DisplayDeviceConfig,requesting nits when no mapping exists.]
12-23 03:44:08.894 I/am_wtf ( 1507): [0,1507,system_server,-1,DisplayDeviceConfig,requesting nits when no mapping exists.]
12-23 03:44:08.894 I/am_wtf ( 1507): [0,1507,system_server,-1,DisplayDeviceConfig,requesting nits when no mapping exists.]
12-23 03:44:08.910 I/am_wtf ( 1507): [0,1507,system_server,-1,DisplayDeviceConfig,requesting nits when no mapping exists.]
12-23 03:44:08.911 I/am_wtf ( 1507): [0,1507,system_server,-1,DisplayDeviceConfig,requesting nits when no mapping exists.]
12-23 03:44:08.927 I/am_wtf ( 1507): [0,1507,system_server,-1,DisplayDeviceConfig,requesting nits when no mapping exists.]
12-23 03:44:08.928 I/am_wtf ( 1507): [0,1507,system_server,-1,DisplayDeviceConfig,requesting nits when no mapping exists.]
12-23 03:44:08.944 I/am_wtf ( 1507): [0,1507,system_server,-1,DisplayDeviceConfig,requesting nits when no mapping exists.]
12-23 03:44:08.946 I/am_wtf ( 1507): [0,1507,system_server,-1,DisplayDeviceConfig,requesting nits when no mapping exists.]
12-23 03:44:08.961 I/am_wtf ( 1507): [0,1507,system_server,-1,DisplayDeviceConfig,requesting nits when no mapping exists.]
12-23 03:44:08.962 I/am_wtf ( 1507): [0,1507,system_server,-1,DisplayDeviceConfig,requesting nits when no mapping exists.]
12-23 03:44:08.978 I/am_wtf ( 1507): [0,1507,system_server,-1,DisplayDeviceConfig,requesting nits when no mapping exists.]
12-23 03:44:08.979 I/am_wtf ( 1507): [0,1507,system_server,-1,DisplayDeviceConfig,requesting nits when no mapping exists.]
12-23 03:44:08.994 I/am_wtf ( 1507): [0,1507,system_server,-1,DisplayDeviceConfig,requesting nits when no mapping exists.]
12-23 03:44:08.994 I/am_wtf ( 1507): [0,1507,system_server,-1,DisplayDeviceConfig,requesting nits when no mapping exists.]
12-23 03:44:09.011 I/am_wtf ( 1507): [0,1507,system_server,-1,DisplayDeviceConfig,requesting nits when no mapping exists.]
12-23 03:44:09.011 I/am_wtf ( 1507): [0,1507,system_server,-1,DisplayDeviceConfig,requesting nits when no mapping exists.]
12-23 03:44:09.027 I/am_wtf ( 1507): [0,1507,system_server,-1,DisplayDeviceConfig,requesting nits when no mapping exists.]
12-23 03:44:09.028 I/am_wtf ( 1507): [0,1507,system_server,-1,DisplayDeviceConfig,requesting nits when no mapping exists.]
12-23 03:44:09.044 I/am_wtf ( 1507): [0,1507,system_server,-1,DisplayDeviceConfig,requesting nits when no mapping exists.]
12-23 03:44:09.045 I/am_wtf ( 1507): [0,1507,system_server,-1,DisplayDeviceConfig,requesting nits when no mapping exists.]
12-23 03:44:09.061 I/am_wtf ( 1507): [0,1507,system_server,-1,DisplayDeviceConfig,requesting nits when no mapping exists.]
12-23 03:44:09.061 I/am_wtf ( 1507): [0,1507,system_server,-1,DisplayDeviceConfig,requesting nits when no mapping exists.]
12-23 03:44:09.077 I/am_wtf ( 1507): [0,1507,system_server,-1,DisplayDeviceConfig,requesting nits when no mapping exists.]
12-23 03:44:09.078 I/am_wtf ( 1507): [0,1507,system_server,-1,DisplayDeviceConfig,requesting nits when no mapping exists.]
12-23 03:44:09.094 I/am_wtf ( 1507): [0,1507,system_server,-1,DisplayDeviceConfig,requesting nits when no mapping exists.]
12-23 03:44:09.095 I/am_wtf ( 1507): [0,1507,system_server,-1,DisplayDeviceConfig,requesting nits when no mapping exists.]
12-23 03:44:09.111 I/am_wtf ( 1507): [0,1507,system_server,-1,DisplayDeviceConfig,requesting nits when no mapping exists.]
12-23 03:44:09.112 I/am_wtf ( 1507): [0,1507,system_server,-1,DisplayDeviceConfig,requesting nits when no mapping exists.]
12-23 03:44:09.128 I/am_wtf ( 1507): [0,1507,system_server,-1,DisplayDeviceConfig,requesting nits when no mapping exists.]
12-23 03:44:09.129 I/am_wtf ( 1507): [0,1507,system_server,-1,DisplayDeviceConfig,requesting nits when no mapping exists.]
12-23 03:44:09.145 I/am_wtf ( 1507): [0,1507,system_server,-1,DisplayDeviceConfig,requesting nits when no mapping exists.]
12-23 03:44:09.146 I/am_wtf ( 1507): [0,1507,system_server,-1,DisplayDeviceConfig,requesting nits when no mapping exists.]
12-23 03:44:09.162 I/am_wtf ( 1507): [0,1507,system_server,-1,DisplayDeviceConfig,requesting nits when no mapping exists.]
12-23 03:44:09.163 I/am_wtf ( 1507): [0,1507,system_server,-1,DisplayDeviceConfig,requesting nits when no mapping exists.]
12-23 03:44:09.167 I/auditd ( 0): type=1400 audit(0.0:1106): avc: denied { kill } for comm="swapper/1" capability=5 scontext=u:r:kernel:s0 tcontext=u:r:kernel:s0 tclass=capability permissive=0
12-23 03:44:11.171 I/auditd ( 0): type=1400 audit(0.0:1107): avc: denied { kill } for comm="swapper/1" capability=5 scontext=u:r:kernel:s0 tcontext=u:r:kernel:s0 tclass=capability permissive=0
12-23 03:44:12.167 I/auditd ( 0): type=1400 audit(0.0:1108): avc: denied { kill } for comm="swapper/1" capability=5 scontext=u:r:kernel:s0 tcontext=u:r:kernel:s0 tclass=capability permissive=0
12-23 03:44:14.767 I/am_uid_idle( 1507): 10093
12-23 03:44:15.167 I/auditd ( 0): type=1400 audit(0.0:1109): avc: denied { kill } for comm="swapper/1" capability=5 scontext=u:r:kernel:s0 tcontext=u:r:kernel:s0 tclass=capability permissive=0
12-23 03:44:16.171 I/auditd ( 0): type=1400 audit(0.0:1110): avc: denied { kill } for comm="swapper/1" capability=5 scontext=u:r:kernel:s0 tcontext=u:r:kernel:s0 tclass=capability permissive=0
12-23 03:44:17.171 I/auditd ( 0): type=1400 audit(0.0:1111): avc: denied { kill } for comm="swapper/1" capability=5 scontext=u:r:kernel:s0 tcontext=u:r:kernel:s0 tclass=capability permissive=0
12-23 03:44:18.171 I/auditd ( 0): type=1400 audit(0.0:1112): avc: denied { kill } for comm="swapper/1" capability=5 scontext=u:r:kernel:s0 tcontext=u:r:kernel:s0 tclass=capability permissive=0
12-23 03:44:19.167 I/auditd ( 0): type=1400 audit(0.0:1113): avc: denied { kill } for comm="swapper/1" capability=5 scontext=u:r:kernel:s0 tcontext=u:r:kernel:s0 tclass=capability permissive=0
12-23 03:44:19.242 I/service_manager_stats( 1507): [174,84,13756]
12-23 03:44:19.267 I/auditd ( 562): type=1400 audit(0.0:1114): avc: denied { read } for comm="Binder:562_2" name="wakeup58" dev="sysfs" ino=71681 scontext=u:r:system_suspend:s0 tcontext=u:object_r:sysfs:s0 tclass=dir permissive=0
12-23 03:44:19.267 I/auditd ( 562): type=1400 audit(0.0:1115): avc: denied { read } for comm="Binder:562_2" name="wakeup48" dev="sysfs" ino=67398 scontext=u:r:system_suspend:s0 tcontext=u:object_r:sysfs:s0 tclass=dir permissive=0
12-23 03:44:19.267 I/auditd ( 562): type=1400 audit(0.0:1116): avc: denied { read } for comm="Binder:562_2" name="wakeup4" dev="sysfs" ino=47049 scontext=u:r:system_suspend:s0 tcontext=u:object_r:sysfs:s0 tclass=dir permissive=0
12-23 03:44:19.267 I/auditd ( 562): type=1400 audit(0.0:1117): avc: denied { read } for comm="Binder:562_2" name="wakeup76" dev="sysfs" ino=76726 scontext=u:r:system_suspend:s0 tcontext=u:object_r:sysfs:s0 tclass=dir permissive=0
12-23 03:44:19.271 I/auditd ( 562): type=1400 audit(0.0:1118): avc: denied { read } for comm="Binder:562_2" name="wakeup28" dev="sysfs" ino=53254 scontext=u:r:system_suspend:s0 tcontext=u:object_r:sysfs:s0 tclass=dir permissive=0
12-23 03:44:19.314 I/commit_sys_config_file( 1507): [batterystats,5]
12-23 03:44:19.315 I/commit_sys_config_file( 1507): [batterystats,0]
12-23 03:44:21.167 I/auditd ( 0): type=1400 audit(0.0:1164): avc: denied { kill } for comm="swapper/0" capability=5 scontext=u:r:kernel:s0 tcontext=u:r:kernel:s0 tclass=capability permissive=0
12-23 03:44:21.183 I/am_uid_idle( 1507): 10083
12-23 03:44:22.167 I/auditd ( 0): type=1400 audit(0.0:1165): avc: denied { kill } for comm="swapper/0" capability=5 scontext=u:r:kernel:s0 tcontext=u:r:kernel:s0 tclass=capability permissive=0
12-23 03:44:23.167 I/auditd ( 0): type=1400 audit(0.0:1166): avc: denied { kill } for comm="swapper/0" capability=5 scontext=u:r:kernel:s0 tcontext=u:r:kernel:s0 tclass=capability permissive=0
12-23 03:44:24.171 I/auditd ( 0): type=1400 audit(0.0:1167): avc: denied { kill } for comm="swapper/1" capability=5 scontext=u:r:kernel:s0 tcontext=u:r:kernel:s0 tclass=capability permissive=0
12-23 03:44:25.171 I/auditd ( 0): type=1400 audit(0.0:1168): avc: denied { kill } for comm="swapper/1" capability=5 scontext=u:r:kernel:s0 tcontext=u:r:kernel:s0 tclass=capability permissive=0
12-23 03:44:26.171 I/auditd ( 0): type=1400 audit(0.0:1169): avc: denied { kill } for comm="swapper/1" capability=5 scontext=u:r:kernel:s0 tcontext=u:r:kernel:s0 tclass=capability permissive=0
12-23 03:44:27.171 I/auditd ( 0): type=1400 audit(0.0:1170): avc: denied { kill } for comm="swapper/1" capability=5 scontext=u:r:kernel:s0 tcontext=u:r:kernel:s0 tclass=capability permissive=0
12-23 03:44:28.171 I/auditd ( 0): type=1400 audit(0.0:1171): avc: denied { kill } for comm="swapper/1" capability=5 scontext=u:r:kernel:s0 tcontext=u:r:kernel:s0 tclass=capability permissive=0
12-23 03:44:29.171 I/auditd ( 0): type=1400 audit(0.0:1172): avc: denied { kill } for comm="swapper/1" capability=5 scontext=u:r:kernel:s0 tcontext=u:r:kernel:s0 tclass=capability permissive=0
12-23 03:44:30.167 I/auditd ( 0): type=1400 audit(0.0:1173): avc: denied { kill } for comm="swapper/1" capability=5 scontext=u:r:kernel:s0 tcontext=u:r:kernel:s0 tclass=capability permissive=0
12-23 03:44:31.171 I/auditd ( 0): type=1400 audit(0.0:1174): avc: denied { kill } for comm="swapper/1" capability=5 scontext=u:r:kernel:s0 tcontext=u:r:kernel:s0 tclass=capability permissive=0
12-23 03:44:32.167 I/auditd ( 0): type=1400 audit(0.0:1175): avc: denied { kill } for comm="swapper/1" capability=5 scontext=u:r:kernel:s0 tcontext=u:r:kernel:s0 tclass=capability permissive=0
12-23 03:44:35.171 I/auditd ( 0): type=1400 audit(0.0:1176): avc: denied { kill } for comm="swapper/2" capability=5 scontext=u:r:kernel:s0 tcontext=u:r:kernel:s0 tclass=capability permissive=0
12-23 03:44:36.167 I/auditd ( 0): type=1400 audit(0.0:1177): avc: denied { kill } for comm="swapper/1" capability=5 scontext=u:r:kernel:s0 tcontext=u:r:kernel:s0 tclass=capability permissive=0
12-23 03:44:37.167 I/auditd ( 0): type=1400 audit(0.0:1178): avc: denied { kill } for comm="swapper/1" capability=5 scontext=u:r:kernel:s0 tcontext=u:r:kernel:s0 tclass=capability permissive=0
12-23 03:44:38.171 I/auditd ( 0): type=1400 audit(0.0:1179): avc: denied { kill } for comm="swapper/1" capability=5 scontext=u:r:kernel:s0 tcontext=u:r:kernel:s0 tclass=capability permissive=0
12-23 03:44:40.171 I/auditd ( 0): type=1400 audit(0.0:1180): avc: denied { kill } for comm="swapper/1" capability=5 scontext=u:r:kernel:s0 tcontext=u:r:kernel:s0 tclass=capability permissive=0
12-23 03:44:41.167 I/auditd ( 0): type=1400 audit(0.0:1181): avc: denied { kill } for comm="swapper/1" capability=5 scontext=u:r:kernel:s0 tcontext=u:r:kernel:s0 tclass=capability permissive=0
12-23 03:44:42.076 I/liblog ( 1331): 248
12-23 03:44:43.167 I/auditd ( 0): type=1400 audit(0.0:1182): avc: denied { kill } for comm="swapper/2" capability=5 scontext=u:r:kernel:s0 tcontext=u:r:kernel:s0 tclass=capability permissive=0
12-23 03:44:44.167 I/auditd ( 0): type=1400 audit(0.0:1183): avc: denied { kill } for comm="swapper/2" capability=5 scontext=u:r:kernel:s0 tcontext=u:r:kernel:s0 tclass=capability permissive=0
12-23 03:44:45.167 I/auditd ( 0): type=1400 audit(0.0:1184): avc: denied { kill } for comm="swapper/2" capability=5 scontext=u:r:kernel:s0 tcontext=u:r:kernel:s0 tclass=capability permissive=0
12-23 03:44:46.167 I/auditd ( 0): type=1400 audit(0.0:1185): avc: denied { kill } for comm="swapper/2" capability=5 scontext=u:r:kernel:s0 tcontext=u:r:kernel:s0 tclass=capability permissive=0
12-23 03:44:47.171 I/auditd ( 0): type=1400 audit(0.0:1186): avc: denied { kill } for comm="swapper/2" capability=5 scontext=u:r:kernel:s0 tcontext=u:r:kernel:s0 tclass=capability permissive=0
12-23 03:44:48.171 I/auditd ( 0): type=1400 audit(0.0:1187): avc: denied { kill } for comm="swapper/1" capability=5 scontext=u:r:kernel:s0 tcontext=u:r:kernel:s0 tclass=capability permissive=0
12-23 03:44:49.005 I/storage_state( 1507): [41217664-9172-527a-b3d5-edabb50a7d69,0,0,116325408768,118610538496]
12-23 03:44:49.171 I/auditd ( 0): type=1400 audit(0.0:1188): avc: denied { kill } for comm="swapper/1" capability=5 scontext=u:r:kernel:s0 tcontext=u:r:kernel:s0 tclass=capability permissive=0
12-23 03:44:49.679 I/auditd ( 497): type=1401 audit(0.0:1189): op=security_compute_sid invalid_context=u:r:np_thundercomm_tlog_pstore:s0 scontext=u:r:init:s0 tcontext=u:object_r:np_thundercomm_tlog_pstore_exec:s0 tclass=process
12-23 03:44:50.167 I/auditd ( 0): type=1400 audit(0.0:1190): avc: denied { kill } for comm="swapper/1" capability=5 scontext=u:r:kernel:s0 tcontext=u:r:kernel:s0 tclass=capability permissive=0
12-23 03:44:51.171 I/auditd ( 0): type=1400 audit(0.0:1191): avc: denied { kill } for comm="swapper/1" capability=5 scontext=u:r:kernel:s0 tcontext=u:r:kernel:s0 tclass=capability permissive=0
12-23 03:44:52.043 I/auditd (15374): type=1400 audit(0.0:1192): avc: denied { read } for comm="ls" name="/" dev="dm-5" ino=2 scontext=u:r:system_app:s0 tcontext=u:object_r:rootfs:s0 tclass=dir permissive=0
12-23 03:44:52.087 I/auditd (15378): type=1400 audit(0.0:1193): avc: denied { read } for comm="ls" name="/" dev="dm-5" ino=2 scontext=u:r:system_app:s0 tcontext=u:object_r:rootfs:s0 tclass=dir permissive=0
12-23 03:44:52.167 I/auditd ( 0): type=1400 audit(0.0:1194): avc: denied { kill } for comm="swapper/2" capability=5 scontext=u:r:kernel:s0 tcontext=u:r:kernel:s0 tclass=capability permissive=0
12-23 03:44:54.167 I/auditd ( 0): type=1400 audit(0.0:1195): avc: denied { kill } for comm="swapper/1" capability=5 scontext=u:r:kernel:s0 tcontext=u:r:kernel:s0 tclass=capability permissive=0
12-23 03:44:55.171 I/auditd ( 0): type=1400 audit(0.0:1196): avc: denied { kill } for comm="swapper/1" capability=5 scontext=u:r:kernel:s0 tcontext=u:r:kernel:s0 tclass=capability permissive=0
12-23 03:44:56.171 I/auditd ( 0): type=1400 audit(0.0:1197): avc: denied { kill } for comm="swapper/1" capability=5 scontext=u:r:kernel:s0 tcontext=u:r:kernel:s0 tclass=capability permissive=0
12-23 03:44:57.171 I/auditd ( 0): type=1400 audit(0.0:1198): avc: denied { kill } for comm="swapper/2" capability=5 scontext=u:r:kernel:s0 tcontext=u:r:kernel:s0 tclass=capability permissive=0
12-23 03:44:58.167 I/auditd ( 0): type=1400 audit(0.0:1199): avc: denied { kill } for comm="swapper/2" capability=5 scontext=u:r:kernel:s0 tcontext=u:r:kernel:s0 tclass=capability permissive=0
12-23 03:44:59.167 I/auditd ( 0): type=1400 audit(0.0:1200): avc: denied { kill } for comm="swapper/2" capability=5 scontext=u:r:kernel:s0 tcontext=u:r:kernel:s0 tclass=capability permissive=0
12-23 03:45:00.066 I/netstats_mobile_sample( 1507): [0,0,0,0,0,0,0,0,0,0,0,0,1671738300066]
12-23 03:45:00.067 I/netstats_wifi_sample( 1507): [732594,2194,815488,2578,732594,2194,815488,2578,1158720,5721,445270,1527,1671738300066]
12-23 03:45:00.069 I/am_pss ( 1507): [14219,1000,com.android.settings,176069632,160022528,0,315076608,0,2,20]
12-23 03:45:00.167 I/auditd ( 0): type=1400 audit(0.0:1201): avc: denied { kill } for comm="swapper/2" capability=5 scontext=u:r:kernel:s0 tcontext=u:r:kernel:s0 tclass=capability permissive=0
12-23 03:45:01.171 I/auditd ( 0): type=1400 audit(0.0:1202): avc: denied { kill } for comm="swapper/2" capability=5 scontext=u:r:kernel:s0 tcontext=u:r:kernel:s0 tclass=capability permissive=0
12-23 03:45:01.306 I/sysui_multi_action( 1507): [757,1696,758,6,759,2]
12-23 03:45:01.318 I/am_wtf ( 1507): [0,1507,system_server,-1,DisplayDeviceConfig,requesting nits when no mapping exists.]
12-23 03:45:01.322 I/am_wtf ( 1507): [0,1507,system_server,-1,DisplayDeviceConfig,requesting nits when no mapping exists.]
12-23 03:45:01.334 I/am_wtf ( 1507): [0,1507,system_server,-1,DisplayDeviceConfig,requesting nits when no mapping exists.]
12-23 03:45:01.337 I/am_wtf ( 1507): [0,1507,system_server,-1,DisplayDeviceConfig,requesting nits when no mapping exists.]
12-23 03:45:01.350 I/am_wtf ( 1507): [0,1507,system_server,-1,DisplayDeviceConfig,requesting nits when no mapping exists.]
12-23 03:45:01.352 I/am_wtf ( 1507): [0,1507,system_server,-1,DisplayDeviceConfig,requesting nits when no mapping exists.]
12-23 03:45:01.371 I/am_wtf ( 1507): [0,1507,system_server,-1,DisplayDeviceConfig,requesting nits when no mapping exists.]
12-23 03:45:01.372 I/am_wtf ( 1507): [0,1507,system_server,-1,DisplayDeviceConfig,requesting nits when no mapping exists.]
12-23 03:45:01.387 I/am_wtf ( 1507): [0,1507,system_server,-1,DisplayDeviceConfig,requesting nits when no mapping exists.]
12-23 03:45:01.388 I/am_wtf ( 1507): [0,1507,system_server,-1,DisplayDeviceConfig,requesting nits when no mapping exists.]
12-23 03:45:01.404 I/am_wtf ( 1507): [0,1507,system_server,-1,DisplayDeviceConfig,requesting nits when no mapping exists.]
12-23 03:45:01.405 I/am_wtf ( 1507): [0,1507,system_server,-1,DisplayDeviceConfig,requesting nits when no mapping exists.]
12-23 03:45:01.421 I/am_wtf ( 1507): [0,1507,system_server,-1,DisplayDeviceConfig,requesting nits when no mapping exists.]
12-23 03:45:01.422 I/am_wtf ( 1507): [0,1507,system_server,-1,DisplayDeviceConfig,requesting nits when no mapping exists.]
12-23 03:45:01.437 I/am_wtf ( 1507): [0,1507,system_server,-1,DisplayDeviceConfig,requesting nits when no mapping exists.]
12-23 03:45:01.438 I/am_wtf ( 1507): [0,1507,system_server,-1,DisplayDeviceConfig,requesting nits when no mapping exists.]
12-23 03:45:01.454 I/am_wtf ( 1507): [0,1507,system_server,-1,DisplayDeviceConfig,requesting nits when no mapping exists.]
12-23 03:45:01.455 I/am_wtf ( 1507): [0,1507,system_server,-1,DisplayDeviceConfig,requesting nits when no mapping exists.]
12-23 03:45:01.471 I/am_wtf ( 1507): [0,1507,system_server,-1,DisplayDeviceConfig,requesting nits when no mapping exists.]
12-23 03:45:01.471 I/am_wtf ( 1507): [0,1507,system_server,-1,DisplayDeviceConfig,requesting nits when no mapping exists.]
12-23 03:45:01.488 I/am_wtf ( 1507): [0,1507,system_server,-1,DisplayDeviceConfig,requesting nits when no mapping exists.]
12-23 03:45:01.489 I/am_wtf ( 1507): [0,1507,system_server,-1,DisplayDeviceConfig,requesting nits when no mapping exists.]
12-23 03:45:01.504 I/am_wtf ( 1507): [0,1507,system_server,-1,DisplayDeviceConfig,requesting nits when no mapping exists.]
12-23 03:45:01.505 I/am_wtf ( 1507): [0,1507,system_server,-1,DisplayDeviceConfig,requesting nits when no mapping exists.]
12-23 03:45:01.521 I/am_wtf ( 1507): [0,1507,system_server,-1,DisplayDeviceConfig,requesting nits when no mapping exists.]
12-23 03:45:01.522 I/am_wtf ( 1507): [0,1507,system_server,-1,DisplayDeviceConfig,requesting nits when no mapping exists.]
12-23 03:45:01.538 I/am_wtf ( 1507): [0,1507,system_server,-1,DisplayDeviceConfig,requesting nits when no mapping exists.]
12-23 03:45:01.538 I/am_wtf ( 1507): [0,1507,system_server,-1,DisplayDeviceConfig,requesting nits when no mapping exists.]
12-23 03:45:01.555 I/am_wtf ( 1507): [0,1507,system_server,-1,DisplayDeviceConfig,requesting nits when no mapping exists.]
12-23 03:45:01.555 I/am_wtf ( 1507): [0,1507,system_server,-1,DisplayDeviceConfig,requesting nits when no mapping exists.]
12-23 03:45:01.571 I/am_wtf ( 1507): [0,1507,system_server,-1,DisplayDeviceConfig,requesting nits when no mapping exists.]
12-23 03:45:01.572 I/am_wtf ( 1507): [0,1507,system_server,-1,DisplayDeviceConfig,requesting nits when no mapping exists.]
12-23 03:45:01.588 I/am_wtf ( 1507): [0,1507,system_server,-1,DisplayDeviceConfig,requesting nits when no mapping exists.]
12-23 03:45:01.589 I/am_wtf ( 1507): [0,1507,system_server,-1,DisplayDeviceConfig,requesting nits when no mapping exists.]
12-23 03:45:01.604 I/am_wtf ( 1507): [0,1507,system_server,-1,DisplayDeviceConfig,requesting nits when no mapping exists.]
12-23 03:45:01.605 I/am_wtf ( 1507): [0,1507,system_server,-1,DisplayDeviceConfig,requesting nits when no mapping exists.]
12-23 03:45:01.621 I/am_wtf ( 1507): [0,1507,system_server,-1,DisplayDeviceConfig,requesting nits when no mapping exists.]
12-23 03:45:01.622 I/am_wtf ( 1507): [0,1507,system_server,-1,DisplayDeviceConfig,requesting nits when no mapping exists.]
12-23 03:45:01.638 I/am_wtf ( 1507): [0,1507,system_server,-1,DisplayDeviceConfig,requesting nits when no mapping exists.]
12-23 03:45:01.639 I/am_wtf ( 1507): [0,1507,system_server,-1,DisplayDeviceConfig,requesting nits when no mapping exists.]
12-23 03:45:01.654 I/am_wtf ( 1507): [0,1507,system_server,-1,DisplayDeviceConfig,requesting nits when no mapping exists.]
12-23 03:45:01.655 I/am_wtf ( 1507): [0,1507,system_server,-1,DisplayDeviceConfig,requesting nits when no mapping exists.]
12-23 03:45:01.671 I/am_wtf ( 1507): [0,1507,system_server,-1,DisplayDeviceConfig,requesting nits when no mapping exists.]
12-23 03:45:01.672 I/am_wtf ( 1507): [0,1507,system_server,-1,DisplayDeviceConfig,requesting nits when no mapping exists.]
12-23 03:45:01.688 I/am_wtf ( 1507): [0,1507,system_server,-1,DisplayDeviceConfig,requesting nits when no mapping exists.]
12-23 03:45:01.689 I/am_wtf ( 1507): [0,1507,system_server,-1,DisplayDeviceConfig,requesting nits when no mapping exists.]
12-23 03:45:01.705 I/am_wtf ( 1507): [0,1507,system_server,-1,DisplayDeviceConfig,requesting nits when no mapping exists.]
12-23 03:45:01.712 I/am_wtf ( 1507): [0,1507,system_server,-1,DisplayDeviceConfig,requesting nits when no mapping exists.]
12-23 03:45:01.720 I/am_wtf ( 1507): [0,1507,system_server,-1,DisplayDeviceConfig,requesting nits when no mapping exists.]
12-23 03:45:01.721 I/am_wtf ( 1507): [0,1507,system_server,-1,DisplayDeviceConfig,requesting nits when no mapping exists.]
12-23 03:45:01.737 I/am_wtf ( 1507): [0,1507,system_server,-1,DisplayDeviceConfig,requesting nits when no mapping exists.]
12-23 03:45:01.738 I/am_wtf ( 1507): [0,1507,system_server,-1,DisplayDeviceConfig,requesting nits when no mapping exists.]
12-23 03:45:01.754 I/am_wtf ( 1507): [0,1507,system_server,-1,DisplayDeviceConfig,requesting nits when no mapping exists.]
12-23 03:45:01.754 I/am_wtf ( 1507): [0,1507,system_server,-1,DisplayDeviceConfig,requesting nits when no mapping exists.]
12-23 03:45:01.772 I/am_wtf ( 1507): [0,1507,system_server,-1,DisplayDeviceConfig,requesting nits when no mapping exists.]
12-23 03:45:01.773 I/am_wtf ( 1507): [0,1507,system_server,-1,DisplayDeviceConfig,requesting nits when no mapping exists.]
12-23 03:45:01.787 I/am_wtf ( 1507): [0,1507,system_server,-1,DisplayDeviceConfig,requesting nits when no mapping exists.]
12-23 03:45:01.788 I/am_wtf ( 1507): [0,1507,system_server,-1,DisplayDeviceConfig,requesting nits when no mapping exists.]
12-23 03:45:01.804 I/am_wtf ( 1507): [0,1507,system_server,-1,DisplayDeviceConfig,requesting nits when no mapping exists.]
12-23 03:45:01.804 I/am_wtf ( 1507): [0,1507,system_server,-1,DisplayDeviceConfig,requesting nits when no mapping exists.]
12-23 03:45:01.821 I/am_wtf ( 1507): [0,1507,system_server,-1,DisplayDeviceConfig,requesting nits when no mapping exists.]
12-23 03:45:01.821 I/am_wtf ( 1507): [0,1507,system_server,-1,DisplayDeviceConfig,requesting nits when no mapping exists.]
12-23 03:45:01.838 I/am_wtf ( 1507): [0,1507,system_server,-1,DisplayDeviceConfig,requesting nits when no mapping exists.]
12-23 03:45:01.839 I/am_wtf ( 1507): [0,1507,system_server,-1,DisplayDeviceConfig,requesting nits when no mapping exists.]
12-23 03:45:01.855 I/am_wtf ( 1507): [0,1507,system_server,-1,DisplayDeviceConfig,requesting nits when no mapping exists.]
12-23 03:45:01.856 I/am_wtf ( 1507): [0,1507,system_server,-1,DisplayDeviceConfig,requesting nits when no mapping exists.]
12-23 03:45:01.871 I/am_wtf ( 1507): [0,1507,system_server,-1,DisplayDeviceConfig,requesting nits when no mapping exists.]
12-23 03:45:01.877 I/am_wtf ( 1507): [0,1507,system_server,-1,DisplayDeviceConfig,requesting nits when no mapping exists.]
12-23 03:45:01.889 I/am_wtf ( 1507): [0,1507,system_server,-1,DisplayDeviceConfig,requesting nits when no mapping exists.]
12-23 03:45:01.889 I/am_wtf ( 1507): [0,1507,system_server,-1,DisplayDeviceConfig,requesting nits when no mapping exists.]
12-23 03:45:01.905 I/am_wtf ( 1507): [0,1507,system_server,-1,DisplayDeviceConfig,requesting nits when no mapping exists.]
12-23 03:45:01.906 I/am_wtf ( 1507): [0,1507,system_server,-1,DisplayDeviceConfig,requesting nits when no mapping exists.]
12-23 03:45:01.922 I/am_wtf ( 1507): [0,1507,system_server,-1,DisplayDeviceConfig,requesting nits when no mapping exists.]
12-23 03:45:01.923 I/am_wtf ( 1507): [0,1507,system_server,-1,DisplayDeviceConfig,requesting nits when no mapping exists.]
12-23 03:45:01.940 I/am_wtf ( 1507): [0,1507,system_server,-1,DisplayDeviceConfig,requesting nits when no mapping exists.]
12-23 03:45:01.940 I/am_wtf ( 1507): [0,1507,system_server,-1,DisplayDeviceConfig,requesting nits when no mapping exists.]
12-23 03:45:01.955 I/am_wtf ( 1507): [0,1507,system_server,-1,DisplayDeviceConfig,requesting nits when no mapping exists.]
12-23 03:45:01.956 I/am_wtf ( 1507): [0,1507,system_server,-1,DisplayDeviceConfig,requesting nits when no mapping exists.]
12-23 03:45:01.972 I/am_wtf ( 1507): [0,1507,system_server,-1,DisplayDeviceConfig,requesting nits when no mapping exists.]
12-23 03:45:01.972 I/am_wtf ( 1507): [0,1507,system_server,-1,DisplayDeviceConfig,requesting nits when no mapping exists.]
12-23 03:45:01.988 I/am_wtf ( 1507): [0,1507,system_server,-1,DisplayDeviceConfig,requesting nits when no mapping exists.]
12-23 03:45:01.989 I/am_wtf ( 1507): [0,1507,system_server,-1,DisplayDeviceConfig,requesting nits when no mapping exists.]
12-23 03:45:02.005 I/am_wtf ( 1507): [0,1507,system_server,-1,DisplayDeviceConfig,requesting nits when no mapping exists.]
12-23 03:45:02.005 I/am_wtf ( 1507): [0,1507,system_server,-1,DisplayDeviceConfig,requesting nits when no mapping exists.]
12-23 03:45:02.022 I/am_wtf ( 1507): [0,1507,system_server,-1,DisplayDeviceConfig,requesting nits when no mapping exists.]
12-23 03:45:02.023 I/am_wtf ( 1507): [0,1507,system_server,-1,DisplayDeviceConfig,requesting nits when no mapping exists.]
12-23 03:45:02.040 I/am_wtf ( 1507): [0,1507,system_server,-1,DisplayDeviceConfig,requesting nits when no mapping exists.]
12-23 03:45:02.041 I/am_wtf ( 1507): [0,1507,system_server,-1,DisplayDeviceConfig,requesting nits when no mapping exists.]
12-23 03:45:02.055 I/am_wtf ( 1507): [0,1507,system_server,-1,DisplayDeviceConfig,requesting nits when no mapping exists.]
12-23 03:45:02.056 I/am_wtf ( 1507): [0,1507,system_server,-1,DisplayDeviceConfig,requesting nits when no mapping exists.]
12-23 03:45:02.072 I/am_wtf ( 1507): [0,1507,system_server,-1,DisplayDeviceConfig,requesting nits when no mapping exists.]
12-23 03:45:02.073 I/am_wtf ( 1507): [0,1507,system_server,-1,DisplayDeviceConfig,requesting nits when no mapping exists.]
12-23 03:45:02.089 I/am_wtf ( 1507): [0,1507,system_server,-1,DisplayDeviceConfig,requesting nits when no mapping exists.]
12-23 03:45:02.089 I/am_wtf ( 1507): [0,1507,system_server,-1,DisplayDeviceConfig,requesting nits when no mapping exists.]
12-23 03:45:02.090 I/service_manager_stats( 1507): [100,57,42847]
12-23 03:45:02.106 I/am_wtf ( 1507): [0,1507,system_server,-1,DisplayDeviceConfig,requesting nits when no mapping exists.]
12-23 03:45:02.106 I/am_wtf ( 1507): [0,1507,system_server,-1,DisplayDeviceConfig,requesting nits when no mapping exists.]
12-23 03:45:02.122 I/am_wtf ( 1507): [0,1507,system_server,-1,DisplayDeviceConfig,requesting nits when no mapping exists.]
12-23 03:45:02.122 I/am_wtf ( 1507): [0,1507,system_server,-1,DisplayDeviceConfig,requesting nits when no mapping exists.]
12-23 03:45:02.139 I/am_wtf ( 1507): [0,1507,system_server,-1,DisplayDeviceConfig,requesting nits when no mapping exists.]
12-23 03:45:02.139 I/am_wtf ( 1507): [0,1507,system_server,-1,DisplayDeviceConfig,requesting nits when no mapping exists.]
12-23 03:45:02.161 I/am_wtf ( 1507): [0,1507,system_server,-1,DisplayDeviceConfig,requesting nits when no mapping exists.]
12-23 03:45:02.162 I/am_wtf ( 1507): [0,1507,system_server,-1,DisplayDeviceConfig,requesting nits when no mapping exists.]
12-23 03:45:02.173 I/am_wtf ( 1507): [0,1507,system_server,-1,DisplayDeviceConfig,requesting nits when no mapping exists.]
12-23 03:45:02.173 I/am_wtf ( 1507): [0,1507,system_server,-1,DisplayDeviceConfig,requesting nits when no mapping exists.]
12-23 03:45:02.192 I/am_wtf ( 1507): [0,1507,system_server,-1,DisplayDeviceConfig,requesting nits when no mapping exists.]
12-23 03:45:02.192 I/am_wtf ( 1507): [0,1507,system_server,-1,DisplayDeviceConfig,requesting nits when no mapping exists.]
12-23 03:45:02.205 I/am_wtf ( 1507): [0,1507,system_server,-1,DisplayDeviceConfig,requesting nits when no mapping exists.]
12-23 03:45:02.206 I/am_wtf ( 1507): [0,1507,system_server,-1,DisplayDeviceConfig,requesting nits when no mapping exists.]
12-23 03:45:02.222 I/am_wtf ( 1507): [0,1507,system_server,-1,DisplayDeviceConfig,requesting nits when no mapping exists.]
12-23 03:45:02.222 I/am_wtf ( 1507): [0,1507,system_server,-1,DisplayDeviceConfig,requesting nits when no mapping exists.]
12-23 03:45:02.239 I/am_wtf ( 1507): [0,1507,system_server,-1,DisplayDeviceConfig,requesting nits when no mapping exists.]
12-23 03:45:02.240 I/am_wtf ( 1507): [0,1507,system_server,-1,DisplayDeviceConfig,requesting nits when no mapping exists.]
12-23 03:45:02.256 I/am_wtf ( 1507): [0,1507,system_server,-1,DisplayDeviceConfig,requesting nits when no mapping exists.]
12-23 03:45:02.256 I/am_wtf ( 1507): [0,1507,system_server,-1,DisplayDeviceConfig,requesting nits when no mapping exists.]
12-23 03:45:04.171 I/auditd (14281): type=1400 audit(0.0:1203): avc: denied { kill } for comm="kworker/2:2" capability=5 scontext=u:r:kernel:s0 tcontext=u:r:kernel:s0 tclass=capability permissive=0
12-23 03:45:05.167 I/auditd ( 0): type=1400 audit(0.0:1204): avc: denied { kill } for comm="swapper/2" capability=5 scontext=u:r:kernel:s0 tcontext=u:r:kernel:s0 tclass=capability permissive=0
12-23 03:45:05.238 I/ntp_failure( 1507): [time.android.com/216.239.35.0,java.net.SocketTimeoutException: Poll timed out]
12-23 03:45:06.171 I/auditd ( 0): type=1400 audit(0.0:1205): avc: denied { kill } for comm="swapper/2" capability=5 scontext=u:r:kernel:s0 tcontext=u:r:kernel:s0 tclass=capability permissive=0
12-23 03:45:06.953 I/sysui_multi_action( 1507): [757,1696,758,6,759,3]
12-23 03:45:06.960 I/am_wtf ( 1507): [0,1507,system_server,-1,DisplayDeviceConfig,requesting nits when no mapping exists.]
12-23 03:45:06.961 I/am_wtf ( 1507): [0,1507,system_server,-1,DisplayDeviceConfig,requesting nits when no mapping exists.]
12-23 03:45:06.983 I/am_wtf ( 1507): [0,1507,system_server,-1,DisplayDeviceConfig,requesting nits when no mapping exists.]
12-23 03:45:06.984 I/am_wtf ( 1507): [0,1507,system_server,-1,DisplayDeviceConfig,requesting nits when no mapping exists.]
12-23 03:45:06.986 I/am_wtf ( 1507): [0,1507,system_server,-1,DisplayDeviceConfig,requesting nits when no mapping exists.]
12-23 03:45:06.987 I/am_wtf ( 1507): [0,1507,system_server,-1,DisplayDeviceConfig,requesting nits when no mapping exists.]
12-23 03:45:07.000 I/am_wtf ( 1507): [0,1507,system_server,-1,DisplayDeviceConfig,requesting nits when no mapping exists.]
12-23 03:45:07.002 I/am_wtf ( 1507): [0,1507,system_server,-1,DisplayDeviceConfig,requesting nits when no mapping exists.]
12-23 03:45:07.017 I/am_wtf ( 1507): [0,1507,system_server,-1,DisplayDeviceConfig,requesting nits when no mapping exists.]
12-23 03:45:07.017 I/am_wtf ( 1507): [0,1507,system_server,-1,DisplayDeviceConfig,requesting nits when no mapping exists.]
12-23 03:45:07.033 I/am_wtf ( 1507): [0,1507,system_server,-1,DisplayDeviceConfig,requesting nits when no mapping exists.]
12-23 03:45:07.034 I/am_wtf ( 1507): [0,1507,system_server,-1,DisplayDeviceConfig,requesting nits when no mapping exists.]
12-23 03:45:07.050 I/am_wtf ( 1507): [0,1507,system_server,-1,DisplayDeviceConfig,requesting nits when no mapping exists.]
12-23 03:45:07.051 I/am_wtf ( 1507): [0,1507,system_server,-1,DisplayDeviceConfig,requesting nits when no mapping exists.]
12-23 03:45:07.067 I/am_wtf ( 1507): [0,1507,system_server,-1,DisplayDeviceConfig,requesting nits when no mapping exists.]
12-23 03:45:07.067 I/am_wtf ( 1507): [0,1507,system_server,-1,DisplayDeviceConfig,requesting nits when no mapping exists.]
12-23 03:45:07.084 I/am_wtf ( 1507): [0,1507,system_server,-1,DisplayDeviceConfig,requesting nits when no mapping exists.]
12-23 03:45:07.085 I/am_wtf ( 1507): [0,1507,system_server,-1,DisplayDeviceConfig,requesting nits when no mapping exists.]
12-23 03:45:07.109 I/am_wtf ( 1507): [0,1507,system_server,-1,DisplayDeviceConfig,requesting nits when no mapping exists.]
12-23 03:45:07.110 I/am_wtf ( 1507): [0,1507,system_server,-1,DisplayDeviceConfig,requesting nits when no mapping exists.]
12-23 03:45:07.119 I/am_wtf ( 1507): [0,1507,system_server,-1,DisplayDeviceConfig,requesting nits when no mapping exists.]
12-23 03:45:07.120 I/am_wtf ( 1507): [0,1507,system_server,-1,DisplayDeviceConfig,requesting nits when no mapping exists.]
12-23 03:45:07.144 I/am_wtf ( 1507): [0,1507,system_server,-1,DisplayDeviceConfig,requesting nits when no mapping exists.]
12-23 03:45:07.145 I/am_wtf ( 1507): [0,1507,system_server,-1,DisplayDeviceConfig,requesting nits when no mapping exists.]
12-23 03:45:07.152 I/am_wtf ( 1507): [0,1507,system_server,-1,DisplayDeviceConfig,requesting nits when no mapping exists.]
12-23 03:45:07.153 I/am_wtf ( 1507): [0,1507,system_server,-1,DisplayDeviceConfig,requesting nits when no mapping exists.]
12-23 03:45:07.168 I/am_wtf ( 1507): [0,1507,system_server,-1,DisplayDeviceConfig,requesting nits when no mapping exists.]
12-23 03:45:07.169 I/am_wtf ( 1507): [0,1507,system_server,-1,DisplayDeviceConfig,requesting nits when no mapping exists.]
12-23 03:45:07.167 I/auditd ( 0): type=1400 audit(0.0:1206): avc: denied { kill } for comm="swapper/1" capability=5 scontext=u:r:kernel:s0 tcontext=u:r:kernel:s0 tclass=capability permissive=0
12-23 03:45:07.185 I/am_wtf ( 1507): [0,1507,system_server,-1,DisplayDeviceConfig,requesting nits when no mapping exists.]
12-23 03:45:07.186 I/am_wtf ( 1507): [0,1507,system_server,-1,DisplayDeviceConfig,requesting nits when no mapping exists.]
12-23 03:45:07.202 I/am_wtf ( 1507): [0,1507,system_server,-1,DisplayDeviceConfig,requesting nits when no mapping exists.]
12-23 03:45:07.202 I/am_wtf ( 1507): [0,1507,system_server,-1,DisplayDeviceConfig,requesting nits when no mapping exists.]
12-23 03:45:07.218 I/am_wtf ( 1507): [0,1507,system_server,-1,DisplayDeviceConfig,requesting nits when no mapping exists.]
12-23 03:45:07.218 I/am_wtf ( 1507): [0,1507,system_server,-1,DisplayDeviceConfig,requesting nits when no mapping exists.]
12-23 03:45:07.235 I/am_wtf ( 1507): [0,1507,system_server,-1,DisplayDeviceConfig,requesting nits when no mapping exists.]
12-23 03:45:07.236 I/am_wtf ( 1507): [0,1507,system_server,-1,DisplayDeviceConfig,requesting nits when no mapping exists.]
12-23 03:45:07.251 I/am_wtf ( 1507): [0,1507,system_server,-1,DisplayDeviceConfig,requesting nits when no mapping exists.]
12-23 03:45:07.252 I/am_wtf ( 1507): [0,1507,system_server,-1,DisplayDeviceConfig,requesting nits when no mapping exists.]
12-23 03:45:07.268 I/am_wtf ( 1507): [0,1507,system_server,-1,DisplayDeviceConfig,requesting nits when no mapping exists.]
12-23 03:45:07.269 I/am_wtf ( 1507): [0,1507,system_server,-1,DisplayDeviceConfig,requesting nits when no mapping exists.]
12-23 03:45:07.285 I/am_wtf ( 1507): [0,1507,system_server,-1,DisplayDeviceConfig,requesting nits when no mapping exists.]
12-23 03:45:07.286 I/am_wtf ( 1507): [0,1507,system_server,-1,DisplayDeviceConfig,requesting nits when no mapping exists.]
12-23 03:45:07.301 I/am_wtf ( 1507): [0,1507,system_server,-1,DisplayDeviceConfig,requesting nits when no mapping exists.]
12-23 03:45:07.302 I/am_wtf ( 1507): [0,1507,system_server,-1,DisplayDeviceConfig,requesting nits when no mapping exists.]
12-23 03:45:07.318 I/am_wtf ( 1507): [0,1507,system_server,-1,DisplayDeviceConfig,requesting nits when no mapping exists.]
12-23 03:45:07.318 I/am_wtf ( 1507): [0,1507,system_server,-1,DisplayDeviceConfig,requesting nits when no mapping exists.]
12-23 03:45:07.335 I/am_wtf ( 1507): [0,1507,system_server,-1,DisplayDeviceConfig,requesting nits when no mapping exists.]
12-23 03:45:07.336 I/am_wtf ( 1507): [0,1507,system_server,-1,DisplayDeviceConfig,requesting nits when no mapping exists.]
12-23 03:45:07.351 I/am_wtf ( 1507): [0,1507,system_server,-1,DisplayDeviceConfig,requesting nits when no mapping exists.]
12-23 03:45:07.352 I/am_wtf ( 1507): [0,1507,system_server,-1,DisplayDeviceConfig,requesting nits when no mapping exists.]
12-23 03:45:07.369 I/am_wtf ( 1507): [0,1507,system_server,-1,DisplayDeviceConfig,requesting nits when no mapping exists.]
12-23 03:45:07.369 I/am_wtf ( 1507): [0,1507,system_server,-1,DisplayDeviceConfig,requesting nits when no mapping exists.]
12-23 03:45:07.385 I/am_wtf ( 1507): [0,1507,system_server,-1,DisplayDeviceConfig,requesting nits when no mapping exists.]
12-23 03:45:07.385 I/am_wtf ( 1507): [0,1507,system_server,-1,DisplayDeviceConfig,requesting nits when no mapping exists.]
12-23 03:45:07.402 I/am_wtf ( 1507): [0,1507,system_server,-1,DisplayDeviceConfig,requesting nits when no mapping exists.]
12-23 03:45:07.402 I/am_wtf ( 1507): [0,1507,system_server,-1,DisplayDeviceConfig,requesting nits when no mapping exists.]
12-23 03:45:07.418 I/am_wtf ( 1507): [0,1507,system_server,-1,DisplayDeviceConfig,requesting nits when no mapping exists.]
12-23 03:45:07.419 I/am_wtf ( 1507): [0,1507,system_server,-1,DisplayDeviceConfig,requesting nits when no mapping exists.]
12-23 03:45:07.435 I/am_wtf ( 1507): [0,1507,system_server,-1,DisplayDeviceConfig,requesting nits when no mapping exists.]
12-23 03:45:07.435 I/am_wtf ( 1507): [0,1507,system_server,-1,DisplayDeviceConfig,requesting nits when no mapping exists.]
12-23 03:45:07.451 I/am_wtf ( 1507): [0,1507,system_server,-1,DisplayDeviceConfig,requesting nits when no mapping exists.]
12-23 03:45:07.452 I/am_wtf ( 1507): [0,1507,system_server,-1,DisplayDeviceConfig,requesting nits when no mapping exists.]
12-23 03:45:07.468 I/am_wtf ( 1507): [0,1507,system_server,-1,DisplayDeviceConfig,requesting nits when no mapping exists.]
12-23 03:45:07.469 I/am_wtf ( 1507): [0,1507,system_server,-1,DisplayDeviceConfig,requesting nits when no mapping exists.]
12-23 03:45:07.485 I/am_wtf ( 1507): [0,1507,system_server,-1,DisplayDeviceConfig,requesting nits when no mapping exists.]
12-23 03:45:07.485 I/am_wtf ( 1507): [0,1507,system_server,-1,DisplayDeviceConfig,requesting nits when no mapping exists.]
12-23 03:45:07.501 I/am_wtf ( 1507): [0,1507,system_server,-1,DisplayDeviceConfig,requesting nits when no mapping exists.]
12-23 03:45:07.502 I/am_wtf ( 1507): [0,1507,system_server,-1,DisplayDeviceConfig,requesting nits when no mapping exists.]
12-23 03:45:07.518 I/am_wtf ( 1507): [0,1507,system_server,-1,DisplayDeviceConfig,requesting nits when no mapping exists.]
12-23 03:45:07.519 I/am_wtf ( 1507): [0,1507,system_server,-1,DisplayDeviceConfig,requesting nits when no mapping exists.]
12-23 03:45:07.535 I/am_wtf ( 1507): [0,1507,system_server,-1,DisplayDeviceConfig,requesting nits when no mapping exists.]
12-23 03:45:07.536 I/am_wtf ( 1507): [0,1507,system_server,-1,DisplayDeviceConfig,requesting nits when no mapping exists.]
12-23 03:45:07.551 I/am_wtf ( 1507): [0,1507,system_server,-1,DisplayDeviceConfig,requesting nits when no mapping exists.]
12-23 03:45:07.552 I/am_wtf ( 1507): [0,1507,system_server,-1,DisplayDeviceConfig,requesting nits when no mapping exists.]
12-23 03:45:07.569 I/am_wtf ( 1507): [0,1507,system_server,-1,DisplayDeviceConfig,requesting nits when no mapping exists.]
12-23 03:45:07.570 I/am_wtf ( 1507): [0,1507,system_server,-1,DisplayDeviceConfig,requesting nits when no mapping exists.]
12-23 03:45:07.585 I/am_wtf ( 1507): [0,1507,system_server,-1,DisplayDeviceConfig,requesting nits when no mapping exists.]
12-23 03:45:07.586 I/am_wtf ( 1507): [0,1507,system_server,-1,DisplayDeviceConfig,requesting nits when no mapping exists.]
12-23 03:45:07.587 I/service_manager_stats( 1507): [100,42,5497]
12-23 03:45:07.602 I/am_wtf ( 1507): [0,1507,system_server,-1,DisplayDeviceConfig,requesting nits when no mapping exists.]
12-23 03:45:07.603 I/am_wtf ( 1507): [0,1507,system_server,-1,DisplayDeviceConfig,requesting nits when no mapping exists.]
12-23 03:45:07.619 I/am_wtf ( 1507): [0,1507,system_server,-1,DisplayDeviceConfig,requesting nits when no mapping exists.]
12-23 03:45:07.620 I/am_wtf ( 1507): [0,1507,system_server,-1,DisplayDeviceConfig,requesting nits when no mapping exists.]
12-23 03:45:07.636 I/am_wtf ( 1507): [0,1507,system_server,-1,DisplayDeviceConfig,requesting nits when no mapping exists.]
12-23 03:45:07.636 I/am_wtf ( 1507): [0,1507,system_server,-1,DisplayDeviceConfig,requesting nits when no mapping exists.]
12-23 03:45:07.652 I/am_wtf ( 1507): [0,1507,system_server,-1,DisplayDeviceConfig,requesting nits when no mapping exists.]
12-23 03:45:07.653 I/am_wtf ( 1507): [0,1507,system_server,-1,DisplayDeviceConfig,requesting nits when no mapping exists.]
12-23 03:45:07.669 I/am_wtf ( 1507): [0,1507,system_server,-1,DisplayDeviceConfig,requesting nits when no mapping exists.]
12-23 03:45:07.670 I/am_wtf ( 1507): [0,1507,system_server,-1,DisplayDeviceConfig,requesting nits when no mapping exists.]
12-23 03:45:07.686 I/am_wtf ( 1507): [0,1507,system_server,-1,DisplayDeviceConfig,requesting nits when no mapping exists.]
12-23 03:45:07.687 I/am_wtf ( 1507): [0,1507,system_server,-1,DisplayDeviceConfig,requesting nits when no mapping exists.]
12-23 03:45:07.702 I/am_wtf ( 1507): [0,1507,system_server,-1,DisplayDeviceConfig,requesting nits when no mapping exists.]
12-23 03:45:07.703 I/am_wtf ( 1507): [0,1507,system_server,-1,DisplayDeviceConfig,requesting nits when no mapping exists.]
12-23 03:45:07.719 I/am_wtf ( 1507): [0,1507,system_server,-1,DisplayDeviceConfig,requesting nits when no mapping exists.]
12-23 03:45:07.720 I/am_wtf ( 1507): [0,1507,system_server,-1,DisplayDeviceConfig,requesting nits when no mapping exists.]
12-23 03:45:07.736 I/am_wtf ( 1507): [0,1507,system_server,-1,DisplayDeviceConfig,requesting nits when no mapping exists.]
12-23 03:45:07.737 I/am_wtf ( 1507): [0,1507,system_server,-1,DisplayDeviceConfig,requesting nits when no mapping exists.]
12-23 03:45:07.741 I/input_interaction( 1507): Interaction with: 9592226 com.android.settings/com.android.settings.Settings (server), edge-swipe (server), swipe-up (server), PointerEventDispatcher0 (server),
12-23 03:45:07.752 I/am_wtf ( 1507): [0,1507,system_server,-1,DisplayDeviceConfig,requesting nits when no mapping exists.]
12-23 03:45:07.753 I/am_wtf ( 1507): [0,1507,system_server,-1,DisplayDeviceConfig,requesting nits when no mapping exists.]
12-23 03:45:07.769 I/am_wtf ( 1507): [0,1507,system_server,-1,DisplayDeviceConfig,requesting nits when no mapping exists.]
12-23 03:45:07.770 I/am_wtf ( 1507): [0,1507,system_server,-1,DisplayDeviceConfig,requesting nits when no mapping exists.]
12-23 03:45:07.786 I/am_wtf ( 1507): [0,1507,system_server,-1,DisplayDeviceConfig,requesting nits when no mapping exists.]
12-23 03:45:07.787 I/am_wtf ( 1507): [0,1507,system_server,-1,DisplayDeviceConfig,requesting nits when no mapping exists.]
12-23 03:45:07.802 I/am_wtf ( 1507): [0,1507,system_server,-1,DisplayDeviceConfig,requesting nits when no mapping exists.]
12-23 03:45:07.804 I/am_wtf ( 1507): [0,1507,system_server,-1,DisplayDeviceConfig,requesting nits when no mapping exists.]
12-23 03:45:07.819 I/am_wtf ( 1507): [0,1507,system_server,-1,DisplayDeviceConfig,requesting nits when no mapping exists.]
12-23 03:45:07.820 I/am_wtf ( 1507): [0,1507,system_server,-1,DisplayDeviceConfig,requesting nits when no mapping exists.]
12-23 03:45:07.836 I/am_wtf ( 1507): [0,1507,system_server,-1,DisplayDeviceConfig,requesting nits when no mapping exists.]
12-23 03:45:07.836 I/am_wtf ( 1507): [0,1507,system_server,-1,DisplayDeviceConfig,requesting nits when no mapping exists.]
12-23 03:45:07.856 I/am_wtf ( 1507): [0,1507,system_server,-1,DisplayDeviceConfig,requesting nits when no mapping exists.]
12-23 03:45:07.856 I/am_wtf ( 1507): [0,1507,system_server,-1,DisplayDeviceConfig,requesting nits when no mapping exists.]
