12-23 01:15:09.840 I/volume_changed( 1507): [3,13,10,39,AS.AudioService]
12-23 01:15:09.845 I/volume_changed( 1507): [3,13,10,39,AS.AudioService]
12-23 01:15:10.074 I/commit_sys_config_file( 1507): [settings-0-0,10]
12-23 01:15:10.562 I/commit_sys_config_file( 1507): [settings-1-0,7]
12-23 01:15:16.239 I/am_pss ( 1507): [3502,10094,com.android.providers.media.module,23612416,19849216,0,131313664,0,0,12]
12-23 01:15:16.239 I/netstats_mobile_sample( 1507): [0,0,0,0,0,0,0,0,0,0,0,0,1671729316239]
12-23 01:15:16.239 I/netstats_wifi_sample( 1507): [0,0,0,0,0,0,0,0,0,0,0,0,1671729316239]
12-23 01:15:16.253 I/am_pss ( 1507): [2342,1002,com.android.bluetooth,30687232,24739840,0,141176832,0,0,10]
12-23 01:15:16.260 I/am_pss ( 1507): [3135,10079,com.qualcomm.location,9579520,7458816,0,102395904,0,0,5]
12-23 01:15:16.267 I/am_pss ( 1507): [2574,1001,.dataservices,7516160,5922816,0,95088640,0,0,6]
12-23 01:15:16.274 I/am_pss ( 1507): [2498,1073,com.android.networkstack.process,10454016,8257536,0,105664512,0,0,6]
12-23 01:15:16.288 I/am_pss ( 1507): [2359,10081,com.android.systemui,168909824,144711680,0,329662464,0,0,13]
12-23 01:15:16.306 I/am_pss ( 1507): [1507,1000,system,206619648,110731264,0,527130624,0,0,18]
12-23 01:15:17.311 I/input_interaction( 1507): Interaction with: f184d84 com.thundercomm.tcsetupwizard/com.thundercomm.tcsetupwizard.TcSetupStartActivity (server), edge-swipe (server), swipe-up (server), PointerEventDispatcher0 (server),
12-23 01:15:17.323 I/wm_task_moved( 1507): [1,1,5]
12-23 01:15:17.323 I/wm_set_resumed_activity( 1507): [0,com.thundercomm.tcsetupwizard/.TcSetupStartActivity,positionChildAt]
12-23 01:15:17.323 I/wm_task_moved( 1507): [9,1,2147483647]
12-23 01:15:17.323 I/wm_create_activity( 1507): [0,52488592,9,com.thundercomm.tcsetupwizard/.TcSetupSecondActivity,NULL,NULL,NULL,0]
12-23 01:15:17.324 I/wm_pause_activity( 1507): [0,119653879,com.thundercomm.tcsetupwizard/.TcSetupStartActivity,userLeaving=true,resumeTopActivityInnerLocked]
12-23 01:15:17.326 I/wm_on_top_resumed_lost_called( 2638): [119653879,com.thundercomm.tcsetupwizard.TcSetupStartActivity,topStateChangedWhenResumed]
12-23 01:15:17.326 I/wm_on_paused_called( 2638): [119653879,com.thundercomm.tcsetupwizard.TcSetupStartActivity,performPause]
12-23 01:15:17.327 I/wm_add_to_stopping( 1507): [0,119653879,com.thundercomm.tcsetupwizard/.TcSetupStartActivity,makeInvisible]
12-23 01:15:17.328 I/wm_restart_activity( 1507): [0,52488592,9,com.thundercomm.tcsetupwizard/.TcSetupSecondActivity]
12-23 01:15:17.329 I/wm_set_resumed_activity( 1507): [0,com.thundercomm.tcsetupwizard/.TcSetupSecondActivity,minimalResumeActivityLocked]
12-23 01:15:17.330 I/sysui_multi_action( 1507): [757,803,799,window_time_0,802,36]
12-23 01:15:17.336 I/am_pss ( 1507): [2638,1000,com.thundercomm.tcsetupwizard,34965504,30183424,0,146214912,0,1,6]
12-23 01:15:17.341 I/am_pss ( 1507): [4460,10056,com.qualcomm.qti.qms.service.trustzoneaccess,5368832,3751936,0,92442624,0,19,4]
12-23 01:15:17.346 I/am_pss ( 1507): [3784,10034,com.android.providers.calendar,7178240,5423104,0,98885632,0,19,5]
12-23 01:15:17.351 I/am_pss ( 1507): [4017,10067,com.android.gallery3d,8153088,6475776,0,96276480,0,19,4]
12-23 01:15:17.357 I/am_pss ( 1507): [3434,10019,android.process.media,10463232,8290304,0,105418752,0,10,5]
12-23 01:15:17.358 I/input_focus( 1507): [Focus leaving f184d84 com.thundercomm.tcsetupwizard/com.thundercomm.tcsetupwizard.TcSetupStartActivity (server),reason=NO_WINDOW]
12-23 01:15:17.362 I/am_pss ( 1507): [4326,1000,com.android.localtransport,5308416,3821568,0,92258304,0,19,5]
12-23 01:15:17.367 I/am_pss ( 1507): [2912,10063,com.thundercomm.gamemode.provider,7727104,6017024,0,98054144,0,19,5]
12-23 01:15:17.372 I/am_pss ( 1507): [2956,10083,com.qualcomm.qti.qccauthmgr,6142976,4423680,0,96956416,0,19,4]
12-23 01:15:17.375 I/input_interaction( 1507): Interaction with: edge-swipe (server), swipe-up (server), PointerEventDispatcher0 (server),
12-23 01:15:17.377 I/am_pss ( 1507): [3730,10020,android.process.acore,14221312,10764288,0,119226368,0,19,5]
12-23 01:15:17.382 I/am_pss ( 1507): [3428,10088,com.qualcomm.qti.workloadclassifier,16468992,13078528,0,110796800,0,0,4]
12-23 01:15:17.387 I/am_pss ( 1507): [3405,10082,com.qualcomm.qti.qccnetstat,5832704,4317184,0,92311552,0,0,5]
12-23 01:15:17.393 I/am_pss ( 1507): [3383,10072,com.qualcomm.qti.services.systemhelper:systemhelper_service,5989376,4415488,0,94576640,0,0,5]
12-23 01:15:17.397 I/auditd ( 500): avc: denied { find } for interface=vendor.qti.qspmhal::IQspmhal sid=u:r:mediaserver:s0 pid=1195 scontext=u:r:mediaserver:s0 tcontext=u:object_r:vendor_hal_qspmhal_hwservice:s0 tclass=hwservice_manager permissive=0
12-23 01:15:17.398 I/am_pss ( 1507): [3362,10055,.pasr,5089280,3649536,0,90177536,0,0,5]
12-23 01:15:17.404 I/am_pss ( 1507): [3316,10059,ts.car.uart,5915648,4481024,0,91217920,0,0,5]
12-23 01:15:17.410 I/am_pss ( 1507): [3313,10089,com.hht.lebocast,36829184,18087936,0,108855296,0,0,5]
12-23 01:15:17.420 I/am_pss ( 1507): [2786,1000,com.qualcomm.qti.qdma,9221120,6500352,0,106848256,0,0,6]
12-23 01:15:17.427 I/am_pss ( 1507): [2745,1000,com.thundercomm.tcservice,7822336,6205440,0,96604160,0,0,6]
12-23 01:15:17.433 I/am_pss ( 1507): [2712,1068,com.android.se,5442560,3948544,0,92528640,0,0,5]
12-23 01:15:17.439 I/am_pss ( 1507): [2738,1000,com.thundercomm.remotecontrolservice,9031680,7000064,0,102236160,0,0,6]
12-23 01:15:17.446 I/am_pss ( 1507): [2660,10084,com.qti.qualcomm.mstatssystemservice,5116928,3686400,0,90677248,0,0,5]
12-23 01:15:17.451 I/am_pss ( 1507): [2647,1000,vendor.qti.qesdk.sysservice,5169152,3678208,0,92266496,0,0,4]
12-23 01:15:17.456 I/am_pss ( 1507): [2625,1000,com.tc.logclient,7142400,5373952,0,99024896,0,0,5]
12-23 01:15:17.463 I/am_pss ( 1507): [2612,1000,com.thundercomm.tchttpserver,7371776,5890048,0,94232576,0,0,5]
12-23 01:15:17.469 I/am_pss ( 1507): [2591,10054,.qtidataservices,5567488,4104192,0,92336128,0,0,6]
12-23 01:15:17.475 I/am_pss ( 1507): [2572,1000,com.thundercomm.microsettings,35055616,32169984,0,129757184,0,0,5]
12-23 01:15:17.480 I/am_pss ( 1507): [2555,1000,com.thundercomm.microservice,8501248,6926336,0,96468992,0,0,5]
12-23 01:15:17.557 I/commit_sys_config_file( 1507): [settings-0-0,2]
12-23 01:15:17.559 I/commit_sys_config_file( 1507): [settings-2-0,2]
12-23 01:15:17.559 I/wm_on_create_called( 2638): [52488592,com.thundercomm.tcsetupwizard.TcSetupSecondActivity,performCreate]
12-23 01:15:17.560 I/wm_on_start_called( 2638): [52488592,com.thundercomm.tcsetupwizard.TcSetupSecondActivity,handleStartActivity]
12-23 01:15:17.560 I/wm_on_resume_called( 2638): [52488592,com.thundercomm.tcsetupwizard.TcSetupSecondActivity,RESUME_ACTIVITY]
12-23 01:15:17.562 I/view_enqueue_input_event( 2638): [Motion - Cancel,com.thundercomm.tcsetupwizard/com.thundercomm.tcsetupwizard.TcSetupStartActivity]
12-23 01:15:17.562 I/wm_on_top_resumed_gained_called( 2638): [52488592,com.thundercomm.tcsetupwizard.TcSetupSecondActivity,topStateChangedWhenResumed]
12-23 01:15:17.565 I/input_focus( 1507): [Focus request a2fd531 com.thundercomm.tcsetupwizard/com.thundercomm.tcsetupwizard.TcSetupSecondActivity,reason=UpdateInputWindows]
12-23 01:15:17.583 I/configuration_changed( 1507): 536871936
12-23 01:15:17.626 I/wm_activity_launch_time( 1507): [0,52488592,com.thundercomm.tcsetupwizard/.TcSetupSecondActivity,305]
12-23 01:15:17.637 I/commit_sys_config_file( 1507): [settings-1-0,2]
12-23 01:15:17.644 I/input_focus( 1507): [Focus entering a2fd531 com.thundercomm.tcsetupwizard/com.thundercomm.tcsetupwizard.TcSetupSecondActivity (server),reason=Window became focusable. Previous reason: NOT_VISIBLE]
12-23 01:15:18.028 I/wm_stop_activity( 1507): [0,119653879,com.thundercomm.tcsetupwizard/.TcSetupStartActivity]
12-23 01:15:18.079 I/wm_on_stop_called( 2638): [119653879,com.thundercomm.tcsetupwizard.TcSetupStartActivity,STOP_ACTIVITY_ITEM]
12-23 01:15:18.123 I/input_interaction( 1507): Interaction with: a2fd531 com.thundercomm.tcsetupwizard/com.thundercomm.tcsetupwizard.TcSetupSecondActivity (server), edge-swipe (server), swipe-up (server), PointerEventDispatcher0 (server),
12-23 01:15:21.023 I/wm_finish_activity( 1507): [0,52488592,9,com.thundercomm.tcsetupwizard/.TcSetupSecondActivity,app-request]
12-23 01:15:21.025 I/wm_pause_activity( 1507): [0,52488592,com.thundercomm.tcsetupwizard/.TcSetupSecondActivity,userLeaving=false,finish]
12-23 01:15:21.027 I/wm_on_top_resumed_lost_called( 2638): [52488592,com.thundercomm.tcsetupwizard.TcSetupSecondActivity,topStateChangedWhenResumed]
12-23 01:15:21.028 I/wm_on_paused_called( 2638): [52488592,com.thundercomm.tcsetupwizard.TcSetupSecondActivity,performPause]
12-23 01:15:21.028 I/wm_add_to_stopping( 1507): [0,52488592,com.thundercomm.tcsetupwizard/.TcSetupSecondActivity,completeFinishing]
12-23 01:15:21.032 I/wm_set_resumed_activity( 1507): [0,com.thundercomm.tcsetupwizard/.TcSetupStartActivity,resumeTopActivityInnerLocked]
12-23 01:15:21.033 I/wm_resume_activity( 1507): [0,119653879,9,com.thundercomm.tcsetupwizard/.TcSetupStartActivity]
12-23 01:15:21.038 I/sysui_multi_action( 1507): [757,803,799,window_time_0,802,3]
12-23 01:15:21.039 I/wm_finish_activity( 1507): [0,119653879,9,com.thundercomm.tcsetupwizard/.TcSetupStartActivity,app-request]
12-23 01:15:21.040 I/wm_pause_activity( 1507): [0,119653879,com.thundercomm.tcsetupwizard/.TcSetupStartActivity,userLeaving=false,finish]
12-23 01:15:21.041 I/wm_on_activity_result_called( 2638): [119653879,com.thundercomm.tcsetupwizard.TcSetupStartActivity,ACTIVITY_RESULT]
12-23 01:15:21.041 I/wm_on_restart_called( 2638): [119653879,com.thundercomm.tcsetupwizard.TcSetupStartActivity,performRestartActivity]
12-23 01:15:21.050 I/input_focus( 1507): [Focus leaving a2fd531 com.thundercomm.tcsetupwizard/com.thundercomm.tcsetupwizard.TcSetupSecondActivity (server),reason=NO_WINDOW]
12-23 01:15:21.053 I/wm_add_to_stopping( 1507): [0,119653879,com.thundercomm.tcsetupwizard/.TcSetupStartActivity,completeFinishing]
12-23 01:15:21.056 I/wm_set_resumed_activity( 1507): [0,com.android.provision/.DefaultActivity,resumeTopActivityInnerLocked]
12-23 01:15:21.058 I/wm_resume_activity( 1507): [0,261080320,9,com.android.provision/.DefaultActivity]
12-23 01:15:21.063 I/sysui_multi_action( 1507): [757,803,799,window_time_0,802,0]
12-23 01:15:21.077 I/commit_sys_config_file( 1507): [settings-0-0,4]
12-23 01:15:21.080 I/commit_sys_config_file( 1507): [settings-2-0,2]
12-23 01:15:21.084 I/wm_finish_activity( 1507): [0,261080320,9,com.android.provision/.DefaultActivity,app-request]
12-23 01:15:21.084 I/wm_task_moved( 1507): [1,1,5]
12-23 01:15:21.084 I/wm_set_resumed_activity( 1507): [0,com.android.provision/.DefaultActivity,positionChildAt]
12-23 01:15:21.084 I/wm_task_moved( 1507): [9,1,2147483647]
12-23 01:15:21.085 I/wm_pause_activity( 1507): [0,261080320,com.android.provision/.DefaultActivity,userLeaving=false,finish]
12-23 01:15:21.087 I/wm_on_activity_result_called( 3501): [261080320,com.android.provision.DefaultActivity,ACTIVITY_RESULT]
12-23 01:15:21.087 I/wm_on_restart_called( 3501): [261080320,com.android.provision.DefaultActivity,performRestartActivity]
12-23 01:15:21.101 I/wm_task_created( 1507): [10,-1]
12-23 01:15:21.101 I/wm_task_moved( 1507): [10,1,2147483647]
12-23 01:15:21.102 I/wm_task_moved( 1507): [1,1,5]
12-23 01:15:21.102 I/wm_create_task( 1507): [0,10]
12-23 01:15:21.102 I/wm_create_activity( 1507): [0,172149049,10,com.android.launcher3/.uioverrides.QuickstepLauncher,android.intent.action.MAIN,NULL,NULL,268435712]
12-23 01:15:21.102 I/wm_task_moved( 1507): [1,1,5]
12-23 01:15:21.102 I/wm_task_moved( 1507): [10,1,2147483647]
12-23 01:15:21.102 I/wm_task_to_front( 1507): [0,10]
12-23 01:15:21.104 I/wm_restart_activity( 1507): [0,172149049,10,com.android.launcher3/.uioverrides.QuickstepLauncher]
12-23 01:15:21.104 I/wm_set_resumed_activity( 1507): [0,com.android.launcher3/.uioverrides.QuickstepLauncher,minimalResumeActivityLocked]
12-23 01:15:21.113 I/sysui_multi_action( 1507): [757,803,799,window_time_0,802,0]
12-23 01:15:21.250 I/wm_on_create_called( 2820): [172149049,com.android.launcher3.uioverrides.QuickstepLauncher,performCreate]
12-23 01:15:21.251 I/wm_on_start_called( 2820): [172149049,com.android.launcher3.uioverrides.QuickstepLauncher,handleStartActivity]
12-23 01:15:21.251 I/wm_on_resume_called( 2820): [172149049,com.android.launcher3.uioverrides.QuickstepLauncher,RESUME_ACTIVITY]
12-23 01:15:21.254 I/wm_on_top_resumed_gained_called( 2820): [172149049,com.android.launcher3.uioverrides.QuickstepLauncher,topStateChangedWhenResumed]
12-23 01:15:21.264 I/input_focus( 1507): [Focus request 92cfa7 com.android.launcher3/com.android.launcher3.uioverrides.QuickstepLauncher,reason=UpdateInputWindows]
12-23 01:15:21.288 I/sysui_multi_action( 1507): [319,193,322,192,325,61,757,761,758,8,759,2,806,com.android.launcher3,871,com.android.launcher3.uioverrides.QuickstepLauncher,905,0,1320,4,1321,1]
12-23 01:15:21.288 I/wm_activity_launch_time( 1507): [0,172149049,com.android.launcher3/.uioverrides.QuickstepLauncher,192]
12-23 01:15:21.291 I/wm_destroy_activity( 1507): [0,261080320,9,com.android.provision/.DefaultActivity,finish-idle]
12-23 01:15:21.291 I/wm_on_destroy_called( 3501): [261080320,com.android.provision.DefaultActivity,performDestroy]
12-23 01:15:21.301 I/input_focus( 1507): [Focus entering 92cfa7 com.android.launcher3/com.android.launcher3.uioverrides.QuickstepLauncher (server),reason=Window became focusable. Previous reason: NOT_VISIBLE]
12-23 01:15:21.448 I/commit_sys_config_file( 1507): [settings-1-0,1]
12-23 01:15:21.517 I/wm_destroy_activity( 1507): [0,119653879,9,com.thundercomm.tcsetupwizard/.TcSetupStartActivity,finish-imm:idle]
12-23 01:15:21.517 I/wm_destroy_activity( 1507): [0,52488592,9,com.thundercomm.tcsetupwizard/.TcSetupSecondActivity,finish-imm:idle]
12-23 01:15:21.570 I/wm_on_destroy_called( 2638): [119653879,com.thundercomm.tcsetupwizard.TcSetupStartActivity,performDestroy]
12-23 01:15:21.573 I/wm_on_stop_called( 2638): [52488592,com.thundercomm.tcsetupwizard.TcSetupSecondActivity,LIFECYCLER_STOP_ACTIVITY]
12-23 01:15:21.573 I/wm_on_destroy_called( 2638): [52488592,com.thundercomm.tcsetupwizard.TcSetupSecondActivity,performDestroy]
12-23 01:15:21.576 I/wm_task_removed( 1507): [9,cleanUpResourcesForDestroy]
12-23 01:15:21.576 I/wm_task_removed( 1507): [9,removeChild:removeChild last r=ActivityRecord{320e990 u0 com.thundercomm.tcsetupwizard/.TcSetupSecondActivity t-1 f}} in t=Task{63fc718 #9 type=home A=1000:com.android.provision U=0 visible=false mode=fullscreen translucent=true sz=0}]
12-23 01:15:21.576 I/wm_task_removed( 1507): [9,removeChild]
12-23 01:15:23.462 I/am_pss ( 1507): [3493,10073,com.qualcomm.location.XT,6227968,4669440,0,94420992,0,6,10]
12-23 01:15:23.476 I/am_pss ( 1507): [3738,10032,com.baidu.input,85771264,79982592,0,202661888,0,7,13]
12-23 01:15:23.483 I/am_pss ( 1507): [3469,1000,com.android.keychain,7875584,6385664,0,94793728,0,6,6]
12-23 01:15:23.489 I/am_pss ( 1507): [3078,10095,android.ext.services,7162880,5480448,0,96993280,0,5,5]
12-23 01:15:31.106 I/commit_sys_config_file( 1507): [package-user-0,8]
12-23 01:15:31.113 I/sysui_multi_action( 1507): [757,803,799,window_time_0,802,10]
12-23 01:15:31.153 I/am_pss ( 1507): [2820,10077,com.android.launcher3,123627520,98492416,0,282775552,0,2,10]
12-23 01:15:31.192 W/CarrierConfigManager( 1507): Error getting config for subId -1 ICarrierConfigLoader is null
12-23 01:15:31.194 W/CarrierConfigManager( 1507): Error getting config for subId -1 ICarrierConfigLoader is null
12-23 01:15:41.206 I/commit_sys_config_file( 1507): [package-user-0,7]
12-23 01:15:46.228 I/am_pss ( 1507): [2820,10077,com.android.launcher3,124858368,99741696,0,284020736,0,2,19]
12-23 01:15:49.799 I/am_pss ( 1507): [3502,10094,com.android.providers.media.module,24695808,21057536,0,132571136,0,0,13]
12-23 01:15:49.808 I/am_pss ( 1507): [3135,10079,com.qualcomm.location,9657344,7548928,0,102633472,0,0,8]
12-23 01:16:01.636 I/am_uid_idle( 1507): 10028
12-23 01:16:02.199 I/am_uid_idle( 1507): 10034
12-23 01:16:02.310 I/am_uid_idle( 1507): 10020
12-23 01:16:02.463 I/am_uid_idle( 1507): 10030
12-23 01:16:02.757 I/am_uid_idle( 1507): 10035
12-23 01:16:02.906 I/am_uid_idle( 1507): 10064
12-23 01:16:02.913 I/am_uid_idle( 1507): 10070
12-23 01:16:03.012 I/am_uid_idle( 1507): 10067
12-23 01:16:03.233 I/am_uid_idle( 1507): 10033
12-23 01:16:03.247 I/am_uid_idle( 1507): 10087
12-23 01:16:03.524 I/am_uid_idle( 1507): 10060
12-23 01:16:03.642 I/am_uid_idle( 1507): 10031
12-23 01:16:03.770 I/am_uid_idle( 1507): 10019
12-23 01:16:03.868 I/am_uid_idle( 1507): 2000
12-23 01:16:04.508 I/am_uid_idle( 1507): 10083
12-23 01:16:04.520 I/am_uid_idle( 1507): 10058
12-23 01:16:04.599 I/am_uid_idle( 1507): 10086
12-23 01:16:13.951 I/sysui_multi_action( 1507): [757,1696,758,6,759,2]
12-23 01:16:13.953 I/am_wtf ( 1507): [0,1507,system_server,-1,DisplayDeviceConfig,requesting nits when no mapping exists.]
12-23 01:16:13.957 I/am_wtf ( 1507): [0,1507,system_server,-1,DisplayDeviceConfig,requesting nits when no mapping exists.]
12-23 01:16:21.530 I/sysui_multi_action( 1507): [757,222,758,1]
12-23 01:16:21.539 I/am_uid_running( 1507): 10050
12-23 01:16:21.543 I/am_pss ( 1507): [2361,10093,com.android.permissioncontroller,14866432,12722176,0,107696128,0,19,10]
12-23 01:16:21.551 I/am_pss ( 1507): [3080,10070,com.android.deskclock,9224192,6774784,0,103034880,0,19,7]
12-23 01:16:21.557 I/am_pss ( 1507): [4460,10056,com.qualcomm.qti.qms.service.trustzoneaccess,5372928,3768320,0,92491776,0,19,5]
12-23 01:16:21.559 I/am_proc_start( 1507): [0,4978,10050,com.thundercomm.screensaver,service,{com.thundercomm.screensaver/com.thundercomm.saverclock.service.ClockScreensaver}]
12-23 01:16:21.563 I/am_pss ( 1507): [3784,10034,com.android.providers.calendar,7155712,5431296,0,98893824,0,19,5]
12-23 01:16:21.568 I/am_pss ( 1507): [4017,10067,com.android.gallery3d,7414784,5382144,0,96358400,0,19,5]
12-23 01:16:21.574 I/am_pss ( 1507): [3434,10019,android.process.media,10462208,8339456,0,105525248,0,10,5]
12-23 01:16:21.580 I/am_pss ( 1507): [3652,10025,com.android.externalstorage,5492736,3936256,0,94011392,0,19,5]
12-23 01:16:21.585 I/am_pss ( 1507): [4326,1000,com.android.localtransport,5310464,3837952,0,92315648,0,19,5]
12-23 01:16:21.590 I/am_pss ( 1507): [3224,10086,com.qualcomm.qtil.aptxui,6991872,5582848,0,92725248,0,19,5]
12-23 01:16:21.595 I/am_proc_bound( 1507): [0,4978,com.thundercomm.screensaver]
12-23 01:16:21.596 I/am_pss ( 1507): [4286,10058,com.qualcomm.qti.qms.service.connectionsecurity,18358272,4128768,0,77389824,0,19,5]
12-23 01:16:21.599 I/am_uid_active( 1507): 10050
12-23 01:16:21.603 I/am_pss ( 1507): [2956,10083,com.qualcomm.qti.qccauthmgr,6123520,4435968,0,96968704,0,19,6]
12-23 01:16:21.609 I/am_pss ( 1507): [4221,1001,com.android.phone,7473152,5660672,0,94093312,0,19,6]
12-23 01:16:21.615 I/am_pss ( 1507): [4205,2000,com.android.shell,5576704,4161536,0,91635712,0,19,5]
12-23 01:16:21.622 I/am_pss ( 1507): [2947,1000,com.android.settings,24853504,12546048,0,147652608,0,19,6]
12-23 01:16:21.628 I/am_pss ( 1507): [4179,10031,com.android.packageinstaller,7003136,5619712,0,92213248,0,19,5]
12-23 01:16:21.633 I/am_pss ( 1507): [4162,10060,com.android.onetimeinitializer,4878336,3457024,0,90693632,0,19,5]
12-23 01:16:21.640 I/am_pss ( 1507): [4116,10087,com.android.music,7153664,5320704,0,94629888,0,19,5]
12-23 01:16:21.646 I/am_pss ( 1507): [3623,10033,com.android.managedprovisioning,9069568,7557120,0,96980992,0,19,6]
12-23 01:16:21.652 I/am_pss ( 1507): [4003,1000,com.android.dynsystem:dynsystem,5453824,3854336,0,92033024,0,19,5]
12-23 01:16:21.658 I/am_pss ( 1507): [3981,1000,com.android.dynsystem,5180416,3690496,0,91226112,0,19,5]
12-23 01:16:21.663 I/wm_task_created( 1507): [11,-1]
12-23 01:16:21.664 I/am_pss ( 1507): [3932,10064,com.android.calendar,6590464,4653056,0,96935936,0,19,6]
12-23 01:16:21.667 I/wm_task_moved( 1507): [11,1,6]
12-23 01:16:21.668 I/wm_task_to_front( 1507): [0,11]
12-23 01:16:21.668 I/wm_create_task( 1507): [0,11]
12-23 01:16:21.668 I/wm_create_activity( 1507): [0,168050631,11,com.thundercomm.screensaver/android.service.dreams.DreamActivity,NULL,NULL,NULL,276824064]
12-23 01:16:21.668 I/wm_task_moved( 1507): [11,1,6]
12-23 01:16:21.668 I/wm_on_top_resumed_lost_called( 2820): [172149049,com.android.launcher3.uioverrides.QuickstepLauncher,topStateChangedWhenResumed]
12-23 01:16:21.669 I/wm_pause_activity( 1507): [0,172149049,com.android.launcher3/.uioverrides.QuickstepLauncher,userLeaving=true,pauseBackTasks]
12-23 01:16:21.670 I/wm_on_paused_called( 2820): [172149049,com.android.launcher3.uioverrides.QuickstepLauncher,performPause]
12-23 01:16:21.671 I/am_pss ( 1507): [3955,10035,com.hryt.hiphishowfsecontrol,17780736,14610432,0,107466752,0,19,6]
12-23 01:16:21.672 I/wm_add_to_stopping( 1507): [0,172149049,com.android.launcher3/.uioverrides.QuickstepLauncher,makeInvisible]
12-23 01:16:21.672 I/wm_restart_activity( 1507): [0,168050631,11,com.thundercomm.screensaver/android.service.dreams.DreamActivity]
12-23 01:16:21.673 I/wm_set_resumed_activity( 1507): [0,com.thundercomm.screensaver/android.service.dreams.DreamActivity,minimalResumeActivityLocked]
12-23 01:16:21.677 I/am_pss ( 1507): [3730,10020,android.process.acore,12633088,9338880,0,117878784,0,19,5]
12-23 01:16:21.677 I/sysui_multi_action( 1507): [757,803,799,window_time_0,802,51]
12-23 01:16:21.680 I/wm_on_create_called( 4978): [168050631,android.service.dreams.DreamActivity,performCreate]
12-23 01:16:21.681 I/wm_on_start_called( 4978): [168050631,android.service.dreams.DreamActivity,handleStartActivity]
12-23 01:16:21.681 I/wm_on_resume_called( 4978): [168050631,android.service.dreams.DreamActivity,RESUME_ACTIVITY]
12-23 01:16:21.682 I/am_pss ( 1507): [3908,1000,com.qti.diagservices,5677056,3874816,0,96079872,0,10,4]
12-23 01:16:21.687 I/wm_on_top_resumed_gained_called( 4978): [168050631,android.service.dreams.DreamActivity,topStateChangedWhenResumed]
12-23 01:16:21.688 I/am_pss ( 1507): [3858,10030,com.android.traceur,8852480,6111232,0,97497088,0,19,4]
12-23 01:16:21.693 I/am_pss ( 1507): [3437,10028,com.android.documentsui,11382784,8658944,0,108113920,0,19,4]
12-23 01:16:21.696 I/input_focus( 1507): [Focus leaving 92cfa7 com.android.launcher3/com.android.launcher3.uioverrides.QuickstepLauncher (server),reason=NO_WINDOW]
12-23 01:16:21.699 I/am_pss ( 1507): [3428,10088,com.qualcomm.qti.workloadclassifier,16386048,13103104,0,110886912,0,0,5]
12-23 01:16:21.705 I/am_pss ( 1507): [3405,10082,com.qualcomm.qti.qccnetstat,5889024,4395008,0,92553216,0,0,4]
12-23 01:16:21.710 I/am_pss ( 1507): [3383,10072,com.qualcomm.qti.services.systemhelper:systemhelper_service,6068224,4513792,0,94887936,0,0,4]
12-23 01:16:21.715 I/am_pss ( 1507): [3362,10055,.pasr,5137408,3715072,0,90415104,0,0,4]
12-23 01:16:21.715 I/input_focus( 1507): [Focus request d1749db com.thundercomm.screensaver/android.service.dreams.DreamActivity,reason=UpdateInputWindows]
12-23 01:16:21.717 I/am_wtf ( 1507): [0,2359,com.android.systemui,818462221,KeyguardBouncer,onFullyShown when view was null]
12-23 01:16:21.720 I/sysui_multi_action( 2359): [757,196,758,2,759,0]
12-23 01:16:21.720 I/sysui_status_bar_state( 2359): [0,0,1,0,0,1]
12-23 01:16:21.723 I/am_pss ( 1507): [3316,10059,ts.car.uart,5986304,4571136,0,91467776,0,0,5]
12-23 01:16:21.728 I/am_pss ( 1507): [3313,10089,com.hht.lebocast,36131840,17190912,0,108654592,0,0,5]
12-23 01:16:21.734 I/am_pss ( 1507): [2799,1000,com.android.settings:CryptKeeper,15865856,5001216,0,126189568,0,19,6]
12-23 01:16:21.750 I/sysui_multi_action( 1507): [757,1696,758,6,759,3]
12-23 01:16:21.750 I/sysui_multi_action( 1507): [319,88,322,87,325,122,757,761,758,8,759,2,806,com.thundercomm.screensaver,871,android.service.dreams.DreamActivity,904,com.thundercomm.screensaver,905,0,1320,4,1321,2]
12-23 01:16:21.751 I/wm_activity_launch_time( 1507): [0,168050631,com.thundercomm.screensaver/android.service.dreams.DreamActivity,87]
12-23 01:16:21.762 I/am_wtf ( 1507): [0,1507,system_server,-1,DisplayDeviceConfig,requesting nits when no mapping exists.]
12-23 01:16:21.762 I/am_wtf ( 1507): [0,1507,system_server,-1,DisplayDeviceConfig,requesting nits when no mapping exists.]
12-23 01:16:21.762 I/input_focus( 1507): [Focus entering d1749db com.thundercomm.screensaver/android.service.dreams.DreamActivity (server),reason=Window became focusable. Previous reason: NOT_VISIBLE]
12-23 01:16:21.778 I/am_wtf ( 1507): [0,1507,system_server,-1,DisplayDeviceConfig,requesting nits when no mapping exists.]
12-23 01:16:21.779 I/service_manager_stats( 1507): [100,43,97293]
12-23 01:16:21.779 I/am_wtf ( 1507): [0,1507,system_server,-1,DisplayDeviceConfig,requesting nits when no mapping exists.]
12-23 01:16:21.795 I/am_wtf ( 1507): [0,1507,system_server,-1,DisplayDeviceConfig,requesting nits when no mapping exists.]
12-23 01:16:21.795 I/am_wtf ( 1507): [0,1507,system_server,-1,DisplayDeviceConfig,requesting nits when no mapping exists.]
12-23 01:16:21.812 I/am_wtf ( 1507): [0,1507,system_server,-1,DisplayDeviceConfig,requesting nits when no mapping exists.]
12-23 01:16:21.812 I/am_wtf ( 1507): [0,1507,system_server,-1,DisplayDeviceConfig,requesting nits when no mapping exists.]
12-23 01:16:21.828 I/am_wtf ( 1507): [0,1507,system_server,-1,DisplayDeviceConfig,requesting nits when no mapping exists.]
12-23 01:16:21.829 I/am_wtf ( 1507): [0,1507,system_server,-1,DisplayDeviceConfig,requesting nits when no mapping exists.]
12-23 01:16:21.845 I/am_wtf ( 1507): [0,1507,system_server,-1,DisplayDeviceConfig,requesting nits when no mapping exists.]
12-23 01:16:21.845 I/am_wtf ( 1507): [0,1507,system_server,-1,DisplayDeviceConfig,requesting nits when no mapping exists.]
12-23 01:16:21.862 I/am_wtf ( 1507): [0,1507,system_server,-1,DisplayDeviceConfig,requesting nits when no mapping exists.]
12-23 01:16:21.862 I/am_wtf ( 1507): [0,1507,system_server,-1,DisplayDeviceConfig,requesting nits when no mapping exists.]
12-23 01:16:21.878 I/am_wtf ( 1507): [0,1507,system_server,-1,DisplayDeviceConfig,requesting nits when no mapping exists.]
12-23 01:16:21.879 I/am_wtf ( 1507): [0,1507,system_server,-1,DisplayDeviceConfig,requesting nits when no mapping exists.]
12-23 01:16:21.895 I/am_wtf ( 1507): [0,1507,system_server,-1,DisplayDeviceConfig,requesting nits when no mapping exists.]
12-23 01:16:21.895 I/am_wtf ( 1507): [0,1507,system_server,-1,DisplayDeviceConfig,requesting nits when no mapping exists.]
12-23 01:16:21.912 I/am_wtf ( 1507): [0,1507,system_server,-1,DisplayDeviceConfig,requesting nits when no mapping exists.]
12-23 01:16:21.912 I/am_wtf ( 1507): [0,1507,system_server,-1,DisplayDeviceConfig,requesting nits when no mapping exists.]
12-23 01:16:21.929 I/am_wtf ( 1507): [0,1507,system_server,-1,DisplayDeviceConfig,requesting nits when no mapping exists.]
12-23 01:16:21.929 I/am_wtf ( 1507): [0,1507,system_server,-1,DisplayDeviceConfig,requesting nits when no mapping exists.]
12-23 01:16:21.945 I/am_wtf ( 1507): [0,1507,system_server,-1,DisplayDeviceConfig,requesting nits when no mapping exists.]
12-23 01:16:21.945 I/am_wtf ( 1507): [0,1507,system_server,-1,DisplayDeviceConfig,requesting nits when no mapping exists.]
12-23 01:16:21.962 I/am_wtf ( 1507): [0,1507,system_server,-1,DisplayDeviceConfig,requesting nits when no mapping exists.]
12-23 01:16:21.962 I/am_wtf ( 1507): [0,1507,system_server,-1,DisplayDeviceConfig,requesting nits when no mapping exists.]
12-23 01:16:21.979 I/am_wtf ( 1507): [0,1507,system_server,-1,DisplayDeviceConfig,requesting nits when no mapping exists.]
12-23 01:16:21.979 I/am_wtf ( 1507): [0,1507,system_server,-1,DisplayDeviceConfig,requesting nits when no mapping exists.]
12-23 01:16:21.996 I/am_wtf ( 1507): [0,1507,system_server,-1,DisplayDeviceConfig,requesting nits when no mapping exists.]
12-23 01:16:21.996 I/am_wtf ( 1507): [0,1507,system_server,-1,DisplayDeviceConfig,requesting nits when no mapping exists.]
12-23 01:16:22.012 I/am_wtf ( 1507): [0,1507,system_server,-1,DisplayDeviceConfig,requesting nits when no mapping exists.]
12-23 01:16:22.012 I/am_wtf ( 1507): [0,1507,system_server,-1,DisplayDeviceConfig,requesting nits when no mapping exists.]
12-23 01:16:22.029 I/am_wtf ( 1507): [0,1507,system_server,-1,DisplayDeviceConfig,requesting nits when no mapping exists.]
12-23 01:16:22.029 I/am_wtf ( 1507): [0,1507,system_server,-1,DisplayDeviceConfig,requesting nits when no mapping exists.]
12-23 01:16:22.046 I/am_wtf ( 1507): [0,1507,system_server,-1,DisplayDeviceConfig,requesting nits when no mapping exists.]
12-23 01:16:22.047 I/am_wtf ( 1507): [0,1507,system_server,-1,DisplayDeviceConfig,requesting nits when no mapping exists.]
12-23 01:16:22.047 I/wm_stop_activity( 1507): [0,172149049,com.android.launcher3/.uioverrides.QuickstepLauncher]
12-23 01:16:22.062 I/am_wtf ( 1507): [0,1507,system_server,-1,DisplayDeviceConfig,requesting nits when no mapping exists.]
12-23 01:16:22.063 I/am_wtf ( 1507): [0,1507,system_server,-1,DisplayDeviceConfig,requesting nits when no mapping exists.]
12-23 01:16:22.066 I/wm_on_stop_called( 2820): [172149049,com.android.launcher3.uioverrides.QuickstepLauncher,STOP_ACTIVITY_ITEM]
12-23 01:16:22.080 I/am_wtf ( 1507): [0,1507,system_server,-1,DisplayDeviceConfig,requesting nits when no mapping exists.]
12-23 01:16:22.081 I/am_wtf ( 1507): [0,1507,system_server,-1,DisplayDeviceConfig,requesting nits when no mapping exists.]
12-23 01:16:22.096 I/am_wtf ( 1507): [0,1507,system_server,-1,DisplayDeviceConfig,requesting nits when no mapping exists.]
12-23 01:16:22.096 I/am_wtf ( 1507): [0,1507,system_server,-1,DisplayDeviceConfig,requesting nits when no mapping exists.]
12-23 01:16:22.112 I/am_wtf ( 1507): [0,1507,system_server,-1,DisplayDeviceConfig,requesting nits when no mapping exists.]
12-23 01:16:22.112 I/am_wtf ( 1507): [0,1507,system_server,-1,DisplayDeviceConfig,requesting nits when no mapping exists.]
12-23 01:16:22.129 I/am_wtf ( 1507): [0,1507,system_server,-1,DisplayDeviceConfig,requesting nits when no mapping exists.]
12-23 01:16:22.129 I/am_wtf ( 1507): [0,1507,system_server,-1,DisplayDeviceConfig,requesting nits when no mapping exists.]
12-23 01:16:22.146 I/am_wtf ( 1507): [0,1507,system_server,-1,DisplayDeviceConfig,requesting nits when no mapping exists.]
12-23 01:16:22.146 I/am_wtf ( 1507): [0,1507,system_server,-1,DisplayDeviceConfig,requesting nits when no mapping exists.]
12-23 01:16:22.163 I/am_wtf ( 1507): [0,1507,system_server,-1,DisplayDeviceConfig,requesting nits when no mapping exists.]
12-23 01:16:22.163 I/am_wtf ( 1507): [0,1507,system_server,-1,DisplayDeviceConfig,requesting nits when no mapping exists.]
12-23 01:16:22.179 I/am_wtf ( 1507): [0,1507,system_server,-1,DisplayDeviceConfig,requesting nits when no mapping exists.]
12-23 01:16:22.180 I/am_wtf ( 1507): [0,1507,system_server,-1,DisplayDeviceConfig,requesting nits when no mapping exists.]
12-23 01:16:22.196 I/am_wtf ( 1507): [0,1507,system_server,-1,DisplayDeviceConfig,requesting nits when no mapping exists.]
12-23 01:16:22.196 I/am_wtf ( 1507): [0,1507,system_server,-1,DisplayDeviceConfig,requesting nits when no mapping exists.]
12-23 01:16:22.213 I/am_wtf ( 1507): [0,1507,system_server,-1,DisplayDeviceConfig,requesting nits when no mapping exists.]
12-23 01:16:22.213 I/am_wtf ( 1507): [0,1507,system_server,-1,DisplayDeviceConfig,requesting nits when no mapping exists.]
12-23 01:16:22.229 I/am_wtf ( 1507): [0,1507,system_server,-1,DisplayDeviceConfig,requesting nits when no mapping exists.]
12-23 01:16:22.230 I/am_wtf ( 1507): [0,1507,system_server,-1,DisplayDeviceConfig,requesting nits when no mapping exists.]
12-23 01:16:22.246 I/am_wtf ( 1507): [0,1507,system_server,-1,DisplayDeviceConfig,requesting nits when no mapping exists.]
12-23 01:16:22.247 I/am_wtf ( 1507): [0,1507,system_server,-1,DisplayDeviceConfig,requesting nits when no mapping exists.]
12-23 01:16:22.263 I/am_wtf ( 1507): [0,1507,system_server,-1,DisplayDeviceConfig,requesting nits when no mapping exists.]
12-23 01:16:22.263 I/am_wtf ( 1507): [0,1507,system_server,-1,DisplayDeviceConfig,requesting nits when no mapping exists.]
12-23 01:16:22.280 I/am_wtf ( 1507): [0,1507,system_server,-1,DisplayDeviceConfig,requesting nits when no mapping exists.]
12-23 01:16:22.280 I/am_wtf ( 1507): [0,1507,system_server,-1,DisplayDeviceConfig,requesting nits when no mapping exists.]
12-23 01:16:22.297 I/am_wtf ( 1507): [0,1507,system_server,-1,DisplayDeviceConfig,requesting nits when no mapping exists.]
12-23 01:16:22.297 I/am_wtf ( 1507): [0,1507,system_server,-1,DisplayDeviceConfig,requesting nits when no mapping exists.]
12-23 01:16:22.313 I/am_wtf ( 1507): [0,1507,system_server,-1,DisplayDeviceConfig,requesting nits when no mapping exists.]
12-23 01:16:22.314 I/am_wtf ( 1507): [0,1507,system_server,-1,DisplayDeviceConfig,requesting nits when no mapping exists.]
12-23 01:16:22.330 I/am_wtf ( 1507): [0,1507,system_server,-1,DisplayDeviceConfig,requesting nits when no mapping exists.]
12-23 01:16:22.330 I/am_wtf ( 1507): [0,1507,system_server,-1,DisplayDeviceConfig,requesting nits when no mapping exists.]
12-23 01:16:22.346 I/am_wtf ( 1507): [0,1507,system_server,-1,DisplayDeviceConfig,requesting nits when no mapping exists.]
12-23 01:16:22.347 I/am_wtf ( 1507): [0,1507,system_server,-1,DisplayDeviceConfig,requesting nits when no mapping exists.]
12-23 01:16:22.363 I/am_wtf ( 1507): [0,1507,system_server,-1,DisplayDeviceConfig,requesting nits when no mapping exists.]
12-23 01:16:22.364 I/am_wtf ( 1507): [0,1507,system_server,-1,DisplayDeviceConfig,requesting nits when no mapping exists.]
12-23 01:16:22.380 I/am_wtf ( 1507): [0,1507,system_server,-1,DisplayDeviceConfig,requesting nits when no mapping exists.]
12-23 01:16:22.380 I/am_wtf ( 1507): [0,1507,system_server,-1,DisplayDeviceConfig,requesting nits when no mapping exists.]
12-23 01:16:22.397 I/am_wtf ( 1507): [0,1507,system_server,-1,DisplayDeviceConfig,requesting nits when no mapping exists.]
12-23 01:16:22.397 I/am_wtf ( 1507): [0,1507,system_server,-1,DisplayDeviceConfig,requesting nits when no mapping exists.]
12-23 01:16:22.413 I/am_wtf ( 1507): [0,1507,system_server,-1,DisplayDeviceConfig,requesting nits when no mapping exists.]
12-23 01:16:22.414 I/am_wtf ( 1507): [0,1507,system_server,-1,DisplayDeviceConfig,requesting nits when no mapping exists.]
12-23 01:16:22.430 I/am_wtf ( 1507): [0,1507,system_server,-1,DisplayDeviceConfig,requesting nits when no mapping exists.]
12-23 01:16:22.431 I/am_wtf ( 1507): [0,1507,system_server,-1,DisplayDeviceConfig,requesting nits when no mapping exists.]
12-23 01:16:22.447 I/am_wtf ( 1507): [0,1507,system_server,-1,DisplayDeviceConfig,requesting nits when no mapping exists.]
12-23 01:16:22.447 I/am_wtf ( 1507): [0,1507,system_server,-1,DisplayDeviceConfig,requesting nits when no mapping exists.]
12-23 01:16:22.464 I/am_wtf ( 1507): [0,1507,system_server,-1,DisplayDeviceConfig,requesting nits when no mapping exists.]
12-23 01:16:22.464 I/am_wtf ( 1507): [0,1507,system_server,-1,DisplayDeviceConfig,requesting nits when no mapping exists.]
12-23 01:16:22.481 I/am_wtf ( 1507): [0,1507,system_server,-1,DisplayDeviceConfig,requesting nits when no mapping exists.]
12-23 01:16:22.481 I/am_wtf ( 1507): [0,1507,system_server,-1,DisplayDeviceConfig,requesting nits when no mapping exists.]
12-23 01:16:22.497 I/am_wtf ( 1507): [0,1507,system_server,-1,DisplayDeviceConfig,requesting nits when no mapping exists.]
12-23 01:16:22.497 I/am_wtf ( 1507): [0,1507,system_server,-1,DisplayDeviceConfig,requesting nits when no mapping exists.]
12-23 01:16:22.514 I/am_wtf ( 1507): [0,1507,system_server,-1,DisplayDeviceConfig,requesting nits when no mapping exists.]
12-23 01:16:22.514 I/am_wtf ( 1507): [0,1507,system_server,-1,DisplayDeviceConfig,requesting nits when no mapping exists.]
12-23 01:16:22.530 I/am_wtf ( 1507): [0,1507,system_server,-1,DisplayDeviceConfig,requesting nits when no mapping exists.]
12-23 01:16:22.530 I/am_wtf ( 1507): [0,1507,system_server,-1,DisplayDeviceConfig,requesting nits when no mapping exists.]
12-23 01:16:22.547 I/am_wtf ( 1507): [0,1507,system_server,-1,DisplayDeviceConfig,requesting nits when no mapping exists.]
12-23 01:16:22.547 I/am_wtf ( 1507): [0,1507,system_server,-1,DisplayDeviceConfig,requesting nits when no mapping exists.]
12-23 01:16:22.564 I/am_wtf ( 1507): [0,1507,system_server,-1,DisplayDeviceConfig,requesting nits when no mapping exists.]
12-23 01:16:22.564 I/am_wtf ( 1507): [0,1507,system_server,-1,DisplayDeviceConfig,requesting nits when no mapping exists.]
12-23 01:16:22.580 I/am_wtf ( 1507): [0,1507,system_server,-1,DisplayDeviceConfig,requesting nits when no mapping exists.]
12-23 01:16:22.580 I/am_wtf ( 1507): [0,1507,system_server,-1,DisplayDeviceConfig,requesting nits when no mapping exists.]
12-23 01:16:22.597 I/am_wtf ( 1507): [0,1507,system_server,-1,DisplayDeviceConfig,requesting nits when no mapping exists.]
12-23 01:16:22.597 I/am_wtf ( 1507): [0,1507,system_server,-1,DisplayDeviceConfig,requesting nits when no mapping exists.]
12-23 01:16:22.614 I/am_wtf ( 1507): [0,1507,system_server,-1,DisplayDeviceConfig,requesting nits when no mapping exists.]
12-23 01:16:22.614 I/am_wtf ( 1507): [0,1507,system_server,-1,DisplayDeviceConfig,requesting nits when no mapping exists.]
12-23 01:16:22.630 I/am_wtf ( 1507): [0,1507,system_server,-1,DisplayDeviceConfig,requesting nits when no mapping exists.]
12-23 01:16:22.631 I/am_wtf ( 1507): [0,1507,system_server,-1,DisplayDeviceConfig,requesting nits when no mapping exists.]
12-23 01:16:22.647 I/am_wtf ( 1507): [0,1507,system_server,-1,DisplayDeviceConfig,requesting nits when no mapping exists.]
12-23 01:16:22.647 I/am_wtf ( 1507): [0,1507,system_server,-1,DisplayDeviceConfig,requesting nits when no mapping exists.]
12-23 01:16:22.664 I/am_wtf ( 1507): [0,1507,system_server,-1,DisplayDeviceConfig,requesting nits when no mapping exists.]
12-23 01:16:22.664 I/am_wtf ( 1507): [0,1507,system_server,-1,DisplayDeviceConfig,requesting nits when no mapping exists.]
12-23 01:16:22.681 I/am_wtf ( 1507): [0,1507,system_server,-1,DisplayDeviceConfig,requesting nits when no mapping exists.]
12-23 01:16:22.681 I/am_wtf ( 1507): [0,1507,system_server,-1,DisplayDeviceConfig,requesting nits when no mapping exists.]
12-23 01:16:22.697 I/am_wtf ( 1507): [0,1507,system_server,-1,DisplayDeviceConfig,requesting nits when no mapping exists.]
12-23 01:16:22.697 I/am_wtf ( 1507): [0,1507,system_server,-1,DisplayDeviceConfig,requesting nits when no mapping exists.]
12-23 01:16:22.714 I/am_wtf ( 1507): [0,1507,system_server,-1,DisplayDeviceConfig,requesting nits when no mapping exists.]
12-23 01:16:22.714 I/am_wtf ( 1507): [0,1507,system_server,-1,DisplayDeviceConfig,requesting nits when no mapping exists.]
12-23 01:16:49.792 I/am_uid_idle( 1507): 10093
12-23 01:17:28.143 I/am_uid_idle( 1507): 10063
12-23 01:24:40.846 I/am_freeze( 1507): [2799,com.android.settings:CryptKeeper]
12-23 01:24:40.849 I/am_kill ( 1507): [0,2799,com.android.settings:CryptKeeper,985,Unable to freeze binder interface]
12-23 01:24:40.882 I/am_proc_died( 1507): [0,2799,com.android.settings:CryptKeeper,985,19]
12-23 01:24:40.894 I/am_pss ( 1507): [4978,10050,com.thundercomm.screensaver,64623616,57360384,0,187748352,0,2,9]
12-23 01:24:40.908 I/am_pss ( 1507): [2820,10077,com.android.launcher3,98653184,69758976,0,253595648,0,6,13]
12-23 01:24:40.914 I/am_pss ( 1507): [2361,10093,com.android.permissioncontroller,14860288,12722176,0,107696128,0,19,5]
12-23 01:24:40.919 I/am_pss ( 1507): [3434,10019,android.process.media,10467328,8339456,0,105525248,0,10,5]
12-23 01:24:40.925 I/am_pss ( 1507): [2808,1000,com.thundercomm.gamemode,18253824,14921728,0,120946688,0,10,5]
12-23 01:24:40.930 I/am_pss ( 1507): [3908,1000,com.qti.diagservices,5701632,3874816,0,96079872,0,10,4]
12-23 01:24:42.021 I/am_freeze( 1507): [3437,com.android.documentsui]
12-23 01:24:42.022 I/am_kill ( 1507): [0,3437,com.android.documentsui,985,Unable to freeze binder interface]
12-23 01:24:42.061 I/am_proc_died( 1507): [0,3437,com.android.documentsui,985,19]
12-23 01:24:42.062 I/am_uid_stopped( 1507): 10028
12-23 01:24:42.577 I/am_freeze( 1507): [3858,com.android.traceur]
12-23 01:24:42.578 I/am_kill ( 1507): [0,3858,com.android.traceur,985,Unable to freeze binder interface]
12-23 01:24:42.612 I/am_proc_died( 1507): [0,3858,com.android.traceur,985,19]
12-23 01:24:42.612 I/am_uid_stopped( 1507): 10030
12-23 01:24:42.620 I/am_pss ( 1507): [3884,10068,com.qualcomm.qti.devicestatisticsservice,5094400,3620864,0,90054656,0,0,6]
12-23 01:24:42.948 I/am_freeze( 1507): [3955,com.hryt.hiphishowfsecontrol]
12-23 01:24:42.951 I/am_freeze( 1507): [3932,com.android.calendar]
12-23 01:24:42.953 I/am_kill ( 1507): [0,3955,com.hryt.hiphishowfsecontrol,975,Unable to freeze binder interface]
12-23 01:24:42.954 I/am_kill ( 1507): [0,3932,com.android.calendar,975,Unable to freeze binder interface]
12-23 01:24:42.987 I/am_proc_died( 1507): [0,3955,com.hryt.hiphishowfsecontrol,975,19]
12-23 01:24:42.988 I/am_uid_stopped( 1507): 10035
12-23 01:24:42.991 I/am_proc_died( 1507): [0,3932,com.android.calendar,975,19]
12-23 01:24:42.991 I/am_uid_stopped( 1507): 10064
12-23 01:24:43.031 I/am_freeze( 1507): [3981,com.android.dynsystem]
12-23 01:24:43.033 I/am_kill ( 1507): [0,3981,com.android.dynsystem,965,Unable to freeze binder interface]
12-23 01:24:43.068 I/am_proc_died( 1507): [0,3981,com.android.dynsystem,965,19]
12-23 01:24:43.136 I/am_freeze( 1507): [4003,com.android.dynsystem:dynsystem]
12-23 01:24:43.138 I/am_kill ( 1507): [0,4003,com.android.dynsystem:dynsystem,965,Unable to freeze binder interface]
12-23 01:24:43.167 I/am_proc_died( 1507): [0,4003,com.android.dynsystem:dynsystem,965,19]
12-23 01:24:43.441 I/am_freeze( 1507): [4116,com.android.music]
12-23 01:24:43.442 I/am_kill ( 1507): [0,4116,com.android.music,985,Unable to freeze binder interface]
12-23 01:24:43.475 I/am_proc_died( 1507): [0,4116,com.android.music,985,19]
12-23 01:24:43.476 I/am_uid_stopped( 1507): 10087
12-23 01:24:43.685 I/am_freeze( 1507): [4162,com.android.onetimeinitializer]
12-23 01:24:43.686 I/am_kill ( 1507): [0,4162,com.android.onetimeinitializer,985,Unable to freeze binder interface]
12-23 01:24:43.712 I/am_proc_died( 1507): [0,4162,com.android.onetimeinitializer,985,19]
12-23 01:24:43.713 I/am_uid_stopped( 1507): 10060
12-23 01:24:43.922 I/am_freeze( 1507): [2947,com.android.settings]
12-23 01:24:43.925 I/am_kill ( 1507): [0,2947,com.android.settings,975,Unable to freeze binder interface]
12-23 01:24:43.967 I/am_proc_died( 1507): [0,2947,com.android.settings,975,19]
12-23 01:24:44.091 I/am_freeze( 1507): [4221,com.android.phone]
12-23 01:24:44.093 I/am_kill ( 1507): [0,4221,com.android.phone,965,Unable to freeze binder interface]
12-23 01:24:44.121 I/am_proc_died( 1507): [0,4221,com.android.phone,965,19]
12-23 01:24:44.632 I/am_freeze( 1507): [4286,com.qualcomm.qti.qms.service.connectionsecurity]
12-23 01:24:44.634 I/am_freeze( 1507): [3224,com.qualcomm.qtil.aptxui]
12-23 01:24:44.636 I/am_kill ( 1507): [0,4286,com.qualcomm.qti.qms.service.connectionsecurity,955,Unable to freeze binder interface]
12-23 01:24:44.638 I/am_kill ( 1507): [0,3224,com.qualcomm.qtil.aptxui,945,Unable to freeze binder interface]
12-23 01:24:44.665 I/am_proc_died( 1507): [0,4286,com.qualcomm.qti.qms.service.connectionsecurity,955,19]
12-23 01:24:44.666 I/am_uid_stopped( 1507): 10058
12-23 01:24:44.675 I/am_proc_died( 1507): [0,3224,com.qualcomm.qtil.aptxui,945,19]
12-23 01:24:44.676 I/am_uid_stopped( 1507): 10086
12-23 01:24:44.841 I/am_freeze( 1507): [4326,com.android.localtransport]
12-23 01:24:44.842 I/am_kill ( 1507): [0,4326,com.android.localtransport,945,Unable to freeze binder interface]
12-23 01:24:44.870 I/am_proc_died( 1507): [0,4326,com.android.localtransport,945,19]
12-23 01:24:45.078 I/am_freeze( 1507): [3652,com.android.externalstorage]
12-23 01:24:45.080 I/am_kill ( 1507): [0,3652,com.android.externalstorage,935,Unable to freeze binder interface]
12-23 01:24:45.108 I/am_proc_died( 1507): [0,3652,com.android.externalstorage,935,19]
12-23 01:24:45.109 I/am_uid_stopped( 1507): 10025
12-23 01:24:45.470 I/am_freeze( 1507): [4017,com.android.gallery3d]
12-23 01:24:45.472 I/am_kill ( 1507): [0,4017,com.android.gallery3d,935,Unable to freeze binder interface]
12-23 01:24:45.504 I/am_proc_died( 1507): [0,4017,com.android.gallery3d,935,19]
12-23 01:24:45.504 I/am_uid_stopped( 1507): 10067
12-23 01:24:48.854 I/am_freeze( 1507): [3784,com.android.providers.calendar]
12-23 01:24:48.857 I/am_kill ( 1507): [0,3784,com.android.providers.calendar,925,Unable to freeze binder interface]
12-23 01:24:48.886 I/am_proc_died( 1507): [0,3784,com.android.providers.calendar,925,19]
12-23 01:24:48.887 I/am_uid_stopped( 1507): 10034
12-23 01:24:50.071 I/am_freeze( 1507): [4460,com.qualcomm.qti.qms.service.trustzoneaccess]
12-23 01:24:50.072 I/am_kill ( 1507): [0,4460,com.qualcomm.qti.qms.service.trustzoneaccess,945,Unable to freeze binder interface]
12-23 01:24:50.102 I/am_proc_died( 1507): [0,4460,com.qualcomm.qti.qms.service.trustzoneaccess,945,19]
12-23 01:24:50.102 I/am_uid_stopped( 1507): 10056
12-23 01:25:17.368 I/am_freeze( 1507): [2956,com.qualcomm.qti.qccauthmgr]
12-23 01:25:17.372 I/am_freeze( 1507): [3730,android.process.acore]
12-23 01:25:17.374 I/am_kill ( 1507): [0,2956,com.qualcomm.qti.qccauthmgr,945,Unable to freeze binder interface]
12-23 01:25:17.376 I/am_kill ( 1507): [0,3730,android.process.acore,985,Unable to freeze binder interface]
12-23 01:25:17.407 I/am_proc_died( 1507): [0,2956,com.qualcomm.qti.qccauthmgr,945,19]
12-23 01:25:17.408 I/am_uid_stopped( 1507): 10083
12-23 01:25:17.414 I/am_proc_died( 1507): [0,3730,android.process.acore,985,19]
12-23 01:25:17.415 I/am_uid_stopped( 1507): 10020
12-23 01:25:17.421 I/am_pss ( 1507): [4978,10050,com.thundercomm.screensaver,65901568,57700352,0,188088320,0,2,8]
12-23 01:25:17.432 I/am_pss ( 1507): [2820,10077,com.android.launcher3,111643648,93462528,0,253595648,0,6,10]
12-23 01:25:17.440 I/am_pss ( 1507): [2342,1002,com.android.bluetooth,36675584,29437952,0,148336640,0,0,7]
12-23 01:25:17.445 I/am_pss ( 1507): [2786,1000,com.qualcomm.qti.qdma,9929728,6594560,0,107024384,0,0,5]
12-23 01:25:17.451 I/am_pss ( 1507): [2745,1000,com.thundercomm.tcservice,9208832,6983680,0,97562624,0,0,4]
12-23 01:25:17.456 I/am_pss ( 1507): [2712,1068,com.android.se,6144000,4038656,0,92770304,0,0,5]
12-23 01:25:17.462 I/am_pss ( 1507): [2738,1000,com.thundercomm.remotecontrolservice,11224064,8495104,0,103841792,0,0,5]
12-23 01:25:17.467 I/am_pss ( 1507): [2660,10084,com.qti.qualcomm.mstatssystemservice,5808128,3776512,0,90918912,0,0,5]
12-23 01:25:17.476 I/am_pss ( 1507): [2638,1000,com.thundercomm.tcsetupwizard,49638400,42180608,0,172994560,0,0,8]
12-23 01:25:17.482 I/am_pss ( 1507): [2647,1000,vendor.qti.qesdk.sysservice,5862400,3760128,0,92504064,0,0,5]
12-23 01:25:17.487 I/am_pss ( 1507): [2625,1000,com.tc.logclient,7836672,5431296,0,99250176,0,0,5]
12-23 01:25:17.492 I/am_pss ( 1507): [2612,1000,com.thundercomm.tchttpserver,9721856,7630848,0,96063488,0,0,5]
12-23 01:25:17.498 I/am_pss ( 1507): [2591,10054,.qtidataservices,6256640,4186112,0,92573696,0,0,4]
12-23 01:25:17.503 I/am_pss ( 1507): [2574,1001,.dataservices,8196096,5984256,0,95334400,0,0,4]
12-23 01:25:17.509 I/am_pss ( 1507): [2572,1000,com.thundercomm.microsettings,35777536,32251904,0,129896448,0,0,5]
12-23 01:25:17.514 I/am_pss ( 1507): [2555,1000,com.thundercomm.microservice,9226240,7028736,0,96862208,0,0,5]
12-23 01:25:17.520 I/am_pss ( 1507): [2498,1073,com.android.networkstack.process,11198464,8343552,0,105807872,0,0,5]
12-23 01:25:17.533 I/am_pss ( 1507): [2359,10081,com.android.systemui,168695808,146472960,0,334311424,0,0,12]
12-23 01:25:17.552 I/am_pss ( 1507): [1507,1000,system,202973184,113332224,0,517476352,0,0,18]
12-23 01:25:17.553 I/service_manager_stats( 1507): [114,17,535775]
12-23 01:25:21.296 I/am_freeze( 1507): [3501,com.android.provision]
12-23 01:25:21.298 I/am_kill ( 1507): [0,3501,com.android.provision,935,Unable to freeze binder interface]
12-23 01:25:21.345 I/am_proc_died( 1507): [0,3501,com.android.provision,935,19]
12-23 01:25:21.366 I/am_freeze( 1507): [3080,com.android.deskclock]
12-23 01:25:21.367 I/am_kill ( 1507): [0,3080,com.android.deskclock,925,Unable to freeze binder interface]
12-23 01:25:21.396 I/am_proc_died( 1507): [0,3080,com.android.deskclock,925,19]
12-23 01:25:21.396 I/am_uid_stopped( 1507): 10070
12-23 01:25:40.081 I/am_pss ( 1507): [3493,10073,com.qualcomm.location.XT,6947840,4669440,0,94420992,0,6,9]
12-23 01:25:40.094 I/am_pss ( 1507): [3738,10032,com.baidu.input,86899712,79974400,0,202616832,0,7,10]
12-23 01:25:40.100 I/am_pss ( 1507): [3469,1000,com.android.keychain,8587264,6385664,0,94793728,0,6,5]
12-23 01:25:40.106 I/am_pss ( 1507): [3078,10095,android.ext.services,7904256,5480448,0,96993280,0,5,5]
12-23 01:25:40.191 I/auditd ( 850): type=1400 audit(0.0:486): avc: denied { search } for comm="wifi@1.0-servic" name="tombstones" dev="dm-10" ino=24 scontext=u:r:hal_wifi_default:s0 tcontext=u:object_r:vendor_tombstone_data_file:s0 tclass=dir permissive=0
12-23 01:25:40.224 I/sysui_multi_action( 1507): [757,128,758,5,759,8,793,657843,794,0,795,657843,796,17303299,797,com.android.wifi,806,android,857,NETWORK_AVAILABLE,858,2,947,0,1500,657642,1688,1]
12-23 01:25:40.225 I/notification_canceled( 1507): [0|android|17303299|com.android.wifi|1000,8,657843,657843,0,-1,-1,NULL]
12-23 01:25:40.272 I/commit_sys_config_file( 1507): [settings-0-0,6]
12-23 01:25:49.830 I/am_freeze( 1507): [2361,com.android.permissioncontroller]
12-23 01:25:49.832 I/am_kill ( 1507): [0,2361,com.android.permissioncontroller,915,Unable to freeze binder interface]
12-23 01:25:49.884 I/am_proc_died( 1507): [0,2361,com.android.permissioncontroller,915,19]
12-23 01:25:49.885 I/am_uid_stopped( 1507): 10093
12-23 01:25:49.896 I/am_pss ( 1507): [3502,10094,com.android.providers.media.module,25807872,21057536,0,132571136,0,0,8]
