12-23 03:32:33.467 I/wm_focused_root_task( 1507): [0,0,16,18,finish-top adjustFocusToNextFocusableTask]
12-23 03:32:33.468 I/wm_pause_activity( 1507): [0,42690370,com.thundercomm.screensaver/android.service.dreams.DreamActivity,userLeaving=false,finish]
12-23 03:32:33.476 I/sysui_multi_action( 1507): [757,803,799,window_time_0,802,264]
12-23 03:32:33.476 I/wm_on_top_resumed_lost_called( 4978): [42690370,android.service.dreams.DreamActivity,topStateChangedWhenResumed]
12-23 03:32:33.477 I/wm_on_paused_called( 4978): [42690370,android.service.dreams.DreamActivity,performPause]
12-23 03:32:33.477 I/wm_add_to_stopping( 1507): [0,42690370,com.thundercomm.screensaver/android.service.dreams.DreamActivity,completeFinishing]
12-23 03:32:33.480 I/wm_set_resumed_activity( 1507): [0,com.android.settings/.Settings,resumeTopActivityInnerLocked]
12-23 03:32:33.482 I/wm_resume_activity( 1507): [0,197961297,16,com.android.settings/.Settings]
12-23 03:32:33.490 I/wm_on_restart_called(13854): [197961297,com.android.settings.Settings,performRestartActivity]
12-23 03:32:33.492 I/wm_on_start_called(13854): [197961297,com.android.settings.Settings,handleStartActivity]
12-23 03:32:33.493 I/snet_event_log(13854): [120484087,-1,]
12-23 03:32:33.493 I/wm_on_resume_called(13854): [197961297,com.android.settings.Settings,RESUME_ACTIVITY]
12-23 03:32:33.494 I/sysui_multi_action(13854): [757,35,758,1,833,0,1089,0]
12-23 03:32:33.494 I/sysui_multi_action( 1507): [757,803,799,window_time_0,802,0]
12-23 03:32:33.495 I/sysui_multi_action(13854): [757,3000,758,1,833,0,1089,0]
12-23 03:32:33.496 I/wm_on_top_resumed_gained_called(13854): [197961297,com.android.settings.Settings,topWhenResuming]
12-23 03:32:33.503 I/auditd ( 562): type=1400 audit(0.0:914): avc: denied { read } for comm="Binder:562_2" name="wakeup58" dev="sysfs" ino=71681 scontext=u:r:system_suspend:s0 tcontext=u:object_r:sysfs:s0 tclass=dir permissive=0
12-23 03:32:33.503 I/auditd ( 562): type=1400 audit(0.0:915): avc: denied { read } for comm="Binder:562_2" name="wakeup48" dev="sysfs" ino=67398 scontext=u:r:system_suspend:s0 tcontext=u:object_r:sysfs:s0 tclass=dir permissive=0
12-23 03:32:33.503 I/auditd ( 562): type=1400 audit(0.0:916): avc: denied { read } for comm="Binder:562_2" name="wakeup4" dev="sysfs" ino=47049 scontext=u:r:system_suspend:s0 tcontext=u:object_r:sysfs:s0 tclass=dir permissive=0
12-23 03:32:33.503 I/auditd ( 562): type=1400 audit(0.0:917): avc: denied { read } for comm="Binder:562_2" name="wakeup76" dev="sysfs" ino=76726 scontext=u:r:system_suspend:s0 tcontext=u:object_r:sysfs:s0 tclass=dir permissive=0
12-23 03:32:33.503 I/auditd ( 562): type=1400 audit(0.0:918): avc: denied { read } for comm="Binder:562_2" name="wakeup28" dev="sysfs" ino=53254 scontext=u:r:system_suspend:s0 tcontext=u:object_r:sysfs:s0 tclass=dir permissive=0
12-23 03:32:33.503 I/auditd ( 562): type=1400 audit(0.0:919): avc: denied { read } for comm="Binder:562_2" name="wakeup56" dev="sysfs" ino=71609 scontext=u:r:system_suspend:s0 tcontext=u:object_r:sysfs:s0 tclass=dir permissive=0
12-23 03:32:33.503 I/input_focus( 1507): [Focus request 548bddd com.android.settings/com.android.settings.Settings,reason=UpdateInputWindows]
12-23 03:32:33.504 I/input_focus( 1507): [Focus leaving 16cb58e com.thundercomm.screensaver/android.service.dreams.DreamActivity (server),reason=NO_WINDOW]
12-23 03:32:33.504 I/view_enqueue_input_event( 4978): [Motion - Cancel,com.thundercomm.screensaver/android.service.dreams.DreamActivity]
12-23 03:32:33.505 I/input_interaction( 1507): Interaction with: edge-swipe (server), swipe-up (server), PointerEventDispatcher0 (server),
12-23 03:32:33.506 I/am_pss ( 1507): [8963,1000,com.thundercomm.gamemode,19162112,14778368,0,123195392,0,10,6]
12-23 03:32:33.503 I/auditd ( 562): type=1400 audit(0.0:921): avc: denied { read } for comm="Binder:562_2" name="wakeup36" dev="sysfs" ino=62478 scontext=u:r:system_suspend:s0 tcontext=u:object_r:sysfs:s0 tclass=dir permissive=0
12-23 03:32:33.503 I/auditd ( 562): type=1400 audit(0.0:922): avc: denied { read } for comm="Binder:562_2" name="wakeup54" dev="sysfs" ino=71537 scontext=u:r:system_suspend:s0 tcontext=u:object_r:sysfs:s0 tclass=dir permissive=0
12-23 03:32:33.540 I/input_focus( 1507): [Focus entering 548bddd com.android.settings/com.android.settings.Settings (server),reason=Window became focusable. Previous reason: NOT_VISIBLE]
12-23 03:32:34.025 I/wm_destroy_activity( 1507): [0,42690370,18,com.thundercomm.screensaver/android.service.dreams.DreamActivity,finish-imm:idle]
12-23 03:32:34.045 I/wm_on_stop_called( 4978): [42690370,android.service.dreams.DreamActivity,LIFECYCLER_STOP_ACTIVITY]
12-23 03:32:34.046 I/wm_on_destroy_called( 4978): [42690370,android.service.dreams.DreamActivity,performDestroy]
12-23 03:32:34.049 I/sysui_multi_action( 1507): [757,222,758,2]
12-23 03:32:34.050 I/sysui_multi_action( 1507): [757,804,799,dreaming_minutes,801,4,802,1]
12-23 03:32:34.061 I/wm_task_removed( 1507): [18,removeChild:removeChild last r=ActivityRecord{28b6742 u0 com.thundercomm.screensaver/android.service.dreams.DreamActivity t-1 f}} in t=Task{7d9749f #18 type=dream A=10050:android:com.thundercomm.screensaver/dream U=0 visible=false mode=fullscreen translucent=true sz=0}]
12-23 03:32:34.061 I/wm_task_removed( 1507): [18,removeChild]
12-23 03:32:34.765 I/input_interaction( 1507): Interaction with: 548bddd com.android.settings/com.android.settings.Settings (server), edge-swipe (server), swipe-up (server), PointerEventDispatcher0 (server),
12-23 03:32:36.198 I/sysui_multi_action(13854): [757,830,758,4,833,0,854,top_level_network,1089,0]
12-23 03:32:36.307 I/sysui_multi_action(13854): [757,3000,758,2,1089,2811]
12-23 03:32:36.331 W/CarrierConfigManager(13854): Error getting config for subId -1 ICarrierConfigLoader is null
12-23 03:32:36.389 I/sysui_multi_action(13854): [757,746,758,1,833,0,1089,67]
12-23 03:32:36.390 D/TelephonyRegistry( 1507): listen oscl: mHasNotifySubscriptionInfoChangedOccurred==false no callback
12-23 03:32:36.395 D/TelephonyRegistry( 1507): listen oscl: mHasNotifySubscriptionInfoChangedOccurred==false no callback
12-23 03:32:36.404 I/sysui_multi_action(13854): [757,1729,758,4,854,isParalleledControllers:false,1089,82]
12-23 03:32:38.223 I/sysui_multi_action(13854): [757,830,758,4,833,0,854,top_level_about_device,1089,0]
12-23 03:32:38.340 I/sysui_multi_action(13854): [757,746,758,2,1089,1950]
12-23 03:32:38.407 I/sysui_multi_action(13854): [757,40,758,1,833,0,1089,43]
12-23 03:32:38.408 W/FeatureConnector(13854): [ImsConnector, 0] connect: not supported.
12-23 03:32:38.411 I/sysui_multi_action(13854): [757,1729,758,4,854,isParalleledControllers:false,1089,47]
12-23 03:32:42.586 I/sysui_multi_action(13854): [757,830,758,4,833,0,854,top_level_game,1089,0]
12-23 03:32:42.693 I/sysui_multi_action(13854): [757,40,758,2,1089,4285]
12-23 03:32:42.745 I/sysui_multi_action(13854): [757,3000,758,1,833,0,1089,31]
12-23 03:32:42.746 I/sysui_multi_action(13854): [757,1729,758,4,854,isParalleledControllers:false,1089,32]
12-23 03:32:43.144 I/sysui_multi_action(13854): [757,830,758,4,833,0,854,top_level_system,1089,0]
12-23 03:32:43.250 I/sysui_multi_action(13854): [757,3000,758,2,1089,504]
12-23 03:32:43.293 I/sysui_multi_action(13854): [757,744,758,1,833,0,1089,28]
12-23 03:32:43.295 I/sysui_multi_action(13854): [757,1729,758,4,854,isParalleledControllers:false,1089,30]
12-23 03:32:43.568 I/sysui_multi_action(13854): [757,830,758,4,833,0,854,top_level_privacy,1089,0]
12-23 03:32:43.669 I/sysui_multi_action(13854): [757,744,758,2,1089,376]
12-23 03:32:43.698 I/sysui_multi_action(13854): [757,1587,758,1,833,0,1089,24]
12-23 03:32:43.700 I/sysui_multi_action(13854): [757,1729,758,4,854,isParalleledControllers:false,1089,26]
12-23 03:32:43.918 I/sysui_multi_action(13854): [757,830,758,4,833,0,854,top_level_security,1089,0]
12-23 03:32:44.032 I/sysui_multi_action(13854): [757,1587,758,2,1089,333]
12-23 03:32:44.075 I/sysui_multi_action(13854): [757,87,758,1,833,0,1089,37]
12-23 03:32:44.080 I/sysui_multi_action(13854): [757,1729,758,4,854,isParalleledControllers:false,1089,42]
12-23 03:32:44.319 I/sysui_multi_action(13854): [757,830,758,4,833,0,854,top_level_display,1089,0]
12-23 03:32:44.433 I/sysui_multi_action(13854): [757,87,758,2,1089,358]
12-23 03:32:44.469 I/sysui_multi_action(13854): [757,46,758,1,833,0,1089,31]
12-23 03:32:44.475 I/sysui_multi_action(13854): [757,1729,758,4,854,isParalleledControllers:false,1089,36]
12-23 03:32:44.752 I/sysui_multi_action(13854): [757,830,758,4,833,0,854,top_level_sound,1089,0]
12-23 03:32:44.853 I/sysui_multi_action(13854): [757,46,758,2,1089,383]
12-23 03:32:44.896 I/sysui_multi_action(13854): [757,336,758,1,833,0,1089,33]
12-23 03:32:44.899 I/sysui_multi_action(13854): [757,1729,758,4,854,isParalleledControllers:false,1089,36]
12-23 03:32:45.905 I/sysui_multi_action(13854): [757,830,758,4,833,0,854,top_level_about_device,1089,0]
12-23 03:32:46.017 I/sysui_multi_action(13854): [757,336,758,2,1089,1120]
12-23 03:32:46.075 I/sysui_multi_action(13854): [757,40,758,1,833,0,1089,41]
12-23 03:32:46.076 W/FeatureConnector(13854): [ImsConnector, 0] connect: not supported.
12-23 03:32:46.078 I/sysui_multi_action(13854): [757,1729,758,4,854,isParalleledControllers:false,1089,44]
12-23 03:32:46.392 I/sysui_multi_action(13854): [757,830,758,4,833,0,854,top_level_game,1089,0]
12-23 03:32:46.495 I/sysui_multi_action(13854): [757,40,758,2,1089,420]
12-23 03:32:46.524 I/sysui_multi_action(13854): [757,3000,758,1,833,0,1089,21]
12-23 03:32:46.524 I/sysui_multi_action(13854): [757,1729,758,4,854,isParalleledControllers:false,1089,21]
12-23 03:32:46.809 I/sysui_multi_action(13854): [757,830,758,4,833,0,854,top_level_system,1089,0]
12-23 03:32:46.911 I/sysui_multi_action(13854): [757,3000,758,2,1089,387]
12-23 03:32:46.937 I/sysui_multi_action(13854): [757,744,758,1,833,0,1089,20]
12-23 03:32:46.940 I/sysui_multi_action(13854): [757,1729,758,4,854,isParalleledControllers:false,1089,23]
12-23 03:32:47.397 I/sysui_multi_action(13854): [757,830,758,4,833,0,854,top_level_game,1089,0]
12-23 03:32:47.502 I/sysui_multi_action(13854): [757,744,758,2,1089,564]
12-23 03:32:47.541 I/sysui_multi_action(13854): [757,3000,758,1,833,0,1089,25]
12-23 03:32:47.541 I/sysui_multi_action(13854): [757,1729,758,4,854,isParalleledControllers:false,1089,26]
12-23 03:32:47.749 I/sysui_multi_action(13854): [757,830,758,4,833,0,854,top_level_about_device,1089,0]
12-23 03:32:47.858 I/sysui_multi_action(13854): [757,3000,758,2,1089,317]
12-23 03:32:47.894 I/sysui_multi_action(13854): [757,40,758,1,833,0,1089,31]
12-23 03:32:47.895 W/FeatureConnector(13854): [ImsConnector, 0] connect: not supported.
12-23 03:32:47.896 I/sysui_multi_action(13854): [757,1729,758,4,854,isParalleledControllers:false,1089,32]
12-23 03:32:50.205 I/service_manager_stats( 1507): [100,45,279999]
12-23 03:32:51.652 I/sysui_multi_action(13854): [757,848,758,4]
12-23 03:32:51.653 I/sysui_multi_action(13854): [757,830,758,4,833,0,854,build_number,1089,0]
12-23 03:32:51.846 I/sysui_multi_action(13854): [757,848,758,4]
12-23 03:32:51.847 I/sysui_multi_action(13854): [757,830,758,4,833,0,854,build_number,1089,0]
12-23 03:32:52.062 I/sysui_multi_action(13854): [757,848,758,4]
12-23 03:32:52.063 I/sysui_multi_action(13854): [757,830,758,4,833,0,854,build_number,1089,0]
12-23 03:32:52.251 I/sysui_multi_action(13854): [757,848,758,4]
12-23 03:32:52.252 I/sysui_multi_action(13854): [757,830,758,4,833,0,854,build_number,1089,0]
12-23 03:32:52.414 I/sysui_multi_action(13854): [757,848,758,4]
12-23 03:32:52.415 I/sysui_multi_action(13854): [757,830,758,4,833,0,854,build_number,1089,0]
12-23 03:32:52.600 I/sysui_multi_action(13854): [757,848,758,4]
12-23 03:32:52.601 I/sysui_multi_action(13854): [757,830,758,4,833,0,854,build_number,1089,0]
12-23 03:32:54.205 I/sysui_multi_action(13854): [757,848,758,4]
12-23 03:32:54.206 I/sysui_multi_action(13854): [757,830,758,4,833,0,854,build_number,1089,0]
12-23 03:32:54.434 I/sysui_multi_action(13854): [757,848,758,4]
12-23 03:32:54.435 I/sysui_multi_action(13854): [757,830,758,4,833,0,854,build_number,1089,0]
12-23 03:32:54.638 I/sysui_multi_action(13854): [757,848,758,4]
12-23 03:32:54.639 I/sysui_multi_action(13854): [757,830,758,4,833,0,854,build_number,1089,0]
12-23 03:32:54.835 I/sysui_multi_action(13854): [757,848,758,4]
12-23 03:32:54.836 I/sysui_multi_action(13854): [757,830,758,4,833,0,854,build_number,1089,0]
12-23 03:32:55.056 I/sysui_multi_action(13854): [757,848,758,4]
12-23 03:32:55.057 I/sysui_multi_action(13854): [757,830,758,4,833,0,854,build_number,1089,0]
12-23 03:32:55.254 I/sysui_multi_action(13854): [757,848,758,4]
12-23 03:32:55.255 I/sysui_multi_action(13854): [757,830,758,4,833,0,854,build_number,1089,0]
12-23 03:32:55.477 I/sysui_multi_action(13854): [757,848,758,4]
12-23 03:32:55.478 I/sysui_multi_action(13854): [757,830,758,4,833,0,854,build_number,1089,0]
12-23 03:32:55.688 I/sysui_multi_action(13854): [757,848,758,4]
12-23 03:32:55.689 I/sysui_multi_action(13854): [757,830,758,4,833,0,854,build_number,1089,0]
12-23 03:32:55.875 I/sysui_multi_action(13854): [757,848,758,4]
12-23 03:32:55.876 I/sysui_multi_action(13854): [757,830,758,4,833,0,854,build_number,1089,0]
12-23 03:32:56.074 I/sysui_multi_action(13854): [757,848,758,4]
12-23 03:32:56.076 I/sysui_multi_action(13854): [757,830,758,4,833,0,854,build_number,1089,0]
12-23 03:32:56.274 I/sysui_multi_action(13854): [757,848,758,4]
12-23 03:32:56.275 I/sysui_multi_action(13854): [757,830,758,4,833,0,854,build_number,1089,0]
12-23 03:32:56.458 I/sysui_multi_action(13854): [757,848,758,4]
12-23 03:32:56.459 I/sysui_multi_action(13854): [757,830,758,4,833,0,854,build_number,1089,0]
12-23 03:32:56.675 I/sysui_multi_action(13854): [757,848,758,4]
12-23 03:32:56.676 I/sysui_multi_action(13854): [757,830,758,4,833,0,854,build_number,1089,0]
12-23 03:32:56.886 I/sysui_multi_action(13854): [757,848,758,4]
12-23 03:32:56.887 I/sysui_multi_action(13854): [757,830,758,4,833,0,854,build_number,1089,0]
12-23 03:33:01.948 I/sysui_multi_action(13854): [757,830,758,4,833,0,854,top_level_game,1089,0]
12-23 03:33:02.052 I/sysui_multi_action(13854): [757,40,758,2,1089,14157]
12-23 03:33:02.090 I/sysui_multi_action(13854): [757,3000,758,1,833,0,1089,26]
12-23 03:33:02.091 I/sysui_multi_action(13854): [757,1729,758,4,854,isParalleledControllers:false,1089,27]
12-23 03:33:02.698 I/sysui_multi_action(13854): [757,830,758,4,833,0,854,top_level_system,1089,0]
12-23 03:33:02.804 I/sysui_multi_action(13854): [757,3000,758,2,1089,713]
12-23 03:33:02.849 I/sysui_multi_action(13854): [757,744,758,1,833,0,1089,30]
12-23 03:33:02.853 I/sysui_multi_action(13854): [757,1729,758,4,854,isParalleledControllers:false,1089,34]
12-23 03:33:03.391 I/sysui_multi_action(13854): [757,830,758,4,833,0,854,top_level_privacy,1089,0]
12-23 03:33:03.496 I/sysui_multi_action(13854): [757,744,758,2,1089,646]
12-23 03:33:03.546 I/sysui_multi_action(13854): [757,1587,758,1,833,0,1089,35]
12-23 03:33:03.552 I/sysui_multi_action(13854): [757,1729,758,4,854,isParalleledControllers:false,1089,41]
12-23 03:33:04.166 I/sysui_multi_action(13854): [757,830,758,4,833,0,854,top_level_security,1089,0]
12-23 03:33:04.283 I/sysui_multi_action(13854): [757,1587,758,2,1089,736]
12-23 03:33:04.343 I/sysui_multi_action(13854): [757,87,758,1,833,0,1089,44]
12-23 03:33:04.351 I/sysui_multi_action(13854): [757,1729,758,4,854,isParalleledControllers:false,1089,52]
12-23 03:33:04.963 I/sysui_multi_action(13854): [757,830,758,4,833,0,854,top_level_privacy,1089,0]
12-23 03:33:05.068 I/sysui_multi_action(13854): [757,87,758,2,1089,725]
12-23 03:33:05.115 I/sysui_multi_action(13854): [757,1587,758,1,833,0,1089,32]
12-23 03:33:05.120 I/sysui_multi_action(13854): [757,1729,758,4,854,isParalleledControllers:false,1089,37]
12-23 03:33:05.720 I/sysui_multi_action(13854): [757,830,758,4,833,0,854,top_level_system,1089,0]
12-23 03:33:05.836 I/sysui_multi_action(13854): [757,1587,758,2,1089,721]
12-23 03:33:05.879 I/sysui_multi_action(13854): [757,744,758,1,833,0,1089,28]
12-23 03:33:05.882 I/sysui_multi_action(13854): [757,1729,758,4,854,isParalleledControllers:false,1089,31]
12-23 03:33:07.321 I/sysui_multi_action(13854): [757,830,758,4,833,0,854,reset_dashboard,1089,0]
12-23 03:33:07.327 I/sysui_multi_action(13854): [757,744,758,2,1089,1448]
12-23 03:33:07.358 I/sysui_multi_action(13854): [757,924,758,1,833,0,1089,28]
12-23 03:33:07.360 I/sysui_multi_action(13854): [757,1729,758,4,854,isParalleledControllers:false,1089,30]
12-23 03:33:08.846 I/sysui_multi_action(13854): [757,830,758,4,833,0,854,top_level_privacy,1089,0]
12-23 03:33:08.951 I/sysui_multi_action(13854): [757,924,758,2,1089,1593]
12-23 03:33:08.999 I/sysui_multi_action(13854): [757,1587,758,1,833,0,1089,35]
12-23 03:33:09.002 I/sysui_multi_action(13854): [757,1729,758,4,854,isParalleledControllers:false,1089,38]
12-23 03:33:09.555 I/sysui_multi_action(13854): [757,830,758,4,833,0,854,top_level_system,1089,0]
12-23 03:33:09.659 I/sysui_multi_action(13854): [757,1587,758,2,1089,660]
12-23 03:33:09.699 I/sysui_multi_action(13854): [757,744,758,1,833,0,1089,27]
12-23 03:33:09.702 I/sysui_multi_action(13854): [757,1729,758,4,854,isParalleledControllers:false,1089,30]
12-23 03:33:10.116 I/sysui_multi_action(13854): [757,830,758,4,833,0,854,top_level_game,1089,0]
12-23 03:33:10.220 I/sysui_multi_action(13854): [757,744,758,2,1089,520]
12-23 03:33:10.252 I/sysui_multi_action(13854): [757,3000,758,1,833,0,1089,23]
12-23 03:33:10.253 I/sysui_multi_action(13854): [757,1729,758,4,854,isParalleledControllers:false,1089,24]
12-23 03:33:10.567 I/sysui_multi_action(13854): [757,830,758,4,833,0,854,top_level_about_device,1089,0]
12-23 03:33:10.670 I/sysui_multi_action(13854): [757,3000,758,2,1089,418]
12-23 03:33:10.706 I/sysui_multi_action(13854): [757,40,758,1,833,0,1089,31]
12-23 03:33:10.706 W/FeatureConnector(13854): [ImsConnector, 0] connect: not supported.
12-23 03:33:10.708 I/sysui_multi_action(13854): [757,1729,758,4,854,isParalleledControllers:false,1089,33]
12-23 03:33:34.071 I/am_uid_idle( 1507): 10050
12-23 03:34:03.559 I/sysui_multi_action( 1507): [757,1696,758,6,759,2]
12-23 03:34:03.573 I/am_wtf ( 1507): [0,1507,system_server,-1,DisplayDeviceConfig,requesting nits when no mapping exists.]
12-23 03:34:03.577 I/am_wtf ( 1507): [0,1507,system_server,-1,DisplayDeviceConfig,requesting nits when no mapping exists.]
12-23 03:34:03.589 I/am_wtf ( 1507): [0,1507,system_server,-1,DisplayDeviceConfig,requesting nits when no mapping exists.]
12-23 03:34:03.591 I/am_wtf ( 1507): [0,1507,system_server,-1,DisplayDeviceConfig,requesting nits when no mapping exists.]
12-23 03:34:03.606 I/am_wtf ( 1507): [0,1507,system_server,-1,DisplayDeviceConfig,requesting nits when no mapping exists.]
12-23 03:34:03.607 I/am_wtf ( 1507): [0,1507,system_server,-1,DisplayDeviceConfig,requesting nits when no mapping exists.]
12-23 03:34:03.623 I/am_wtf ( 1507): [0,1507,system_server,-1,DisplayDeviceConfig,requesting nits when no mapping exists.]
12-23 03:34:03.624 I/am_wtf ( 1507): [0,1507,system_server,-1,DisplayDeviceConfig,requesting nits when no mapping exists.]
12-23 03:34:03.639 I/am_wtf ( 1507): [0,1507,system_server,-1,DisplayDeviceConfig,requesting nits when no mapping exists.]
12-23 03:34:03.640 I/am_wtf ( 1507): [0,1507,system_server,-1,DisplayDeviceConfig,requesting nits when no mapping exists.]
12-23 03:34:03.656 I/am_wtf ( 1507): [0,1507,system_server,-1,DisplayDeviceConfig,requesting nits when no mapping exists.]
12-23 03:34:03.657 I/am_wtf ( 1507): [0,1507,system_server,-1,DisplayDeviceConfig,requesting nits when no mapping exists.]
12-23 03:34:03.673 I/am_wtf ( 1507): [0,1507,system_server,-1,DisplayDeviceConfig,requesting nits when no mapping exists.]
12-23 03:34:03.674 I/am_wtf ( 1507): [0,1507,system_server,-1,DisplayDeviceConfig,requesting nits when no mapping exists.]
12-23 03:34:03.689 I/am_wtf ( 1507): [0,1507,system_server,-1,DisplayDeviceConfig,requesting nits when no mapping exists.]
12-23 03:34:03.690 I/am_wtf ( 1507): [0,1507,system_server,-1,DisplayDeviceConfig,requesting nits when no mapping exists.]
12-23 03:34:03.706 I/am_wtf ( 1507): [0,1507,system_server,-1,DisplayDeviceConfig,requesting nits when no mapping exists.]
12-23 03:34:03.707 I/am_wtf ( 1507): [0,1507,system_server,-1,DisplayDeviceConfig,requesting nits when no mapping exists.]
12-23 03:34:03.723 I/am_wtf ( 1507): [0,1507,system_server,-1,DisplayDeviceConfig,requesting nits when no mapping exists.]
12-23 03:34:03.724 I/am_wtf ( 1507): [0,1507,system_server,-1,DisplayDeviceConfig,requesting nits when no mapping exists.]
12-23 03:34:03.740 I/am_wtf ( 1507): [0,1507,system_server,-1,DisplayDeviceConfig,requesting nits when no mapping exists.]
12-23 03:34:03.741 I/am_wtf ( 1507): [0,1507,system_server,-1,DisplayDeviceConfig,requesting nits when no mapping exists.]
12-23 03:34:03.757 I/am_wtf ( 1507): [0,1507,system_server,-1,DisplayDeviceConfig,requesting nits when no mapping exists.]
12-23 03:34:03.758 I/am_wtf ( 1507): [0,1507,system_server,-1,DisplayDeviceConfig,requesting nits when no mapping exists.]
12-23 03:34:03.773 I/am_wtf ( 1507): [0,1507,system_server,-1,DisplayDeviceConfig,requesting nits when no mapping exists.]
12-23 03:34:03.774 I/am_wtf ( 1507): [0,1507,system_server,-1,DisplayDeviceConfig,requesting nits when no mapping exists.]
12-23 03:34:03.790 I/am_wtf ( 1507): [0,1507,system_server,-1,DisplayDeviceConfig,requesting nits when no mapping exists.]
12-23 03:34:03.791 I/am_wtf ( 1507): [0,1507,system_server,-1,DisplayDeviceConfig,requesting nits when no mapping exists.]
12-23 03:34:03.807 I/am_wtf ( 1507): [0,1507,system_server,-1,DisplayDeviceConfig,requesting nits when no mapping exists.]
12-23 03:34:03.808 I/am_wtf ( 1507): [0,1507,system_server,-1,DisplayDeviceConfig,requesting nits when no mapping exists.]
12-23 03:34:03.824 I/am_wtf ( 1507): [0,1507,system_server,-1,DisplayDeviceConfig,requesting nits when no mapping exists.]
12-23 03:34:03.824 I/am_wtf ( 1507): [0,1507,system_server,-1,DisplayDeviceConfig,requesting nits when no mapping exists.]
12-23 03:34:03.840 I/am_wtf ( 1507): [0,1507,system_server,-1,DisplayDeviceConfig,requesting nits when no mapping exists.]
12-23 03:34:03.841 I/am_wtf ( 1507): [0,1507,system_server,-1,DisplayDeviceConfig,requesting nits when no mapping exists.]
12-23 03:34:03.842 I/service_manager_stats( 1507): [100,63,73637]
12-23 03:34:03.856 I/am_wtf ( 1507): [0,1507,system_server,-1,DisplayDeviceConfig,requesting nits when no mapping exists.]
12-23 03:34:03.857 I/am_wtf ( 1507): [0,1507,system_server,-1,DisplayDeviceConfig,requesting nits when no mapping exists.]
12-23 03:34:03.874 I/am_wtf ( 1507): [0,1507,system_server,-1,DisplayDeviceConfig,requesting nits when no mapping exists.]
12-23 03:34:03.874 I/am_wtf ( 1507): [0,1507,system_server,-1,DisplayDeviceConfig,requesting nits when no mapping exists.]
12-23 03:34:03.892 I/am_wtf ( 1507): [0,1507,system_server,-1,DisplayDeviceConfig,requesting nits when no mapping exists.]
12-23 03:34:03.893 I/am_wtf ( 1507): [0,1507,system_server,-1,DisplayDeviceConfig,requesting nits when no mapping exists.]
12-23 03:34:03.906 I/am_wtf ( 1507): [0,1507,system_server,-1,DisplayDeviceConfig,requesting nits when no mapping exists.]
12-23 03:34:03.908 I/am_wtf ( 1507): [0,1507,system_server,-1,DisplayDeviceConfig,requesting nits when no mapping exists.]
12-23 03:34:03.923 I/am_wtf ( 1507): [0,1507,system_server,-1,DisplayDeviceConfig,requesting nits when no mapping exists.]
12-23 03:34:03.924 I/am_wtf ( 1507): [0,1507,system_server,-1,DisplayDeviceConfig,requesting nits when no mapping exists.]
12-23 03:34:03.940 I/am_wtf ( 1507): [0,1507,system_server,-1,DisplayDeviceConfig,requesting nits when no mapping exists.]
12-23 03:34:03.941 I/am_wtf ( 1507): [0,1507,system_server,-1,DisplayDeviceConfig,requesting nits when no mapping exists.]
12-23 03:34:03.957 I/am_wtf ( 1507): [0,1507,system_server,-1,DisplayDeviceConfig,requesting nits when no mapping exists.]
12-23 03:34:03.957 I/am_wtf ( 1507): [0,1507,system_server,-1,DisplayDeviceConfig,requesting nits when no mapping exists.]
12-23 03:34:03.973 I/am_wtf ( 1507): [0,1507,system_server,-1,DisplayDeviceConfig,requesting nits when no mapping exists.]
12-23 03:34:03.974 I/am_wtf ( 1507): [0,1507,system_server,-1,DisplayDeviceConfig,requesting nits when no mapping exists.]
12-23 03:34:03.990 I/am_wtf ( 1507): [0,1507,system_server,-1,DisplayDeviceConfig,requesting nits when no mapping exists.]
12-23 03:34:03.991 I/am_wtf ( 1507): [0,1507,system_server,-1,DisplayDeviceConfig,requesting nits when no mapping exists.]
12-23 03:34:04.007 I/am_wtf ( 1507): [0,1507,system_server,-1,DisplayDeviceConfig,requesting nits when no mapping exists.]
12-23 03:34:04.008 I/am_wtf ( 1507): [0,1507,system_server,-1,DisplayDeviceConfig,requesting nits when no mapping exists.]
12-23 03:34:04.024 I/am_wtf ( 1507): [0,1507,system_server,-1,DisplayDeviceConfig,requesting nits when no mapping exists.]
12-23 03:34:04.025 I/am_wtf ( 1507): [0,1507,system_server,-1,DisplayDeviceConfig,requesting nits when no mapping exists.]
12-23 03:34:04.041 I/am_wtf ( 1507): [0,1507,system_server,-1,DisplayDeviceConfig,requesting nits when no mapping exists.]
12-23 03:34:04.042 I/am_wtf ( 1507): [0,1507,system_server,-1,DisplayDeviceConfig,requesting nits when no mapping exists.]
12-23 03:34:04.057 I/am_wtf ( 1507): [0,1507,system_server,-1,DisplayDeviceConfig,requesting nits when no mapping exists.]
12-23 03:34:04.058 I/am_wtf ( 1507): [0,1507,system_server,-1,DisplayDeviceConfig,requesting nits when no mapping exists.]
12-23 03:34:04.074 I/am_wtf ( 1507): [0,1507,system_server,-1,DisplayDeviceConfig,requesting nits when no mapping exists.]
12-23 03:34:04.075 I/am_wtf ( 1507): [0,1507,system_server,-1,DisplayDeviceConfig,requesting nits when no mapping exists.]
12-23 03:34:04.090 I/am_wtf ( 1507): [0,1507,system_server,-1,DisplayDeviceConfig,requesting nits when no mapping exists.]
12-23 03:34:04.091 I/am_wtf ( 1507): [0,1507,system_server,-1,DisplayDeviceConfig,requesting nits when no mapping exists.]
12-23 03:34:04.107 I/am_wtf ( 1507): [0,1507,system_server,-1,DisplayDeviceConfig,requesting nits when no mapping exists.]
12-23 03:34:04.108 I/am_wtf ( 1507): [0,1507,system_server,-1,DisplayDeviceConfig,requesting nits when no mapping exists.]
12-23 03:34:04.124 I/am_wtf ( 1507): [0,1507,system_server,-1,DisplayDeviceConfig,requesting nits when no mapping exists.]
12-23 03:34:04.125 I/am_wtf ( 1507): [0,1507,system_server,-1,DisplayDeviceConfig,requesting nits when no mapping exists.]
12-23 03:34:04.141 I/am_wtf ( 1507): [0,1507,system_server,-1,DisplayDeviceConfig,requesting nits when no mapping exists.]
12-23 03:34:04.141 I/am_wtf ( 1507): [0,1507,system_server,-1,DisplayDeviceConfig,requesting nits when no mapping exists.]
12-23 03:34:04.157 I/am_wtf ( 1507): [0,1507,system_server,-1,DisplayDeviceConfig,requesting nits when no mapping exists.]
12-23 03:34:04.158 I/am_wtf ( 1507): [0,1507,system_server,-1,DisplayDeviceConfig,requesting nits when no mapping exists.]
12-23 03:34:04.174 I/am_wtf ( 1507): [0,1507,system_server,-1,DisplayDeviceConfig,requesting nits when no mapping exists.]
12-23 03:34:04.175 I/am_wtf ( 1507): [0,1507,system_server,-1,DisplayDeviceConfig,requesting nits when no mapping exists.]
12-23 03:34:04.190 I/am_wtf ( 1507): [0,1507,system_server,-1,DisplayDeviceConfig,requesting nits when no mapping exists.]
12-23 03:34:04.191 I/am_wtf ( 1507): [0,1507,system_server,-1,DisplayDeviceConfig,requesting nits when no mapping exists.]
12-23 03:34:04.208 I/am_wtf ( 1507): [0,1507,system_server,-1,DisplayDeviceConfig,requesting nits when no mapping exists.]
12-23 03:34:04.209 I/am_wtf ( 1507): [0,1507,system_server,-1,DisplayDeviceConfig,requesting nits when no mapping exists.]
12-23 03:34:04.224 I/am_wtf ( 1507): [0,1507,system_server,-1,DisplayDeviceConfig,requesting nits when no mapping exists.]
12-23 03:34:04.225 I/am_wtf ( 1507): [0,1507,system_server,-1,DisplayDeviceConfig,requesting nits when no mapping exists.]
12-23 03:34:04.241 I/am_wtf ( 1507): [0,1507,system_server,-1,DisplayDeviceConfig,requesting nits when no mapping exists.]
12-23 03:34:04.243 I/am_wtf ( 1507): [0,1507,system_server,-1,DisplayDeviceConfig,requesting nits when no mapping exists.]
12-23 03:34:04.257 I/am_wtf ( 1507): [0,1507,system_server,-1,DisplayDeviceConfig,requesting nits when no mapping exists.]
12-23 03:34:04.258 I/am_wtf ( 1507): [0,1507,system_server,-1,DisplayDeviceConfig,requesting nits when no mapping exists.]
12-23 03:34:04.274 I/am_wtf ( 1507): [0,1507,system_server,-1,DisplayDeviceConfig,requesting nits when no mapping exists.]
12-23 03:34:04.275 I/am_wtf ( 1507): [0,1507,system_server,-1,DisplayDeviceConfig,requesting nits when no mapping exists.]
12-23 03:34:04.291 I/am_wtf ( 1507): [0,1507,system_server,-1,DisplayDeviceConfig,requesting nits when no mapping exists.]
12-23 03:34:04.292 I/am_wtf ( 1507): [0,1507,system_server,-1,DisplayDeviceConfig,requesting nits when no mapping exists.]
12-23 03:34:04.309 I/am_wtf ( 1507): [0,1507,system_server,-1,DisplayDeviceConfig,requesting nits when no mapping exists.]
12-23 03:34:04.310 I/am_wtf ( 1507): [0,1507,system_server,-1,DisplayDeviceConfig,requesting nits when no mapping exists.]
12-23 03:34:04.324 I/am_wtf ( 1507): [0,1507,system_server,-1,DisplayDeviceConfig,requesting nits when no mapping exists.]
12-23 03:34:04.325 I/am_wtf ( 1507): [0,1507,system_server,-1,DisplayDeviceConfig,requesting nits when no mapping exists.]
12-23 03:34:04.341 I/am_wtf ( 1507): [0,1507,system_server,-1,DisplayDeviceConfig,requesting nits when no mapping exists.]
12-23 03:34:04.342 I/am_wtf ( 1507): [0,1507,system_server,-1,DisplayDeviceConfig,requesting nits when no mapping exists.]
12-23 03:34:04.358 I/am_wtf ( 1507): [0,1507,system_server,-1,DisplayDeviceConfig,requesting nits when no mapping exists.]
12-23 03:34:04.359 I/am_wtf ( 1507): [0,1507,system_server,-1,DisplayDeviceConfig,requesting nits when no mapping exists.]
12-23 03:34:04.375 I/am_wtf ( 1507): [0,1507,system_server,-1,DisplayDeviceConfig,requesting nits when no mapping exists.]
12-23 03:34:04.376 I/am_wtf ( 1507): [0,1507,system_server,-1,DisplayDeviceConfig,requesting nits when no mapping exists.]
12-23 03:34:04.392 I/am_wtf ( 1507): [0,1507,system_server,-1,DisplayDeviceConfig,requesting nits when no mapping exists.]
12-23 03:34:04.393 I/am_wtf ( 1507): [0,1507,system_server,-1,DisplayDeviceConfig,requesting nits when no mapping exists.]
12-23 03:34:04.408 I/am_wtf ( 1507): [0,1507,system_server,-1,DisplayDeviceConfig,requesting nits when no mapping exists.]
12-23 03:34:04.409 I/am_wtf ( 1507): [0,1507,system_server,-1,DisplayDeviceConfig,requesting nits when no mapping exists.]
12-23 03:34:04.425 I/am_wtf ( 1507): [0,1507,system_server,-1,DisplayDeviceConfig,requesting nits when no mapping exists.]
12-23 03:34:04.426 I/am_wtf ( 1507): [0,1507,system_server,-1,DisplayDeviceConfig,requesting nits when no mapping exists.]
12-23 03:34:04.441 I/am_wtf ( 1507): [0,1507,system_server,-1,DisplayDeviceConfig,requesting nits when no mapping exists.]
12-23 03:34:04.442 I/am_wtf ( 1507): [0,1507,system_server,-1,DisplayDeviceConfig,requesting nits when no mapping exists.]
12-23 03:34:04.458 I/am_wtf ( 1507): [0,1507,system_server,-1,DisplayDeviceConfig,requesting nits when no mapping exists.]
12-23 03:34:04.459 I/am_wtf ( 1507): [0,1507,system_server,-1,DisplayDeviceConfig,requesting nits when no mapping exists.]
12-23 03:34:04.476 I/am_wtf ( 1507): [0,1507,system_server,-1,DisplayDeviceConfig,requesting nits when no mapping exists.]
12-23 03:34:04.476 I/am_wtf ( 1507): [0,1507,system_server,-1,DisplayDeviceConfig,requesting nits when no mapping exists.]
12-23 03:34:04.492 I/am_wtf ( 1507): [0,1507,system_server,-1,DisplayDeviceConfig,requesting nits when no mapping exists.]
12-23 03:34:04.493 I/am_wtf ( 1507): [0,1507,system_server,-1,DisplayDeviceConfig,requesting nits when no mapping exists.]
12-23 03:34:04.508 I/am_wtf ( 1507): [0,1507,system_server,-1,DisplayDeviceConfig,requesting nits when no mapping exists.]
12-23 03:34:04.509 I/am_wtf ( 1507): [0,1507,system_server,-1,DisplayDeviceConfig,requesting nits when no mapping exists.]
12-23 03:34:10.569 I/sysui_multi_action( 1507): [757,222,758,1]
12-23 03:34:10.571 I/am_uid_active( 1507): 10050
12-23 03:34:10.581 I/wm_task_created( 1507): [19,-1]
12-23 03:34:10.585 I/wm_task_moved( 1507): [19,1,7]
12-23 03:34:10.585 I/wm_task_to_front( 1507): [0,19]
12-23 03:34:10.585 I/wm_create_task( 1507): [0,19]
12-23 03:34:10.585 I/wm_create_activity( 1507): [0,236981001,19,com.thundercomm.screensaver/android.service.dreams.DreamActivity,NULL,NULL,NULL,276824064]
12-23 03:34:10.585 I/wm_task_moved( 1507): [19,1,7]
12-23 03:34:10.585 I/wm_on_top_resumed_lost_called(13854): [197961297,com.android.settings.Settings,topStateChangedWhenResumed]
12-23 03:34:10.586 I/wm_pause_activity( 1507): [0,197961297,com.android.settings/.Settings,userLeaving=true,pauseBackTasks]
12-23 03:34:10.588 I/sysui_multi_action(13854): [757,35,758,2,1089,97094]
12-23 03:34:10.589 I/sysui_multi_action(13854): [757,40,758,2,1089,59883]
12-23 03:34:10.589 I/wm_on_paused_called(13854): [197961297,com.android.settings.Settings,performPause]
12-23 03:34:10.590 I/wm_add_to_stopping( 1507): [0,197961297,com.android.settings/.Settings,makeInvisible]
12-23 03:34:10.591 I/wm_restart_activity( 1507): [0,236981001,19,com.thundercomm.screensaver/android.service.dreams.DreamActivity]
12-23 03:34:10.591 I/wm_set_resumed_activity( 1507): [0,com.thundercomm.screensaver/android.service.dreams.DreamActivity,minimalResumeActivityLocked]
12-23 03:34:10.593 I/am_pss ( 1507): [13854,1000,com.android.settings,207279104,186212352,0,355377152,0,2,15]
12-23 03:34:10.594 I/sysui_multi_action( 1507): [757,803,799,window_time_0,802,97]
12-23 03:34:10.596 I/wm_on_create_called( 4978): [236981001,android.service.dreams.DreamActivity,performCreate]
12-23 03:34:10.596 I/wm_on_start_called( 4978): [236981001,android.service.dreams.DreamActivity,handleStartActivity]
12-23 03:34:10.596 I/wm_on_resume_called( 4978): [236981001,android.service.dreams.DreamActivity,RESUME_ACTIVITY]
12-23 03:34:10.598 I/wm_on_top_resumed_gained_called( 4978): [236981001,android.service.dreams.DreamActivity,topStateChangedWhenResumed]
12-23 03:34:10.598 I/am_pss ( 1507): [13954,1000,com.qti.diagservices,6429696,3850240,0,94801920,0,10,5]
12-23 03:34:10.613 I/input_focus( 1507): [Focus request f2b913c com.thundercomm.screensaver/android.service.dreams.DreamActivity,reason=UpdateInputWindows]
12-23 03:34:10.623 I/input_focus( 1507): [Focus leaving 548bddd com.android.settings/com.android.settings.Settings (server),reason=NO_WINDOW]
12-23 03:34:10.624 I/sysui_multi_action( 1507): [319,43,322,40,325,8391,757,761,758,8,759,2,806,com.thundercomm.screensaver,871,android.service.dreams.DreamActivity,904,com.thundercomm.screensaver,905,0,1320,4,1321,2]
12-23 03:34:10.624 I/wm_activity_launch_time( 1507): [0,236981001,com.thundercomm.screensaver/android.service.dreams.DreamActivity,40]
12-23 03:34:10.625 I/sysui_multi_action( 1507): [757,1696,758,6,759,3]
12-23 03:34:10.639 I/am_wtf ( 1507): [0,1507,system_server,-1,DisplayDeviceConfig,requesting nits when no mapping exists.]
12-23 03:34:10.640 I/am_wtf ( 1507): [0,1507,system_server,-1,DisplayDeviceConfig,requesting nits when no mapping exists.]
12-23 03:34:10.655 I/am_wtf ( 1507): [0,1507,system_server,-1,DisplayDeviceConfig,requesting nits when no mapping exists.]
12-23 03:34:10.656 I/input_focus( 1507): [Focus entering f2b913c com.thundercomm.screensaver/android.service.dreams.DreamActivity (server),reason=Window became focusable. Previous reason: NOT_VISIBLE]
12-23 03:34:10.656 I/am_wtf ( 1507): [0,1507,system_server,-1,DisplayDeviceConfig,requesting nits when no mapping exists.]
12-23 03:34:10.672 I/am_wtf ( 1507): [0,1507,system_server,-1,DisplayDeviceConfig,requesting nits when no mapping exists.]
12-23 03:34:10.673 I/am_wtf ( 1507): [0,1507,system_server,-1,DisplayDeviceConfig,requesting nits when no mapping exists.]
12-23 03:34:10.688 I/am_wtf ( 1507): [0,1507,system_server,-1,DisplayDeviceConfig,requesting nits when no mapping exists.]
12-23 03:34:10.689 I/am_wtf ( 1507): [0,1507,system_server,-1,DisplayDeviceConfig,requesting nits when no mapping exists.]
12-23 03:34:10.706 I/am_wtf ( 1507): [0,1507,system_server,-1,DisplayDeviceConfig,requesting nits when no mapping exists.]
12-23 03:34:10.706 I/am_wtf ( 1507): [0,1507,system_server,-1,DisplayDeviceConfig,requesting nits when no mapping exists.]
12-23 03:34:10.722 I/am_wtf ( 1507): [0,1507,system_server,-1,DisplayDeviceConfig,requesting nits when no mapping exists.]
12-23 03:34:10.722 I/am_wtf ( 1507): [0,1507,system_server,-1,DisplayDeviceConfig,requesting nits when no mapping exists.]
12-23 03:34:10.738 I/am_wtf ( 1507): [0,1507,system_server,-1,DisplayDeviceConfig,requesting nits when no mapping exists.]
12-23 03:34:10.739 I/am_wtf ( 1507): [0,1507,system_server,-1,DisplayDeviceConfig,requesting nits when no mapping exists.]
12-23 03:34:10.755 I/am_wtf ( 1507): [0,1507,system_server,-1,DisplayDeviceConfig,requesting nits when no mapping exists.]
12-23 03:34:10.756 I/am_wtf ( 1507): [0,1507,system_server,-1,DisplayDeviceConfig,requesting nits when no mapping exists.]
12-23 03:34:10.773 I/am_wtf ( 1507): [0,1507,system_server,-1,DisplayDeviceConfig,requesting nits when no mapping exists.]
12-23 03:34:10.773 I/am_wtf ( 1507): [0,1507,system_server,-1,DisplayDeviceConfig,requesting nits when no mapping exists.]
12-23 03:34:10.789 I/am_wtf ( 1507): [0,1507,system_server,-1,DisplayDeviceConfig,requesting nits when no mapping exists.]
12-23 03:34:10.790 I/am_wtf ( 1507): [0,1507,system_server,-1,DisplayDeviceConfig,requesting nits when no mapping exists.]
12-23 03:34:10.790 I/service_manager_stats( 1507): [100,36,6948]
12-23 03:34:10.805 I/am_wtf ( 1507): [0,1507,system_server,-1,DisplayDeviceConfig,requesting nits when no mapping exists.]
12-23 03:34:10.805 I/am_wtf ( 1507): [0,1507,system_server,-1,DisplayDeviceConfig,requesting nits when no mapping exists.]
12-23 03:34:10.823 I/am_wtf ( 1507): [0,1507,system_server,-1,DisplayDeviceConfig,requesting nits when no mapping exists.]
12-23 03:34:10.823 I/am_wtf ( 1507): [0,1507,system_server,-1,DisplayDeviceConfig,requesting nits when no mapping exists.]
12-23 03:34:10.839 I/am_wtf ( 1507): [0,1507,system_server,-1,DisplayDeviceConfig,requesting nits when no mapping exists.]
12-23 03:34:10.839 I/am_wtf ( 1507): [0,1507,system_server,-1,DisplayDeviceConfig,requesting nits when no mapping exists.]
12-23 03:34:10.855 I/am_wtf ( 1507): [0,1507,system_server,-1,DisplayDeviceConfig,requesting nits when no mapping exists.]
12-23 03:34:10.856 I/am_wtf ( 1507): [0,1507,system_server,-1,DisplayDeviceConfig,requesting nits when no mapping exists.]
12-23 03:34:10.872 I/am_wtf ( 1507): [0,1507,system_server,-1,DisplayDeviceConfig,requesting nits when no mapping exists.]
12-23 03:34:10.872 I/am_wtf ( 1507): [0,1507,system_server,-1,DisplayDeviceConfig,requesting nits when no mapping exists.]
12-23 03:34:10.890 I/am_wtf ( 1507): [0,1507,system_server,-1,DisplayDeviceConfig,requesting nits when no mapping exists.]
12-23 03:34:10.890 I/am_wtf ( 1507): [0,1507,system_server,-1,DisplayDeviceConfig,requesting nits when no mapping exists.]
12-23 03:34:10.906 I/am_wtf ( 1507): [0,1507,system_server,-1,DisplayDeviceConfig,requesting nits when no mapping exists.]
12-23 03:34:10.906 I/am_wtf ( 1507): [0,1507,system_server,-1,DisplayDeviceConfig,requesting nits when no mapping exists.]
12-23 03:34:10.922 I/am_wtf ( 1507): [0,1507,system_server,-1,DisplayDeviceConfig,requesting nits when no mapping exists.]
12-23 03:34:10.923 I/am_wtf ( 1507): [0,1507,system_server,-1,DisplayDeviceConfig,requesting nits when no mapping exists.]
12-23 03:34:10.939 I/am_wtf ( 1507): [0,1507,system_server,-1,DisplayDeviceConfig,requesting nits when no mapping exists.]
12-23 03:34:10.939 I/am_wtf ( 1507): [0,1507,system_server,-1,DisplayDeviceConfig,requesting nits when no mapping exists.]
12-23 03:34:10.956 I/am_wtf ( 1507): [0,1507,system_server,-1,DisplayDeviceConfig,requesting nits when no mapping exists.]
12-23 03:34:10.956 I/am_wtf ( 1507): [0,1507,system_server,-1,DisplayDeviceConfig,requesting nits when no mapping exists.]
12-23 03:34:10.973 I/am_wtf ( 1507): [0,1507,system_server,-1,DisplayDeviceConfig,requesting nits when no mapping exists.]
12-23 03:34:10.973 I/am_wtf ( 1507): [0,1507,system_server,-1,DisplayDeviceConfig,requesting nits when no mapping exists.]
12-23 03:34:10.989 I/am_wtf ( 1507): [0,1507,system_server,-1,DisplayDeviceConfig,requesting nits when no mapping exists.]
12-23 03:34:10.990 I/am_wtf ( 1507): [0,1507,system_server,-1,DisplayDeviceConfig,requesting nits when no mapping exists.]
12-23 03:34:11.006 I/am_wtf ( 1507): [0,1507,system_server,-1,DisplayDeviceConfig,requesting nits when no mapping exists.]
12-23 03:34:11.007 I/am_wtf ( 1507): [0,1507,system_server,-1,DisplayDeviceConfig,requesting nits when no mapping exists.]
12-23 03:34:11.023 I/am_wtf ( 1507): [0,1507,system_server,-1,DisplayDeviceConfig,requesting nits when no mapping exists.]
12-23 03:34:11.023 I/am_wtf ( 1507): [0,1507,system_server,-1,DisplayDeviceConfig,requesting nits when no mapping exists.]
12-23 03:34:11.039 I/am_wtf ( 1507): [0,1507,system_server,-1,DisplayDeviceConfig,requesting nits when no mapping exists.]
12-23 03:34:11.040 I/am_wtf ( 1507): [0,1507,system_server,-1,DisplayDeviceConfig,requesting nits when no mapping exists.]
12-23 03:34:11.056 I/am_wtf ( 1507): [0,1507,system_server,-1,DisplayDeviceConfig,requesting nits when no mapping exists.]
12-23 03:34:11.057 I/am_wtf ( 1507): [0,1507,system_server,-1,DisplayDeviceConfig,requesting nits when no mapping exists.]
12-23 03:34:11.073 I/am_wtf ( 1507): [0,1507,system_server,-1,DisplayDeviceConfig,requesting nits when no mapping exists.]
12-23 03:34:11.073 I/am_wtf ( 1507): [0,1507,system_server,-1,DisplayDeviceConfig,requesting nits when no mapping exists.]
12-23 03:34:11.090 I/am_wtf ( 1507): [0,1507,system_server,-1,DisplayDeviceConfig,requesting nits when no mapping exists.]
12-23 03:34:11.090 I/am_wtf ( 1507): [0,1507,system_server,-1,DisplayDeviceConfig,requesting nits when no mapping exists.]
12-23 03:34:11.107 I/am_wtf ( 1507): [0,1507,system_server,-1,DisplayDeviceConfig,requesting nits when no mapping exists.]
12-23 03:34:11.107 I/am_wtf ( 1507): [0,1507,system_server,-1,DisplayDeviceConfig,requesting nits when no mapping exists.]
12-23 03:34:11.124 I/am_wtf ( 1507): [0,1507,system_server,-1,DisplayDeviceConfig,requesting nits when no mapping exists.]
12-23 03:34:11.124 I/am_wtf ( 1507): [0,1507,system_server,-1,DisplayDeviceConfig,requesting nits when no mapping exists.]
12-23 03:34:11.125 I/wm_stop_activity( 1507): [0,197961297,com.android.settings/.Settings]
12-23 03:34:11.140 I/am_wtf ( 1507): [0,1507,system_server,-1,DisplayDeviceConfig,requesting nits when no mapping exists.]
12-23 03:34:11.140 I/am_wtf ( 1507): [0,1507,system_server,-1,DisplayDeviceConfig,requesting nits when no mapping exists.]
12-23 03:34:11.149 I/wm_on_stop_called(13854): [197961297,com.android.settings.Settings,STOP_ACTIVITY_ITEM]
12-23 03:34:11.157 I/am_wtf ( 1507): [0,1507,system_server,-1,DisplayDeviceConfig,requesting nits when no mapping exists.]
12-23 03:34:11.158 I/am_wtf ( 1507): [0,1507,system_server,-1,DisplayDeviceConfig,requesting nits when no mapping exists.]
12-23 03:34:11.174 I/am_wtf ( 1507): [0,1507,system_server,-1,DisplayDeviceConfig,requesting nits when no mapping exists.]
12-23 03:34:11.174 I/am_wtf ( 1507): [0,1507,system_server,-1,DisplayDeviceConfig,requesting nits when no mapping exists.]
12-23 03:34:11.190 I/am_wtf ( 1507): [0,1507,system_server,-1,DisplayDeviceConfig,requesting nits when no mapping exists.]
12-23 03:34:11.190 I/am_wtf ( 1507): [0,1507,system_server,-1,DisplayDeviceConfig,requesting nits when no mapping exists.]
12-23 03:34:11.207 I/am_wtf ( 1507): [0,1507,system_server,-1,DisplayDeviceConfig,requesting nits when no mapping exists.]
12-23 03:34:11.207 I/am_wtf ( 1507): [0,1507,system_server,-1,DisplayDeviceConfig,requesting nits when no mapping exists.]
12-23 03:34:11.223 I/am_wtf ( 1507): [0,1507,system_server,-1,DisplayDeviceConfig,requesting nits when no mapping exists.]
12-23 03:34:11.223 I/am_wtf ( 1507): [0,1507,system_server,-1,DisplayDeviceConfig,requesting nits when no mapping exists.]
12-23 03:34:11.240 I/am_wtf ( 1507): [0,1507,system_server,-1,DisplayDeviceConfig,requesting nits when no mapping exists.]
12-23 03:34:11.240 I/am_wtf ( 1507): [0,1507,system_server,-1,DisplayDeviceConfig,requesting nits when no mapping exists.]
12-23 03:34:11.257 I/am_wtf ( 1507): [0,1507,system_server,-1,DisplayDeviceConfig,requesting nits when no mapping exists.]
12-23 03:34:11.257 I/am_wtf ( 1507): [0,1507,system_server,-1,DisplayDeviceConfig,requesting nits when no mapping exists.]
12-23 03:34:11.273 I/am_wtf ( 1507): [0,1507,system_server,-1,DisplayDeviceConfig,requesting nits when no mapping exists.]
12-23 03:34:11.273 I/am_wtf ( 1507): [0,1507,system_server,-1,DisplayDeviceConfig,requesting nits when no mapping exists.]
12-23 03:34:11.290 I/am_wtf ( 1507): [0,1507,system_server,-1,DisplayDeviceConfig,requesting nits when no mapping exists.]
12-23 03:34:11.290 I/am_wtf ( 1507): [0,1507,system_server,-1,DisplayDeviceConfig,requesting nits when no mapping exists.]
12-23 03:34:11.307 I/am_wtf ( 1507): [0,1507,system_server,-1,DisplayDeviceConfig,requesting nits when no mapping exists.]
12-23 03:34:11.307 I/am_wtf ( 1507): [0,1507,system_server,-1,DisplayDeviceConfig,requesting nits when no mapping exists.]
12-23 03:34:11.324 I/am_wtf ( 1507): [0,1507,system_server,-1,DisplayDeviceConfig,requesting nits when no mapping exists.]
12-23 03:34:11.324 I/am_wtf ( 1507): [0,1507,system_server,-1,DisplayDeviceConfig,requesting nits when no mapping exists.]
12-23 03:34:11.341 I/am_wtf ( 1507): [0,1507,system_server,-1,DisplayDeviceConfig,requesting nits when no mapping exists.]
12-23 03:34:11.341 I/am_wtf ( 1507): [0,1507,system_server,-1,DisplayDeviceConfig,requesting nits when no mapping exists.]
12-23 03:34:11.357 I/am_wtf ( 1507): [0,1507,system_server,-1,DisplayDeviceConfig,requesting nits when no mapping exists.]
12-23 03:34:11.358 I/am_wtf ( 1507): [0,1507,system_server,-1,DisplayDeviceConfig,requesting nits when no mapping exists.]
12-23 03:34:11.374 I/am_wtf ( 1507): [0,1507,system_server,-1,DisplayDeviceConfig,requesting nits when no mapping exists.]
12-23 03:34:11.374 I/am_wtf ( 1507): [0,1507,system_server,-1,DisplayDeviceConfig,requesting nits when no mapping exists.]
12-23 03:34:11.390 I/am_wtf ( 1507): [0,1507,system_server,-1,DisplayDeviceConfig,requesting nits when no mapping exists.]
12-23 03:34:11.390 I/am_wtf ( 1507): [0,1507,system_server,-1,DisplayDeviceConfig,requesting nits when no mapping exists.]
12-23 03:34:11.407 I/am_wtf ( 1507): [0,1507,system_server,-1,DisplayDeviceConfig,requesting nits when no mapping exists.]
12-23 03:34:11.407 I/am_wtf ( 1507): [0,1507,system_server,-1,DisplayDeviceConfig,requesting nits when no mapping exists.]
12-23 03:34:11.424 I/am_wtf ( 1507): [0,1507,system_server,-1,DisplayDeviceConfig,requesting nits when no mapping exists.]
12-23 03:34:11.424 I/am_wtf ( 1507): [0,1507,system_server,-1,DisplayDeviceConfig,requesting nits when no mapping exists.]
12-23 03:34:11.440 I/am_wtf ( 1507): [0,1507,system_server,-1,DisplayDeviceConfig,requesting nits when no mapping exists.]
12-23 03:34:11.440 I/am_wtf ( 1507): [0,1507,system_server,-1,DisplayDeviceConfig,requesting nits when no mapping exists.]
12-23 03:34:11.457 I/am_wtf ( 1507): [0,1507,system_server,-1,DisplayDeviceConfig,requesting nits when no mapping exists.]
12-23 03:34:11.457 I/am_wtf ( 1507): [0,1507,system_server,-1,DisplayDeviceConfig,requesting nits when no mapping exists.]
12-23 03:34:11.474 I/am_wtf ( 1507): [0,1507,system_server,-1,DisplayDeviceConfig,requesting nits when no mapping exists.]
12-23 03:34:11.474 I/am_wtf ( 1507): [0,1507,system_server,-1,DisplayDeviceConfig,requesting nits when no mapping exists.]
12-23 03:34:11.490 I/am_wtf ( 1507): [0,1507,system_server,-1,DisplayDeviceConfig,requesting nits when no mapping exists.]
12-23 03:34:11.491 I/am_wtf ( 1507): [0,1507,system_server,-1,DisplayDeviceConfig,requesting nits when no mapping exists.]
12-23 03:34:11.507 I/am_wtf ( 1507): [0,1507,system_server,-1,DisplayDeviceConfig,requesting nits when no mapping exists.]
12-23 03:34:11.507 I/am_wtf ( 1507): [0,1507,system_server,-1,DisplayDeviceConfig,requesting nits when no mapping exists.]
12-23 03:34:11.524 I/am_wtf ( 1507): [0,1507,system_server,-1,DisplayDeviceConfig,requesting nits when no mapping exists.]
12-23 03:34:11.524 I/am_wtf ( 1507): [0,1507,system_server,-1,DisplayDeviceConfig,requesting nits when no mapping exists.]
12-23 03:34:11.540 I/am_wtf ( 1507): [0,1507,system_server,-1,DisplayDeviceConfig,requesting nits when no mapping exists.]
12-23 03:34:11.541 I/am_wtf ( 1507): [0,1507,system_server,-1,DisplayDeviceConfig,requesting nits when no mapping exists.]
12-23 03:34:11.557 I/am_wtf ( 1507): [0,1507,system_server,-1,DisplayDeviceConfig,requesting nits when no mapping exists.]
12-23 03:34:11.557 I/am_wtf ( 1507): [0,1507,system_server,-1,DisplayDeviceConfig,requesting nits when no mapping exists.]
12-23 03:34:11.574 I/am_wtf ( 1507): [0,1507,system_server,-1,DisplayDeviceConfig,requesting nits when no mapping exists.]
12-23 03:34:11.574 I/am_wtf ( 1507): [0,1507,system_server,-1,DisplayDeviceConfig,requesting nits when no mapping exists.]
12-23 03:35:17.210 I/am_uid_idle( 1507): 10063
12-23 03:35:50.494 I/am_freeze( 1507): [13220,com.qualcomm.qti.qccauthmgr]
12-23 03:35:50.496 I/am_kill ( 1507): [0,13220,com.qualcomm.qti.qccauthmgr,905,Unable to freeze binder interface]
12-23 03:35:50.524 I/am_proc_died( 1507): [0,13220,com.qualcomm.qti.qccauthmgr,905,19]
