12-23 03:49:41.595 D/PasspointManager( 1507): ANQP entry not found for: 6e:0a:25:c2:6d:08:
12-23 03:49:41.595 D/PasspointManager( 1507): ANQP entry not found for: 86:7f:83:0c:e1:2a:
12-23 03:49:41.595 D/PasspointManager( 1507): ANQP entry not found for: d8:32:14:df:f6:03:
12-23 03:49:41.619 D/WifiDebugService( 2745): connect wifi SSID is :
12-23 03:49:41.624 W/WifiDebugService( 2745): find wifi : Testing
12-23 03:49:41.624 W/WifiDebugService( 2745): find wifi : Guest
12-23 03:49:41.624 W/WifiDebugService( 2745): find wifi : ZXHY
12-23 03:49:41.624 W/WifiDebugService( 2745): find wifi : Fanya
12-23 03:49:41.624 W/WifiDebugService( 2745): find wifi : ThunderSoft
12-23 03:49:41.624 W/WifiDebugService( 2745): find wifi : GM
12-23 03:49:41.624 W/WifiDebugService( 2745): find wifi :
12-23 03:49:41.624 W/WifiDebugService( 2745): find wifi : 123
12-23 03:49:41.624 W/WifiDebugService( 2745): find wifi :
12-23 03:49:41.624 W/WifiDebugService( 2745): find wifi :
12-23 03:49:41.624 W/WifiDebugService( 2745): find wifi : Testing
12-23 03:49:41.624 W/WifiDebugService( 2745): find wifi : Guest
12-23 03:49:41.624 W/WifiDebugService( 2745): find wifi : ThunderSoft_2.4G
12-23 03:49:41.624 W/WifiDebugService( 2745): find wifi : ZXHY
12-23 03:49:41.624 W/WifiDebugService( 2745): find wifi : Fanya
12-23 03:49:41.624 W/WifiDebugService( 2745): find wifi : NETGEAR60
12-23 03:49:41.624 W/WifiDebugService( 2745): can not find target wifi ap : hht_test_wifi_fc4318c9
12-23 03:49:41.743 D/InputMethodManager(14219): showSoftInput() view=android.widget.EditText{8b5b6da VFED.VCL. .F.P.... 0,47-1486,135 #7f0a0522 app:id/password aid=1073741917} flags=0 reason=SHOW_SOFT_INPUT
12-23 03:49:41.746 I/hintView( 3738): forceClose=true,resetShowChs=true
12-23 03:49:41.746 I/hintView( 3738): dismissPop()
12-23 03:49:41.749 I/hintView( 3738): forceClose=true,resetShowChs=true
12-23 03:49:41.749 I/hintView( 3738): dismissPop()
12-23 03:49:41.764 I/hintView( 3738): forceClose=true,resetShowChs=true
12-23 03:49:41.764 I/hintView( 3738): dismissPop()
12-23 03:49:41.765 D/InsetsController(14219): show(ime(), fromIme=true)
12-23 03:49:41.765 I/hintView( 3738): forceClose=true,resetShowChs=true
12-23 03:49:41.765 I/hintView( 3738): dismissPop()
12-23 03:49:41.765 I/hintView( 3738): forceClose=true,resetShowChs=true
12-23 03:49:41.765 I/hintView( 3738): dismissPop()
12-23 03:49:41.786 I/OpenGLRenderer( 3738): Davey! duration=403307ms; Flags=1, FrameTimelineVsyncId=129528, IntendedVsync=8919265533178, Vsync=8919282199844, InputEventId=0, HandleInputStart=8919284155606, AnimationStart=8919284156596, PerformTraversalsStart=8919284157169, DrawStart=8919296537429, FrameDeadline=8919298866510, FrameInterval=8919284152689, FrameStartTime=16666666, SyncQueued=8919299577481, SyncStart=8919299623471, IssueDrawCommandsStart=8919299841908, SwapBuffers=8919305840398, FrameCompleted=9322572930452, DequeueBufferDuration=8802, QueueBufferDuration=311198, GpuCompleted=9322572930452, SwapBuffersCompleted=8919306364044, DisplayPresentTime=288230376151740001,
12-23 03:49:41.959 I/mpu_uart( 647): [MSG-P:RECV]:No message received in 1000 ms
01-01 10:37:20.092 D/ ( 0): mv2112_read_status
01-01 10:37:20.093 D/mv2112_update_link( 0): 3.0x901(1G): 0x80
01-01 10:37:20.093 D/mv2112_update_link( 0): 3.0x8109(100M): 0x8
01-01 10:37:20.093 D/mv2112_update_link( 0): link 0x0
01-01 10:37:20.093 D/mv2112_read_status( 0): autoneg is disabled
12-23 03:49:42.167 I/auditd ( 0): type=1400 audit(0.0:1559): avc: denied { kill } for comm="swapper/6" capability=5 scontext=u:r:kernel:s0 tcontext=u:r:kernel:s0 tclass=capability permissive=0
12-23 03:49:42.167 W/swapper/6( 0): type=1400 audit(0.0:1559): avc: denied { kill } for capability=5 scontext=u:r:kernel:s0 tcontext=u:r:kernel:s0 tclass=capability permissive=0
12-23 03:49:42.404 I/OMX-VENC: venc_dev( 1208): stats: avg. fps 30.50, bitrate 2007971
12-23 03:49:42.960 I/mpu_uart( 647): [MSG-P:RECV]:No message received in 1000 ms
12-23 03:49:43.171 I/auditd ( 0): type=1400 audit(0.0:1560): avc: denied { kill } for comm="swapper/6" capability=5 scontext=u:r:kernel:s0 tcontext=u:r:kernel:s0 tclass=capability permissive=0
12-23 03:49:43.171 W/swapper/6( 0): type=1400 audit(0.0:1560): avc: denied { kill } for capability=5 scontext=u:r:kernel:s0 tcontext=u:r:kernel:s0 tclass=capability permissive=0
01-01 10:37:21.116 D/ ( 0): mv2112_read_status
01-01 10:37:21.117 D/mv2112_update_link( 0): 3.0x901(1G): 0x80
01-01 10:37:21.117 D/mv2112_update_link( 0): 3.0x8109(100M): 0x8
01-01 10:37:21.117 D/mv2112_update_link( 0): link 0x0
01-01 10:37:21.117 D/mv2112_read_status( 0): autoneg is disabled
12-23 03:49:43.405 I/OMX-VENC: venc_dev( 1208): stats: avg. fps 4.00, bitrate 154926
12-23 03:49:43.496 I/commit_sys_config_file( 1507): [appops,9293734]
12-23 03:49:43.551 I/input_interaction( 1507): Interaction with: 8d27dfc PopupWindow:6f560f2 (server), edge-swipe (server), swipe-up (server), PointerEventDispatcher0 (server),
12-23 03:49:43.580 E/TaskPersister( 1507): File error accessing recents directory (directory doesn't exist?).
12-23 03:49:43.655 I/hintView( 3738): forceClose=true,resetShowChs=true
12-23 03:49:43.655 I/hintView( 3738): dismissPop()
12-23 03:49:43.819 I/GameModeConfig( 1507): isGameModeOn = true
12-23 03:49:43.819 I/GameModeConfig( 1507): isGaming = false
12-23 03:49:43.912 I/hintView( 3738): forceClose=true,resetShowChs=true
12-23 03:49:43.912 I/hintView( 3738): dismissPop()
12-23 03:49:43.960 I/mpu_uart( 647): [MSG-P:RECV]:No message received in 1000 ms
12-23 03:49:44.167 I/auditd ( 0): type=1400 audit(0.0:1561): avc: denied { kill } for comm="swapper/1" capability=5 scontext=u:r:kernel:s0 tcontext=u:r:kernel:s0 tclass=capability permissive=0
12-23 03:49:44.167 W/swapper/1( 0): type=1400 audit(0.0:1561): avc: denied { kill } for capability=5 scontext=u:r:kernel:s0 tcontext=u:r:kernel:s0 tclass=capability permissive=0
12-23 03:49:44.200 I/hintView( 3738): forceClose=true,resetShowChs=true
12-23 03:49:44.200 I/hintView( 3738): dismissPop()
01-01 10:37:22.140 D/ ( 0): mv2112_read_status
01-01 10:37:22.141 D/mv2112_update_link( 0): 3.0x901(1G): 0x80
01-01 10:37:22.141 D/mv2112_update_link( 0): 3.0x8109(100M): 0x8
01-01 10:37:22.141 D/mv2112_update_link( 0): link 0x0
01-01 10:37:22.141 D/mv2112_read_status( 0): autoneg is disabled
12-23 03:49:44.321 I/mpu_uart( 647): [MSG-P:R]:recv sync frame timeout
12-23 03:49:44.460 I/hintView( 3738): forceClose=true,resetShowChs=true
12-23 03:49:44.461 I/hintView( 3738): dismissPop()
12-23 03:49:44.506 I/OMX-VENC: venc_dev( 1208): stats: avg. fps 7.26, bitrate 1192736
12-23 03:49:44.960 I/mpu_uart( 647): [MSG-P:RECV]:No message received in 1000 ms
01-01 10:37:23.164 D/ ( 0): mv2112_read_status
01-01 10:37:23.165 D/mv2112_update_link( 0): 3.0x901(1G): 0x80
01-01 10:37:23.165 D/mv2112_update_link( 0): 3.0x8109(100M): 0x8
01-01 10:37:23.165 D/mv2112_update_link( 0): link 0x0
01-01 10:37:23.165 D/mv2112_read_status( 0): autoneg is disabled
12-23 03:49:45.278 I/hintView( 3738): forceClose=true,resetShowChs=true
12-23 03:49:45.278 I/hintView( 3738): dismissPop()
12-23 03:49:45.507 I/OMX-VENC: venc_dev( 1208): stats: avg. fps 5.99, bitrate 271580
12-23 03:49:45.609 I/hintView( 3738): forceClose=true,resetShowChs=true
12-23 03:49:45.609 I/hintView( 3738): dismissPop()
12-23 03:49:45.924 I/hintView( 3738): forceClose=true,resetShowChs=true
12-23 03:49:45.924 I/hintView( 3738): dismissPop()
12-23 03:49:45.961 I/mpu_uart( 647): [MSG-P:RECV]:No message received in 1000 ms
12-23 03:49:46.171 I/auditd ( 0): type=1400 audit(0.0:1562): avc: denied { kill } for comm="swapper/3" capability=5 scontext=u:r:kernel:s0 tcontext=u:r:kernel:s0 tclass=capability permissive=0
12-23 03:49:46.171 W/swapper/3( 0): type=1400 audit(0.0:1562): avc: denied { kill } for capability=5 scontext=u:r:kernel:s0 tcontext=u:r:kernel:s0 tclass=capability permissive=0
12-23 03:49:46.198 I/hintView( 3738): forceClose=true,resetShowChs=true
12-23 03:49:46.198 I/hintView( 3738): dismissPop()
01-01 10:37:24.188 D/ ( 0): mv2112_read_status
01-01 10:37:24.189 D/mv2112_update_link( 0): 3.0x901(1G): 0x80
01-01 10:37:24.189 D/mv2112_update_link( 0): 3.0x8109(100M): 0x8
01-01 10:37:24.189 D/mv2112_update_link( 0): link 0x0
01-01 10:37:24.189 D/mv2112_read_status( 0): autoneg is disabled
12-23 03:49:46.694 I/OMX-VENC: venc_dev( 1208): stats: avg. fps 10.11, bitrate 437016
12-23 03:49:46.961 I/mpu_uart( 647): [MSG-P:RECV]:No message received in 1000 ms
12-23 03:49:47.171 I/auditd ( 0): type=1400 audit(0.0:1563): avc: denied { kill } for comm="swapper/3" capability=5 scontext=u:r:kernel:s0 tcontext=u:r:kernel:s0 tclass=capability permissive=0
12-23 03:49:47.171 W/swapper/3( 0): type=1400 audit(0.0:1563): avc: denied { kill } for capability=5 scontext=u:r:kernel:s0 tcontext=u:r:kernel:s0 tclass=capability permissive=0
01-01 10:37:25.212 D/ ( 0): mv2112_read_status
01-01 10:37:25.213 D/mv2112_update_link( 0): 3.0x901(1G): 0x80
01-01 10:37:25.213 D/mv2112_update_link( 0): 3.0x8109(100M): 0x8
01-01 10:37:25.213 D/mv2112_update_link( 0): link 0x0
01-01 10:37:25.213 D/mv2112_read_status( 0): autoneg is disabled
12-23 03:49:47.325 I/mpu_uart( 647): [MSG-P:R]:recv sync frame timeout
12-23 03:49:47.698 I/OMX-VENC: venc_dev( 1208): stats: avg. fps 2.99, bitrate 152075
12-23 03:49:47.887 I/input_interaction( 1507): Interaction with: 9592226 com.android.settings/com.android.settings.Settings (server), edge-swipe (server), swipe-up (server), PointerEventDispatcher0 (server),
12-23 03:49:47.905 I/WifiService( 1507): startScan uid=1000
12-23 03:49:47.915 D/LOWI-9.0.0.87.a( 1331): [LOWI-Scan] wait_event:Wait done with Cmd 33
12-23 03:49:47.915 D/LOWI-9.0.0.87.a( 1331): [LOWI-Scan] do_listen_events: Rcvd valid Netlink Cmd 0 Err 0
12-23 03:49:47.961 I/mpu_uart( 647): [MSG-P:RECV]:No message received in 1000 ms
01-01 10:37:25.887 I/[schedu][0x29b6803a5e][03:49:47.962773] wlan( 0): [14370:I:OSIF] scan start scan id 41016
12-23 03:49:48.076 I/sysui_multi_action(14219): [757,1800,758,2,1089,7733]
12-23 03:49:48.092 I/WifiService( 1507): connect uid=1000
12-23 03:49:48.093 E/WifiConfigManager( 1507): Cannot find network with networkId -1 or configKey "H3C_350304_5G"WPA_PSK or upgradable security type check
12-23 03:49:48.093 E/WifiConfigManager( 1507): Cannot find network with networkId -1 or configKey "H3C_350304_5G"WPA_PSK or upgradable security type check
12-23 03:49:48.111 E/WifiConfigManager( 1507): Cannot find network with configKey "H3C_350304_5G"WPA_PSK
12-23 03:49:48.111 D/WifiConfigurationUtil( 1507): Add upgradable SAE configuration.
12-23 03:49:48.112 D/WifiConfigManager( 1507): Enable disabled network: "H3C_350304_5G" num=0
12-23 03:49:48.124 I/hintView( 3738): forceClose=true,resetShowChs=true
12-23 03:49:48.124 I/hintView( 3738): dismissPop()
12-23 03:49:48.127 D/WifiConfigStore( 1507): Writing to stores completed in 7 ms.
12-23 03:49:48.129 W/ContextImpl( 1507): Calling a method in the system process without a qualified user: android.app.ContextImpl.sendBroadcastMultiplePermissions:1206 android.content.Context.sendBroadcastWithMultiplePermissions:2262 com.android.server.wifi.WifiServiceImpl.broadcastWifiCredentialChanged:4925 com.android.server.wifi.WifiServiceImpl.lambda$connect$106:4975 com.android.server.wifi.WifiServiceImpl.$r8$lambda$k_VbQ0XctrStvVsieclZczsvs-g:0
12-23 03:49:48.130 D/WifiConfigManager( 1507): Enable disabled network: "H3C_350304_5G" num=0
12-23 03:49:48.139 D/WifiConfigStore( 1507): Writing to stores completed in 3 ms.
12-23 03:49:48.139 D/WifiClientModeImpl[wlan0]( 1507): connectToUserSelectNetwork netId 1, uid 1000, forceReconnect = true
12-23 03:49:48.141 D/WifiScoreReport( 1507): setShouldReduceNetworkScore=false mNetworkAgent is null? true
12-23 03:49:48.141 D/WifiClientModeImpl[wlan0]( 1507): CMD_START_CONNECT my state DisconnectedState nid=1 roam=false
01-01 10:37:26.087 I/[schedu][0x29b6bab769][03:49:48.162414] wlan( 0): [14370:I:OSIF] vdev 0, scan id 41016 type COMPLETED(1) reason CANCELLED(2) scan found 21 bss
12-23 03:49:48.164 I/hintView( 3738): forceClose=true,resetShowChs=true
12-23 03:49:48.164 I/hintView( 3738): dismissPop()
12-23 03:49:48.167 I/auditd ( 0): type=1400 audit(0.0:1564): avc: denied { kill } for comm="swapper/3" capability=5 scontext=u:r:kernel:s0 tcontext=u:r:kernel:s0 tclass=capability permissive=0
12-23 03:49:48.167 W/swapper/3( 0): type=1400 audit(0.0:1564): avc: denied { kill } for capability=5 scontext=u:r:kernel:s0 tcontext=u:r:kernel:s0 tclass=capability permissive=0
12-23 03:49:48.178 I/hintView( 3738): forceClose=true,resetShowChs=true
12-23 03:49:48.178 I/hintView( 3738): dismissPop()
12-23 03:49:48.179 I/hintView( 3738): forceClose=true,resetShowChs=true
12-23 03:49:48.179 I/hintView( 3738): dismissPop()
12-23 03:49:48.188 D/InsetsController(14219): show(ime(), fromIme=true)
12-23 03:49:48.196 I/hintView( 3738): forceClose=true,resetShowChs=true
12-23 03:49:48.197 I/hintView( 3738): dismissPop()
12-23 03:49:48.222 I/OpenGLRenderer( 3738): Davey! duration=400699ms; Flags=0, FrameTimelineVsyncId=129906, IntendedVsync=8928303982021, Vsync=8928303982021, InputEventId=0, HandleInputStart=8928315800655, AnimationStart=8928315802009, PerformTraversalsStart=8928315802894, DrawStart=8928338724196, FrameDeadline=8928337315353, FrameInterval=8928315794978, FrameStartTime=16666666, SyncQueued=8928338828155, SyncStart=8928341627269, IssueDrawCommandsStart=8928341684092, SwapBuffers=8928341988207, FrameCompleted=9329006003471, DequeueBufferDuration=13177, QueueBufferDuration=439844, GpuCompleted=9329006003471, SwapBuffersCompleted=8928342680394, DisplayPresentTime=8100135346579137298,
01-01 10:37:26.169 I/[schedu][0x29b6d2b27b][03:49:48.244268] wlan( 0): [14370:I:HIF] Deinitializing Runtime PM wakelock &vdev->vdev_set_key_runtime_wakelock
01-01 10:37:26.171 I/[schedu][0x29b6d34472][03:49:48.246214] wlan( 0): [14370:I:HIF] Initializing Runtime PM wakelock &vdev->vdev_set_key_runtime_wakelock
12-23 03:49:48.249 D/LOWI-9.0.0.87.a( 1331): [LOWINetlinkSocketReceiver] unpackRTMLinkMessage: RTM_NEWLINK - ifname wlan0, flags 0x1002 ()
12-23 03:49:48.249 D/LOWI-9.0.0.87.a( 1331): [LOWINetlinkSocketReceiver] processNetlinkPacket: ifname(wlan0) status(0)
12-23 03:49:48.249 D/LOWI-9.0.0.87.a( 1331): [LOWIController] intfStateReceived: ifname(wlan0) state(0)
12-23 03:49:48.250 D/LOWI-9.0.0.87.a( 1331): [LOWIEventReceiver] handleEvent:FROM:NA, TO:NA, REQ:NA, IREQ:NA, REQ_ID:0, RESP:NA, INFO:INTF-STATUS-UPDATE
12-23 03:49:48.250 D/LOWI-9.0.0.87.a( 1331): [LOWIEventReceiver] Info to [INTF-STATUS-UPDATE]
12-23 03:49:48.250 D/LOWI-9.0.0.87.a( 1331): [LOWIController] updateIntfState: WIFI enabled 0 mNlWifiStatus 1 mWifiStateEnabled 1
12-23 03:49:48.250 D/LOWI-9.0.0.87.a( 1331): [LOWIController] isWifiEnabled: mNlWifiStatus 0 mWifiStateEnabled 1
12-23 03:49:48.250 I/LOWI-9.0.0.87.a( 1331): [LOWIController] isWifiEnabled: Wifi is now disabled
12-23 03:49:48.250 D/LOWI-9.0.0.87.a( 1331): [LOWIController] terminateScanResultReceiver
12-23 03:49:48.250 D/LOWI-9.0.0.87.a( 1331): [LOWI-Scan] wips_wait_on_nl_socket: read returned 6, Received string: Close
12-23 03:49:48.250 D/LOWI-9.0.0.87.a( 1331): [LOWI-Scan] do_listen_events: Select Error return - -301
12-23 03:49:48.250 D/LOWI-9.0.0.87.a( 1331): [LOWI-Scan] No dump done. Error -301
12-23 03:49:48.250 D/LOWI-9.0.0.87.a( 1331): [LOWI-Scan] WipsScanUsingNL: passive scan cached 0, took 6670 ms, err -301
12-23 03:49:48.250 D/LOWI-9.0.0.87.a( 1331): [LOWI-Scan] lowi_proc_req_passive_scan_with_live_meas - No WLAN Frames to be parsed
12-23 03:49:48.250 D/LOWI-9.0.0.87.a( 1331): [LOWIWifiDriverInterface] Scan terminated for passive listening request
12-23 03:49:48.250 I/LOWI-9.0.0.87.a( 1331): [LOWIScanResultReceiver] Thread terminate was requested
12-23 03:49:48.252 D/LOWI-9.0.0.87.a( 1331): [LOWI-Scan] Closing the pipe
12-23 03:49:48.252 D/LOWI-9.0.0.87.a( 1331): [LOWIScanResultReceiver] After join complete
12-23 03:49:48.252 D/LOWI-9.0.0.87.a( 1331): [LOWI-ROME-RTT] RomeUnblockRangingThread
12-23 03:49:48.253 D/LOWI-9.0.0.87.a( 1331): [LOWI-ROME-RTT] RomeWaitOnActivityOnSocketOrPipe: Ranging thread Received string: Close, request socket shutdown
12-23 03:49:48.253 D/LOWI-9.0.0.87.a( 1331): [LOWIRangingFSM] FSM: Received Terminate Thread request from Controller
12-23 03:49:48.253 I/LOWI-9.0.0.87.a( 1331): [LOWIScanResultReceiver] Thread terminate was requested
12-23 03:49:48.253 D/LOWI-9.0.0.87.a( 1331): [LOWI-ROME-RTT] Closing the Ranging pipe
12-23 03:49:48.253 D/LOWI-9.0.0.87.a( 1331): [LOWIScanResultReceiver] After join complete
12-23 03:49:48.253 D/LOWI-9.0.0.87.a( 1331): [LOWIController] terminateWifiDriver
12-23 03:49:48.253 I/CLD80211( 1331): lowi-server: Sent msg on exit sock to unblock poll()
12-23 03:49:48.254 I/EthernetTracker( 1507): interfaceLinkStateChanged, iface: wlan0, up: false
12-23 03:49:48.257 W/wificond( 1200): Scan aborted
12-23 03:49:48.257 D/WifiNl80211Manager( 1507): Scan failed event
12-23 03:49:48.258 D/WifiNative( 1507): Scan failed event
12-23 03:49:48.258 W/WificondScannerImpl( 1507): Scan failed
12-23 03:49:48.258 D/LOWI-9.0.0.87.a( 1331): [LOWINetlinkSocketReceiver] unpackRTMLinkMessage: RTM_NEWLINK - ifname wlan0, flags 0x1002 ()
12-23 03:49:48.258 D/LOWI-9.0.0.87.a( 1331): [LOWINetlinkSocketReceiver] processNetlinkPacket: ifname(wlan0) status(0)
12-23 03:49:48.258 D/LOWI-9.0.0.87.a( 1331): [LOWIController] intfStateReceived: ifname(wlan0) state(0)
12-23 03:49:48.259 D/LOWI-9.0.0.87.a( 1331): [LOWIEventReceiver] handleEvent:FROM:NA, TO:NA, REQ:NA, IREQ:NA, REQ_ID:0, RESP:NA, INFO:INTF-STATUS-UPDATE
12-23 03:49:48.259 D/LOWI-9.0.0.87.a( 1331): [LOWIEventReceiver] Info to [INTF-STATUS-UPDATE]
12-23 03:49:48.259 D/LOWI-9.0.0.87.a( 1331): [LOWIController] updateIntfState: WIFI enabled 0 mNlWifiStatus 0 mWifiStateEnabled 0
12-23 03:49:48.259 D/LOWI-9.0.0.87.a( 1331): [LOWIController] isWifiEnabled: mNlWifiStatus 0 mWifiStateEnabled 0
12-23 03:49:48.261 I/EthernetTracker( 1507): interfaceLinkStateChanged, iface: wlan0, up: false
01-01 10:37:26.188 I/[wifi@1][0x29b6d83898][03:49:48.263123] wlan( 0): [850:I:DP] dp_vdev_attach_wifi3: wlan_cfg_ap_bridge_enabled 0
12-23 03:49:48.262 D/android.hardware.wifi@1.0-service( 850): Successfully SetMacAddress.
12-23 03:49:48.268 D/LOWI-9.0.0.87.a( 1331): [LOWINetlinkSocketReceiver] unpackRTMLinkMessage: RTM_NEWLINK - ifname wlan0, flags 0x1003 ([UP])
12-23 03:49:48.268 D/LOWI-9.0.0.87.a( 1331): [LOWINetlinkSocketReceiver] processNetlinkPacket: ifname(wlan0) status(1)
12-23 03:49:48.268 D/LOWI-9.0.0.87.a( 1331): [LOWIController] intfStateReceived: ifname(wlan0) state(1)
12-23 03:49:48.269 D/LOWI-9.0.0.87.a( 1331): [LOWIEventReceiver] handleEvent:FROM:NA, TO:NA, REQ:NA, IREQ:NA, REQ_ID:0, RESP:NA, INFO:INTF-STATUS-UPDATE
12-23 03:49:48.269 D/LOWI-9.0.0.87.a( 1331): [LOWIEventReceiver] Info to [INTF-STATUS-UPDATE]
12-23 03:49:48.269 D/LOWI-9.0.0.87.a( 1331): [LOWIController] updateIntfState: WIFI enabled 1 mNlWifiStatus 0 mWifiStateEnabled 0
12-23 03:49:48.269 D/LOWI-9.0.0.87.a( 1331): [LOWIController] isWifiEnabled: mNlWifiStatus 1 mWifiStateEnabled 0
12-23 03:49:48.269 I/LOWI-9.0.0.87.a( 1331): [LOWIController] isWifiEnabled: Wifi is now enabled
12-23 03:49:48.269 D/LOWI-9.0.0.87.a( 1331): [LOWIController] terminateScanResultReceiver
12-23 03:49:48.270 I/EthernetTracker( 1507): interfaceLinkStateChanged, iface: wlan0, up: false
12-23 03:49:48.271 D/WifiClientModeImpl[wlan0]( 1507): ConnectedMacRandomization SSID(H3C_350304_5G). setMacAddress(9e:7d:0d:42:30:df) from f2:15:0e:8b:32:6a = true
12-23 03:49:48.273 W/LastMileLogger( 1507): Failed to open free_buffer pseudo-file: /sys/kernel/debug/tracing/instances/wifi/free_buffer: open failed: ENOENT (No such file or directory)
12-23 03:49:48.273 W/LastMileLogger( 1507): Failed to arm fail-safe.
12-23 03:49:48.277 D/LOWI-9.0.0.87.a( 1331): [LOWIWpaInterface] OpenCtrl]61 Success for mCtrl
12-23 03:49:48.277 D/LOWI-9.0.0.87.a( 1331): [LOWI-Scan] nl80211_init:SUCCESS
12-23 03:49:48.278 D/LOWI-9.0.0.87.a( 1331): [LOWI-Scan] nl_get_wiphy_info, done err = 0
12-23 03:49:48.278 I/LOWI-9.0.0.87.a( 1331): [LOWI-Scan] WipsGetSupportedChannels: return err = 0 num_2g_ch = 13 num_5g_ch = 13 num_6g_ch = 0
12-23 03:49:48.278 I/LOWI-9.0.0.87.a( 1331): [LOWIWifiDriverUtils] set the band mask from wiphy 3
12-23 03:49:48.278 D/LOWI-9.0.0.87.a( 1331): [LOWIWifiDriverUtils] getWiFiIdentityFromIoctl: ioctl(GET_MAC_ADDR) return: 0, Mac = 9e:7d:0d:42:30:df
12-23 03:49:48.279 I/WifiClientModeImpl[wlan0]( 1507): Connecting with 9e:7d:0d:42:30:df as the mac address
12-23 03:49:48.279 W/wificond( 1200): Scan is not started. Ignore abort request
12-23 03:49:48.280 I/LOWI-9.0.0.87.a( 1331): [LOWI-ROME-RTT] RomeWipsOpen: libCld80211 found, load the symbols..
12-23 03:49:48.280 I/CLD80211( 1331): lowi-server: initialized exit socket pair
12-23 03:49:48.280 D/LOWI-9.0.0.87.a( 1331): [LOWI-ROME-RTT] cld80211InitAndRegister: Init and Registration done
12-23 03:49:48.281 D/SupplicantStaIfaceHal( 1507): connectToNetwork "H3C_350304_5G"WPA_PSK isMixedGbkUtf=false
12-23 03:49:48.281 D/LOWI-9.0.0.87.a( 1331): [LOWIController] createWifiDriver: wifi driver created.
12-23 03:49:48.281 D/LOWI-9.0.0.87.a( 1331): [LOWIController] getWifiCapabilities
12-23 03:49:48.281 D/LOWI-9.0.0.87.a( 1331): [LOWIController] passContConfig
12-23 03:49:48.281 I/LOWI-9.0.0.87.a( 1331): [LOWIWifiDriverUtils] return band_mask based on wiphy 3
12-23 03:49:48.281 D/LOWI-9.0.0.87.a( 1331): [LOWIControllerExtn] createScanResultReceiver: scanbitmask(0x26)
12-23 03:49:48.281 D/LOWI-9.0.0.87.a( 1331): [LOWIController] createScanResultReceiver: Capabilities: discovery(1), ranging(1), bgscan(0), scanbitmask(0x26)
12-23 03:49:48.281 D/LOWI-9.0.0.87.a( 1331): [LOWIController] created scanReceiver successfully
12-23 03:49:48.281 D/LOWI-9.0.0.87.a( 1331): [LOWIController] created scanReceiver successfully
12-23 03:49:48.281 D/LOWI-9.0.0.87.a( 1331): [LOWI-ROME-RTT] Creating pipe to Ranging Thread
12-23 03:49:48.281 D/LOWI-9.0.0.87.a( 1331): [LOWIScanResultReceiver] Enter passive listening mode
12-23 03:49:48.281 D/LOWI-9.0.0.87.a( 1331): [LOWIRangingFSM] FSM: Received Event EVENT_START_THREAD, Current state: STATE_IDLE_START
12-23 03:49:48.281 I/wpa_supplicant(14380): Try to unregister vendor STA network
12-23 03:49:48.281 I/WifiHAL ( 850): send_nl_data: sent cld80211 msg of len: 48 to driver
12-23 03:49:48.281 I/WifiHAL ( 850): send oem msg of len : 40 to apps
12-23 03:49:48.281 I/SupplicantStaIfaceHal( 1507): addSupplicantStaNetwork via HIDL
12-23 03:49:48.282 D/LOWI-9.0.0.87.a( 1331): [LOWI-ROME-RTT] send_cld80211_nlmsg: sent cld80211 message for pid 1331
12-23 03:49:48.282 D/LOWI-9.0.0.87.a( 1331): [LOWIRangingFSM] FSM: New FSM state: STATE_IDLE_START
12-23 03:49:48.282 D/LOWI-9.0.0.87.a( 1331): [LOWI-ROME-RTT] RomeWaitOnActivityOnSocketOrPipe: issue timed select: TO: 5
12-23 03:49:48.282 D/LOWI-9.0.0.87.a( 1331): [LOWI-ROME-RTT] RomeWaitOnActivityOnSocketOrPipe: timed select over: TO: 5 retVal: 1
12-23 03:49:48.282 D/LOWI-9.0.0.87.a( 1331): [LOWI-ROME-RTT] event_handler: Valid data with length 11
01-01 10:37:26.206 E/[wifi@1][0x29b6dda475][03:49:48.281627] wlan( 0): [14376:E:wifipos] wifi_pos_process_app_reg_req: 608: Received App Req Req pid(-1094712494), len(16)
12-23 03:49:48.282 D/LOWI-9.0.0.87.a( 1331): [LOWI-HELIUM-RTT] RomeNLRecvMessage: The Received RomeMsgType: ROME_REG_RSP_MSG
12-23 03:49:48.282 D/LOWI-9.0.0.87.a( 1331): [LOWIRangingFSM] FSM: Received Event EVENT_REGISTRATION_SUCCESS, Current state: STATE_IDLE_START
12-23 03:49:48.282 D/LOWI-9.0.0.87.a( 1331): [LOWI-ROME-RTT] RomeExtractRegRsp: driver support nl packing for oem data
12-23 03:49:48.282 I/LOWI-9.0.0.87.a( 1331): [LOWI-ROME-RTT] RomeExtractRegRsp: nl format oem data enabled
12-23 03:49:48.282 D/LOWI-9.0.0.87.a( 1331): [LOWI-ROME-RTT] RomeExtractRegRsp: Registered with CLD, 1 vDevs. Using 0 for STA
12-23 03:49:48.282 I/WifiHAL ( 850): send_nl_data: sent cld80211 msg of len: 32 to driver
12-23 03:49:48.282 I/WifiHAL ( 850): send oem msg of len : 148 to apps
12-23 03:49:48.282 D/LOWI-9.0.0.87.a( 1331): [LOWI-ROME-RTT] send_oem_nl_msg: sent cld80211 message with subcmd: 3
12-23 03:49:48.282 D/LOWI-9.0.0.87.a( 1331): [LOWIRangingFSM] FSM: New FSM state: STATE_WAITING_OEM_CAP
12-23 03:49:48.282 D/LOWI-9.0.0.87.a( 1331): [LOWI-ROME-RTT] RomeWaitOnActivityOnSocketOrPipe: issue timed select: TO: 5
12-23 03:49:48.282 D/LOWI-9.0.0.87.a( 1331): [LOWI-ROME-RTT] RomeWaitOnActivityOnSocketOrPipe: timed select over: TO: 5 retVal: 1
12-23 03:49:48.282 D/LOWI-9.0.0.87.a( 1331): [LOWI-ROME-RTT] event_handler: Valid data with length 116
12-23 03:49:48.282 D/LOWI-9.0.0.87.a( 1331): [LOWI-HELIUM-RTT] RomeNLRecvMessage: The Received RomeMsgType: ROME_OEM_CAP_MSG
12-23 03:49:48.282 D/LOWI-9.0.0.87.a( 1331): [LOWIRangingFSM] FSM: Received Event EVENT_OEM_CAP_INFO, Current state: STATE_WAITING_OEM_CAP
12-23 03:49:48.282 D/LOWI-9.0.0.87.a( 1331): [LOWI-ROME-RTT] RomeExtractOemCapabilities: oem_target_signature(QUALCOMM) oem_target_type(23)oem_fw_version(270140705) driver_version(0xa120205)
12-23 03:49:48.282 D/LOWI-9.0.0.87.a( 1331): [LOWI-ROME-RTT] allowed_dwell_time_min(20) allowed_dwell_time_max(40)curr_dwell_time_min(0) curr_dwell_time_max(0)supported_bands(3) num_channels(0)
12-23 03:49:48.282 I/WifiHAL ( 850): send_nl_data: sent cld80211 msg of len: 32 to driver
12-23 03:49:48.283 I/WifiHAL ( 850): send oem msg of len : 1608 to apps
12-23 03:49:48.283 D/LOWI-9.0.0.87.a( 1331): [LOWI-ROME-RTT] send_oem_nl_msg: sent cld80211 message with subcmd: 4
12-23 03:49:48.283 D/LOWI-9.0.0.87.a( 1331): [LOWIRangingFSM] FSM: New FSM state: STATE_WAITING_FOR_WIPHY_INFO
12-23 03:49:48.283 D/LOWI-9.0.0.87.a( 1331): [LOWI-ROME-RTT] RomeWaitOnActivityOnSocketOrPipe: issue timed select: TO: 5
12-23 03:49:48.283 D/LOWI-9.0.0.87.a( 1331): [LOWI-ROME-RTT] RomeWaitOnActivityOnSocketOrPipe: timed select over: TO: 5 retVal: 1
12-23 03:49:48.283 D/LOWI-9.0.0.87.a( 1331): [LOWI-ROME-RTT] event_handler: Valid data with length 1576
12-23 03:49:48.283 D/LOWI-9.0.0.87.a( 1331): [LOWI-HELIUM-RTT] RomeNLRecvMessage: The Received RomeMsgType: ROME_CHANNEL_INFO_MSG
12-23 03:49:48.283 D/LOWI-9.0.0.87.a( 1331): [LOWIRangingFSM] FSM: Received Event EVENT_CHANNEL_INFO, Current state: STATE_WAITING_FOR_WIPHY_INFO
12-23 03:49:48.283 I/LOWI-9.0.0.87.a( 1331): [LOWI-ROME-RTT] ExtractNLChannelInfo: NumChan = 26
12-23 03:49:48.283 I/WifiHAL ( 850): send_nl_data: sent cld80211 msg of len: 64 to driver
12-23 03:49:48.283 D/LOWI-9.0.0.87.a( 1331): [LOWI-ROME-RTT] send_oem_nl_msg: sent cld80211 message with subcmd: 5
12-23 03:49:48.283 D/LOWI-9.0.0.87.a( 1331): [LOWIRangingFSM] FSM: New FSM state: STATE_WAITING_FOR_RANGING_CAP
12-23 03:49:48.283 D/LOWI-9.0.0.87.a( 1331): [LOWI-ROME-RTT] RomeWaitOnActivityOnSocketOrPipe: issue timed select: TO: 5
12-23 03:49:48.283 D/LOWI-9.0.0.87.a( 1331): [LOWI-Scan] Creating the pipe
12-23 03:49:48.283 D/LOWI-9.0.0.87.a( 1331): [LOWIScanResultReceiver] Enter passive listening mode
12-23 03:49:48.283 D/LOWI-9.0.0.87.a( 1331): [LOWIWifiDriverInterface] getMeasurements - Passive listening mode
12-23 03:49:48.283 D/LOWI-9.0.0.87.a( 1331): [LOWI-Scan] WipsScanUsingNL:wait -1 sec for netlink message
12-23 03:49:48.284 I/hwservicemanager( 500): getTransport: Cannot find entry android.hardware.wifi.supplicant@1.4::ISupplicant/default in either framework or device VINTF manifest.
01-01 10:37:26.207 I/[wifi@1][0x29b6ddd603][03:49:48.282288] wlan( 0): [14376:I:wifipos] wifi_pos_get_ch_info: 461: num channels: 26
12-23 03:49:48.284 I/hwservicemanager( 500): getTransport: Cannot find entry android.hardware.wifi.supplicant@1.4::ISupplicant/default in either framework or device VINTF manifest.
01-01 10:37:26.207 I/[wifi@1][0x29b6ddf28a][03:49:48.282668] wlan( 0): [14376:I:wifipos] wifi_pos_get_ch_info: 461: num channels: 26
12-23 03:49:48.286 I/System.out( 1507): stanetwork getId >>0
12-23 03:49:48.286 E/SupplicantStaNetworkHal( 1507): set ISupplicantVendorStaNetwork successfull
12-23 03:49:48.287 D/SupplicantStaNetworkHal( 1507): The target security params: Security Parameters:
12-23 03:49:48.287 D/SupplicantStaNetworkHal( 1507): Type: 2
12-23 03:49:48.287 D/SupplicantStaNetworkHal( 1507): Enabled: true
12-23 03:49:48.287 D/SupplicantStaNetworkHal( 1507): KeyMgmt: WPA_PSK
12-23 03:49:48.287 D/SupplicantStaNetworkHal( 1507): Protocols: WPA RSN
12-23 03:49:48.287 D/SupplicantStaNetworkHal( 1507): AuthAlgorithms:
12-23 03:49:48.287 D/SupplicantStaNetworkHal( 1507): PairwiseCiphers: TKIP CCMP
12-23 03:49:48.287 D/SupplicantStaNetworkHal( 1507): GroupCiphers: WEP40 WEP104 TKIP CCMP
12-23 03:49:48.287 D/SupplicantStaNetworkHal( 1507): GroupMgmtCiphers:
12-23 03:49:48.287 D/SupplicantStaNetworkHal( 1507): SuiteBCiphers:
12-23 03:49:48.287 D/SupplicantStaNetworkHal( 1507): RequirePmf: false
12-23 03:49:48.287 D/SupplicantStaNetworkHal( 1507): IsAddedByAutoUpgrade: false
12-23 03:49:48.287 D/SupplicantStaNetworkHal( 1507): IsSaeH2eOnlyMode: false
12-23 03:49:48.287 D/SupplicantStaNetworkHal( 1507): IsSaePkOnlyMode: false
12-23 03:49:48.298 I/wpa_supplicant(14380): wlan0: Trying to associate with SSID 'H3C_350304_5G'
12-23 03:49:48.302 D/WifiCountryCode( 1507): evaluateAllCmmStateAndApplyIfAllReady: {ConcreteClientModeManager{id=8908643 iface=wlan0 role=ROLE_CLIENT_PRIMARY}=false}
12-23 03:49:48.302 D/WifiClientModeImpl[wlan0]( 1507): Start Connecting Watchdog 2
12-23 03:49:48.302 E/WifiScanRequestProxy( 1507): Scan failure received. reason: -1,description: Scan failed
01-01 10:37:26.226 I/[wpa_su][0x29b6e36211][03:49:48.301222] wlan( 0): [14380:I:SME] vdev-0: Connecting to H3C_350304_5G 38:a9:1c:35:03:09 rssi: -37 freq: 5180 akm 9 cipher: uc 6 mc 5, CC: CN
01-01 10:37:26.226 E/[wpa_su][0x29b6e36a28][03:49:48.301330] wlan( 0): [14380:E:QDF] Cannot malloc 0 bytes @ csr_get_cfg_max_tx_power:14199
01-01 10:37:26.227 I/[schedu][0x29b6e3bc44][03:49:48.302425] wlan( 0): [14370:I:WMI] send_vdev_start_cmd_tlv: 1062: send_vdev_start_cmd_tlv: vdev_id 0 freq 5180 chanmode 10 ch_info: 0xa is_dfs 0 beacon interval 100 dtim 0 center_chan 5210 center_freq2 0 reg_info_1: 0x170000 reg_info_2: 0x1700, req->max_txpow: 0x17 Tx SS 1, Rx SS 1, ldpc_rx: 0, cac 0, regd 4, HE ops: 0req->dis_hw_ack: 0
12-23 03:49:48.305 D/OsAgent ( 3135): [wifi_supplicant_status_update][3202] [HC] =>> [HS]
12-23 03:49:48.305 V/LocSvc_HIDL_IzatSubscription( 822): [wifiSupplicantStatusUpdate][682] [HS] <<<<= [HC]
12-23 03:49:48.306 D/MicroSettings: SettingMicroservices( 2572): WifiReceiver:
12-23 03:49:48.306 D/BluetoothAdapterService( 2342): android.net.wifi.STATE_CHANGE
12-23 03:49:48.306 D/MicroSettings: SettingMicroservices( 2572): doNetworkSync: mIDCMNetworkState: -1 mIsFSEMNetworkWiFi: false
12-23 03:49:48.306 D/MicroSettings: SettingMicroservices( 2572): Change Network Preference to TYPE_ETHERNET.
12-23 03:49:48.312 D/OsAgent ( 3135): [wifi_supplicant_status_update][3202] [HC] =>> [HS]
12-23 03:49:48.313 V/LocSvc_HIDL_IzatSubscription( 822): [wifiSupplicantStatusUpdate][682] [HS] <<<<= [HC]
12-23 03:49:48.313 D/OsAgent ( 3135): [wifi_supplicant_status_update][3202] [HC] =>> [HS]
12-23 03:49:48.313 V/LocSvc_HIDL_IzatSubscription( 822): [wifiSupplicantStatusUpdate][682] [HS] <<<<= [HC]
12-23 03:49:48.314 W/BluetoothAdapterService( 2342): fetchWifiState - isWifiConnected =false
12-23 03:49:48.314 D/BluetoothVendorService( 2342): setWifiState to: false
12-23 03:49:48.314 I/BluetoothVendorJni( 2342): setWifiStateNative
12-23 03:49:48.314 I/bt_btif_vendor( 2342): setWifiState :0
01-01 10:37:26.240 D/ ( 0): mv2112_read_status
01-01 10:37:26.243 D/mv2112_update_link( 0): 3.0x901(1G): 0x80
01-01 10:37:26.243 D/mv2112_update_link( 0): 3.0x8109(100M): 0x8
01-01 10:37:26.243 D/mv2112_update_link( 0): link 0x0
01-01 10:37:26.243 D/mv2112_read_status( 0): autoneg is disabled
12-23 03:49:48.424 W/System ( 1507): A resource failed to call close.
12-23 03:49:48.445 I/WifiHAL ( 850): send oem msg of len : 112 to apps
12-23 03:49:48.445 D/LOWI-9.0.0.87.a( 1331): [LOWI-ROME-RTT] RomeWaitOnActivityOnSocketOrPipe: timed select over: TO: 5 retVal: 1
12-23 03:49:48.445 D/LOWI-9.0.0.87.a( 1331): [LOWI-ROME-RTT] event_handler: Valid data with length 80
12-23 03:49:48.445 D/LOWI-9.0.0.87.a( 1331): [LOWI-HELIUM-RTT] storeNLFragment: new fragment group, tokenid(2), adding 72 chars @position 0
12-23 03:49:48.445 D/LOWI-9.0.0.87.a( 1331): [LOWI-HELIUM-RTT] RomeNLRecvMessage: The Received OEMSubType: RTT_MSG_SUBTYPE_CAPABILITY_RSP
12-23 03:49:48.445 D/LOWI-9.0.0.87.a( 1331): [LOWI-HELIUM-RTT] RomeNLRecvMessage: The Received RomeMsgType: ROME_RANGING_CAP_MSG
12-23 03:49:48.445 D/LOWI-9.0.0.87.a( 1331): [LOWIRangingFSM] FSM: Received Event EVENT_RANGING_CAP_INFO, Current state: STATE_WAITING_FOR_RANGING_CAP
12-23 03:49:48.445 D/LOWI-9.0.0.87.a( 1331): [LOWIWifiTlvHandler] processRspHeadTlv: reqId(1) measDone(1) rttStatus(RTT_STATUS_SUCCESS) subtype(RTT_MSG_SUBTYPE_CAPABILITY_RSP) isFrag(0) fragIdx(0) fragLen(0) tknId(0)
12-23 03:49:48.445 D/LOWI-9.0.0.87.a( 1331): [LOWIWifiTlvHandler] checkTlvTag: Processing idx(0) received TLV: wmi_rtt_oem_rsp_head
12-23 03:49:48.445 D/LOWI-9.0.0.87.a( 1331): [LOWIWifiTlvHandler] processIfPeerEvtHdrTag: Invalid Tag(33), not added to vector mPeerIdx(0)
12-23 03:49:48.445 D/LOWI-9.0.0.87.a( 1331): [LOWIWifiTlvHandler] processIfPerFrmInfoTag: Invalid Tag(33) measurement not added for peer(0)
12-23 03:49:48.445 D/LOWI-9.0.0.87.a( 1331): [LOWIWifiTlvHandler] checkTlvTag: Processing idx(1) received TLV: wmi_rtt_oem_cap_rsp_head
12-23 03:49:48.445 D/LOWI-9.0.0.87.a( 1331): [LOWIWifiTlvHandler] processIfPeerEvtHdrTag: Invalid Tag(35), not added to vector mPeerIdx(0)
12-23 03:49:48.445 D/LOWI-9.0.0.87.a( 1331): [LOWIWifiTlvHandler] processIfPerFrmInfoTag: Invalid Tag(35) measurement not added for peer(0)
12-23 03:49:48.445 D/LOWI-9.0.0.87.a( 1331): [LOWIWifiTlvHandler] checkTlvTag: Processing idx(2) received TLV: wmi_rtt_oem_cap_rsp_event
12-23 03:49:48.445 D/LOWI-9.0.0.87.a( 1331): [LOWIWifiTlvHandler] processIfPeerEvtHdrTag: Invalid Tag(36), not added to vector mPeerIdx(0)
12-23 03:49:48.445 D/LOWI-9.0.0.87.a( 1331): [LOWIWifiTlvHandler] processIfPerFrmInfoTag: Invalid Tag(36) measurement not added for peer(0)
12-23 03:49:48.445 D/LOWI-9.0.0.87.a( 1331): [LOWIWifiTlvHandler] printBssidInfo: No peer info from processing TLVs
12-23 03:49:48.445 D/LOWI-9.0.0.87.a( 1331): [LOWI-HELIUM-RTT] parseRttCapabilitiesMsg: Skipping wmi_rtt_oem_rsp_head
12-23 03:49:48.445 D/LOWI-9.0.0.87.a( 1331): [LOWI-HELIUM-RTT] parseRttCapabilitiesMsg: parsing wmi_rtt_oem_cap_rsp_head TLVversion(0x3) major(0x0) minor(0x10001) serviceBitMask[0](0x0) serviceBitMask[1](0x0) serviceBitMask[2](0x0) serviceBitMask[3](0x0)
12-23 03:49:48.445 D/LOWI-9.0.0.87.a( 1331): [LOWI-HELIUM-RTT] parseRttCapabilitiesMsg: parsing wmi_rtt_oem_cap_rsp_event TLVrangingTypeMask(5) supportedFramesMask(11) maxDestPerReq(10) maxMeasPerDest(31) maxChannelsAllowed(1) maxBwAllowed(2) preambleSupportedMask(7) reportTypeSupportedMask(15) maxRfChains(3) facTypeMask(2) numPhys(1) fwMultiBurstSupport(1)
12-23 03:49:48.445 D/LOWI-9.0.0.87.a( 1331): [LOWIRangingFSM] FSM: New FSM state: STATE_READY_AND_IDLE
12-23 03:49:48.445 D/LOWI-9.0.0.87.a( 1331): [LOWI-ROME-RTT] RomeWaitOnActivityOnSocketOrPipe: issue blocking select
01-01 10:37:26.383 I/[soft_i][0x29b7114a1e][03:49:48.457916] wlan( 0): [0:I:TXRX] HTT_T2H_MSG_TYPE_PEER_MAP msg for peer id 11 vdev id 0 n
01-01 10:37:26.383 E/[soft_i][0x29b7114c93][03:49:48.457949] wlan( 0): [0:E:DP] dp_peer_find_add_id: peer 0000000000000000 ID 11 vid 0 mac 38:a9:1c:35:03:09
01-01 10:37:26.383 I/[soft_i][0x29b7114db8][03:49:48.457964] wlan( 0): [0:I:DP] dp_peer_find_add_id: ref_cnt: 2
01-01 10:37:26.383 E/[soft_i][0x29b7114e90][03:49:48.457975] wlan( 0): [0:E:DP] dp_peer_map_ast: peer 0000000000000000 ID 62 vid 0 mac 38:a9:1c:35:03:09
01-01 10:37:26.448 I/[schedu][0x29b72476d2][03:49:48.523366] wlan( 0): [14370:I:PE] Auth TX: seq 1 seq num 2058 status 0 WEP 0 to 38:a9:1c:35:03:09
01-01 10:37:26.450 I/[schedu][0x29b724f63e][03:49:48.525065] wlan( 0): [14370:I:PE] Auth TX: success
01-01 10:37:26.451 I/[schedu][0x29b7256fa5][03:49:48.526683] wlan( 0): [14370:I:PE] Auth RX: vdev 0 sys role 3 lim_state 5 from 38:a9:1c:35:03:09 rssi -34 auth_alg 0 seq 2173
01-01 10:37:26.452 I/[schedu][0x29b72580b7][03:49:48.526911] wlan( 0): [14370:I:PE] Assoc req TX: vdev 0 to 38:a9:1c:35:03:09 seq num 2059
01-01 10:37:26.453 I/[schedu][0x29b725f82c][03:49:48.528504] wlan( 0): [14370:I:PE] Assoc req TX: success
01-01 10:37:26.460 I/[schedu][0x29b727ef28][03:49:48.535210] wlan( 0): [14370:I:PE] Assoc rsp RX: subtype 0 vdev 0 sys role 3 lim state 10 rssi -38 from 38:a9:1c:35:03:09
01-01 10:37:26.466 I/[soft_i][0x29b729cf07][03:49:48.541608] wlan( 0): [0:I:DP] dp_addba_requestprocess_wifi3 restore BA win 64 based on addba req
01-01 10:37:26.467 E/[schedu][0x29b729ee78][03:49:48.542028] wlan( 0): [14370:E:QDF] Cannot malloc 0 bytes @ csr_get_cfg_max_tx_power:14199
01-01 10:37:26.467 E/[schedu][0x29b729eff2][03:49:48.542047] wlan( 0): [14370:E:QDF] Cannot malloc 0 bytes @ csr_get_cfg_max_tx_power:14199
01-01 10:37:26.468 E/[soft_i][0x29b72a3b9a][03:49:48.543056] wlan( 0): [0:E:DP] dp_tx_initialize_threshold: tx flow control threshold is set, pool size is 4096
01-01 10:37:26.468 I/[schedu][0x29b72a436b][03:49:48.543160] wlan( 0): [14370:I:HDD] wlan0(vdevid-0): 9e:7d:0d:42:30:df connected to 38:a9:1c:35:03:09
12-23 03:49:48.550 I/EthernetTracker( 1507): interfaceLinkStateChanged, iface: wlan0, up: false
12-23 03:49:48.550 I/EthernetTracker( 1507): interfaceLinkStateChanged, iface: wlan0, up: false
12-23 03:49:48.550 I/EthernetTracker( 1507): interfaceLinkStateChanged, iface: wlan0, up: true
12-23 03:49:48.550 D/LOWI-9.0.0.87.a( 1331): [LOWINetlinkSocketReceiver] unpackRTMLinkMessage: RTM_NEWLINK - ifname wlan0, flags 0x1003 ([UP])
12-23 03:49:48.551 D/LOWI-9.0.0.87.a( 1331): [LOWINetlinkSocketReceiver] processNetlinkPacket: ifname(wlan0) status(1)
12-23 03:49:48.551 D/LOWI-9.0.0.87.a( 1331): [LOWIController] intfStateReceived: ifname(wlan0) state(1)
12-23 03:49:48.551 D/LOWI-9.0.0.87.a( 1331): [LOWINetlinkSocketReceiver] unpackRTMLinkMessage: RTM_NEWLINK - ifname wlan0, flags 0x1003 ([UP])
12-23 03:49:48.551 D/LOWI-9.0.0.87.a( 1331): [LOWINetlinkSocketReceiver] processNetlinkPacket: ifname(wlan0) status(1)
12-23 03:49:48.551 D/LOWI-9.0.0.87.a( 1331): [LOWIController] intfStateReceived: ifname(wlan0) state(1)
12-23 03:49:48.551 D/LOWI-9.0.0.87.a( 1331): [LOWINetlinkSocketReceiver] unpackRTMLinkMessage: RTM_NEWLINK - ifname wlan0, flags 0x11003 ([UP])
12-23 03:49:48.551 D/LOWI-9.0.0.87.a( 1331): [LOWINetlinkSocketReceiver] processNetlinkPacket: ifname(wlan0) status(1)
12-23 03:49:48.551 D/LOWI-9.0.0.87.a( 1331): [LOWIController] intfStateReceived: ifname(wlan0) state(1)
12-23 03:49:48.552 I/WifiHAL ( 850): send oem msg of len : 140 to apps
12-23 03:49:48.552 D/LOWI-9.0.0.87.a( 1331): [LOWI-ROME-RTT] event_handler: Valid data with length 108
12-23 03:49:48.552 D/LOWI-9.0.0.87.a( 1331): [LOWI-HELIUM-RTT] RomeNLRecvMessage: The Received RomeMsgType: ROME_P2P_PEER_EVENT_MSG
12-23 03:49:48.552 D/LOWI-9.0.0.87.a( 1331): [LOWIRangingFSM] FSM: Received Event EVENT_P2P_STATUS_UPDATE, Current state: STATE_READY_AND_IDLE
12-23 03:49:48.552 D/LOWI-9.0.0.87.a( 1331): [LOWI-ROME-RTT] RomeExtractP2PInfo - P2P EVENT Received!
12-23 03:49:48.552 D/LOWI-9.0.0.87.a( 1331): [LOWI-ROME-RTT] ExtractNLP2PInfo: Entered
12-23 03:49:48.552 D/LOWI-9.0.0.87.a( 1331): [LOWI-P2P-RTT] p2pStoreStatusInfo: Peer status = PEER_STATUS_CONNECTED Mac:38:a9:1c:35:03:09
12-23 03:49:48.552 D/LOWI-9.0.0.87.a( 1331): [LOWIRangingFSM] FSM: New FSM state: STATE_READY_AND_IDLE
12-23 03:49:48.552 D/LOWI-9.0.0.87.a( 1331): [LOWI-ROME-RTT] RomeWaitOnActivityOnSocketOrPipe: issue blocking select
12-23 03:49:48.552 D/LOWI-9.0.0.87.a( 1331): [LOWIEventReceiver] handleEvent:FROM:NA, TO:NA, REQ:NA, IREQ:NA, REQ_ID:0, RESP:NA, INFO:INTF-STATUS-UPDATE
12-23 03:49:48.552 D/LOWI-9.0.0.87.a( 1331): [LOWIEventReceiver] Info to [INTF-STATUS-UPDATE]
12-23 03:49:48.552 D/LOWI-9.0.0.87.a( 1331): [LOWIController] updateIntfState: WIFI enabled 1 mNlWifiStatus 1 mWifiStateEnabled 1
12-23 03:49:48.552 D/LOWI-9.0.0.87.a( 1331): [LOWIController] isWifiEnabled: mNlWifiStatus 1 mWifiStateEnabled 1
12-23 03:49:48.552 D/LOWI-9.0.0.87.a( 1331): [LOWIEventReceiver] handleEvent:FROM:NA, TO:NA, REQ:NA, IREQ:NA, REQ_ID:0, RESP:NA, INFO:INTF-STATUS-UPDATE
12-23 03:49:48.552 D/LOWI-9.0.0.87.a( 1331): [LOWIEventReceiver] Info to [INTF-STATUS-UPDATE]
12-23 03:49:48.552 D/LOWI-9.0.0.87.a( 1331): [LOWIController] updateIntfState: WIFI enabled 1 mNlWifiStatus 1 mWifiStateEnabled 1
12-23 03:49:48.552 D/LOWI-9.0.0.87.a( 1331): [LOWIController] isWifiEnabled: mNlWifiStatus 1 mWifiStateEnabled 1
12-23 03:49:48.552 D/LOWI-9.0.0.87.a( 1331): [LOWIEventReceiver] handleEvent:FROM:NA, TO:NA, REQ:NA, IREQ:NA, REQ_ID:0, RESP:NA, INFO:INTF-STATUS-UPDATE
12-23 03:49:48.552 D/LOWI-9.0.0.87.a( 1331): [LOWIEventReceiver] Info to [INTF-STATUS-UPDATE]
12-23 03:49:48.552 D/LOWI-9.0.0.87.a( 1331): [LOWIController] updateIntfState: WIFI enabled 1 mNlWifiStatus 1 mWifiStateEnabled 1
12-23 03:49:48.552 D/LOWI-9.0.0.87.a( 1331): [LOWIController] isWifiEnabled: mNlWifiStatus 1 mWifiStateEnabled 1
01-01 10:37:26.475 I/[dp_rx_][0x29b72c41ed][03:49:48.549967] wlan( 0): [14372:I:QDF] EAPOL-1 RX: SA:38:a9:1c:35:03:09 DA:9e:7d:0d:42:30:df
12-23 03:49:48.559 I/wpa_supplicant(14380): wlan0: Associated with 38:a9:1c:35:03:09
12-23 03:49:48.560 I/wpa_supplicant(14380): wlan0: WPA: RX message 1 of 4-Way Handshake from 38:a9:1c:35:03:09 (ver=2)
12-23 03:49:48.560 D/OsAgent ( 3135): [wifi_supplicant_status_update][3202] [HC] =>> [HS]
12-23 03:49:48.560 I/hwservicemanager( 500): getTransport: Cannot find entry android.hardware.wifi.supplicant@1.4::ISupplicant/default in either framework or device VINTF manifest.
12-23 03:49:48.560 I/wpa_supplicant(14380): wlan0: WPA: Sending EAPOL-Key 2/4
12-23 03:49:48.561 I/wpa_supplicant(14380): wlan0: CTRL-EVENT-SUBNET-STATUS-UPDATE status=0
12-23 03:49:48.561 V/LocSvc_HIDL_IzatSubscription( 822): [wifiSupplicantStatusUpdate][682] [HS] <<<<= [HC]
12-23 03:49:48.566 D/OsAgent ( 3135): [wifi_supplicant_status_update][3202] [HC] =>> [HS]
12-23 03:49:48.566 V/LocSvc_HIDL_IzatSubscription( 822): [wifiSupplicantStatusUpdate][682] [HS] <<<<= [HC]
12-23 03:49:48.567 D/BluetoothAdapterService( 2342): android.net.wifi.STATE_CHANGE
12-23 03:49:48.568 D/MicroSettings: SettingMicroservices( 2572): WifiReceiver:
12-23 03:49:48.569 D/MicroSettings: SettingMicroservices( 2572): doNetworkSync: mIDCMNetworkState: -1 mIsFSEMNetworkWiFi: false
12-23 03:49:48.569 D/MicroSettings: SettingMicroservices( 2572): Change Network Preference to TYPE_ETHERNET.
12-23 03:49:48.570 W/BluetoothAdapterService( 2342): fetchWifiState - isWifiConnected =false
12-23 03:49:48.570 D/BluetoothVendorService( 2342): setWifiState to: false
12-23 03:49:48.570 I/BluetoothVendorJni( 2342): setWifiStateNative
12-23 03:49:48.570 I/bt_btif_vendor( 2342): setWifiState :0
01-01 10:37:26.495 I/[soft_i][0x29b7321a38][03:49:48.569918] wlan( 0): [0:I:QDF] EAPOL-2 TX: SA:9e:7d:0d:42:30:df DA:38:a9:1c:35:03:09 msdu_id:0 status: succ
12-23 03:49:48.576 I/wpa_supplicant(14380): wlan0: WPA: RX message 3 of 4-Way Handshake from 38:a9:1c:35:03:09 (ver=2)
12-23 03:49:48.576 I/wpa_supplicant(14380): wlan0: WPA: Sending EAPOL-Key 4/4
01-01 10:37:26.501 I/[dp_rx_][0x29b733d4af][03:49:48.575817] wlan( 0): [14372:I:QDF] EAPOL-3 RX: SA:38:a9:1c:35:03:09 DA:9e:7d:0d:42:30:df
01-01 10:37:26.503 I/[soft_i][0x29b73489da][03:49:48.578233] wlan( 0): [0:I:QDF] EAPOL-4 TX: SA:9e:7d:0d:42:30:df DA:38:a9:1c:35:03:09 msdu_id:0 status: succ
12-23 03:49:48.595 D/LOWI-9.0.0.87.a( 1331): [LOWI-Scan] wait_event:Wait done with Cmd 103
12-23 03:49:48.595 D/LOWI-9.0.0.87.a( 1331): [LOWI-Scan] do_listen_events: Rcvd valid Netlink Cmd 0 Err 0
12-23 03:49:48.595 I/WifiHAL ( 850): event received NL80211_CMD_VENDOR, vendor_id = 0x1374, subcmd = 0xa5
12-23 03:49:48.597 I/cnss-daemon( 1236): nl80211 response handler invoked
12-23 03:49:48.597 I/cnss-daemon( 1236): nl80211_response_handler: cmd 103, vendorID 4980, subcmd 165 received
01-01 10:37:26.523 E/[schedu][0x29b73a6067][03:49:48.598160] wlan( 0): [14370:E:QDF] Cannot malloc 0 bytes @ csr_get_cfg_max_tx_power:14199
12-23 03:49:48.600 D/OsAgent ( 3135): [wifi_supplicant_status_update][3202] [HC] =>> [HS]
12-23 03:49:48.601 V/LocSvc_HIDL_IzatSubscription( 822): [wifiSupplicantStatusUpdate][682] [HS] <<<<= [HC]
12-23 03:49:48.609 I/wpa_supplicant(14380): wlan0: WPA: Key negotiation completed with 38:a9:1c:35:03:09 [PTK=CCMP GTK=TKIP]
12-23 03:49:48.609 I/wpa_supplicant(14380): wlan0: CTRL-EVENT-CONNECTED - Connection to 38:a9:1c:35:03:09 completed [id=0 id_str=%7B%22configKey%22%3A%22%5C%22H3C_350304_5G%5C%22WPA_PSK%22%2C%22creatorUid%22%3A%221000%22%7D]
01-01 10:37:26.534 I/[schedu][0x29b73d7fbe][03:49:48.608818] wlan( 0): [14370:I:WMI] LFR3:OKC enabled
12-23 03:49:48.611 D/LOWI-9.0.0.87.a( 1331): [LOWINetlinkSocketReceiver] unpackRTMLinkMessage: RTM_NEWLINK - ifname wlan0, flags 0x11043 ([UP][RUNNING])
12-23 03:49:48.612 D/LOWI-9.0.0.87.a( 1331): [LOWINetlinkSocketReceiver] processNetlinkPacket: ifname(wlan0) status(2)
12-23 03:49:48.612 D/LOWI-9.0.0.87.a( 1331): [LOWIController] intfStateReceived: ifname(wlan0) state(2)
12-23 03:49:48.612 D/LOWI-9.0.0.87.a( 1331): [LOWIEventReceiver] handleEvent:FROM:NA, TO:NA, REQ:NA, IREQ:NA, REQ_ID:0, RESP:NA, INFO:INTF-STATUS-UPDATE
12-23 03:49:48.612 D/LOWI-9.0.0.87.a( 1331): [LOWIEventReceiver] Info to [INTF-STATUS-UPDATE]
12-23 03:49:48.612 D/LOWI-9.0.0.87.a( 1331): [LOWIController] updateIntfState: WIFI enabled 2 mNlWifiStatus 1 mWifiStateEnabled 1
12-23 03:49:48.612 D/LOWI-9.0.0.87.a( 1331): [LOWIController] isWifiEnabled: mNlWifiStatus 2 mWifiStateEnabled 1
12-23 03:49:48.612 D/LOWI-9.0.0.87.a( 1331): [LOWIController] notifyWlanInterfaceStatusChange: Send Interface state request LOWIController_2
12-23 03:49:48.612 D/LOWI-9.0.0.87.a( 1331): [LOWIController] isWifiEnabled: mNlWifiStatus 2 mWifiStateEnabled 1
12-23 03:49:48.612 D/LOWI-9.0.0.87.a( 1331): [LOWIController] requestMeasurements: Internal Message 2 sent to driver
12-23 03:49:48.612 D/LOWI-9.0.0.87.a( 1331): [LOWIController] issueRequest: LOWIController_2 sent to driver request - SUCCESS
12-23 03:49:48.612 D/LOWI-9.0.0.87.a( 1331): [LOWI-Scan] wips_wait_on_nl_socket: read returned 6, Received string: Close
12-23 03:49:48.612 D/LOWI-9.0.0.87.a( 1331): [LOWI-Scan] do_listen_events: Select Error return - -301
12-23 03:49:48.612 D/LOWI-9.0.0.87.a( 1331): [LOWI-Scan] No dump done. Error -301
12-23 03:49:48.612 D/LOWI-9.0.0.87.a( 1331): [LOWI-Scan] WipsScanUsingNL: passive scan cached 0, took 329 ms, err -301
12-23 03:49:48.612 D/LOWI-9.0.0.87.a( 1331): [LOWI-Scan] lowi_proc_req_passive_scan_with_live_meas - No WLAN Frames to be parsed
12-23 03:49:48.612 D/LOWI-9.0.0.87.a( 1331): [LOWIWifiDriverInterface] Scan terminated for passive listening request
12-23 03:49:48.612 D/LOWI-9.0.0.87.a( 1331): [LOWIScanResultReceiver] run:Execute new request LOWIController_2
01-01 10:37:26.534 I/[schedu][0x29b73d80ea][03:49:48.608833] wlan( 0): [14370:I:WMI] LFR3:PMKSA caching enabled
12-23 03:49:48.618 I/EthernetTracker( 1507): interfaceLinkStateChanged, iface: wlan0, up: true
12-23 03:49:48.635 I/LOWI-9.0.0.87.a( 1331): [LOWI-Scan] get_intf_mode: WLAN interface type 2, err 0
12-23 03:49:48.636 E/WifiHAL ( 850): register_monitor_sock :Action frame already registered for this client
12-23 03:49:48.636 D/LOWI-9.0.0.87.a( 1331): [LOWIScanResultReceiver] Send scan meas to listener
12-23 03:49:48.637 D/LOWI-9.0.0.87.a( 1331): [LOWIScanResultReceiver] Enter passive listening mode
12-23 03:49:48.637 D/LOWI-9.0.0.87.a( 1331): [LOWIWifiDriverInterface] getMeasurements - Passive listening mode
12-23 03:49:48.637 D/LOWI-9.0.0.87.a( 1331): [LOWI-Scan] WipsScanUsingNL:wait -1 sec for netlink message
12-23 03:49:48.637 D/LOWI-9.0.0.87.a( 1331): [LOWIEventReceiver] handleEvent:FROM:NA, TO:NA, REQ:NA, IREQ:NA, REQ_ID:0, RESP:NA, INFO:NA
12-23 03:49:48.637 D/LOWI-9.0.0.87.a( 1331): [LOWIBackgroundScanMgr] isRspForBgScanMgr: req(LOWI_INTERNAL_MESSAGE) -- not handled
12-23 03:49:48.637 D/LOWI-9.0.0.87.a( 1331): [LOWIController] Measurements received
12-23 03:49:48.640 D/MicroSettings: SettingMicroservices( 2572): WifiReceiver:
12-23 03:49:48.641 D/MicroSettings: SettingMicroservices( 2572): doNetworkSync: mIDCMNetworkState: -1 mIsFSEMNetworkWiFi: false
12-23 03:49:48.641 D/MicroSettings: SettingMicroservices( 2572): Change Network Preference to TYPE_ETHERNET.
12-23 03:49:48.641 D/BluetoothAdapterService( 2342): android.net.wifi.STATE_CHANGE
12-23 03:49:48.643 D/ConnectivityService( 1507): registerNetworkAgent NetworkAgentInfo{network{101} handle{437197393933} ni{WIFI CONNECTING extra: } Score(60 ; KeepConnected : 0 ; Policies : IS_UNMETERED&EVER_USER_SELECTED) explicitlySelected lp{{InterfaceName: wlan0 LinkAddresses: [ ] DnsAddresses: [ ] Domains: null MTU: 0 Routes: [ ]}} nc{[ Transports: WIFI Capabilities: NOT_METERED&INTERNET&NOT_RESTRICTED&TRUSTED&NOT_VPN&NOT_ROAMING&FOREGROUND&NOT_CONGESTED&NOT_SUSPENDED&NOT_VCN_MANAGED LinkUpBandwidth>=433000Kbps LinkDnBandwidth>=433000Kbps Specifier: TransportInfo: OwnerUid: 1000 AdminUids: [1000] SSID: "H3C_350304_5G"]}}
12-23 03:49:48.653 D/ConnectivityService( 1507): [101 WIFI] EVENT_NETWORK_INFO_CHANGED, going from CONNECTING to CONNECTING
12-23 03:49:48.654 D/MicroSettings: SettingMicroservices( 2572): WifiReceiver:
12-23 03:49:48.654 D/MicroSettings: SettingMicroservices( 2572): doNetworkSync: mIDCMNetworkState: -1 mIsFSEMNetworkWiFi: false
12-23 03:49:48.654 D/MicroSettings: SettingMicroservices( 2572): Change Network Preference to TYPE_ETHERNET.
12-23 03:49:48.676 D/ConnectivityService( 1507): NetReassign [no changes]
