12-23 03:49:58.118 D/hpplay-base( 3313): [AEventUtils:171] create handle AEvent thread ok!!,tid is 15829
12-23 03:49:58.119 D/hpplay-base( 3313): [REventUtils:59] create handleREventThread thread ok!!,tid is 15830
12-23 03:49:58.119 D/hpplay-base( 3313): [jniBridge:1081] notifyJavaDlnalink:http://192.168.124.3:49152/description.xml
12-23 03:49:58.119 D/hpplay-base( 3313): [jniBridge:1726] notifyJava, what:207, castType:0, mimeType:0 baseStatus:2
12-23 03:49:58.119 D/hpplay-base( 3313): [jniBridge:1727] notifyJava sessionID:(null)
12-23 03:49:58.120 D/hpplay-base( 3313): [mDNSEmbeded:217] http_port bind check 217 http_port_check
12-23 03:49:58.120 I/hpplay-java( 3313): [Thread-95]:Bridge:notify: what: 207
12-23 03:49:58.120 D/hpplay-base( 3313): [mDNSEmbeded:222] http_port bind check 222 http_port_check
12-23 03:49:58.121 I/hpplay-java( 3313): [Thread-95]:Bridge:notify: out: OutParameters:{audioSessionId=-1, audiotrackIndex=0, castHandleType=-1, castType=0, deviceName='http://192.168.124.3:49152/description.xml', dlnaName='', dramaID='', extra=0, frameHandleType=-1, handleInside=true, headduration=0, header='', headers=null, isAD=false, isMultiMirror=false, lelinkVer='', limitTime=0, , mediaAlbum='null', mediaAlbumArtURI='', mediaArtist='null', mediaAssets='', mediaTitle='null', mimeType=0, multiSession=null, period=0, pinCode='', playSpeed=0.0, playerChoice=0, plugin=0, port=0, position=0.0, positionUnit=2, protocol=0, realSessionID='', regType='', , sinkIp='', sourceAPPVersion='', sourceChannel='', sourceClientInfo='', sourceDeviceInfo='', sourceDeviceModel='', sourceDeviceName='', sourceDeviceType=0, sourceHID='', , sourceInfo='', , , sourceOSVersion='', sourceSDKVersion='', sourceUid='', stopDetail=0, stopReason=0, tailduration=0, url='', urlID='', urls=null, userAgent='', videoDecoder=0, volume=0, what=207}com.hpplay.sdk.sink.protocol.OutParameters@9ae4def
12-23 03:49:58.121 I/hpplay-java( 3313): [Thread-95]:Bridge:notify: address:13644028
12-23 03:49:58.121 D/hpplay-base( 3313): [mDNSEmbeded:234] http_port bind check 234 http_port_check port:52266
12-23 03:49:58.121 D/hpplay-base( 3313): [mDNSEmbeded:237] http_port bind check 237 http_port_check
12-23 03:49:58.122 D/hpplay-base( 3313): [lelinkSinkServer:93] new client connection from 127.0.0.1 26263, fd=141
12-23 03:49:58.122 D/hpplay-base( 3313): [SinkContext:137] addSinkContextSession,begin to run!!
12-23 03:49:58.122 D/hpplay-base( 3313): [SinkContext:142] addSinkContextSession,begin to get lock!!
12-23 03:49:58.122 D/hpplay-base( 3313): [SinkContext:144] addSinkContextSession,get lock ok!!
12-23 03:49:58.122 D/hpplay-base( 3313): [SinkContext:149] addSinkContextSession,session list is null,begin to malloc!!
12-23 03:49:58.122 D/hpplay-base( 3313): [SinkContext:156] addSinkContextSession,begin to update!!
12-23 03:49:58.122 D/hpplay-base( 3313): [SinkContext:160] addSinkContextSession,begin to update header!!
12-23 03:49:58.122 D/hpplay-base( 3313): [SinkContext:172] addSinkContextSession,begin to unlock!!
12-23 03:49:58.122 D/hpplay-base( 3313): [SinkContext:174] addSinkContextSession,unlock ok!!
12-23 03:49:58.122 D/hpplay-base( 3313): [LelinkReceiver:4908] get ping !!!
12-23 03:49:58.122 D/hpplay-base( 3313): [mDNSEmbeded:240] http_port bind check 240 http_port_check recieved:64
12-23 03:49:58.122 D/hpplay-base( 3313): [mDNSEmbeded:243] http_port bind check 243 http_port_check
12-23 03:49:58.122 D/hpplay-base( 3313): [mDNSEmbeded:244] http_port bind check ok!
12-23 03:49:58.150 D/RecordingService( 2359): onStartCommand com.android.systemui.screenrecord.STOP
12-23 03:49:58.150 D/RecordingService( 2359): notifying for user 0
12-23 03:49:58.156 W/MediaCodec( 1195): mapFormat: no mediaType information
12-23 03:49:58.156 W/MediaCodec( 1195): mapFormat: no mediaType information
12-23 03:49:58.156 D/MPEG4Writer( 1195): reset()
12-23 03:49:58.156 D/MPEG4Writer( 1195): Video track stopping. Stop source
12-23 03:49:58.156 D/MPEG4Writer( 1195): Video track source stopping
12-23 03:49:58.156 I/MediaCodecSource( 1195): encoder (video) stopping
12-23 03:49:58.158 I/keystore2( 563): keystore2::watchdog: Watchdog thread idle -> terminating. Have a great day.
12-23 03:49:58.167 I/auditd ( 0): type=1400 audit(0.0:1574): avc: denied { kill } for comm="swapper/3" capability=5 scontext=u:r:kernel:s0 tcontext=u:r:kernel:s0 tclass=capability permissive=0
12-23 03:49:58.167 W/swapper/3( 0): type=1400 audit(0.0:1574): avc: denied { kill } for capability=5 scontext=u:r:kernel:s0 tcontext=u:r:kernel:s0 tclass=capability permissive=0
12-23 03:49:58.185 I/hpplay-java( 3313): [AsyncTask #403]:IM_PublicCastClient:onAuthCallback
12-23 03:49:58.185 I/hpplay-java( 3313): [AsyncTask #403]:IM_PublicCastClient:authResult,code: 0
12-23 03:49:58.185 I/hpplay-java( 3313): [AsyncTask #403]:IM_AbstractBlockingClient:stopHeartBeat null
12-23 03:49:58.185 I/hpplay-java( 3313): [AsyncTask #403]:IM_AbstractBlockingClient:heartBeat after 50000
12-23 03:49:58.316 D/hpplay-base( 3313): [LelinkMDNS:766] devicePermissionPublic leboPermissionCheck:-2
12-23 03:49:58.316 D/hpplay-base( 3313): [jniBridge:1125] com_hpplay_sdk_sink_protocol_Bridge_WHAT_SERVER_ERROR
12-23 03:49:58.316 D/hpplay-base( 3313): [jniBridge:1726] notifyJava, what:204, castType:0, mimeType:0 baseStatus:2
12-23 03:49:58.316 D/hpplay-base( 3313): [jniBridge:1727] notifyJava sessionID:(null)
12-23 03:49:58.317 I/hpplay-java( 3313): [Thread-96]:Bridge:notify: what: 204
12-23 03:49:58.318 I/hpplay-java( 3313): [Thread-96]:Bridge:notify: out: OutParameters:{audioSessionId=-1, audiotrackIndex=0, castHandleType=-1, castType=0, deviceName='', dlnaName='', dramaID='', extra=-2002, frameHandleType=-1, handleInside=true, headduration=0, header='', headers=null, isAD=false, isMultiMirror=false, lelinkVer='', limitTime=0, , mediaAlbum='null', mediaAlbumArtURI='', mediaArtist='null', mediaAssets='', mediaTitle='null', mimeType=0, multiSession=null, period=0, pinCode='', playSpeed=0.0, playerChoice=0, plugin=0, port=0, position=0.0, positionUnit=2, protocol=0, realSessionID='', regType='', , sinkIp='', sourceAPPVersion='', sourceChannel='', sourceClientInfo='', sourceDeviceInfo='', sourceDeviceModel='', sourceDeviceName='', sourceDeviceType=0, sourceHID='', , sourceInfo='', , , sourceOSVersion='', sourceSDKVersion='', sourceUid='', stopDetail=0, stopReason=0, tailduration=0, url='', urlID='', urls=null, userAgent='', videoDecoder=0, volume=0, what=204}com.hpplay.sdk.sink.protocol.OutParameters@e2fc5da
12-23 03:49:58.318 I/hpplay-java( 3313): [Thread-96]:Bridge:notify: address:154917387
12-23 03:49:58.319 I/hpplay-base( 3313): [mDNSEmbeded:79] embedded_mDNSLoop stopmDNSNow:0 nPublish:-2 nExitFlag:6 tid is 15826
12-23 03:49:58.319 I/hpplay-java( 3313): [main]:Bridge:findServiceID start out: 154917387
12-23 03:49:58.319 I/hpplay-java( 3313): [main]:Bridge:findServiceID end
12-23 03:49:58.319 E/hpplay-java( 3313): [main]:ServerTaskManager:onError 204/-2002 com.hht.lebocast.LelinkHelper$e@6146e4b
12-23 03:49:58.319 I/hpplay-java( 3313): [main]:ServerTaskManager:cancelTimeOutCheck
12-23 03:49:58.320 W/hpplay-java( 3313): [main]:ServerTaskManager:onErrorDispatcher errorCode:-2002
12-23 03:49:58.321 I/hpplay-java( 3313): [main]:ServerTaskManager:onError retry later
12-23 03:49:58.324 I/hpplay-base( 3313): [LelinkReceiver:14605] _connectionFinalize (141)
12-23 03:49:58.324 D/hpplay-base( 3313): [LelinkReceiver:14752] ###connectionFinalize,release ok!!###
12-23 03:49:58.325 I/DpmTcmClient( 3313): RegisterTcmMonitor from: $Proxy2
12-23 03:49:58.365 I/commit_sys_config_file( 1507): [settings-1-0,9]
01-01 10:37:36.476 D/ ( 0): mv2112_read_status
01-01 10:37:36.477 D/mv2112_update_link( 0): 3.0x901(1G): 0x80
01-01 10:37:36.477 D/mv2112_update_link( 0): 3.0x8109(100M): 0x8
01-01 10:37:36.477 D/mv2112_update_link( 0): link 0x0
01-01 10:37:36.477 D/mv2112_read_status( 0): autoneg is disabled
12-23 03:49:58.691 I/hpplay-java( 3313): [AsyncTask #406]:HttpRequest:doGet responseCode:200 0
12-23 03:49:58.906 I/OMX-VENC: venc_dev( 1208): stats: avg. fps 4.20, bitrate 31111
12-23 03:49:58.920 E/OMX-VENC: venc_dev( 1208): async_venc_message_thread interrupted to be exited
01-01 10:37:36.846 I/msm_vidc( 0): high: 00000001: h264e: Closed video instance: 0000000000000000
12-23 03:49:58.921 I/OMX-VENC( 1208): Component Deinit
12-23 03:49:58.923 I/android.hardware.media.omx@1.0-service( 1208): vendor/qcom/proprietary/adsprpc/src/rpcmem_android.c:192: rpcmem_deinit_internal: closed ION fd 7
12-23 03:49:58.923 I/android.hardware.media.omx@1.0-service( 1208): vendor/qcom/proprietary/adsprpc/src/fastrpc_apps_user.c:3019: fastrpc_apps_user_deinit done
12-23 03:49:58.927 D/MediaCodecSource( 1195): source (video) stopping stalled
12-23 03:49:58.928 I/MediaCodecSource( 1195): encoder (video) stopped
12-23 03:49:58.928 I/MediaCodecSource( 1195): source (video) stopped
12-23 03:49:58.928 V/MediaWriter( 1195): Track event err/info msg:101, trackId:1, type:1000,val:-1011
12-23 03:49:58.928 D/MPEG4Writer( 1195): Video track source stopped
12-23 03:49:58.928 I/MPEG4Writer( 1195): Received total/0-length (611/0) buffers and encoded 610 frames. - Video
12-23 03:49:58.928 D/MPEG4Writer( 1195): Video track stopped. Status:0. Stop source
12-23 03:49:58.928 D/MPEG4Writer( 1195): 0 chunks are written in the last batch
12-23 03:49:58.928 D/MPEG4Writer( 1195): WriterThread stopped. Status:0
12-23 03:49:58.928 I/MPEG4Writer( 1195): Adjust the moov start time from 56773 us -> 56773 us
12-23 03:49:58.928 I/MPEG4Writer( 1195): MOOV atom was written to the file
12-23 03:49:58.928 D/MPEG4Writer( 1195): release()
12-23 03:49:58.928 D/MPEG4Writer( 1195): ftruncate mPreAllocateFileEndOffset:5421603 mOffset:7858 mMdatEndOffset:5413119 diff:8484
12-23 03:49:58.961 D/MPEG4Writer( 1195): final fsync() takes 32 ms, file size 5413119
12-23 03:49:58.962 D/MPEG4Writer( 1195): MP4WtrCtrlHlpLooper stopped
12-23 03:49:58.962 D/MPEG4Writer( 1195): Top 5 write durations(microseconds): #1:374 #2:411 #3:600 #4:675 #5:2003
12-23 03:49:58.962 D/MPEG4Writer( 1195): reset()
12-23 03:49:58.962 D/MPEG4Writer( 1195): Video track stopping. Stop source
12-23 03:49:58.962 E/MPEG4Writer( 1195): Stop() called but track is not started or stopped
12-23 03:49:58.964 W/StagefrightRecorder( 1195): stop while neither recording nor paused
12-23 03:49:58.966 I/DisplayDeviceRepository( 1507): Display device removed: DisplayDeviceInfo{"Recording Display": uniqueId="virtual:com.android.systemui,10081,Recording Display,0", 2380 x 1020, modeId 2, defaultModeId 2, supportedModes [{id=2, width=2380, height=1020, fps=60.0, alternativeRefreshRates=[]}], colorMode 0, supportedColorModes [0], hdrCapabilities null, allmSupported false, gameContentTypeSupported false, density 240, 240.0 x 240.0 dpi, appVsyncOff 0, presDeadline 16666666, touch NONE, rotation 0, type VIRTUAL, deviceProductInfo null, state ON, owner com.android.systemui (uid 10081), frameRateOverride , brightnessMinimum 0.0, brightnessMaximum 0.0, brightnessDefault 0.0, FLAG_PRIVATE, FLAG_PRESENTATION}
12-23 03:49:58.967 I/mpu_uart( 647): [MSG-P:RECV]:No message received in 1000 ms
12-23 03:49:58.968 I/LogicalDisplayMapper( 1507): Removing display: 2
12-23 03:49:58.971 D/ScreenMediaRecorder( 2359): end recording
12-23 03:49:58.976 W/InputManager-JNI( 1507): Input channel object '7aeadbb ShellDropTarget (client)' was disposed without first being removed with the input manager!
12-23 03:49:58.980 D/RecordingService( 2359): saving recording
12-23 03:49:58.980 I/notification_enqueue( 1507): [10081,2359,com.android.systemui,4275,NULL,0,Notification(channel=screen_record shortcut=null contentView=null vibrate=null sound=null defaults=0x0 flags=0x0 color=0x00000000 vis=PRIVATE),0]
12-23 03:49:58.981 D/CompatibilityChangeReporter( 2359): Compat change id reported: 147798919; UID 10081; state: ENABLED
12-23 03:49:58.983 I/InputDispatcher( 1507): Erasing monitor PointerEventDispatcher2 (server) on display 2, pid=1507
12-23 03:49:58.988 I/sysui_multi_action( 1507): [757,128,758,5,759,8,793,25389,794,0,795,25389,796,4274,806,com.android.systemui,857,screen_record,858,3,947,0,1500,25186,1688,1]
12-23 03:49:58.988 I/notification_canceled( 1507): [0|com.android.systemui|4274|null|10081,8,25389,25389,0,-1,-1,NULL]
12-23 03:49:58.990 I/GameMode_ActivityMonitoringService( 8963): onForegroundServicesChanged uid 10081 pid 2359 fg 0
12-23 03:49:58.990 D/GameMode_GameModeNotificationListenerService( 8963): onNotificationRemoved.
12-23 03:49:58.991 W/InputManager-JNI( 1507): Input channel object 'd77c9a7 systemui.screen.recording (client)' was disposed without first being removed with the input manager!
12-23 03:49:58.991 D/CompatibilityChangeReporter( 1507): Compat change id reported: 149924527; UID 10081; state: ENABLED
12-23 03:49:58.991 D/CompatibilityChangeReporter( 1507): Compat change id reported: 132649864; UID 10081; state: DISABLED
12-23 03:49:58.992 W/RingtonePlayer( 2359): STOP command without a player
12-23 03:49:58.992 D/CompatibilityChangeReporter( 1507): Compat change id reported: 182734110; UID 10081; state: ENABLED
12-23 03:49:58.994 W/MediaRecorder( 2359): mediarecorder went away with unhandled events
12-23 03:49:58.994 D/CompatibilityChangeReporter( 1507): Compat change id reported: 172100307; UID 10081; state: ENABLED
12-23 03:49:58.995 W/MediaProvider( 3502): isAppCloneUserPair failed. Users: 0 and 0
12-23 03:49:58.995 W/MediaProvider( 3502): isAppCloneUserPair for user 0: false
12-23 03:49:58.996 W/WindowManager( 1507): Failed looking up window session=Session{54890d 2359:u0a10081} callers=com.android.server.wm.WindowManagerService.windowForClientLocked:5628 com.android.server.wm.WindowManagerService.removeWindow:2033 com.android.server.wm.Session.remove:218
12-23 03:49:58.999 D/ScreenMediaRecorder( 2359): content://media/external_primary/video/media/18
12-23 03:49:59.001 D/BaseIconFactory( 2359): normalizeAndWrapToAdaptiveIcon: scale=0.8095146
12-23 03:49:59.003 I/MediaProvider( 3502): Open with lower FS for /storage/emulated/0/Movies/screen-20221223-034958.mp4. Uid: 10081
12-23 03:49:59.030 W/MediaProvider( 3502): Failed to fetch original file descriptor
12-23 03:49:59.030 W/MediaProvider( 3502): java.io.IOException: stat failed: ENOENT (No such file or directory)
12-23 03:49:59.030 W/MediaProvider( 3502): at com.android.providers.media.MediaProvider.getFileFromFileDescriptor(MediaProvider.java:5794)
12-23 03:49:59.030 W/MediaProvider( 3502): at com.android.providers.media.MediaProvider.getOriginalMediaFormatFileDescriptor(MediaProvider.java:5711)
12-23 03:49:59.030 W/MediaProvider( 3502): at com.android.providers.media.MediaProvider.openTypedAssetFileCommon(MediaProvider.java:7134)
12-23 03:49:59.030 W/MediaProvider( 3502): at com.android.providers.media.MediaProvider.openTypedAssetFile(MediaProvider.java:7115)
12-23 03:49:59.030 W/MediaProvider( 3502): at android.content.ContentProvider$Transport.openTypedAssetFile(ContentProvider.java:548)
12-23 03:49:59.030 W/MediaProvider( 3502): at android.content.ContentProviderNative.onTransact(ContentProviderNative.java:327)
12-23 03:49:59.030 W/MediaProvider( 3502): at android.os.Binder.execTransactInternal(Binder.java:1184)
12-23 03:49:59.030 W/MediaProvider( 3502): at android.os.Binder.execTransact(Binder.java:1143)
12-23 03:49:59.030 W/MediaProvider( 3502): Caused by: android.system.ErrnoException: stat failed: ENOENT (No such file or directory)
12-23 03:49:59.030 W/MediaProvider( 3502): at libcore.io.Linux.stat(Native Method)
12-23 03:49:59.030 W/MediaProvider( 3502): at libcore.io.ForwardingOs.stat(ForwardingOs.java:853)
12-23 03:49:59.030 W/MediaProvider( 3502): at libcore.io.BlockGuardOs.stat(BlockGuardOs.java:420)
12-23 03:49:59.030 W/MediaProvider( 3502): at libcore.io.ForwardingOs.stat(ForwardingOs.java:853)
12-23 03:49:59.030 W/MediaProvider( 3502): at android.app.ActivityThread$AndroidOs.stat(ActivityThread.java:7780)
12-23 03:49:59.030 W/MediaProvider( 3502): at android.system.Os.stat(Os.java:919)
12-23 03:49:59.030 W/MediaProvider( 3502): at com.android.providers.media.MediaProvider.getFileFromFileDescriptor(MediaProvider.java:5788)
12-23 03:49:59.030 W/MediaProvider( 3502): ... 7 more
12-23 03:49:59.030 I/ExtendedUtils( 1195): printFileName fd(8) -> /data/user_de/0/com.android.systemui/cache/temp3375756978602289256.mp4
12-23 03:49:59.034 I/ExtendedUtils( 1195): printFileName fd(17) -> /storage/emulated/0/Movies/screen-20221223-034958.mp4
12-23 03:49:59.041 D/PeopleSpaceWidgetMgr( 2359): Sbn doesn't contain valid PeopleTileKey: null/0/com.android.systemui
12-23 03:49:59.047 I/MMParserExtractor( 1188): Created(0xb400006fbe8da430)
12-23 03:49:59.058 I/ExtendedUtils( 1195): printFileName fd(17) -> /storage/emulated/0/Movies/screen-20221223-034958.mp4
12-23 03:49:59.059 I/MMParserExtractor( 1188): Created(0xb400006fbe8d98d0)
12-23 03:49:59.065 E/MetadataRetrieverClient( 1195): failed to extract an album art
12-23 03:49:59.065 E/MediaMetadataRetrieverJNI( 2359): getEmbeddedPicture: Call to getEmbeddedPicture failed.
12-23 03:49:59.066 E/MM_OSAL ( 1188): resetPlayback no need to reset
12-23 03:49:59.066 D/MediaCodecList( 1195): codecHandlesFormat: no format, so no extra checks
12-23 03:49:59.066 D/MediaCodecList( 1195): codecHandlesFormat: no format, so no extra checks
12-23 03:49:59.067 D/MediaCodecList( 1195): codecHandlesFormat: no format, so no extra checks
12-23 03:49:59.067 D/MediaCodecList( 1195): codecHandlesFormat: no format, so no extra checks
12-23 03:49:59.067 D/FrameDecoder( 1195): FrameDecoder created
12-23 03:49:59.067 I/FrameDecoder( 1195): using surface mode
12-23 03:49:59.068 I/MMParserExtractor( 1188): Created(0xb400006fbe8da430)
12-23 03:49:59.071 I/OMXClient( 1195): IOmx service obtained
12-23 03:49:59.071 I/OMXMaster( 1208): makeComponentInstance(OMX.qcom.video.decoder.avc) in android.hardwar process
12-23 03:49:59.076 E/android.hardware.media.omx@1.0-service( 1208): Service not available yet
12-23 03:49:59.077 D/PlatformConfig( 1208): getInstance: Enter
12-23 03:49:59.078 D/PlatformConfig( 1208): getConfigStoreBool: vpp/enable=false, returning false
12-23 03:49:59.079 D/PlatformConfig( 1208): getInstance: Enter
12-23 03:49:59.079 D/PlatformConfig( 1208): getInt32 Config name: vidc_dec_log_in value: 0
12-23 03:49:59.079 D/PlatformConfig( 1208): getInstance: Enter
12-23 03:49:59.079 D/PlatformConfig( 1208): getInt32 Config name: vidc_dec_log_out value: 0
12-23 03:49:59.079 D/PlatformConfig( 1208): getInstance: Enter
12-23 03:49:59.079 D/PlatformConfig( 1208): getInt32 Config name: vidc_dec_sec_prefetch_size_internal value: 209715200
12-23 03:49:59.079 D/PlatformConfig( 1208): getInstance: Enter
12-23 03:49:59.079 D/PlatformConfig( 1208): getInt32 Config name: vidc_dec_sec_prefetch_size_output value: 13434880
12-23 03:49:59.079 D/PlatformConfig( 1208): getInstance: Enter
12-23 03:49:59.079 D/PlatformConfig( 1208): getInt32 Config name: vidc_perf_control_enable value: 0
12-23 03:49:59.079 D/PlatformConfig( 1208): getInstance: Enter
12-23 03:49:59.079 D/PlatformConfig( 1208): getInt32 Config name: vidc_dec_thumbnail_yuv_output value: 0
12-23 03:49:59.079 D/PlatformConfig( 1208): getInstance: Enter
12-23 03:49:59.079 D/PlatformConfig( 1208): getInt32: Returning default
12-23 03:49:59.079 D/PlatformConfig( 1208): getInstance: Enter
12-23 03:49:59.079 D/PlatformConfig( 1208): getInt32 Config name: vidc_dec_output_rate value: 120
12-23 03:49:59.079 I/OMX-VDEC-1080P( 1208): component_init: OMX.qcom.video.decoder.avc : fd=7
12-23 03:49:59.079 E/OMX-VDEC-1080P( 1208): Unsupported output color format for c2d (2141391876)
12-23 03:49:59.080 E/OMX-VDEC-1080P( 1208): Setting color format failed
01-01 10:37:37.004 I/msm_vidc( 0): high: 00000001: ....d: Opening video instance: 0000000000000000, 1
01-01 10:37:37.004 I/msm_vidc( 0): err : 00000001: ....d: Failed to create debugfs for msm_vidc
12-23 03:49:59.080 D/PlatformConfig( 1208): getInstance: Enter
12-23 03:49:59.080 D/PlatformConfig( 1208): getInt32: Returning default
12-23 03:49:59.081 D/PlatformConfig( 1208): getInstance: Enter
12-23 03:49:59.081 D/PlatformConfig( 1208): getInt32: Returning default
12-23 03:49:59.081 I/OMX-VDEC-1080P( 1208): omx_vdec::component_init() success : fd=7
12-23 03:49:59.082 D/SurfaceUtils( 1195): connecting to surface 0xf008b068, reason connectToSurface
12-23 03:49:59.082 I/MediaCodec( 1195): [OMX.qcom.video.decoder.avc] setting surface generation to 1223691
12-23 03:49:59.082 D/SurfaceUtils( 1195): disconnecting from surface 0xf008b068, reason connectToSurface(reconnect)
12-23 03:49:59.082 D/SurfaceUtils( 1195): connecting to surface 0xf008b068, reason connectToSurface(reconnect)
12-23 03:49:59.084 E/OMX-VDEC-1080P( 1208): Extension: OMX.google.android.index.storeANWBufferInMetadata not implemented
12-23 03:49:59.084 E/OMX-VDEC-1080P( 1208): Extension: OMX.google.android.index.configureVideoTunnelMode not implemented
12-23 03:49:59.084 E/OMX-VDEC-1080P( 1208): Extension: OMX.google.android.index.useAndroidNativeBuffer is supported
12-23 03:49:59.084 E/OMX-VDEC-1080P( 1208): get_parameter: unknown param 7f000046
12-23 03:49:59.084 E/OMXNodeInstance( 1208): getParameter(0xf0b80014:qcom.decoder.avc, ??(0x7f000046)) ERROR: UnsupportedIndex(0x8000101a)
12-23 03:49:59.084 E/OMX-VDEC-1080P( 1208): set_parameter: Error: 0x80001019, setting param 0x7f00005d
12-23 03:49:59.084 E/OMXNodeInstance( 1208): setParameter(0xf0b80014:qcom.decoder.avc, OMX.google.android.index.allocateNativeHandle(0x7f00005d): Output:1 en=0) ERROR: UnsupportedSetting(0x80001019)
12-23 03:49:59.084 E/OMX-VDEC-1080P( 1208): Extension: OMX.google.android.index.storeANWBufferInMetadata not implemented
12-23 03:49:59.085 E/OMX-VDEC-1080P( 1208): get_parameter: unknown param 6f600011
12-23 03:49:59.085 E/OMXNodeInstance( 1208): getParameter(0xf0b80014:qcom.decoder.avc, ??(0x6f600011)) ERROR: UnsupportedIndex(0x8000101a)
12-23 03:49:59.085 I/ExtendedACodec( 1195): setupVideoDecoder()
12-23 03:49:59.085 I/ExtendedACodec( 1195): Thumbnail mode enabled.
12-23 03:49:59.086 E/OMXNodeInstance( 1208): getParameter(0xf0b80014:qcom.decoder.avc, ??(0x7f000044)) ERROR: UnsupportedSetting(0x80001019)
12-23 03:49:59.086 E/OMXNodeInstance( 1208): getParameter(0xf0b80014:qcom.decoder.avc, ??(0x7f000044)) ERROR: UnsupportedSetting(0x80001019)
12-23 03:49:59.087 W/ACodec ( 1195): [OMX.qcom.video.decoder.avc] does not support color format 2130708361
12-23 03:49:59.087 D/ACodec ( 1195): Setting [OMX.qcom.video.decoder.avc] input port buffer number: 1
12-23 03:49:59.088 D/ACodec ( 1195): Setting [OMX.qcom.video.decoder.avc] output port buffer number: 1
12-23 03:49:59.089 I/ExtendedACodec( 1195): Decoder will be in frame by frame mode
12-23 03:49:59.089 E/OMX-VDEC-1080P( 1208): Setparameter: unknown param 2130706434
12-23 03:49:59.089 E/OMX-VDEC-1080P( 1208): set_parameter: Error: 0x8000101a, setting param 0x7f000002
12-23 03:49:59.089 E/OMXNodeInstance( 1208): setParameter(0xf0b80014:qcom.decoder.avc, ??(0x7f000002)) ERROR: UnsupportedIndex(0x8000101a)
12-23 03:49:59.089 W/ExtendedACodec( 1195): Failed to set frame packing format on component
12-23 03:49:59.090 I/OMX-VENDOR-EXT( 1208): isConfigValid
12-23 03:49:59.092 E/OMXNodeInstance( 1208): getConfig(0xf0b80014:qcom.decoder.avc, ??(0x7f000062)) ERROR: UnsupportedSetting(0x80001019)
12-23 03:49:59.096 E/OMX-VDEC-1080P( 1208): Extension: OMX.google.android.index.AndroidNativeBufferConsumerUsage not implemented
12-23 03:49:59.096 D/SurfaceUtils( 1195): set up nativeWindow 0xf008b068 for 2380x1020, color 0x7fa30c06, rotation 0, usage 0x20402900
12-23 03:49:59.097 W/ResourceManagerService( 1195): Ignoring request to add new resource entry with value <= 0
12-23 03:49:59.097 D/MediaBufferGroup( 1188): creating MemoryDealer
12-23 03:49:59.112 E/OMXNodeInstance( 1208): getConfig(0xf0b80014:qcom.decoder.avc, ??(0x7f000062)) ERROR: UnsupportedSetting(0x80001019)
12-23 03:49:59.118 E/OMX-VDEC-1080P( 1208): Extension: OMX.google.android.index.AndroidNativeBufferConsumerUsage not implemented
12-23 03:49:59.118 D/SurfaceUtils( 1195): set up nativeWindow 0xf008b068 for 2384x1024, color 0x7fa30c06, rotation 0, usage 0x20402900
12-23 03:49:59.126 E/OMXNodeInstance( 1208): getConfig(0xf0b80014:qcom.decoder.avc, ??(0x7f000062)) ERROR: UnsupportedSetting(0x80001019)
12-23 03:49:59.128 E/OMX-VDEC-1080P( 1208): Extension: OMX.QTI.index.config.video.getdsmode not implemented
12-23 03:49:59.152 I/OMX-VDEC-1080P( 1208): omx_vdec::component_deinit() complete
12-23 03:49:59.156 I/OMX-VDEC-1080P( 1208): Exit OMX vdec Destructor: fd=7
12-23 03:49:59.157 D/SurfaceUtils( 1195): disconnecting from surface 0xf008b068, reason disconnectFromSurface
12-23 03:49:59.159 D/FrameDecoder( 1195): FrameDecoder destroyed
01-01 10:37:37.081 I/msm_vidc( 0): high: 00000001: h264d: Closed video instance: 0000000000000000
12-23 03:49:59.181 I/sysui_multi_action( 1507): [757,1501,758,1,793,202,794,0,795,202,796,4275,806,com.android.systemui,857,screen_record,858,3,947,0,1500,0,1688,1]
12-23 03:49:59.182 I/sysui_multi_action( 1507): [757,804,799,note_interruptive,801,0,802,1]
12-23 03:49:59.182 I/GameModeConfig( 1507): isGameModeOn = true
12-23 03:49:59.182 I/GameModeConfig( 1507): isGaming = false
12-23 03:49:59.184 I/sysui_multi_action( 1507): [757,1501,758,1,793,205,794,0,795,205,796,4275,806,com.android.systemui,857,screen_record,858,3,947,0,1500,0,1688,1]
12-23 03:49:59.184 I/sysui_multi_action( 1507): [757,804,799,note_interruptive,801,0,802,1]
12-23 03:49:59.184 I/sysui_multi_action( 1507): [757,199,758,1,759,3,793,205,794,0,795,205,796,4275,806,com.android.systemui,857,screen_record,858,3,947,0,1500,0,1688,1]
12-23 03:49:59.184 I/notification_alert( 1507): [0|com.android.systemui|4275|null|10081,1,1,0]
12-23 03:49:59.188 W/NotificationHistory( 1507): Attempted to add notif for locked/gone/disabled user 0
12-23 03:49:59.193 V/GameMode_GameTypeUtils( 8963): judge isGame:com.android.settings
12-23 03:49:59.193 E/GameMode_GameModeNotificationListenerService( 8963): title :正在录制å±å¹•content :正在处ç†å±å¹•录制视频,PackageName:com.android.systemui,isGameModeOn:true,isBulletScreenOn:false,isBulletScreenPackage:false
12-23 03:49:59.196 D/Avrcp_ext( 2342): AudioManager Player: AudioPlaybackConfiguration piid:87 deviceId:0 type:android.media.SoundPool u/pid:1000/1507 state:idle attr:AudioAttributes: usage=USAGE_ASSISTANCE_SONIFICATION content=CONTENT_TYPE_SONIFICATION flags=0x800 tags= bundle=null sessionId:0
12-23 03:49:59.196 D/Avrcp_ext( 2342): AudioManager Player: AudioPlaybackConfiguration piid:519 deviceId:0 type:android.media.SoundPool u/pid:1000/8963 state:idle attr:AudioAttributes: usage=USAGE_ASSISTANCE_SONIFICATION content=CONTENT_TYPE_SONIFICATION flags=0x801 tags= bundle=null sessionId:0
12-23 03:49:59.196 D/Avrcp_ext( 2342): AudioManager Player: AudioPlaybackConfiguration piid:95 deviceId:0 type:android.media.SoundPool u/pid:10081/2359 state:idle attr:AudioAttributes: usage=USAGE_ASSISTANCE_SONIFICATION content=CONTENT_TYPE_SONIFICATION flags=0x800 tags= bundle=null sessionId:0
12-23 03:49:59.196 D/Avrcp_ext( 2342): AudioManager Player: AudioPlaybackConfiguration piid:639 deviceId:0 type:android.media.MediaPlayer u/pid:10081/2359 state:idle attr:AudioAttributes: usage=USAGE_NOTIFICATION content=CONTENT_TYPE_SONIFICATION flags=0x800 tags= bundle=null sessionId:0
12-23 03:49:59.196 D/Avrcp_ext( 2342): AudioManager isPlaying: false, mAudioPlaybackIsActive = false
12-23 03:49:59.196 D/Avrcp_ext( 2342): AudioManager Reset Active Player
12-23 03:49:59.199 W/FileSource( 2359): offset/length adjusted from 0/576460752303423487 to 0/16905
12-23 03:49:59.203 I/MMParserExtractor( 1188): Created(0xb400006fbe8d9010)
12-23 03:49:59.205 D/InterruptionStateProvider( 2359): No bubble up: not allowed to bubble: 0|com.android.systemui|4275|null|10081
12-23 03:49:59.207 W/MediaProvider( 3502): Failed to fetch original file descriptor
12-23 03:49:59.207 W/MediaProvider( 3502): java.io.IOException: stat failed: EACCES (Permission denied)
12-23 03:49:59.207 W/MediaProvider( 3502): at com.android.providers.media.MediaProvider.getFileFromFileDescriptor(MediaProvider.java:5794)
12-23 03:49:59.207 W/MediaProvider( 3502): at com.android.providers.media.MediaProvider.getOriginalMediaFormatFileDescriptor(MediaProvider.java:5711)
12-23 03:49:59.207 W/MediaProvider( 3502): at com.android.providers.media.MediaProvider.openTypedAssetFileCommon(MediaProvider.java:7134)
12-23 03:49:59.207 W/MediaProvider( 3502): at com.android.providers.media.MediaProvider.openTypedAssetFile(MediaProvider.java:7115)
12-23 03:49:59.207 W/MediaProvider( 3502): at android.content.ContentProvider$Transport.openTypedAssetFile(ContentProvider.java:548)
12-23 03:49:59.207 W/MediaProvider( 3502): at android.content.ContentProviderNative.onTransact(ContentProviderNative.java:327)
12-23 03:49:59.207 W/MediaProvider( 3502): at android.os.Binder.execTransactInternal(Binder.java:1184)
12-23 03:49:59.207 W/MediaProvider( 3502): at android.os.Binder.execTransact(Binder.java:1143)
12-23 03:49:59.207 W/MediaProvider( 3502): Caused by: android.system.ErrnoException: stat failed: EACCES (Permission denied)
12-23 03:49:59.207 W/MediaProvider( 3502): at libcore.io.Linux.stat(Native Method)
12-23 03:49:59.207 W/MediaProvider( 3502): at libcore.io.ForwardingOs.stat(ForwardingOs.java:853)
12-23 03:49:59.207 W/MediaProvider( 3502): at libcore.io.BlockGuardOs.stat(BlockGuardOs.java:420)
12-23 03:49:59.207 W/MediaProvider( 3502): at libcore.io.ForwardingOs.stat(ForwardingOs.java:853)
12-23 03:49:59.207 W/MediaProvider( 3502): at android.app.ActivityThread$AndroidOs.stat(ActivityThread.java:7780)
12-23 03:49:59.207 W/MediaProvider( 3502): at android.system.Os.stat(Os.java:919)
12-23 03:49:59.207 W/MediaProvider( 3502): at com.android.providers.media.MediaProvider.getFileFromFileDescriptor(MediaProvider.java:5788)
12-23 03:49:59.207 W/MediaProvider( 3502): ... 7 more
12-23 03:49:59.208 D/NuPlayerDriver( 1195): NuPlayerDriver(0xf0c82090) created, clientPid(2359)
12-23 03:49:59.212 I/ExtendedNuUtils( 1195): printFileName fd(7) -> /data/system_de/0/ringtones/notification_sound_cache
12-23 03:49:59.212 D/InterruptionStateProvider( 2359): No heads up: unimportant notification: 0|com.android.systemui|4275|null|10081
12-23 03:49:59.217 I/notification_enqueue( 1507): [10081,2359,com.android.systemui,4273,NULL,0,Notification(channel=screen_record shortcut=null contentView=null vibrate=null sound=null defaults=0x0 flags=0x10 color=0x00000000 actions=1 vis=PRIVATE),0]
12-23 03:49:59.218 D/PeopleSpaceWidgetMgr( 2359): Sbn doesn't contain valid PeopleTileKey: null/0/com.android.systemui
12-23 03:49:59.218 I/sysui_multi_action( 1507): [757,128,758,5,759,8,793,239,794,0,795,239,796,4275,806,com.android.systemui,857,screen_record,858,3,947,0,1500,34,1688,1]
12-23 03:49:59.219 I/notification_canceled( 1507): [0|com.android.systemui|4275|null|10081,8,239,239,0,-1,-1,NULL]
12-23 03:49:59.221 D/GenericSource( 1195): FileSource remote
12-23 03:49:59.223 I/MMParserExtractor( 1188): Created(0xb400006fbe8d9010)
12-23 03:49:59.223 D/GameMode_GameModeNotificationListenerService( 8963): onNotificationRemoved.
12-23 03:49:59.225 D/MediaBufferGroup( 1188): creating MemoryDealer
12-23 03:49:59.227 D/PeopleSpaceWidgetMgr( 2359): Sbn doesn't contain valid PeopleTileKey: null/0/com.android.systemui
12-23 03:49:59.228 I/MediaFocusControl( 1507): requestAudioFocus() from uid/pid 10081/2359 AA=USAGE_NOTIFICATION/CONTENT_TYPE_SONIFICATION clientId=android.media.AudioManager@c0620d2 callingPack=com.android.systemui req=3 flags=0x0 sdk=31
12-23 03:49:59.228 I/AudioService.FadeOutManager( 1507): unfadeOutUid() uid:10081
12-23 03:49:59.334 I/mpu_uart( 647): [MSG-P:R]:recv sync frame timeout
12-23 03:49:59.418 I/sysui_multi_action( 1507): [757,1501,758,1,793,202,794,0,795,202,796,4273,806,com.android.systemui,857,screen_record,858,3,947,0,1500,0,1688,1,1745,680407814]
12-23 03:49:59.419 I/sysui_multi_action( 1507): [757,804,799,note_interruptive,801,0,802,1]
12-23 03:49:59.419 I/GameModeConfig( 1507): isGameModeOn = true
12-23 03:49:59.419 I/GameModeConfig( 1507): isGaming = false
12-23 03:49:59.420 E/NotificationService( 1507): Muting recently noisy 0|com.android.systemui|4273|null|10081
12-23 03:49:59.424 W/NotificationHistory( 1507): Attempted to add notif for locked/gone/disabled user 0
12-23 03:49:59.429 V/GameMode_GameTypeUtils( 8963): judge isGame:com.android.settings
12-23 03:49:59.429 E/GameMode_GameModeNotificationListenerService( 8963): title :å·²ä¿å­˜å±å¹•录制内容content :点按å³å¯æŸ¥çœ‹,PackageName:com.android.systemui,isGameModeOn:true,isBulletScreenOn:false,isBulletScreenPackage:false
12-23 03:49:59.445 D/InterruptionStateProvider( 2359): No bubble up: not allowed to bubble: 0|com.android.systemui|4273|null|10081
12-23 03:49:59.447 D/InterruptionStateProvider( 2359): No heads up: unimportant notification: 0|com.android.systemui|4273|null|10081
12-23 03:49:59.447 D/PeopleSpaceWidgetMgr( 2359): Sbn doesn't contain valid PeopleTileKey: null/0/com.android.systemui
12-23 03:49:59.541 I/OpenGLRenderer( 2359): Davey! duration=9223362696543ms; Flags=0, FrameTimelineVsyncId=143188, IntendedVsync=9340311002176, Vsync=9340311002176, InputEventId=0, HandleInputStart=9340320182268, AnimationStart=9340320184664, PerformTraversalsStart=9340320194248, DrawStart=9340338232112, FrameDeadline=9340327668842, FrameInterval=9340320177112, FrameStartTime=16666666, SyncQueued=9340338461018, SyncStart=9340338580393, IssueDrawCommandsStart=9340338738675, SwapBuffers=9340339930914, FrameCompleted=9223372036854775807, DequeueBufferDuration=34167, QueueBufferDuration=681823, GpuCompleted=9223372036854775807, SwapBuffersCompleted=9340341180393, DisplayPresentTime=0,
01-01 10:37:37.500 D/ ( 0): mv2112_read_status
01-01 10:37:37.501 D/mv2112_update_link( 0): 3.0x901(1G): 0x80
01-01 10:37:37.501 D/mv2112_update_link( 0): 3.0x8109(100M): 0x8
01-01 10:37:37.501 D/mv2112_update_link( 0): link 0x0
01-01 10:37:37.501 D/mv2112_read_status( 0): autoneg is disabled
12-23 03:49:59.684 E/NotificationService( 1507): No vibration for canceled notification : 0|com.android.systemui|4275|null|10081
12-23 03:49:59.729 W/AudioIDCMicroNegotiator( 1507): idcm_warn: idcm control is not enable
12-23 03:49:59.730 I/GenericSource( 1195): start
12-23 03:49:59.732 W/Utils ( 1195): track of type 'audio/vorbis' does not publish channel mask, channel count 1
12-23 03:49:59.732 D/MediaRouter( 2359): onRestoreRoute() : route=RouteInfo{ name=å¹³æ¿ç”µè„‘, description=null, status=null, category=RouteCategory{ name=系统 types=ROUTE_TYPE_LIVE_AUDIO ROUTE_TYPE_LIVE_VIDEO groupable=false }, supportedTypes=ROUTE_TYPE_LIVE_AUDIO ROUTE_TYPE_LIVE_VIDEO , presentationDisplay=null }
12-23 03:49:59.732 V/MediaRouter( 2359): Selecting route: RouteInfo{ name=å¹³æ¿ç”µè„‘, description=null, status=null, category=RouteCategory{ name=系统 types=ROUTE_TYPE_LIVE_AUDIO ROUTE_TYPE_LIVE_VIDEO groupable=false }, supportedTypes=ROUTE_TYPE_LIVE_AUDIO ROUTE_TYPE_LIVE_VIDEO , presentationDisplay=null }
12-23 03:49:59.733 D/Avrcp_ext( 2342): AudioManager Player: AudioPlaybackConfiguration piid:87 deviceId:0 type:android.media.SoundPool u/pid:1000/1507 state:idle attr:AudioAttributes: usage=USAGE_ASSISTANCE_SONIFICATION content=CONTENT_TYPE_SONIFICATION flags=0x800 tags= bundle=null sessionId:0
12-23 03:49:59.733 D/Avrcp_ext( 2342): AudioManager Player: AudioPlaybackConfiguration piid:519 deviceId:0 type:android.media.SoundPool u/pid:1000/8963 state:idle attr:AudioAttributes: usage=USAGE_ASSISTANCE_SONIFICATION content=CONTENT_TYPE_SONIFICATION flags=0x801 tags= bundle=null sessionId:0
12-23 03:49:59.733 D/Avrcp_ext( 2342): AudioManager Player: AudioPlaybackConfiguration piid:95 deviceId:0 type:android.media.SoundPool u/pid:10081/2359 state:idle attr:AudioAttributes: usage=USAGE_ASSISTANCE_SONIFICATION content=CONTENT_TYPE_SONIFICATION flags=0x800 tags= bundle=null sessionId:0
12-23 03:49:59.733 D/Avrcp_ext( 2342): AudioManager Player: AudioPlaybackConfiguration piid:639 deviceId:0 type:android.media.MediaPlayer u/pid:10081/2359 state:started attr:AudioAttributes: usage=USAGE_NOTIFICATION content=CONTENT_TYPE_SONIFICATION flags=0x800 tags= bundle=null sessionId:0
12-23 03:49:59.733 D/NuPlayerDriver( 1195): stop(0xf0c82090)
12-23 03:49:59.733 W/AudioIDCMicroNegotiator( 1507): idcm_warn: idcm control is not enable
12-23 03:49:59.734 V/MediaPlayer( 2359): resetDrmState: mDrmInfo=null mDrmProvisioningThread=null mPrepareDrmInProgress=false mActiveDrmScheme=false
12-23 03:49:59.734 V/MediaPlayer( 2359): cleanDrmObj: mDrmObj=null mDrmSessionId=null
12-23 03:49:59.734 D/NuPlayerDriver( 1195): reset(0xf0c82090) at state 8
12-23 03:49:59.735 D/Avrcp_ext( 2342): AudioManager Player in started state: com.android.systemui
12-23 03:49:59.735 D/Avrcp_ext( 2342): AudioManager Active Player: com.android.systemui
12-23 03:49:59.735 D/Avrcp_ext( 2342): AudioManager isPlaying: true, mAudioPlaybackIsActive = false
12-23 03:49:59.735 W/Utils ( 1195): track of type 'audio/vorbis' does not publish channel mask, channel count 1
12-23 03:49:59.737 V/Avrcp_ext( 2342): updateCurrentMediaState: mMediaController: MediaController (com.android.systemui@4f5fa4) null
12-23 03:49:59.737 W/Avrcp_ext( 2342): isMusicActive: false getBluetoothPlayState: 2 A2dp State: 11 mAudioPlaybackIsActive: true
12-23 03:49:59.737 D/audio_hw_primary( 808): adev_get_parameters:is_hw_dec_session_available
12-23 03:49:59.737 D/audio_hw_spkr_prot( 808): fbsp_get_parameters: Speaker protection disabled
12-23 03:49:59.737 D/soundtrigger( 808): audio_extn_sound_trigger_get_parameters input string
12-23 03:49:59.737 D/soundtrigger( 808): extract_sm_handle input string param string
12-23 03:49:59.737 D/Avrcp_ext( 2342): isMusicActive = false mAudioPlaybackIsActive = true player state = null
12-23 03:49:59.737 D/audio_hw_extn( 808): audio_extn_fm_get_parameters: Enter
12-23 03:49:59.737 D/audio_hw_extn( 808): audio_extn_get_parameters: returns
12-23 03:49:59.737 D/audio_hw_primary( 808): adev_get_parameters: exit: returns -
12-23 03:49:59.737 I/hash_map_utils( 972): system/bt/osi/src/hash_map_utils.cc:81 hash_map_utils_dump_string_keys_string_values: key: 'is_hw_dec_session_available' value: 'audio/vorbis'
12-23 03:49:59.738 I/Avrcp_ext( 2342): Skipping update due to invalid playback state
12-23 03:49:59.738 V/Avrcp_ext( 2342): updatePlaybackState, state: null device: null
12-23 03:49:59.739 V/Avrcp_ext( 2342): Device: no name:
12-23 03:49:59.739 V/Avrcp_ext( 2342): Device: no name:
12-23 03:49:59.739 V/Avrcp_ext( 2342): Device: no name:
12-23 03:49:59.739 V/Avrcp_ext( 2342): Device: no name:
12-23 03:49:59.739 V/Avrcp_ext( 2342): Device: no name:
12-23 03:49:59.739 V/Avrcp_ext( 2342): updatePlayerStateAndPosition, old=PlaybackState {state=2, position=-1, buffered position=0, speed=0.0, updated=7475102, actions=0, custom actions=[], active item id=-1, error=null}, state=null
12-23 03:49:59.739 I/Avrcp_ext( 2342): updatePlayerStateAndPosition: device: state = null
12-23 03:49:59.739 D/Avrcp_ext( 2342): AudioManager Player: AudioPlaybackConfiguration piid:87 deviceId:0 type:android.media.SoundPool u/pid:1000/1507 state:idle attr:AudioAttributes: usage=USAGE_ASSISTANCE_SONIFICATION content=CONTENT_TYPE_SONIFICATION flags=0x800 tags= bundle=null sessionId:0
12-23 03:49:59.739 D/Avrcp_ext( 2342): AudioManager Player: AudioPlaybackConfiguration piid:519 deviceId:0 type:android.media.SoundPool u/pid:1000/8963 state:idle attr:AudioAttributes: usage=USAGE_ASSISTANCE_SONIFICATION content=CONTENT_TYPE_SONIFICATION flags=0x801 tags= bundle=null sessionId:0
12-23 03:49:59.739 D/Avrcp_ext( 2342): AudioManager Player: AudioPlaybackConfiguration piid:95 deviceId:0 type:android.media.SoundPool u/pid:10081/2359 state:idle attr:AudioAttributes: usage=USAGE_ASSISTANCE_SONIFICATION content=CONTENT_TYPE_SONIFICATION flags=0x800 tags= bundle=null sessionId:0
12-23 03:49:59.739 D/Avrcp_ext( 2342): AudioManager Player: AudioPlaybackConfiguration piid:639 deviceId:0 type:android.media.MediaPlayer u/pid:10081/2359 state:stopped attr:AudioAttributes: usage=USAGE_NOTIFICATION content=CONTENT_TYPE_SONIFICATION flags=0x800 tags= bundle=null sessionId:0
12-23 03:49:59.739 D/Avrcp_ext( 2342): AudioManager isPlaying: false, mAudioPlaybackIsActive = true
12-23 03:49:59.739 D/Avrcp_ext( 2342): AudioManager Reset Active Player
12-23 03:49:59.740 V/Avrcp_ext( 2342): updateCurrentMediaState: mMediaController: MediaController (com.android.systemui@4f5fa4) null
12-23 03:49:59.740 W/Avrcp_ext( 2342): isMusicActive: false getBluetoothPlayState: 2 A2dp State: 11 mAudioPlaybackIsActive: false
12-23 03:49:59.740 D/Avrcp_ext( 2342): isMusicActive = false mAudioPlaybackIsActive = false player state = null
12-23 03:49:59.741 I/Avrcp_ext( 2342): Skipping update due to invalid playback state
12-23 03:49:59.741 V/Avrcp_ext( 2342): updatePlaybackState, state: null device: null
12-23 03:49:59.741 V/Avrcp_ext( 2342): Device: no name:
12-23 03:49:59.741 V/Avrcp_ext( 2342): Device: no name:
12-23 03:49:59.741 V/Avrcp_ext( 2342): Device: no name:
12-23 03:49:59.741 V/Avrcp_ext( 2342): Device: no name:
12-23 03:49:59.741 V/Avrcp_ext( 2342): Device: no name:
12-23 03:49:59.741 V/Avrcp_ext( 2342): updatePlayerStateAndPosition, old=PlaybackState {state=2, position=-1, buffered position=0, speed=0.0, updated=7475102, actions=0, custom actions=[], active item id=-1, error=null}, state=null
12-23 03:49:59.741 I/Avrcp_ext( 2342): updatePlayerStateAndPosition: device: state = null
12-23 03:49:59.741 D/Avrcp_ext( 2342): AudioManager Player: AudioPlaybackConfiguration piid:87 deviceId:0 type:android.media.SoundPool u/pid:1000/1507 state:idle attr:AudioAttributes: usage=USAGE_ASSISTANCE_SONIFICATION content=CONTENT_TYPE_SONIFICATION flags=0x800 tags= bundle=null sessionId:0
12-23 03:49:59.741 D/Avrcp_ext( 2342): AudioManager Player: AudioPlaybackConfiguration piid:519 deviceId:0 type:android.media.SoundPool u/pid:1000/8963 state:idle attr:AudioAttributes: usage=USAGE_ASSISTANCE_SONIFICATION content=CONTENT_TYPE_SONIFICATION flags=0x801 tags= bundle=null sessionId:0
12-23 03:49:59.741 D/Avrcp_ext( 2342): AudioManager Player: AudioPlaybackConfiguration piid:95 deviceId:0 type:android.media.SoundPool u/pid:10081/2359 state:idle attr:AudioAttributes: usage=USAGE_ASSISTANCE_SONIFICATION content=CONTENT_TYPE_SONIFICATION flags=0x800 tags= bundle=null sessionId:0
12-23 03:49:59.741 D/Avrcp_ext( 2342): AudioManager isPlaying: false, mAudioPlaybackIsActive = false
12-23 03:49:59.741 D/Avrcp_ext( 2342): AudioManager Reset Active Player
12-23 03:49:59.743 D/CCodec ( 1195): allocate(c2.android.vorbis.decoder)
12-23 03:49:59.746 I/CCodec ( 1195): setting up 'default' as default (vendor) store
12-23 03:49:59.746 V/C2Store ( 1233): in init
12-23 03:49:59.746 V/C2Store ( 1233): loading dll
12-23 03:49:59.749 I/CCodec ( 1195): Created component [c2.android.vorbis.decoder]
12-23 03:49:59.750 D/CCodecConfig( 1195): read media type: audio/vorbis
12-23 03:49:59.752 D/ReflectedParamUpdater( 1195): extent() != 1 for single value type: algo.buffers.max-count.values
12-23 03:49:59.752 D/ReflectedParamUpdater( 1195): extent() != 1 for single value type: output.subscribed-indices.values
12-23 03:49:59.753 D/ReflectedParamUpdater( 1195): extent() != 1 for single value type: input.buffers.allocator-ids.values
12-23 03:49:59.753 D/ReflectedParamUpdater( 1195): extent() != 1 for single value type: output.buffers.allocator-ids.values
12-23 03:49:59.753 D/ReflectedParamUpdater( 1195): extent() != 1 for single value type: algo.buffers.allocator-ids.values
12-23 03:49:59.753 D/ReflectedParamUpdater( 1195): extent() != 1 for single value type: output.buffers.pool-ids.values
12-23 03:49:59.753 D/ReflectedParamUpdater( 1195): extent() != 1 for single value type: algo.buffers.pool-ids.values
12-23 03:49:59.755 I/CCodecConfig( 1195): query failed after returning 7 values (BAD_INDEX)
12-23 03:49:59.755 D/CCodecConfig( 1195): c2 config diff is Dict {
12-23 03:49:59.755 D/CCodecConfig( 1195): c2::u32 coded.bitrate.value = 64000
12-23 03:49:59.755 D/CCodecConfig( 1195): c2::u32 input.buffers.max-size.value = 32768
12-23 03:49:59.755 D/CCodecConfig( 1195): c2::u32 input.delay.value = 0
12-23 03:49:59.755 D/CCodecConfig( 1195): string input.media-type.value = "audio/vorbis"
12-23 03:49:59.755 D/CCodecConfig( 1195): string output.media-type.value = "audio/raw"
12-23 03:49:59.755 D/CCodecConfig( 1195): c2::u32 raw.channel-count.value = 1
12-23 03:49:59.755 D/CCodecConfig( 1195): c2::u32 raw.sample-rate.value = 48000
12-23 03:49:59.755 D/CCodecConfig( 1195): }
12-23 03:49:59.756 D/CCodec ( 1195): [c2.android.vorbis.decoder] buffers are bound to CCodec for this session
12-23 03:49:59.756 D/CCodecConfig( 1195): no c2 equivalents for durationUs
12-23 03:49:59.756 D/CCodecConfig( 1195): no c2 equivalents for csd-1
12-23 03:49:59.756 D/CCodecConfig( 1195): no c2 equivalents for language
12-23 03:49:59.756 D/CCodecConfig( 1195): no c2 equivalents for file-format
12-23 03:49:59.756 D/CCodecConfig( 1195): no c2 equivalents for flags
12-23 03:49:59.756 D/CCodecConfig( 1195): config failed => CORRUPTED
12-23 03:49:59.757 D/CCodecConfig( 1195): c2 config diff is c2::u32 coded.bitrate.value = 70000
12-23 03:49:59.757 W/Codec2Client( 1195): query -- param skipped: index = 1107298332.
12-23 03:49:59.757 D/CCodec ( 1195): setup formats input: AMessage(what = 0x00000000) = {
12-23 03:49:59.757 D/CCodec ( 1195): int32_t bitrate = 70000
12-23 03:49:59.757 D/CCodec ( 1195): int32_t channel-count = 1
12-23 03:49:59.757 D/CCodec ( 1195): int32_t max-input-size = 65307
12-23 03:49:59.757 D/CCodec ( 1195): string mime = "audio/vorbis"
12-23 03:49:59.757 D/CCodec ( 1195): int32_t sample-rate = 48000
12-23 03:49:59.757 D/CCodec ( 1195): }
12-23 03:49:59.757 D/CCodec ( 1195): setup formats output: AMessage(what = 0x00000000) = {
12-23 03:49:59.757 D/CCodec ( 1195): int32_t channel-count = 1
12-23 03:49:59.757 D/CCodec ( 1195): string mime = "audio/raw"
12-23 03:49:59.757 D/CCodec ( 1195): int32_t sample-rate = 48000
12-23 03:49:59.757 D/CCodec ( 1195): int32_t android._config-pcm-encoding = 2
12-23 03:49:59.757 D/CCodec ( 1195): }
12-23 03:49:59.758 I/CCodecConfig( 1195): query failed after returning 7 values (BAD_INDEX)
12-23 03:49:59.758 I/MediaCodec( 1195): MediaCodec will operate in async mode
12-23 03:49:59.758 D/MediaCodec( 1195): keep callback message for reclaim
12-23 03:49:59.758 W/Codec2Client( 1195): query -- param skipped: index = 1342179345.
12-23 03:49:59.758 W/Codec2Client( 1195): query -- param skipped: index = 2415921170.
12-23 03:49:59.759 D/CCodecBufferChannel( 1195): [c2.android.vorbis.decoder#296] Created input block pool with allocatorID 16 => poolID 25 - OK (0)
12-23 03:49:59.759 D/BufferPoolAccessor2.0( 1233): bufferpool2 0xb40000706a48ecb8 : 0(0 size) total buffers - 0(0 size) used buffers - 93/97 (recycle/alloc) - 4/96 (fetch/transfer)
12-23 03:49:59.760 D/BufferPoolAccessor2.0( 1233): Destruction - bufferpool2 0xb40000706a48ecb8 cached: 0/0M, 0/0% in use; allocs: 97, 96% recycled; transfers: 96, 96% unfetched
12-23 03:49:59.760 D/BufferPoolAccessor2.0( 1195): bufferpool2 0xf0302428 : 0(0 size) total buffers - 0(0 size) used buffers - 93/101 (recycle/alloc) - 8/198 (fetch/transfer)
12-23 03:49:59.760 D/BufferPoolAccessor2.0( 1195): Destruction - bufferpool2 0xf0302428 cached: 0/0M, 0/0% in use; allocs: 101, 92% recycled; transfers: 198, 96% unfetched
12-23 03:49:59.761 I/CCodecBufferChannel( 1195): [c2.android.vorbis.decoder#296] Created output block pool with allocatorID 16 => poolID 36 - OK
12-23 03:49:59.761 D/CCodecBufferChannel( 1195): [c2.android.vorbis.decoder#296] Configured output block pool ids 36 => OK
12-23 03:49:59.761 D/CCodecBufferChannel( 1195): [c2.android.vorbis.decoder#296] start: updating output delay 0
12-23 03:49:59.762 I/CCodecBufferChannel( 1195): pipelineRoom(3) is <= numClientBuffers(3). Not signalling any more buffers to client
12-23 03:49:59.762 D/SimpleC2Component( 1233): Using output block pool with poolID 36 => got 36 - 0
12-23 03:49:59.763 I/CCodecBufferChannel( 1195): pipelineRoom(2) is <= numClientBuffers(2). Not signalling any more buffers to client
12-23 03:49:59.763 I/CCodecBufferChannel( 1195): pipelineRoom(1) is <= numClientBuffers(1). Not signalling any more buffers to client
12-23 03:49:59.763 D/CCodecBufferChannel( 1195): [c2.android.vorbis.decoder#296] Discard frames from previous generation.
12-23 03:49:59.764 D/SimpleC2Component( 1233): work form old generation: was 1 now 0
12-23 03:49:59.765 D/BufferPoolAccessor2.0( 1233): Destruction - bufferpool2 0xb40000706a48f158 cached: 0/0M, 0/0% in use; allocs: 0, 0% recycled; transfers: 0, 0% unfetched
12-23 03:49:59.765 I/hw-BpHwBinder( 1195): onLastStrongRef automatically unlinking death recipients
12-23 03:49:59.765 V/C2Store ( 1233): in ~ComponentModule
12-23 03:49:59.765 V/C2Store ( 1233): unloading dll
12-23 03:49:59.767 D/NuPlayerDriver( 1195): notifyResetComplete(0xf0c82090)
12-23 03:49:59.768 W/AMessage( 1195): failed to post message as target looper for handler 0 is gone.
12-23 03:49:59.769 I/MediaFocusControl( 1507): abandonAudioFocus() from uid/pid 10081/2359 clientId=android.media.AudioManager@c0620d2
12-23 03:49:59.860 I/am_uid_idle( 1507): 10050
01-01 10:37:37.826 I/[schedu][0x29c429f2cd][03:49:59.901659] wlan( 0): [14370:I:OSIF] vdev 0, scan id 41017 type COMPLETED(1) reason COMPLETED(1) scan found 95 bss
12-23 03:49:59.902 D/LOWI-9.0.0.87.a( 1331): [LOWI-Scan] wait_event:Wait done with Cmd 34
12-23 03:49:59.902 D/LOWI-9.0.0.87.a( 1331): [LOWI-Scan] do_listen_events: Rcvd valid Netlink Cmd 34 Err 0
12-23 03:49:59.902 D/WifiNl80211Manager( 1507): Scan result ready event
12-23 03:49:59.902 D/WifiNative( 1507): Scan result ready event
12-23 03:49:59.903 D/LOWI-9.0.0.87.a( 1331): [LOWI-Scan]
12-23 03:49:59.903 D/LOWI-9.0.0.87.a( 1331): [LOWI-Scan] print_bss_handler: Report Probe TSF 9338831138 as it greater than Beacon TSF 9329334112
