12-23 03:38:14.475 I/am_wtf ( 1507): [0,1507,system_server,-1,DisplayDeviceConfig,requesting nits when no mapping exists.]
12-23 03:38:14.491 I/am_wtf ( 1507): [0,1507,system_server,-1,DisplayDeviceConfig,requesting nits when no mapping exists.]
12-23 03:38:14.491 I/am_wtf ( 1507): [0,1507,system_server,-1,DisplayDeviceConfig,requesting nits when no mapping exists.]
12-23 03:38:14.508 I/am_wtf ( 1507): [0,1507,system_server,-1,DisplayDeviceConfig,requesting nits when no mapping exists.]
12-23 03:38:14.508 I/am_wtf ( 1507): [0,1507,system_server,-1,DisplayDeviceConfig,requesting nits when no mapping exists.]
12-23 03:38:14.525 I/am_wtf ( 1507): [0,1507,system_server,-1,DisplayDeviceConfig,requesting nits when no mapping exists.]
12-23 03:38:14.525 I/am_wtf ( 1507): [0,1507,system_server,-1,DisplayDeviceConfig,requesting nits when no mapping exists.]
12-23 03:38:14.541 I/am_wtf ( 1507): [0,1507,system_server,-1,DisplayDeviceConfig,requesting nits when no mapping exists.]
12-23 03:38:14.541 I/am_wtf ( 1507): [0,1507,system_server,-1,DisplayDeviceConfig,requesting nits when no mapping exists.]
12-23 03:38:14.558 I/am_wtf ( 1507): [0,1507,system_server,-1,DisplayDeviceConfig,requesting nits when no mapping exists.]
12-23 03:38:14.558 I/am_wtf ( 1507): [0,1507,system_server,-1,DisplayDeviceConfig,requesting nits when no mapping exists.]
12-23 03:38:14.575 I/am_wtf ( 1507): [0,1507,system_server,-1,DisplayDeviceConfig,requesting nits when no mapping exists.]
12-23 03:38:14.575 I/am_wtf ( 1507): [0,1507,system_server,-1,DisplayDeviceConfig,requesting nits when no mapping exists.]
12-23 03:38:14.591 I/am_wtf ( 1507): [0,1507,system_server,-1,DisplayDeviceConfig,requesting nits when no mapping exists.]
12-23 03:38:14.592 I/am_wtf ( 1507): [0,1507,system_server,-1,DisplayDeviceConfig,requesting nits when no mapping exists.]
12-23 03:38:14.608 I/am_wtf ( 1507): [0,1507,system_server,-1,DisplayDeviceConfig,requesting nits when no mapping exists.]
12-23 03:38:14.608 I/am_wtf ( 1507): [0,1507,system_server,-1,DisplayDeviceConfig,requesting nits when no mapping exists.]
12-23 03:38:14.625 I/am_wtf ( 1507): [0,1507,system_server,-1,DisplayDeviceConfig,requesting nits when no mapping exists.]
12-23 03:38:14.625 I/am_wtf ( 1507): [0,1507,system_server,-1,DisplayDeviceConfig,requesting nits when no mapping exists.]
12-23 03:38:14.641 I/am_wtf ( 1507): [0,1507,system_server,-1,DisplayDeviceConfig,requesting nits when no mapping exists.]
12-23 03:38:14.642 I/am_wtf ( 1507): [0,1507,system_server,-1,DisplayDeviceConfig,requesting nits when no mapping exists.]
12-23 03:38:14.659 I/am_wtf ( 1507): [0,1507,system_server,-1,DisplayDeviceConfig,requesting nits when no mapping exists.]
12-23 03:38:14.659 I/am_wtf ( 1507): [0,1507,system_server,-1,DisplayDeviceConfig,requesting nits when no mapping exists.]
12-23 03:38:14.675 I/am_wtf ( 1507): [0,1507,system_server,-1,DisplayDeviceConfig,requesting nits when no mapping exists.]
12-23 03:38:14.675 I/am_wtf ( 1507): [0,1507,system_server,-1,DisplayDeviceConfig,requesting nits when no mapping exists.]
12-23 03:38:14.692 I/am_wtf ( 1507): [0,1507,system_server,-1,DisplayDeviceConfig,requesting nits when no mapping exists.]
12-23 03:38:14.692 I/am_wtf ( 1507): [0,1507,system_server,-1,DisplayDeviceConfig,requesting nits when no mapping exists.]
12-23 03:38:14.708 I/am_wtf ( 1507): [0,1507,system_server,-1,DisplayDeviceConfig,requesting nits when no mapping exists.]
12-23 03:38:14.709 I/am_wtf ( 1507): [0,1507,system_server,-1,DisplayDeviceConfig,requesting nits when no mapping exists.]
12-23 03:38:14.725 I/am_wtf ( 1507): [0,1507,system_server,-1,DisplayDeviceConfig,requesting nits when no mapping exists.]
12-23 03:38:14.726 I/am_wtf ( 1507): [0,1507,system_server,-1,DisplayDeviceConfig,requesting nits when no mapping exists.]
12-23 03:38:14.742 I/am_wtf ( 1507): [0,1507,system_server,-1,DisplayDeviceConfig,requesting nits when no mapping exists.]
12-23 03:38:14.742 I/am_wtf ( 1507): [0,1507,system_server,-1,DisplayDeviceConfig,requesting nits when no mapping exists.]
12-23 03:39:20.153 I/am_uid_idle( 1507): 10063
12-23 03:42:41.446 I/input_interaction( 1507): Interaction with: 32b057 com.thundercomm.screensaver/android.service.dreams.DreamActivity (server), edge-swipe (server), swipe-up (server), PointerEventDispatcher0 (server),
12-23 03:42:41.449 I/wm_finish_activity( 1507): [0,142988042,20,com.thundercomm.screensaver/android.service.dreams.DreamActivity,finish-activity]
12-23 03:42:41.449 I/service_manager_stats( 1507): [107,16,267592]
12-23 03:42:41.449 I/wm_task_moved( 1507): [1,1,5]
12-23 03:42:41.450 I/wm_task_moved( 1507): [10,1,2147483647]
12-23 03:42:41.450 I/wm_task_to_front( 1507): [0,10]
12-23 03:42:41.450 I/wm_focused_root_task( 1507): [0,0,1,20,finish-top adjustFocusToNextFocusableTask]
12-23 03:42:41.450 I/wm_set_resumed_activity( 1507): [0,com.android.launcher3/.uioverrides.QuickstepLauncher,finish-top adjustFocusToNextFocusableTask]
12-23 03:42:41.452 I/wm_pause_activity( 1507): [0,142988042,com.thundercomm.screensaver/android.service.dreams.DreamActivity,userLeaving=false,finish]
12-23 03:42:41.457 I/wm_on_top_resumed_lost_called( 4978): [142988042,android.service.dreams.DreamActivity,topStateChangedWhenResumed]
12-23 03:42:41.459 I/wm_on_paused_called( 4978): [142988042,android.service.dreams.DreamActivity,performPause]
12-23 03:42:41.461 I/wm_add_to_stopping( 1507): [0,142988042,com.thundercomm.screensaver/android.service.dreams.DreamActivity,completeFinishing]
12-23 03:42:41.464 I/wm_set_resumed_activity( 1507): [0,com.android.launcher3/.uioverrides.QuickstepLauncher,resumeTopActivityInnerLocked]
12-23 03:42:41.466 I/wm_resume_activity( 1507): [0,172149049,10,com.android.launcher3/.uioverrides.QuickstepLauncher]
12-23 03:42:41.469 I/sysui_multi_action( 1507): [757,803,799,window_time_0,802,268]
12-23 03:42:41.471 I/sysui_multi_action( 1507): [757,803,799,window_time_0,802,0]
12-23 03:42:41.476 I/input_focus( 1507): [Focus leaving 32b057 com.thundercomm.screensaver/android.service.dreams.DreamActivity (server),reason=NO_WINDOW]
12-23 03:42:41.478 I/wm_on_restart_called( 2820): [172149049,com.android.launcher3.uioverrides.QuickstepLauncher,performRestartActivity]
12-23 03:42:41.479 I/wm_on_start_called( 2820): [172149049,com.android.launcher3.uioverrides.QuickstepLauncher,handleStartActivity]
12-23 03:42:41.479 I/wm_on_resume_called( 2820): [172149049,com.android.launcher3.uioverrides.QuickstepLauncher,RESUME_ACTIVITY]
12-23 03:42:41.479 I/wm_on_top_resumed_gained_called( 2820): [172149049,com.android.launcher3.uioverrides.QuickstepLauncher,topWhenResuming]
12-23 03:42:41.481 I/view_enqueue_input_event( 4978): [Motion - Cancel,com.thundercomm.screensaver/android.service.dreams.DreamActivity]
12-23 03:42:41.484 I/input_interaction( 1507): Interaction with: edge-swipe (server), swipe-up (server), PointerEventDispatcher0 (server),
12-23 03:42:41.486 I/input_focus( 1507): [Focus request 92cfa7 com.android.launcher3/com.android.launcher3.uioverrides.QuickstepLauncher,reason=UpdateInputWindows]
12-23 03:42:41.488 I/am_uid_active( 1507): 10063
12-23 03:42:41.489 I/am_pss ( 1507): [14219,1000,com.android.settings,25596928,14032896,0,122982400,0,19,5]
12-23 03:42:41.494 I/am_pss ( 1507): [13954,1000,com.qti.diagservices,6484992,3850240,0,94801920,0,10,5]
12-23 03:42:41.500 I/am_pss ( 1507): [3884,10068,com.qualcomm.qti.devicestatisticsservice,5857280,3620864,0,90054656,0,0,5]
12-23 03:42:41.501 I/input_focus( 1507): [Focus entering 92cfa7 com.android.launcher3/com.android.launcher3.uioverrides.QuickstepLauncher (server),reason=setFocusedWindow]
12-23 03:42:41.738 I/wm_destroy_activity( 1507): [0,142988042,20,com.thundercomm.screensaver/android.service.dreams.DreamActivity,finish-imm:idle]
12-23 03:42:41.758 I/wm_on_stop_called( 4978): [142988042,android.service.dreams.DreamActivity,LIFECYCLER_STOP_ACTIVITY]
12-23 03:42:41.758 I/wm_on_destroy_called( 4978): [142988042,android.service.dreams.DreamActivity,performDestroy]
12-23 03:42:41.761 I/sysui_multi_action( 1507): [757,222,758,2]
12-23 03:42:41.762 I/sysui_multi_action( 1507): [757,804,799,dreaming_minutes,801,4,802,1]
12-23 03:42:41.770 I/wm_task_removed( 1507): [20,removeChild:removeChild last r=ActivityRecord{885d30a u0 com.thundercomm.screensaver/android.service.dreams.DreamActivity t-1 f}} in t=Task{b1f8974 #20 type=dream A=10050:android:com.thundercomm.screensaver/dream U=0 visible=false mode=fullscreen translucent=true sz=0}]
12-23 03:42:41.770 I/wm_task_removed( 1507): [20,removeChild]
12-23 03:42:43.339 I/input_interaction( 1507): Interaction with: 92cfa7 com.android.launcher3/com.android.launcher3.uioverrides.QuickstepLauncher (server), f168a65 com.android.systemui.ImageWallpaper (server), edge-swipe (server), swipe-up (server), PointerEventDispatcher0 (server),
12-23 03:42:43.497 I/wm_task_created( 1507): [21,-1]
12-23 03:42:43.500 I/wm_task_moved( 1507): [21,1,6]
12-23 03:42:43.500 I/wm_task_to_front( 1507): [0,21]
12-23 03:42:43.500 I/wm_create_task( 1507): [0,21]
12-23 03:42:43.500 I/wm_create_activity( 1507): [0,124469811,21,com.android.settings/.Settings,android.intent.action.MAIN,NULL,NULL,270532608]
12-23 03:42:43.500 I/wm_task_moved( 1507): [21,1,6]
12-23 03:42:43.500 I/wm_pause_activity( 1507): [0,172149049,com.android.launcher3/.uioverrides.QuickstepLauncher,userLeaving=true,pauseBackTasks]
12-23 03:42:43.504 I/wm_on_top_resumed_lost_called( 2820): [172149049,com.android.launcher3.uioverrides.QuickstepLauncher,topStateChangedWhenResumed]
12-23 03:42:43.504 I/wm_on_paused_called( 2820): [172149049,com.android.launcher3.uioverrides.QuickstepLauncher,performPause]
12-23 03:42:43.505 I/wm_add_to_stopping( 1507): [0,172149049,com.android.launcher3/.uioverrides.QuickstepLauncher,makeInvisible]
12-23 03:42:43.505 I/wm_restart_activity( 1507): [0,124469811,21,com.android.settings/.Settings]
12-23 03:42:43.506 I/wm_set_resumed_activity( 1507): [0,com.android.settings/.Settings,minimalResumeActivityLocked]
12-23 03:42:43.511 I/sysui_multi_action( 1507): [757,803,799,window_time_0,802,2]
12-23 03:42:43.522 I/input_focus( 1507): [Focus leaving 92cfa7 com.android.launcher3/com.android.launcher3.uioverrides.QuickstepLauncher (server),reason=NO_WINDOW]
12-23 03:42:43.631 I/am_uid_running( 1507): 10083
12-23 03:42:43.635 I/wm_on_create_called(14219): [124469811,com.android.settings.Settings,performCreate]
12-23 03:42:43.636 I/am_proc_start( 1507): [0,14301,10083,com.qualcomm.qti.qccauthmgr,content provider,{com.qualcomm.qti.qccauthmgr/com.qualcomm.qti.qccauthmgr.providers.SMQContentProvider}]
12-23 03:42:43.645 I/am_proc_bound( 1507): [0,14301,com.qualcomm.qti.qccauthmgr]
12-23 03:42:43.647 I/am_uid_active( 1507): 10083
12-23 03:42:43.673 I/wm_on_start_called(14219): [124469811,com.android.settings.Settings,handleStartActivity]
12-23 03:42:43.674 I/snet_event_log(14219): [120484087,-1,]
12-23 03:42:43.675 I/wm_on_resume_called(14219): [124469811,com.android.settings.Settings,RESUME_ACTIVITY]
12-23 03:42:43.677 I/sysui_multi_action(14219): [757,35,758,1,833,0,1089,39]
12-23 03:42:43.679 I/auditd ( 562): type=1400 audit(0.0:964): avc: denied { read } for comm="Binder:562_2" name="wakeup58" dev="sysfs" ino=71681 scontext=u:r:system_suspend:s0 tcontext=u:object_r:sysfs:s0 tclass=dir permissive=0
12-23 03:42:43.684 I/sysui_multi_action(14219): [757,1729,758,4,854,isParalleledControllers:false,1089,46]
12-23 03:42:43.679 I/auditd ( 562): type=1400 audit(0.0:965): avc: denied { read } for comm="Binder:562_2" name="wakeup48" dev="sysfs" ino=67398 scontext=u:r:system_suspend:s0 tcontext=u:object_r:sysfs:s0 tclass=dir permissive=0
12-23 03:42:43.679 I/auditd ( 562): type=1400 audit(0.0:966): avc: denied { read } for comm="Binder:562_2" name="wakeup4" dev="sysfs" ino=47049 scontext=u:r:system_suspend:s0 tcontext=u:object_r:sysfs:s0 tclass=dir permissive=0
12-23 03:42:43.679 I/auditd ( 562): type=1400 audit(0.0:967): avc: denied { read } for comm="Binder:562_2" name="wakeup76" dev="sysfs" ino=76726 scontext=u:r:system_suspend:s0 tcontext=u:object_r:sysfs:s0 tclass=dir permissive=0
12-23 03:42:43.679 I/auditd ( 562): type=1400 audit(0.0:968): avc: denied { read } for comm="Binder:562_2" name="wakeup28" dev="sysfs" ino=53254 scontext=u:r:system_suspend:s0 tcontext=u:object_r:sysfs:s0 tclass=dir permissive=0
12-23 03:42:43.691 I/wm_on_top_resumed_gained_called(14219): [124469811,com.android.settings.Settings,topStateChangedWhenResumed]
12-23 03:42:43.735 I/input_focus( 1507): [Focus request 9592226 com.android.settings/com.android.settings.Settings,reason=UpdateInputWindows]
12-23 03:42:43.772 I/sysui_multi_action( 1507): [324,1,757,1090,758,12,806,com.android.settings,871,com.android.settings.Settings,1091,281]
12-23 03:42:43.775 I/sysui_multi_action( 1507): [319,29,321,27,322,281,325,8904,757,761,758,8,759,1,806,com.android.settings,871,com.android.settings.Settings,904,com.android.launcher3,905,0,1320,4,1321,1]
12-23 03:42:43.775 I/wm_activity_launch_time( 1507): [0,124469811,com.android.settings/.Settings,281]
12-23 03:42:43.789 I/input_focus( 1507): [Focus entering 9592226 com.android.settings/com.android.settings.Settings (server),reason=Window became focusable. Previous reason: NOT_VISIBLE]
12-23 03:42:43.799 W/CarrierConfigManager(14219): Error getting config for subId -1 ICarrierConfigLoader is null
12-23 03:42:43.826 I/sysui_multi_action(14219): [757,746,758,1,833,0,1089,36]
12-23 03:42:43.827 D/TelephonyRegistry( 1507): listen oscl: mHasNotifySubscriptionInfoChangedOccurred==false no callback
12-23 03:42:43.829 D/TelephonyRegistry( 1507): listen oscl: mHasNotifySubscriptionInfoChangedOccurred==false no callback
12-23 03:42:43.834 I/sysui_multi_action(14219): [757,1729,758,4,854,isParalleledControllers:false,1089,43]
12-23 03:42:44.057 I/wm_stop_activity( 1507): [0,172149049,com.android.launcher3/.uioverrides.QuickstepLauncher]
12-23 03:42:44.080 I/wm_on_stop_called( 2820): [172149049,com.android.launcher3.uioverrides.QuickstepLauncher,STOP_ACTIVITY_ITEM]
12-23 03:42:44.722 I/input_interaction( 1507): Interaction with: 9592226 com.android.settings/com.android.settings.Settings (server), edge-swipe (server), swipe-up (server), PointerEventDispatcher0 (server),
12-23 03:42:46.300 I/sysui_multi_action(14219): [757,830,758,4,833,0,854,main_toggle_wifi,1089,0]
12-23 03:42:46.318 I/sysui_multi_action(14219): [757,746,758,2,1089,2491]
12-23 03:42:46.350 I/netstats_mobile_sample( 1507): [0,0,0,0,0,0,0,0,0,0,0,0,1671738166350]
12-23 03:42:46.350 I/netstats_wifi_sample( 1507): [0,0,0,0,0,0,0,0,0,0,0,0,1671738166350]
12-23 03:42:46.368 I/netstats_mobile_sample( 1507): [0,0,0,0,0,0,0,0,0,0,0,0,1671738166367]
12-23 03:42:46.368 I/netstats_wifi_sample( 1507): [0,0,0,0,0,0,0,0,0,0,0,0,1671738166367]
12-23 03:42:46.412 I/sysui_multi_action(14219): [757,103,758,1,833,0,1089,81]
12-23 03:42:47.828 I/sysui_multi_action(14219): [757,853,758,4,854,null/switch_bar,1089,1]
12-23 03:42:47.830 I/sysui_multi_action(14219): [757,139,758,4]
12-23 03:42:48.041 I/commit_sys_config_file( 1507): [settings-0-0,8]
12-23 03:42:50.628 I/notification_enqueue( 1507): [1000,1507,android,17303299,com.android.wifi,0,Notification(channel=NETWORK_AVAILABLE shortcut=null contentView=null vibrate=null sound=null tick defaults=0x0 flags=0x100 color=0x00000000 actions=2 vis=PRIVATE),0]
12-23 03:42:50.829 I/sysui_multi_action( 1507): [757,1501,758,1,793,201,794,0,795,201,796,17303299,797,com.android.wifi,806,android,857,NETWORK_AVAILABLE,858,2,947,0,1500,0,1688,1]
12-23 03:42:50.830 I/sysui_multi_action( 1507): [757,804,799,note_interruptive,801,0,802,1]
12-23 03:42:57.152 I/sysui_multi_action(14219): [757,135,758,4,759,0]
12-23 03:42:57.170 I/wm_task_moved( 1507): [21,1,6]
12-23 03:42:57.170 I/wm_set_resumed_activity( 1507): [0,com.android.settings/.Settings,positionChildAt]
12-23 03:42:57.170 I/wm_create_activity( 1507): [0,137370426,21,com.android.settings/.SubSettings,android.intent.action.MAIN,NULL,NULL,0]
12-23 03:42:57.171 I/wm_pause_activity( 1507): [0,124469811,com.android.settings/.Settings,userLeaving=true,resumeTopActivityInnerLocked]
12-23 03:42:57.173 I/wm_on_top_resumed_lost_called(14219): [124469811,com.android.settings.Settings,topStateChangedWhenResumed]
12-23 03:42:57.175 I/sysui_multi_action(14219): [757,35,758,2,1089,13498]
12-23 03:42:57.175 I/sysui_multi_action(14219): [757,103,758,2,1089,10763]
12-23 03:42:57.176 I/wm_on_paused_called(14219): [124469811,com.android.settings.Settings,performPause]
12-23 03:42:57.177 I/wm_add_to_stopping( 1507): [0,124469811,com.android.settings/.Settings,makeInvisible]
12-23 03:42:57.177 I/wm_restart_activity( 1507): [0,137370426,21,com.android.settings/.SubSettings]
12-23 03:42:57.177 I/wm_set_resumed_activity( 1507): [0,com.android.settings/.SubSettings,minimalResumeActivityLocked]
12-23 03:42:57.179 I/sysui_multi_action( 1507): [757,803,799,window_time_0,802,13]
12-23 03:42:57.189 I/am_pss ( 1507): [14219,1000,com.android.settings,166373376,152010752,0,305930240,0,2,10]
12-23 03:42:57.200 I/wm_finish_activity( 1507): [0,137370426,21,com.android.settings/.SubSettings,clear-task-stack]
12-23 03:42:57.203 I/wm_pause_activity( 1507): [0,137370426,com.android.settings/.SubSettings,userLeaving=false,finish]
12-23 03:42:57.204 I/wm_new_intent( 1507): [0,124469811,21,com.android.settings/.Settings,android.intent.action.MAIN,NULL,NULL,270532608]
12-23 03:42:57.204 I/wm_task_moved( 1507): [21,1,6]
12-23 03:42:57.204 I/input_focus( 1507): [Focus leaving 9592226 com.android.settings/com.android.settings.Settings (server),reason=NO_WINDOW]
12-23 03:42:57.205 I/wm_on_create_called(14219): [137370426,com.android.settings.SubSettings,performCreate]
12-23 03:42:57.207 I/wm_add_to_stopping( 1507): [0,137370426,com.android.settings/.SubSettings,completeFinishing]
12-23 03:42:57.208 I/wm_set_resumed_activity( 1507): [0,com.android.settings/.Settings,resumeTopActivityInnerLocked]
12-23 03:42:57.208 I/wm_resume_activity( 1507): [0,124469811,21,com.android.settings/.Settings]
12-23 03:42:57.210 I/input_focus( 1507): [Focus request 9592226 com.android.settings/com.android.settings.Settings,reason=UpdateInputWindows]
12-23 03:42:57.210 I/sysui_multi_action( 1507): [757,803,799,window_time_0,802,1]
12-23 03:42:57.211 I/wm_on_activity_result_called(14219): [124469811,com.android.settings.Settings,ACTIVITY_RESULT]
12-23 03:42:57.211 I/wm_on_resume_called(14219): [124469811,com.android.settings.Settings,RESUME_ACTIVITY]
12-23 03:42:57.212 I/sysui_multi_action(14219): [757,35,758,1,833,0,1089,0]
12-23 03:42:57.213 I/sysui_multi_action(14219): [757,103,758,1,833,0,1089,0]
12-23 03:42:57.215 I/wm_on_top_resumed_gained_called(14219): [124469811,com.android.settings.Settings,topWhenResuming]
12-23 03:42:57.238 I/input_focus( 1507): [Focus entering 9592226 com.android.settings/com.android.settings.Settings (server),reason=Window became focusable. Previous reason: NO_WINDOW]
12-23 03:42:57.272 I/wm_destroy_activity( 1507): [0,137370426,21,com.android.settings/.SubSettings,finish-imm:idle]
12-23 03:42:57.273 I/wm_on_destroy_called(14219): [137370426,com.android.settings.SubSettings,performDestroy]
12-23 03:42:57.450 I/sysui_multi_action(14219): [757,1800,758,1,833,0,1089,38]
12-23 03:42:58.678 I/liblog ( 1331): 160
12-23 03:42:58.700 I/am_uid_running( 1507): 10069
12-23 03:42:58.703 I/am_proc_start( 1507): [0,14484,10069,com.android.webview:webview_service,service,{com.android.webview/org.chromium.android_webview.services.VariationsSeedServer}]
12-23 03:42:58.715 I/am_proc_bound( 1507): [0,14484,com.android.webview:webview_service]
12-23 03:42:58.716 I/am_uid_active( 1507): 10069
12-23 03:42:58.770 I/commit_sys_config_file( 1507): [settings-3-0,2]
12-23 03:42:58.773 I/commit_sys_config_file( 1507): [settings-1-0,1]
12-23 03:42:59.370 I/input_interaction( 1507): Interaction with: 8f5be9a PopupWindow:6f560f2 (server), edge-swipe (server), swipe-up (server), PointerEventDispatcher0 (server),
12-23 03:42:59.603 I/am_uid_running( 1507): 10093
12-23 03:42:59.617 I/am_proc_start( 1507): [0,14509,10093,com.android.permissioncontroller,service,{com.android.permissioncontroller/com.android.permissioncontroller.permission.service.PermissionControllerServiceImpl}]
12-23 03:42:59.644 I/am_proc_bound( 1507): [0,14509,com.android.permissioncontroller]
12-23 03:42:59.646 I/am_uid_active( 1507): 10093
12-23 03:43:08.588 I/commit_sys_config_file( 1507): [uri-grants,4]
12-23 03:43:08.591 I/commit_sys_config_file( 1507): [package-user-0,6]
12-23 03:43:11.842 I/input_interaction( 1507): Interaction with: 9592226 com.android.settings/com.android.settings.Settings (server), edge-swipe (server), swipe-up (server), PointerEventDispatcher0 (server),
12-23 03:43:11.988 I/sysui_multi_action(14219): [757,1800,758,2,1089,14536]
12-23 03:43:12.503 I/service_manager_stats( 1507): [100,58,31054]
12-23 03:43:12.508 I/netstats_mobile_sample( 1507): [0,0,0,0,0,0,0,0,0,0,0,0,1671738192508]
12-23 03:43:12.508 I/netstats_wifi_sample( 1507): [0,0,0,0,0,0,0,0,0,0,0,0,1671738192508]
12-23 03:43:12.690 I/netstats_mobile_sample( 1507): [0,0,0,0,0,0,0,0,0,0,0,0,1671738192690]
12-23 03:43:12.690 I/netstats_wifi_sample( 1507): [0,0,0,0,0,0,0,0,0,0,0,0,1671738192690]
12-23 03:43:14.989 I/netstats_mobile_sample( 1507): [0,0,0,0,0,0,0,0,0,0,0,0,1671738194989]
12-23 03:43:14.989 I/netstats_wifi_sample( 1507): [0,0,0,0,0,0,0,0,0,0,0,0,1671738194989]
12-23 03:43:15.028 I/sysui_multi_action( 1507): [757,128,758,5,759,8,793,24400,794,0,795,24400,796,17303299,797,com.android.wifi,806,android,857,NETWORK_AVAILABLE,858,2,947,0,1500,24199,1688,1]
12-23 03:43:15.028 I/notification_canceled( 1507): [0|android|17303299|com.android.wifi|1000,8,24400,24400,0,-1,-1,NULL]
12-23 03:43:15.031 I/netstats_mobile_sample( 1507): [0,0,0,0,0,0,0,0,0,0,0,0,1671738195031]
12-23 03:43:15.031 I/netstats_wifi_sample( 1507): [0,0,0,0,0,0,0,0,0,0,0,0,1671738195031]
12-23 03:43:15.059 I/netstats_mobile_sample( 1507): [0,0,0,0,0,0,0,0,0,0,0,0,1671738195059]
12-23 03:43:15.059 I/netstats_wifi_sample( 1507): [0,0,0,0,0,0,0,0,0,0,0,0,1671738195059]
12-23 03:43:15.088 I/netstats_mobile_sample( 1507): [0,0,0,0,0,0,0,0,0,0,0,0,1671738195088]
12-23 03:43:15.088 I/netstats_wifi_sample( 1507): [0,0,0,0,0,0,0,0,0,0,0,0,1671738195088]
12-23 03:43:15.150 I/am_pss ( 1507): [14219,1000,com.android.settings,176103424,160219136,0,314605568,0,2,10]
12-23 03:43:20.113 I/ntp_failure( 1507): [time.android.com/216.239.35.8,java.net.SocketTimeoutException: Poll timed out]
12-23 03:43:21.167 I/auditd ( 0): type=1400 audit(0.0:1064): avc: denied { kill } for comm="swapper/6" capability=5 scontext=u:r:kernel:s0 tcontext=u:r:kernel:s0 tclass=capability permissive=0
12-23 03:43:23.167 I/auditd ( 0): type=1400 audit(0.0:1065): avc: denied { kill } for comm="swapper/3" capability=5 scontext=u:r:kernel:s0 tcontext=u:r:kernel:s0 tclass=capability permissive=0
12-23 03:43:25.123 I/ntp_failure( 1507): [time.android.com/216.239.35.12,java.net.SocketTimeoutException: Poll timed out]
12-23 03:43:25.171 I/auditd ( 0): type=1400 audit(0.0:1066): avc: denied { kill } for comm="swapper/1" capability=5 scontext=u:r:kernel:s0 tcontext=u:r:kernel:s0 tclass=capability permissive=0
12-23 03:43:26.171 I/auditd ( 0): type=1400 audit(0.0:1067): avc: denied { kill } for comm="swapper/1" capability=5 scontext=u:r:kernel:s0 tcontext=u:r:kernel:s0 tclass=capability permissive=0
12-23 03:43:27.171 I/auditd ( 0): type=1400 audit(0.0:1068): avc: denied { kill } for comm="swapper/1" capability=5 scontext=u:r:kernel:s0 tcontext=u:r:kernel:s0 tclass=capability permissive=0
12-23 03:43:28.171 I/auditd ( 0): type=1400 audit(0.0:1069): avc: denied { kill } for comm="swapper/1" capability=5 scontext=u:r:kernel:s0 tcontext=u:r:kernel:s0 tclass=capability permissive=0
12-23 03:43:29.171 I/auditd ( 0): type=1400 audit(0.0:1070): avc: denied { kill } for comm="swapper/1" capability=5 scontext=u:r:kernel:s0 tcontext=u:r:kernel:s0 tclass=capability permissive=0
12-23 03:43:30.132 I/ntp_failure( 1507): [time.android.com/216.239.35.0,java.net.SocketTimeoutException: Poll timed out]
12-23 03:43:30.171 I/auditd ( 0): type=1400 audit(0.0:1071): avc: denied { kill } for comm="swapper/1" capability=5 scontext=u:r:kernel:s0 tcontext=u:r:kernel:s0 tclass=capability permissive=0
12-23 03:43:31.171 I/auditd ( 0): type=1400 audit(0.0:1072): avc: denied { kill } for comm="swapper/1" capability=5 scontext=u:r:kernel:s0 tcontext=u:r:kernel:s0 tclass=capability permissive=0
12-23 03:43:32.167 I/auditd ( 0): type=1400 audit(0.0:1073): avc: denied { kill } for comm="swapper/1" capability=5 scontext=u:r:kernel:s0 tcontext=u:r:kernel:s0 tclass=capability permissive=0
12-23 03:43:33.167 I/auditd ( 0): type=1400 audit(0.0:1074): avc: denied { kill } for comm="swapper/1" capability=5 scontext=u:r:kernel:s0 tcontext=u:r:kernel:s0 tclass=capability permissive=0
12-23 03:43:34.171 I/auditd ( 0): type=1400 audit(0.0:1075): avc: denied { kill } for comm="swapper/1" capability=5 scontext=u:r:kernel:s0 tcontext=u:r:kernel:s0 tclass=capability permissive=0
12-23 03:43:35.141 I/ntp_failure( 1507): [time.android.com/216.239.35.4,java.net.SocketTimeoutException: Poll timed out]
12-23 03:43:35.167 I/auditd ( 0): type=1400 audit(0.0:1076): avc: denied { kill } for comm="swapper/1" capability=5 scontext=u:r:kernel:s0 tcontext=u:r:kernel:s0 tclass=capability permissive=0
12-23 03:43:36.167 I/auditd ( 0): type=1400 audit(0.0:1077): avc: denied { kill } for comm="swapper/1" capability=5 scontext=u:r:kernel:s0 tcontext=u:r:kernel:s0 tclass=capability permissive=0
12-23 03:43:37.171 I/auditd ( 0): type=1400 audit(0.0:1078): avc: denied { kill } for comm="swapper/1" capability=5 scontext=u:r:kernel:s0 tcontext=u:r:kernel:s0 tclass=capability permissive=0
12-23 03:43:38.171 I/auditd ( 0): type=1400 audit(0.0:1079): avc: denied { kill } for comm="swapper/3" capability=5 scontext=u:r:kernel:s0 tcontext=u:r:kernel:s0 tclass=capability permissive=0
12-23 03:43:39.167 I/auditd ( 0): type=1400 audit(0.0:1080): avc: denied { kill } for comm="swapper/3" capability=5 scontext=u:r:kernel:s0 tcontext=u:r:kernel:s0 tclass=capability permissive=0
12-23 03:43:40.171 I/auditd ( 0): type=1400 audit(0.0:1081): avc: denied { kill } for comm="swapper/3" capability=5 scontext=u:r:kernel:s0 tcontext=u:r:kernel:s0 tclass=capability permissive=0
12-23 03:43:41.167 I/auditd ( 0): type=1400 audit(0.0:1082): avc: denied { kill } for comm="swapper/3" capability=5 scontext=u:r:kernel:s0 tcontext=u:r:kernel:s0 tclass=capability permissive=0
12-23 03:43:41.675 I/liblog ( 1331): 61
12-23 03:43:41.764 I/am_uid_idle( 1507): 10050
12-23 03:43:42.167 I/auditd ( 0): type=1400 audit(0.0:1083): avc: denied { kill } for comm="swapper/3" capability=5 scontext=u:r:kernel:s0 tcontext=u:r:kernel:s0 tclass=capability permissive=0
12-23 03:43:43.167 I/auditd ( 0): type=1400 audit(0.0:1084): avc: denied { kill } for comm="swapper/3" capability=5 scontext=u:r:kernel:s0 tcontext=u:r:kernel:s0 tclass=capability permissive=0
12-23 03:43:44.167 I/auditd ( 0): type=1400 audit(0.0:1085): avc: denied { kill } for comm="swapper/3" capability=5 scontext=u:r:kernel:s0 tcontext=u:r:kernel:s0 tclass=capability permissive=0
12-23 03:43:45.171 I/auditd ( 0): type=1400 audit(0.0:1086): avc: denied { kill } for comm="swapper/3" capability=5 scontext=u:r:kernel:s0 tcontext=u:r:kernel:s0 tclass=capability permissive=0
12-23 03:43:46.167 I/auditd ( 0): type=1400 audit(0.0:1087): avc: denied { kill } for comm="swapper/3" capability=5 scontext=u:r:kernel:s0 tcontext=u:r:kernel:s0 tclass=capability permissive=0
12-23 03:43:47.171 I/auditd ( 0): type=1400 audit(0.0:1088): avc: denied { kill } for comm="swapper/3" capability=5 scontext=u:r:kernel:s0 tcontext=u:r:kernel:s0 tclass=capability permissive=0
12-23 03:43:47.983 I/auditd (14849): type=1400 audit(0.0:1089): avc: denied { read } for comm="cat" name="address" dev="sysfs" ino=61788 scontext=u:r:platform_app:s0:c512,c768 tcontext=u:object_r:sysfs:s0 tclass=file permissive=0 app=com.hht.lebocast
12-23 03:43:48.167 I/auditd ( 0): type=1400 audit(0.0:1090): avc: denied { kill } for comm="swapper/3" capability=5 scontext=u:r:kernel:s0 tcontext=u:r:kernel:s0 tclass=capability permissive=0
12-23 03:43:49.171 I/auditd ( 0): type=1400 audit(0.0:1091): avc: denied { kill } for comm="swapper/3" capability=5 scontext=u:r:kernel:s0 tcontext=u:r:kernel:s0 tclass=capability permissive=0
12-23 03:43:50.167 I/auditd ( 0): type=1400 audit(0.0:1092): avc: denied { kill } for comm="swapper/3" capability=5 scontext=u:r:kernel:s0 tcontext=u:r:kernel:s0 tclass=capability permissive=0
12-23 03:43:51.167 I/auditd ( 0): type=1400 audit(0.0:1093): avc: denied { kill } for comm="swapper/3" capability=5 scontext=u:r:kernel:s0 tcontext=u:r:kernel:s0 tclass=capability permissive=0
12-23 03:43:53.167 I/auditd ( 0): type=1400 audit(0.0:1094): avc: denied { kill } for comm="swapper/0" capability=5 scontext=u:r:kernel:s0 tcontext=u:r:kernel:s0 tclass=capability permissive=0
12-23 03:43:54.167 I/auditd ( 0): type=1400 audit(0.0:1095): avc: denied { kill } for comm="swapper/0" capability=5 scontext=u:r:kernel:s0 tcontext=u:r:kernel:s0 tclass=capability permissive=0
12-23 03:43:55.171 I/auditd ( 0): type=1400 audit(0.0:1096): avc: denied { kill } for comm="swapper/0" capability=5 scontext=u:r:kernel:s0 tcontext=u:r:kernel:s0 tclass=capability permissive=0
12-23 03:43:57.171 I/auditd ( 0): type=1400 audit(0.0:1097): avc: denied { kill } for comm="swapper/0" capability=5 scontext=u:r:kernel:s0 tcontext=u:r:kernel:s0 tclass=capability permissive=0
12-23 03:43:58.167 I/auditd ( 0): type=1400 audit(0.0:1098): avc: denied { kill } for comm="swapper/1" capability=5 scontext=u:r:kernel:s0 tcontext=u:r:kernel:s0 tclass=capability permissive=0
12-23 03:43:58.749 I/am_uid_idle( 1507): 10069
12-23 03:43:59.167 I/auditd ( 0): type=1400 audit(0.0:1099): avc: denied { kill } for comm="swapper/1" capability=5 scontext=u:r:kernel:s0 tcontext=u:r:kernel:s0 tclass=capability permissive=0
12-23 03:44:00.167 I/auditd ( 0): type=1400 audit(0.0:1100): avc: denied { kill } for comm="swapper/1" capability=5 scontext=u:r:kernel:s0 tcontext=u:r:kernel:s0 tclass=capability permissive=0
12-23 03:44:03.167 I/auditd ( 0): type=1400 audit(0.0:1101): avc: denied { kill } for comm="swapper/3" capability=5 scontext=u:r:kernel:s0 tcontext=u:r:kernel:s0 tclass=capability permissive=0
12-23 03:44:03.319 I/am_uid_idle( 1507): 10063
12-23 03:44:04.167 I/auditd ( 0): type=1400 audit(0.0:1102): avc: denied { kill } for comm="swapper/3" capability=5 scontext=u:r:kernel:s0 tcontext=u:r:kernel:s0 tclass=capability permissive=0
12-23 03:44:04.984 I/sysui_multi_action( 1507): [757,1696,758,6,759,2]
12-23 03:44:05.001 I/am_wtf ( 1507): [0,1507,system_server,-1,DisplayDeviceConfig,requesting nits when no mapping exists.]
12-23 03:44:05.005 I/am_wtf ( 1507): [0,1507,system_server,-1,DisplayDeviceConfig,requesting nits when no mapping exists.]
12-23 03:44:05.016 I/am_wtf ( 1507): [0,1507,system_server,-1,DisplayDeviceConfig,requesting nits when no mapping exists.]
12-23 03:44:05.018 I/am_wtf ( 1507): [0,1507,system_server,-1,DisplayDeviceConfig,requesting nits when no mapping exists.]
12-23 03:44:05.033 I/am_wtf ( 1507): [0,1507,system_server,-1,DisplayDeviceConfig,requesting nits when no mapping exists.]
12-23 03:44:05.034 I/am_wtf ( 1507): [0,1507,system_server,-1,DisplayDeviceConfig,requesting nits when no mapping exists.]
12-23 03:44:05.052 I/am_wtf ( 1507): [0,1507,system_server,-1,DisplayDeviceConfig,requesting nits when no mapping exists.]
12-23 03:44:05.052 I/am_wtf ( 1507): [0,1507,system_server,-1,DisplayDeviceConfig,requesting nits when no mapping exists.]
12-23 03:44:05.068 I/am_wtf ( 1507): [0,1507,system_server,-1,DisplayDeviceConfig,requesting nits when no mapping exists.]
12-23 03:44:05.069 I/am_wtf ( 1507): [0,1507,system_server,-1,DisplayDeviceConfig,requesting nits when no mapping exists.]
12-23 03:44:05.085 I/am_wtf ( 1507): [0,1507,system_server,-1,DisplayDeviceConfig,requesting nits when no mapping exists.]
12-23 03:44:05.085 I/am_wtf ( 1507): [0,1507,system_server,-1,DisplayDeviceConfig,requesting nits when no mapping exists.]
12-23 03:44:05.102 I/am_wtf ( 1507): [0,1507,system_server,-1,DisplayDeviceConfig,requesting nits when no mapping exists.]
12-23 03:44:05.103 I/am_wtf ( 1507): [0,1507,system_server,-1,DisplayDeviceConfig,requesting nits when no mapping exists.]
12-23 03:44:05.119 I/am_wtf ( 1507): [0,1507,system_server,-1,DisplayDeviceConfig,requesting nits when no mapping exists.]
12-23 03:44:05.120 I/am_wtf ( 1507): [0,1507,system_server,-1,DisplayDeviceConfig,requesting nits when no mapping exists.]
12-23 03:44:05.136 I/am_wtf ( 1507): [0,1507,system_server,-1,DisplayDeviceConfig,requesting nits when no mapping exists.]
12-23 03:44:05.137 I/am_wtf ( 1507): [0,1507,system_server,-1,DisplayDeviceConfig,requesting nits when no mapping exists.]
12-23 03:44:05.152 I/am_wtf ( 1507): [0,1507,system_server,-1,DisplayDeviceConfig,requesting nits when no mapping exists.]
12-23 03:44:05.153 I/am_wtf ( 1507): [0,1507,system_server,-1,DisplayDeviceConfig,requesting nits when no mapping exists.]
12-23 03:44:05.169 I/am_wtf ( 1507): [0,1507,system_server,-1,DisplayDeviceConfig,requesting nits when no mapping exists.]
12-23 03:44:05.170 I/am_wtf ( 1507): [0,1507,system_server,-1,DisplayDeviceConfig,requesting nits when no mapping exists.]
12-23 03:44:05.167 I/auditd ( 0): type=1400 audit(0.0:1103): avc: denied { kill } for comm="swapper/3" capability=5 scontext=u:r:kernel:s0 tcontext=u:r:kernel:s0 tclass=capability permissive=0
12-23 03:44:05.185 I/am_wtf ( 1507): [0,1507,system_server,-1,DisplayDeviceConfig,requesting nits when no mapping exists.]
12-23 03:44:05.186 I/am_wtf ( 1507): [0,1507,system_server,-1,DisplayDeviceConfig,requesting nits when no mapping exists.]
12-23 03:44:05.202 I/am_wtf ( 1507): [0,1507,system_server,-1,DisplayDeviceConfig,requesting nits when no mapping exists.]
12-23 03:44:05.203 I/am_wtf ( 1507): [0,1507,system_server,-1,DisplayDeviceConfig,requesting nits when no mapping exists.]
12-23 03:44:05.219 I/am_wtf ( 1507): [0,1507,system_server,-1,DisplayDeviceConfig,requesting nits when no mapping exists.]
12-23 03:44:05.219 I/am_wtf ( 1507): [0,1507,system_server,-1,DisplayDeviceConfig,requesting nits when no mapping exists.]
12-23 03:44:05.235 I/am_wtf ( 1507): [0,1507,system_server,-1,DisplayDeviceConfig,requesting nits when no mapping exists.]
12-23 03:44:05.236 I/am_wtf ( 1507): [0,1507,system_server,-1,DisplayDeviceConfig,requesting nits when no mapping exists.]
12-23 03:44:05.253 I/am_wtf ( 1507): [0,1507,system_server,-1,DisplayDeviceConfig,requesting nits when no mapping exists.]
12-23 03:44:05.253 I/am_wtf ( 1507): [0,1507,system_server,-1,DisplayDeviceConfig,requesting nits when no mapping exists.]
12-23 03:44:05.269 I/am_wtf ( 1507): [0,1507,system_server,-1,DisplayDeviceConfig,requesting nits when no mapping exists.]
12-23 03:44:05.270 I/am_wtf ( 1507): [0,1507,system_server,-1,DisplayDeviceConfig,requesting nits when no mapping exists.]
12-23 03:44:05.285 I/am_wtf ( 1507): [0,1507,system_server,-1,DisplayDeviceConfig,requesting nits when no mapping exists.]
12-23 03:44:05.286 I/am_wtf ( 1507): [0,1507,system_server,-1,DisplayDeviceConfig,requesting nits when no mapping exists.]
12-23 03:44:05.302 I/am_wtf ( 1507): [0,1507,system_server,-1,DisplayDeviceConfig,requesting nits when no mapping exists.]
12-23 03:44:05.303 I/am_wtf ( 1507): [0,1507,system_server,-1,DisplayDeviceConfig,requesting nits when no mapping exists.]
12-23 03:44:05.319 I/am_wtf ( 1507): [0,1507,system_server,-1,DisplayDeviceConfig,requesting nits when no mapping exists.]
12-23 03:44:05.320 I/am_wtf ( 1507): [0,1507,system_server,-1,DisplayDeviceConfig,requesting nits when no mapping exists.]
12-23 03:44:05.336 I/am_wtf ( 1507): [0,1507,system_server,-1,DisplayDeviceConfig,requesting nits when no mapping exists.]
12-23 03:44:05.337 I/am_wtf ( 1507): [0,1507,system_server,-1,DisplayDeviceConfig,requesting nits when no mapping exists.]
12-23 03:44:05.352 I/am_wtf ( 1507): [0,1507,system_server,-1,DisplayDeviceConfig,requesting nits when no mapping exists.]
12-23 03:44:05.353 I/am_wtf ( 1507): [0,1507,system_server,-1,DisplayDeviceConfig,requesting nits when no mapping exists.]
12-23 03:44:05.370 I/am_wtf ( 1507): [0,1507,system_server,-1,DisplayDeviceConfig,requesting nits when no mapping exists.]
12-23 03:44:05.370 I/am_wtf ( 1507): [0,1507,system_server,-1,DisplayDeviceConfig,requesting nits when no mapping exists.]
12-23 03:44:05.386 I/am_wtf ( 1507): [0,1507,system_server,-1,DisplayDeviceConfig,requesting nits when no mapping exists.]
12-23 03:44:05.387 I/am_wtf ( 1507): [0,1507,system_server,-1,DisplayDeviceConfig,requesting nits when no mapping exists.]
12-23 03:44:05.403 I/am_wtf ( 1507): [0,1507,system_server,-1,DisplayDeviceConfig,requesting nits when no mapping exists.]
12-23 03:44:05.404 I/am_wtf ( 1507): [0,1507,system_server,-1,DisplayDeviceConfig,requesting nits when no mapping exists.]
12-23 03:44:05.419 I/am_wtf ( 1507): [0,1507,system_server,-1,DisplayDeviceConfig,requesting nits when no mapping exists.]
12-23 03:44:05.420 I/am_wtf ( 1507): [0,1507,system_server,-1,DisplayDeviceConfig,requesting nits when no mapping exists.]
12-23 03:44:05.436 I/am_wtf ( 1507): [0,1507,system_server,-1,DisplayDeviceConfig,requesting nits when no mapping exists.]
12-23 03:44:05.437 I/am_wtf ( 1507): [0,1507,system_server,-1,DisplayDeviceConfig,requesting nits when no mapping exists.]
12-23 03:44:05.452 I/am_wtf ( 1507): [0,1507,system_server,-1,DisplayDeviceConfig,requesting nits when no mapping exists.]
12-23 03:44:05.453 I/am_wtf ( 1507): [0,1507,system_server,-1,DisplayDeviceConfig,requesting nits when no mapping exists.]
12-23 03:44:05.469 I/am_wtf ( 1507): [0,1507,system_server,-1,DisplayDeviceConfig,requesting nits when no mapping exists.]
12-23 03:44:05.470 I/am_wtf ( 1507): [0,1507,system_server,-1,DisplayDeviceConfig,requesting nits when no mapping exists.]
12-23 03:44:05.486 I/am_wtf ( 1507): [0,1507,system_server,-1,DisplayDeviceConfig,requesting nits when no mapping exists.]
12-23 03:44:05.487 I/service_manager_stats( 1507): [100,67,52984]
12-23 03:44:05.487 I/am_wtf ( 1507): [0,1507,system_server,-1,DisplayDeviceConfig,requesting nits when no mapping exists.]
12-23 03:44:05.503 I/am_wtf ( 1507): [0,1507,system_server,-1,DisplayDeviceConfig,requesting nits when no mapping exists.]
12-23 03:44:05.504 I/am_wtf ( 1507): [0,1507,system_server,-1,DisplayDeviceConfig,requesting nits when no mapping exists.]
12-23 03:44:05.520 I/am_wtf ( 1507): [0,1507,system_server,-1,DisplayDeviceConfig,requesting nits when no mapping exists.]
12-23 03:44:05.522 I/am_wtf ( 1507): [0,1507,system_server,-1,DisplayDeviceConfig,requesting nits when no mapping exists.]
12-23 03:44:05.537 I/am_wtf ( 1507): [0,1507,system_server,-1,DisplayDeviceConfig,requesting nits when no mapping exists.]
12-23 03:44:05.538 I/am_wtf ( 1507): [0,1507,system_server,-1,DisplayDeviceConfig,requesting nits when no mapping exists.]
12-23 03:44:05.555 I/am_wtf ( 1507): [0,1507,system_server,-1,DisplayDeviceConfig,requesting nits when no mapping exists.]
12-23 03:44:05.556 I/am_wtf ( 1507): [0,1507,system_server,-1,DisplayDeviceConfig,requesting nits when no mapping exists.]
12-23 03:44:05.570 I/am_wtf ( 1507): [0,1507,system_server,-1,DisplayDeviceConfig,requesting nits when no mapping exists.]
12-23 03:44:05.571 I/am_wtf ( 1507): [0,1507,system_server,-1,DisplayDeviceConfig,requesting nits when no mapping exists.]
12-23 03:44:05.587 I/am_wtf ( 1507): [0,1507,system_server,-1,DisplayDeviceConfig,requesting nits when no mapping exists.]
12-23 03:44:05.588 I/am_wtf ( 1507): [0,1507,system_server,-1,DisplayDeviceConfig,requesting nits when no mapping exists.]
12-23 03:44:05.603 I/am_wtf ( 1507): [0,1507,system_server,-1,DisplayDeviceConfig,requesting nits when no mapping exists.]
12-23 03:44:05.604 I/am_wtf ( 1507): [0,1507,system_server,-1,DisplayDeviceConfig,requesting nits when no mapping exists.]
12-23 03:44:05.619 I/am_wtf ( 1507): [0,1507,system_server,-1,DisplayDeviceConfig,requesting nits when no mapping exists.]
12-23 03:44:05.620 I/am_wtf ( 1507): [0,1507,system_server,-1,DisplayDeviceConfig,requesting nits when no mapping exists.]
12-23 03:44:05.636 I/am_wtf ( 1507): [0,1507,system_server,-1,DisplayDeviceConfig,requesting nits when no mapping exists.]
12-23 03:44:05.637 I/am_wtf ( 1507): [0,1507,system_server,-1,DisplayDeviceConfig,requesting nits when no mapping exists.]
12-23 03:44:05.653 I/am_wtf ( 1507): [0,1507,system_server,-1,DisplayDeviceConfig,requesting nits when no mapping exists.]
12-23 03:44:05.654 I/am_wtf ( 1507): [0,1507,system_server,-1,DisplayDeviceConfig,requesting nits when no mapping exists.]
12-23 03:44:05.669 I/am_wtf ( 1507): [0,1507,system_server,-1,DisplayDeviceConfig,requesting nits when no mapping exists.]
12-23 03:44:05.670 I/am_wtf ( 1507): [0,1507,system_server,-1,DisplayDeviceConfig,requesting nits when no mapping exists.]
12-23 03:44:05.686 I/am_wtf ( 1507): [0,1507,system_server,-1,DisplayDeviceConfig,requesting nits when no mapping exists.]
12-23 03:44:05.687 I/am_wtf ( 1507): [0,1507,system_server,-1,DisplayDeviceConfig,requesting nits when no mapping exists.]
12-23 03:44:05.703 I/am_wtf ( 1507): [0,1507,system_server,-1,DisplayDeviceConfig,requesting nits when no mapping exists.]
12-23 03:44:05.704 I/am_wtf ( 1507): [0,1507,system_server,-1,DisplayDeviceConfig,requesting nits when no mapping exists.]
12-23 03:44:05.720 I/am_wtf ( 1507): [0,1507,system_server,-1,DisplayDeviceConfig,requesting nits when no mapping exists.]
12-23 03:44:05.721 I/am_wtf ( 1507): [0,1507,system_server,-1,DisplayDeviceConfig,requesting nits when no mapping exists.]
12-23 03:44:05.736 I/am_wtf ( 1507): [0,1507,system_server,-1,DisplayDeviceConfig,requesting nits when no mapping exists.]
12-23 03:44:05.737 I/am_wtf ( 1507): [0,1507,system_server,-1,DisplayDeviceConfig,requesting nits when no mapping exists.]
12-23 03:44:05.753 I/am_wtf ( 1507): [0,1507,system_server,-1,DisplayDeviceConfig,requesting nits when no mapping exists.]
12-23 03:44:05.755 I/am_wtf ( 1507): [0,1507,system_server,-1,DisplayDeviceConfig,requesting nits when no mapping exists.]
12-23 03:44:05.770 I/am_wtf ( 1507): [0,1507,system_server,-1,DisplayDeviceConfig,requesting nits when no mapping exists.]
12-23 03:44:05.771 I/am_wtf ( 1507): [0,1507,system_server,-1,DisplayDeviceConfig,requesting nits when no mapping exists.]
12-23 03:44:05.787 I/am_wtf ( 1507): [0,1507,system_server,-1,DisplayDeviceConfig,requesting nits when no mapping exists.]
12-23 03:44:05.787 I/am_wtf ( 1507): [0,1507,system_server,-1,DisplayDeviceConfig,requesting nits when no mapping exists.]
12-23 03:44:05.803 I/am_wtf ( 1507): [0,1507,system_server,-1,DisplayDeviceConfig,requesting nits when no mapping exists.]
12-23 03:44:05.804 I/am_wtf ( 1507): [0,1507,system_server,-1,DisplayDeviceConfig,requesting nits when no mapping exists.]
12-23 03:44:05.820 I/am_wtf ( 1507): [0,1507,system_server,-1,DisplayDeviceConfig,requesting nits when no mapping exists.]
12-23 03:44:05.821 I/am_wtf ( 1507): [0,1507,system_server,-1,DisplayDeviceConfig,requesting nits when no mapping exists.]
12-23 03:44:05.836 I/am_wtf ( 1507): [0,1507,system_server,-1,DisplayDeviceConfig,requesting nits when no mapping exists.]
12-23 03:44:05.838 I/am_wtf ( 1507): [0,1507,system_server,-1,DisplayDeviceConfig,requesting nits when no mapping exists.]
12-23 03:44:05.853 I/am_wtf ( 1507): [0,1507,system_server,-1,DisplayDeviceConfig,requesting nits when no mapping exists.]
12-23 03:44:05.855 I/am_wtf ( 1507): [0,1507,system_server,-1,DisplayDeviceConfig,requesting nits when no mapping exists.]
12-23 03:44:05.870 I/am_wtf ( 1507): [0,1507,system_server,-1,DisplayDeviceConfig,requesting nits when no mapping exists.]
12-23 03:44:05.871 I/am_wtf ( 1507): [0,1507,system_server,-1,DisplayDeviceConfig,requesting nits when no mapping exists.]
12-23 03:44:05.887 I/am_wtf ( 1507): [0,1507,system_server,-1,DisplayDeviceConfig,requesting nits when no mapping exists.]
12-23 03:44:05.888 I/am_wtf ( 1507): [0,1507,system_server,-1,DisplayDeviceConfig,requesting nits when no mapping exists.]
12-23 03:44:05.903 I/am_wtf ( 1507): [0,1507,system_server,-1,DisplayDeviceConfig,requesting nits when no mapping exists.]
12-23 03:44:05.904 I/am_wtf ( 1507): [0,1507,system_server,-1,DisplayDeviceConfig,requesting nits when no mapping exists.]
12-23 03:44:05.920 I/am_wtf ( 1507): [0,1507,system_server,-1,DisplayDeviceConfig,requesting nits when no mapping exists.]
12-23 03:44:05.921 I/am_wtf ( 1507): [0,1507,system_server,-1,DisplayDeviceConfig,requesting nits when no mapping exists.]
12-23 03:44:05.936 I/am_wtf ( 1507): [0,1507,system_server,-1,DisplayDeviceConfig,requesting nits when no mapping exists.]
12-23 03:44:05.937 I/am_wtf ( 1507): [0,1507,system_server,-1,DisplayDeviceConfig,requesting nits when no mapping exists.]
12-23 03:44:06.167 I/auditd ( 0): type=1400 audit(0.0:1104): avc: denied { kill } for comm="swapper/3" capability=5 scontext=u:r:kernel:s0 tcontext=u:r:kernel:s0 tclass=capability permissive=0
12-23 03:44:07.167 I/auditd ( 0): type=1400 audit(0.0:1105): avc: denied { kill } for comm="swapper/3" capability=5 scontext=u:r:kernel:s0 tcontext=u:r:kernel:s0 tclass=capability permissive=0
12-23 03:44:08.194 I/input_interaction( 1507): Interaction with: 8f5be9a PopupWindow:6f560f2 (server), edge-swipe (server), swipe-up (server), PointerEventDispatcher0 (server),
12-23 03:44:08.204 I/sysui_multi_action( 1507): [757,1696,758,6,759,3]
12-23 03:44:08.218 I/am_wtf ( 1507): [0,1507,system_server,-1,DisplayDeviceConfig,requesting nits when no mapping exists.]
12-23 03:44:08.220 I/am_wtf ( 1507): [0,1507,system_server,-1,DisplayDeviceConfig,requesting nits when no mapping exists.]
12-23 03:44:08.235 I/am_wtf ( 1507): [0,1507,system_server,-1,DisplayDeviceConfig,requesting nits when no mapping exists.]
12-23 03:44:08.235 I/am_wtf ( 1507): [0,1507,system_server,-1,DisplayDeviceConfig,requesting nits when no mapping exists.]
12-23 03:44:08.242 I/am_wtf ( 1507): [0,1507,system_server,-1,DisplayDeviceConfig,requesting nits when no mapping exists.]
12-23 03:44:08.242 I/am_wtf ( 1507): [0,1507,system_server,-1,DisplayDeviceConfig,requesting nits when no mapping exists.]
12-23 03:44:08.259 I/am_wtf ( 1507): [0,1507,system_server,-1,DisplayDeviceConfig,requesting nits when no mapping exists.]
12-23 03:44:08.260 I/am_wtf ( 1507): [0,1507,system_server,-1,DisplayDeviceConfig,requesting nits when no mapping exists.]
12-23 03:44:08.276 I/am_wtf ( 1507): [0,1507,system_server,-1,DisplayDeviceConfig,requesting nits when no mapping exists.]
12-23 03:44:08.276 I/am_wtf ( 1507): [0,1507,system_server,-1,DisplayDeviceConfig,requesting nits when no mapping exists.]
12-23 03:44:08.292 I/am_wtf ( 1507): [0,1507,system_server,-1,DisplayDeviceConfig,requesting nits when no mapping exists.]
12-23 03:44:08.292 I/am_wtf ( 1507): [0,1507,system_server,-1,DisplayDeviceConfig,requesting nits when no mapping exists.]
12-23 03:44:08.309 I/am_wtf ( 1507): [0,1507,system_server,-1,DisplayDeviceConfig,requesting nits when no mapping exists.]
12-23 03:44:08.310 I/am_wtf ( 1507): [0,1507,system_server,-1,DisplayDeviceConfig,requesting nits when no mapping exists.]
12-23 03:44:08.330 I/am_wtf ( 1507): [0,1507,system_server,-1,DisplayDeviceConfig,requesting nits when no mapping exists.]
12-23 03:44:08.331 I/am_wtf ( 1507): [0,1507,system_server,-1,DisplayDeviceConfig,requesting nits when no mapping exists.]
12-23 03:44:08.342 I/am_wtf ( 1507): [0,1507,system_server,-1,DisplayDeviceConfig,requesting nits when no mapping exists.]
12-23 03:44:08.343 I/am_wtf ( 1507): [0,1507,system_server,-1,DisplayDeviceConfig,requesting nits when no mapping exists.]
12-23 03:44:08.359 I/am_wtf ( 1507): [0,1507,system_server,-1,DisplayDeviceConfig,requesting nits when no mapping exists.]
12-23 03:44:08.360 I/am_wtf ( 1507): [0,1507,system_server,-1,DisplayDeviceConfig,requesting nits when no mapping exists.]
12-23 03:44:08.376 I/am_wtf ( 1507): [0,1507,system_server,-1,DisplayDeviceConfig,requesting nits when no mapping exists.]
12-23 03:44:08.377 I/am_wtf ( 1507): [0,1507,system_server,-1,DisplayDeviceConfig,requesting nits when no mapping exists.]
12-23 03:44:08.393 I/am_wtf ( 1507): [0,1507,system_server,-1,DisplayDeviceConfig,requesting nits when no mapping exists.]
12-23 03:44:08.394 I/am_wtf ( 1507): [0,1507,system_server,-1,DisplayDeviceConfig,requesting nits when no mapping exists.]
12-23 03:44:08.409 I/am_wtf ( 1507): [0,1507,system_server,-1,DisplayDeviceConfig,requesting nits when no mapping exists.]
12-23 03:44:08.409 I/am_wtf ( 1507): [0,1507,system_server,-1,DisplayDeviceConfig,requesting nits when no mapping exists.]
12-23 03:44:08.426 I/am_wtf ( 1507): [0,1507,system_server,-1,DisplayDeviceConfig,requesting nits when no mapping exists.]
12-23 03:44:08.428 I/am_wtf ( 1507): [0,1507,system_server,-1,DisplayDeviceConfig,requesting nits when no mapping exists.]
12-23 03:44:08.443 I/am_wtf ( 1507): [0,1507,system_server,-1,DisplayDeviceConfig,requesting nits when no mapping exists.]
12-23 03:44:08.444 I/am_wtf ( 1507): [0,1507,system_server,-1,DisplayDeviceConfig,requesting nits when no mapping exists.]
12-23 03:44:08.461 I/am_wtf ( 1507): [0,1507,system_server,-1,DisplayDeviceConfig,requesting nits when no mapping exists.]
12-23 03:44:08.462 I/am_wtf ( 1507): [0,1507,system_server,-1,DisplayDeviceConfig,requesting nits when no mapping exists.]
12-23 03:44:08.477 I/am_wtf ( 1507): [0,1507,system_server,-1,DisplayDeviceConfig,requesting nits when no mapping exists.]
12-23 03:44:08.478 I/am_wtf ( 1507): [0,1507,system_server,-1,DisplayDeviceConfig,requesting nits when no mapping exists.]
12-23 03:44:08.493 I/am_wtf ( 1507): [0,1507,system_server,-1,DisplayDeviceConfig,requesting nits when no mapping exists.]
