12-23 01:25:49.901 I/am_pss ( 1507): [3135,10079,com.qualcomm.location,10836992,7667712,0,104775680,0,0,5]
12-23 01:34:40.989 I/am_freeze( 1507): [2912,com.thundercomm.gamemode.provider]
12-23 01:34:40.990 I/am_kill ( 1507): [0,2912,com.thundercomm.gamemode.provider,905,Unable to freeze binder interface]
12-23 01:34:41.025 I/am_proc_died( 1507): [0,2912,com.thundercomm.gamemode.provider,905,19]
12-23 01:34:41.025 I/am_uid_stopped( 1507): 10063
12-23 01:34:41.036 I/am_pss ( 1507): [4978,10050,com.thundercomm.screensaver,69858304,60788736,0,191176704,0,2,7]
12-23 01:34:41.041 I/am_pss ( 1507): [3434,10019,android.process.media,11485184,8339456,0,105525248,0,10,5]
12-23 01:34:41.047 I/am_pss ( 1507): [2808,1000,com.thundercomm.gamemode,19317760,14929920,0,120954880,0,10,5]
12-23 01:34:41.052 I/am_pss ( 1507): [4205,2000,com.android.shell,6411264,4161536,0,91635712,0,19,5]
12-23 01:34:41.057 I/am_pss ( 1507): [4179,10031,com.android.packageinstaller,7826432,5619712,0,92213248,0,19,4]
12-23 01:34:41.062 I/am_pss ( 1507): [3623,10033,com.android.managedprovisioning,9935872,7557120,0,96980992,0,19,5]
12-23 01:34:41.068 I/am_pss ( 1507): [3908,1000,com.qti.diagservices,6554624,3874816,0,96079872,0,10,4]
12-23 01:34:41.073 I/am_pss ( 1507): [3428,10088,com.qualcomm.qti.workloadclassifier,18604032,15597568,0,110886912,0,0,5]
12-23 01:34:41.078 I/am_pss ( 1507): [3405,10082,com.qualcomm.qti.qccnetstat,6754304,4395008,0,92553216,0,0,4]
12-23 01:34:41.083 I/am_pss ( 1507): [3383,10072,com.qualcomm.qti.services.systemhelper:systemhelper_service,6917120,4513792,0,94887936,0,0,5]
12-23 01:34:41.088 I/am_pss ( 1507): [3362,10055,.pasr,5990400,3715072,0,90415104,0,0,4]
12-23 01:34:41.092 I/am_pss ( 1507): [3316,10059,ts.car.uart,6836224,4571136,0,91467776,0,0,4]
12-23 01:34:41.099 I/am_pss ( 1507): [3313,10089,com.hht.lebocast,45615104,21651456,0,113377280,0,0,6]
12-23 01:44:19.255 I/auditd ( 562): type=1400 audit(0.0:487): avc: denied { read } for comm="Binder:562_2" name="wakeup58" dev="sysfs" ino=71681 scontext=u:r:system_suspend:s0 tcontext=u:object_r:sysfs:s0 tclass=dir permissive=0
12-23 01:44:19.255 I/auditd ( 562): type=1400 audit(0.0:488): avc: denied { read } for comm="Binder:562_2" name="wakeup48" dev="sysfs" ino=67398 scontext=u:r:system_suspend:s0 tcontext=u:object_r:sysfs:s0 tclass=dir permissive=0
12-23 01:44:19.255 I/auditd ( 562): type=1400 audit(0.0:489): avc: denied { read } for comm="Binder:562_2" name="wakeup4" dev="sysfs" ino=47049 scontext=u:r:system_suspend:s0 tcontext=u:object_r:sysfs:s0 tclass=dir permissive=0
12-23 01:44:19.255 I/auditd ( 562): type=1400 audit(0.0:490): avc: denied { read } for comm="Binder:562_2" name="wakeup76" dev="sysfs" ino=76726 scontext=u:r:system_suspend:s0 tcontext=u:object_r:sysfs:s0 tclass=dir permissive=0
12-23 01:44:19.255 I/auditd ( 562): type=1400 audit(0.0:491): avc: denied { read } for comm="Binder:562_2" name="wakeup28" dev="sysfs" ino=53254 scontext=u:r:system_suspend:s0 tcontext=u:object_r:sysfs:s0 tclass=dir permissive=0
12-23 01:44:19.255 I/auditd ( 562): type=1400 audit(0.0:492): avc: denied { read } for comm="Binder:562_2" name="wakeup56" dev="sysfs" ino=71609 scontext=u:r:system_suspend:s0 tcontext=u:object_r:sysfs:s0 tclass=dir permissive=0
12-23 01:44:19.259 I/auditd ( 562): type=1400 audit(0.0:493): avc: denied { read } for comm="Binder:562_2" name="wakeup2" dev="sysfs" ino=46573 scontext=u:r:system_suspend:s0 tcontext=u:object_r:sysfs:s0 tclass=dir permissive=0
12-23 01:44:19.259 I/auditd ( 562): type=1400 audit(0.0:494): avc: denied { read } for comm="Binder:562_2" name="wakeup36" dev="sysfs" ino=62478 scontext=u:r:system_suspend:s0 tcontext=u:object_r:sysfs:s0 tclass=dir permissive=0
12-23 01:44:19.259 I/auditd ( 562): type=1400 audit(0.0:495): avc: denied { read } for comm="Binder:562_2" name="wakeup54" dev="sysfs" ino=71537 scontext=u:r:system_suspend:s0 tcontext=u:object_r:sysfs:s0 tclass=dir permissive=0
12-23 01:44:19.298 I/commit_sys_config_file( 1507): [batterystats,6]
12-23 01:44:19.299 I/commit_sys_config_file( 1507): [batterystats,0]
12-23 01:44:49.683 I/auditd ( 497): type=1401 audit(0.0:537): op=security_compute_sid invalid_context=u:r:np_thundercomm_tlog_pstore:s0 scontext=u:r:init:s0 tcontext=u:object_r:np_thundercomm_tlog_pstore_exec:s0 tclass=process
12-23 01:44:49.933 I/commit_sys_config_file( 1507): [appops,1800172]
12-23 01:44:52.015 I/auditd ( 6919): type=1400 audit(0.0:538): avc: denied { read } for comm="ls" name="/" dev="dm-5" ino=2 scontext=u:r:system_app:s0 tcontext=u:object_r:rootfs:s0 tclass=dir permissive=0
12-23 01:44:52.051 I/auditd ( 6923): type=1400 audit(0.0:539): avc: denied { read } for comm="ls" name="/" dev="dm-5" ino=2 scontext=u:r:system_app:s0 tcontext=u:object_r:rootfs:s0 tclass=dir permissive=0
12-23 01:52:21.670 I/netstats_mobile_sample( 1507): [0,0,0,0,0,0,0,0,0,0,0,0,1671731541670]
12-23 01:52:21.670 I/netstats_wifi_sample( 1507): [0,0,0,0,0,0,0,0,0,0,0,0,1671731541670]
12-23 01:52:21.674 I/am_pss ( 1507): [4978,10050,com.thundercomm.screensaver,76055552,66985984,0,197373952,0,2,15]
12-23 01:52:21.689 I/am_pss ( 1507): [2820,10077,com.android.launcher3,113627136,95440896,0,253595648,0,6,13]
12-23 01:52:21.697 I/am_pss ( 1507): [3502,10094,com.android.providers.media.module,25911296,21065728,0,132579328,0,0,7]
12-23 01:52:21.703 I/am_pss ( 1507): [3493,10073,com.qualcomm.location.XT,7033856,4669440,0,94420992,0,6,5]
12-23 01:52:21.711 I/am_proc_start( 1507): [0,7400,1000,com.android.settings,service,{com.android.settings/com.android.settings.fuelgauge.batterytip.AnomalyConfigJobService}]
12-23 01:52:21.713 I/am_pss ( 1507): [3738,10032,com.baidu.input,86948864,79859712,0,202502144,0,7,9]
12-23 01:52:21.721 I/am_pss ( 1507): [2342,1002,com.android.bluetooth,36974592,29454336,0,148344832,0,0,8]
12-23 01:52:21.728 I/am_pss ( 1507): [3469,1000,com.android.keychain,8662016,6385664,0,94793728,0,6,5]
12-23 01:52:21.734 I/am_pss ( 1507): [3078,10095,android.ext.services,8000512,5496832,0,97009664,0,5,5]
12-23 01:52:21.740 I/am_pss ( 1507): [3135,10079,com.qualcomm.location,10855424,7667712,0,104775680,0,0,6]
12-23 01:52:21.745 I/am_proc_bound( 1507): [0,7400,com.android.settings]
12-23 01:52:21.746 I/am_pss ( 1507): [2574,1001,.dataservices,8358912,5984256,0,95334400,0,0,5]
12-23 01:52:21.752 I/am_pss ( 1507): [2498,1073,com.android.networkstack.process,11571200,8482816,0,106004480,0,0,5]
12-23 01:52:21.766 I/am_pss ( 1507): [2359,10081,com.android.systemui,172026880,148750336,0,336711680,0,0,13]
12-23 01:52:21.785 I/am_pss ( 1507): [1507,1000,system,203049984,112603136,0,516730880,0,0,18]
12-23 01:52:21.790 I/am_wtf ( 1507): [0,7400,com.android.settings,952647173,RoleParser,com.android.permissioncontroller.role.model.AssistantRoleBehavior]
12-23 01:52:21.792 I/am_wtf ( 1507): [0,7400,com.android.settings,952647173,RoleParser,com.android.permissioncontroller.role.model.BrowserRoleBehavior]
12-23 01:52:21.793 I/am_wtf ( 1507): [0,7400,com.android.settings,952647173,RoleParser,com.android.permissioncontroller.role.model.DialerRoleBehavior]
12-23 01:52:21.795 I/am_wtf ( 1507): [0,7400,com.android.settings,952647173,RoleParser,com.android.permissioncontroller.role.model.SmsRoleBehavior]
12-23 01:52:21.796 I/am_wtf ( 1507): [0,7400,com.android.settings,952647173,RoleParser,com.android.permissioncontroller.role.model.EmergencyRoleBehavior]
12-23 01:52:21.797 I/am_wtf ( 1507): [0,7400,com.android.settings,952647173,RoleParser,com.android.permissioncontroller.role.model.HomeRoleBehavior]
12-23 01:52:21.799 I/am_wtf ( 1507): [0,7400,com.android.settings,952647173,RoleParser,com.android.permissioncontroller.role.model.SystemAutomotiveClusterRoleBehavior]
12-23 01:52:21.804 I/am_wtf ( 1507): [0,7400,com.android.settings,952647173,RoleParser,com.android.permissioncontroller.role.model.CompanionDeviceWatchRoleBehavior]
12-23 01:52:21.805 I/am_wtf ( 1507): [0,7400,com.android.settings,952647173,RoleParser,com.android.permissioncontroller.role.model.SystemShellRoleBehavior]
12-23 01:52:21.807 I/am_wtf ( 1507): [0,7400,com.android.settings,952647173,RoleParser,com.android.permissioncontroller.role.model.TelevisionRoleBehavior]
12-23 01:52:21.811 I/am_wtf ( 1507): [0,7400,com.android.settings,952647173,RoleParser,com.android.permissioncontroller.role.model.TelevisionRoleBehavior]
12-23 01:52:21.872 I/commit_sys_config_file( 1507): [procstats,14]
12-23 01:52:21.890 I/snet_event_log( 1507): [dcl,10089,72EF5D7DED51080CEECC9D85E6D12DDD75CB53A00CAE54BA24488AD58A49FA00 442FA39DA83157E0BD6FAC3C03D361C8DDDAFE549BEC99B2400D1F06B0596400]
12-23 01:52:22.003 I/service_manager_slow( 1507): [11,mount]
12-23 01:52:22.014 I/commit_sys_config_file( 1507): [blobs_index,4]
12-23 01:52:22.015 I/commit_sys_config_file( 1507): [session_index,1]
12-23 01:52:22.619 I/auditd ( 7459): type=1400 audit(0.0:540): avc: denied { read } for comm="iorap.inode2fil" name="tlog" dev="dm-5" ino=1827 scontext=u:r:iorap_inode2filename:s0 tcontext=u:object_r:tlog_config_file:s0 tclass=dir permissive=0
12-23 01:52:22.675 I/auditd ( 7459): type=1400 audit(0.0:541): avc: denied { read } for comm="iorap.inode2fil" name="vendor" dev="dm-10" ino=18 scontext=u:r:iorap_inode2filename:s0 tcontext=u:object_r:vendor_data_file:s0 tclass=dir permissive=0
12-23 01:52:22.675 I/auditd ( 7459): type=1400 audit(0.0:542): avc: denied { read } for comm="iorap.inode2fil" name="vendor_ce" dev="dm-10" ino=19 scontext=u:r:iorap_inode2filename:s0 tcontext=u:object_r:vendor_data_file:s0 tclass=dir permissive=0
12-23 01:52:22.675 I/auditd ( 7459): type=1400 audit(0.0:543): avc: denied { read } for comm="iorap.inode2fil" name="vendor_de" dev="dm-10" ino=20 scontext=u:r:iorap_inode2filename:s0 tcontext=u:object_r:vendor_data_file:s0 tclass=dir permissive=0
12-23 01:52:22.675 I/auditd ( 7459): type=1400 audit(0.0:544): avc: denied { read } for comm="iorap.inode2fil" name="anr" dev="dm-10" ino=22 scontext=u:r:iorap_inode2filename:s0 tcontext=u:object_r:anr_data_file:s0 tclass=dir permissive=0
12-23 01:52:22.675 I/auditd ( 7459): type=1400 audit(0.0:545): avc: denied { read } for comm="iorap.inode2fil" name="tombstones" dev="dm-10" ino=23 scontext=u:r:iorap_inode2filename:s0 tcontext=u:object_r:tombstone_data_file:s0 tclass=dir permissive=0
12-23 01:52:22.675 I/auditd ( 7459): type=1400 audit(0.0:546): avc: denied { read } for comm="iorap.inode2fil" name="keystore" dev="dm-10" ino=27 scontext=u:r:iorap_inode2filename:s0 tcontext=u:object_r:keystore_data_file:s0 tclass=dir permissive=0
12-23 01:52:23.830 I/commit_sys_config_file( 1507): [jobs,3]
12-23 01:52:41.673 I/storage_state( 1507): [41217664-9172-527a-b3d5-edabb50a7d69,0,0,116405231616,118610538496]
12-23 02:02:21.855 I/am_freeze( 1507): [3434,android.process.media]
12-23 02:02:21.857 I/am_kill ( 1507): [0,3434,android.process.media,905,Unable to freeze binder interface]
12-23 02:02:21.863 I/am_freeze( 1507): [7400,com.android.settings]
12-23 02:02:21.864 I/am_kill ( 1507): [0,7400,com.android.settings,905,Unable to freeze binder interface]
12-23 02:02:21.894 I/am_proc_died( 1507): [0,3434,android.process.media,905,10]
12-23 02:02:21.896 I/am_schedule_service_restart( 1507): [0,com.android.mtp/.MtpService,5719954]
12-23 02:02:21.896 I/am_uid_stopped( 1507): 10019
12-23 02:02:21.901 I/am_proc_died( 1507): [0,7400,com.android.settings,905,19]
12-23 02:02:21.911 I/am_pss ( 1507): [4978,10050,com.thundercomm.screensaver,79581184,70434816,0,200818688,0,2,10]
12-23 02:02:21.919 I/am_pss ( 1507): [2808,1000,com.thundercomm.gamemode,19399680,14929920,0,120954880,0,10,7]
12-23 02:02:21.925 I/am_pss ( 1507): [4205,2000,com.android.shell,6471680,4161536,0,91635712,0,19,5]
12-23 02:02:21.930 I/am_pss ( 1507): [4179,10031,com.android.packageinstaller,7885824,5619712,0,92213248,0,19,4]
12-23 02:02:21.935 I/am_pss ( 1507): [3623,10033,com.android.managedprovisioning,9998336,7557120,0,96980992,0,19,5]
12-23 02:02:21.940 I/am_pss ( 1507): [3908,1000,com.qti.diagservices,6616064,3874816,0,96079872,0,10,4]
12-23 02:02:21.945 I/am_pss ( 1507): [3428,10088,com.qualcomm.qti.workloadclassifier,18697216,15597568,0,110886912,0,0,5]
12-23 02:02:21.950 I/am_pss ( 1507): [3405,10082,com.qualcomm.qti.qccnetstat,6814720,4395008,0,92553216,0,0,4]
12-23 02:02:21.954 I/am_pss ( 1507): [3383,10072,com.qualcomm.qti.services.systemhelper:systemhelper_service,6976512,4513792,0,94887936,0,0,4]
12-23 02:02:21.959 I/am_pss ( 1507): [3362,10055,.pasr,6047744,3715072,0,90415104,0,0,4]
12-23 02:02:21.964 I/am_pss ( 1507): [3316,10059,ts.car.uart,6894592,4571136,0,91467776,0,0,5]
12-23 02:02:21.972 I/am_pss ( 1507): [3313,10089,com.hht.lebocast,51215360,27230208,0,118964224,0,0,7]
12-23 02:02:21.977 I/am_pss ( 1507): [3884,10068,com.qualcomm.qti.devicestatisticsservice,5920768,3620864,0,90054656,0,0,5]
12-23 02:02:21.982 I/am_pss ( 1507): [2786,1000,com.qualcomm.qti.qdma,10277888,6594560,0,107024384,0,0,5]
12-23 02:02:21.987 I/am_pss ( 1507): [2745,1000,com.thundercomm.tcservice,9484288,6983680,0,97562624,0,0,4]
12-23 02:02:21.992 I/am_pss ( 1507): [2712,1068,com.android.se,6419456,4038656,0,92770304,0,0,5]
12-23 02:02:21.998 I/am_pss ( 1507): [2738,1000,com.thundercomm.remotecontrolservice,16750592,13742080,0,109088768,0,0,5]
12-23 02:02:22.003 I/am_pss ( 1507): [2660,10084,com.qti.qualcomm.mstatssystemservice,6075392,3776512,0,90918912,0,0,4]
12-23 02:02:22.012 I/am_pss ( 1507): [2638,1000,com.thundercomm.tcsetupwizard,50620416,42180608,0,172994560,0,0,8]
12-23 02:02:22.017 I/am_pss ( 1507): [2647,1000,vendor.qti.qesdk.sysservice,6132736,3760128,0,92504064,0,0,4]
12-23 02:02:22.022 I/am_pss ( 1507): [2625,1000,com.tc.logclient,8194048,5513216,0,99307520,0,0,4]
12-23 02:02:22.027 I/am_pss ( 1507): [2612,1000,com.thundercomm.tchttpserver,16004096,13643776,0,101986304,0,0,5]
12-23 02:02:22.032 I/am_pss ( 1507): [2591,10054,.qtidataservices,6532096,4186112,0,92573696,0,0,4]
12-23 02:02:22.037 I/am_pss ( 1507): [2572,1000,com.thundercomm.microsettings,36103168,32256000,0,129900544,0,0,5]
12-23 02:02:22.043 I/am_pss ( 1507): [2555,1000,com.thundercomm.microservice,9502720,7028736,0,96862208,0,0,5]
12-23 02:12:22.003 I/am_freeze( 1507): [2808,com.thundercomm.gamemode]
12-23 02:12:22.006 I/am_freeze( 1507): [3908,com.qti.diagservices]
12-23 02:12:22.008 I/am_kill ( 1507): [0,2808,com.thundercomm.gamemode,905,Unable to freeze binder interface]
12-23 02:12:22.010 I/am_kill ( 1507): [0,3908,com.qti.diagservices,945,Unable to freeze binder interface]
12-23 02:12:22.037 I/am_proc_died( 1507): [0,3908,com.qti.diagservices,945,10]
12-23 02:12:22.038 I/am_schedule_service_restart( 1507): [0,com.qti.diagservices/.QTIDiagServices,1000]
12-23 02:12:22.040 I/am_proc_died( 1507): [0,2808,com.thundercomm.gamemode,905,10]
12-23 02:12:22.041 I/am_schedule_service_restart( 1507): [0,com.thundercomm.gamemode/.ingame.services.ActivityMonitoringService,10997]
12-23 02:12:22.041 I/am_schedule_service_restart( 1507): [0,com.thundercomm.gamemode/.ingame.services.GameModeService,20997]
12-23 02:12:22.041 I/am_schedule_service_restart( 1507): [0,com.thundercomm.gamemode/.perf.FgBoostPerfService,30997]
12-23 02:12:22.049 I/am_pss ( 1507): [4978,10050,com.thundercomm.screensaver,83237888,73863168,0,204247040,0,2,9]
12-23 02:12:22.060 I/am_pss ( 1507): [2820,10077,com.android.launcher3,114013184,95440896,0,253595648,0,6,10]
12-23 02:12:23.068 I/am_proc_start( 1507): [0,8936,1000,com.qti.diagservices,service,{com.qti.diagservices/com.qti.diagservices.QTIDiagServices}]
12-23 02:12:23.110 I/am_proc_bound( 1507): [0,8936,com.qti.diagservices]
12-23 02:12:23.147 I/auditd ( 8936): type=1400 audit(0.0:644): avc: denied { read write } for comm="ti.diagservices" name="diag" dev="tmpfs" ino=11510 scontext=u:r:system_app:s0 tcontext=u:object_r:vendor_diag_device:s0 tclass=chr_file permissive=0
12-23 02:12:33.076 I/am_proc_start( 1507): [0,8963,1000,com.thundercomm.gamemode,service,{com.thundercomm.gamemode/com.thundercomm.gamemode.ingame.services.ActivityMonitoringService}]
12-23 02:12:33.114 I/am_proc_bound( 1507): [0,8963,com.thundercomm.gamemode]
12-23 02:12:33.157 I/am_uid_running( 1507): 10063
12-23 02:12:33.175 I/am_proc_start( 1507): [0,8980,10063,com.thundercomm.gamemode.provider,content provider,{com.thundercomm.gamemode.provider/com.thundercomm.gamemode.provider.SettingsProvider}]
12-23 02:12:33.220 I/am_proc_bound( 1507): [0,8980,com.thundercomm.gamemode.provider]
12-23 02:12:33.274 I/am_uid_active( 1507): 10063
12-23 02:13:39.326 I/am_uid_idle( 1507): 10063
12-23 02:14:19.263 I/auditd ( 562): type=1400 audit(0.0:645): avc: denied { read } for comm="Binder:562_2" name="wakeup58" dev="sysfs" ino=71681 scontext=u:r:system_suspend:s0 tcontext=u:object_r:sysfs:s0 tclass=dir permissive=0
12-23 02:14:19.263 I/auditd ( 562): type=1400 audit(0.0:646): avc: denied { read } for comm="Binder:562_2" name="wakeup48" dev="sysfs" ino=67398 scontext=u:r:system_suspend:s0 tcontext=u:object_r:sysfs:s0 tclass=dir permissive=0
12-23 02:14:19.263 I/auditd ( 562): type=1400 audit(0.0:647): avc: denied { read } for comm="Binder:562_2" name="wakeup4" dev="sysfs" ino=47049 scontext=u:r:system_suspend:s0 tcontext=u:object_r:sysfs:s0 tclass=dir permissive=0
12-23 02:14:19.263 I/auditd ( 562): type=1400 audit(0.0:648): avc: denied { read } for comm="Binder:562_2" name="wakeup76" dev="sysfs" ino=76726 scontext=u:r:system_suspend:s0 tcontext=u:object_r:sysfs:s0 tclass=dir permissive=0
12-23 02:14:19.263 I/auditd ( 562): type=1400 audit(0.0:649): avc: denied { read } for comm="Binder:562_2" name="wakeup28" dev="sysfs" ino=53254 scontext=u:r:system_suspend:s0 tcontext=u:object_r:sysfs:s0 tclass=dir permissive=0
12-23 02:14:19.263 I/auditd ( 562): type=1400 audit(0.0:650): avc: denied { read } for comm="Binder:562_2" name="wakeup56" dev="sysfs" ino=71609 scontext=u:r:system_suspend:s0 tcontext=u:object_r:sysfs:s0 tclass=dir permissive=0
12-23 02:14:19.267 I/auditd ( 562): type=1400 audit(0.0:651): avc: denied { read } for comm="Binder:562_2" name="wakeup2" dev="sysfs" ino=46573 scontext=u:r:system_suspend:s0 tcontext=u:object_r:sysfs:s0 tclass=dir permissive=0
12-23 02:14:19.267 I/auditd ( 562): type=1400 audit(0.0:652): avc: denied { read } for comm="Binder:562_2" name="wakeup36" dev="sysfs" ino=62478 scontext=u:r:system_suspend:s0 tcontext=u:object_r:sysfs:s0 tclass=dir permissive=0
12-23 02:14:19.267 I/auditd ( 562): type=1400 audit(0.0:653): avc: denied { read } for comm="Binder:562_2" name="wakeup54" dev="sysfs" ino=71537 scontext=u:r:system_suspend:s0 tcontext=u:object_r:sysfs:s0 tclass=dir permissive=0
12-23 02:14:19.296 I/commit_sys_config_file( 1507): [batterystats,3]
12-23 02:14:19.297 I/commit_sys_config_file( 1507): [batterystats,1]
12-23 02:14:49.683 I/auditd ( 497): type=1401 audit(0.0:695): op=security_compute_sid invalid_context=u:r:np_thundercomm_tlog_pstore:s0 scontext=u:r:init:s0 tcontext=u:object_r:np_thundercomm_tlog_pstore_exec:s0 tclass=process
12-23 02:14:52.051 I/auditd ( 9183): type=1400 audit(0.0:696): avc: denied { read } for comm="ls" name="/" dev="dm-5" ino=2 scontext=u:r:system_app:s0 tcontext=u:object_r:rootfs:s0 tclass=dir permissive=0
12-23 02:14:52.091 I/auditd ( 9187): type=1400 audit(0.0:697): avc: denied { read } for comm="ls" name="/" dev="dm-5" ino=2 scontext=u:r:system_app:s0 tcontext=u:object_r:rootfs:s0 tclass=dir permissive=0
12-23 02:22:21.689 I/commit_sys_config_file( 1507): [appops,4051927]
12-23 02:37:10.019 I/am_pss ( 1507): [4978,10050,com.thundercomm.screensaver,64445440,55357440,0,185733120,0,2,14]
12-23 02:37:10.022 I/netstats_mobile_sample( 1507): [0,0,0,0,0,0,0,0,0,0,0,0,1671734230022]
12-23 02:37:10.022 I/netstats_wifi_sample( 1507): [0,0,0,0,0,0,0,0,0,0,0,0,1671734230022]
12-23 02:37:10.037 I/am_pss ( 1507): [2820,10077,com.android.launcher3,113659904,95440896,0,253595648,0,6,15]
12-23 02:37:10.046 I/am_pss ( 1507): [3502,10094,com.android.providers.media.module,22964224,17969152,0,129998848,0,0,8]
12-23 02:37:10.051 I/am_pss ( 1507): [3493,10073,com.qualcomm.location.XT,7064576,4669440,0,94420992,0,6,5]
12-23 02:37:10.060 I/am_pss ( 1507): [3738,10032,com.baidu.input,87024640,79884288,0,202526720,0,7,9]
12-23 02:37:10.068 I/am_pss ( 1507): [2342,1002,com.android.bluetooth,37030912,29462528,0,148353024,0,0,7]
12-23 02:37:10.074 I/am_pss ( 1507): [3469,1000,com.android.keychain,8698880,6385664,0,94793728,0,6,5]
12-23 02:37:10.079 I/am_pss ( 1507): [3078,10095,android.ext.services,8048640,5496832,0,97009664,0,5,4]
12-23 02:37:10.084 I/am_pss ( 1507): [3135,10079,com.qualcomm.location,10908672,7667712,0,104775680,0,0,4]
12-23 02:37:10.090 I/am_pss ( 1507): [2574,1001,.dataservices,8415232,5984256,0,95334400,0,0,5]
12-23 02:37:10.096 I/am_pss ( 1507): [2498,1073,com.android.networkstack.process,11614208,8466432,0,105988096,0,0,5]
12-23 02:37:10.110 I/am_pss ( 1507): [2359,10081,com.android.systemui,178093056,154644480,0,342761472,0,0,12]
12-23 02:37:10.129 I/am_pss ( 1507): [1507,1000,system,209208320,118571008,0,522768384,0,0,18]
12-23 02:37:10.166 I/commit_sys_config_file( 1507): [procstats,9]
12-23 02:44:19.263 I/auditd ( 562): type=1400 audit(0.0:698): avc: denied { read } for comm="Binder:562_2" name="wakeup58" dev="sysfs" ino=71681 scontext=u:r:system_suspend:s0 tcontext=u:object_r:sysfs:s0 tclass=dir permissive=0
12-23 02:44:19.263 I/auditd ( 562): type=1400 audit(0.0:699): avc: denied { read } for comm="Binder:562_2" name="wakeup48" dev="sysfs" ino=67398 scontext=u:r:system_suspend:s0 tcontext=u:object_r:sysfs:s0 tclass=dir permissive=0
12-23 02:44:19.263 I/auditd ( 562): type=1400 audit(0.0:700): avc: denied { read } for comm="Binder:562_2" name="wakeup4" dev="sysfs" ino=47049 scontext=u:r:system_suspend:s0 tcontext=u:object_r:sysfs:s0 tclass=dir permissive=0
12-23 02:44:19.263 I/auditd ( 562): type=1400 audit(0.0:701): avc: denied { read } for comm="Binder:562_2" name="wakeup76" dev="sysfs" ino=76726 scontext=u:r:system_suspend:s0 tcontext=u:object_r:sysfs:s0 tclass=dir permissive=0
12-23 02:44:19.267 I/auditd ( 562): type=1400 audit(0.0:702): avc: denied { read } for comm="Binder:562_2" name="wakeup28" dev="sysfs" ino=53254 scontext=u:r:system_suspend:s0 tcontext=u:object_r:sysfs:s0 tclass=dir permissive=0
12-23 02:44:19.267 I/auditd ( 562): type=1400 audit(0.0:703): avc: denied { read } for comm="Binder:562_2" name="wakeup56" dev="sysfs" ino=71609 scontext=u:r:system_suspend:s0 tcontext=u:object_r:sysfs:s0 tclass=dir permissive=0
12-23 02:44:19.267 I/auditd ( 562): type=1400 audit(0.0:704): avc: denied { read } for comm="Binder:562_2" name="wakeup2" dev="sysfs" ino=46573 scontext=u:r:system_suspend:s0 tcontext=u:object_r:sysfs:s0 tclass=dir permissive=0
12-23 02:44:19.297 I/commit_sys_config_file( 1507): [batterystats,6]
12-23 02:44:19.298 I/commit_sys_config_file( 1507): [batterystats,1]
12-23 02:44:49.679 I/auditd ( 497): type=1401 audit(0.0:748): op=security_compute_sid invalid_context=u:r:np_thundercomm_tlog_pstore:s0 scontext=u:r:init:s0 tcontext=u:object_r:np_thundercomm_tlog_pstore_exec:s0 tclass=process
12-23 02:44:52.055 I/auditd (11106): type=1400 audit(0.0:749): avc: denied { read } for comm="ls" name="/" dev="dm-5" ino=2 scontext=u:r:system_app:s0 tcontext=u:object_r:rootfs:s0 tclass=dir permissive=0
12-23 02:44:52.095 I/auditd (11110): type=1400 audit(0.0:750): avc: denied { read } for comm="ls" name="/" dev="dm-5" ino=2 scontext=u:r:system_app:s0 tcontext=u:object_r:rootfs:s0 tclass=dir permissive=0
12-23 03:07:10.016 I/netstats_mobile_sample( 1507): [0,0,0,0,0,0,0,0,0,0,0,0,1671736030016]
12-23 03:07:10.016 I/commit_sys_config_file( 1507): [appops,6740255]
12-23 03:07:10.016 I/netstats_wifi_sample( 1507): [0,0,0,0,0,0,0,0,0,0,0,0,1671736030016]
12-23 03:07:10.022 I/am_pss ( 1507): [4978,10050,com.thundercomm.screensaver,64251904,54951936,0,187375616,0,2,13]
12-23 03:07:10.053 I/commit_sys_config_file( 1507): [procstats,12]
12-23 03:14:19.259 I/auditd ( 562): type=1400 audit(0.0:751): avc: denied { read } for comm="Binder:562_2" name="wakeup58" dev="sysfs" ino=71681 scontext=u:r:system_suspend:s0 tcontext=u:object_r:sysfs:s0 tclass=dir permissive=0
12-23 03:14:19.259 I/auditd ( 562): type=1400 audit(0.0:752): avc: denied { read } for comm="Binder:562_2" name="wakeup48" dev="sysfs" ino=67398 scontext=u:r:system_suspend:s0 tcontext=u:object_r:sysfs:s0 tclass=dir permissive=0
12-23 03:14:19.259 I/auditd ( 562): type=1400 audit(0.0:753): avc: denied { read } for comm="Binder:562_2" name="wakeup4" dev="sysfs" ino=47049 scontext=u:r:system_suspend:s0 tcontext=u:object_r:sysfs:s0 tclass=dir permissive=0
12-23 03:14:19.259 I/auditd ( 562): type=1400 audit(0.0:754): avc: denied { read } for comm="Binder:562_2" name="wakeup76" dev="sysfs" ino=76726 scontext=u:r:system_suspend:s0 tcontext=u:object_r:sysfs:s0 tclass=dir permissive=0
12-23 03:14:19.259 I/auditd ( 562): type=1400 audit(0.0:755): avc: denied { read } for comm="Binder:562_2" name="wakeup28" dev="sysfs" ino=53254 scontext=u:r:system_suspend:s0 tcontext=u:object_r:sysfs:s0 tclass=dir permissive=0
12-23 03:14:19.259 I/auditd ( 562): type=1400 audit(0.0:756): avc: denied { read } for comm="Binder:562_2" name="wakeup56" dev="sysfs" ino=71609 scontext=u:r:system_suspend:s0 tcontext=u:object_r:sysfs:s0 tclass=dir permissive=0
12-23 03:14:19.259 I/auditd ( 562): type=1400 audit(0.0:757): avc: denied { read } for comm="Binder:562_2" name="wakeup2" dev="sysfs" ino=46573 scontext=u:r:system_suspend:s0 tcontext=u:object_r:sysfs:s0 tclass=dir permissive=0
12-23 03:14:19.294 I/commit_sys_config_file( 1507): [batterystats,6]
12-23 03:14:19.295 I/commit_sys_config_file( 1507): [batterystats,1]
12-23 03:14:49.683 I/auditd ( 497): type=1401 audit(0.0:801): op=security_compute_sid invalid_context=u:r:np_thundercomm_tlog_pstore:s0 scontext=u:r:init:s0 tcontext=u:object_r:np_thundercomm_tlog_pstore_exec:s0 tclass=process
12-23 03:14:52.015 I/auditd (13052): type=1400 audit(0.0:802): avc: denied { read } for comm="ls" name="/" dev="dm-5" ino=2 scontext=u:r:system_app:s0 tcontext=u:object_r:rootfs:s0 tclass=dir permissive=0
12-23 03:14:52.055 I/auditd (13056): type=1400 audit(0.0:803): avc: denied { read } for comm="ls" name="/" dev="dm-5" ino=2 scontext=u:r:system_app:s0 tcontext=u:object_r:rootfs:s0 tclass=dir permissive=0
12-23 03:16:06.177 I/input_interaction( 1507): Interaction with: d1749db com.thundercomm.screensaver/android.service.dreams.DreamActivity (server), edge-swipe (server), swipe-up (server), PointerEventDispatcher0 (server),
12-23 03:16:06.182 I/wm_finish_activity( 1507): [0,168050631,11,com.thundercomm.screensaver/android.service.dreams.DreamActivity,finish-activity]
12-23 03:16:06.182 I/wm_task_moved( 1507): [1,1,5]
12-23 03:16:06.183 I/wm_task_moved( 1507): [10,1,2147483647]
12-23 03:16:06.183 I/wm_task_to_front( 1507): [0,10]
12-23 03:16:06.183 I/wm_focused_root_task( 1507): [0,0,1,11,finish-top adjustFocusToNextFocusableTask]
12-23 03:16:06.184 I/wm_set_resumed_activity( 1507): [0,com.android.launcher3/.uioverrides.QuickstepLauncher,finish-top adjustFocusToNextFocusableTask]
12-23 03:16:06.185 I/wm_pause_activity( 1507): [0,168050631,com.thundercomm.screensaver/android.service.dreams.DreamActivity,userLeaving=false,finish]
12-23 03:16:06.192 I/wm_on_top_resumed_lost_called( 4978): [168050631,android.service.dreams.DreamActivity,topStateChangedWhenResumed]
12-23 03:16:06.193 I/wm_on_paused_called( 4978): [168050631,android.service.dreams.DreamActivity,performPause]
12-23 03:16:06.193 I/sysui_multi_action( 1507): [757,803,799,window_time_0,802,7185]
12-23 03:16:06.193 I/wm_add_to_stopping( 1507): [0,168050631,com.thundercomm.screensaver/android.service.dreams.DreamActivity,completeFinishing]
12-23 03:16:06.199 I/wm_set_resumed_activity( 1507): [0,com.android.launcher3/.uioverrides.QuickstepLauncher,resumeTopActivityInnerLocked]
12-23 03:16:06.202 I/wm_resume_activity( 1507): [0,172149049,10,com.android.launcher3/.uioverrides.QuickstepLauncher]
12-23 03:16:06.209 I/input_focus( 1507): [Focus leaving d1749db com.thundercomm.screensaver/android.service.dreams.DreamActivity (server),reason=NO_WINDOW]
12-23 03:16:06.213 I/view_enqueue_input_event( 4978): [Motion - Cancel,com.thundercomm.screensaver/android.service.dreams.DreamActivity]
12-23 03:16:06.214 I/input_interaction( 1507): Interaction with: edge-swipe (server), swipe-up (server), PointerEventDispatcher0 (server),
12-23 03:16:06.215 I/sysui_multi_action( 1507): [757,803,799,window_time_0,802,0]
12-23 03:16:06.217 I/wm_on_restart_called( 2820): [172149049,com.android.launcher3.uioverrides.QuickstepLauncher,performRestartActivity]
12-23 03:16:06.217 I/wm_on_start_called( 2820): [172149049,com.android.launcher3.uioverrides.QuickstepLauncher,handleStartActivity]
12-23 03:16:06.218 I/wm_on_resume_called( 2820): [172149049,com.android.launcher3.uioverrides.QuickstepLauncher,RESUME_ACTIVITY]
12-23 03:16:06.218 I/wm_on_top_resumed_gained_called( 2820): [172149049,com.android.launcher3.uioverrides.QuickstepLauncher,topWhenResuming]
12-23 03:16:06.223 I/input_focus( 1507): [Focus request 92cfa7 com.android.launcher3/com.android.launcher3.uioverrides.QuickstepLauncher,reason=UpdateInputWindows]
12-23 03:16:06.225 I/am_pss ( 1507): [3502,10094,com.android.providers.media.module,22945792,17969152,0,129998848,0,0,7]
12-23 03:16:06.229 I/am_uid_active( 1507): 10063
12-23 03:16:06.233 I/am_pss ( 1507): [3493,10073,com.qualcomm.location.XT,7064576,4669440,0,94420992,0,6,6]
12-23 03:16:06.242 I/am_pss ( 1507): [3738,10032,com.baidu.input,87026688,79904768,0,202547200,0,7,8]
12-23 03:16:06.249 I/input_focus( 1507): [Focus entering 92cfa7 com.android.launcher3/com.android.launcher3.uioverrides.QuickstepLauncher (server),reason=Window became focusable. Previous reason: NOT_VISIBLE]
12-23 03:16:06.250 I/am_pss ( 1507): [2342,1002,com.android.bluetooth,37023744,29470720,0,148361216,0,0,7]
12-23 03:16:06.255 I/am_pss ( 1507): [3469,1000,com.android.keychain,8698880,6385664,0,94793728,0,6,4]
12-23 03:16:06.261 I/am_pss ( 1507): [3078,10095,android.ext.services,8048640,5496832,0,97009664,0,5,4]
12-23 03:16:06.267 I/am_pss ( 1507): [3135,10079,com.qualcomm.location,10892288,7667712,0,104775680,0,0,4]
12-23 03:16:06.272 I/am_pss ( 1507): [2574,1001,.dataservices,8419328,5988352,0,95338496,0,0,5]
12-23 03:16:06.278 I/am_pss ( 1507): [2498,1073,com.android.networkstack.process,11613184,8466432,0,105988096,0,0,5]
12-23 03:16:06.290 I/am_pss ( 1507): [2359,10081,com.android.systemui,181502976,158076928,0,346193920,0,0,10]
12-23 03:16:06.307 I/am_pss ( 1507): [1507,1000,system,199977984,109367296,0,513560576,0,0,16]
12-23 03:16:06.314 I/am_pss ( 1507): [8963,1000,com.thundercomm.gamemode,18969600,14557184,0,120582144,0,10,6]
12-23 03:16:06.320 I/am_pss ( 1507): [8936,1000,com.qti.diagservices,6400000,3764224,0,94752768,0,10,5]
12-23 03:16:06.325 I/am_pss ( 1507): [4205,2000,com.android.shell,6411264,4161536,0,91635712,0,19,5]
12-23 03:16:06.330 I/am_pss ( 1507): [4179,10031,com.android.packageinstaller,7825408,5619712,0,92213248,0,19,4]
12-23 03:16:06.336 I/am_pss ( 1507): [3623,10033,com.android.managedprovisioning,9937920,7557120,0,96980992,0,19,5]
12-23 03:16:06.343 I/am_pss ( 1507): [3428,10088,com.qualcomm.qti.workloadclassifier,18590720,15597568,0,110886912,0,0,6]
12-23 03:16:06.348 I/am_pss ( 1507): [3405,10082,com.qualcomm.qti.qccnetstat,6753280,4395008,0,92553216,0,0,5]
12-23 03:16:06.355 I/am_pss ( 1507): [3383,10072,com.qualcomm.qti.services.systemhelper:systemhelper_service,6918144,4513792,0,94887936,0,0,5]
12-23 03:16:06.361 I/am_pss ( 1507): [3362,10055,.pasr,5981184,3715072,0,90415104,0,0,6]
12-23 03:16:06.366 I/am_pss ( 1507): [3316,10059,ts.car.uart,6827008,4571136,0,91467776,0,0,4]
12-23 03:16:06.373 I/am_pss ( 1507): [3313,10089,com.hht.lebocast,38398976,16363520,0,102227968,0,0,6]
12-23 03:16:06.379 I/am_pss ( 1507): [3884,10068,com.qualcomm.qti.devicestatisticsservice,5856256,3620864,0,90054656,0,0,5]
12-23 03:16:06.386 I/am_pss ( 1507): [2786,1000,com.qualcomm.qti.qdma,10202112,6594560,0,107024384,0,0,6]
12-23 03:16:06.392 I/am_pss ( 1507): [2745,1000,com.thundercomm.tcservice,9430016,6983680,0,97562624,0,0,6]
12-23 03:16:06.399 I/am_pss ( 1507): [2712,1068,com.android.se,6360064,4038656,0,92770304,0,0,5]
12-23 03:16:06.407 I/am_pss ( 1507): [2738,1000,com.thundercomm.remotecontrolservice,27134976,24186880,0,119529472,0,0,6]
12-23 03:16:06.413 I/am_pss ( 1507): [2660,10084,com.qti.qualcomm.mstatssystemservice,6017024,3776512,0,90918912,0,0,6]
12-23 03:16:06.421 I/am_pss ( 1507): [2638,1000,com.thundercomm.tcsetupwizard,50561024,42180608,0,172994560,0,0,7]
12-23 03:16:06.427 I/am_pss ( 1507): [2647,1000,vendor.qti.qesdk.sysservice,6077440,3760128,0,92504064,0,0,5]
12-23 03:16:06.433 I/am_pss ( 1507): [2625,1000,com.tc.logclient,8242176,5619712,0,99414016,0,0,5]
12-23 03:16:06.440 I/am_pss ( 1507): [2612,1000,com.thundercomm.tchttpserver,27945984,25645056,0,113983488,0,0,6]
12-23 03:16:06.445 I/am_pss ( 1507): [2591,10054,.qtidataservices,6468608,4186112,0,92573696,0,0,4]
12-23 03:16:06.451 I/am_pss ( 1507): [2572,1000,com.thundercomm.microsettings,36046848,32256000,0,129900544,0,0,5]
12-23 03:16:06.456 I/am_pss ( 1507): [2555,1000,com.thundercomm.microservice,9444352,7028736,0,96862208,0,0,4]
12-23 03:16:06.486 I/wm_destroy_activity( 1507): [0,168050631,11,com.thundercomm.screensaver/android.service.dreams.DreamActivity,finish-imm:idle]
12-23 03:16:06.506 I/wm_on_stop_called( 4978): [168050631,android.service.dreams.DreamActivity,LIFECYCLER_STOP_ACTIVITY]
12-23 03:16:06.507 I/wm_on_destroy_called( 4978): [168050631,android.service.dreams.DreamActivity,performDestroy]
12-23 03:16:06.511 I/sysui_multi_action( 1507): [757,222,758,2]
12-23 03:16:06.511 I/sysui_multi_action( 1507): [757,804,799,dreaming_minutes,801,119,802,1]
12-23 03:16:06.521 I/wm_task_removed( 1507): [11,removeChild:removeChild last r=ActivityRecord{a043fc7 u0 com.thundercomm.screensaver/android.service.dreams.DreamActivity t-1 f}} in t=Task{cd4fd43 #11 type=dream A=10050:android:com.thundercomm.screensaver/dream U=0 visible=false mode=fullscreen translucent=true sz=0}]
12-23 03:16:06.521 I/wm_task_removed( 1507): [11,removeChild]
12-23 03:16:07.425 I/input_interaction( 1507): Interaction with: 92cfa7 com.android.launcher3/com.android.launcher3.uioverrides.QuickstepLauncher (server), f168a65 com.android.systemui.ImageWallpaper (server), edge-swipe (server), swipe-up (server), PointerEventDispatcher0 (server),
12-23 03:16:07.530 I/view_enqueue_input_event( 2820): [Motion - Cancel,com.android.launcher3/com.android.launcher3.uioverrides.QuickstepLauncher]
12-23 03:16:07.532 I/input_interaction( 1507): Interaction with: edge-swipe (server), swipe-up (server), PointerEventDispatcher0 (server),
12-23 03:16:07.713 I/commit_sys_config_file( 1507): [settings-1-0,4]
12-23 03:16:08.263 I/commit_sys_config_file( 1507): [settings-1-0,4]
12-23 03:16:09.026 I/input_interaction( 1507): Interaction with: 92cfa7 com.android.launcher3/com.android.launcher3.uioverrides.QuickstepLauncher (server), f168a65 com.android.systemui.ImageWallpaper (server), edge-swipe (server), swipe-up (server), PointerEventDispatcher0 (server),
12-23 03:16:10.631 I/input_interaction( 1507): Interaction with: 81d7c2e StatusBar (server), edge-swipe (server), swipe-up (server), PointerEventDispatcher0 (server),
12-23 03:16:10.637 I/sysui_multi_action( 2359): [757,803,799,panel_open,802,1]
12-23 03:16:10.642 I/sysui_multi_action( 2359): [757,1328,758,4,1326,47,1327,2,1329,0]
12-23 03:16:10.680 I/sysui_multi_action( 1507): [757,127,758,1]
12-23 03:16:10.680 I/sysui_multi_action( 1507): [757,804,799,note_load,801,1,802,1]
12-23 03:16:10.681 I/notification_panel_revealed( 1507): 1
12-23 03:16:10.697 I/input_focus( 1507): [Focus request 1c6a4ad NotificationShade,reason=UpdateInputWindows]
12-23 03:16:10.720 I/sysui_multi_action( 1507): [757,128,758,1,793,7289137,794,0,795,7289137,796,32,798,0,806,android,857,USB,858,1,947,0,1395,1,1500,7288935,1688,1]
12-23 03:16:10.720 I/sysui_multi_action( 1507): [757,804,799,note_freshness,801,7289137,802,1]
12-23 03:16:10.720 I/notification_visibility( 1507): [-1|android|32|null|1000,1,7289137,7289137,0,0]
12-23 03:16:10.727 I/input_focus( 1507): [Focus leaving 92cfa7 com.android.launcher3/com.android.launcher3.uioverrides.QuickstepLauncher (server),reason=setFocusedWindow]
12-23 03:16:10.728 I/input_focus( 1507): [Focus entering 1c6a4ad NotificationShade (server),reason=setFocusedWindow]
12-23 03:16:10.777 I/sysui_multi_action( 2359): [757,111,758,1]
12-23 03:16:10.777 I/sysui_multi_action( 2359): [757,126,758,1,759,126,927,0,928,0,1593,0]
12-23 03:16:10.777 I/sysui_multi_action( 2359): [757,113,758,1,759,113,927,1,928,1,1593,0]
12-23 03:16:10.777 I/sysui_multi_action( 2359): [757,0,758,1,759,0,927,2,928,0,1593,0]
12-23 03:16:10.777 I/sysui_multi_action( 2359): [757,0,758,1,759,0,927,3,928,0,1593,0]
12-23 03:16:10.777 I/sysui_multi_action( 2359): [757,491,758,1,759,491,927,4,928,0,1311,-1,1593,0]
12-23 03:16:10.777 I/sysui_multi_action( 2359): [757,0,758,1,759,0,927,5,928,0,1593,0]
12-23 03:16:10.777 I/sysui_multi_action( 2359): [757,111,758,1]
12-23 03:16:10.778 I/sysui_multi_action( 2359): [757,126,758,1,759,126,927,0,928,0,1593,0]
12-23 03:16:10.778 I/sysui_multi_action( 2359): [757,113,758,1,759,113,927,1,928,1,1593,0]
12-23 03:16:10.778 I/sysui_multi_action( 2359): [757,0,758,1,759,0,927,2,928,0,1593,0]
12-23 03:16:10.778 I/sysui_multi_action( 2359): [757,0,758,1,759,0,927,3,928,0,1593,0]
12-23 03:16:12.853 I/input_interaction( 1507): Interaction with: 1c6a4ad NotificationShade (server), edge-swipe (server), swipe-up (server), PointerEventDispatcher0 (server),
12-23 03:16:13.047 I/sysui_multi_action( 2359): [757,406,758,4]
12-23 03:16:13.067 I/wm_task_created( 1507): [12,-1]
12-23 03:16:13.069 I/wm_task_moved( 1507): [12,1,6]
12-23 03:16:13.069 I/wm_task_to_front( 1507): [0,12]
12-23 03:16:13.069 I/wm_create_task( 1507): [0,12]
12-23 03:16:13.069 I/wm_create_activity( 1507): [0,54264970,12,com.android.settings/.homepage.SettingsHomepageActivity,android.settings.SETTINGS,NULL,NULL,335544320]
12-23 03:16:13.069 I/wm_task_moved( 1507): [12,1,6]
12-23 03:16:13.069 I/wm_on_top_resumed_lost_called( 2820): [172149049,com.android.launcher3.uioverrides.QuickstepLauncher,topStateChangedWhenResumed]
12-23 03:16:13.070 I/wm_pause_activity( 1507): [0,172149049,com.android.launcher3/.uioverrides.QuickstepLauncher,userLeaving=true,pauseBackTasks]
12-23 03:16:13.072 I/wm_on_paused_called( 2820): [172149049,com.android.launcher3.uioverrides.QuickstepLauncher,performPause]
12-23 03:16:13.073 I/wm_add_to_stopping( 1507): [0,172149049,com.android.launcher3/.uioverrides.QuickstepLauncher,makeInvisible]
12-23 03:16:13.077 I/sysui_multi_action( 1507): [757,803,799,window_time_0,802,6]
12-23 03:16:13.082 I/am_proc_start( 1507): [0,13190,1000,com.android.settings,pre-top-activity,{com.android.settings/com.android.settings.homepage.SettingsHomepageActivity}]
12-23 03:16:13.094 I/am_proc_bound( 1507): [0,13190,com.android.settings]
12-23 03:16:13.097 I/wm_restart_activity( 1507): [0,54264970,12,com.android.settings/.homepage.SettingsHomepageActivity]
12-23 03:16:13.097 I/wm_set_resumed_activity( 1507): [0,com.android.settings/.homepage.SettingsHomepageActivity,minimalResumeActivityLocked]
12-23 03:16:13.118 I/am_wtf ( 1507): [0,13190,com.android.settings,952647173,RoleParser,com.android.permissioncontroller.role.model.AssistantRoleBehavior]
12-23 03:16:13.119 I/am_wtf ( 1507): [0,13190,com.android.settings,952647173,RoleParser,com.android.permissioncontroller.role.model.BrowserRoleBehavior]
12-23 03:16:13.119 I/service_manager_stats( 1507): [100,92,6655566]
12-23 03:16:13.120 I/am_wtf ( 1507): [0,13190,com.android.settings,952647173,RoleParser,com.android.permissioncontroller.role.model.DialerRoleBehavior]
12-23 03:16:13.121 I/am_wtf ( 1507): [0,13190,com.android.settings,952647173,RoleParser,com.android.permissioncontroller.role.model.SmsRoleBehavior]
12-23 03:16:13.121 I/am_wtf ( 1507): [0,13190,com.android.settings,952647173,RoleParser,com.android.permissioncontroller.role.model.EmergencyRoleBehavior]
12-23 03:16:13.122 I/am_wtf ( 1507): [0,13190,com.android.settings,952647173,RoleParser,com.android.permissioncontroller.role.model.HomeRoleBehavior]
12-23 03:16:13.123 I/am_wtf ( 1507): [0,13190,com.android.settings,952647173,RoleParser,com.android.permissioncontroller.role.model.SystemAutomotiveClusterRoleBehavior]
12-23 03:16:13.124 I/am_wtf ( 1507): [0,13190,com.android.settings,952647173,RoleParser,com.android.permissioncontroller.role.model.CompanionDeviceWatchRoleBehavior]
12-23 03:16:13.124 I/am_wtf ( 1507): [0,13190,com.android.settings,952647173,RoleParser,com.android.permissioncontroller.role.model.SystemShellRoleBehavior]
12-23 03:16:13.125 I/am_wtf ( 1507): [0,13190,com.android.settings,952647173,RoleParser,com.android.permissioncontroller.role.model.TelevisionRoleBehavior]
12-23 03:16:13.126 I/am_wtf ( 1507): [0,13190,com.android.settings,952647173,RoleParser,com.android.permissioncontroller.role.model.TelevisionRoleBehavior]
12-23 03:16:13.243 I/am_uid_running( 1507): 10083
12-23 03:16:13.249 I/am_proc_start( 1507): [0,13220,10083,com.qualcomm.qti.qccauthmgr,content provider,{com.qualcomm.qti.qccauthmgr/com.qualcomm.qti.qccauthmgr.providers.SMQContentProvider}]
12-23 03:16:13.250 I/wm_on_create_called(13190): [54264970,com.android.settings.homepage.SettingsHomepageActivity,performCreate]
12-23 03:16:13.258 I/am_proc_bound( 1507): [0,13220,com.qualcomm.qti.qccauthmgr]
12-23 03:16:13.259 I/am_uid_active( 1507): 10083
12-23 03:16:13.286 I/wm_on_start_called(13190): [54264970,com.android.settings.homepage.SettingsHomepageActivity,handleStartActivity]
12-23 03:16:13.287 I/snet_event_log(13190): [120484087,-1,]
12-23 03:16:13.288 I/wm_on_resume_called(13190): [54264970,com.android.settings.homepage.SettingsHomepageActivity,RESUME_ACTIVITY]
12-23 03:16:13.289 I/sysui_multi_action(13190): [757,35,758,1,833,0,1089,36]
12-23 03:16:13.296 I/sysui_multi_action(13190): [757,1729,758,4,854,isParalleledControllers:false,1089,43]
12-23 03:16:13.303 I/wm_on_top_resumed_gained_called(13190): [54264970,com.android.settings.homepage.SettingsHomepageActivity,topStateChangedWhenResumed]
12-23 03:16:13.408 I/sysui_multi_action( 1507): [324,0,757,1090,758,12,806,com.android.settings,871,com.android.settings.homepage.SettingsHomepageActivity,1091,352]
12-23 03:16:13.410 I/sysui_multi_action( 1507): [319,38,321,36,322,352,325,7313,757,761,758,7,759,1,806,com.android.settings,871,com.android.settings.homepage.SettingsHomepageActivity,904,com.android.systemui,905,0,945,41,1320,4,1321,1]
12-23 03:16:13.410 I/wm_activity_launch_time( 1507): [0,54264970,com.android.settings/.homepage.SettingsHomepageActivity,352]
12-23 03:16:13.436 W/CarrierConfigManager(13190): Error getting config for subId -1 ICarrierConfigLoader is null
12-23 03:16:13.462 I/sysui_multi_action(13190): [757,746,758,1,833,0,1089,36]
12-23 03:16:13.463 D/TelephonyRegistry( 1507): listen oscl: mHasNotifySubscriptionInfoChangedOccurred==false no callback
12-23 03:16:13.465 D/TelephonyRegistry( 1507): listen oscl: mHasNotifySubscriptionInfoChangedOccurred==false no callback
12-23 03:16:13.469 I/sysui_multi_action(13190): [757,1729,758,4,854,isParalleledControllers:false,1089,43]
12-23 03:16:13.600 I/wm_stop_activity( 1507): [0,172149049,com.android.launcher3/.uioverrides.QuickstepLauncher]
12-23 03:16:13.601 I/sysui_multi_action( 1507): [757,856,758,1,806,com.android.systemui,857,updateNotification,858,3]
12-23 03:16:13.602 I/notification_enqueue( 1507): [10081,2359,com.android.systemui,2048,NULL,0,Notification(channel=updateNotification shortcut=null contentView=null vibrate=null sound=null defaults=0x0 flags=0x0 color=0x00000000 vis=PRIVATE),0]
12-23 03:16:13.602 I/sysui_multi_action( 2359): [757,111,758,2]
12-23 03:16:13.602 I/sysui_multi_action( 2359): [757,111,758,2]
12-23 03:16:13.609 I/input_focus( 1507): [Focus request a3c45f9 com.android.settings/com.android.settings.homepage.SettingsHomepageActivity,reason=UpdateInputWindows]
12-23 03:16:13.617 I/sysui_multi_action( 1507): [757,128,758,2,793,7292035,794,2898,795,7292035,796,32,798,0,806,android,857,USB,858,1,947,0,1395,1,1500,7291833,1688,1]
12-23 03:16:13.617 I/notification_visibility( 1507): [-1|android|32|null|1000,0,7292035,7292035,0,0]
12-23 03:16:13.617 I/sysui_multi_action( 1507): [757,127,758,2]
12-23 03:16:13.618 I/notification_panel_hidden( 1507):
12-23 03:16:13.618 I/input_focus( 1507): [Focus leaving 1c6a4ad NotificationShade (server),reason=NOT_FOCUSABLE]
12-23 03:16:13.618 I/input_focus( 1507): [Focus entering a3c45f9 com.android.settings/com.android.settings.homepage.SettingsHomepageActivity (server),reason=setFocusedWindow]
12-23 03:16:13.622 I/wm_on_stop_called( 2820): [172149049,com.android.launcher3.uioverrides.QuickstepLauncher,STOP_ACTIVITY_ITEM]
12-23 03:16:13.802 I/sysui_multi_action( 1507): [757,1501,758,1,793,201,794,0,795,201,796,2048,806,com.android.systemui,857,updateNotification,858,3,947,0,1500,0,1688,1]
12-23 03:16:13.802 I/sysui_multi_action( 1507): [757,804,799,note_interruptive,801,0,802,1]
12-23 03:16:13.853 I/commit_sys_config_file( 1507): [notification-policy,7294075]
12-23 03:16:14.300 I/am_uid_running( 1507): 10093
12-23 03:16:14.306 I/am_proc_start( 1507): [0,13276,10093,com.android.permissioncontroller,service,{com.android.permissioncontroller/com.android.permissioncontroller.role.service.RoleControllerServiceImpl}]
12-23 03:16:14.314 I/am_proc_bound( 1507): [0,13276,com.android.permissioncontroller]
12-23 03:16:14.315 I/am_uid_active( 1507): 10093
12-23 03:16:15.348 I/input_interaction( 1507): Interaction with: a3c45f9 com.android.settings/com.android.settings.homepage.SettingsHomepageActivity (server), edge-swipe (server), swipe-up (server), PointerEventDispatcher0 (server),
12-23 03:16:15.517 I/sysui_multi_action(13190): [757,830,758,4,833,0,854,top_level_connected_devices,1089,0]
12-23 03:16:15.625 I/sysui_multi_action(13190): [757,746,758,2,1089,2163]
12-23 03:16:15.690 I/sysui_multi_action(13190): [757,747,758,1,833,0,1089,45]
12-23 03:16:15.692 I/sysui_multi_action(13190): [757,1729,758,4,854,isParalleledControllers:false,1089,47]
12-23 03:16:16.929 I/sysui_multi_action(13190): [757,830,758,4,833,0,854,previously_connected_devices_see_all,1089,0]
12-23 03:16:16.938 I/sysui_multi_action(13190): [757,747,758,2,1089,1248]
12-23 03:16:16.970 I/sysui_multi_action(13190): [757,1370,758,1,833,0,1089,23]
12-23 03:16:16.970 I/sysui_multi_action(13190): [757,1729,758,4,854,isParalleledControllers:false,1089,24]
12-23 03:16:17.330 I/sysui_multi_action( 1507): [757,1717,758,1,759,0]
12-23 03:16:17.331 I/sysui_multi_action( 1507): [757,1717,758,2,759,0]
12-23 03:16:17.331 I/sysui_multi_action( 1507): [757,1717,758,3,759,0]
12-23 03:16:18.380 I/sysui_multi_action(13190): [757,1370,758,2,1089,1410]
12-23 03:16:18.422 I/sysui_multi_action(13190): [757,747,758,1,833,0,1089,0]
12-23 03:16:20.001 I/sysui_multi_action(13190): [757,830,758,4,833,0,854,add_bt_devices,1089,0]
12-23 03:16:20.013 I/sysui_multi_action(13190): [757,747,758,2,1089,1590]
12-23 03:16:20.062 I/sysui_multi_action(13190): [757,1018,758,1,833,0,1089,39]
12-23 03:16:20.063 I/sysui_multi_action(13190): [757,1729,758,4,854,isParalleledControllers:false,1089,41]
12-23 03:16:23.331 I/commit_sys_config_file( 1507): [package-user-0,12]
12-23 03:16:30.669 I/sysui_multi_action(13190): [757,830,758,4,833,0,854,top_level_about_device,1089,0]
12-23 03:16:30.778 I/sysui_multi_action(13190): [757,1018,758,2,1089,10715]
12-23 03:16:30.824 I/sysui_multi_action(13190): [757,40,758,1,833,0,1089,29]
12-23 03:16:30.825 W/FeatureConnector(13190): [ImsConnector, 0] connect: not supported.
12-23 03:16:30.826 I/sysui_multi_action(13190): [757,1729,758,4,854,isParalleledControllers:false,1089,32]
12-23 03:16:34.146 I/sysui_multi_action(13190): [757,830,758,4,833,0,854,top_level_game,1089,0]
12-23 03:16:34.253 I/sysui_multi_action(13190): [757,40,758,2,1089,3429]
12-23 03:16:34.292 I/am_pss ( 1507): [13190,1000,com.android.settings,169579520,153706496,0,316592128,0,2,11]
12-23 03:16:34.311 I/sysui_multi_action(13190): [757,3000,758,1,833,0,1089,41]
12-23 03:16:34.312 I/sysui_multi_action(13190): [757,1729,758,4,854,isParalleledControllers:false,1089,42]
12-23 03:16:37.034 I/sysui_multi_action(13190): [757,830,758,4,833,0,854,top_level_system,1089,0]
12-23 03:16:37.139 I/sysui_multi_action(13190): [757,3000,758,2,1089,2828]
12-23 03:16:37.170 I/sysui_multi_action(13190): [757,744,758,1,833,0,1089,23]
12-23 03:16:37.174 I/sysui_multi_action(13190): [757,1729,758,4,854,isParalleledControllers:false,1089,27]
12-23 03:16:41.354 I/sysui_multi_action(13190): [757,830,758,4,833,0,854,top_level_privacy,1089,0]
12-23 03:16:41.459 I/sysui_multi_action(13190): [757,744,758,2,1089,4288]
12-23 03:16:41.508 I/sysui_multi_action(13190): [757,1587,758,1,833,0,1089,37]
12-23 03:16:41.513 I/sysui_multi_action(13190): [757,1729,758,4,854,isParalleledControllers:false,1089,42]
12-23 03:16:42.631 I/sysui_multi_action(13190): [757,830,758,4,833,0,854,top_level_security,1089,0]
12-23 03:16:42.736 I/sysui_multi_action(13190): [757,1587,758,2,1089,1226]
12-23 03:16:42.801 I/sysui_multi_action(13190): [757,87,758,1,833,0,1089,51]
12-23 03:16:42.807 I/sysui_multi_action(13190): [757,1729,758,4,854,isParalleledControllers:false,1089,57]
12-23 03:16:44.301 I/sysui_multi_action(13190): [757,830,758,4,833,0,854,top_level_display,1089,0]
12-23 03:16:44.415 I/sysui_multi_action(13190): [757,87,758,2,1089,1611]
12-23 03:16:44.490 I/sysui_multi_action(13190): [757,46,758,1,833,0,1089,56]
12-23 03:16:44.502 I/sysui_multi_action(13190): [757,1729,758,4,854,isParalleledControllers:false,1089,68]
12-23 03:16:46.002 I/sysui_multi_action(13190): [757,830,758,4,833,0,854,top_level_sound,1089,0]
12-23 03:16:46.117 I/sysui_multi_action(13190): [757,46,758,2,1089,1626]
12-23 03:16:46.193 I/sysui_multi_action(13190): [757,336,758,1,833,0,1089,57]
