01-01 08:02:09.671 I/auditd ( 985): type=1400 audit(0.0:200): avc: denied { read write } for comm="sensors.qti" name="diag" dev="tmpfs" ino=11510 scontext=u:r:vendor_sensors_qti:s0 tcontext=u:object_r:vendor_diag_device:s0 tclass=chr_file permissive=0
01-01 08:02:09.843 I/auditd ( 1258): type=1400 audit(0.0:201): avc: denied { read write } for comm="qfp-daemon" name="diag" dev="tmpfs" ino=11510 scontext=u:r:vendor_qfp-daemon:s0 tcontext=u:object_r:vendor_diag_device:s0 tclass=chr_file permissive=0
01-01 08:02:09.871 I/auditd ( 985): type=1400 audit(0.0:202): avc: denied { read write } for comm="sensors.qti" name="diag" dev="tmpfs" ino=11510 scontext=u:r:vendor_sensors_qti:s0 tcontext=u:object_r:vendor_diag_device:s0 tclass=chr_file permissive=0
01-01 08:02:10.009 I/pm_critical_info( 1507): Adding duplicate app id: 10019 name=com.android.providers.downloads
01-01 08:02:10.011 I/pm_critical_info( 1507): Adding duplicate app id: 10034 name=com.android.providers.calendar
01-01 08:02:10.013 I/pm_critical_info( 1507): Adding duplicate shared id: 1073 name=com.android.networkstack.permissionconfig
01-01 08:02:10.071 I/auditd ( 985): type=1400 audit(0.0:203): avc: denied { read write } for comm="sensors.qti" name="diag" dev="tmpfs" ino=11510 scontext=u:r:vendor_sensors_qti:s0 tcontext=u:object_r:vendor_diag_device:s0 tclass=chr_file permissive=0
01-01 08:02:10.151 I/auditd ( 808): type=1400 audit(0.0:204): avc: denied { read write } for comm="audio.service" name="diag" dev="tmpfs" ino=11510 scontext=u:r:hal_audio_default:s0 tcontext=u:object_r:vendor_diag_device:s0 tclass=chr_file permissive=0
01-01 08:02:10.226 I/pm_critical_info( 1507): Adding duplicate shared id: 1000 name=com.android.wallpaperbackup
01-01 08:02:10.230 I/pm_critical_info( 1507): Adding duplicate shared id: 1068 name=com.android.se
01-01 08:02:10.232 I/pm_critical_info( 1507): Adding duplicate shared id: 1001 name=com.android.stk
01-01 08:02:10.243 I/pm_critical_info( 1507): Adding duplicate shared id: 1000 name=com.tc.logclient
01-01 08:02:10.248 I/pm_critical_info( 1507): Adding duplicate shared id: 1000 name=com.thundercomm.tchttpserver
01-01 08:02:10.248 I/service_manager_stats( 1507): [100,23,13132]
01-01 08:02:10.254 I/pm_critical_info( 1507): Adding duplicate shared id: 1000 name=com.android.keychain
01-01 08:02:10.256 I/pm_critical_info( 1507): Adding duplicate shared id: 1002 name=com.android.bluetooth
01-01 08:02:10.267 I/pm_critical_info( 1507): Adding duplicate app id: 10054 name=vendor.qti.hardware.cacert.server
01-01 08:02:10.271 I/auditd ( 985): type=1400 audit(0.0:205): avc: denied { read write } for comm="sensors.qti" name="diag" dev="tmpfs" ino=11510 scontext=u:r:vendor_sensors_qti:s0 tcontext=u:object_r:vendor_diag_device:s0 tclass=chr_file permissive=0
01-01 08:02:10.279 I/pm_critical_info( 1507): Adding duplicate app id: 10054 name=vendor.qti.iwlan
01-01 08:02:10.325 I/pm_critical_info( 1507): Adding duplicate shared id: 1001 name=com.qti.dpmserviceapp
01-01 08:02:10.330 I/pm_critical_info( 1507): Adding duplicate app id: 10073 name=com.qualcomm.location.XT
01-01 08:02:10.334 I/pm_critical_info( 1507): Adding duplicate app id: 10074 name=com.android.emergency
01-01 08:02:10.351 I/pm_critical_info( 1507): Adding duplicate shared id: 1000 name=com.android.provision
01-01 08:02:10.354 I/pm_critical_info( 1507): Adding duplicate shared id: 1000 name=com.thundercomm.gamemode
01-01 08:02:10.357 I/pm_critical_info( 1507): Adding duplicate shared id: 1000 name=com.qualcomm.qti.xrvd.service
01-01 08:02:10.391 I/pm_critical_info( 1507): Adding duplicate app id: 10081 name=com.android.systemui
01-01 08:02:10.471 I/auditd ( 985): type=1400 audit(0.0:206): avc: denied { read write } for comm="sensors.qti" name="diag" dev="tmpfs" ino=11510 scontext=u:r:vendor_sensors_qti:s0 tcontext=u:object_r:vendor_diag_device:s0 tclass=chr_file permissive=0
01-01 08:02:10.490 I/pm_critical_info( 1507): Adding duplicate shared id: 1000 name=com.android.settings
01-01 08:02:10.497 I/pm_critical_info( 1507): Adding duplicate shared id: 1000 name=vendor.qti.qesdk.sysservice
01-01 08:02:10.501 I/pm_critical_info( 1507): Adding duplicate shared id: 1000 name=com.thundercomm.remotecontrolservice
01-01 08:02:10.505 I/pm_critical_info( 1507): Adding duplicate shared id: 1000 name=com.thundercomm.tcsetupwizard
01-01 08:02:10.515 I/pm_critical_info( 1507): Adding duplicate shared id: 1000 name=com.thundercomm.microsettings
01-01 08:02:10.519 I/pm_critical_info( 1507): Adding duplicate shared id: 1001 name=com.qualcomm.qti.uceShimService
01-01 08:02:10.531 I/pm_critical_info( 1507): Adding duplicate shared id: 1000 name=com.qti.snapdragon.qdcm_ff
01-01 08:02:10.533 I/pm_critical_info( 1507): Adding duplicate shared id: 1000 name=com.thundercomm.microservice
01-01 08:02:10.535 I/pm_critical_info( 1507): Adding duplicate shared id: 1001 name=com.qualcomm.qti.dynamicddsservice
01-01 08:02:10.537 I/pm_critical_info( 1507): Adding duplicate shared id: 1000 name=com.qualcomm.qti.qdma
01-01 08:02:10.538 I/pm_critical_info( 1507): Adding duplicate shared id: 1000 name=com.qti.diagservices
01-01 08:02:10.546 I/pm_critical_info( 1507): Adding duplicate shared id: 1027 name=com.android.nfc
01-01 08:02:10.569 I/pm_critical_info( 1507): Adding duplicate shared id: 1073 name=com.android.networkstack.tethering
01-01 08:02:10.602 I/boot_progress_pms_data_scan_start( 1507): 13486
01-01 08:02:10.607 I/boot_progress_pms_scan_end( 1507): 13490
01-01 08:02:10.671 I/auditd ( 985): type=1400 audit(0.0:207): avc: denied { read write } for comm="sensors.qti" name="diag" dev="tmpfs" ino=11510 scontext=u:r:vendor_sensors_qti:s0 tcontext=u:object_r:vendor_diag_device:s0 tclass=chr_file permissive=0
01-01 08:02:10.678 I/commit_sys_config_file( 1507): [package-user-0,1]
01-01 08:02:10.678 I/commit_sys_config_file( 1507): [package,26]
01-01 08:02:10.678 I/boot_progress_pms_ready( 1507): 13561
01-01 08:02:10.698 I/am_uid_running( 1507): 1000
01-01 08:02:10.699 I/am_uid_active( 1507): 1000
01-01 08:02:10.776 I/commit_sys_config_file( 1507): [overlays,7]
01-01 08:02:10.784 I/battery_status( 1507): [1,1,0,0,]
01-01 08:02:10.867 I/commit_sys_config_file( 1507): [settings-1-0,1]
01-01 08:02:10.870 I/commit_sys_config_file( 1507): [settings-2-0,1]
01-01 08:02:10.873 I/commit_sys_config_file( 1507): [settings-0-0,1]
01-01 08:02:10.875 I/commit_sys_config_file( 1507): [settings-0-0,1]
01-01 08:02:10.875 I/commit_sys_config_file( 1507): [settings-2-0,1]
01-01 08:02:10.871 I/auditd ( 985): type=1400 audit(0.0:208): avc: denied { read write } for comm="sensors.qti" name="diag" dev="tmpfs" ino=11510 scontext=u:r:vendor_sensors_qti:s0 tcontext=u:object_r:vendor_diag_device:s0 tclass=chr_file permissive=0
01-01 08:02:10.876 I/commit_sys_config_file( 1507): [settings-1-0,0]
01-01 08:02:10.885 I/commit_sys_config_file( 1507): [overlays,117]
12-23 01:14:33.034 I/wm_task_created( 1507): [1,-1]
12-23 01:14:33.039 I/sysui_multi_action( 1507): [757,1594,758,4,759,0,806,NULL]
12-23 01:14:33.049 I/commit_sys_config_file( 1507): [net-watchlist,1]
12-23 01:14:33.071 I/configuration_changed( 1507): 536894968
12-23 01:14:33.073 I/sysui_multi_action( 1507): [757,1659,758,4,759,2,1660,0]
12-23 01:14:33.075 I/configuration_changed( 1507): 8
12-23 01:14:33.100 I/am_uid_running( 1507): 10095
12-23 01:14:33.147 I/auditd ( 985): type=1400 audit(0.0:210): avc: denied { read write } for comm="sensors.qti" name="diag" dev="tmpfs" ino=11510 scontext=u:r:vendor_sensors_qti:s0 tcontext=u:object_r:vendor_diag_device:s0 tclass=chr_file permissive=0
12-23 01:14:33.153 I/commit_sys_config_file( 1507): [settings-0-0,1]
12-23 01:14:33.155 I/commit_sys_config_file( 1507): [settings-2-0,1]
12-23 01:14:33.156 I/commit_sys_config_file( 1507): [settings-1-0,1]
12-23 01:14:33.175 I/commit_sys_config_file( 1507): [settings-4-0,2]
12-23 01:14:33.347 I/auditd ( 985): type=1400 audit(0.0:211): avc: denied { read write } for comm="sensors.qti" name="diag" dev="tmpfs" ino=11510 scontext=u:r:vendor_sensors_qti:s0 tcontext=u:object_r:vendor_diag_device:s0 tclass=chr_file permissive=0
12-23 01:14:33.547 I/auditd ( 985): type=1400 audit(0.0:212): avc: denied { read write } for comm="sensors.qti" name="diag" dev="tmpfs" ino=11510 scontext=u:r:vendor_sensors_qti:s0 tcontext=u:object_r:vendor_diag_device:s0 tclass=chr_file permissive=0
12-23 01:14:33.747 I/auditd ( 985): type=1400 audit(0.0:213): avc: denied { read write } for comm="sensors.qti" name="diag" dev="tmpfs" ino=11510 scontext=u:r:vendor_sensors_qti:s0 tcontext=u:object_r:vendor_diag_device:s0 tclass=chr_file permissive=0
12-23 01:14:33.767 I/snet_event_log( 1507): [172655291,-1,]
12-23 01:14:33.767 I/am_wtf ( 1507): [0,1507,system_server,-1,PowerManagerService,Tried to acquire wake lock for invalid display: 0]
12-23 01:14:33.947 I/auditd ( 985): type=1400 audit(0.0:214): avc: denied { read write } for comm="sensors.qti" name="diag" dev="tmpfs" ino=11510 scontext=u:r:vendor_sensors_qti:s0 tcontext=u:object_r:vendor_diag_device:s0 tclass=chr_file permissive=0
12-23 01:14:34.147 I/auditd ( 985): type=1400 audit(0.0:215): avc: denied { read write } for comm="sensors.qti" name="diag" dev="tmpfs" ino=11510 scontext=u:r:vendor_sensors_qti:s0 tcontext=u:object_r:vendor_diag_device:s0 tclass=chr_file permissive=0
12-23 01:14:34.347 I/auditd ( 985): type=1400 audit(0.0:216): avc: denied { read write } for comm="sensors.qti" name="diag" dev="tmpfs" ino=11510 scontext=u:r:vendor_sensors_qti:s0 tcontext=u:object_r:vendor_diag_device:s0 tclass=chr_file permissive=0
12-23 01:14:34.547 I/auditd ( 985): type=1400 audit(0.0:217): avc: denied { read write } for comm="sensors.qti" name="diag" dev="tmpfs" ino=11510 scontext=u:r:vendor_sensors_qti:s0 tcontext=u:object_r:vendor_diag_device:s0 tclass=chr_file permissive=0
12-23 01:14:39.319 I/sysui_multi_action( 1507): [757,804,799,opt_dialog_num_dexopted,801,28,802,1]
12-23 01:14:39.319 I/sysui_multi_action( 1507): [757,804,799,opt_dialog_num_skipped,801,110,802,1]
12-23 01:14:39.319 I/sysui_multi_action( 1507): [757,804,799,opt_dialog_num_failed,801,0,802,1]
12-23 01:14:39.319 I/sysui_multi_action( 1507): [757,804,799,opt_dialog_num_total,801,125,802,1]
12-23 01:14:39.319 I/sysui_multi_action( 1507): [757,804,799,opt_dialog_time_s,801,6,802,1]
12-23 01:14:39.320 I/service_manager_stats( 1507): [108,38,6996]
12-23 01:14:39.319 I/auditd ( 514): type=1400 audit(0.0:218): avc: denied { read } for comm="Binder:514_2" name="spunvm" dev="tmpfs" ino=2613 scontext=u:r:vold:s0 tcontext=u:object_r:vendor_spunvm_file:s0 tclass=dir permissive=0 --------- beginning of radio
12-23 01:14:39.448 D/TelephonyRegistry( 1507): listen oscl: mHasNotifySubscriptionInfoChangedOccurred==false no callback
12-23 01:14:39.534 I/sysui_multi_action( 1507): [757,856,758,1,806,android,857,VIRTUAL_KEYBOARD,858,2]
12-23 01:14:39.534 I/sysui_multi_action( 1507): [757,856,758,1,806,android,857,PHYSICAL_KEYBOARD,858,3]
12-23 01:14:39.534 I/sysui_multi_action( 1507): [757,856,758,1,806,android,857,SECURITY,858,2]
12-23 01:14:39.535 I/sysui_multi_action( 1507): [757,856,758,1,806,android,857,CAR_MODE,858,2]
12-23 01:14:39.535 I/sysui_multi_action( 1507): [757,856,758,1,806,android,857,ACCOUNT,858,2]
12-23 01:14:39.535 I/sysui_multi_action( 1507): [757,856,758,1,806,android,857,DEVELOPER,858,2]
12-23 01:14:39.535 I/sysui_multi_action( 1507): [757,856,758,1,806,android,857,DEVELOPER_IMPORTANT,858,4]
12-23 01:14:39.535 I/sysui_multi_action( 1507): [757,856,758,1,806,android,857,UPDATES,858,2]
12-23 01:14:39.535 I/sysui_multi_action( 1507): [757,856,758,1,806,android,857,NETWORK_STATUS,858,2]
12-23 01:14:39.535 I/sysui_multi_action( 1507): [757,856,758,1,806,android,857,NETWORK_ALERTS,858,4]
12-23 01:14:39.536 I/sysui_multi_action( 1507): [757,856,758,1,806,android,857,NETWORK_AVAILABLE,858,2]
12-23 01:14:39.536 I/sysui_multi_action( 1507): [757,856,758,1,806,android,857,VPN,858,2]
12-23 01:14:39.536 I/sysui_multi_action( 1507): [757,856,758,1,806,android,857,DEVICE_ADMIN_ALERTS,858,4]
12-23 01:14:39.536 I/sysui_multi_action( 1507): [757,856,758,1,806,android,857,ALERTS,858,3]
12-23 01:14:39.536 I/sysui_multi_action( 1507): [757,856,758,1,806,android,857,RETAIL_MODE,858,2]
12-23 01:14:39.536 I/sysui_multi_action( 1507): [757,856,758,1,806,android,857,USB,858,1]
12-23 01:14:39.536 I/sysui_multi_action( 1507): [757,856,758,1,806,android,857,FOREGROUND_SERVICE,858,2]
12-23 01:14:39.537 I/sysui_multi_action( 1507): [757,856,758,1,806,android,857,HEAVY_WEIGHT_APP,858,3]
12-23 01:14:39.537 I/sysui_multi_action( 1507): [757,856,758,1,806,android,857,SYSTEM_CHANGES,858,2]
12-23 01:14:39.537 I/sysui_multi_action( 1507): [757,856,758,1,806,android,857,DO_NOT_DISTURB,858,2]
12-23 01:14:39.537 I/sysui_multi_action( 1507): [757,856,758,1,806,android,857,ACCESSIBILITY_MAGNIFICATION,858,4]
12-23 01:14:39.537 I/sysui_multi_action( 1507): [757,856,758,1,806,android,857,ACCESSIBILITY_SECURITY_POLICY,858,2]
12-23 01:14:39.538 I/storage_state( 1507): [41217664-9172-527a-b3d5-edabb50a7d69,0,0,116490489856,118610538496]
12-23 01:14:39.603 I/auditd ( 1507): type=1400 audit(0.0:219): avc: denied { read } for comm="system_server" name="u:object_r:vendor_default_prop:s0" dev="tmpfs" ino=2347 scontext=u:r:system_server:s0 tcontext=u:object_r:vendor_default_prop:s0 tclass=file permissive=0
12-23 01:14:39.625 I/stream_devices_changed( 1507): [3,0,2]
12-23 01:14:39.632 I/stream_devices_changed( 1507): [6,0,1]
12-23 01:14:39.662 I/am_wtf ( 1507): [0,1507,system_server,-1,LazyAlarmStore,Removed TIME_TICK alarm]
12-23 01:14:39.665 I/configuration_changed( 1507): 512
12-23 01:14:39.698 I/commit_sys_config_file( 1507): [package-session,2]
12-23 01:14:39.723 I/sysui_multi_action( 1507): [757,1243,758,4,806,com.android.server.telecom,1241,android.permission.READ_CALL_LOG]
12-23 01:14:39.723 I/sysui_multi_action( 1507): [757,1243,758,4,806,com.thundercomm.microservice,1241,android.permission.ACCESS_FINE_LOCATION]
12-23 01:14:39.723 I/sysui_multi_action( 1507): [757,1243,758,4,806,com.android.settings,1241,android.permission.BLUETOOTH_CONNECT]
12-23 01:14:39.724 I/sysui_multi_action( 1507): [757,1243,758,4,806,com.thundercomm.gamemode,1241,android.permission.READ_EXTERNAL_STORAGE]
12-23 01:14:39.724 I/sysui_multi_action( 1507): [757,1243,758,4,806,com.thundercomm.microservice,1241,android.permission.ACCESS_COARSE_LOCATION]
12-23 01:14:39.724 I/sysui_multi_action( 1507): [757,1243,758,4,806,com.thundercomm.microsettings,1241,android.permission.READ_PHONE_STATE]
12-23 01:14:39.724 I/sysui_multi_action( 1507): [757,1243,758,4,806,com.android.server.telecom,1241,android.permission.SEND_SMS]
12-23 01:14:39.724 I/sysui_multi_action( 1507): [757,1243,758,4,806,com.android.settings,1241,android.permission.CALL_PHONE]
12-23 01:14:39.725 I/sysui_multi_action( 1507): [757,1243,758,4,806,com.android.settings,1241,android.permission.WRITE_CONTACTS]
12-23 01:14:39.725 I/sysui_multi_action( 1507): [757,1243,758,4,806,com.thundercomm.gamemode,1241,android.permission.CAMERA]
12-23 01:14:39.725 I/sysui_multi_action( 1507): [757,1243,758,4,806,com.android.server.telecom,1241,android.permission.WRITE_CALL_LOG]
12-23 01:14:39.725 I/sysui_multi_action( 1507): [757,1243,758,4,806,com.android.settings,1241,android.permission.BLUETOOTH_ADVERTISE]
12-23 01:14:39.725 I/sysui_multi_action( 1507): [757,1243,758,4,806,com.thundercomm.microsettings,1241,android.permission.GET_ACCOUNTS]
12-23 01:14:39.726 I/sysui_multi_action( 1507): [757,1243,758,4,806,com.thundercomm.gamemode,1241,android.permission.WRITE_EXTERNAL_STORAGE]
12-23 01:14:39.726 I/sysui_multi_action( 1507): [757,1243,758,4,806,com.android.settings,1241,android.permission.READ_CONTACTS]
12-23 01:14:39.726 I/sysui_multi_action( 1507): [757,1243,758,4,806,com.android.location.fused,1241,android.permission.ACCESS_BACKGROUND_LOCATION]
12-23 01:14:39.726 I/sysui_multi_action( 1507): [757,1243,758,4,806,com.android.settings,1241,android.permission.BLUETOOTH_SCAN]
12-23 01:14:39.727 I/sysui_multi_action( 1507): [757,1243,758,4,806,com.android.bluetooth,1241,android.permission.READ_SMS]
12-23 01:14:39.727 I/sysui_multi_action( 1507): [757,1243,758,4,806,com.android.bluetooth,1241,android.permission.READ_CALL_LOG]
12-23 01:14:39.727 I/sysui_multi_action( 1507): [757,1243,758,4,806,com.android.bluetooth,1241,android.permission.RECEIVE_SMS]
12-23 01:14:39.727 I/sysui_multi_action( 1507): [757,1243,758,4,806,com.android.bluetooth,1241,android.permission.BLUETOOTH_CONNECT]
12-23 01:14:39.728 I/sysui_multi_action( 1507): [757,1243,758,4,806,com.android.bluetooth,1241,android.permission.READ_EXTERNAL_STORAGE]
12-23 01:14:39.728 I/sysui_multi_action( 1507): [757,1243,758,4,806,com.android.bluetooth,1241,android.permission.ACCESS_COARSE_LOCATION]
12-23 01:14:39.728 I/sysui_multi_action( 1507): [757,1243,758,4,806,com.android.bluetooth,1241,android.permission.SEND_SMS]
12-23 01:14:39.728 I/sysui_multi_action( 1507): [757,1243,758,4,806,com.android.bluetooth,1241,android.permission.WRITE_CONTACTS]
12-23 01:14:39.728 I/sysui_multi_action( 1507): [757,1243,758,4,806,com.android.bluetooth,1241,android.permission.WRITE_CALL_LOG]
12-23 01:14:39.729 I/sysui_multi_action( 1507): [757,1243,758,4,806,com.android.bluetooth,1241,android.permission.BLUETOOTH_ADVERTISE]
12-23 01:14:39.729 I/sysui_multi_action( 1507): [757,1243,758,4,806,com.android.bluetooth,1241,android.permission.GET_ACCOUNTS]
12-23 01:14:39.729 I/sysui_multi_action( 1507): [757,1243,758,4,806,com.android.bluetooth,1241,android.permission.WRITE_EXTERNAL_STORAGE]
12-23 01:14:39.729 I/sysui_multi_action( 1507): [757,1243,758,4,806,com.android.bluetooth,1241,android.permission.READ_CONTACTS]
12-23 01:14:39.729 I/sysui_multi_action( 1507): [757,1243,758,4,806,com.android.bluetooth,1241,android.permission.BLUETOOTH_SCAN]
12-23 01:14:39.730 I/sysui_multi_action( 1507): [757,1243,758,4,806,com.android.nfc,1241,android.permission.BLUETOOTH_CONNECT]
12-23 01:14:39.730 I/sysui_multi_action( 1507): [757,1243,758,4,806,com.android.nfc,1241,android.permission.READ_EXTERNAL_STORAGE]
12-23 01:14:39.730 I/sysui_multi_action( 1507): [757,1243,758,4,806,com.android.nfc,1241,android.permission.WRITE_EXTERNAL_STORAGE]
12-23 01:14:39.730 I/sysui_multi_action( 1507): [757,1243,758,4,806,com.android.nfc,1241,android.permission.READ_CONTACTS]
12-23 01:14:39.730 I/sysui_multi_action( 1507): [757,1243,758,4,806,com.android.nfc,1241,android.permission.BLUETOOTH_SCAN]
12-23 01:14:39.731 I/sysui_multi_action( 1507): [757,1243,758,4,806,com.android.networkstack,1241,android.permission.ACCESS_FINE_LOCATION]
12-23 01:14:39.731 I/sysui_multi_action( 1507): [757,1243,758,4,806,com.android.networkstack,1241,android.permission.ACCESS_COARSE_LOCATION]
12-23 01:14:39.731 I/sysui_multi_action( 1507): [757,1243,758,4,806,com.android.networkstack.tethering,1241,android.permission.READ_PHONE_STATE]
12-23 01:14:39.731 I/commit_sys_config_file( 1507): [settings-0-0,1]
12-23 01:14:39.731 I/sysui_multi_action( 1507): [757,1243,758,4,806,com.android.shell,1241,android.permission.READ_SMS]
12-23 01:14:39.731 I/sysui_multi_action( 1507): [757,1243,758,4,806,com.android.shell,1241,android.permission.READ_CALENDAR]
12-23 01:14:39.732 I/sysui_multi_action( 1507): [757,1243,758,4,806,com.android.shell,1241,android.permission.READ_CALL_LOG]
12-23 01:14:39.732 I/sysui_multi_action( 1507): [757,1243,758,4,806,com.android.shell,1241,android.permission.ACCESS_FINE_LOCATION]
12-23 01:14:39.732 I/sysui_multi_action( 1507): [757,1243,758,4,806,com.android.shell,1241,android.permission.ANSWER_PHONE_CALLS]
12-23 01:14:39.732 I/sysui_multi_action( 1507): [757,1243,758,4,806,com.android.shell,1241,android.permission.RECEIVE_WAP_PUSH]
12-23 01:14:39.732 I/sysui_multi_action( 1507): [757,1243,758,4,806,com.android.shell,1241,android.permission.BODY_SENSORS]
12-23 01:14:39.732 I/sysui_multi_action( 1507): [757,1243,758,4,806,com.android.shell,1241,android.permission.READ_PHONE_NUMBERS]
12-23 01:14:39.732 I/sysui_multi_action( 1507): [757,1243,758,4,806,com.android.shell,1241,android.permission.RECEIVE_MMS]
12-23 01:14:39.733 I/sysui_multi_action( 1507): [757,1243,758,4,806,com.android.shell,1241,android.permission.RECEIVE_SMS]
12-23 01:14:39.733 I/sysui_multi_action( 1507): [757,1243,758,4,806,com.android.shell,1241,android.permission.BLUETOOTH_CONNECT]
12-23 01:14:39.733 I/sysui_multi_action( 1507): [757,1243,758,4,806,com.android.shell,1241,android.permission.READ_EXTERNAL_STORAGE]
12-23 01:14:39.733 I/sysui_multi_action( 1507): [757,1243,758,4,806,com.android.shell,1241,android.permission.ACCESS_COARSE_LOCATION]
12-23 01:14:39.733 I/sysui_multi_action( 1507): [757,1243,758,4,806,com.android.shell,1241,android.permission.READ_PHONE_STATE]
12-23 01:14:39.733 I/sysui_multi_action( 1507): [757,1243,758,4,806,com.android.shell,1241,android.permission.SEND_SMS]
12-23 01:14:39.733 I/sysui_multi_action( 1507): [757,1243,758,4,806,com.android.shell,1241,android.permission.CALL_PHONE]
12-23 01:14:39.734 I/sysui_multi_action( 1507): [757,1243,758,4,806,com.android.shell,1241,android.permission.WRITE_CONTACTS]
12-23 01:14:39.734 I/sysui_multi_action( 1507): [757,1243,758,4,806,com.android.shell,1241,android.permission.ACCEPT_HANDOVER]
12-23 01:14:39.734 I/sysui_multi_action( 1507): [757,1243,758,4,806,com.android.shell,1241,android.permission.CAMERA]
12-23 01:14:39.734 I/sysui_multi_action( 1507): [757,1243,758,4,806,com.android.shell,1241,android.permission.WRITE_CALENDAR]
12-23 01:14:39.734 I/sysui_multi_action( 1507): [757,1243,758,4,806,com.android.shell,1241,android.permission.WRITE_CALL_LOG]
12-23 01:14:39.734 I/sysui_multi_action( 1507): [757,1243,758,4,806,com.android.shell,1241,android.permission.USE_SIP]
12-23 01:14:39.734 I/sysui_multi_action( 1507): [757,1243,758,4,806,com.android.shell,1241,android.permission.PROCESS_OUTGOING_CALLS]
12-23 01:14:39.735 I/sysui_multi_action( 1507): [757,1243,758,4,806,com.android.shell,1241,android.permission.READ_CELL_BROADCASTS]
12-23 01:14:39.735 I/sysui_multi_action( 1507): [757,1243,758,4,806,com.android.shell,1241,android.permission.BLUETOOTH_ADVERTISE]
12-23 01:14:39.735 I/sysui_multi_action( 1507): [757,1243,758,4,806,com.android.shell,1241,android.permission.GET_ACCOUNTS]
12-23 01:14:39.735 I/sysui_multi_action( 1507): [757,1243,758,4,806,com.android.shell,1241,android.permission.WRITE_EXTERNAL_STORAGE]
12-23 01:14:39.735 I/sysui_multi_action( 1507): [757,1243,758,4,806,com.android.shell,1241,android.permission.UWB_RANGING]
12-23 01:14:39.735 I/sysui_multi_action( 1507): [757,1243,758,4,806,com.android.shell,1241,android.permission.ACTIVITY_RECOGNITION]
12-23 01:14:39.735 I/sysui_multi_action( 1507): [757,1243,758,4,806,com.android.shell,1241,android.permission.RECORD_AUDIO]
12-23 01:14:39.736 I/sysui_multi_action( 1507): [757,1243,758,4,806,com.android.shell,1241,android.permission.READ_CONTACTS]
12-23 01:14:39.736 I/sysui_multi_action( 1507): [757,1243,758,4,806,com.android.shell,1241,android.permission.ACCESS_BACKGROUND_LOCATION]
12-23 01:14:39.736 I/sysui_multi_action( 1507): [757,1243,758,4,806,com.android.shell,1241,android.permission.BLUETOOTH_SCAN]
12-23 01:14:39.736 I/sysui_multi_action( 1507): [757,1243,758,4,806,com.android.shell,1241,android.permission.ACCESS_MEDIA_LOCATION]
12-23 01:14:39.736 I/sysui_multi_action( 1507): [757,1243,758,4,806,com.android.shell,1241,com.android.voicemail.permission.ADD_VOICEMAIL]
12-23 01:14:39.736 I/sysui_multi_action( 1507): [757,1243,758,4,806,com.android.providers.downloads,1241,android.permission.READ_EXTERNAL_STORAGE]
12-23 01:14:39.736 I/sysui_multi_action( 1507): [757,1243,758,4,806,com.android.providers.downloads,1241,android.permission.WRITE_EXTERNAL_STORAGE]
12-23 01:14:39.737 I/sysui_multi_action( 1507): [757,1243,758,4,806,com.android.providers.userdictionary,1241,android.permission.READ_PHONE_STATE]
12-23 01:14:39.737 I/sysui_multi_action( 1507): [757,1243,758,4,806,com.android.providers.contacts,1241,android.permission.WRITE_CONTACTS]
12-23 01:14:39.737 I/sysui_multi_action( 1507): [757,1243,758,4,806,com.android.providers.contacts,1241,android.permission.GET_ACCOUNTS]
12-23 01:14:39.737 I/sysui_multi_action( 1507): [757,1243,758,4,806,com.android.providers.contacts,1241,android.permission.READ_CONTACTS]
12-23 01:14:39.737 I/sysui_multi_action( 1507): [757,1243,758,4,806,com.android.externalstorage,1241,android.permission.READ_EXTERNAL_STORAGE]
12-23 01:14:39.737 I/sysui_multi_action( 1507): [757,1243,758,4,806,com.android.externalstorage,1241,android.permission.WRITE_EXTERNAL_STORAGE]
12-23 01:14:39.738 I/sysui_multi_action( 1507): [757,1243,758,4,806,com.android.sharedstoragebackup,1241,android.permission.READ_EXTERNAL_STORAGE]
12-23 01:14:39.738 I/sysui_multi_action( 1507): [757,1243,758,4,806,com.android.sharedstoragebackup,1241,android.permission.WRITE_EXTERNAL_STORAGE]
12-23 01:14:39.738 I/sysui_multi_action( 1507): [757,1243,758,4,806,com.android.apps.tag,1241,android.permission.CALL_PHONE]
12-23 01:14:39.738 I/sysui_multi_action( 1507): [757,1243,758,4,806,com.android.apps.tag,1241,android.permission.READ_CONTACTS]
12-23 01:14:39.738 I/sysui_multi_action( 1507): [757,1243,758,4,806,com.android.providers.calendar,1241,android.permission.READ_CALENDAR]
12-23 01:14:39.738 I/sysui_multi_action( 1507): [757,1243,758,4,806,com.android.providers.calendar,1241,android.permission.READ_EXTERNAL_STORAGE]
12-23 01:14:39.738 I/sysui_multi_action( 1507): [757,1243,758,4,806,com.android.providers.calendar,1241,android.permission.WRITE_CALENDAR]
12-23 01:14:39.739 I/sysui_multi_action( 1507): [757,1243,758,4,806,com.android.providers.calendar,1241,android.permission.GET_ACCOUNTS]
12-23 01:14:39.739 I/sysui_multi_action( 1507): [757,1243,758,4,806,com.android.providers.calendar,1241,android.permission.WRITE_EXTERNAL_STORAGE]
12-23 01:14:39.739 I/sysui_multi_action( 1507): [757,1243,758,4,806,com.microsoft.emmx,1241,android.permission.ACCESS_FINE_LOCATION]
12-23 01:14:39.739 I/sysui_multi_action( 1507): [757,1243,758,4,806,com.microsoft.emmx,1241,android.permission.ACCESS_COARSE_LOCATION]
12-23 01:14:39.739 I/sysui_multi_action( 1507): [757,1243,758,4,806,com.android.bluetoothmidiservice,1241,android.permission.BLUETOOTH_CONNECT]
12-23 01:14:39.739 I/sysui_multi_action( 1507): [757,1243,758,4,806,com.android.bluetoothmidiservice,1241,android.permission.BLUETOOTH_ADVERTISE]
12-23 01:14:39.739 I/sysui_multi_action( 1507): [757,1243,758,4,806,com.android.bluetoothmidiservice,1241,android.permission.BLUETOOTH_SCAN]
12-23 01:14:39.740 I/sysui_multi_action( 1507): [757,1243,758,4,806,com.android.companiondevicemanager,1241,android.permission.ACCESS_FINE_LOCATION]
12-23 01:14:39.740 I/sysui_multi_action( 1507): [757,1243,758,4,806,com.android.companiondevicemanager,1241,android.permission.BLUETOOTH_CONNECT]
12-23 01:14:39.740 I/sysui_multi_action( 1507): [757,1243,758,4,806,com.android.companiondevicemanager,1241,android.permission.ACCESS_COARSE_LOCATION]
12-23 01:14:39.740 I/sysui_multi_action( 1507): [757,1243,758,4,806,com.android.companiondevicemanager,1241,android.permission.BLUETOOTH_ADVERTISE]
12-23 01:14:39.740 I/sysui_multi_action( 1507): [757,1243,758,4,806,com.android.companiondevicemanager,1241,android.permission.ACCESS_BACKGROUND_LOCATION]
12-23 01:14:39.740 I/sysui_multi_action( 1507): [757,1243,758,4,806,com.android.companiondevicemanager,1241,android.permission.BLUETOOTH_SCAN]
12-23 01:14:39.740 I/sysui_multi_action( 1507): [757,1243,758,4,806,com.android.printspooler,1241,android.permission.ACCESS_FINE_LOCATION]
12-23 01:14:39.740 I/sysui_multi_action( 1507): [757,1243,758,4,806,com.android.printspooler,1241,android.permission.ACCESS_COARSE_LOCATION]
12-23 01:14:39.741 I/sysui_multi_action( 1507): [757,1243,758,4,806,com.android.calendar,1241,android.permission.READ_CALENDAR]
12-23 01:14:39.741 I/sysui_multi_action( 1507): [757,1243,758,4,806,com.android.calendar,1241,android.permission.WRITE_CALENDAR]
12-23 01:14:39.741 I/sysui_multi_action( 1507): [757,1243,758,4,806,com.android.calendar,1241,android.permission.GET_ACCOUNTS]
12-23 01:14:39.741 I/sysui_multi_action( 1507): [757,1243,758,4,806,com.android.calendar,1241,android.permission.READ_CONTACTS]
12-23 01:14:39.741 I/sysui_multi_action( 1507): [757,1243,758,4,806,com.android.emergency,1241,android.permission.READ_PHONE_STATE]
12-23 01:14:39.741 I/sysui_multi_action( 1507): [757,1243,758,4,806,com.android.emergency,1241,android.permission.CALL_PHONE]
12-23 01:14:39.741 I/sysui_multi_action( 1507): [757,1243,758,4,806,com.android.emergency,1241,android.permission.READ_CONTACTS]
12-23 01:14:39.742 I/sysui_multi_action( 1507): [757,1243,758,4,806,com.android.storagemanager,1241,android.permission.READ_EXTERNAL_STORAGE]
12-23 01:14:39.742 I/sysui_multi_action( 1507): [757,1243,758,4,806,com.android.storagemanager,1241,android.permission.WRITE_EXTERNAL_STORAGE]
12-23 01:14:39.742 I/sysui_multi_action( 1507): [757,1243,758,4,806,com.qualcomm.location,1241,android.permission.ACCESS_FINE_LOCATION]
12-23 01:14:39.742 I/sysui_multi_action( 1507): [757,1243,758,4,806,com.qualcomm.location,1241,android.permission.RECEIVE_WAP_PUSH]
12-23 01:14:39.742 I/sysui_multi_action( 1507): [757,1243,758,4,806,com.qualcomm.location,1241,android.permission.RECEIVE_SMS]
12-23 01:14:39.742 I/sysui_multi_action( 1507): [757,1243,758,4,806,com.qualcomm.location,1241,android.permission.ACCESS_COARSE_LOCATION]
12-23 01:14:39.742 I/sysui_multi_action( 1507): [757,1243,758,4,806,com.qualcomm.location,1241,android.permission.READ_PHONE_STATE]
12-23 01:14:39.743 I/sysui_multi_action( 1507): [757,1243,758,4,806,com.qualcomm.location,1241,android.permission.PROCESS_OUTGOING_CALLS]
12-23 01:14:39.743 I/sysui_multi_action( 1507): [757,1243,758,4,806,com.android.systemui,1241,android.permission.ACCESS_FINE_LOCATION]
12-23 01:14:39.743 I/sysui_multi_action( 1507): [757,1243,758,4,806,com.android.systemui,1241,android.permission.BLUETOOTH_CONNECT]
12-23 01:14:39.743 I/sysui_multi_action( 1507): [757,1243,758,4,806,com.android.systemui,1241,android.permission.READ_EXTERNAL_STORAGE]
12-23 01:14:39.743 I/sysui_multi_action( 1507): [757,1243,758,4,806,com.android.systemui,1241,android.permission.ACCESS_COARSE_LOCATION]
12-23 01:14:39.743 I/sysui_multi_action( 1507): [757,1243,758,4,806,com.android.systemui,1241,android.permission.CAMERA]
12-23 01:14:39.743 I/sysui_multi_action( 1507): [757,1243,758,4,806,com.android.systemui,1241,android.permission.BLUETOOTH_ADVERTISE]
12-23 01:14:39.744 I/sysui_multi_action( 1507): [757,1243,758,4,806,com.android.systemui,1241,android.permission.GET_ACCOUNTS]
12-23 01:14:39.744 I/sysui_multi_action( 1507): [757,1243,758,4,806,com.android.systemui,1241,android.permission.RECORD_AUDIO]
12-23 01:14:39.744 I/sysui_multi_action( 1507): [757,1243,758,4,806,com.android.systemui,1241,android.permission.READ_CONTACTS]
12-23 01:14:39.744 I/sysui_multi_action( 1507): [757,1243,758,4,806,com.android.systemui,1241,android.permission.BLUETOOTH_SCAN]
12-23 01:14:39.744 I/sysui_multi_action( 1507): [757,1243,758,4,806,com.android.music,1241,android.permission.READ_EXTERNAL_STORAGE]
12-23 01:14:39.744 I/sysui_multi_action( 1507): [757,1243,758,4,806,com.android.music,1241,android.permission.WRITE_EXTERNAL_STORAGE]
12-23 01:14:39.744 I/sysui_multi_action( 1507): [757,1243,758,4,806,com.hht.lebocast,1241,android.permission.READ_EXTERNAL_STORAGE]
12-23 01:14:39.745 I/sysui_multi_action( 1507): [757,1243,758,4,806,com.hht.lebocast,1241,android.permission.WRITE_EXTERNAL_STORAGE]
12-23 01:14:39.745 I/sysui_multi_action( 1507): [757,1243,758,4,806,com.android.providers.media.module,1241,android.permission.READ_EXTERNAL_STORAGE]
12-23 01:14:39.745 I/sysui_multi_action( 1507): [757,1243,758,4,806,com.android.providers.media.module,1241,android.permission.WRITE_EXTERNAL_STORAGE]
12-23 01:14:39.745 I/sysui_multi_action( 1507): [757,1243,758,4,806,android.ext.services,1241,android.permission.ACCESS_COARSE_LOCATION]
12-23 01:14:39.747 I/auditd ( 1507): type=1400 audit(0.0:220): avc: denied { read } for comm="android.display" name="u:object_r:vendor_wfd_sys_debug_prop:s0" dev="tmpfs" ino=2414 scontext=u:r:system_server:s0 tcontext=u:object_r:vendor_wfd_sys_debug_prop:s0 tclass=file permissive=0
12-23 01:14:39.747 I/auditd ( 1507): type=1400 audit(0.0:221): avc: denied { read } for comm="android.display" name="u:object_r:vendor_wfd_sys_debug_prop:s0" dev="tmpfs" ino=2414 scontext=u:r:system_server:s0 tcontext=u:object_r:vendor_wfd_sys_debug_prop:s0 tclass=file permissive=0
12-23 01:14:39.752 I/commit_sys_config_file( 1507): [settings-1-0,1]
12-23 01:14:39.759 I/boot_progress_ams_ready( 1507): 20567
12-23 01:14:39.761 I/configuration_changed( 1507): 268435456
12-23 01:14:39.767 I/am_uid_running( 1507): 1002
12-23 01:14:39.772 I/am_proc_start( 1507): [0,2342,1002,com.android.bluetooth,service,{com.android.bluetooth/com.android.bluetooth.btservice.AdapterService}]
12-23 01:14:39.779 I/commit_sys_config_file( 1507): [notification-policy,1]
12-23 01:14:39.784 I/am_proc_bound( 1507): [0,2342,com.android.bluetooth]
12-23 01:14:39.787 I/am_uid_active( 1507): 1002
12-23 01:14:39.788 I/am_uid_running( 1507): 10081
12-23 01:14:39.792 I/am_uid_running( 1507): 10093
12-23 01:14:39.793 I/am_proc_start( 1507): [0,2359,10081,com.android.systemui,service,{com.android.systemui/com.android.systemui.ImageWallpaper}]
12-23 01:14:39.796 I/am_proc_start( 1507): [0,2361,10093,com.android.permissioncontroller,service,{com.android.permissioncontroller/com.android.permissioncontroller.permission.service.PermissionControllerServiceImpl}]
12-23 01:14:39.806 I/am_proc_bound( 1507): [0,2359,com.android.systemui]
12-23 01:14:39.807 I/am_uid_active( 1507): 10081
12-23 01:14:39.811 I/am_proc_bound( 1507): [0,2361,com.android.permissioncontroller]
12-23 01:14:39.813 I/am_uid_active( 1507): 10093
12-23 01:14:39.848 I/wm_task_created( 1507): [2,-1]
12-23 01:14:39.850 I/wm_task_created( 1507): [3,-1]
12-23 01:14:39.850 I/commit_sys_config_file( 1507): [settings-2-0,12]
12-23 01:14:39.865 I/wm_task_created( 1507): [4,-1]
12-23 01:14:39.866 I/wm_task_created( 1507): [5,-1]
12-23 01:14:39.868 I/wm_task_created( 1507): [6,-1]
12-23 01:14:39.887 I/bt_config_source( 2342): 4
12-23 01:14:39.887 I/bt_config_source( 2342): 3
12-23 01:14:39.943 D/TelephonyRegistry( 1507): listen oscl: mHasNotifySubscriptionInfoChangedOccurred==false no callback
12-23 01:14:39.950 I/commit_sys_config_file( 1507): [settings-0-0,2]
12-23 01:14:39.976 I/sysui_multi_action( 1507): [757,856,758,1,806,com.android.systemui,857,empty_media_style_id,858,4]
12-23 01:14:39.995 I/am_uid_running( 1507): 1037
12-23 01:14:39.999 I/commit_sys_config_file( 1507): [net-policy,1]
12-23 01:14:40.004 D/TelephonyRegistry( 1507): listen oscl: mHasNotifySubscriptionInfoChangedOccurred==false no callback
12-23 01:14:40.021 D/TelephonyRegistry( 1507): listen oscl: mHasNotifySubscriptionInfoChangedOccurred==false no callback
12-23 01:14:40.024 D/TelephonyRegistry( 1507): listen oscl: mHasNotifySubscriptionInfoChangedOccurred==false no callback
12-23 01:14:40.039 I/auditd ( 822): type=1400 audit(0.0:222): avc: denied { read } for comm="Loc_hal_worker" name="u:object_r:vendor_pd_locater_dbg_prop:s0" dev="tmpfs" ino=2378 scontext=u:r:vendor_hal_gnss_qti:s0 tcontext=u:object_r:vendor_pd_locater_dbg_prop:s0 tclass=file permissive=0
12-23 01:14:40.043 D/TelephonyRegistry( 1507): listen oscl: mHasNotifySubscriptionInfoChangedOccurred==false no callback
12-23 01:14:40.063 W/CarrierConfigManager( 1507): Error getting config for subId -1 ICarrierConfigLoader is null
12-23 01:14:40.073 I/am_proc_start( 1507): [0,2475,1037,WebViewLoader-armeabi-v7a,NULL,]
12-23 01:14:40.082 I/am_proc_start( 1507): [0,2476,1037,WebViewLoader-arm64-v8a,NULL,]
12-23 01:14:40.095 I/am_uid_running( 1507): 1073
12-23 01:14:40.098 I/configuration_changed( 1507): 16384
12-23 01:14:40.099 I/am_proc_bound( 1507): [0,2475,WebViewLoader-armeabi-v7a]
12-23 01:14:40.109 I/am_uid_active( 1507): 1037
12-23 01:14:40.109 I/am_proc_start( 1507): [0,2498,1073,com.android.networkstack.process,service,{com.android.networkstack/com.android.server.NetworkStackService}]
12-23 01:14:40.110 I/am_proc_bound( 1507): [0,2476,WebViewLoader-arm64-v8a]
12-23 01:14:40.112 I/netstats_mobile_sample( 1507): [0,0,0,0,0,0,0,0,0,0,0,0,1671729280111]
12-23 01:14:40.112 I/netstats_wifi_sample( 1507): [0,0,0,0,0,0,0,0,0,0,0,0,1671729280111]
12-23 01:14:40.113 D/TelephonyRegistry( 1507): systemRunning register for intents
12-23 01:14:40.122 I/ssm_user_starting( 1507): 0
12-23 01:14:40.124 I/am_proc_bound( 1507): [0,2498,com.android.networkstack.process]
12-23 01:14:40.125 I/am_uid_active( 1507): 1073
12-23 01:14:40.125 I/netstats_mobile_sample( 1507): [0,0,0,0,0,0,0,0,0,0,0,0,1671729280125]
12-23 01:14:40.126 I/netstats_wifi_sample( 1507): [0,0,0,0,0,0,0,0,0,0,0,0,1671729280125]
12-23 01:14:40.134 I/netstats_mobile_sample( 1507): [0,0,0,0,0,0,0,0,0,0,0,0,1671729280134]
12-23 01:14:40.134 I/netstats_wifi_sample( 1507): [0,0,0,0,0,0,0,0,0,0,0,0,1671729280134]
12-23 01:14:40.139 I/am_proc_died( 1507): [0,2475,WebViewLoader-armeabi-v7a,-700,0]
12-23 01:14:40.141 I/am_low_memory( 1507): 6
12-23 01:14:40.141 I/netstats_mobile_sample( 1507): [0,0,0,0,0,0,0,0,0,0,0,0,1671729280141]
12-23 01:14:40.141 I/netstats_wifi_sample( 1507): [0,0,0,0,0,0,0,0,0,0,0,0,1671729280141]
12-23 01:14:40.142 I/am_proc_died( 1507): [0,2476,WebViewLoader-arm64-v8a,-700,0]
12-23 01:14:40.142 I/am_uid_stopped( 1507): 1037
12-23 01:14:40.143 I/am_low_memory( 1507): 5
12-23 01:14:40.144 I/commit_sys_config_file( 1507): [settings-2-0,6]
12-23 01:14:40.144 I/netstats_mobile_sample( 1507): [0,0,0,0,0,0,0,0,0,0,0,0,1671729280144]
12-23 01:14:40.144 I/netstats_wifi_sample( 1507): [0,0,0,0,0,0,0,0,0,0,0,0,1671729280144]
12-23 01:14:40.153 I/netstats_mobile_sample( 1507): [0,0,0,0,0,0,0,0,0,0,0,0,1671729280153]
12-23 01:14:40.153 I/netstats_wifi_sample( 1507): [0,0,0,0,0,0,0,0,0,0,0,0,1671729280153]
12-23 01:14:40.155 I/netstats_mobile_sample( 1507): [0,0,0,0,0,0,0,0,0,0,0,0,1671729280155]
12-23 01:14:40.155 I/netstats_wifi_sample( 1507): [0,0,0,0,0,0,0,0,0,0,0,0,1671729280155]
12-23 01:14:40.157 I/netstats_mobile_sample( 1507): [0,0,0,0,0,0,0,0,0,0,0,0,1671729280157]
12-23 01:14:40.157 I/netstats_wifi_sample( 1507): [0,0,0,0,0,0,0,0,0,0,0,0,1671729280157]
12-23 01:14:40.159 I/netstats_mobile_sample( 1507): [0,0,0,0,0,0,0,0,0,0,0,0,1671729280158]
12-23 01:14:40.159 I/netstats_wifi_sample( 1507): [0,0,0,0,0,0,0,0,0,0,0,0,1671729280158]
12-23 01:14:40.159 I/sysui_multi_action( 1507): [757,1243,758,4,806,com.android.gallery3d,1241,android.permission.WRITE_EXTERNAL_STORAGE]
12-23 01:14:40.160 I/netstats_mobile_sample( 1507): [0,0,0,0,0,0,0,0,0,0,0,0,1671729280160]
12-23 01:14:40.161 I/netstats_wifi_sample( 1507): [0,0,0,0,0,0,0,0,0,0,0,0,1671729280160]
12-23 01:14:40.161 I/sysui_multi_action( 1507): [757,856,758,1,806,com.android.networkstack,857,connected_note_loud,858,4]
12-23 01:14:40.162 I/sysui_multi_action( 1507): [757,856,758,1,806,com.android.networkstack,857,connected_note,858,3]
12-23 01:14:40.162 I/sysui_multi_action( 1507): [757,1243,758,4,806,com.android.gallery3d,1241,android.permission.READ_EXTERNAL_STORAGE]
12-23 01:14:40.163 I/netstats_mobile_sample( 1507): [0,0,0,0,0,0,0,0,0,0,0,0,1671729280163]
12-23 01:14:40.163 I/netstats_wifi_sample( 1507): [0,0,0,0,0,0,0,0,0,0,0,0,1671729280163]
12-23 01:14:40.167 I/netstats_mobile_sample( 1507): [0,0,0,0,0,0,0,0,0,0,0,0,1671729280167]
12-23 01:14:40.167 I/netstats_wifi_sample( 1507): [0,0,0,0,0,0,0,0,0,0,0,0,1671729280167]
12-23 01:14:40.169 I/netstats_mobile_sample( 1507): [0,0,0,0,0,0,0,0,0,0,0,0,1671729280169]
12-23 01:14:40.170 I/netstats_wifi_sample( 1507): [0,0,0,0,0,0,0,0,0,0,0,0,1671729280169]
12-23 01:14:40.171 I/sysui_multi_action( 1507): [757,856,758,1,806,com.android.networkstack.tethering,857,TETHERING_STATUS,858,2]
12-23 01:14:40.172 I/netstats_mobile_sample( 1507): [0,0,0,0,0,0,0,0,0,0,0,0,1671729280172]
12-23 01:14:40.172 I/netstats_wifi_sample( 1507): [0,0,0,0,0,0,0,0,0,0,0,0,1671729280172]
12-23 01:14:40.175 I/netstats_mobile_sample( 1507): [0,0,0,0,0,0,0,0,0,0,0,0,1671729280174]
12-23 01:14:40.175 I/netstats_wifi_sample( 1507): [0,0,0,0,0,0,0,0,0,0,0,0,1671729280174]
12-23 01:14:40.175 D/TelephonyRegistry( 1507): listen oscl: mHasNotifySubscriptionInfoChangedOccurred==false no callback
12-23 01:14:40.204 I/am_uid_running( 1507): 1001
12-23 01:14:40.204 I/am_uid_running( 1507): 10054
12-23 01:14:40.207 I/am_uid_running( 1507): 10084
12-23 01:14:40.208 I/am_uid_running( 1507): 1068
12-23 01:14:40.209 I/am_uid_running( 1507): 10068
12-23 01:14:40.217 I/wm_task_created( 1507): [7,-1]
12-23 01:14:40.217 I/wm_task_moved( 1507): [7,1,2147483647]
12-23 01:14:40.218 I/wm_task_moved( 1507): [1,1,5]
12-23 01:14:40.218 I/wm_create_task( 1507): [0,7]
12-23 01:14:40.218 I/wm_create_activity( 1507): [0,7070918,7,com.android.settings/.CryptKeeper,android.intent.action.MAIN,NULL,NULL,276824320]
12-23 01:14:40.219 I/wm_task_moved( 1507): [1,1,5]
12-23 01:14:40.219 I/wm_task_moved( 1507): [7,1,2147483647]
12-23 01:14:40.219 I/wm_task_to_front( 1507): [0,7]
12-23 01:14:40.227 I/commit_sys_config_file( 1507): [settings-0-0,1]
12-23 01:14:40.243 I/commit_sys_config_file( 1507): [notification-policy,466]
12-23 01:14:40.250 I/uc_send_user_broadcast( 1507): [0,android.intent.action.USER_FOREGROUND]
12-23 01:14:40.250 I/uc_send_user_broadcast( 1507): [0,android.intent.action.USER_SWITCHED]
12-23 01:14:40.250 I/am_proc_start( 1507): [0,2555,1000,com.thundercomm.microservice,added application,com.thundercomm.microservice]
12-23 01:14:40.251 I/am_proc_bound( 1507): [0,2555,com.thundercomm.microservice]
12-23 01:14:40.256 I/am_proc_start( 1507): [0,2572,1000,com.thundercomm.microsettings,added application,com.thundercomm.microsettings]
12-23 01:14:40.260 I/sysui_multi_action( 1507): [757,856,758,1,806,com.android.systemui,857,ALR,858,4]
12-23 01:14:40.260 I/sysui_multi_action( 1507): [757,856,758,1,806,com.android.systemui,857,GEN,858,1]
12-23 01:14:40.260 I/sysui_multi_action( 1507): [757,856,758,1,806,com.android.systemui,857,DSK,858,2]
12-23 01:14:40.260 I/sysui_multi_action( 1507): [757,856,758,1,806,com.android.systemui,857,SCN_HEADSUP,858,4]
12-23 01:14:40.260 I/sysui_multi_action( 1507): [757,856,758,1,806,com.android.systemui,857,BAT,858,5]
12-23 01:14:40.260 I/sysui_multi_action( 1507): [757,856,758,1,806,com.android.systemui,857,HNT,858,3]
12-23 01:14:40.261 I/am_proc_start( 1507): [0,2574,1001,.dataservices,added application,.dataservices]
12-23 01:14:40.259 I/auditd ( 1160): type=1400 audit(0.0:223): avc: denied { read } for comm="traced_probes" name="format" dev="tracefs" ino=6416 scontext=u:r:traced_probes:s0 tcontext=u:object_r:debugfs_tracing_debug:s0 tclass=file permissive=0
12-23 01:14:40.259 I/auditd ( 1160): type=1400 audit(0.0:224): avc: denied { read } for comm="traced_probes" name="format" dev="tracefs" ino=6404 scontext=u:r:traced_probes:s0 tcontext=u:object_r:debugfs_tracing_debug:s0 tclass=file permissive=0
12-23 01:14:40.259 I/auditd ( 1160): type=1400 audit(0.0:225): avc: denied { read } for comm="traced_probes" name="format" dev="tracefs" ino=6410 scontext=u:r:traced_probes:s0 tcontext=u:object_r:debugfs_tracing_debug:s0 tclass=file permissive=0
12-23 01:14:40.259 I/auditd ( 1160): type=1400 audit(0.0:226): avc: denied { read } for comm="traced_probes" name="format" dev="tracefs" ino=6422 scontext=u:r:traced_probes:s0 tcontext=u:object_r:debugfs_tracing_debug:s0 tclass=file permissive=0
12-23 01:14:40.259 I/auditd ( 1160): type=1400 audit(0.0:227): avc: denied { read } for comm="traced_probes" name="format" dev="tracefs" ino=6428 scontext=u:r:traced_probes:s0 tcontext=u:object_r:debugfs_tracing_debug:s0 tclass=file permissive=0
12-23 01:14:40.259 I/auditd ( 1160): type=1400 audit(0.0:228): avc: denied { read } for comm="traced_probes" name="format" dev="tracefs" ino=6464 scontext=u:r:traced_probes:s0 tcontext=u:object_r:debugfs_tracing_debug:s0 tclass=file permissive=0
12-23 01:14:40.259 I/auditd ( 1160): type=1400 audit(0.0:229): avc: denied { read } for comm="traced_probes" name="format" dev="tracefs" ino=6374 scontext=u:r:traced_probes:s0 tcontext=u:object_r:debugfs_tracing_debug:s0 tclass=file permissive=0
12-23 01:14:40.259 I/auditd ( 1160): type=1400 audit(0.0:230): avc: denied { read } for comm="traced_probes" name="format" dev="tracefs" ino=6434 scontext=u:r:traced_probes:s0 tcontext=u:object_r:debugfs_tracing_debug:s0 tclass=file permissive=0
12-23 01:14:40.259 I/auditd ( 1160): type=1400 audit(0.0:231): avc: denied { read } for comm="traced_probes" name="format" dev="tracefs" ino=6446 scontext=u:r:traced_probes:s0 tcontext=u:object_r:debugfs_tracing_debug:s0 tclass=file permissive=0
12-23 01:14:40.273 I/am_proc_start( 1507): [0,2591,10054,.qtidataservices,added application,.qtidataservices]
12-23 01:14:40.259 I/auditd ( 1160): type=1400 audit(0.0:232): avc: denied { read } for comm="traced_probes" name="format" dev="tracefs" ino=6392 scontext=u:r:traced_probes:s0 tcontext=u:object_r:debugfs_tracing_debug:s0 tclass=file permissive=0
12-23 01:14:40.259 I/auditd ( 1160): type=1400 audit(0.0:233): avc: denied { read } for comm="traced_probes" name="format" dev="tracefs" ino=6470 scontext=u:r:traced_probes:s0 tcontext=u:object_r:debugfs_tracing_debug:s0 tclass=file permissive=0
12-23 01:14:40.259 I/auditd ( 1160): type=1400 audit(0.0:234): avc: denied { read } for comm="traced_probes" name="format" dev="tracefs" ino=6380 scontext=u:r:traced_probes:s0 tcontext=u:object_r:debugfs_tracing_debug:s0 tclass=file permissive=0
12-23 01:14:40.259 I/auditd ( 1160): type=1400 audit(0.0:235): avc: denied { read } for comm="traced_probes" name="format" dev="tracefs" ino=6440 scontext=u:r:traced_probes:s0 tcontext=u:object_r:debugfs_tracing_debug:s0 tclass=file permissive=0
12-23 01:14:40.259 I/auditd ( 1160): type=1400 audit(0.0:236): avc: denied { read } for comm="traced_probes" name="format" dev="tracefs" ino=6458 scontext=u:r:traced_probes:s0 tcontext=u:object_r:debugfs_tracing_debug:s0 tclass=file permissive=0
12-23 01:14:40.259 I/auditd ( 1160): type=1400 audit(0.0:237): avc: denied { read } for comm="traced_probes" name="format" dev="tracefs" ino=6368 scontext=u:r:traced_probes:s0 tcontext=u:object_r:debugfs_tracing_debug:s0 tclass=file permissive=0
12-23 01:14:40.259 I/auditd ( 1160): type=1400 audit(0.0:238): avc: denied { read } for comm="traced_probes" name="format" dev="tracefs" ino=6452 scontext=u:r:traced_probes:s0 tcontext=u:object_r:debugfs_tracing_debug:s0 tclass=file permissive=0
12-23 01:14:40.259 I/auditd ( 1160): type=1400 audit(0.0:239): avc: denied { read } for comm="traced_probes" name="format" dev="tracefs" ino=4745 scontext=u:r:traced_probes:s0 tcontext=u:object_r:debugfs_tracing_debug:s0 tclass=file permissive=0
12-23 01:14:40.259 I/auditd ( 1160): type=1400 audit(0.0:240): avc: denied { read } for comm="traced_probes" name="format" dev="tracefs" ino=4781 scontext=u:r:traced_probes:s0 tcontext=u:object_r:debugfs_tracing_debug:s0 tclass=file permissive=0
12-23 01:14:40.259 I/auditd ( 1160): type=1400 audit(0.0:241): avc: denied { read } for comm="traced_probes" name="format" dev="tracefs" ino=4775 scontext=u:r:traced_probes:s0 tcontext=u:object_r:debugfs_tracing_debug:s0 tclass=file permissive=0
12-23 01:14:40.259 I/auditd ( 1160): type=1400 audit(0.0:242): avc: denied { read } for comm="traced_probes" name="format" dev="tracefs" ino=4787 scontext=u:r:traced_probes:s0 tcontext=u:object_r:debugfs_tracing_debug:s0 tclass=file permissive=0
12-23 01:14:40.259 I/auditd ( 1160): type=1400 audit(0.0:243): avc: denied { read } for comm="traced_probes" name="format" dev="tracefs" ino=4751 scontext=u:r:traced_probes:s0 tcontext=u:object_r:debugfs_tracing_debug:s0 tclass=file permissive=0
12-23 01:14:40.259 I/auditd ( 1160): type=1400 audit(0.0:244): avc: denied { read } for comm="traced_probes" name="format" dev="tracefs" ino=4763 scontext=u:r:traced_probes:s0 tcontext=u:object_r:debugfs_tracing_debug:s0 tclass=file permissive=0
12-23 01:14:40.259 I/auditd ( 1160): type=1400 audit(0.0:245): avc: denied { read } for comm="traced_probes" name="format" dev="tracefs" ino=4733 scontext=u:r:traced_probes:s0 tcontext=u:object_r:debugfs_tracing_debug:s0 tclass=file permissive=0
12-23 01:14:40.259 I/auditd ( 1160): type=1400 audit(0.0:246): avc: denied { read } for comm="traced_probes" name="format" dev="tracefs" ino=4727 scontext=u:r:traced_probes:s0 tcontext=u:object_r:debugfs_tracing_debug:s0 tclass=file permissive=0
12-23 01:14:40.259 I/auditd ( 1160): type=1400 audit(0.0:247): avc: denied { read } for comm="traced_probes" name="format" dev="tracefs" ino=4793 scontext=u:r:traced_probes:s0 tcontext=u:object_r:debugfs_tracing_debug:s0 tclass=file permissive=0
12-23 01:14:40.259 I/auditd ( 1160): type=1400 audit(0.0:248): avc: denied { read } for comm="traced_probes" name="format" dev="tracefs" ino=4805 scontext=u:r:traced_probes:s0 tcontext=u:object_r:debugfs_tracing_debug:s0 tclass=file permissive=0
12-23 01:14:40.259 I/auditd ( 1160): type=1400 audit(0.0:249): avc: denied { read } for comm="traced_probes" name="format" dev="tracefs" ino=4739 scontext=u:r:traced_probes:s0 tcontext=u:object_r:debugfs_tracing_debug:s0 tclass=file permissive=0
12-23 01:14:40.259 I/auditd ( 1160): type=1400 audit(0.0:250): avc: denied { read } for comm="traced_probes" name="format" dev="tracefs" ino=4769 scontext=u:r:traced_probes:s0 tcontext=u:object_r:debugfs_tracing_debug:s0 tclass=file permissive=0
12-23 01:14:40.259 I/auditd ( 1160): type=1400 audit(0.0:251): avc: denied { read } for comm="traced_probes" name="format" dev="tracefs" ino=4757 scontext=u:r:traced_probes:s0 tcontext=u:object_r:debugfs_tracing_debug:s0 tclass=file permissive=0
12-23 01:14:40.259 I/auditd ( 1160): type=1400 audit(0.0:252): avc: denied { read } for comm="traced_probes" name="format" dev="tracefs" ino=4799 scontext=u:r:traced_probes:s0 tcontext=u:object_r:debugfs_tracing_debug:s0 tclass=file permissive=0
