12-23 03:49:34.456 D/ACDB-LOADER( 808): ACDB -> ACDB_CMD_GET_AUDPROC_INSTANCE_GAIN_DEP_STEP_TABLE_SIZE
12-23 03:49:34.456 D/ACDB-LOADER( 808): ACDB -> ACDB_CMD_GET_AUDPROC_INSTANCE_GAIN_DEP_STEP_TABLE, vol index 2
12-23 03:49:34.456 D/ACDB-LOADER( 808): ACDB -> AUDIO_SET_VOL_CAL cal type = 40
12-23 03:49:34.658 D/vendor.qti.vibrator( 922): QTI Vibrator off
12-23 03:49:34.661 D/vendor.qti.vibrator( 922): Notifying on complete
12-23 03:49:34.686 I/OMX-VENC: venc_dev( 1208): stats: avg. fps 34.01, bitrate 1682878
12-23 03:49:34.908 D/vendor.qti.vibrator( 922): Vibrator on for timeoutMs: 350
12-23 03:49:34.909 D/vendor.qti.vibrator( 922): Starting on on another thread
12-23 03:49:34.957 I/mpu_uart( 647): [MSG-P:RECV]:No message received in 1000 ms
01-01 10:37:12.925 D/ ( 0): mv2112_read_status
01-01 10:37:12.925 D/mv2112_update_link( 0): 3.0x901(1G): 0x80
01-01 10:37:12.925 D/mv2112_update_link( 0): 3.0x8109(100M): 0x8
01-01 10:37:12.925 D/mv2112_update_link( 0): link 0x0
01-01 10:37:12.925 D/mv2112_read_status( 0): autoneg is disabled
12-23 03:49:35.167 I/auditd ( 0): type=1400 audit(0.0:1455): avc: denied { kill } for comm="swapper/0" capability=5 scontext=u:r:kernel:s0 tcontext=u:r:kernel:s0 tclass=capability permissive=0
12-23 03:49:35.167 W/swapper/0( 0): type=1400 audit(0.0:1455): avc: denied { kill } for capability=5 scontext=u:r:kernel:s0 tcontext=u:r:kernel:s0 tclass=capability permissive=0
12-23 03:49:35.181 I/input_interaction( 1507): Interaction with: 92cfa7 com.android.launcher3/com.android.launcher3.uioverrides.QuickstepLauncher (server), f168a65 com.android.systemui.ImageWallpaper (server), edge-swipe (server), swipe-up (server), PointerEventDispatcher0 (server),
12-23 03:49:35.259 D/vendor.qti.vibrator( 922): Notifying on complete
12-23 03:49:35.260 D/vendor.qti.vibrator( 922): QTI Vibrator off
12-23 03:49:35.293 I/thunderperf( 1507): Maybe need boostperf for current app!
12-23 03:49:35.293 I/thunderperf( 1507): Current app pkgName=com.android.settings
12-23 03:49:35.293 D/FgBoostPerfService( 8963): [FgBoostPerfService.perfBoostAcq]start: stat=true pkgName=com.android.settings
12-23 03:49:35.293 V/GameMode_GameTypeUtils( 8963): judge isGame:com.android.settings
12-23 03:49:35.293 I/FgBoostPerfService( 8963): [FgBoostPerfService.perfBoostAcq] not game-mode or game app!
12-23 03:49:35.294 I/ThunderPerfManager( 1507): PerfAcq error : state=true pkgName=com.android.settings
12-23 03:49:35.295 I/ActivityTaskManager( 1507): START u0 {act=android.intent.action.MAIN cat=[android.intent.category.LAUNCHER] flg=0x10200000 cmp=com.android.settings/.Settings bnds=[2128,710][2314,910]} from uid 10077
12-23 03:49:35.298 I/EventSequenceValidator( 1507): Transition from ACTIVITY_FINISHED to INTENT_STARTED
12-23 03:49:35.298 I/wm_task_moved( 1507): [21,1,6]
12-23 03:49:35.298 I/wm_task_to_front( 1507): [0,21]
12-23 03:49:35.299 I/wm_focused_root_task( 1507): [0,0,21,1,bringingFoundTaskToFront]
12-23 03:49:35.300 I/wm_set_resumed_activity( 1507): [0,com.android.settings/.Settings,bringingFoundTaskToFront]
12-23 03:49:35.300 I/wm_new_intent( 1507): [0,124469811,21,com.android.settings/.Settings,android.intent.action.MAIN,NULL,NULL,270532608]
12-23 03:49:35.301 D/CompatibilityInfo( 1507): mCompatibilityFlags - 4
12-23 03:49:35.301 D/CompatibilityInfo( 1507): applicationDensity - 240
12-23 03:49:35.301 D/CompatibilityInfo( 1507): applicationScale - 1.0
12-23 03:49:35.304 D/ActivityTrigger( 1507): ActivityTrigger activityPauseTrigger
12-23 03:49:35.304 I/wm_pause_activity( 1507): [0,172149049,com.android.launcher3/.uioverrides.QuickstepLauncher,userLeaving=true,pauseBackTasks]
12-23 03:49:35.311 I/mpu_uart( 647): [MSG-P:R]:recv sync frame timeout
12-23 03:49:35.312 I/EventSequenceValidator( 1507): Transition from INTENT_STARTED to ACTIVITY_LAUNCHED
12-23 03:49:35.313 I/wm_on_top_resumed_lost_called( 2820): [172149049,com.android.launcher3.uioverrides.QuickstepLauncher,topStateChangedWhenResumed]
12-23 03:49:35.315 I/wm_on_paused_called( 2820): [172149049,com.android.launcher3.uioverrides.QuickstepLauncher,performPause]
12-23 03:49:35.320 I/ActivityTaskManager( 1507): FOREGROUND_APPLICATION_CHANGED to com.android.settings.homepage.SettingsHomepageActivity
12-23 03:49:35.322 I/wm_set_resumed_activity( 1507): [0,com.android.settings/.Settings,resumeTopActivityInnerLocked]
12-23 03:49:35.323 I/wm_add_to_stopping( 1507): [0,172149049,com.android.launcher3/.uioverrides.QuickstepLauncher,makeInvisible]
12-23 03:49:35.324 I/wm_resume_activity( 1507): [0,124469811,21,com.android.settings/.Settings]
12-23 03:49:35.325 I/GameMode_ActivityMonitoringService( 8963): onForegroundActivitiesChanged uid 1000 pid 14219 fg true
12-23 03:49:35.331 I/input_focus( 1507): [Focus leaving 92cfa7 com.android.launcher3/com.android.launcher3.uioverrides.QuickstepLauncher (server),reason=NO_WINDOW]
12-23 03:49:35.332 I/wm_on_restart_called(14219): [124469811,com.android.settings.Settings,performRestartActivity]
12-23 03:49:35.333 W/BatteryBroadcastRcvr(14219): Problem reading the battery meter.
12-23 03:49:35.335 D/ConnectivityService( 1507): requestNetwork for uid/pid:1000/14219 activeRequest: null callbackRequest: 162 [NetworkRequest [ REQUEST id=163, [ Capabilities: INTERNET&NOT_RESTRICTED&TRUSTED&NOT_VCN_MANAGED Uid: 1000 RequestorUid: 1000 RequestorPkg: com.android.settings] ]] callback flags: 0 priority: 2147483647
12-23 03:49:35.336 D/ConnectivityService( 1507): requestNetwork for uid/pid:1000/14219 activeRequest: null callbackRequest: 165 [NetworkRequest [ REQUEST id=166, [ Capabilities: INTERNET&NOT_RESTRICTED&TRUSTED&NOT_VCN_MANAGED Uid: 1000 RequestorUid: 1000 RequestorPkg: com.android.settings] ]] callback flags: 0 priority: 2147483647
12-23 03:49:35.337 I/sysui_multi_action( 1507): [757,803,799,window_time_0,802,5]
12-23 03:49:35.337 D/ConnectivityService( 1507): NetReassign [no changes]
12-23 03:49:35.337 D/Ethernet( 1507): got request NetworkRequest [ REQUEST id=163, [ Capabilities: INTERNET&NOT_RESTRICTED&TRUSTED&NOT_VCN_MANAGED Uid: 1000 RequestorUid: 1000 RequestorPkg: com.android.settings] ]
12-23 03:49:35.337 D/EthernetNetworkFactory( 1507): acceptRequest, request: NetworkRequest [ REQUEST id=163, [ Capabilities: INTERNET&NOT_RESTRICTED&TRUSTED&NOT_VCN_MANAGED Uid: 1000 RequestorUid: 1000 RequestorPkg: com.android.settings] ]
12-23 03:49:35.337 I/TetheringManager(14219): registerTetheringEventCallback caller:com.android.settings
12-23 03:49:35.337 D/ConnectivityService( 1507): NetReassign [no changes]
12-23 03:49:35.338 I/EthernetNetworkFactory( 1507): networkForRequest, request: NetworkRequest [ REQUEST id=163, [ Capabilities: INTERNET&NOT_RESTRICTED&TRUSTED&NOT_VCN_MANAGED Uid: 1000 RequestorUid: 1000 RequestorPkg: com.android.settings] ], network: null
12-23 03:49:35.338 D/ConnectivityService( 1507): NetReassign [no changes]
12-23 03:49:35.339 D/WifiNetworkFactory( 1507): got request NetworkRequest [ REQUEST id=163, [ Capabilities: INTERNET&NOT_RESTRICTED&TRUSTED&NOT_VCN_MANAGED Uid: 1000 RequestorUid: 1000 RequestorPkg: com.android.settings] ]
12-23 03:49:35.339 D/UntrustedWifiNetworkFactory( 1507): got request NetworkRequest [ REQUEST id=163, [ Capabilities: INTERNET&NOT_RESTRICTED&TRUSTED&NOT_VCN_MANAGED Uid: 1000 RequestorUid: 1000 RequestorPkg: com.android.settings] ]
12-23 03:49:35.339 D/Ethernet( 1507): got request NetworkRequest [ REQUEST id=166, [ Capabilities: INTERNET&NOT_RESTRICTED&TRUSTED&NOT_VCN_MANAGED Uid: 1000 RequestorUid: 1000 RequestorPkg: com.android.settings] ]
12-23 03:49:35.339 D/OemPaidWifiNetworkFactory( 1507): got request NetworkRequest [ REQUEST id=163, [ Capabilities: INTERNET&NOT_RESTRICTED&TRUSTED&NOT_VCN_MANAGED Uid: 1000 RequestorUid: 1000 RequestorPkg: com.android.settings] ]
12-23 03:49:35.339 I/wm_on_start_called(14219): [124469811,com.android.settings.Settings,handleStartActivity]
12-23 03:49:35.339 D/WifiNetworkFactory( 1507): got request NetworkRequest [ REQUEST id=166, [ Capabilities: INTERNET&NOT_RESTRICTED&TRUSTED&NOT_VCN_MANAGED Uid: 1000 RequestorUid: 1000 RequestorPkg: com.android.settings] ]
12-23 03:49:35.339 D/UntrustedWifiNetworkFactory( 1507): got request NetworkRequest [ REQUEST id=166, [ Capabilities: INTERNET&NOT_RESTRICTED&TRUSTED&NOT_VCN_MANAGED Uid: 1000 RequestorUid: 1000 RequestorPkg: com.android.settings] ]
12-23 03:49:35.339 D/OemPaidWifiNetworkFactory( 1507): got request NetworkRequest [ REQUEST id=166, [ Capabilities: INTERNET&NOT_RESTRICTED&TRUSTED&NOT_VCN_MANAGED Uid: 1000 RequestorUid: 1000 RequestorPkg: com.android.settings] ]
12-23 03:49:35.340 I/snet_event_log(14219): [120484087,-1,]
12-23 03:49:35.340 D/EthernetNetworkFactory( 1507): acceptRequest, request: NetworkRequest [ REQUEST id=166, [ Capabilities: INTERNET&NOT_RESTRICTED&TRUSTED&NOT_VCN_MANAGED Uid: 1000 RequestorUid: 1000 RequestorPkg: com.android.settings] ]
12-23 03:49:35.340 I/EthernetNetworkFactory( 1507): networkForRequest, request: NetworkRequest [ REQUEST id=166, [ Capabilities: INTERNET&NOT_RESTRICTED&TRUSTED&NOT_VCN_MANAGED Uid: 1000 RequestorUid: 1000 RequestorPkg: com.android.settings] ], network: null
12-23 03:49:35.340 I/wm_on_resume_called(14219): [124469811,com.android.settings.Settings,RESUME_ACTIVITY]
12-23 03:49:35.341 I/sysui_multi_action(14219): [757,35,758,1,833,0,1089,0]
12-23 03:49:35.344 D/UsageGraph(14219): No enabled state changed, skipping updateCategory call
12-23 03:49:35.344 I/GameMode_ActivityMonitoringService( 8963): Updating top task to: TaskInfoContainer [topActivity=ComponentInfo{com.android.settings/com.android.settings.Settings}, taskId=21, stackId=21, userId=0, displayId=0, position=6
12-23 03:49:35.344 I/GameMode_ActivityMonitoringService( 8963): Notifying about top task: TaskInfoContainer [topActivity=ComponentInfo{com.android.settings/com.android.settings.Settings}, taskId=21, stackId=21, userId=0, displayId=0, position=6
12-23 03:49:35.344 E/GameMode_ActivityMonitoringService( 8963): onActivityLaunch:com.android.settings
12-23 03:49:35.344 V/GameMode_GameTypeUtils( 8963): judge isGame:com.android.settings
12-23 03:49:35.344 V/GameMode_GpuUtils( 8963): fps:60
12-23 03:49:35.346 D/GameMode_GameModeActionUtils( 8963): Show GameMode entry by service!
12-23 03:49:35.346 W/ContextImpl( 8963): Calling a method in the system process without a qualified user: android.app.ContextImpl.startService:1816 android.content.ContextWrapper.startService:774 com.thundercomm.gamemode.ingame.services.GameModeActionUtils.startGameModeService:99 com.thundercomm.gamemode.ingame.services.GameModeActionUtils.startGameModeEntry:22 com.thundercomm.gamemode.ingame.services.ActivityMonitoringService$1.onActivityLaunch:127
12-23 03:49:35.353 D/GameMode_GameModeService( 8963): type=hide_entry
12-23 03:49:35.354 D/GameModeIF_GameModeSettings( 8963): getUriFor setting_content_uri_root = content://com.thundercomm.gamemode.api/gamemode_settings , name = gamemode_isgaming
12-23 03:49:35.356 W/BatteryExternalStatsWorker( 1507): error reading modem stats:ERROR_PHONE_NOT_AVAILABLE
12-23 03:49:35.356 D/vendor.qti.bluetooth@1.0-ibs_handler( 818): SerialClockVote: vote for UART CLK ON
12-23 03:49:35.357 D/vendor.qti.bluetooth@1.0-wake_lock( 818): Acquire wakelock is acquired
12-23 03:49:35.357 I/vendor.qti.bluetooth@1.0-ibs_handler( 818): DeviceWakeUp: Writing IBS_WAKE_IND
12-23 03:49:35.357 D/GameMode_GameSettingsObserver( 8963): Game Data change!!!! uri = content://com.thundercomm.gamemode.api/gamemode_settings/gamemode_isgaming
12-23 03:49:35.357 D/GameModeIF_GameModeSettings( 8963): getUriFor setting_content_uri_root = content://com.thundercomm.gamemode.api/gamemode_settings , name = gamemode_isgaming
12-23 03:49:35.357 I/GameModeConfig( 1507): Current uri is uri = content://com.thundercomm.gamemode.api/gamemode_settings/gamemode_isgaming
12-23 03:49:35.357 D/GameModeIF_GameModeSettings( 1507): getUriFor setting_content_uri_root = content://com.thundercomm.gamemode.api/gamemode_settings , name = gamemode_isgaming
12-23 03:49:35.359 D/ConnectivityService( 1507): requestNetwork for uid/pid:1000/14219 activeRequest: null callbackRequest: 168 [NetworkRequest [ REQUEST id=169, [ Capabilities: INTERNET&NOT_RESTRICTED&TRUSTED&NOT_VCN_MANAGED Uid: 1000 RequestorUid: 1000 RequestorPkg: com.android.settings] ]] callback flags: 1 priority: 2147483647
12-23 03:49:35.359 D/ConnectivityService( 1507): NetReassign [no changes]
12-23 03:49:35.359 I/GameModeConfig( 1507): isGameModeOn = true
12-23 03:49:35.359 I/GameModeConfig( 1507): isGaming = false
12-23 03:49:35.359 I/GameModeConfig( 1507): isGameModeOn = true
12-23 03:49:35.360 I/GameModeConfig( 1507): isGaming = false
12-23 03:49:35.360 I/GameModeConfig( 1507): isDisableVoice = true
12-23 03:49:35.360 D/BluetoothPan(14219): Binding service...
12-23 03:49:35.360 D/ConnectivityService( 1507): NetReassign [no changes]
12-23 03:49:35.360 D/AF::TrackHandle( 972): OpPlayAudio: track:62 usage:5 not muted
12-23 03:49:35.361 D/Ethernet( 1507): got request NetworkRequest [ REQUEST id=169, [ Capabilities: INTERNET&NOT_RESTRICTED&TRUSTED&NOT_VCN_MANAGED Uid: 1000 RequestorUid: 1000 RequestorPkg: com.android.settings] ]
12-23 03:49:35.361 D/EthernetNetworkFactory( 1507): acceptRequest, request: NetworkRequest [ REQUEST id=169, [ Capabilities: INTERNET&NOT_RESTRICTED&TRUSTED&NOT_VCN_MANAGED Uid: 1000 RequestorUid: 1000 RequestorPkg: com.android.settings] ]
12-23 03:49:35.361 D/AF::TrackHandle( 972): OpPlayAudio: track:62 usage:5 not muted
12-23 03:49:35.361 I/EthernetNetworkFactory( 1507): networkForRequest, request: NetworkRequest [ REQUEST id=169, [ Capabilities: INTERNET&NOT_RESTRICTED&TRUSTED&NOT_VCN_MANAGED Uid: 1000 RequestorUid: 1000 RequestorPkg: com.android.settings] ], network: null
12-23 03:49:35.361 D/GameMode_GameModeService( 8963): updateGlobalSettings = gamemode_isgaming
12-23 03:49:35.361 D/AF::TrackHandle( 972): OpPlayAudio: track:62 usage:5 not muted
12-23 03:49:35.361 D/AF::TrackHandle( 972): OpPlayAudio: track:62 usage:5 not muted
12-23 03:49:35.361 D/AF::TrackHandle( 972): OpPlayAudio: track:62 usage:5 not muted
12-23 03:49:35.361 D/WifiNetworkFactory( 1507): got request NetworkRequest [ REQUEST id=169, [ Capabilities: INTERNET&NOT_RESTRICTED&TRUSTED&NOT_VCN_MANAGED Uid: 1000 RequestorUid: 1000 RequestorPkg: com.android.settings] ]
12-23 03:49:35.362 D/UntrustedWifiNetworkFactory( 1507): got request NetworkRequest [ REQUEST id=169, [ Capabilities: INTERNET&NOT_RESTRICTED&TRUSTED&NOT_VCN_MANAGED Uid: 1000 RequestorUid: 1000 RequestorPkg: com.android.settings] ]
12-23 03:49:35.362 D/OemPaidWifiNetworkFactory( 1507): got request NetworkRequest [ REQUEST id=169, [ Capabilities: INTERNET&NOT_RESTRICTED&TRUSTED&NOT_VCN_MANAGED Uid: 1000 RequestorUid: 1000 RequestorPkg: com.android.settings] ]
12-23 03:49:35.362 D/AF::TrackHandle( 972): OpPlayAudio: track:62 usage:5 not muted
12-23 03:49:35.362 D/ConnectivityService( 1507): NetReassign [no changes]
12-23 03:49:35.362 D/AF::TrackHandle( 972): OpPlayAudio: track:62 usage:5 not muted
12-23 03:49:35.362 I/sysui_multi_action(14219): [757,746,758,1,833,0,1089,0]
12-23 03:49:35.362 D/GameModeIF_GameModeSettings( 8963): gamemode_isgaming set to 0
12-23 03:49:35.362 D/SubscriptionsChangeListener(14219): Start
12-23 03:49:35.362 D/AF::TrackHandle( 972): OpPlayAudio: track:62 usage:5 not muted
12-23 03:49:35.362 D/AF::TrackHandle( 972): OpPlayAudio: track:62 usage:5 not muted
12-23 03:49:35.362 D/TelephonyRegistry( 1507): listen oscl: mHasNotifySubscriptionInfoChangedOccurred==false no callback
12-23 03:49:35.362 I/vendor.qti.bluetooth@1.0-ibs_handler( 818): ProcessIbsCmd: Received IBS_WAKE_ACK: 0xFC
12-23 03:49:35.363 I/vendor.qti.bluetooth@1.0-ibs_handler( 818): ProcessIbsCmd: Signal wack_cond_
12-23 03:49:35.363 D/AF::TrackHandle( 972): OpPlayAudio: track:62 usage:5 not muted
12-23 03:49:35.363 D/MobileNetworkSummaryStatus(14219): network summary query
12-23 03:49:35.363 D/AF::TrackHandle( 972): OpPlayAudio: track:62 usage:5 not muted
12-23 03:49:35.363 D/vendor.qti.bluetooth@1.0-ibs_handler( 818): DeviceWakeUp: Unblocked from waiting for FC, pthread_cond_timedwait ret = 0
12-23 03:49:35.364 E/TelephonyManager(14219): Error in getUiccCardsInfo: unable to connect to Telephony service.
12-23 03:49:35.364 I/vendor.qti.bluetooth@1.0-ibs_handler( 818): ProcessIbsCmd: Received IBS_WAKE_IND: 0xFD
12-23 03:49:35.364 I/vendor.qti.bluetooth@1.0-ibs_handler( 818): ProcessIbsCmd: Writing IBS_WAKE_ACK
12-23 03:49:35.364 W/MobileNetworkUtils(14219): EuiccManager is not enabled.
12-23 03:49:35.365 W/SelectableSubscriptions(14219): Fail to request subIdList
12-23 03:49:35.365 W/SelectableSubscriptions(14219): java.lang.NullPointerException: Attempt to invoke interface method 'int java.util.List.size()' on a null object reference
12-23 03:49:35.365 W/SelectableSubscriptions(14219): at com.android.settings.network.helper.SelectableSubscriptions.call(SelectableSubscriptions.java:128)
12-23 03:49:35.365 W/SelectableSubscriptions(14219): at com.android.settings.network.MobileNetworkSummaryStatus.getSubscriptions(MobileNetworkSummaryStatus.java:158)
12-23 03:49:35.365 W/SelectableSubscriptions(14219): at com.android.settings.network.MobileNetworkSummaryStatus.update(MobileNetworkSummaryStatus.java:88)
12-23 03:49:35.365 W/SelectableSubscriptions(14219): at com.android.settings.network.MobileNetworkSummaryController.update(MobileNetworkSummaryController.java:170)
12-23 03:49:35.365 W/SelectableSubscriptions(14219): at com.android.settings.network.MobileNetworkSummaryController.onResume(MobileNetworkSummaryController.java:95)
12-23 03:49:35.365 W/SelectableSubscriptions(14219): at java.lang.reflect.Method.invoke(Native Method)
12-23 03:49:35.365 W/SelectableSubscriptions(14219): at androidx.lifecycle.ClassesInfoCache$MethodReference.invokeCallback(ClassesInfoCache.java:216)
12-23 03:49:35.365 W/SelectableSubscriptions(14219): at androidx.lifecycle.ClassesInfoCache$CallbackInfo.invokeMethodsForEvent(ClassesInfoCache.java:194)
12-23 03:49:35.365 W/SelectableSubscriptions(14219): at androidx.lifecycle.ClassesInfoCache$CallbackInfo.invokeCallbacks(ClassesInfoCache.java:185)
12-23 03:49:35.365 W/SelectableSubscriptions(14219): at androidx.lifecycle.ReflectiveGenericLifecycleObserver.onStateChanged(ReflectiveGenericLifecycleObserver.java:37)
12-23 03:49:35.365 W/SelectableSubscriptions(14219): at androidx.lifecycle.LifecycleRegistry$ObserverWithState.dispatchEvent(LifecycleRegistry.java:354)
12-23 03:49:35.365 W/SelectableSubscriptions(14219): at androidx.lifecycle.LifecycleRegistry.forwardPass(LifecycleRegistry.java:265)
12-23 03:49:35.365 W/SelectableSubscriptions(14219): at androidx.lifecycle.LifecycleRegistry.sync(LifecycleRegistry.java:307)
12-23 03:49:35.365 W/SelectableSubscriptions(14219): at androidx.lifecycle.LifecycleRegistry.moveToState(LifecycleRegistry.java:148)
12-23 03:49:35.365 W/SelectableSubscriptions(14219): at androidx.lifecycle.LifecycleRegistry.handleLifecycleEvent(LifecycleRegistry.java:134)
12-23 03:49:35.365 W/SelectableSubscriptions(14219): at com.android.settingslib.core.lifecycle.ObservablePreferenceFragment.onResume(ObservablePreferenceFragment.java:87)
12-23 03:49:35.365 W/SelectableSubscriptions(14219): at com.android.settings.core.InstrumentedPreferenceFragment.onResume(InstrumentedPreferenceFragment.java:77)
12-23 03:49:35.365 W/SelectableSubscriptions(14219): at com.android.settings.SettingsPreferenceFragment.onResume(SettingsPreferenceFragment.java:198)
12-23 03:49:35.365 W/SelectableSubscriptions(14219): at com.android.settings.dashboard.DashboardFragment.onResume(DashboardFragment.java:219)
12-23 03:49:35.365 W/SelectableSubscriptions(14219): at androidx.fragment.app.Fragment.performResume(Fragment.java:3029)
12-23 03:49:35.365 W/SelectableSubscriptions(14219): at androidx.fragment.app.FragmentStateManager.resume(FragmentStateManager.java:583)
12-23 03:49:35.365 W/SelectableSubscriptions(14219): at androidx.fragment.app.FragmentStateManager.moveToExpectedState(FragmentStateManager.java:282)
12-23 03:49:35.365 W/SelectableSubscriptions(14219): at androidx.fragment.app.FragmentStore.moveToExpectedState(FragmentStore.java:112)
12-23 03:49:35.365 W/SelectableSubscriptions(14219): at androidx.fragment.app.FragmentManager.moveToState(FragmentManager.java:1667)
12-23 03:49:35.365 W/SelectableSubscriptions(14219): at androidx.fragment.app.FragmentManager.dispatchStateChange(FragmentManager.java:3234)
12-23 03:49:35.365 W/SelectableSubscriptions(14219): at androidx.fragment.app.FragmentManager.dispatchResume(FragmentManager.java:3192)
12-23 03:49:35.365 W/SelectableSubscriptions(14219): at androidx.fragment.app.FragmentController.dispatchResume(FragmentController.java:273)
12-23 03:49:35.365 W/SelectableSubscriptions(14219): at androidx.fragment.app.FragmentActivity.onResumeFragments(FragmentActivity.java:434)
12-23 03:49:35.365 W/SelectableSubscriptions(14219): at androidx.fragment.app.FragmentActivity.onPostResume(FragmentActivity.java:423)
12-23 03:49:35.365 W/SelectableSubscriptions(14219): at android.app.Activity.performResume(Activity.java:8235)
12-23 03:49:35.365 W/SelectableSubscriptions(14219): at android.app.ActivityThread.performResumeActivity(ActivityThread.java:4748)
12-23 03:49:35.365 W/SelectableSubscriptions(14219): at android.app.ActivityThread.handleResumeActivity(ActivityThread.java:4791)
12-23 03:49:35.365 W/SelectableSubscriptions(14219): at android.app.servertransaction.ResumeActivityItem.execute(ResumeActivityItem.java:54)
12-23 03:49:35.365 W/SelectableSubscriptions(14219): at android.app.servertransaction.ActivityTransactionItem.execute(ActivityTransactionItem.java:45)
12-23 03:49:35.365 W/SelectableSubscriptions(14219): at android.app.servertransaction.TransactionExecutor.executeLifecycleState(TransactionExecutor.java:176)
12-23 03:49:35.365 W/SelectableSubscriptions(14219): at android.app.servertransaction.TransactionExecutor.execute(TransactionExecutor.java:97)
12-23 03:49:35.365 W/SelectableSubscriptions(14219): at android.app.ActivityThread$H.handleMessage(ActivityThread.java:2211)
12-23 03:49:35.365 W/SelectableSubscriptions(14219): at android.os.Handler.dispatchMessage(Handler.java:106)
12-23 03:49:35.365 W/SelectableSubscriptions(14219): at android.os.Looper.loopOnce(Looper.java:201)
12-23 03:49:35.365 W/SelectableSubscriptions(14219): at android.os.Looper.loop(Looper.java:288)
12-23 03:49:35.365 W/SelectableSubscriptions(14219): at android.app.ActivityThread.main(ActivityThread.java:7880)
12-23 03:49:35.365 W/SelectableSubscriptions(14219): at java.lang.reflect.Method.invoke(Native Method)
12-23 03:49:35.365 W/SelectableSubscriptions(14219): at com.android.internal.os.RuntimeInit$MethodAndArgsCaller.run(RuntimeInit.java:548)
12-23 03:49:35.365 W/SelectableSubscriptions(14219): at com.android.internal.os.ZygoteInit.main(ZygoteInit.java:1009)
12-23 03:49:35.365 D/MobileNetworkSummaryStatus(14219): network summary query ignored
12-23 03:49:35.365 D/SubscriptionsChangeListener(14219): Start
12-23 03:49:35.365 D/TelephonyRegistry( 1507): listen oscl: mHasNotifySubscriptionInfoChangedOccurred==false no callback
12-23 03:49:35.367 D/AF::TrackHandle( 972): OpPlayAudio: track:62 usage:5 not muted
12-23 03:49:35.367 D/AF::TrackHandle( 972): OpPlayAudio: track:62 usage:5 not muted
12-23 03:49:35.367 D/AF::TrackHandle( 972): OpPlayAudio: track:62 usage:5 not muted
12-23 03:49:35.368 D/AF::TrackHandle( 972): OpPlayAudio: track:62 usage:5 not muted
12-23 03:49:35.368 D/ConnectivityService( 1507): NetReassign [no changes]
12-23 03:49:35.368 D/AF::TrackHandle( 972): OpPlayAudio: track:62 usage:5 not muted
12-23 03:49:35.375 I/wm_on_top_resumed_gained_called(14219): [124469811,com.android.settings.Settings,topWhenResuming]
12-23 03:49:35.383 I/input_focus( 1507): [Focus request 9592226 com.android.settings/com.android.settings.Settings,reason=UpdateInputWindows]
12-23 03:49:35.389 W/BatteryBroadcastRcvr(14219): Problem reading the battery meter.
12-23 03:49:35.391 E/KernelCpuSpeedReader( 1507): Failed to read cpu-freq: /sys/devices/system/cpu/cpu4/cpufreq/stats/time_in_state: open failed: ENOENT (No such file or directory)
12-23 03:49:35.391 E/KernelCpuSpeedReader( 1507): Failed to read cpu-freq: /sys/devices/system/cpu/cpu0/cpufreq/stats/time_in_state: open failed: ENOENT (No such file or directory)
12-23 03:49:35.387 I/auditd ( 562): type=1400 audit(0.0:1456): avc: denied { read } for comm="Binder:562_2" name="wakeup58" dev="sysfs" ino=71681 scontext=u:r:system_suspend:s0 tcontext=u:object_r:sysfs:s0 tclass=dir permissive=0
12-23 03:49:35.387 W/Binder:562_2( 562): type=1400 audit(0.0:1456): avc: denied { read } for name="wakeup58" dev="sysfs" ino=71681 scontext=u:r:system_suspend:s0 tcontext=u:object_r:sysfs:s0 tclass=dir permissive=0
12-23 03:49:35.387 I/auditd ( 562): type=1400 audit(0.0:1457): avc: denied { read } for comm="Binder:562_2" name="wakeup48" dev="sysfs" ino=67398 scontext=u:r:system_suspend:s0 tcontext=u:object_r:sysfs:s0 tclass=dir permissive=0
12-23 03:49:35.387 W/Binder:562_2( 562): type=1400 audit(0.0:1457): avc: denied { read } for name="wakeup48" dev="sysfs" ino=67398 scontext=u:r:system_suspend:s0 tcontext=u:object_r:sysfs:s0 tclass=dir permissive=0
12-23 03:49:35.387 I/auditd ( 562): type=1400 audit(0.0:1458): avc: denied { read } for comm="Binder:562_2" name="wakeup4" dev="sysfs" ino=47049 scontext=u:r:system_suspend:s0 tcontext=u:object_r:sysfs:s0 tclass=dir permissive=0
12-23 03:49:35.387 W/Binder:562_2( 562): type=1400 audit(0.0:1458): avc: denied { read } for name="wakeup4" dev="sysfs" ino=47049 scontext=u:r:system_suspend:s0 tcontext=u:object_r:sysfs:s0 tclass=dir permissive=0
12-23 03:49:35.387 I/auditd ( 562): type=1400 audit(0.0:1459): avc: denied { read } for comm="Binder:562_2" name="wakeup76" dev="sysfs" ino=76726 scontext=u:r:system_suspend:s0 tcontext=u:object_r:sysfs:s0 tclass=dir permissive=0
12-23 03:49:35.387 W/Binder:562_2( 562): type=1400 audit(0.0:1459): avc: denied { read } for name="wakeup76" dev="sysfs" ino=76726 scontext=u:r:system_suspend:s0 tcontext=u:object_r:sysfs:s0 tclass=dir permissive=0
12-23 03:49:35.387 I/auditd ( 562): type=1400 audit(0.0:1460): avc: denied { read } for comm="Binder:562_2" name="wakeup28" dev="sysfs" ino=53254 scontext=u:r:system_suspend:s0 tcontext=u:object_r:sysfs:s0 tclass=dir permissive=0
12-23 03:49:35.387 W/Binder:562_2( 562): type=1400 audit(0.0:1460): avc: denied { read } for name="wakeup28" dev="sysfs" ino=53254 scontext=u:r:system_suspend:s0 tcontext=u:object_r:sysfs:s0 tclass=dir permissive=0
12-23 03:49:35.387 I/auditd ( 562): type=1400 audit(0.0:1461): avc: denied { read } for comm="Binder:562_2" name="wakeup56" dev="sysfs" ino=71609 scontext=u:r:system_suspend:s0 tcontext=u:object_r:sysfs:s0 tclass=dir permissive=0
12-23 03:49:35.387 W/Binder:562_2( 562): type=1400 audit(0.0:1461): avc: denied { read } for name="wakeup56" dev="sysfs" ino=71609 scontext=u:r:system_suspend:s0 tcontext=u:object_r:sysfs:s0 tclass=dir permissive=0
12-23 03:49:35.392 E/android.system.suspend@1.0-service( 562): Error opening kernel wakelock stats for: wakeup58: Permission denied
12-23 03:49:35.392 E/android.system.suspend@1.0-service( 562): Error opening kernel wakelock stats for: wakeup48: Permission denied
12-23 03:49:35.392 E/android.system.suspend@1.0-service( 562): Error opening kernel wakelock stats for: wakeup4: Permission denied
12-23 03:49:35.392 E/android.system.suspend@1.0-service( 562): Error opening kernel wakelock stats for: wakeup76: Permission denied
12-23 03:49:35.392 E/android.system.suspend@1.0-service( 562): Error opening kernel wakelock stats for: wakeup28: Permission denied
12-23 03:49:35.392 E/android.system.suspend@1.0-service( 562): Error opening kernel wakelock stats for: wakeup56: Permission denied
12-23 03:49:35.393 E/android.system.suspend@1.0-service( 562): Error opening kernel wakelock stats for: wakeup2: Permission denied
12-23 03:49:35.393 E/android.system.suspend@1.0-service( 562): Error opening kernel wakelock stats for: wakeup36: Permission denied
12-23 03:49:35.393 E/android.system.suspend@1.0-service( 562): Error opening kernel wakelock stats for: wakeup54: Permission denied
12-23 03:49:35.393 E/android.system.suspend@1.0-service( 562): Error opening kernel wakelock stats for: wakeup82: Permission denied
12-23 03:49:35.393 I/EventSequenceValidator( 1507): Transition from ACTIVITY_LAUNCHED to ACTIVITY_FINISHED
12-23 03:49:35.393 E/android.system.suspend@1.0-service( 562): Error opening kernel wakelock stats for: wakeup44: Permission denied
12-23 03:49:35.393 E/android.system.suspend@1.0-service( 562): Error opening kernel wakelock stats for: wakeup0: Permission denied
12-23 03:49:35.393 E/android.system.suspend@1.0-service( 562): Error opening kernel wakelock stats for: wakeup62: Permission denied
12-23 03:49:35.393 E/android.system.suspend@1.0-service( 562): Error opening kernel wakelock stats for: wakeup52: Permission denied
12-23 03:49:35.393 E/android.system.suspend@1.0-service( 562): Error opening kernel wakelock stats for: wakeup9: Permission denied
12-23 03:49:35.394 E/android.system.suspend@1.0-service( 562): Error opening kernel wakelock stats for: wakeup32: Permission denied
12-23 03:49:35.394 E/android.system.suspend@1.0-service( 562): Error opening kernel wakelock stats for: wakeup60: Permission denied
12-23 03:49:35.394 E/android.system.suspend@1.0-service( 562): Error opening kernel wakelock stats for: wakeup50: Permission denied
12-23 03:49:35.394 E/android.system.suspend@1.0-service( 562): Error opening kernel wakelock stats for: wakeup7: Permission denied
12-23 03:49:35.394 E/android.system.suspend@1.0-service( 562): Error opening kernel wakelock stats for: wakeup40: Permission denied
12-23 03:49:35.394 E/android.system.suspend@1.0-service( 562): Error opening kernel wakelock stats for: wakeup30: Permission denied
12-23 03:49:35.394 E/android.system.suspend@1.0-service( 562): Error opening kernel wakelock stats for: wakeup59: Permission denied
12-23 03:49:35.394 E/android.system.suspend@1.0-service( 562): Error opening kernel wakelock stats for: wakeup5: Permission denied
12-23 03:49:35.394 E/android.system.suspend@1.0-service( 562): Error opening kernel wakelock stats for: wakeup77: Permission denied
12-23 03:49:35.387 I/auditd ( 562): type=1400 audit(0.0:1462): avc: denied { read } for comm="Binder:562_2" name="wakeup2" dev="sysfs" ino=46573 scontext=u:r:system_suspend:s0 tcontext=u:object_r:sysfs:s0 tclass=dir permissive=0
12-23 03:49:35.387 W/Binder:562_2( 562): type=1400 audit(0.0:1462): avc: denied { read } for name="wakeup2" dev="sysfs" ino=46573 scontext=u:r:system_suspend:s0 tcontext=u:object_r:sysfs:s0 tclass=dir permissive=0
12-23 03:49:35.394 E/android.system.suspend@1.0-service( 562): Error opening kernel wakelock stats for: wakeup39: Permission denied
12-23 03:49:35.394 E/android.system.suspend@1.0-service( 562): Error opening kernel wakelock stats for: wakeup29: Permission denied
12-23 03:49:35.394 E/android.system.suspend@1.0-service( 562): Error opening kernel wakelock stats for: wakeup57: Permission denied
12-23 03:49:35.395 E/android.system.suspend@1.0-service( 562): Error opening kernel wakelock stats for: wakeup19: Permission denied
12-23 03:49:35.395 E/android.system.suspend@1.0-service( 562): Error opening kernel wakelock stats for: wakeup75: Permission denied
12-23 03:49:35.395 E/android.system.suspend@1.0-service( 562): Error opening kernel wakelock stats for: wakeup37: Permission denied
12-23 03:49:35.395 E/android.system.suspend@1.0-service( 562): Error opening kernel wakelock stats for: wakeup27: Permission denied
12-23 03:49:35.395 E/android.system.suspend@1.0-service( 562): Error opening kernel wakelock stats for: wakeup55: Permission denied
12-23 03:49:35.395 E/android.system.suspend@1.0-service( 562): Error opening kernel wakelock stats for: wakeup17: Permission denied
12-23 03:49:35.395 E/android.system.suspend@1.0-service( 562): Error opening kernel wakelock stats for: wakeup1: Permission denied
12-23 03:49:35.395 E/android.system.suspend@1.0-service( 562): Error opening kernel wakelock stats for: wakeup63: Permission denied
12-23 03:49:35.395 E/android.system.suspend@1.0-service( 562): Error opening kernel wakelock stats for: wakeup25: Permission denied
12-23 03:49:35.395 D/BluetoothPan(14219): Proxy object connected
12-23 03:49:35.395 E/android.system.suspend@1.0-service( 562): Error opening kernel wakelock stats for: wakeup53: Permission denied
12-23 03:49:35.395 E/android.system.suspend@1.0-service( 562): Error opening kernel wakelock stats for: wakeup15: Permission denied
12-23 03:49:35.395 E/android.system.suspend@1.0-service( 562): Error opening kernel wakelock stats for: wakeup43: Permission denied
12-23 03:49:35.396 E/android.system.suspend@1.0-service( 562): Error opening kernel wakelock stats for: wakeup33: Permission denied
12-23 03:49:35.396 E/android.system.suspend@1.0-service( 562): Error opening kernel wakelock stats for: wakeup61: Permission denied
12-23 03:49:35.396 E/android.system.suspend@1.0-service( 562): Error opening kernel wakelock stats for: wakeup23: Permission denied
12-23 03:49:35.396 E/android.system.suspend@1.0-service( 562): Error opening kernel wakelock stats for: wakeup51: Permission denied
12-23 03:49:35.396 E/android.system.suspend@1.0-service( 562): Error opening kernel wakelock stats for: wakeup8: Permission denied
12-23 03:49:35.396 E/android.system.suspend@1.0-service( 562): Error opening kernel wakelock stats for: wakeup13: Permission denied
12-23 03:49:35.396 E/android.system.suspend@1.0-service( 562): Error opening kernel wakelock stats for: wakeup41: Permission denied
12-23 03:49:35.396 E/android.system.suspend@1.0-service( 562): Error opening kernel wakelock stats for: wakeup31: Permission denied
12-23 03:49:35.396 E/android.system.suspend@1.0-service( 562): Error opening kernel wakelock stats for: wakeup21: Permission denied
12-23 03:49:35.396 E/android.system.suspend@1.0-service( 562): Error opening kernel wakelock stats for: wakeup6: Permission denied
12-23 03:49:35.396 E/android.system.suspend@1.0-service( 562): Error opening kernel wakelock stats for: wakeup11: Permission denied
12-23 03:49:35.387 I/auditd ( 562): type=1400 audit(0.0:1463): avc: denied { read } for comm="Binder:562_2" name="wakeup36" dev="sysfs" ino=62478 scontext=u:r:system_suspend:s0 tcontext=u:object_r:sysfs:s0 tclass=dir permissive=0
12-23 03:49:35.387 W/Binder:562_2( 562): type=1400 audit(0.0:1463): avc: denied { read } for name="wakeup36" dev="sysfs" ino=62478 scontext=u:r:system_suspend:s0 tcontext=u:object_r:sysfs:s0 tclass=dir permissive=0
01-01 10:37:13.318 W/audit ( 0): audit_lost=569 audit_rate_limit=5 audit_backlog_limit=64
01-01 10:37:13.318 E/audit ( 0): rate limit exceeded
12-23 03:49:35.397 I/input_focus( 1507): [Focus entering 9592226 com.android.settings/com.android.settings.Settings (server),reason=setFocusedWindow]
12-23 03:49:35.407 I/sysui_multi_action( 1507): [319,45,321,43,322,97,325,9316,757,761,758,9,759,4,806,com.android.settings,871,com.android.settings.Settings,904,com.android.launcher3,905,0,1320,4,1321,1]
12-23 03:49:35.418 W/BatteryExternalStatsWorker( 1507): error reading modem stats:ERROR_PHONE_NOT_AVAILABLE
12-23 03:49:35.419 D/BatteryTipLoader(14219): BatteryInfoLoader post query: 1ms
12-23 03:49:35.419 D/BatteryInfo(14219): time for getBatteryInfo: 0ms
12-23 03:49:35.419 D/BatteryTipLoader(14219): BatteryInfoLoader.loadInBackground: 1ms
12-23 03:49:35.422 E/KernelCpuSpeedReader( 1507): Failed to read cpu-freq: /sys/devices/system/cpu/cpu4/cpufreq/stats/time_in_state: open failed: ENOENT (No such file or directory)
12-23 03:49:35.422 E/KernelCpuSpeedReader( 1507): Failed to read cpu-freq: /sys/devices/system/cpu/cpu0/cpufreq/stats/time_in_state: open failed: ENOENT (No such file or directory)
12-23 03:49:35.423 E/android.system.suspend@1.0-service( 562): Error opening kernel wakelock stats for: wakeup58: Permission denied
12-23 03:49:35.423 E/android.system.suspend@1.0-service( 562): Error opening kernel wakelock stats for: wakeup48: Permission denied
12-23 03:49:35.423 E/android.system.suspend@1.0-service( 562): Error opening kernel wakelock stats for: wakeup4: Permission denied
12-23 03:49:35.423 E/android.system.suspend@1.0-service( 562): Error opening kernel wakelock stats for: wakeup76: Permission denied
12-23 03:49:35.423 E/android.system.suspend@1.0-service( 562): Error opening kernel wakelock stats for: wakeup28: Permission denied
12-23 03:49:35.423 E/android.system.suspend@1.0-service( 562): Error opening kernel wakelock stats for: wakeup56: Permission denied
12-23 03:49:35.423 E/android.system.suspend@1.0-service( 562): Error opening kernel wakelock stats for: wakeup2: Permission denied
12-23 03:49:35.423 E/android.system.suspend@1.0-service( 562): Error opening kernel wakelock stats for: wakeup36: Permission denied
12-23 03:49:35.423 E/android.system.suspend@1.0-service( 562): Error opening kernel wakelock stats for: wakeup54: Permission denied
12-23 03:49:35.423 E/android.system.suspend@1.0-service( 562): Error opening kernel wakelock stats for: wakeup82: Permission denied
12-23 03:49:35.424 E/android.system.suspend@1.0-service( 562): Error opening kernel wakelock stats for: wakeup44: Permission denied
12-23 03:49:35.424 E/android.system.suspend@1.0-service( 562): Error opening kernel wakelock stats for: wakeup0: Permission denied
12-23 03:49:35.424 E/android.system.suspend@1.0-service( 562): Error opening kernel wakelock stats for: wakeup62: Permission denied
12-23 03:49:35.424 E/android.system.suspend@1.0-service( 562): Error opening kernel wakelock stats for: wakeup52: Permission denied
12-23 03:49:35.424 E/android.system.suspend@1.0-service( 562): Error opening kernel wakelock stats for: wakeup9: Permission denied
12-23 03:49:35.424 E/android.system.suspend@1.0-service( 562): Error opening kernel wakelock stats for: wakeup32: Permission denied
12-23 03:49:35.424 E/android.system.suspend@1.0-service( 562): Error opening kernel wakelock stats for: wakeup60: Permission denied
12-23 03:49:35.424 E/android.system.suspend@1.0-service( 562): Error opening kernel wakelock stats for: wakeup50: Permission denied
12-23 03:49:35.424 E/android.system.suspend@1.0-service( 562): Error opening kernel wakelock stats for: wakeup7: Permission denied
12-23 03:49:35.424 E/android.system.suspend@1.0-service( 562): Error opening kernel wakelock stats for: wakeup40: Permission denied
12-23 03:49:35.424 E/android.system.suspend@1.0-service( 562): Error opening kernel wakelock stats for: wakeup30: Permission denied
12-23 03:49:35.424 E/android.system.suspend@1.0-service( 562): Error opening kernel wakelock stats for: wakeup59: Permission denied
12-23 03:49:35.425 E/android.system.suspend@1.0-service( 562): Error opening kernel wakelock stats for: wakeup5: Permission denied
12-23 03:49:35.425 E/android.system.suspend@1.0-service( 562): Error opening kernel wakelock stats for: wakeup77: Permission denied
12-23 03:49:35.425 E/android.system.suspend@1.0-service( 562): Error opening kernel wakelock stats for: wakeup39: Permission denied
12-23 03:49:35.425 E/android.system.suspend@1.0-service( 562): Error opening kernel wakelock stats for: wakeup29: Permission denied
12-23 03:49:35.425 E/android.system.suspend@1.0-service( 562): Error opening kernel wakelock stats for: wakeup57: Permission denied
12-23 03:49:35.425 E/android.system.suspend@1.0-service( 562): Error opening kernel wakelock stats for: wakeup19: Permission denied
12-23 03:49:35.425 E/android.system.suspend@1.0-service( 562): Error opening kernel wakelock stats for: wakeup75: Permission denied
12-23 03:49:35.425 E/android.system.suspend@1.0-service( 562): Error opening kernel wakelock stats for: wakeup37: Permission denied
12-23 03:49:35.425 E/android.system.suspend@1.0-service( 562): Error opening kernel wakelock stats for: wakeup27: Permission denied
12-23 03:49:35.425 E/android.system.suspend@1.0-service( 562): Error opening kernel wakelock stats for: wakeup55: Permission denied
12-23 03:49:35.425 E/android.system.suspend@1.0-service( 562): Error opening kernel wakelock stats for: wakeup17: Permission denied
12-23 03:49:35.425 E/android.system.suspend@1.0-service( 562): Error opening kernel wakelock stats for: wakeup1: Permission denied
12-23 03:49:35.425 I/GameMode_ActivityMonitoringService( 8963): onTaskStackChanged
12-23 03:49:35.426 E/android.system.suspend@1.0-service( 562): Error opening kernel wakelock stats for: wakeup63: Permission denied
12-23 03:49:35.426 E/android.system.suspend@1.0-service( 562): Error opening kernel wakelock stats for: wakeup25: Permission denied
12-23 03:49:35.426 E/android.system.suspend@1.0-service( 562): Error opening kernel wakelock stats for: wakeup53: Permission denied
12-23 03:49:35.426 E/android.system.suspend@1.0-service( 562): Error opening kernel wakelock stats for: wakeup15: Permission denied
12-23 03:49:35.426 E/android.system.suspend@1.0-service( 562): Error opening kernel wakelock stats for: wakeup43: Permission denied
12-23 03:49:35.426 E/android.system.suspend@1.0-service( 562): Error opening kernel wakelock stats for: wakeup33: Permission denied
12-23 03:49:35.426 E/android.system.suspend@1.0-service( 562): Error opening kernel wakelock stats for: wakeup61: Permission denied
12-23 03:49:35.426 E/android.system.suspend@1.0-service( 562): Error opening kernel wakelock stats for: wakeup23: Permission denied
12-23 03:49:35.426 E/android.system.suspend@1.0-service( 562): Error opening kernel wakelock stats for: wakeup51: Permission denied
12-23 03:49:35.426 E/android.system.suspend@1.0-service( 562): Error opening kernel wakelock stats for: wakeup8: Permission denied
12-23 03:49:35.426 E/android.system.suspend@1.0-service( 562): Error opening kernel wakelock stats for: wakeup13: Permission denied
12-23 03:49:35.426 E/android.system.suspend@1.0-service( 562): Error opening kernel wakelock stats for: wakeup41: Permission denied
12-23 03:49:35.426 E/android.system.suspend@1.0-service( 562): Error opening kernel wakelock stats for: wakeup31: Permission denied
12-23 03:49:35.426 E/android.system.suspend@1.0-service( 562): Error opening kernel wakelock stats for: wakeup21: Permission denied
12-23 03:49:35.426 E/android.system.suspend@1.0-service( 562): Error opening kernel wakelock stats for: wakeup6: Permission denied
12-23 03:49:35.426 E/android.system.suspend@1.0-service( 562): Error opening kernel wakelock stats for: wakeup11: Permission denied
12-23 03:49:35.433 I/GameMode_ActivityMonitoringService( 8963): Updating top task to: TaskInfoContainer [topActivity=ComponentInfo{com.android.settings/com.android.settings.Settings}, taskId=21, stackId=21, userId=0, displayId=0, position=6
12-23 03:49:35.433 I/GameMode_ActivityMonitoringService( 8963): Notifying about top task: TaskInfoContainer [topActivity=ComponentInfo{com.android.settings/com.android.settings.Settings}, taskId=21, stackId=21, userId=0, displayId=0, position=6
12-23 03:49:35.433 E/GameMode_ActivityMonitoringService( 8963): onActivityLaunch:com.android.settings
12-23 03:49:35.433 V/GameMode_GameTypeUtils( 8963): judge isGame:com.android.settings
12-23 03:49:35.433 V/GameMode_GpuUtils( 8963): fps:60
12-23 03:49:35.435 D/GameMode_GameModeActionUtils( 8963): Show GameMode entry by service!
12-23 03:49:35.435 W/ContextImpl( 8963): Calling a method in the system process without a qualified user: android.app.ContextImpl.startService:1816 android.content.ContextWrapper.startService:774 com.thundercomm.gamemode.ingame.services.GameModeActionUtils.startGameModeService:99 com.thundercomm.gamemode.ingame.services.GameModeActionUtils.startGameModeEntry:22 com.thundercomm.gamemode.ingame.services.ActivityMonitoringService$1.onActivityLaunch:127
12-23 03:49:35.438 D/GameModeIF_GameModeSettings( 8963): getUriFor setting_content_uri_root = content://com.thundercomm.gamemode.api/gamemode_settings , name = gamemode_isgaming
12-23 03:49:35.440 D/GameMode_GameModeService( 8963): type=hide_entry
12-23 03:49:35.441 I/GameModeConfig( 1507): Current uri is uri = content://com.thundercomm.gamemode.api/gamemode_settings/gamemode_isgaming
12-23 03:49:35.441 D/GameMode_GameSettingsObserver( 8963): Game Data change!!!! uri = content://com.thundercomm.gamemode.api/gamemode_settings/gamemode_isgaming
12-23 03:49:35.441 D/GameModeIF_GameModeSettings( 1507): getUriFor setting_content_uri_root = content://com.thundercomm.gamemode.api/gamemode_settings , name = gamemode_isgaming
12-23 03:49:35.441 D/GameModeIF_GameModeSettings( 8963): getUriFor setting_content_uri_root = content://com.thundercomm.gamemode.api/gamemode_settings , name = gamemode_isgaming
12-23 03:49:35.441 D/GameModeIF_GameModeSettings( 8963): gamemode_isgaming set to 0
12-23 03:49:35.443 I/GameModeConfig( 1507): isGameModeOn = true
12-23 03:49:35.443 I/GameModeConfig( 1507): isGaming = false
12-23 03:49:35.443 D/GameMode_GameModeService( 8963): updateGlobalSettings = gamemode_isgaming
12-23 03:49:35.443 I/GameModeConfig( 1507): isGameModeOn = true
12-23 03:49:35.443 I/GameModeConfig( 1507): isGaming = false
12-23 03:49:35.443 I/GameModeConfig( 1507): isDisableVoice = true
12-23 03:49:35.444 I/WifiService( 1507): startScan uid=1000
12-23 03:49:35.445 D/AF::TrackHandle( 972): OpPlayAudio: track:62 usage:5 not muted
12-23 03:49:35.445 D/AF::TrackHandle( 972): OpPlayAudio: track:62 usage:5 not muted
12-23 03:49:35.445 D/AF::TrackHandle( 972): OpPlayAudio: track:62 usage:5 not muted
12-23 03:49:35.446 D/AF::TrackHandle( 972): OpPlayAudio: track:62 usage:5 not muted
12-23 03:49:35.446 D/AF::TrackHandle( 972): OpPlayAudio: track:62 usage:5 not muted
12-23 03:49:35.446 D/AF::TrackHandle( 972): OpPlayAudio: track:62 usage:5 not muted
12-23 03:49:35.446 D/AF::TrackHandle( 972): OpPlayAudio: track:62 usage:5 not muted
12-23 03:49:35.446 D/AF::TrackHandle( 972): OpPlayAudio: track:62 usage:5 not muted
12-23 03:49:35.447 D/AF::TrackHandle( 972): OpPlayAudio: track:62 usage:5 not muted
12-23 03:49:35.447 D/AF::TrackHandle( 972): OpPlayAudio: track:62 usage:5 not muted
12-23 03:49:35.447 D/AF::TrackHandle( 972): OpPlayAudio: track:62 usage:5 not muted
12-23 03:49:35.447 D/AF::TrackHandle( 972): OpPlayAudio: track:62 usage:5 not muted
12-23 03:49:35.447 D/AF::TrackHandle( 972): OpPlayAudio: track:62 usage:5 not muted
12-23 03:49:35.447 D/AF::TrackHandle( 972): OpPlayAudio: track:62 usage:5 not muted
12-23 03:49:35.447 D/AF::TrackHandle( 972): OpPlayAudio: track:62 usage:5 not muted
12-23 03:49:35.447 D/AF::TrackHandle( 972): OpPlayAudio: track:62 usage:5 not muted
12-23 03:49:35.448 D/BatteryInfo(14219): time for getStats: 0ms
12-23 03:49:35.448 D/BatteryInfo(14219): time for regular BatteryInfo: 0ms
12-23 03:49:35.449 D/BatteryInfo(14219): time for getStats: 0ms
12-23 03:49:35.449 D/BatteryInfo(14219): time for getBatteryInfo: 1ms
12-23 03:49:35.449 D/BatteryInfo(14219): time for regular BatteryInfo: 0ms
12-23 03:49:35.449 D/BatteryInfo(14219): time for callback: 0ms
12-23 03:49:35.449 D/BatteryInfo(14219): time for getBatteryInfo: 0ms
12-23 03:49:35.449 D/BatteryInfo(14219): time for callback: 0ms
12-23 03:49:35.453 D/LOWI-9.0.0.87.a( 1331): [LOWI-Scan] wait_event:Wait done with Cmd 33
12-23 03:49:35.453 D/LOWI-9.0.0.87.a( 1331): [LOWI-Scan] do_listen_events: Rcvd valid Netlink Cmd 0 Err 0
12-23 03:49:35.471 D/BatteryTipLoader(14219): BatteryInfoLoader post query: 0ms
12-23 03:49:35.472 D/BatteryInfo(14219): time for getBatteryInfo: 1ms
12-23 03:49:35.472 D/BatteryTipLoader(14219): BatteryInfoLoader.loadInBackground: 1ms
12-23 03:49:35.496 W/InputManager-JNI( 1507): Input channel object '95da59b SnapshotStartingWindow for taskId=21 (client)' was disposed without first being removed with the input manager!
12-23 03:49:35.500 I/vendor.qti.bluetooth@1.0-ibs_handler( 818): ProcessIbsCmd: Received IBS_SLEEP_IND: 0xFE
01-01 10:37:13.427 I/[schedu][0x29a83db797][03:49:35.502362] wlan( 0): [14370:I:OSIF] scan start scan id 41013
12-23 03:49:35.696 I/OMX-VENC: venc_dev( 1208): stats: avg. fps 29.69, bitrate 3493350
12-23 03:49:35.749 D/AudioTrack( 1195): stop(46): called with 82980 frames delivered
12-23 03:49:35.885 I/wm_stop_activity( 1507): [0,172149049,com.android.launcher3/.uioverrides.QuickstepLauncher]
12-23 03:49:35.907 D/StateManager( 2820): goToState: Normal
12-23 03:49:35.909 I/wm_on_stop_called( 2820): [172149049,com.android.launcher3.uioverrides.QuickstepLauncher,STOP_ACTIVITY_ITEM]
12-23 03:49:35.916 I/GameMode_ActivityMonitoringService( 8963): onForegroundActivitiesChanged uid 10077 pid 2820 fg false
12-23 03:49:35.921 I/GameMode_ActivityMonitoringService( 8963): Updating top task to: TaskInfoContainer [topActivity=ComponentInfo{com.android.settings/com.android.settings.Settings}, taskId=21, stackId=21, userId=0, displayId=0, position=6
12-23 03:49:35.921 I/GameMode_ActivityMonitoringService( 8963): Notifying about top task: TaskInfoContainer [topActivity=ComponentInfo{com.android.settings/com.android.settings.Settings}, taskId=21, stackId=21, userId=0, displayId=0, position=6
12-23 03:49:35.921 E/GameMode_ActivityMonitoringService( 8963): onActivityLaunch:com.android.settings
12-23 03:49:35.921 V/GameMode_GameTypeUtils( 8963): judge isGame:com.android.settings
12-23 03:49:35.921 V/GameMode_GpuUtils( 8963): fps:60
12-23 03:49:35.924 D/GameMode_GameModeActionUtils( 8963): Show GameMode entry by service!
12-23 03:49:35.924 W/ContextImpl( 8963): Calling a method in the system process without a qualified user: android.app.ContextImpl.startService:1816 android.content.ContextWrapper.startService:774 com.thundercomm.gamemode.ingame.services.GameModeActionUtils.startGameModeService:99 com.thundercomm.gamemode.ingame.services.GameModeActionUtils.startGameModeEntry:22 com.thundercomm.gamemode.ingame.services.ActivityMonitoringService$1.onActivityLaunch:127
12-23 03:49:35.926 D/GameModeIF_GameModeSettings( 8963): getUriFor setting_content_uri_root = content://com.thundercomm.gamemode.api/gamemode_settings , name = gamemode_isgaming
