12-23 03:46:44.505 I/wm_restart_activity( 1507): [0,197338407,22,com.thundercomm.screensaver/android.service.dreams.DreamActivity]
12-23 03:46:44.506 I/wm_set_resumed_activity( 1507): [0,com.thundercomm.screensaver/android.service.dreams.DreamActivity,minimalResumeActivityLocked]
12-23 03:46:44.509 I/wm_on_create_called( 4978): [197338407,android.service.dreams.DreamActivity,performCreate]
12-23 03:46:44.509 I/wm_on_start_called( 4978): [197338407,android.service.dreams.DreamActivity,handleStartActivity]
12-23 03:46:44.510 I/sysui_multi_action( 1507): [757,803,799,window_time_0,802,75]
12-23 03:46:44.510 I/wm_on_resume_called( 4978): [197338407,android.service.dreams.DreamActivity,RESUME_ACTIVITY]
12-23 03:46:44.512 I/wm_on_top_resumed_gained_called( 4978): [197338407,android.service.dreams.DreamActivity,topStateChangedWhenResumed]
12-23 03:46:44.515 I/am_uid_active( 1507): 10063
12-23 03:46:44.525 I/input_focus( 1507): [Focus request eb2ecc3 com.thundercomm.screensaver/android.service.dreams.DreamActivity,reason=UpdateInputWindows]
12-23 03:46:44.536 I/input_focus( 1507): [Focus leaving 9592226 com.android.settings/com.android.settings.Settings (server),reason=NO_WINDOW]
12-23 03:46:44.536 I/sysui_multi_action( 1507): [319,42,322,38,325,9145,757,761,758,8,759,2,806,com.thundercomm.screensaver,871,android.service.dreams.DreamActivity,904,com.thundercomm.screensaver,905,0,1320,4,1321,2]
12-23 03:46:44.537 I/wm_activity_launch_time( 1507): [0,197338407,com.thundercomm.screensaver/android.service.dreams.DreamActivity,38]
12-23 03:46:44.537 I/sysui_multi_action( 1507): [757,1696,758,6,759,3]
12-23 03:46:44.550 I/am_wtf ( 1507): [0,1507,system_server,-1,DisplayDeviceConfig,requesting nits when no mapping exists.]
12-23 03:46:44.551 I/am_wtf ( 1507): [0,1507,system_server,-1,DisplayDeviceConfig,requesting nits when no mapping exists.]
12-23 03:46:44.567 I/am_wtf ( 1507): [0,1507,system_server,-1,DisplayDeviceConfig,requesting nits when no mapping exists.]
12-23 03:46:44.568 I/am_wtf ( 1507): [0,1507,system_server,-1,DisplayDeviceConfig,requesting nits when no mapping exists.]
12-23 03:46:44.568 I/input_focus( 1507): [Focus entering eb2ecc3 com.thundercomm.screensaver/android.service.dreams.DreamActivity (server),reason=Window became focusable. Previous reason: NOT_VISIBLE]
12-23 03:46:44.584 I/am_wtf ( 1507): [0,1507,system_server,-1,DisplayDeviceConfig,requesting nits when no mapping exists.]
12-23 03:46:44.585 I/am_wtf ( 1507): [0,1507,system_server,-1,DisplayDeviceConfig,requesting nits when no mapping exists.]
12-23 03:46:44.600 I/am_wtf ( 1507): [0,1507,system_server,-1,DisplayDeviceConfig,requesting nits when no mapping exists.]
12-23 03:46:44.601 I/am_wtf ( 1507): [0,1507,system_server,-1,DisplayDeviceConfig,requesting nits when no mapping exists.]
12-23 03:46:44.618 I/am_wtf ( 1507): [0,1507,system_server,-1,DisplayDeviceConfig,requesting nits when no mapping exists.]
12-23 03:46:44.618 I/am_wtf ( 1507): [0,1507,system_server,-1,DisplayDeviceConfig,requesting nits when no mapping exists.]
12-23 03:46:44.635 I/am_wtf ( 1507): [0,1507,system_server,-1,DisplayDeviceConfig,requesting nits when no mapping exists.]
12-23 03:46:44.635 I/am_wtf ( 1507): [0,1507,system_server,-1,DisplayDeviceConfig,requesting nits when no mapping exists.]
12-23 03:46:44.651 I/am_wtf ( 1507): [0,1507,system_server,-1,DisplayDeviceConfig,requesting nits when no mapping exists.]
12-23 03:46:44.651 I/am_wtf ( 1507): [0,1507,system_server,-1,DisplayDeviceConfig,requesting nits when no mapping exists.]
12-23 03:46:44.667 I/am_wtf ( 1507): [0,1507,system_server,-1,DisplayDeviceConfig,requesting nits when no mapping exists.]
12-23 03:46:44.668 I/am_wtf ( 1507): [0,1507,system_server,-1,DisplayDeviceConfig,requesting nits when no mapping exists.]
12-23 03:46:44.685 I/am_wtf ( 1507): [0,1507,system_server,-1,DisplayDeviceConfig,requesting nits when no mapping exists.]
12-23 03:46:44.685 I/am_wtf ( 1507): [0,1507,system_server,-1,DisplayDeviceConfig,requesting nits when no mapping exists.]
12-23 03:46:44.701 I/am_wtf ( 1507): [0,1507,system_server,-1,DisplayDeviceConfig,requesting nits when no mapping exists.]
12-23 03:46:44.702 I/am_wtf ( 1507): [0,1507,system_server,-1,DisplayDeviceConfig,requesting nits when no mapping exists.]
12-23 03:46:44.718 I/am_wtf ( 1507): [0,1507,system_server,-1,DisplayDeviceConfig,requesting nits when no mapping exists.]
12-23 03:46:44.718 I/am_wtf ( 1507): [0,1507,system_server,-1,DisplayDeviceConfig,requesting nits when no mapping exists.]
12-23 03:46:44.735 I/am_wtf ( 1507): [0,1507,system_server,-1,DisplayDeviceConfig,requesting nits when no mapping exists.]
12-23 03:46:44.735 I/am_wtf ( 1507): [0,1507,system_server,-1,DisplayDeviceConfig,requesting nits when no mapping exists.]
12-23 03:46:44.752 I/am_wtf ( 1507): [0,1507,system_server,-1,DisplayDeviceConfig,requesting nits when no mapping exists.]
12-23 03:46:44.752 I/am_wtf ( 1507): [0,1507,system_server,-1,DisplayDeviceConfig,requesting nits when no mapping exists.]
12-23 03:46:44.768 I/am_wtf ( 1507): [0,1507,system_server,-1,DisplayDeviceConfig,requesting nits when no mapping exists.]
12-23 03:46:44.768 I/am_wtf ( 1507): [0,1507,system_server,-1,DisplayDeviceConfig,requesting nits when no mapping exists.]
12-23 03:46:44.785 I/am_wtf ( 1507): [0,1507,system_server,-1,DisplayDeviceConfig,requesting nits when no mapping exists.]
12-23 03:46:44.785 I/am_wtf ( 1507): [0,1507,system_server,-1,DisplayDeviceConfig,requesting nits when no mapping exists.]
12-23 03:46:44.802 I/am_wtf ( 1507): [0,1507,system_server,-1,DisplayDeviceConfig,requesting nits when no mapping exists.]
12-23 03:46:44.802 I/am_wtf ( 1507): [0,1507,system_server,-1,DisplayDeviceConfig,requesting nits when no mapping exists.]
12-23 03:46:44.818 I/am_wtf ( 1507): [0,1507,system_server,-1,DisplayDeviceConfig,requesting nits when no mapping exists.]
12-23 03:46:44.818 I/am_wtf ( 1507): [0,1507,system_server,-1,DisplayDeviceConfig,requesting nits when no mapping exists.]
12-23 03:46:44.834 I/am_wtf ( 1507): [0,1507,system_server,-1,DisplayDeviceConfig,requesting nits when no mapping exists.]
12-23 03:46:44.835 I/am_wtf ( 1507): [0,1507,system_server,-1,DisplayDeviceConfig,requesting nits when no mapping exists.]
12-23 03:46:44.851 I/am_wtf ( 1507): [0,1507,system_server,-1,DisplayDeviceConfig,requesting nits when no mapping exists.]
12-23 03:46:44.852 I/am_wtf ( 1507): [0,1507,system_server,-1,DisplayDeviceConfig,requesting nits when no mapping exists.]
12-23 03:46:44.869 I/am_wtf ( 1507): [0,1507,system_server,-1,DisplayDeviceConfig,requesting nits when no mapping exists.]
12-23 03:46:44.869 I/am_wtf ( 1507): [0,1507,system_server,-1,DisplayDeviceConfig,requesting nits when no mapping exists.]
12-23 03:46:44.885 I/am_wtf ( 1507): [0,1507,system_server,-1,DisplayDeviceConfig,requesting nits when no mapping exists.]
12-23 03:46:44.885 I/am_wtf ( 1507): [0,1507,system_server,-1,DisplayDeviceConfig,requesting nits when no mapping exists.]
12-23 03:46:44.902 I/am_wtf ( 1507): [0,1507,system_server,-1,DisplayDeviceConfig,requesting nits when no mapping exists.]
12-23 03:46:44.902 I/am_wtf ( 1507): [0,1507,system_server,-1,DisplayDeviceConfig,requesting nits when no mapping exists.]
12-23 03:46:44.919 I/am_wtf ( 1507): [0,1507,system_server,-1,DisplayDeviceConfig,requesting nits when no mapping exists.]
12-23 03:46:44.919 I/am_wtf ( 1507): [0,1507,system_server,-1,DisplayDeviceConfig,requesting nits when no mapping exists.]
12-23 03:46:44.935 I/am_wtf ( 1507): [0,1507,system_server,-1,DisplayDeviceConfig,requesting nits when no mapping exists.]
12-23 03:46:44.935 I/am_wtf ( 1507): [0,1507,system_server,-1,DisplayDeviceConfig,requesting nits when no mapping exists.]
12-23 03:46:44.952 I/am_wtf ( 1507): [0,1507,system_server,-1,DisplayDeviceConfig,requesting nits when no mapping exists.]
12-23 03:46:44.952 I/am_wtf ( 1507): [0,1507,system_server,-1,DisplayDeviceConfig,requesting nits when no mapping exists.]
12-23 03:46:44.969 I/am_wtf ( 1507): [0,1507,system_server,-1,DisplayDeviceConfig,requesting nits when no mapping exists.]
12-23 03:46:44.969 I/am_wtf ( 1507): [0,1507,system_server,-1,DisplayDeviceConfig,requesting nits when no mapping exists.]
12-23 03:46:44.985 I/am_wtf ( 1507): [0,1507,system_server,-1,DisplayDeviceConfig,requesting nits when no mapping exists.]
12-23 03:46:44.986 I/am_wtf ( 1507): [0,1507,system_server,-1,DisplayDeviceConfig,requesting nits when no mapping exists.]
12-23 03:46:45.002 I/am_wtf ( 1507): [0,1507,system_server,-1,DisplayDeviceConfig,requesting nits when no mapping exists.]
12-23 03:46:45.002 I/am_wtf ( 1507): [0,1507,system_server,-1,DisplayDeviceConfig,requesting nits when no mapping exists.]
12-23 03:46:45.018 I/am_wtf ( 1507): [0,1507,system_server,-1,DisplayDeviceConfig,requesting nits when no mapping exists.]
12-23 03:46:45.019 I/am_wtf ( 1507): [0,1507,system_server,-1,DisplayDeviceConfig,requesting nits when no mapping exists.]
12-23 03:46:45.035 I/wm_stop_activity( 1507): [0,124469811,com.android.settings/.Settings]
12-23 03:46:45.036 I/am_wtf ( 1507): [0,1507,system_server,-1,DisplayDeviceConfig,requesting nits when no mapping exists.]
12-23 03:46:45.036 I/am_wtf ( 1507): [0,1507,system_server,-1,DisplayDeviceConfig,requesting nits when no mapping exists.]
12-23 03:46:45.052 I/am_wtf ( 1507): [0,1507,system_server,-1,DisplayDeviceConfig,requesting nits when no mapping exists.]
12-23 03:46:45.052 I/am_wtf ( 1507): [0,1507,system_server,-1,DisplayDeviceConfig,requesting nits when no mapping exists.]
12-23 03:46:45.063 I/wm_on_stop_called(14219): [124469811,com.android.settings.Settings,STOP_ACTIVITY_ITEM]
12-23 03:46:45.069 I/am_wtf ( 1507): [0,1507,system_server,-1,DisplayDeviceConfig,requesting nits when no mapping exists.]
12-23 03:46:45.070 I/am_wtf ( 1507): [0,1507,system_server,-1,DisplayDeviceConfig,requesting nits when no mapping exists.]
12-23 03:46:45.085 I/am_wtf ( 1507): [0,1507,system_server,-1,DisplayDeviceConfig,requesting nits when no mapping exists.]
12-23 03:46:45.086 I/am_wtf ( 1507): [0,1507,system_server,-1,DisplayDeviceConfig,requesting nits when no mapping exists.]
12-23 03:46:45.102 I/am_wtf ( 1507): [0,1507,system_server,-1,DisplayDeviceConfig,requesting nits when no mapping exists.]
12-23 03:46:45.102 I/am_wtf ( 1507): [0,1507,system_server,-1,DisplayDeviceConfig,requesting nits when no mapping exists.]
12-23 03:46:45.119 I/am_wtf ( 1507): [0,1507,system_server,-1,DisplayDeviceConfig,requesting nits when no mapping exists.]
12-23 03:46:45.119 I/am_wtf ( 1507): [0,1507,system_server,-1,DisplayDeviceConfig,requesting nits when no mapping exists.]
12-23 03:46:45.135 I/am_wtf ( 1507): [0,1507,system_server,-1,DisplayDeviceConfig,requesting nits when no mapping exists.]
12-23 03:46:45.136 I/am_wtf ( 1507): [0,1507,system_server,-1,DisplayDeviceConfig,requesting nits when no mapping exists.]
12-23 03:46:45.153 I/am_wtf ( 1507): [0,1507,system_server,-1,DisplayDeviceConfig,requesting nits when no mapping exists.]
12-23 03:46:45.153 I/am_wtf ( 1507): [0,1507,system_server,-1,DisplayDeviceConfig,requesting nits when no mapping exists.]
12-23 03:46:45.169 I/am_wtf ( 1507): [0,1507,system_server,-1,DisplayDeviceConfig,requesting nits when no mapping exists.]
12-23 03:46:45.169 I/am_wtf ( 1507): [0,1507,system_server,-1,DisplayDeviceConfig,requesting nits when no mapping exists.]
12-23 03:46:45.167 I/auditd ( 0): type=1400 audit(0.0:1294): avc: denied { kill } for comm="swapper/3" capability=5 scontext=u:r:kernel:s0 tcontext=u:r:kernel:s0 tclass=capability permissive=0
12-23 03:46:45.186 I/am_wtf ( 1507): [0,1507,system_server,-1,DisplayDeviceConfig,requesting nits when no mapping exists.]
12-23 03:46:45.186 I/am_wtf ( 1507): [0,1507,system_server,-1,DisplayDeviceConfig,requesting nits when no mapping exists.]
12-23 03:46:45.203 I/am_wtf ( 1507): [0,1507,system_server,-1,DisplayDeviceConfig,requesting nits when no mapping exists.]
12-23 03:46:45.203 I/am_wtf ( 1507): [0,1507,system_server,-1,DisplayDeviceConfig,requesting nits when no mapping exists.]
12-23 03:46:45.219 I/am_wtf ( 1507): [0,1507,system_server,-1,DisplayDeviceConfig,requesting nits when no mapping exists.]
12-23 03:46:45.220 I/am_wtf ( 1507): [0,1507,system_server,-1,DisplayDeviceConfig,requesting nits when no mapping exists.]
12-23 03:46:45.236 I/am_wtf ( 1507): [0,1507,system_server,-1,DisplayDeviceConfig,requesting nits when no mapping exists.]
12-23 03:46:45.236 I/am_wtf ( 1507): [0,1507,system_server,-1,DisplayDeviceConfig,requesting nits when no mapping exists.]
12-23 03:46:45.253 I/am_wtf ( 1507): [0,1507,system_server,-1,DisplayDeviceConfig,requesting nits when no mapping exists.]
12-23 03:46:45.253 I/am_wtf ( 1507): [0,1507,system_server,-1,DisplayDeviceConfig,requesting nits when no mapping exists.]
12-23 03:46:45.269 I/am_wtf ( 1507): [0,1507,system_server,-1,DisplayDeviceConfig,requesting nits when no mapping exists.]
12-23 03:46:45.270 I/am_wtf ( 1507): [0,1507,system_server,-1,DisplayDeviceConfig,requesting nits when no mapping exists.]
12-23 03:46:45.286 I/am_wtf ( 1507): [0,1507,system_server,-1,DisplayDeviceConfig,requesting nits when no mapping exists.]
12-23 03:46:45.286 I/am_wtf ( 1507): [0,1507,system_server,-1,DisplayDeviceConfig,requesting nits when no mapping exists.]
12-23 03:46:45.303 I/am_wtf ( 1507): [0,1507,system_server,-1,DisplayDeviceConfig,requesting nits when no mapping exists.]
12-23 03:46:45.303 I/am_wtf ( 1507): [0,1507,system_server,-1,DisplayDeviceConfig,requesting nits when no mapping exists.]
12-23 03:46:45.319 I/am_wtf ( 1507): [0,1507,system_server,-1,DisplayDeviceConfig,requesting nits when no mapping exists.]
12-23 03:46:45.319 I/am_wtf ( 1507): [0,1507,system_server,-1,DisplayDeviceConfig,requesting nits when no mapping exists.]
12-23 03:46:45.336 I/am_wtf ( 1507): [0,1507,system_server,-1,DisplayDeviceConfig,requesting nits when no mapping exists.]
12-23 03:46:45.336 I/am_wtf ( 1507): [0,1507,system_server,-1,DisplayDeviceConfig,requesting nits when no mapping exists.]
12-23 03:46:45.352 I/am_wtf ( 1507): [0,1507,system_server,-1,DisplayDeviceConfig,requesting nits when no mapping exists.]
12-23 03:46:45.353 I/am_wtf ( 1507): [0,1507,system_server,-1,DisplayDeviceConfig,requesting nits when no mapping exists.]
12-23 03:46:45.369 I/am_wtf ( 1507): [0,1507,system_server,-1,DisplayDeviceConfig,requesting nits when no mapping exists.]
12-23 03:46:45.369 I/am_wtf ( 1507): [0,1507,system_server,-1,DisplayDeviceConfig,requesting nits when no mapping exists.]
12-23 03:46:45.386 I/am_wtf ( 1507): [0,1507,system_server,-1,DisplayDeviceConfig,requesting nits when no mapping exists.]
12-23 03:46:45.386 I/am_wtf ( 1507): [0,1507,system_server,-1,DisplayDeviceConfig,requesting nits when no mapping exists.]
12-23 03:46:45.403 I/am_wtf ( 1507): [0,1507,system_server,-1,DisplayDeviceConfig,requesting nits when no mapping exists.]
12-23 03:46:45.403 I/am_wtf ( 1507): [0,1507,system_server,-1,DisplayDeviceConfig,requesting nits when no mapping exists.]
12-23 03:46:45.419 I/am_wtf ( 1507): [0,1507,system_server,-1,DisplayDeviceConfig,requesting nits when no mapping exists.]
12-23 03:46:45.419 I/am_wtf ( 1507): [0,1507,system_server,-1,DisplayDeviceConfig,requesting nits when no mapping exists.]
12-23 03:46:45.436 I/am_wtf ( 1507): [0,1507,system_server,-1,DisplayDeviceConfig,requesting nits when no mapping exists.]
12-23 03:46:45.436 I/am_wtf ( 1507): [0,1507,system_server,-1,DisplayDeviceConfig,requesting nits when no mapping exists.]
12-23 03:46:45.453 I/am_wtf ( 1507): [0,1507,system_server,-1,DisplayDeviceConfig,requesting nits when no mapping exists.]
12-23 03:46:45.453 I/am_wtf ( 1507): [0,1507,system_server,-1,DisplayDeviceConfig,requesting nits when no mapping exists.]
12-23 03:46:45.470 I/am_wtf ( 1507): [0,1507,system_server,-1,DisplayDeviceConfig,requesting nits when no mapping exists.]
12-23 03:46:45.470 I/am_wtf ( 1507): [0,1507,system_server,-1,DisplayDeviceConfig,requesting nits when no mapping exists.]
12-23 03:46:45.486 I/am_wtf ( 1507): [0,1507,system_server,-1,DisplayDeviceConfig,requesting nits when no mapping exists.]
12-23 03:46:45.486 I/am_wtf ( 1507): [0,1507,system_server,-1,DisplayDeviceConfig,requesting nits when no mapping exists.]
12-23 03:46:46.167 I/auditd ( 0): type=1400 audit(0.0:1295): avc: denied { kill } for comm="swapper/3" capability=5 scontext=u:r:kernel:s0 tcontext=u:r:kernel:s0 tclass=capability permissive=0
12-23 03:46:47.167 I/auditd ( 0): type=1400 audit(0.0:1296): avc: denied { kill } for comm="swapper/3" capability=5 scontext=u:r:kernel:s0 tcontext=u:r:kernel:s0 tclass=capability permissive=0
12-23 03:46:47.312 I/input_interaction( 1507): Interaction with: eb2ecc3 com.thundercomm.screensaver/android.service.dreams.DreamActivity (server), edge-swipe (server), swipe-up (server), PointerEventDispatcher0 (server),
12-23 03:46:47.316 I/wm_finish_activity( 1507): [0,197338407,22,com.thundercomm.screensaver/android.service.dreams.DreamActivity,finish-activity]
12-23 03:46:47.317 I/wm_task_moved( 1507): [21,1,6]
12-23 03:46:47.317 I/wm_task_to_front( 1507): [0,21]
12-23 03:46:47.317 I/wm_focused_root_task( 1507): [0,0,21,22,finish-top adjustFocusToNextFocusableTask]
12-23 03:46:47.318 I/wm_pause_activity( 1507): [0,197338407,com.thundercomm.screensaver/android.service.dreams.DreamActivity,userLeaving=false,finish]
12-23 03:46:47.326 I/wm_on_top_resumed_lost_called( 4978): [197338407,android.service.dreams.DreamActivity,topStateChangedWhenResumed]
12-23 03:46:47.327 I/wm_on_paused_called( 4978): [197338407,android.service.dreams.DreamActivity,performPause]
12-23 03:46:47.328 I/wm_add_to_stopping( 1507): [0,197338407,com.thundercomm.screensaver/android.service.dreams.DreamActivity,completeFinishing]
12-23 03:46:47.331 I/wm_set_resumed_activity( 1507): [0,com.android.settings/.Settings,resumeTopActivityInnerLocked]
12-23 03:46:47.332 I/wm_resume_activity( 1507): [0,124469811,21,com.android.settings/.Settings]
12-23 03:46:47.335 I/sysui_multi_action( 1507): [757,803,799,window_time_0,802,3]
12-23 03:46:47.340 I/sysui_multi_action( 1507): [757,803,799,window_time_0,802,0]
12-23 03:46:47.342 I/input_focus( 1507): [Focus leaving eb2ecc3 com.thundercomm.screensaver/android.service.dreams.DreamActivity (server),reason=NO_WINDOW]
12-23 03:46:47.342 I/wm_on_restart_called(14219): [124469811,com.android.settings.Settings,performRestartActivity]
12-23 03:46:47.342 I/view_enqueue_input_event( 4978): [Motion - Cancel,com.thundercomm.screensaver/android.service.dreams.DreamActivity]
12-23 03:46:47.347 I/wm_on_start_called(14219): [124469811,com.android.settings.Settings,handleStartActivity]
12-23 03:46:47.347 I/snet_event_log(14219): [120484087,-1,]
12-23 03:46:47.348 I/wm_on_resume_called(14219): [124469811,com.android.settings.Settings,RESUME_ACTIVITY]
12-23 03:46:47.348 I/sysui_multi_action(14219): [757,35,758,1,833,0,1089,0]
12-23 03:46:47.349 I/sysui_multi_action(14219): [757,103,758,1,833,0,1089,0]
12-23 03:46:47.351 I/input_interaction( 1507): Interaction with: edge-swipe (server), swipe-up (server), PointerEventDispatcher0 (server),
12-23 03:46:47.357 I/wm_on_top_resumed_gained_called(14219): [124469811,com.android.settings.Settings,topWhenResuming]
12-23 03:46:47.366 I/input_focus( 1507): [Focus request 9592226 com.android.settings/com.android.settings.Settings,reason=UpdateInputWindows]
12-23 03:46:47.393 I/input_focus( 1507): [Focus entering 9592226 com.android.settings/com.android.settings.Settings (server),reason=setFocusedWindow]
12-23 03:46:47.899 I/wm_destroy_activity( 1507): [0,197338407,22,com.thundercomm.screensaver/android.service.dreams.DreamActivity,finish-imm:idle]
12-23 03:46:47.925 I/wm_on_stop_called( 4978): [197338407,android.service.dreams.DreamActivity,LIFECYCLER_STOP_ACTIVITY]
12-23 03:46:47.926 I/wm_on_destroy_called( 4978): [197338407,android.service.dreams.DreamActivity,performDestroy]
12-23 03:46:47.932 I/sysui_multi_action( 1507): [757,222,758,2]
12-23 03:46:47.932 I/sysui_multi_action( 1507): [757,804,799,dreaming_minutes,801,0,802,1]
12-23 03:46:47.940 I/wm_task_removed( 1507): [22,removeChild:removeChild last r=ActivityRecord{bc32527 u0 com.thundercomm.screensaver/android.service.dreams.DreamActivity t-1 f}} in t=Task{4c4a270 #22 type=dream A=10050:android:com.thundercomm.screensaver/dream U=0 visible=false mode=fullscreen translucent=true sz=0}]
12-23 03:46:47.940 I/wm_task_removed( 1507): [22,removeChild]
12-23 03:46:48.167 I/auditd ( 0): type=1400 audit(0.0:1297): avc: denied { kill } for comm="swapper/3" capability=5 scontext=u:r:kernel:s0 tcontext=u:r:kernel:s0 tclass=capability permissive=0
12-23 03:46:49.167 I/auditd ( 0): type=1400 audit(0.0:1298): avc: denied { kill } for comm="swapper/3" capability=5 scontext=u:r:kernel:s0 tcontext=u:r:kernel:s0 tclass=capability permissive=0
12-23 03:46:50.171 I/auditd ( 0): type=1400 audit(0.0:1299): avc: denied { kill } for comm="swapper/3" capability=5 scontext=u:r:kernel:s0 tcontext=u:r:kernel:s0 tclass=capability permissive=0
12-23 03:46:51.167 I/auditd ( 0): type=1400 audit(0.0:1300): avc: denied { kill } for comm="swapper/3" capability=5 scontext=u:r:kernel:s0 tcontext=u:r:kernel:s0 tclass=capability permissive=0
12-23 03:46:52.171 I/auditd ( 0): type=1400 audit(0.0:1301): avc: denied { kill } for comm="swapper/3" capability=5 scontext=u:r:kernel:s0 tcontext=u:r:kernel:s0 tclass=capability permissive=0
12-23 03:46:53.171 I/auditd ( 0): type=1400 audit(0.0:1302): avc: denied { kill } for comm="swapper/3" capability=5 scontext=u:r:kernel:s0 tcontext=u:r:kernel:s0 tclass=capability permissive=0
12-23 03:46:54.167 I/auditd ( 0): type=1400 audit(0.0:1303): avc: denied { kill } for comm="swapper/3" capability=5 scontext=u:r:kernel:s0 tcontext=u:r:kernel:s0 tclass=capability permissive=0
12-23 03:46:55.167 I/auditd ( 0): type=1400 audit(0.0:1304): avc: denied { kill } for comm="swapper/3" capability=5 scontext=u:r:kernel:s0 tcontext=u:r:kernel:s0 tclass=capability permissive=0
12-23 03:46:56.171 I/auditd ( 0): type=1400 audit(0.0:1305): avc: denied { kill } for comm="swapper/3" capability=5 scontext=u:r:kernel:s0 tcontext=u:r:kernel:s0 tclass=capability permissive=0
12-23 03:46:57.167 I/auditd ( 0): type=1400 audit(0.0:1306): avc: denied { kill } for comm="swapper/3" capability=5 scontext=u:r:kernel:s0 tcontext=u:r:kernel:s0 tclass=capability permissive=0
12-23 03:46:58.171 I/auditd ( 0): type=1400 audit(0.0:1307): avc: denied { kill } for comm="swapper/3" capability=5 scontext=u:r:kernel:s0 tcontext=u:r:kernel:s0 tclass=capability permissive=0
12-23 03:47:00.446 I/input_interaction( 1507): Interaction with: 9592226 com.android.settings/com.android.settings.Settings (server), edge-swipe (server), swipe-up (server), PointerEventDispatcher0 (server),
12-23 03:47:00.447 I/service_manager_stats( 1507): [124,22,15960]
12-23 03:47:00.594 I/sysui_multi_action(14219): [757,830,758,4,833,0,854,top_level_network,1089,0]
12-23 03:47:00.710 I/sysui_multi_action(14219): [757,103,758,2,1089,13360]
12-23 03:47:00.733 W/CarrierConfigManager(14219): Error getting config for subId -1 ICarrierConfigLoader is null
12-23 03:47:00.769 I/sysui_multi_action(14219): [757,746,758,1,833,0,1089,42]
12-23 03:47:00.770 D/TelephonyRegistry( 1507): listen oscl: mHasNotifySubscriptionInfoChangedOccurred==false no callback
12-23 03:47:00.772 D/TelephonyRegistry( 1507): listen oscl: mHasNotifySubscriptionInfoChangedOccurred==false no callback
12-23 03:47:00.777 I/sysui_multi_action(14219): [757,1729,758,4,854,isParalleledControllers:false,1089,50]
12-23 03:47:01.167 I/auditd ( 0): type=1400 audit(0.0:1308): avc: denied { kill } for comm="swapper/3" capability=5 scontext=u:r:kernel:s0 tcontext=u:r:kernel:s0 tclass=capability permissive=0
12-23 03:47:02.167 I/auditd ( 0): type=1400 audit(0.0:1309): avc: denied { kill } for comm="swapper/3" capability=5 scontext=u:r:kernel:s0 tcontext=u:r:kernel:s0 tclass=capability permissive=0
12-23 03:47:03.167 I/auditd ( 0): type=1400 audit(0.0:1310): avc: denied { kill } for comm="swapper/3" capability=5 scontext=u:r:kernel:s0 tcontext=u:r:kernel:s0 tclass=capability permissive=0
12-23 03:47:04.171 I/auditd ( 0): type=1400 audit(0.0:1311): avc: denied { kill } for comm="swapper/3" capability=5 scontext=u:r:kernel:s0 tcontext=u:r:kernel:s0 tclass=capability permissive=0
12-23 03:47:05.171 I/auditd ( 0): type=1400 audit(0.0:1312): avc: denied { kill } for comm="swapper/3" capability=5 scontext=u:r:kernel:s0 tcontext=u:r:kernel:s0 tclass=capability permissive=0
12-23 03:47:06.167 I/auditd ( 0): type=1400 audit(0.0:1313): avc: denied { kill } for comm="swapper/3" capability=5 scontext=u:r:kernel:s0 tcontext=u:r:kernel:s0 tclass=capability permissive=0
12-23 03:47:07.171 I/auditd ( 0): type=1400 audit(0.0:1314): avc: denied { kill } for comm="swapper/3" capability=5 scontext=u:r:kernel:s0 tcontext=u:r:kernel:s0 tclass=capability permissive=0
12-23 03:47:08.171 I/auditd ( 0): type=1400 audit(0.0:1315): avc: denied { kill } for comm="swapper/3" capability=5 scontext=u:r:kernel:s0 tcontext=u:r:kernel:s0 tclass=capability permissive=0
12-23 03:47:09.171 I/auditd ( 0): type=1400 audit(0.0:1316): avc: denied { kill } for comm="swapper/3" capability=5 scontext=u:r:kernel:s0 tcontext=u:r:kernel:s0 tclass=capability permissive=0
12-23 03:47:10.171 I/auditd ( 0): type=1400 audit(0.0:1317): avc: denied { kill } for comm="swapper/3" capability=5 scontext=u:r:kernel:s0 tcontext=u:r:kernel:s0 tclass=capability permissive=0
12-23 03:47:11.167 I/auditd ( 0): type=1400 audit(0.0:1318): avc: denied { kill } for comm="swapper/3" capability=5 scontext=u:r:kernel:s0 tcontext=u:r:kernel:s0 tclass=capability permissive=0
12-23 03:47:12.167 I/auditd ( 0): type=1400 audit(0.0:1319): avc: denied { kill } for comm="swapper/3" capability=5 scontext=u:r:kernel:s0 tcontext=u:r:kernel:s0 tclass=capability permissive=0
12-23 03:47:13.171 I/auditd ( 0): type=1400 audit(0.0:1320): avc: denied { kill } for comm="swapper/3" capability=5 scontext=u:r:kernel:s0 tcontext=u:r:kernel:s0 tclass=capability permissive=0
12-23 03:47:14.171 I/auditd ( 0): type=1400 audit(0.0:1321): avc: denied { kill } for comm="swapper/3" capability=5 scontext=u:r:kernel:s0 tcontext=u:r:kernel:s0 tclass=capability permissive=0
12-23 03:47:15.171 I/auditd ( 0): type=1400 audit(0.0:1322): avc: denied { kill } for comm="swapper/3" capability=5 scontext=u:r:kernel:s0 tcontext=u:r:kernel:s0 tclass=capability permissive=0
12-23 03:47:16.171 I/auditd ( 0): type=1400 audit(0.0:1323): avc: denied { kill } for comm="swapper/3" capability=5 scontext=u:r:kernel:s0 tcontext=u:r:kernel:s0 tclass=capability permissive=0
12-23 03:47:17.171 I/auditd ( 0): type=1400 audit(0.0:1324): avc: denied { kill } for comm="swapper/3" capability=5 scontext=u:r:kernel:s0 tcontext=u:r:kernel:s0 tclass=capability permissive=0
12-23 03:47:18.134 I/sysui_multi_action(14219): [757,830,758,4,833,0,854,main_toggle_wifi,1089,0]
12-23 03:47:18.147 I/sysui_multi_action(14219): [757,746,758,2,1089,17378]
12-23 03:47:18.172 I/netstats_mobile_sample( 1507): [0,0,0,0,0,0,0,0,0,0,0,0,1671738438172]
12-23 03:47:18.173 I/netstats_wifi_sample( 1507): [847278,2521,917884,2909,847278,2521,917884,2909,1328084,6548,499426,1719,1671738438172]
12-23 03:47:18.167 I/auditd ( 0): type=1400 audit(0.0:1325): avc: denied { kill } for comm="swapper/3" capability=5 scontext=u:r:kernel:s0 tcontext=u:r:kernel:s0 tclass=capability permissive=0
12-23 03:47:18.180 I/netstats_mobile_sample( 1507): [0,0,0,0,0,0,0,0,0,0,0,0,1671738438180]
12-23 03:47:18.181 I/netstats_wifi_sample( 1507): [847278,2521,917884,2909,847278,2521,917884,2909,1328084,6548,499426,1719,1671738438180]
12-23 03:47:18.216 I/sysui_multi_action(14219): [757,103,758,1,833,0,1089,59]
12-23 03:47:19.167 I/auditd ( 0): type=1400 audit(0.0:1326): avc: denied { kill } for comm="swapper/3" capability=5 scontext=u:r:kernel:s0 tcontext=u:r:kernel:s0 tclass=capability permissive=0
12-23 03:47:22.026 I/sysui_multi_action(14219): [757,135,758,4,759,0]
12-23 03:47:22.044 I/wm_task_moved( 1507): [21,1,6]
12-23 03:47:22.044 I/wm_set_resumed_activity( 1507): [0,com.android.settings/.Settings,positionChildAt]
12-23 03:47:22.044 I/wm_create_activity( 1507): [0,43687467,21,com.android.settings/.SubSettings,android.intent.action.MAIN,NULL,NULL,0]
12-23 03:47:22.045 I/wm_pause_activity( 1507): [0,124469811,com.android.settings/.Settings,userLeaving=true,resumeTopActivityInnerLocked]
12-23 03:47:22.048 I/wm_on_top_resumed_lost_called(14219): [124469811,com.android.settings.Settings,topStateChangedWhenResumed]
12-23 03:47:22.049 I/sysui_multi_action(14219): [757,35,758,2,1089,34701]
12-23 03:47:22.049 I/sysui_multi_action(14219): [757,103,758,2,1089,3832]
12-23 03:47:22.050 I/wm_on_paused_called(14219): [124469811,com.android.settings.Settings,performPause]
12-23 03:47:22.050 I/wm_add_to_stopping( 1507): [0,124469811,com.android.settings/.Settings,makeInvisible]
12-23 03:47:22.051 I/wm_restart_activity( 1507): [0,43687467,21,com.android.settings/.SubSettings]
12-23 03:47:22.051 I/wm_set_resumed_activity( 1507): [0,com.android.settings/.SubSettings,minimalResumeActivityLocked]
12-23 03:47:22.053 I/sysui_multi_action( 1507): [757,803,799,window_time_0,802,34]
12-23 03:47:22.063 I/am_uid_active( 1507): 10083
12-23 03:47:22.068 I/wm_finish_activity( 1507): [0,43687467,21,com.android.settings/.SubSettings,clear-task-stack]
12-23 03:47:22.071 I/wm_pause_activity( 1507): [0,43687467,com.android.settings/.SubSettings,userLeaving=false,finish]
12-23 03:47:22.071 I/wm_new_intent( 1507): [0,124469811,21,com.android.settings/.Settings,android.intent.action.MAIN,NULL,NULL,270532608]
12-23 03:47:22.071 I/wm_task_moved( 1507): [21,1,6]
12-23 03:47:22.073 I/wm_on_create_called(14219): [43687467,com.android.settings.SubSettings,performCreate]
12-23 03:47:22.074 I/wm_add_to_stopping( 1507): [0,43687467,com.android.settings/.SubSettings,completeFinishing]
12-23 03:47:22.074 I/input_focus( 1507): [Focus leaving 9592226 com.android.settings/com.android.settings.Settings (server),reason=NO_WINDOW]
12-23 03:47:22.075 I/wm_set_resumed_activity( 1507): [0,com.android.settings/.Settings,resumeTopActivityInnerLocked]
12-23 03:47:22.075 I/wm_resume_activity( 1507): [0,124469811,21,com.android.settings/.Settings]
12-23 03:47:22.077 I/input_focus( 1507): [Focus request 9592226 com.android.settings/com.android.settings.Settings,reason=UpdateInputWindows]
12-23 03:47:22.077 I/sysui_multi_action( 1507): [757,803,799,window_time_0,802,0]
12-23 03:47:22.077 I/wm_on_activity_result_called(14219): [124469811,com.android.settings.Settings,ACTIVITY_RESULT]
12-23 03:47:22.078 I/wm_on_resume_called(14219): [124469811,com.android.settings.Settings,RESUME_ACTIVITY]
12-23 03:47:22.078 I/sysui_multi_action(14219): [757,35,758,1,833,0,1089,0]
12-23 03:47:22.079 I/sysui_multi_action(14219): [757,103,758,1,833,0,1089,0]
12-23 03:47:22.080 I/wm_on_top_resumed_gained_called(14219): [124469811,com.android.settings.Settings,topWhenResuming]
12-23 03:47:22.108 I/input_focus( 1507): [Focus entering 9592226 com.android.settings/com.android.settings.Settings (server),reason=Window became focusable. Previous reason: NO_WINDOW]
12-23 03:47:22.109 I/wm_destroy_activity( 1507): [0,43687467,21,com.android.settings/.SubSettings,finish-imm:idle]
12-23 03:47:22.125 I/wm_on_destroy_called(14219): [43687467,com.android.settings.SubSettings,performDestroy]
12-23 03:47:22.167 I/auditd ( 0): type=1400 audit(0.0:1327): avc: denied { kill } for comm="swapper/3" capability=5 scontext=u:r:kernel:s0 tcontext=u:r:kernel:s0 tclass=capability permissive=0
12-23 03:47:22.309 I/sysui_multi_action(14219): [757,1800,758,1,833,0,1089,30]
12-23 03:47:23.171 I/auditd ( 0): type=1400 audit(0.0:1328): avc: denied { kill } for comm="swapper/3" capability=5 scontext=u:r:kernel:s0 tcontext=u:r:kernel:s0 tclass=capability permissive=0
12-23 03:47:23.539 I/liblog ( 1331): 57
12-23 03:47:23.539 I/liblog ( 1331): 2
12-23 03:47:23.539 I/liblog ( 1331): 1
12-23 03:47:23.539 I/liblog ( 1331): 1
12-23 03:47:23.539 I/liblog ( 1331): 1
12-23 03:47:23.539 I/liblog ( 1331): 1
12-23 03:47:23.539 I/liblog ( 1331): 1
12-23 03:47:23.539 I/liblog ( 1331): 1
12-23 03:47:23.539 I/liblog ( 1331): 1
12-23 03:47:23.539 I/liblog ( 1331): 1
12-23 03:47:23.539 I/liblog ( 1331): 1
12-23 03:47:23.539 I/liblog ( 1331): 1
12-23 03:47:23.539 I/liblog ( 1331): 1
12-23 03:47:23.539 I/liblog ( 1331): 1
12-23 03:47:23.539 I/liblog ( 1331): 1
12-23 03:47:23.539 I/liblog ( 1331): 1
12-23 03:47:23.539 I/liblog ( 1331): 1
12-23 03:47:23.539 I/liblog ( 1331): 1
12-23 03:47:23.539 I/liblog ( 1331): 1
12-23 03:47:23.539 I/liblog ( 1331): 1
12-23 03:47:23.539 I/liblog ( 1331): 3
12-23 03:47:23.539 I/liblog ( 1331): 2
12-23 03:47:23.539 I/liblog ( 1331): 2
12-23 03:47:23.539 I/liblog ( 1331): 1
12-23 03:47:23.539 I/liblog ( 1331): 1
12-23 03:47:23.539 I/liblog ( 1331): 13
12-23 03:47:23.539 I/liblog ( 1331): 1
12-23 03:47:23.539 I/liblog ( 1331): 1
12-23 03:47:23.539 I/liblog ( 1331): 2
12-23 03:47:23.539 I/liblog ( 1331): 2
12-23 03:47:23.539 I/liblog ( 1331): 1
12-23 03:47:23.539 I/liblog ( 1331): 1
12-23 03:47:23.539 I/liblog ( 1331): 1
12-23 03:47:23.539 I/liblog ( 1331): 1
12-23 03:47:23.539 I/liblog ( 1331): 2
12-23 03:47:23.539 I/liblog ( 1331): 1
12-23 03:47:23.539 I/liblog ( 1331): 1
12-23 03:47:23.540 I/liblog ( 1331): 1
12-23 03:47:23.540 I/liblog ( 1331): 1
12-23 03:47:23.540 I/liblog ( 1331): 1
12-23 03:47:23.540 I/liblog ( 1331): 1
12-23 03:47:23.540 I/liblog ( 1331): 22
12-23 03:47:23.540 I/liblog ( 1331): 9
12-23 03:47:23.540 I/liblog ( 1331): 1
12-23 03:47:23.540 I/liblog ( 1331): 1
12-23 03:47:23.540 I/liblog ( 1331): 1
12-23 03:47:23.540 I/liblog ( 1331): 1
12-23 03:47:23.540 I/liblog ( 1331): 2
12-23 03:47:23.540 I/liblog ( 1331): 1
12-23 03:47:23.540 I/liblog ( 1331): 1
12-23 03:47:23.540 I/liblog ( 1331): 2
12-23 03:47:23.540 I/liblog ( 1331): 1
12-23 03:47:23.540 I/liblog ( 1331): 1
12-23 03:47:23.540 I/liblog ( 1331): 1
12-23 03:47:23.540 I/liblog ( 1331): 2
12-23 03:47:23.540 I/liblog ( 1331): 1
12-23 03:47:23.540 I/liblog ( 1331): 1
12-23 03:47:23.540 I/liblog ( 1331): 1
12-23 03:47:23.540 I/liblog ( 1331): 1
12-23 03:47:23.540 I/liblog ( 1331): 1
12-23 03:47:23.540 I/liblog ( 1331): 1
12-23 03:47:23.540 I/liblog ( 1331): 1
12-23 03:47:23.540 I/liblog ( 1331): 1
12-23 03:47:23.540 I/liblog ( 1331): 1
12-23 03:47:23.540 I/liblog ( 1331): 1
12-23 03:47:23.540 I/liblog ( 1331): 2
12-23 03:47:23.540 I/liblog ( 1331): 2
12-23 03:47:23.540 I/liblog ( 1331): 2
12-23 03:47:23.540 I/liblog ( 1331): 1
12-23 03:47:23.540 I/liblog ( 1331): 1
12-23 03:47:23.540 I/liblog ( 1331): 1
12-23 03:47:23.540 I/liblog ( 1331): 1
12-23 03:47:23.540 I/liblog ( 1331): 1
12-23 03:47:23.540 I/liblog ( 1331): 2
12-23 03:47:23.540 I/liblog ( 1331): 1
12-23 03:47:23.540 I/liblog ( 1331): 2
12-23 03:47:23.540 I/liblog ( 1331): 1
12-23 03:47:23.540 I/liblog ( 1331): 1
12-23 03:47:23.540 I/liblog ( 1331): 1
12-23 03:47:23.540 I/liblog ( 1331): 2
12-23 03:47:23.540 I/liblog ( 1331): 1
12-23 03:47:23.540 I/liblog ( 1331): 2
12-23 03:47:23.540 I/liblog ( 1331): 1
12-23 03:47:23.540 I/liblog ( 1331): 1
12-23 03:47:23.540 I/liblog ( 1331): 2
12-23 03:47:23.540 I/liblog ( 1331): 1
12-23 03:47:23.540 I/liblog ( 1331): 1
12-23 03:47:23.540 I/liblog ( 1331): 1
12-23 03:47:23.540 I/liblog ( 1331): 2
12-23 03:47:23.540 I/liblog ( 1331): 1
12-23 03:47:23.541 I/liblog ( 1331): 1
12-23 03:47:23.541 I/liblog ( 1331): 1
12-23 03:47:23.541 I/liblog ( 1331): 1
12-23 03:47:23.541 I/liblog ( 1331): 1
12-23 03:47:23.541 I/liblog ( 1331): 1
12-23 03:47:23.541 I/liblog ( 1331): 1
12-23 03:47:23.541 I/liblog ( 1331): 1
12-23 03:47:23.541 I/liblog ( 1331): 1
12-23 03:47:23.541 I/liblog ( 1331): 1
12-23 03:47:23.541 I/liblog ( 1331): 1
12-23 03:47:23.541 I/liblog ( 1331): 1
12-23 03:47:23.541 I/liblog ( 1331): 1
12-23 03:47:23.541 I/liblog ( 1331): 1
12-23 03:47:23.541 I/liblog ( 1331): 1
12-23 03:47:23.541 I/liblog ( 1331): 2
12-23 03:47:23.541 I/liblog ( 1331): 1
12-23 03:47:23.541 I/liblog ( 1331): 1
12-23 03:47:23.541 I/liblog ( 1331): 1
12-23 03:47:23.541 I/liblog ( 1331): 1
12-23 03:47:23.541 I/liblog ( 1331): 1
12-23 03:47:23.541 I/liblog ( 1331): 2
12-23 03:47:23.541 I/liblog ( 1331): 1
12-23 03:47:23.542 I/liblog ( 1331): 136
12-23 03:47:24.167 I/auditd ( 0): type=1400 audit(0.0:1329): avc: denied { kill } for comm="swapper/3" capability=5 scontext=u:r:kernel:s0 tcontext=u:r:kernel:s0 tclass=capability permissive=0
12-23 03:47:25.171 I/auditd ( 0): type=1400 audit(0.0:1330): avc: denied { kill } for comm="swapper/3" capability=5 scontext=u:r:kernel:s0 tcontext=u:r:kernel:s0 tclass=capability permissive=0
12-23 03:47:26.171 I/auditd ( 0): type=1400 audit(0.0:1331): avc: denied { kill } for comm="swapper/3" capability=5 scontext=u:r:kernel:s0 tcontext=u:r:kernel:s0 tclass=capability permissive=0
12-23 03:47:27.171 I/auditd ( 0): type=1400 audit(0.0:1332): avc: denied { kill } for comm="swapper/3" capability=5 scontext=u:r:kernel:s0 tcontext=u:r:kernel:s0 tclass=capability permissive=0
12-23 03:47:28.171 I/auditd ( 0): type=1400 audit(0.0:1333): avc: denied { kill } for comm="swapper/3" capability=5 scontext=u:r:kernel:s0 tcontext=u:r:kernel:s0 tclass=capability permissive=0
12-23 03:47:29.167 I/auditd ( 0): type=1400 audit(0.0:1334): avc: denied { kill } for comm="swapper/3" capability=5 scontext=u:r:kernel:s0 tcontext=u:r:kernel:s0 tclass=capability permissive=0
12-23 03:47:30.171 I/auditd ( 0): type=1400 audit(0.0:1335): avc: denied { kill } for comm="swapper/3" capability=5 scontext=u:r:kernel:s0 tcontext=u:r:kernel:s0 tclass=capability permissive=0
12-23 03:47:31.171 I/auditd ( 0): type=1400 audit(0.0:1336): avc: denied { kill } for comm="swapper/3" capability=5 scontext=u:r:kernel:s0 tcontext=u:r:kernel:s0 tclass=capability permissive=0
12-23 03:47:32.171 I/auditd ( 0): type=1400 audit(0.0:1337): avc: denied { kill } for comm="swapper/3" capability=5 scontext=u:r:kernel:s0 tcontext=u:r:kernel:s0 tclass=capability permissive=0
12-23 03:47:33.167 I/auditd ( 0): type=1400 audit(0.0:1338): avc: denied { kill } for comm="swapper/3" capability=5 scontext=u:r:kernel:s0 tcontext=u:r:kernel:s0 tclass=capability permissive=0
12-23 03:47:34.167 I/auditd ( 0): type=1400 audit(0.0:1339): avc: denied { kill } for comm="swapper/3" capability=5 scontext=u:r:kernel:s0 tcontext=u:r:kernel:s0 tclass=capability permissive=0
12-23 03:47:35.171 I/auditd ( 0): type=1400 audit(0.0:1340): avc: denied { kill } for comm="swapper/3" capability=5 scontext=u:r:kernel:s0 tcontext=u:r:kernel:s0 tclass=capability permissive=0
12-23 03:47:36.171 I/auditd ( 0): type=1400 audit(0.0:1341): avc: denied { kill } for comm="swapper/3" capability=5 scontext=u:r:kernel:s0 tcontext=u:r:kernel:s0 tclass=capability permissive=0
12-23 03:47:37.171 I/auditd ( 0): type=1400 audit(0.0:1342): avc: denied { kill } for comm="swapper/3" capability=5 scontext=u:r:kernel:s0 tcontext=u:r:kernel:s0 tclass=capability permissive=0
12-23 03:47:38.167 I/auditd ( 0): type=1400 audit(0.0:1343): avc: denied { kill } for comm="swapper/3" capability=5 scontext=u:r:kernel:s0 tcontext=u:r:kernel:s0 tclass=capability permissive=0
12-23 03:47:39.171 I/auditd ( 0): type=1400 audit(0.0:1344): avc: denied { kill } for comm="swapper/3" capability=5 scontext=u:r:kernel:s0 tcontext=u:r:kernel:s0 tclass=capability permissive=0
12-23 03:47:40.171 I/auditd ( 0): type=1400 audit(0.0:1345): avc: denied { kill } for comm="swapper/3" capability=5 scontext=u:r:kernel:s0 tcontext=u:r:kernel:s0 tclass=capability permissive=0
12-23 03:47:41.167 I/auditd ( 0): type=1400 audit(0.0:1346): avc: denied { kill } for comm="swapper/3" capability=5 scontext=u:r:kernel:s0 tcontext=u:r:kernel:s0 tclass=capability permissive=0
12-23 03:47:42.171 I/auditd ( 0): type=1400 audit(0.0:1347): avc: denied { kill } for comm="swapper/3" capability=5 scontext=u:r:kernel:s0 tcontext=u:r:kernel:s0 tclass=capability permissive=0
12-23 03:47:43.167 I/auditd ( 0): type=1400 audit(0.0:1348): avc: denied { kill } for comm="swapper/3" capability=5 scontext=u:r:kernel:s0 tcontext=u:r:kernel:s0 tclass=capability permissive=0
12-23 03:47:44.171 I/auditd ( 0): type=1400 audit(0.0:1349): avc: denied { kill } for comm="swapper/3" capability=5 scontext=u:r:kernel:s0 tcontext=u:r:kernel:s0 tclass=capability permissive=0
12-23 03:47:45.171 I/auditd ( 0): type=1400 audit(0.0:1350): avc: denied { kill } for comm="swapper/3" capability=5 scontext=u:r:kernel:s0 tcontext=u:r:kernel:s0 tclass=capability permissive=0
12-23 03:47:46.171 I/auditd ( 0): type=1400 audit(0.0:1351): avc: denied { kill } for comm="swapper/3" capability=5 scontext=u:r:kernel:s0 tcontext=u:r:kernel:s0 tclass=capability permissive=0
12-23 03:47:47.167 I/auditd ( 0): type=1400 audit(0.0:1352): avc: denied { kill } for comm="swapper/3" capability=5 scontext=u:r:kernel:s0 tcontext=u:r:kernel:s0 tclass=capability permissive=0
12-23 03:47:47.940 I/am_uid_idle( 1507): 10050
12-23 03:47:48.171 I/auditd ( 0): type=1400 audit(0.0:1353): avc: denied { kill } for comm="swapper/3" capability=5 scontext=u:r:kernel:s0 tcontext=u:r:kernel:s0 tclass=capability permissive=0
12-23 03:47:49.171 I/auditd ( 0): type=1400 audit(0.0:1354): avc: denied { kill } for comm="swapper/3" capability=5 scontext=u:r:kernel:s0 tcontext=u:r:kernel:s0 tclass=capability permissive=0
12-23 03:47:50.171 I/auditd ( 0): type=1400 audit(0.0:1355): avc: denied { kill } for comm="swapper/3" capability=5 scontext=u:r:kernel:s0 tcontext=u:r:kernel:s0 tclass=capability permissive=0
12-23 03:47:51.171 I/auditd ( 0): type=1400 audit(0.0:1356): avc: denied { kill } for comm="swapper/3" capability=5 scontext=u:r:kernel:s0 tcontext=u:r:kernel:s0 tclass=capability permissive=0
12-23 03:47:52.171 I/auditd ( 0): type=1400 audit(0.0:1357): avc: denied { kill } for comm="swapper/3" capability=5 scontext=u:r:kernel:s0 tcontext=u:r:kernel:s0 tclass=capability permissive=0
12-23 03:47:53.171 I/auditd ( 0): type=1400 audit(0.0:1358): avc: denied { kill } for comm="swapper/3" capability=5 scontext=u:r:kernel:s0 tcontext=u:r:kernel:s0 tclass=capability permissive=0
12-23 03:47:54.171 I/auditd ( 0): type=1400 audit(0.0:1359): avc: denied { kill } for comm="swapper/3" capability=5 scontext=u:r:kernel:s0 tcontext=u:r:kernel:s0 tclass=capability permissive=0
12-23 03:47:55.171 I/auditd ( 0): type=1400 audit(0.0:1360): avc: denied { kill } for comm="swapper/3" capability=5 scontext=u:r:kernel:s0 tcontext=u:r:kernel:s0 tclass=capability permissive=0
12-23 03:47:56.171 I/auditd ( 0): type=1400 audit(0.0:1361): avc: denied { kill } for comm="swapper/3" capability=5 scontext=u:r:kernel:s0 tcontext=u:r:kernel:s0 tclass=capability permissive=0
12-23 03:47:57.167 I/auditd ( 0): type=1400 audit(0.0:1362): avc: denied { kill } for comm="swapper/3" capability=5 scontext=u:r:kernel:s0 tcontext=u:r:kernel:s0 tclass=capability permissive=0
12-23 03:47:58.171 I/auditd ( 0): type=1400 audit(0.0:1363): avc: denied { kill } for comm="swapper/3" capability=5 scontext=u:r:kernel:s0 tcontext=u:r:kernel:s0 tclass=capability permissive=0
12-23 03:47:59.167 I/auditd ( 0): type=1400 audit(0.0:1364): avc: denied { kill } for comm="swapper/3" capability=5 scontext=u:r:kernel:s0 tcontext=u:r:kernel:s0 tclass=capability permissive=0
12-23 03:48:01.171 I/auditd ( 0): type=1400 audit(0.0:1365): avc: denied { kill } for comm="swapper/0" capability=5 scontext=u:r:kernel:s0 tcontext=u:r:kernel:s0 tclass=capability permissive=0
12-23 03:48:02.171 I/auditd ( 0): type=1400 audit(0.0:1366): avc: denied { kill } for comm="swapper/0" capability=5 scontext=u:r:kernel:s0 tcontext=u:r:kernel:s0 tclass=capability permissive=0
12-23 03:48:03.167 I/auditd ( 0): type=1400 audit(0.0:1367): avc: denied { kill } for comm="swapper/0" capability=5 scontext=u:r:kernel:s0 tcontext=u:r:kernel:s0 tclass=capability permissive=0
12-23 03:48:04.167 I/auditd ( 0): type=1400 audit(0.0:1368): avc: denied { kill } for comm="swapper/0" capability=5 scontext=u:r:kernel:s0 tcontext=u:r:kernel:s0 tclass=capability permissive=0
12-23 03:48:05.171 I/auditd ( 0): type=1400 audit(0.0:1369): avc: denied { kill } for comm="swapper/0" capability=5 scontext=u:r:kernel:s0 tcontext=u:r:kernel:s0 tclass=capability permissive=0
12-23 03:48:06.167 I/auditd ( 0): type=1400 audit(0.0:1370): avc: denied { kill } for comm="swapper/0" capability=5 scontext=u:r:kernel:s0 tcontext=u:r:kernel:s0 tclass=capability permissive=0
12-23 03:48:07.171 I/auditd ( 0): type=1400 audit(0.0:1371): avc: denied { kill } for comm="swapper/0" capability=5 scontext=u:r:kernel:s0 tcontext=u:r:kernel:s0 tclass=capability permissive=0
12-23 03:48:08.171 I/auditd ( 0): type=1400 audit(0.0:1372): avc: denied { kill } for comm="swapper/0" capability=5 scontext=u:r:kernel:s0 tcontext=u:r:kernel:s0 tclass=capability permissive=0
12-23 03:48:09.167 I/auditd ( 0): type=1400 audit(0.0:1373): avc: denied { kill } for comm="swapper/0" capability=5 scontext=u:r:kernel:s0 tcontext=u:r:kernel:s0 tclass=capability permissive=0
12-23 03:48:10.171 I/auditd ( 0): type=1400 audit(0.0:1374): avc: denied { kill } for comm="swapper/0" capability=5 scontext=u:r:kernel:s0 tcontext=u:r:kernel:s0 tclass=capability permissive=0
12-23 03:48:11.171 I/auditd ( 0): type=1400 audit(0.0:1375): avc: denied { kill } for comm="swapper/0" capability=5 scontext=u:r:kernel:s0 tcontext=u:r:kernel:s0 tclass=capability permissive=0
12-23 03:48:12.171 I/auditd ( 0): type=1400 audit(0.0:1376): avc: denied { kill } for comm="swapper/0" capability=5 scontext=u:r:kernel:s0 tcontext=u:r:kernel:s0 tclass=capability permissive=0
12-23 03:48:13.171 I/auditd (13793): type=1400 audit(0.0:1377): avc: denied { kill } for comm="kworker/u16:13" capability=5 scontext=u:r:kernel:s0 tcontext=u:r:kernel:s0 tclass=capability permissive=0
12-23 03:48:14.171 I/auditd ( 0): type=1400 audit(0.0:1378): avc: denied { kill } for comm="swapper/0" capability=5 scontext=u:r:kernel:s0 tcontext=u:r:kernel:s0 tclass=capability permissive=0
12-23 03:48:15.026 I/sysui_multi_action( 1507): [757,1696,758,6,759,2]
12-23 03:48:15.038 I/am_wtf ( 1507): [0,1507,system_server,-1,DisplayDeviceConfig,requesting nits when no mapping exists.]
12-23 03:48:15.041 I/am_wtf ( 1507): [0,1507,system_server,-1,DisplayDeviceConfig,requesting nits when no mapping exists.]
12-23 03:48:15.053 I/am_wtf ( 1507): [0,1507,system_server,-1,DisplayDeviceConfig,requesting nits when no mapping exists.]
12-23 03:48:15.054 I/am_wtf ( 1507): [0,1507,system_server,-1,DisplayDeviceConfig,requesting nits when no mapping exists.]
12-23 03:48:15.070 I/am_wtf ( 1507): [0,1507,system_server,-1,DisplayDeviceConfig,requesting nits when no mapping exists.]
12-23 03:48:15.071 I/am_wtf ( 1507): [0,1507,system_server,-1,DisplayDeviceConfig,requesting nits when no mapping exists.]
12-23 03:48:15.086 I/am_wtf ( 1507): [0,1507,system_server,-1,DisplayDeviceConfig,requesting nits when no mapping exists.]
12-23 03:48:15.087 I/am_wtf ( 1507): [0,1507,system_server,-1,DisplayDeviceConfig,requesting nits when no mapping exists.]
12-23 03:48:15.103 I/am_wtf ( 1507): [0,1507,system_server,-1,DisplayDeviceConfig,requesting nits when no mapping exists.]
12-23 03:48:15.104 I/am_wtf ( 1507): [0,1507,system_server,-1,DisplayDeviceConfig,requesting nits when no mapping exists.]
12-23 03:48:15.120 I/am_wtf ( 1507): [0,1507,system_server,-1,DisplayDeviceConfig,requesting nits when no mapping exists.]
12-23 03:48:15.121 I/am_wtf ( 1507): [0,1507,system_server,-1,DisplayDeviceConfig,requesting nits when no mapping exists.]
12-23 03:48:15.137 I/am_wtf ( 1507): [0,1507,system_server,-1,DisplayDeviceConfig,requesting nits when no mapping exists.]
12-23 03:48:15.138 I/am_wtf ( 1507): [0,1507,system_server,-1,DisplayDeviceConfig,requesting nits when no mapping exists.]
12-23 03:48:15.153 I/am_wtf ( 1507): [0,1507,system_server,-1,DisplayDeviceConfig,requesting nits when no mapping exists.]
12-23 03:48:15.154 I/am_wtf ( 1507): [0,1507,system_server,-1,DisplayDeviceConfig,requesting nits when no mapping exists.]
12-23 03:48:15.170 I/am_wtf ( 1507): [0,1507,system_server,-1,DisplayDeviceConfig,requesting nits when no mapping exists.]
12-23 03:48:15.171 I/am_wtf ( 1507): [0,1507,system_server,-1,DisplayDeviceConfig,requesting nits when no mapping exists.]
12-23 03:48:15.167 I/auditd ( 0): type=1400 audit(0.0:1379): avc: denied { kill } for comm="swapper/0" capability=5 scontext=u:r:kernel:s0 tcontext=u:r:kernel:s0 tclass=capability permissive=0
12-23 03:48:15.187 I/am_wtf ( 1507): [0,1507,system_server,-1,DisplayDeviceConfig,requesting nits when no mapping exists.]
12-23 03:48:15.188 I/am_wtf ( 1507): [0,1507,system_server,-1,DisplayDeviceConfig,requesting nits when no mapping exists.]
12-23 03:48:15.203 I/am_wtf ( 1507): [0,1507,system_server,-1,DisplayDeviceConfig,requesting nits when no mapping exists.]
12-23 03:48:15.204 I/am_wtf ( 1507): [0,1507,system_server,-1,DisplayDeviceConfig,requesting nits when no mapping exists.]
12-23 03:48:15.220 I/am_wtf ( 1507): [0,1507,system_server,-1,DisplayDeviceConfig,requesting nits when no mapping exists.]
12-23 03:48:15.221 I/am_wtf ( 1507): [0,1507,system_server,-1,DisplayDeviceConfig,requesting nits when no mapping exists.]
12-23 03:48:15.236 I/am_wtf ( 1507): [0,1507,system_server,-1,DisplayDeviceConfig,requesting nits when no mapping exists.]
12-23 03:48:15.237 I/am_wtf ( 1507): [0,1507,system_server,-1,DisplayDeviceConfig,requesting nits when no mapping exists.]
12-23 03:48:15.253 I/am_wtf ( 1507): [0,1507,system_server,-1,DisplayDeviceConfig,requesting nits when no mapping exists.]
12-23 03:48:15.254 I/am_wtf ( 1507): [0,1507,system_server,-1,DisplayDeviceConfig,requesting nits when no mapping exists.]
12-23 03:48:15.270 I/am_wtf ( 1507): [0,1507,system_server,-1,DisplayDeviceConfig,requesting nits when no mapping exists.]
12-23 03:48:15.271 I/am_wtf ( 1507): [0,1507,system_server,-1,DisplayDeviceConfig,requesting nits when no mapping exists.]
