12-23 01:14:40.517 I/commit_sys_config_file( 1507): [notification-policy,740]
12-23 01:14:40.518 I/am_wtf ( 1507): [0,2799,com.android.settings:CryptKeeper,952647173,RoleParser,com.android.permissioncontroller.role.model.SystemAutomotiveClusterRoleBehavior]
12-23 01:14:40.519 I/commit_sys_config_file( 1507): [settings-2-0,7]
12-23 01:14:40.520 I/am_wtf ( 1507): [0,2799,com.android.settings:CryptKeeper,952647173,RoleParser,com.android.permissioncontroller.role.model.CompanionDeviceWatchRoleBehavior]
12-23 01:14:40.522 I/am_proc_start( 1507): [0,2912,10063,com.thundercomm.gamemode.provider,content provider,{com.thundercomm.gamemode.provider/com.thundercomm.gamemode.provider.SettingsProvider}]
12-23 01:14:40.522 I/am_wtf ( 1507): [0,2799,com.android.settings:CryptKeeper,952647173,RoleParser,com.android.permissioncontroller.role.model.SystemShellRoleBehavior]
12-23 01:14:40.524 I/am_wtf ( 1507): [0,2799,com.android.settings:CryptKeeper,952647173,RoleParser,com.android.permissioncontroller.role.model.TelevisionRoleBehavior]
12-23 01:14:40.526 I/am_wtf ( 1507): [0,2799,com.android.settings:CryptKeeper,952647173,RoleParser,com.android.permissioncontroller.role.model.TelevisionRoleBehavior]
12-23 01:14:40.530 I/commit_sys_config_file( 1507): [settings-0-0,6]
12-23 01:14:40.538 I/wm_finish_activity( 1507): [0,7070918,7,com.android.settings/.CryptKeeper,app-request]
12-23 01:14:40.539 I/wm_pause_activity( 1507): [0,7070918,com.android.settings/.CryptKeeper,userLeaving=false,finish]
12-23 01:14:40.541 I/wm_on_create_called( 2799): [7070918,com.android.settings.CryptKeeper,performCreate]
12-23 01:14:40.541 I/sysui_multi_action( 1507): [757,1144,758,7,806,com.android.settings,871,com.android.settings.CryptKeeper]
12-23 01:14:40.547 I/wm_task_created( 1507): [8,-1]
12-23 01:14:40.548 I/wm_task_moved( 1507): [8,1,2147483647]
12-23 01:14:40.548 I/wm_task_moved( 1507): [1,1,5]
12-23 01:14:40.548 I/wm_create_task( 1507): [0,8]
12-23 01:14:40.548 I/wm_create_activity( 1507): [0,133650593,8,com.android.settings/.FallbackHome,android.intent.action.MAIN,NULL,NULL,276824320]
12-23 01:14:40.548 I/wm_task_moved( 1507): [1,1,5]
12-23 01:14:40.548 I/wm_task_moved( 1507): [8,1,2147483647]
12-23 01:14:40.548 I/wm_task_to_front( 1507): [0,8]
12-23 01:14:40.555 I/sysui_multi_action( 1507): [757,803,799,window_time_0,802,9]
12-23 01:14:40.556 I/am_proc_bound( 1507): [0,2912,com.thundercomm.gamemode.provider]
12-23 01:14:40.565 I/am_proc_start( 1507): [0,2947,1000,com.android.settings,top-activity,{com.android.settings/com.android.settings.FallbackHome}]
12-23 01:14:40.576 I/am_uid_running( 1507): 10083
12-23 01:14:40.584 I/commit_sys_config_file( 1507): [display-state,9123]
12-23 01:14:40.585 I/am_proc_start( 1507): [0,2956,10083,com.qualcomm.qti.qccauthmgr,content provider,{com.qualcomm.qti.qccauthmgr/com.qualcomm.qti.qccauthmgr.providers.SMQContentProvider}]
12-23 01:14:40.591 I/am_proc_bound( 1507): [0,2947,com.android.settings]
12-23 01:14:40.593 I/wm_restart_activity( 1507): [0,133650593,8,com.android.settings/.FallbackHome]
12-23 01:14:40.594 I/wm_set_resumed_activity( 1507): [0,com.android.settings/.FallbackHome,minimalResumeActivityLocked]
12-23 01:14:40.616 I/notification_enqueue( 1507): [10081,2359,com.android.systemui,1,empty_media,0,Notification(channel=empty_media_style_id shortcut=null contentView=null vibrate=null sound=null defaults=0x0 flags=0x20 color=0x00000000 category=transport actions=4 vis=PRIVATE),0]
12-23 01:14:40.619 I/am_proc_bound( 1507): [0,2956,com.qualcomm.qti.qccauthmgr]
12-23 01:14:40.621 I/am_uid_active( 1507): 10083
12-23 01:14:40.647 I/am_wtf ( 1507): [0,2947,com.android.settings,952647173,RoleParser,com.android.permissioncontroller.role.model.AssistantRoleBehavior]
12-23 01:14:40.649 I/am_wtf ( 1507): [0,2947,com.android.settings,952647173,RoleParser,com.android.permissioncontroller.role.model.BrowserRoleBehavior]
12-23 01:14:40.650 I/am_wtf ( 1507): [0,2947,com.android.settings,952647173,RoleParser,com.android.permissioncontroller.role.model.DialerRoleBehavior]
12-23 01:14:40.652 I/am_wtf ( 1507): [0,2947,com.android.settings,952647173,RoleParser,com.android.permissioncontroller.role.model.SmsRoleBehavior]
12-23 01:14:40.654 I/am_wtf ( 1507): [0,2947,com.android.settings,952647173,RoleParser,com.android.permissioncontroller.role.model.EmergencyRoleBehavior]
12-23 01:14:40.655 I/am_wtf ( 1507): [0,2947,com.android.settings,952647173,RoleParser,com.android.permissioncontroller.role.model.HomeRoleBehavior]
12-23 01:14:40.656 I/am_wtf ( 1507): [0,2947,com.android.settings,952647173,RoleParser,com.android.permissioncontroller.role.model.SystemAutomotiveClusterRoleBehavior]
12-23 01:14:40.657 I/am_wtf ( 1507): [0,2947,com.android.settings,952647173,RoleParser,com.android.permissioncontroller.role.model.CompanionDeviceWatchRoleBehavior]
12-23 01:14:40.658 I/am_wtf ( 1507): [0,2947,com.android.settings,952647173,RoleParser,com.android.permissioncontroller.role.model.SystemShellRoleBehavior]
12-23 01:14:40.659 I/am_wtf ( 1507): [0,2947,com.android.settings,952647173,RoleParser,com.android.permissioncontroller.role.model.TelevisionRoleBehavior]
12-23 01:14:40.662 I/am_wtf ( 1507): [0,2947,com.android.settings,952647173,RoleParser,com.android.permissioncontroller.role.model.TelevisionRoleBehavior]
12-23 01:14:40.681 I/wm_on_create_called( 2947): [133650593,com.android.settings.FallbackHome,performCreate]
12-23 01:14:40.682 I/wm_on_start_called( 2947): [133650593,com.android.settings.FallbackHome,handleStartActivity]
12-23 01:14:40.682 I/wm_on_resume_called( 2947): [133650593,com.android.settings.FallbackHome,RESUME_ACTIVITY]
12-23 01:14:40.687 I/wm_on_top_resumed_gained_called( 2947): [133650593,com.android.settings.FallbackHome,topStateChangedWhenResumed]
12-23 01:14:40.707 I/input_focus( 1507): [Focus request 1fa8046 com.android.settings/com.android.settings.FallbackHome,reason=UpdateInputWindows]
12-23 01:14:40.735 I/wm_destroy_activity( 1507): [0,7070918,7,com.android.settings/.CryptKeeper,finish-idle]
12-23 01:14:40.737 I/wm_on_destroy_called( 2799): [7070918,com.android.settings.CryptKeeper,performDestroy]
12-23 01:14:40.738 I/boot_progress_enable_screen( 1507): 21546
12-23 01:14:40.739 I/wm_task_removed( 1507): [7,cleanUpResourcesForDestroy]
12-23 01:14:40.739 I/wm_task_removed( 1507): [7,removeChild:removeChild last r=ActivityRecord{6be4c6 u0 com.android.settings/.CryptKeeper t-1 f}} in t=Task{b3d499f #7 type=home A=1000:com.android.settings.CryptKeeper U=0 visible=false mode=fullscreen translucent=true sz=0}]
12-23 01:14:40.739 I/wm_task_removed( 1507): [7,removeChild]
12-23 01:14:40.740 I/screen_toggled( 1507): 1
12-23 01:14:40.792 I/commit_sys_config_file( 1507): [settings-1-0,6]
12-23 01:14:40.815 I/commit_sys_config_file( 1507): [settings-2-0,2]
12-23 01:14:40.840 I/commit_sys_config_file( 1507): [settings-0-0,3]
12-23 01:14:40.905 I/notification_cancel_all( 1507): [1000,1507,com.android.systemui,0,0,0,20,NULL]
12-23 01:14:40.915 I/sysui_multi_action( 1507): [757,856,758,1,806,com.android.server.telecom,857,TelecomMissedCalls,858,3]
12-23 01:14:40.915 I/sysui_multi_action( 1507): [757,856,758,1,806,com.android.server.telecom,857,TelecomIncomingCalls,858,5]
12-23 01:14:40.916 I/sysui_multi_action( 1507): [757,856,758,1,806,com.android.server.telecom,857,TelecomCallBlocking,858,2]
12-23 01:14:40.916 I/sysui_multi_action( 1507): [757,856,758,1,806,com.android.server.telecom,857,TelecomBackgroundAudioProcessing,858,2]
12-23 01:14:40.916 I/sysui_multi_action( 1507): [757,856,758,1,806,com.android.server.telecom,857,TelecomDisconnectedCalls,858,3]
12-23 01:14:40.916 I/sysui_multi_action( 1507): [757,856,758,1,806,com.android.server.telecom,857,TelecomInCallServiceCrash,858,3]
12-23 01:14:40.935 D/TelephonyRegistry( 1507): listen oscl: mHasNotifySubscriptionInfoChangedOccurred==false no callback
12-23 01:14:40.937 W/CarrierConfigManager( 1507): Error getting config for subId -1 ICarrierConfigLoader is null
12-23 01:14:40.937 I/sysui_multi_action( 1507): [757,1501,758,1,793,961,794,0,795,961,796,1,797,empty_media,806,com.android.systemui,857,empty_media_style_id,858,4,947,0,1500,0,1641,transport,1745,1043716538]
12-23 01:14:40.938 I/sysui_multi_action( 1507): [757,804,799,note_interruptive,801,0,802,1]
12-23 01:14:41.020 I/am_uid_active( 1507): 10063
12-23 01:14:41.069 I/commit_sys_config_file( 1507): [settings-1-0,2]
12-23 01:14:41.078 I/commit_sys_config_file( 1507): [settings-2-0,1]
12-23 01:14:41.169 I/commit_sys_config_file( 1507): [notification-policy,1391]
12-23 01:14:41.184 I/wm_boot_animation_done( 1507): 21992
12-23 01:14:41.236 I/uc_finish_user_boot( 1507): 0
12-23 01:14:41.236 I/am_user_state_changed( 1507): [0,1]
12-23 01:14:41.236 I/uc_send_user_broadcast( 1507): [0,android.intent.action.LOCKED_BOOT_COMPLETED]
12-23 01:14:41.236 I/uc_finish_user_unlocking( 1507): 0
12-23 01:14:41.243 I/am_uid_running( 1507): 10070
12-23 01:14:41.246 I/am_proc_start( 1507): [0,3078,10095,android.ext.services,on-hold,]
12-23 01:14:41.256 I/am_proc_start( 1507): [0,3080,10070,com.android.deskclock,broadcast,{com.android.deskclock/com.android.deskclock.AlarmInitReceiver}]
12-23 01:14:41.267 I/am_proc_bound( 1507): [0,3078,android.ext.services]
12-23 01:14:41.268 I/am_uid_active( 1507): 10095
12-23 01:14:41.282 I/am_proc_bound( 1507): [0,3080,com.android.deskclock]
12-23 01:14:41.284 I/am_uid_active( 1507): 10070
12-23 01:14:41.327 I/auditd ( 3133): type=1400 audit(0.0:436): avc: denied { ptrace } for comm="crash_dump64" scontext=u:r:crash_dump:s0 tcontext=u:r:init:s0 tclass=process permissive=0
12-23 01:14:41.359 I/am_uid_running( 1507): 10079
12-23 01:14:41.367 I/am_proc_start( 1507): [0,3135,10079,com.qualcomm.location,broadcast,{com.qualcomm.location/com.qualcomm.location.LocationServiceReceiver}]
12-23 01:14:41.382 I/am_proc_bound( 1507): [0,3135,com.qualcomm.location]
12-23 01:14:41.383 I/am_uid_active( 1507): 10079
12-23 01:14:41.387 I/auditd ( 3135): type=1400 audit(0.0:437): avc: denied { search } for comm="alcomm.location" name="data" dev="dm-10" ino=95 scontext=u:r:vendor_location_app:s0 tcontext=u:object_r:system_data_file:s0:c512,c768 tclass=dir permissive=0 app=com.qualcomm.location
12-23 01:14:41.387 I/auditd ( 3135): type=1400 audit(0.0:438): avc: denied { search } for comm="alcomm.location" name="data" dev="dm-10" ino=95 scontext=u:r:vendor_location_app:s0 tcontext=u:object_r:system_data_file:s0:c512,c768 tclass=dir permissive=0 app=com.qualcomm.location
12-23 01:14:41.391 I/auditd ( 3135): type=1400 audit(0.0:439): avc: denied { search } for comm="alcomm.location" name="data" dev="dm-10" ino=95 scontext=u:r:vendor_location_app:s0 tcontext=u:object_r:system_data_file:s0:c512,c768 tclass=dir permissive=0 app=com.qualcomm.location
12-23 01:14:41.391 I/auditd ( 3135): type=1400 audit(0.0:440): avc: denied { search } for comm="alcomm.location" name="data" dev="dm-10" ino=95 scontext=u:r:vendor_location_app:s0 tcontext=u:object_r:system_data_file:s0:c512,c768 tclass=dir permissive=0 app=com.qualcomm.location
12-23 01:14:41.395 I/auditd ( 3135): type=1400 audit(0.0:441): avc: denied { search } for comm="alcomm.location" name="data" dev="dm-10" ino=95 scontext=u:r:vendor_location_app:s0 tcontext=u:object_r:system_data_file:s0:c512,c768 tclass=dir permissive=0 app=com.qualcomm.location
12-23 01:14:41.395 I/auditd ( 3135): type=1400 audit(0.0:442): avc: denied { search } for comm="alcomm.location" name="data" dev="dm-10" ino=95 scontext=u:r:vendor_location_app:s0 tcontext=u:object_r:system_data_file:s0:c512,c768 tclass=dir permissive=0 app=com.qualcomm.location
12-23 01:14:41.399 I/auditd ( 3135): type=1400 audit(0.0:443): avc: denied { search } for comm="alcomm.location" name="data" dev="dm-10" ino=95 scontext=u:r:vendor_location_app:s0 tcontext=u:object_r:system_data_file:s0:c512,c768 tclass=dir permissive=0 app=com.qualcomm.location
12-23 01:14:41.399 I/auditd ( 3135): type=1400 audit(0.0:444): avc: denied { search } for comm="alcomm.location" name="data" dev="dm-10" ino=95 scontext=u:r:vendor_location_app:s0 tcontext=u:object_r:system_data_file:s0:c512,c768 tclass=dir permissive=0 app=com.qualcomm.location
12-23 01:14:41.407 I/auditd ( 3135): type=1400 audit(0.0:445): avc: denied { search } for comm="alcomm.location" name="data" dev="dm-10" ino=95 scontext=u:r:vendor_location_app:s0 tcontext=u:object_r:system_data_file:s0:c512,c768 tclass=dir permissive=0 app=com.qualcomm.location
12-23 01:14:41.412 I/commit_sys_config_file( 1507): [settings-0-0,21]
12-23 01:14:41.444 I/commit_sys_config_file( 1507): [settings-2-0,23]
12-23 01:14:41.460 I/am_uid_running( 1507): 10086
12-23 01:14:41.471 D/TelephonyRegistry( 1507): notifyCellLocationForSubscriber: subId=2147483647 cellIdentity=null
12-23 01:14:41.472 I/am_proc_start( 1507): [0,3224,10086,com.qualcomm.qtil.aptxui,broadcast,{com.qualcomm.qtil.aptxui/com.qualcomm.qtil.aptxui.aptxuiBootReceiver}]
12-23 01:14:41.496 I/am_proc_bound( 1507): [0,3224,com.qualcomm.qtil.aptxui]
12-23 01:14:41.497 D/TelephonyRegistry( 1507): listen oscl: mHasNotifySubscriptionInfoChangedOccurred==false no callback
12-23 01:14:41.499 I/am_uid_active( 1507): 10086
12-23 01:14:41.581 I/am_user_state_changed( 1507): [0,2]
12-23 01:14:41.582 I/ssm_user_unlocking( 1507): 0
12-23 01:14:41.583 I/notification_enqueue( 1507): [1000,1507,android,32,NULL,-1,Notification(channel=USB shortcut=null contentView=null vibrate=null sound=null tick defaults=0x0 flags=0x2 color=0x00000000 vis=PUBLIC),0]
12-23 01:14:41.604 I/uc_finish_user_unlocked( 1507): 0
12-23 01:14:41.604 I/am_user_state_changed( 1507): [0,3]
12-23 01:14:41.606 I/am_uid_running( 1507): 10089
12-23 01:14:41.612 I/am_uid_running( 1507): 10059
12-23 01:14:41.614 I/am_uid_running( 1507): 10055
12-23 01:14:41.616 I/am_uid_running( 1507): 10072
12-23 01:14:41.617 I/am_uid_running( 1507): 10082
12-23 01:14:41.620 I/am_uid_running( 1507): 10088
12-23 01:14:41.621 I/uc_send_user_broadcast( 1507): [0,android.intent.action.USER_UNLOCKED]
12-23 01:14:41.621 I/am_proc_start( 1507): [0,3313,10089,com.hht.lebocast,added application,com.hht.lebocast]
12-23 01:14:41.622 I/uc_send_user_broadcast( 1507): [0,android.intent.action.PRE_BOOT_COMPLETED]
12-23 01:14:41.622 I/am_pre_boot( 1507): [0,com.android.documentsui]
12-23 01:14:41.623 I/am_uid_running( 1507): 10019
12-23 01:14:41.624 I/am_uid_running( 1507): 10028
12-23 01:14:41.626 I/wm_finish_activity( 1507): [0,133650593,8,com.android.settings/.FallbackHome,app-request]
12-23 01:14:41.627 I/wm_pause_activity( 1507): [0,133650593,com.android.settings/.FallbackHome,userLeaving=false,finish]
12-23 01:14:41.630 I/wm_on_top_resumed_lost_called( 2947): [133650593,com.android.settings.FallbackHome,topStateChangedWhenResumed]
12-23 01:14:41.630 I/sysui_multi_action( 1507): [757,1144,758,7,806,com.android.settings,871,com.android.settings.FallbackHome]
12-23 01:14:41.632 I/wm_on_paused_called( 2947): [133650593,com.android.settings.FallbackHome,performPause]
12-23 01:14:41.638 I/wm_task_created( 1507): [9,-1]
12-23 01:14:41.639 I/wm_task_moved( 1507): [9,1,2147483647]
12-23 01:14:41.641 I/wm_task_moved( 1507): [1,1,5]
12-23 01:14:41.641 I/wm_create_task( 1507): [0,9]
12-23 01:14:41.641 I/wm_create_activity( 1507): [0,261080320,9,com.android.provision/.DefaultActivity,android.intent.action.MAIN,NULL,NULL,276824320]
12-23 01:14:41.641 I/wm_task_moved( 1507): [1,1,5]
12-23 01:14:41.641 I/wm_task_moved( 1507): [9,1,2147483647]
12-23 01:14:41.641 I/wm_task_to_front( 1507): [0,9]
12-23 01:14:41.658 I/am_proc_start( 1507): [0,3316,10059,ts.car.uart,added application,ts.car.uart]
12-23 01:14:41.664 I/am_uid_running( 1507): 10073
12-23 01:14:41.665 I/am_proc_bound( 1507): [0,3313,com.hht.lebocast]
12-23 01:14:41.671 I/am_uid_active( 1507): 10089
12-23 01:14:41.678 I/sysui_multi_action( 1507): [757,803,799,window_time_0,802,1]
12-23 01:14:41.679 I/notification_enqueue( 1507): [1000,1507,android,13,PreBootBroadcaster,0,Notification(channel=UPDATES shortcut=null contentView=null vibrate=null sound=null tick defaults=0x0 flags=0x2 color=0x00000000 vis=PUBLIC),0]
12-23 01:14:41.681 I/am_uid_running( 1507): 10094
12-23 01:14:41.687 I/am_proc_start( 1507): [0,3362,10055,.pasr,added application,.pasr]
12-23 01:14:41.690 I/am_proc_bound( 1507): [0,3316,ts.car.uart]
12-23 01:14:41.692 I/am_uid_active( 1507): 10059
12-23 01:14:41.695 I/sysui_multi_action( 1507): [757,1501,758,1,793,71,794,0,795,71,796,13,797,PreBootBroadcaster,806,android,857,UPDATES,858,2,947,0,1500,0]
12-23 01:14:41.695 I/sysui_multi_action( 1507): [757,804,799,note_interruptive,801,0,802,1]
12-23 01:14:41.701 I/am_proc_start( 1507): [0,3383,10072,com.qualcomm.qti.services.systemhelper:systemhelper_service,added application,com.qualcomm.qti.services.systemhelper:systemhelper_service]
12-23 01:14:41.705 I/am_proc_bound( 1507): [0,3362,.pasr]
12-23 01:14:41.710 I/am_uid_active( 1507): 10055
12-23 01:14:41.720 I/am_proc_start( 1507): [0,3405,10082,com.qualcomm.qti.qccnetstat,added application,com.qualcomm.qti.qccnetstat]
12-23 01:14:41.722 I/am_wtf ( 1507): [0,1507,system_server,-1,ActivityManager,Sending non-protected broadcast android.location.HIGH_POWER_REQUEST_CHANGE from system 3135:com.qualcomm.location/u0a79 pkg com.qualcomm.location]
12-23 01:14:41.728 I/am_proc_bound( 1507): [0,3383,com.qualcomm.qti.services.systemhelper:systemhelper_service]
12-23 01:14:41.731 I/am_uid_active( 1507): 10072
12-23 01:14:41.745 I/commit_sys_config_file( 1507): [notification-policy,1967]
12-23 01:14:41.745 I/commit_sys_config_file( 1507): [settings-0-0,33]
12-23 01:14:41.749 I/am_proc_start( 1507): [0,3428,10088,com.qualcomm.qti.workloadclassifier,added application,com.qualcomm.qti.workloadclassifier]
12-23 01:14:41.751 I/am_proc_bound( 1507): [0,3405,com.qualcomm.qti.qccnetstat]
12-23 01:14:41.756 I/am_uid_active( 1507): 10082
12-23 01:14:41.759 I/am_proc_start( 1507): [0,3434,10019,android.process.media,broadcast,{com.android.mtp/com.android.mtp.MtpReceiver}]
12-23 01:14:41.765 I/am_proc_start( 1507): [0,3437,10028,com.android.documentsui,broadcast,{com.android.documentsui/com.android.documentsui.PreBootReceiver}]
12-23 01:14:41.777 I/am_proc_bound( 1507): [0,3434,android.process.media]
12-23 01:14:41.784 I/sysui_multi_action( 1507): [757,1501,758,1,793,202,794,0,795,202,796,32,806,android,857,USB,858,1,947,0,1500,0]
12-23 01:14:41.785 I/sysui_multi_action( 1507): [757,804,799,note_interruptive,801,0,802,1]
12-23 01:14:41.790 I/am_proc_start( 1507): [0,3469,1000,com.android.keychain,service,{com.android.keychain/com.android.keychain.KeyChainService}]
12-23 01:14:41.796 I/am_proc_bound( 1507): [0,3428,com.qualcomm.qti.workloadclassifier]
12-23 01:14:41.798 I/commit_sys_config_file( 1507): [settings-2-0,3]
12-23 01:14:41.800 I/am_uid_active( 1507): 10088
12-23 01:14:41.803 I/am_proc_bound( 1507): [0,3437,com.android.documentsui]
12-23 01:14:41.807 I/am_uid_active( 1507): 10028
12-23 01:14:41.811 I/am_proc_start( 1507): [0,3493,10073,com.qualcomm.location.XT,service,{com.qualcomm.location.XT/com.qualcomm.location.XT.XTSrv}]
12-23 01:14:41.812 I/am_proc_bound( 1507): [0,3469,com.android.keychain]
12-23 01:14:41.814 I/am_meminfo( 1507): [2150195200,3630882816,12288,347353088,614297600]
12-23 01:14:41.817 I/am_proc_start( 1507): [0,3501,1000,com.android.provision,top-activity,{com.android.provision/com.android.provision.DefaultActivity}]
12-23 01:14:41.823 I/am_pss ( 1507): [2342,1002,com.android.bluetooth,21423104,16297984,0,125538304,2,0,7]
12-23 01:14:41.834 I/am_pss ( 1507): [2820,10077,com.android.launcher3,14663680,10960896,0,107294720,2,5,7]
12-23 01:14:41.839 I/am_proc_bound( 1507): [0,3493,com.qualcomm.location.XT]
12-23 01:14:41.843 I/am_uid_active( 1507): 10073
12-23 01:14:41.850 I/am_pss ( 1507): [2776,10068,com.qualcomm.qti.devicestatisticsservice,5493760,3395584,0,89767936,2,0,6]
12-23 01:14:41.851 I/am_proc_start( 1507): [0,3502,10094,com.android.providers.media.module,service,{com.android.providers.media.module/com.android.providers.media.fuse.ExternalStorageServiceImpl}]
12-23 01:14:41.852 I/am_proc_bound( 1507): [0,3501,com.android.provision]
12-23 01:14:41.854 I/wm_restart_activity( 1507): [0,261080320,9,com.android.provision/.DefaultActivity]
12-23 01:14:41.855 I/wm_set_resumed_activity( 1507): [0,com.android.provision/.DefaultActivity,minimalResumeActivityLocked]
12-23 01:14:41.859 I/sysui_multi_action( 1507): [757,856,758,1,806,com.android.mtp,857,device_notification_channel,858,2]
12-23 01:14:41.860 I/am_pss ( 1507): [2808,1000,com.thundercomm.gamemode,9047040,6672384,0,96948224,2,10,8]
12-23 01:14:41.864 I/am_proc_bound( 1507): [0,3502,com.android.providers.media.module]
12-23 01:14:41.867 I/am_uid_active( 1507): 10094
12-23 01:14:41.868 I/am_pss ( 1507): [2786,1000,com.qualcomm.qti.qdma,11332608,7385088,0,107257856,2,0,6]
12-23 01:14:41.875 I/am_pss ( 1507): [2745,1000,com.thundercomm.tcservice,8158208,5836800,0,95670272,2,0,6]
12-23 01:14:41.883 I/am_pss ( 1507): [2712,1068,com.android.se,6028288,3870720,0,92106752,2,0,5]
12-23 01:14:41.896 I/am_pss ( 1507): [2738,1000,com.thundercomm.remotecontrolservice,9761792,6795264,0,101658624,2,0,6]
12-23 01:14:41.903 I/am_pss ( 1507): [2660,10084,com.qti.qualcomm.mstatssystemservice,5624832,3567616,0,90226688,2,0,6]
12-23 01:14:41.909 I/am_pss ( 1507): [2638,1000,com.thundercomm.tcsetupwizard,6859776,4677632,0,91545600,2,0,5]
12-23 01:14:41.911 I/wm_task_moved( 1507): [1,1,5]
12-23 01:14:41.911 I/wm_set_resumed_activity( 1507): [0,com.android.provision/.DefaultActivity,positionChildAt]
12-23 01:14:41.911 I/wm_task_moved( 1507): [9,1,2147483647]
12-23 01:14:41.912 I/wm_create_activity( 1507): [0,119653879,9,com.thundercomm.tcsetupwizard/.TcSetupStartActivity,NULL,NULL,NULL,0]
12-23 01:14:41.915 I/am_pss ( 1507): [2647,1000,vendor.qti.qesdk.sysservice,5723136,3575808,0,91758592,2,0,5]
12-23 01:14:41.915 I/wm_pause_activity( 1507): [0,261080320,com.android.provision/.DefaultActivity,userLeaving=true,resumeTopActivityInnerLocked]
12-23 01:14:41.918 I/wm_on_create_called( 3501): [261080320,com.android.provision.DefaultActivity,performCreate]
12-23 01:14:41.921 I/am_pss ( 1507): [2625,1000,com.tc.logclient,6541312,4501504,0,90988544,2,0,5]
12-23 01:14:41.927 I/am_pss ( 1507): [2612,1000,com.thundercomm.tchttpserver,7310336,5275648,0,91656192,2,0,5]
12-23 01:14:41.929 I/wm_on_start_called( 3501): [261080320,com.android.provision.DefaultActivity,handleStartActivity]
12-23 01:14:41.930 I/wm_on_resume_called( 3501): [261080320,com.android.provision.DefaultActivity,RESUME_ACTIVITY]
12-23 01:14:41.931 I/sysui_multi_action( 1507): [757,856,758,1,806,com.android.providers.media.module,857,native_transcode_alert_channel,858,4]
12-23 01:14:41.931 I/sysui_multi_action( 1507): [757,856,758,1,806,com.android.providers.media.module,857,native_transcode_progress_channel,858,2]
12-23 01:14:41.934 I/am_pss ( 1507): [2591,10054,.qtidataservices,6114304,4014080,0,91906048,2,0,5]
12-23 01:14:41.941 I/am_pss ( 1507): [2574,1001,.dataservices,7031808,4849664,0,92819456,2,0,5]
12-23 01:14:41.942 I/wm_on_top_resumed_gained_called( 3501): [261080320,com.android.provision.DefaultActivity,topStateChangedWhenResumed]
12-23 01:14:41.942 I/wm_on_top_resumed_lost_called( 3501): [261080320,com.android.provision.DefaultActivity,topStateChangedWhenResumed]
12-23 01:14:41.942 I/wm_on_paused_called( 3501): [261080320,com.android.provision.DefaultActivity,performPause]
12-23 01:14:41.944 I/wm_add_to_stopping( 1507): [0,261080320,com.android.provision/.DefaultActivity,makeInvisible]
12-23 01:14:41.949 I/wm_restart_activity( 1507): [0,119653879,9,com.thundercomm.tcsetupwizard/.TcSetupStartActivity]
12-23 01:14:41.949 I/am_pss ( 1507): [2572,1000,com.thundercomm.microsettings,35828736,30470144,0,131223552,2,0,6]
12-23 01:14:41.950 I/wm_set_resumed_activity( 1507): [0,com.thundercomm.tcsetupwizard/.TcSetupStartActivity,minimalResumeActivityLocked]
12-23 01:14:41.953 I/wm_stop_activity( 1507): [0,261080320,com.android.provision/.DefaultActivity]
12-23 01:14:41.953 I/wm_destroy_activity( 1507): [0,133650593,8,com.android.settings/.FallbackHome,finish-idle]
12-23 01:14:41.954 I/wm_on_stop_called( 2947): [133650593,com.android.settings.FallbackHome,LIFECYCLER_STOP_ACTIVITY]
12-23 01:14:41.955 I/wm_on_destroy_called( 2947): [133650593,com.android.settings.FallbackHome,performDestroy]
12-23 01:14:41.955 I/am_pss ( 1507): [2555,1000,com.thundercomm.microservice,9049088,6832128,0,95744000,2,0,5]
12-23 01:14:41.959 I/sysui_multi_action( 1507): [757,803,799,window_time_0,802,0]
12-23 01:14:41.962 I/am_pss ( 1507): [2361,10093,com.android.permissioncontroller,14627840,11960320,0,104001536,2,6,5]
12-23 01:14:41.967 I/wm_task_removed( 1507): [8,cleanUpResourcesForDestroy]
12-23 01:14:41.967 I/wm_task_removed( 1507): [8,removeChild:removeChild last r=ActivityRecord{7f758a1 u0 com.android.settings/.FallbackHome t-1 f}} in t=Task{9a490fc #8 type=home A=1000:com.android.settings.FallbackHome U=0 visible=false mode=fullscreen translucent=true sz=0}]
12-23 01:14:41.967 I/wm_task_removed( 1507): [8,removeChild]
12-23 01:14:41.969 I/am_pss ( 1507): [2498,1073,com.android.networkstack.process,11226112,8097792,0,105017344,2,0,6]
12-23 01:14:41.975 I/am_pre_boot( 1507): [0,com.android.managedprovisioning]
12-23 01:14:41.975 I/am_uid_running( 1507): 10033
12-23 01:14:41.977 I/notification_enqueue( 1507): [1000,1507,android,13,PreBootBroadcaster,0,Notification(channel=UPDATES shortcut=null contentView=null vibrate=null sound=null tick defaults=0x0 flags=0x2 color=0x00000000 vis=PUBLIC),1]
12-23 01:14:41.982 I/am_pss ( 1507): [2359,10081,com.android.systemui,198694912,173412352,0,356724736,2,0,11]
12-23 01:14:41.985 I/am_uid_active( 1507): 10033
12-23 01:14:41.988 I/am_proc_start( 1507): [0,3623,10033,com.android.managedprovisioning,broadcast,{com.android.managedprovisioning/com.android.managedprovisioning.ota.PreBootListener}]
12-23 01:14:41.994 I/wm_on_create_called( 2638): [119653879,com.thundercomm.tcsetupwizard.TcSetupStartActivity,performCreate]
12-23 01:14:41.994 I/wm_on_start_called( 2638): [119653879,com.thundercomm.tcsetupwizard.TcSetupStartActivity,handleStartActivity]
12-23 01:14:41.995 I/wm_on_resume_called( 2638): [119653879,com.thundercomm.tcsetupwizard.TcSetupStartActivity,RESUME_ACTIVITY]
12-23 01:14:42.002 I/am_pss ( 1507): [1507,1000,system,209028096,115601408,0,519507968,2,0,18]
12-23 01:14:42.004 I/am_uid_active( 1507): 10019
12-23 01:14:42.010 I/am_proc_bound( 1507): [0,3623,com.android.managedprovisioning]
12-23 01:14:42.013 I/wm_on_top_resumed_gained_called( 2638): [119653879,com.thundercomm.tcsetupwizard.TcSetupStartActivity,topStateChangedWhenResumed]
12-23 01:14:42.019 I/am_uid_running( 1507): 10025
12-23 01:14:42.028 D/TelephonyRegistry( 1507): listen oscl: mHasNotifySubscriptionInfoChangedOccurred==false no callback
12-23 01:14:42.031 I/input_focus( 1507): [Focus request f184d84 com.thundercomm.tcsetupwizard/com.thundercomm.tcsetupwizard.TcSetupStartActivity,reason=UpdateInputWindows]
12-23 01:14:42.031 I/am_proc_start( 1507): [0,3652,10025,com.android.externalstorage,content provider,{com.android.externalstorage/com.android.externalstorage.ExternalStorageProvider}]
12-23 01:14:42.050 I/sysui_multi_action( 1507): [757,856,758,1,806,com.android.bluetooth,857,avrcp_notification,858,3]
12-23 01:14:42.061 I/am_proc_bound( 1507): [0,3652,com.android.externalstorage]
12-23 01:14:42.072 I/liblog ( 2342): 30
12-23 01:14:42.072 I/liblog ( 2342): 2
12-23 01:14:42.072 I/liblog ( 2342): 1
12-23 01:14:42.072 I/liblog ( 2342): 1
12-23 01:14:42.072 I/liblog ( 2342): 39
12-23 01:14:42.073 I/liblog ( 2342): 12
12-23 01:14:42.075 I/liblog ( 2342): 15
12-23 01:14:42.086 I/sf_stop_bootanim( 980): 22894
12-23 01:14:42.094 I/sysui_multi_action( 1507): [319,455,322,449,325,22,757,761,758,7,759,2,806,com.thundercomm.tcsetupwizard,871,com.thundercomm.tcsetupwizard.TcSetupStartActivity,904,com.android.provision,905,0,945,220,1320,4,1321,2]
12-23 01:14:42.096 I/wm_activity_launch_time( 1507): [0,119653879,com.thundercomm.tcsetupwizard/.TcSetupStartActivity,449]
12-23 01:14:42.106 I/input_focus( 1507): [Focus entering f184d84 com.thundercomm.tcsetupwizard/com.thundercomm.tcsetupwizard.TcSetupStartActivity (server),reason=Window became focusable. Previous reason: NOT_VISIBLE]
12-23 01:14:42.122 I/am_uid_running( 1507): 10020
12-23 01:14:42.124 I/am_uid_running( 1507): 10032
12-23 01:14:42.131 I/am_proc_start( 1507): [0,3730,10020,android.process.acore,content provider,{com.android.providers.contacts/com.android.providers.contacts.ContactsProvider2}]
12-23 01:14:42.135 I/wm_on_stop_called( 3501): [261080320,com.android.provision.DefaultActivity,STOP_ACTIVITY_ITEM]
12-23 01:14:42.137 I/am_proc_start( 1507): [0,3738,10032,com.baidu.input,service,{com.baidu.input/com.baidu.input.ImeService}]
12-23 01:14:42.154 I/sysui_multi_action( 1507): [757,856,758,1,806,com.android.bluetooth,857,opp_notification_channel,858,4]
12-23 01:14:42.155 I/notification_cancel_all( 1507): [1002,2342,com.android.bluetooth,0,0,64,9,NULL]
12-23 01:14:42.157 I/am_proc_bound( 1507): [0,3738,com.baidu.input]
12-23 01:14:42.160 I/commit_sys_config_file( 1507): [settings-2-0,3]
12-23 01:14:42.166 I/am_uid_active( 1507): 10032
12-23 01:14:42.167 I/am_proc_bound( 1507): [0,3730,android.process.acore]
12-23 01:14:42.171 I/am_uid_active( 1507): 10020
12-23 01:14:42.179 I/commit_sys_config_file( 1507): [notification-policy,2402]
12-23 01:14:42.186 I/am_pre_boot( 1507): [0,com.android.providers.calendar]
12-23 01:14:42.186 I/am_uid_running( 1507): 10034
12-23 01:14:42.190 I/notification_enqueue( 1507): [1000,1507,android,13,PreBootBroadcaster,0,Notification(channel=UPDATES shortcut=null contentView=null vibrate=null sound=null tick defaults=0x0 flags=0x2 color=0x00000000 vis=PUBLIC),1]
12-23 01:14:42.197 I/am_proc_start( 1507): [0,3784,10034,com.android.providers.calendar,broadcast,{com.android.providers.calendar/com.android.providers.calendar.CalendarUpgradeReceiver}]
12-23 01:14:42.224 I/am_proc_bound( 1507): [0,3784,com.android.providers.calendar]
12-23 01:14:42.227 I/am_uid_active( 1507): 10034
12-23 01:14:42.292 I/commit_sys_config_file( 1507): [jobs,3]
12-23 01:14:42.305 I/[4000] ( 3784): 3
12-23 01:14:42.306 I/am_pre_boot( 1507): [0,com.android.providers.contacts]
12-23 01:14:42.310 I/notification_enqueue( 1507): [1000,1507,android,13,PreBootBroadcaster,0,Notification(channel=UPDATES shortcut=null contentView=null vibrate=null sound=null tick defaults=0x0 flags=0x2 color=0x00000000 vis=PUBLIC),1]
12-23 01:14:42.326 I/liblog ( 1331): 37
12-23 01:14:42.381 I/notification_enqueue( 1507): [1000,1507,android,17303299,com.android.wifi,0,Notification(channel=NETWORK_AVAILABLE shortcut=null contentView=null vibrate=null sound=null tick defaults=0x0 flags=0x100 color=0x00000000 actions=2 vis=PRIVATE),0]
12-23 01:14:42.408 I/commit_sys_config_file( 1507): [notification-policy,2631]
12-23 01:14:42.432 I/[4100] ( 3730): 123
12-23 01:14:42.432 I/am_pre_boot( 1507): [0,com.android.providers.media.module]
12-23 01:14:42.437 I/notification_enqueue( 1507): [1000,1507,android,13,PreBootBroadcaster,0,Notification(channel=UPDATES shortcut=null contentView=null vibrate=null sound=null tick defaults=0x0 flags=0x2 color=0x00000000 vis=PUBLIC),1]
12-23 01:14:42.438 I/am_pre_boot( 1507): [0,com.android.settings]
12-23 01:14:42.440 I/notification_enqueue( 1507): [1000,1507,android,13,PreBootBroadcaster,0,Notification(channel=UPDATES shortcut=null contentView=null vibrate=null sound=null tick defaults=0x0 flags=0x2 color=0x00000000 vis=PUBLIC),1]
12-23 01:14:42.451 I/uc_finish_user_unlocked_completed( 1507): 0
12-23 01:14:42.452 I/sysui_multi_action( 1507): [757,128,758,5,759,8,793,828,794,0,795,263,796,13,797,PreBootBroadcaster,806,android,857,UPDATES,858,2,947,0,1500,263,1688,1]
12-23 01:14:42.453 I/notification_canceled( 1507): [0|android|13|PreBootBroadcaster|1000,8,828,263,0,-1,-1,NULL]
12-23 01:14:42.453 I/ssm_user_unlocked( 1507): 0
12-23 01:14:42.454 I/uc_send_user_broadcast( 1507): [0,android.intent.action.BOOT_COMPLETED]
12-23 01:14:42.460 I/am_uid_running( 1507): 10030
12-23 01:14:42.451 I/auditd ( 3853): type=1400 audit(0.0:457): avc: denied { read } for comm="ip" name="rt_tables" dev="dm-10" ino=330 scontext=u:r:ethernet:s0 tcontext=u:object_r:net_data_file:s0 tclass=file permissive=0
12-23 01:14:42.468 I/am_proc_start( 1507): [0,3858,10030,com.android.traceur,broadcast,{com.android.traceur/com.android.traceur.Receiver}]
12-23 01:14:42.481 I/am_proc_bound( 1507): [0,3858,com.android.traceur]
12-23 01:14:42.484 I/am_uid_active( 1507): 10030
12-23 01:14:42.517 I/sysui_multi_action( 1507): [757,856,758,1,806,com.android.traceur,857,trace-is-being-recorded,858,4]
12-23 01:14:42.518 I/sysui_multi_action( 1507): [757,856,758,1,806,com.android.traceur,857,system-tracing,858,4]
12-23 01:14:42.543 I/am_crash( 1507): [2776,0,com.qualcomm.qti.devicestatisticsservice,814235213,java.lang.ClassNotFoundException,android.hidl.manager.V1_0.IServiceNotification$Stub,DeviceStatisticsService.java,83]
12-23 01:14:42.547 I/sysui_multi_action( 1507): [757,316,758,4,759,-1]
12-23 01:14:42.550 I/am_wtf ( 1507): [0,1507,system_server,-1,BootReceiver,open failed: ENOENT (No such file or directory)]
12-23 01:14:42.556 I/am_proc_died( 1507): [0,2776,com.qualcomm.qti.devicestatisticsservice,-800,0]
12-23 01:14:42.557 I/am_schedule_service_restart( 1507): [0,com.qualcomm.qti.devicestatisticsservice/.DeviceStatisticsService,0]
12-23 01:14:42.557 I/am_uid_stopped( 1507): 10068
12-23 01:14:42.557 I/am_uid_running( 1507): 10068
12-23 01:14:42.559 I/am_uid_active( 1507): 10068
12-23 01:14:42.565 I/am_proc_start( 1507): [0,3884,10068,com.qualcomm.qti.devicestatisticsservice,restart,com.qualcomm.qti.devicestatisticsservice]
12-23 01:14:42.570 I/commit_sys_config_file( 1507): [log-files,2]
12-23 01:14:42.579 I/sysui_multi_action( 1507): [757,856,758,1,806,com.android.providers.downloads,857,active,858,1]
12-23 01:14:42.579 I/sysui_multi_action( 1507): [757,856,758,1,806,com.android.providers.downloads,857,waiting,858,3]
12-23 01:14:42.579 I/sysui_multi_action( 1507): [757,856,758,1,806,com.android.providers.downloads,857,complete,858,3]
12-23 01:14:42.582 I/sysui_multi_action( 1507): [757,1501,758,1,793,201,794,0,795,201,796,17303299,797,com.android.wifi,806,android,857,NETWORK_AVAILABLE,858,2,947,0,1500,0,1688,1]
12-23 01:14:42.582 I/sysui_multi_action( 1507): [757,804,799,note_interruptive,801,0,802,1]
12-23 01:14:42.586 I/am_proc_bound( 1507): [0,3884,com.qualcomm.qti.devicestatisticsservice]
12-23 01:14:42.590 D/TelephonyRegistry( 1507): listen oscl: mHasNotifySubscriptionInfoChangedOccurred==false no callback
12-23 01:14:42.610 I/am_proc_start( 1507): [0,3908,1000,com.qti.diagservices,broadcast,{com.qti.diagservices/com.qti.diagservices.Diag_OnBoot}]
12-23 01:14:42.623 I/am_proc_bound( 1507): [0,3908,com.qti.diagservices]
12-23 01:14:42.647 I/auditd ( 3926): type=1400 audit(0.0:458): avc: denied { read } for comm="ip" name="rt_tables" dev="dm-10" ino=330 scontext=u:r:ethernet:s0 tcontext=u:object_r:net_data_file:s0 tclass=file permissive=0
12-23 01:14:42.659 I/auditd ( 3908): type=1400 audit(0.0:459): avc: denied { read write } for comm="ti.diagservices" name="diag" dev="tmpfs" ino=11510 scontext=u:r:system_app:s0 tcontext=u:object_r:vendor_diag_device:s0 tclass=chr_file permissive=0
12-23 01:14:42.663 I/auditd ( 3928): type=1400 audit(0.0:460): avc: denied { read } for comm="ip" name="rt_tables" dev="dm-10" ino=330 scontext=u:r:ethernet:s0 tcontext=u:object_r:net_data_file:s0 tclass=file permissive=0
12-23 01:14:42.670 I/am_uid_running( 1507): 10064
12-23 01:14:42.678 I/am_proc_start( 1507): [0,3932,10064,com.android.calendar,broadcast,{com.android.calendar/com.android.calendar.UpgradeReceiver}]
12-23 01:14:42.699 I/am_proc_bound( 1507): [0,3932,com.android.calendar]
12-23 01:14:42.702 I/am_uid_active( 1507): 10064
12-23 01:14:42.747 I/commit_sys_config_file( 1507): [settings-2-0,11]
12-23 01:14:42.754 I/am_uid_running( 1507): 10035
12-23 01:14:42.764 I/am_proc_start( 1507): [0,3955,10035,com.hryt.hiphishowfsecontrol,broadcast,{com.hryt.hiphishowfsecontrol/com.hryt.hiphishowfsecontrol.receivers.HiPhiShowReceiver}]
12-23 01:14:42.772 I/commit_sys_config_file( 1507): [notification-policy,2995]
12-23 01:14:42.772 I/commit_sys_config_file( 1507): [package-user-0,3]
12-23 01:14:42.800 I/am_proc_bound( 1507): [0,3955,com.hryt.hiphishowfsecontrol]
12-23 01:14:42.816 I/commit_sys_config_file( 1507): [package-user-0,2]
12-23 01:14:42.816 I/commit_sys_config_file( 1507): [package,42]
12-23 01:14:42.820 I/am_uid_active( 1507): 10035
12-23 01:14:42.941 I/am_proc_start( 1507): [0,3981,1000,com.android.dynsystem,broadcast,{com.android.dynsystem/com.android.dynsystem.BootCompletedReceiver}]
12-23 01:14:42.970 I/am_proc_bound( 1507): [0,3981,com.android.dynsystem]
12-23 01:14:43.011 I/am_uid_running( 1507): 10067
12-23 01:14:43.039 I/am_proc_start( 1507): [0,4003,1000,com.android.dynsystem:dynsystem,service,{com.android.dynsystem/com.android.dynsystem.DynamicSystemInstallationService}]
12-23 01:14:43.040 I/am_proc_bound( 1507): [0,4003,com.android.dynsystem:dynsystem]
12-23 01:14:43.048 I/am_proc_start( 1507): [0,4017,10067,com.android.gallery3d,broadcast,{com.android.gallery3d/com.android.camera.DisableCameraReceiver}]
12-23 01:14:43.073 I/am_proc_bound( 1507): [0,4017,com.android.gallery3d]
12-23 01:14:43.081 I/am_uid_active( 1507): 10067
12-23 01:14:43.083 I/sysui_multi_action( 1507): [757,856,758,1,806,com.android.dynsystem,857,com.android.dynsystem,858,2]
12-23 01:14:43.127 I/am_uid_running( 1507): 10066
12-23 01:14:43.136 I/am_proc_start( 1507): [0,4077,10066,com.android.inputmethod.latin,broadcast,{com.android.inputmethod.latin/com.android.inputmethod.latin.SystemBroadcastReceiver}]
12-23 01:14:43.153 I/am_proc_bound( 1507): [0,4077,com.android.inputmethod.latin]
12-23 01:14:43.155 I/am_uid_active( 1507): 10066
12-23 01:14:43.225 I/am_proc_died( 1507): [0,4077,com.android.inputmethod.latin,0,11]
12-23 01:14:43.226 I/am_broadcast_discard_app( 1507): [0,46030476,android.intent.action.BOOT_COMPLETED,20,ResolveInfo{75bd736 com.android.inputmethod.latin/.SystemBroadcastReceiver m=0x108000}]
12-23 01:14:43.227 I/am_uid_stopped( 1507): 10066
12-23 01:14:43.246 I/am_uid_running( 1507): 10087
12-23 01:14:43.272 I/am_proc_start( 1507): [0,4116,10087,com.android.music,broadcast,{com.android.music/com.android.music.MediaPlaybackReceiver}]
12-23 01:14:43.290 I/am_proc_bound( 1507): [0,4116,com.android.music]
12-23 01:14:43.294 I/am_uid_active( 1507): 10087
12-23 01:14:43.340 I/commit_sys_config_file( 1507): [notification-policy,3562]
12-23 01:14:43.397 I/am_uid_running( 1507): 1027
12-23 01:14:43.404 I/am_proc_start( 1507): [0,4138,1027,com.android.nfc,broadcast,{com.android.nfc/com.android.nfc.NfcBootCompletedReceiver}]
12-23 01:14:43.417 I/am_proc_bound( 1507): [0,4138,com.android.nfc]
12-23 01:14:43.421 I/am_uid_active( 1507): 1027
12-23 01:14:43.513 I/am_uid_stopped( 1507): 1027
12-23 01:14:43.514 I/am_kill ( 1507): [0,4138,com.android.nfc,0,change com.android.nfc]
12-23 01:14:43.515 I/am_broadcast_discard_app( 1507): [0,46030476,android.intent.action.BOOT_COMPLETED,24,ResolveInfo{64f652a com.android.nfc/.NfcBootCompletedReceiver m=0x108000}]
12-23 01:14:43.521 I/am_uid_running( 1507): 10060
12-23 01:14:43.523 I/notification_cancel_all( 1507): [1000,1507,com.android.nfc,0,0,0,5,NULL]
12-23 01:14:43.532 I/am_proc_start( 1507): [0,4162,10060,com.android.onetimeinitializer,broadcast,{com.android.onetimeinitializer/com.android.onetimeinitializer.OneTimeInitializerReceiver}]
12-23 01:14:43.547 I/am_proc_bound( 1507): [0,4162,com.android.onetimeinitializer]
12-23 01:14:43.550 I/am_uid_active( 1507): 10060
12-23 01:14:43.640 I/am_uid_running( 1507): 10031
12-23 01:14:43.652 I/am_proc_start( 1507): [0,4179,10031,com.android.packageinstaller,broadcast,{com.android.packageinstaller/com.android.packageinstaller.TemporaryFileManager}]
12-23 01:14:43.677 I/am_proc_bound( 1507): [0,4179,com.android.packageinstaller]
12-23 01:14:43.682 I/am_uid_active( 1507): 10031
12-23 01:14:43.866 I/am_uid_running( 1507): 2000
12-23 01:14:43.881 I/am_proc_start( 1507): [0,4205,2000,com.android.shell,broadcast,{com.android.shell/com.android.shell.HeapDumpReceiver}]
12-23 01:14:43.895 I/am_proc_bound( 1507): [0,4205,com.android.shell]
12-23 01:14:43.899 I/am_uid_active( 1507): 2000
12-23 01:14:43.955 I/am_proc_start( 1507): [0,4221,1001,com.android.phone,broadcast,{com.android.stk/com.android.stk.BootCompletedReceiver}]
12-23 01:14:43.974 I/am_proc_bound( 1507): [0,4221,com.android.phone]
12-23 01:14:44.038 D/CAT ( 4221): BootCompletedReceiver: [ACTION_BOOT_COMPLETED]
12-23 01:14:44.039 D/CAT ( 4221): StkAppService: onCreate()+
12-23 01:14:44.040 D/CAT ( 4221): StkAppService: simCount: 1
12-23 01:14:44.040 D/CAT ( 4221): StkAppService: slotId: 0
12-23 01:14:44.041 D/CAT ( 4221): StkAppService: onStart sim id: 0, op: 5, *****
12-23 01:14:44.041 D/CAT ( 4221): StkAppService: mStkService is: -1
12-23 01:14:44.046 D/CAT ( 4221): StkAppService: onDestroy()
12-23 01:14:44.049 I/am_uid_running( 1507): 10080
12-23 01:14:44.058 I/am_proc_start( 1507): [0,4238,10080,com.qti.ltebc,broadcast,{com.qti.ltebc/com.qualcomm.ltebc.LTEBroadcastBootReceiver}]
12-23 01:14:44.078 I/am_proc_bound( 1507): [0,4238,com.qti.ltebc]
12-23 01:14:44.081 I/am_uid_active( 1507): 10080
12-23 01:14:44.295 I/auditd ( 4279): type=1400 audit(0.0:481): avc: denied { read } for comm="cat" name="address" dev="sysfs" ino=61788 scontext=u:r:platform_app:s0:c512,c768 tcontext=u:object_r:sysfs:s0 tclass=file permissive=0 app=com.hht.lebocast
12-23 01:14:44.486 I/service_manager_stats( 1507): [516,254,5166]
12-23 01:14:44.516 I/am_proc_died( 1507): [0,4238,com.qti.ltebc,905,19]
12-23 01:14:44.516 I/am_uid_stopped( 1507): 10080
12-23 01:14:44.518 I/am_uid_running( 1507): 10058
12-23 01:14:44.530 I/am_proc_start( 1507): [0,4286,10058,com.qualcomm.qti.qms.service.connectionsecurity,broadcast,{com.qualcomm.qti.qms.service.connectionsecurity/com.qualcomm.qti.qms.service.connectionsecurity.ConnSecBroadcastReceiver}]
12-23 01:14:44.556 I/am_proc_bound( 1507): [0,4286,com.qualcomm.qti.qms.service.connectionsecurity]
12-23 01:14:44.559 I/am_uid_active( 1507): 10058
12-23 01:14:44.655 I/am_uid_running( 1507): 10080
12-23 01:14:44.668 I/am_proc_start( 1507): [0,4309,10080,com.qti.ltebc,broadcast,{com.qti.ltebc/com.qualcomm.ltebc.LTEBroadcastReceiver}]
12-23 01:14:44.701 I/am_proc_bound( 1507): [0,4309,com.qti.ltebc]
12-23 01:14:44.705 I/am_uid_active( 1507): 10080
12-23 01:14:44.740 I/backup_transport_lifecycle( 1507): [com.android.localtransport/.LocalTransportService,1]
12-23 01:14:44.744 I/am_proc_start( 1507): [0,4326,1000,com.android.localtransport,service,{com.android.localtransport/com.android.localtransport.LocalTransportService}]
12-23 01:14:44.765 I/am_proc_bound( 1507): [0,4326,com.android.localtransport]
12-23 01:14:44.789 I/backup_transport_connection( 1507): [com.android.localtransport/.LocalTransportService,1]
12-23 01:14:44.792 I/backup_transport_lifecycle( 1507): [com.android.localtransport/.LocalTransportService,0]
12-23 01:14:44.792 I/backup_transport_connection( 1507): [com.android.localtransport/.LocalTransportService,0]
12-23 01:14:44.848 I/commit_sys_config_file( 1507): [settings-1-0,3]
12-23 01:14:45.055 I/am_proc_died( 1507): [0,4309,com.qti.ltebc,0,11]
12-23 01:14:45.055 I/am_broadcast_discard_app( 1507): [0,181323,android.intent.action.MEDIA_MOUNTED,2,ResolveInfo{618ecb7 com.qti.ltebc/com.qualcomm.ltebc.LTEBroadcastReceiver m=0x208000}]
12-23 01:14:45.056 I/am_uid_stopped( 1507): 10080
12-23 01:14:45.074 I/am_uid_running( 1507): 10080
12-23 01:14:45.081 I/am_proc_start( 1507): [0,4356,10080,com.qti.ltebc,broadcast,{com.qti.ltebc/com.qualcomm.ltebc.LTEBroadcastReceiver}]
12-23 01:14:45.105 I/am_proc_bound( 1507): [0,4356,com.qti.ltebc]
12-23 01:14:45.106 I/am_uid_active( 1507): 10080
12-23 01:14:45.146 I/commit_sys_config_file( 1507): [settings-0-0,4]
12-23 01:14:45.152 I/commit_sys_config_file( 1507): [settings-2-0,4]
12-23 01:14:45.425 I/am_proc_died( 1507): [0,4356,com.qti.ltebc,0,11]
12-23 01:14:45.425 I/am_broadcast_discard_app( 1507): [0,164948290,android.intent.action.MEDIA_MOUNTED,2,ResolveInfo{9222ad8 com.qti.ltebc/com.qualcomm.ltebc.LTEBroadcastReceiver m=0x208000}]
12-23 01:14:45.426 I/am_uid_stopped( 1507): 10080
12-23 01:14:45.754 I/commit_sys_config_file( 1507): [jobs,3]
12-23 01:14:45.867 I/auditd ( 4386): type=1400 audit(0.0:482): avc: denied { read } for comm="cat" name="address" dev="sysfs" ino=61788 scontext=u:r:platform_app:s0:c512,c768 tcontext=u:object_r:sysfs:s0 tclass=file permissive=0 app=com.hht.lebocast
12-23 01:14:46.551 I/sysui_multi_action( 1507): [757,1717,758,1,759,0]
12-23 01:14:46.552 I/sysui_multi_action( 1507): [757,1717,758,2,759,0]
12-23 01:14:46.552 I/sysui_multi_action( 1507): [757,1717,758,3,759,0]
12-23 01:14:47.090 I/commit_sys_config_file( 1507): [settings-3-0,5]
12-23 01:14:48.366 I/commit_sys_config_file( 1507): [settings-2-0,5]
12-23 01:14:48.369 I/commit_sys_config_file( 1507): [settings-1-0,2]
12-23 01:14:49.489 I/am_uid_running( 1507): 10080
12-23 01:14:49.502 I/am_proc_start( 1507): [0,4424,10080,com.qti.ltebc,broadcast,{com.qti.ltebc/com.qualcomm.ltebc.LTEBroadcastAlarmReceiver}]
12-23 01:14:49.541 I/am_proc_bound( 1507): [0,4424,com.qti.ltebc]
12-23 01:14:49.546 I/am_uid_active( 1507): 10080
12-23 01:14:49.683 I/auditd ( 497): type=1401 audit(0.0:483): op=security_compute_sid invalid_context=u:r:np_thundercomm_tlog_pstore:s0 scontext=u:r:init:s0 tcontext=u:object_r:np_thundercomm_tlog_pstore_exec:s0 tclass=process
12-23 01:14:49.768 I/commit_sys_config_file( 1507): [appops,6]
12-23 01:14:49.915 I/am_uid_running( 1507): 10056
12-23 01:14:49.934 I/am_proc_start( 1507): [0,4460,10056,com.qualcomm.qti.qms.service.trustzoneaccess,service,{com.qualcomm.qti.qms.service.trustzoneaccess/com.qualcomm.qti.qms.service.trustzoneaccess.TZAccessService}]
12-23 01:14:49.964 I/am_proc_bound( 1507): [0,4460,com.qualcomm.qti.qms.service.trustzoneaccess]
12-23 01:14:50.064 I/am_proc_died( 1507): [0,4424,com.qti.ltebc,905,19]
12-23 01:14:50.065 I/am_uid_stopped( 1507): 10080
12-23 01:14:52.079 I/auditd ( 4523): type=1400 audit(0.0:484): avc: denied { read } for comm="ls" name="/" dev="dm-5" ino=2 scontext=u:r:system_app:s0 tcontext=u:object_r:rootfs:s0 tclass=dir permissive=0
12-23 01:14:52.123 I/auditd ( 4527): type=1400 audit(0.0:485): avc: denied { read } for comm="ls" name="/" dev="dm-5" ino=2 scontext=u:r:system_app:s0 tcontext=u:object_r:rootfs:s0 tclass=dir permissive=0
12-23 01:14:52.991 I/sysui_multi_action( 1507): [757,1717,758,1,759,0]
12-23 01:14:52.992 I/sysui_multi_action( 1507): [757,1717,758,2,759,0]
12-23 01:14:52.992 I/sysui_multi_action( 1507): [757,1717,758,3,759,0]
12-23 01:14:53.146 I/commit_sys_config_file( 1507): [package-user-0,8]
12-23 01:15:01.653 I/am_pss ( 1507): [2361,10093,com.android.permissioncontroller,14366720,12435456,0,105168896,0,6,12]
12-23 01:15:01.666 I/am_pss ( 1507): [2808,1000,com.thundercomm.gamemode,18063360,14635008,0,120631296,0,10,10]
12-23 01:15:01.676 I/am_pss ( 1507): [3224,10086,com.qualcomm.qtil.aptxui,6987776,5566464,0,92643328,0,19,7]
12-23 01:15:01.684 I/am_pss ( 1507): [3080,10070,com.android.deskclock,10403840,8650752,0,102178816,0,19,7]
12-23 01:15:01.691 I/am_pss ( 1507): [3078,10095,android.ext.services,7095296,5406720,0,96743424,0,5,5]
12-23 01:15:01.697 I/am_pss ( 1507): [2799,1000,com.android.settings:CryptKeeper,15744000,5103616,0,126173184,0,19,6]
12-23 01:15:02.214 I/am_pss ( 1507): [3501,1000,com.android.provision,15913984,8998912,0,131325952,0,14,12]
12-23 01:15:02.225 I/am_pss ( 1507): [3652,10025,com.android.externalstorage,5502976,3928064,0,94003200,0,19,7]
12-23 01:15:02.236 I/am_pss ( 1507): [3493,10073,com.qualcomm.location.XT,6149120,4591616,0,94167040,0,6,8]
12-23 01:15:02.244 I/am_pss ( 1507): [3623,10033,com.android.managedprovisioning,9070592,7536640,0,96899072,0,19,6]
12-23 01:15:02.255 I/am_pss ( 1507): [3738,10032,com.baidu.input,84085760,76791808,0,202235904,0,7,9]
12-23 01:15:02.261 I/am_pss ( 1507): [3469,1000,com.android.keychain,7773184,6287360,0,94531584,0,6,5]
12-23 01:15:02.268 I/am_pss ( 1507): [3437,10028,com.android.documentsui,13621248,11444224,0,109604864,0,19,6]
12-23 01:15:02.274 I/am_pss ( 1507): [2820,10077,com.android.launcher3,14461952,12439552,0,107618304,0,5,5]
12-23 01:15:02.550 I/am_pss ( 1507): [3858,10030,com.android.traceur,8859648,6094848,0,97415168,0,19,11]
12-23 01:15:02.771 I/am_pss ( 1507): [3932,10064,com.android.calendar,7218176,5554176,0,96854016,0,19,11]
12-23 01:15:02.782 I/am_pss ( 1507): [3908,1000,com.qti.diagservices,5602304,3788800,0,95834112,0,10,8]
12-23 01:15:02.921 I/am_pss ( 1507): [3955,10035,com.hryt.hiphishowfsecontrol,18194432,15298560,0,107446272,0,19,11]
12-23 01:15:03.025 I/am_pss ( 1507): [3981,1000,com.android.dynsystem,5182464,3674112,0,91144192,0,19,10]
12-23 01:15:03.245 I/am_pss ( 1507): [4003,1000,com.android.dynsystem:dynsystem,5456896,3837952,0,91951104,0,19,10]
12-23 01:15:03.537 I/am_pss ( 1507): [4116,10087,com.android.music,7359488,5386240,0,94547968,0,19,11]
12-23 01:15:03.659 I/am_pss ( 1507): [4162,10060,com.android.onetimeinitializer,4879360,3440640,0,90611712,0,19,10]
12-23 01:15:03.762 I/am_pss ( 1507): [4179,10031,com.android.packageinstaller,7005184,5603328,0,92131328,0,19,10]
12-23 01:15:04.059 I/am_pss ( 1507): [4205,2000,com.android.shell,5576704,4145152,0,91553792,0,19,11]
12-23 01:15:04.070 I/am_pss ( 1507): [2947,1000,com.android.settings,24870912,12636160,0,147636224,0,19,9]
12-23 01:15:04.505 I/am_pss ( 1507): [4221,1001,com.android.phone,7475200,5644288,0,94011392,0,19,10]
12-23 01:15:04.603 I/am_pss ( 1507): [4286,10058,com.qualcomm.qti.qms.service.connectionsecurity,18344960,4112384,0,77307904,0,19,10]
12-23 01:15:05.255 I/snet_event_log( 1507): [172655291,-1,]
12-23 01:15:09.831 I/volume_changed( 1507): [3,13,10,39,AS.AudioService]
