12-23 03:49:35.926 D/GameMode_GameModeService( 8963): type=hide_entry
12-23 03:49:35.929 I/GameModeConfig( 1507): Current uri is uri = content://com.thundercomm.gamemode.api/gamemode_settings/gamemode_isgaming
12-23 03:49:35.929 D/GameModeIF_GameModeSettings( 1507): getUriFor setting_content_uri_root = content://com.thundercomm.gamemode.api/gamemode_settings , name = gamemode_isgaming
12-23 03:49:35.929 D/GameModeIF_GameModeSettings( 8963): gamemode_isgaming set to 0
12-23 03:49:35.930 I/GameModeConfig( 1507): isGameModeOn = true
12-23 03:49:35.930 I/GameModeConfig( 1507): isGaming = false
12-23 03:49:35.930 I/GameModeConfig( 1507): isGameModeOn = true
12-23 03:49:35.930 I/GameModeConfig( 1507): isGaming = false
12-23 03:49:35.930 I/GameModeConfig( 1507): isDisableVoice = true
12-23 03:49:35.930 D/GameMode_GameSettingsObserver( 8963): Game Data change!!!! uri = content://com.thundercomm.gamemode.api/gamemode_settings/gamemode_isgaming
12-23 03:49:35.930 D/GameModeIF_GameModeSettings( 8963): getUriFor setting_content_uri_root = content://com.thundercomm.gamemode.api/gamemode_settings , name = gamemode_isgaming
12-23 03:49:35.931 D/AF::TrackHandle( 972): OpPlayAudio: track:62 usage:5 not muted
12-23 03:49:35.931 D/AF::TrackHandle( 972): OpPlayAudio: track:62 usage:5 not muted
12-23 03:49:35.931 D/AF::TrackHandle( 972): OpPlayAudio: track:62 usage:5 not muted
12-23 03:49:35.931 D/AF::TrackHandle( 972): OpPlayAudio: track:62 usage:5 not muted
12-23 03:49:35.932 D/AF::TrackHandle( 972): OpPlayAudio: track:62 usage:5 not muted
12-23 03:49:35.932 D/AF::TrackHandle( 972): OpPlayAudio: track:62 usage:5 not muted
12-23 03:49:35.932 D/AF::TrackHandle( 972): OpPlayAudio: track:62 usage:5 not muted
12-23 03:49:35.932 D/AF::TrackHandle( 972): OpPlayAudio: track:62 usage:5 not muted
12-23 03:49:35.933 D/AF::TrackHandle( 972): OpPlayAudio: track:62 usage:5 not muted
12-23 03:49:35.933 D/AF::TrackHandle( 972): OpPlayAudio: track:62 usage:5 not muted
12-23 03:49:35.933 D/GameMode_GameModeService( 8963): updateGlobalSettings = gamemode_isgaming
12-23 03:49:35.933 D/AF::TrackHandle( 972): OpPlayAudio: track:62 usage:5 not muted
12-23 03:49:35.933 D/AF::TrackHandle( 972): OpPlayAudio: track:62 usage:5 not muted
12-23 03:49:35.933 D/AF::TrackHandle( 972): OpPlayAudio: track:62 usage:5 not muted
12-23 03:49:35.934 D/AF::TrackHandle( 972): OpPlayAudio: track:62 usage:5 not muted
12-23 03:49:35.934 D/AF::TrackHandle( 972): OpPlayAudio: track:62 usage:5 not muted
12-23 03:49:35.934 D/AF::TrackHandle( 972): OpPlayAudio: track:62 usage:5 not muted
12-23 03:49:35.957 I/mpu_uart( 647): [MSG-P:RECV]:No message received in 1000 ms
01-01 10:37:13.948 D/ ( 0): mv2112_read_status
01-01 10:37:13.949 D/mv2112_update_link( 0): 3.0x901(1G): 0x80
01-01 10:37:13.949 D/mv2112_update_link( 0): 3.0x8109(100M): 0x8
01-01 10:37:13.949 D/mv2112_update_link( 0): link 0x0
01-01 10:37:13.949 D/mv2112_read_status( 0): autoneg is disabled
12-23 03:49:36.197 D/audio_hw_primary( 808): out_set_parameters: enter: usecase(1: low-latency-playback) kvpairs: suspend_playback=true
12-23 03:49:36.197 D/audio_hw_extn( 808): audio_extn_fm_set_parameters: Enter
12-23 03:49:36.208 D/audio_hw_primary( 808): out_set_parameters: enter: usecase(1: low-latency-playback) kvpairs: suspend_playback=false
12-23 03:49:36.208 D/audio_hw_extn( 808): audio_extn_fm_set_parameters: Enter
12-23 03:49:36.212 D/audio_hw_primary( 808): out_set_parameters: enter: usecase(1: low-latency-playback) kvpairs: suspend_playback=true
12-23 03:49:36.212 D/audio_hw_extn( 808): audio_extn_fm_set_parameters: Enter
12-23 03:49:36.222 D/audio_hw_primary( 808): out_set_parameters: enter: usecase(1: low-latency-playback) kvpairs: suspend_playback=false
12-23 03:49:36.222 D/audio_hw_extn( 808): audio_extn_fm_set_parameters: Enter
12-23 03:49:36.232 D/audio_hw_primary( 808): out_set_parameters: enter: usecase(1: low-latency-playback) kvpairs: suspend_playback=true
12-23 03:49:36.232 D/audio_hw_extn( 808): audio_extn_fm_set_parameters: Enter
12-23 03:49:36.232 W/AudioIDCMicroNegotiator( 1507): idcm_warn: idcm control is not enable
12-23 03:49:36.233 I/MediaFocusControl( 1507): abandonAudioFocus() from uid/pid 10081/2359 clientId=android.media.AudioManager@1a515b7
12-23 03:49:36.234 D/Avrcp_ext( 2342): AudioManager Player: AudioPlaybackConfiguration piid:87 deviceId:0 type:android.media.SoundPool u/pid:1000/1507 state:idle attr:AudioAttributes: usage=USAGE_ASSISTANCE_SONIFICATION content=CONTENT_TYPE_SONIFICATION flags=0x800 tags= bundle=null sessionId:0
12-23 03:49:36.234 V/MediaPlayer( 2359): resetDrmState: mDrmInfo=null mDrmProvisioningThread=null mPrepareDrmInProgress=false mActiveDrmScheme=false
12-23 03:49:36.234 D/Avrcp_ext( 2342): AudioManager Player: AudioPlaybackConfiguration piid:519 deviceId:0 type:android.media.SoundPool u/pid:1000/8963 state:idle attr:AudioAttributes: usage=USAGE_ASSISTANCE_SONIFICATION content=CONTENT_TYPE_SONIFICATION flags=0x801 tags= bundle=null sessionId:0
12-23 03:49:36.234 V/MediaPlayer( 2359): cleanDrmObj: mDrmObj=null mDrmSessionId=null
12-23 03:49:36.234 D/Avrcp_ext( 2342): AudioManager Player: AudioPlaybackConfiguration piid:631 deviceId:3 type:android.media.MediaPlayer u/pid:10081/2359 state:stopped attr:AudioAttributes: usage=USAGE_NOTIFICATION content=CONTENT_TYPE_SONIFICATION flags=0x800 tags= bundle=null sessionId:0
12-23 03:49:36.234 D/Avrcp_ext( 2342): AudioManager Player: AudioPlaybackConfiguration piid:95 deviceId:0 type:android.media.SoundPool u/pid:10081/2359 state:idle attr:AudioAttributes: usage=USAGE_ASSISTANCE_SONIFICATION content=CONTENT_TYPE_SONIFICATION flags=0x800 tags= bundle=null sessionId:0
12-23 03:49:36.234 D/Avrcp_ext( 2342): AudioManager isPlaying: false, mAudioPlaybackIsActive = true
12-23 03:49:36.234 D/NuPlayerDriver( 1195): reset(0xf0c82090) at state 6
12-23 03:49:36.234 D/Avrcp_ext( 2342): AudioManager Reset Active Player
12-23 03:49:36.236 D/audio_hw_primary( 808): out_set_parameters: enter: usecase(1: low-latency-playback) kvpairs: suspend_playback=false
12-23 03:49:36.236 D/audio_hw_extn( 808): audio_extn_fm_set_parameters: Enter
12-23 03:49:36.237 V/Avrcp_ext( 2342): updateCurrentMediaState: mMediaController: MediaController (com.android.systemui@4f5fa4) null
12-23 03:49:36.237 W/Avrcp_ext( 2342): isMusicActive: false getBluetoothPlayState: 2 A2dp State: 11 mAudioPlaybackIsActive: false
12-23 03:49:36.239 D/Avrcp_ext( 2342): isMusicActive = false mAudioPlaybackIsActive = false player state = null
12-23 03:49:36.240 I/Avrcp_ext( 2342): Skipping update due to invalid playback state
12-23 03:49:36.240 V/Avrcp_ext( 2342): updatePlaybackState, state: null device: null
12-23 03:49:36.240 V/Avrcp_ext( 2342): Device: no name:
12-23 03:49:36.240 V/Avrcp_ext( 2342): Device: no name:
12-23 03:49:36.240 V/Avrcp_ext( 2342): Device: no name:
12-23 03:49:36.240 V/Avrcp_ext( 2342): Device: no name:
12-23 03:49:36.240 I/hw-BpHwBinder( 1195): onLastStrongRef automatically unlinking death recipients
12-23 03:49:36.240 I/hw-BpHwBinder( 1233): onLastStrongRef automatically unlinking death recipients
12-23 03:49:36.241 V/C2Store ( 1233): in ~ComponentModule
12-23 03:49:36.241 V/C2Store ( 1233): unloading dll
12-23 03:49:36.243 V/Avrcp_ext( 2342): Device: no name:
12-23 03:49:36.244 V/Avrcp_ext( 2342): updatePlayerStateAndPosition, old=PlaybackState {state=2, position=-1, buffered position=0, speed=0.0, updated=7475102, actions=0, custom actions=[], active item id=-1, error=null}, state=null
12-23 03:49:36.244 I/Avrcp_ext( 2342): updatePlayerStateAndPosition: device: state = null
12-23 03:49:36.244 D/Avrcp_ext( 2342): AudioManager Player: AudioPlaybackConfiguration piid:87 deviceId:0 type:android.media.SoundPool u/pid:1000/1507 state:idle attr:AudioAttributes: usage=USAGE_ASSISTANCE_SONIFICATION content=CONTENT_TYPE_SONIFICATION flags=0x800 tags= bundle=null sessionId:0
12-23 03:49:36.244 D/Avrcp_ext( 2342): AudioManager Player: AudioPlaybackConfiguration piid:519 deviceId:0 type:android.media.SoundPool u/pid:1000/8963 state:idle attr:AudioAttributes: usage=USAGE_ASSISTANCE_SONIFICATION content=CONTENT_TYPE_SONIFICATION flags=0x801 tags= bundle=null sessionId:0
12-23 03:49:36.244 D/Avrcp_ext( 2342): AudioManager Player: AudioPlaybackConfiguration piid:95 deviceId:0 type:android.media.SoundPool u/pid:10081/2359 state:idle attr:AudioAttributes: usage=USAGE_ASSISTANCE_SONIFICATION content=CONTENT_TYPE_SONIFICATION flags=0x800 tags= bundle=null sessionId:0
12-23 03:49:36.244 D/Avrcp_ext( 2342): AudioManager isPlaying: false, mAudioPlaybackIsActive = false
12-23 03:49:36.244 D/Avrcp_ext( 2342): AudioManager Reset Active Player
12-23 03:49:36.246 D/NuPlayerDriver( 1195): notifyResetComplete(0xf0c82090)
12-23 03:49:36.246 W/AMessage( 1195): failed to post message as target looper for handler 0 is gone.
12-23 03:49:36.281 D/audio_hw_primary( 808): out_set_parameters: enter: usecase(1: low-latency-playback) kvpairs: suspend_playback=true
12-23 03:49:36.281 D/audio_hw_extn( 808): audio_extn_fm_set_parameters: Enter
12-23 03:49:36.282 D/msm8974_platform( 808): platform_split_snd_device: snd_device(2) num devices(1) new_snd_devices(0)
12-23 03:49:36.282 D/ACDB-LOADER( 808): ACDB -> send_audvoltable
12-23 03:49:36.282 D/ACDB-LOADER( 808): ACDB -> ACDB_CMD_GET_AUDPROC_INSTANCE_GAIN_DEP_STEP_TABLE_SIZE
12-23 03:49:36.282 D/ACDB-LOADER( 808): ACDB -> ACDB_CMD_GET_AUDPROC_INSTANCE_GAIN_DEP_STEP_TABLE, vol index 0
12-23 03:49:36.282 D/ACDB-LOADER( 808): ACDB -> AUDIO_SET_VOL_CAL cal type = 40
12-23 03:49:36.283 D/msm8974_platform( 808): platform_split_snd_device: snd_device(2) num devices(1) new_snd_devices(0)
12-23 03:49:36.420 I/vendor.qti.bluetooth@1.0-ibs_handler( 818): DeviceSleep: TX Awake, Sending SLEEP_IND
12-23 03:49:36.420 D/vendor.qti.bluetooth@1.0-ibs_handler( 818): SerialClockVote: vote for UART CLK OFF
12-23 03:49:36.570 D/vendor.qti.bluetooth@1.0-wake_lock( 818): Release wakelock is released
01-01 10:37:14.615 I/[schedu][0x29a999d161][03:49:36.690547] wlan( 0): [14370:I:OSIF] vdev 0, scan id 41013 type COMPLETED(1) reason COMPLETED(1) scan found 110 bss
12-23 03:49:36.690 D/LOWI-9.0.0.87.a( 1331): [LOWI-Scan] wait_event:Wait done with Cmd 34
12-23 03:49:36.691 D/LOWI-9.0.0.87.a( 1331): [LOWI-Scan] do_listen_events: Rcvd valid Netlink Cmd 34 Err 0
12-23 03:49:36.692 D/WifiNl80211Manager( 1507): Scan result ready event
12-23 03:49:36.692 D/WifiNative( 1507): Scan result ready event
12-23 03:49:36.692 D/LOWI-9.0.0.87.a( 1331): [LOWI-Scan]
12-23 03:49:36.692 D/LOWI-9.0.0.87.a( 1331): [LOWI-Scan] print_bss_handler: Report Probe TSF 9316362220 as it greater than Beacon TSF 9316330405
12-23 03:49:36.692 D/LOWI-9.0.0.87.a( 1331): [LOWI-Scan] is_qcom_ie, bss_age: 0
12-23 03:49:36.693 D/LOWI-9.0.0.87.a( 1331): [LOWI-Scan] BSS 38:a9:1c:35:03:0b LOWI_PHY_MODE_11AC_VHT80(10), Beacon Interval: 100, LOWI_ENCRYPTION_TYPE_OPEN 11mcRanging: No, ANQP: No, LCI: No, Civic: No, capability(0x0501): ESS SpectrumMgmt ShortSlotTime
12-23 03:49:36.693 D/LOWI-9.0.0.87.a( 1331): [LOWI-Scan] BSS 38:a9:1c:35:03:0b FREQ: 5180, cFreq1[40:80:160] = [5190:5210:0] cFreq2 = 0 Country Code = US
12-23 03:49:36.693 D/LOWI-9.0.0.87.a( 1331): [LOWI-Scan] BSS 38:a9:1c:35:03:0b (wlan0) ASSO: NO AddInfo: 0x0, TSF 0, 02:35:16.362, RSSI: -74, CPL: 127, AGE: 1140, SSID , TSFDelta: 0x663c54f1, TXRate: 0
12-23 03:49:36.693 D/LOWI-9.0.0.87.a( 1331): [LOWI-Scan]
12-23 03:49:36.693 D/LOWI-9.0.0.87.a( 1331): [LOWI-Scan] print_bss_handler: Report Probe TSF 9316374710 as it greater than Beacon TSF 9290271439
12-23 03:49:36.693 D/LOWI-9.0.0.87.a( 1331): [LOWI-Scan] decode_rsn_wpa_ie: LOWI_ENCRYPTION_TYPE_WPA_PSK
12-23 03:49:36.693 D/LOWI-9.0.0.87.a( 1331): [LOWI-Scan] is_qcom_ie, bss_age: 0
12-23 03:49:36.694 D/LOWI-9.0.0.87.a( 1331): [LOWI-Scan] BSS 38:a9:1c:35:03:09 LOWI_PHY_MODE_11AC_VHT80(10), Beacon Interval: 100, LOWI_ENCRYPTION_TYPE_WPA_PSK 11mcRanging: No, ANQP: No, LCI: No, Civic: No, capability(0x0511): ESS Privacy SpectrumMgmt ShortSlotTime
12-23 03:49:36.694 D/LOWI-9.0.0.87.a( 1331): [LOWI-Scan] BSS 38:a9:1c:35:03:09 FREQ: 5180, cFreq1[40:80:160] = [5190:5210:0] cFreq2 = 0 Country Code = US
12-23 03:49:36.694 D/LOWI-9.0.0.87.a( 1331): [LOWI-Scan] BSS 38:a9:1c:35:03:09 (wlan0) ASSO: NO AddInfo: 0x0, TSF 0, 02:35:16.374, RSSI: -74, CPL: 127, AGE: 1128, SSID H3C_350304_5G, TSFDelta: 0x663fbcbc, TXRate: 0
12-23 03:49:36.694 D/LOWI-9.0.0.87.a( 1331): [LOWI-Scan]
12-23 03:49:36.694 D/LOWI-9.0.0.87.a( 1331): [LOWI-Scan] print_bss_handler: Report Probe TSF 9316549155 as it greater than Beacon TSF 9302679059
12-23 03:49:36.694 D/LOWI-9.0.0.87.a( 1331): [LOWI-Scan] decode_rsn_wpa_ie: LOWI_ENCRYPTION_TYPE_WPA_PSK
12-23 03:49:36.696 D/LOWI-9.0.0.87.a( 1331): [LOWI-Scan] is_qcom_ie, bss_age: 0
12-23 03:49:36.696 D/LOWI-9.0.0.87.a( 1331): [LOWI-Scan] BSS 5c:02:14:f9:4f:d3 LOWI_PHY_MODE_11AC_VHT80(10), Beacon Interval: 100, LOWI_ENCRYPTION_TYPE_WPA_PSK 11mcRanging: No, ANQP: Yes, LCI: No, Civic: No, capability(0x1931): ESS Privacy ShortPreamble SpectrumMgmt APSD
12-23 03:49:36.696 D/LOWI-9.0.0.87.a( 1331): [LOWI-Scan] BSS 5c:02:14:f9:4f:d3 FREQ: 5745, cFreq1[40:80:160] = [5755:5775:0] cFreq2 = 0 Country Code = CN
12-23 03:49:36.696 D/LOWI-9.0.0.87.a( 1331): [LOWI-Scan] BSS 5c:02:14:f9:4f:d3 (wlan0) ASSO: NO AddInfo: 0x0, TSF 0, 02:35:16.549, RSSI: -96, CPL: 127, AGE: 952, SSID ThunderSoft_XTS_5G, TSFDelta: 0x991fdc4c, TXRate: 0
12-23 03:49:36.696 D/LOWI-9.0.0.87.a( 1331): [LOWI-Scan]
12-23 03:49:36.696 D/LOWI-9.0.0.87.a( 1331): [LOWI-Scan] print_bss_handler: Report Probe TSF 9316654578 as it greater than Beacon TSF 9302761867
12-23 03:49:36.696 D/LOWI-9.0.0.87.a( 1331): [LOWI-Scan] decode_rsn_wpa_ie: LOWI_ENCRYPTION_TYPE_WPA_PSK
12-23 03:49:36.696 D/LOWI-9.0.0.87.a( 1331): [LOWI-Scan] is_qcom_ie, bss_age: 0
12-23 03:49:36.697 D/LOWI-9.0.0.87.a( 1331): [LOWI-Scan] BSS 5c:02:14:f9:4f:d2 LOWI_PHY_MODE_11AC_VHT20_2G(11), Beacon Interval: 100, LOWI_ENCRYPTION_TYPE_WPA_PSK 11mcRanging: No, ANQP: Yes, LCI: No, Civic: No, capability(0x1431): ESS Privacy ShortPreamble ShortSlotTime
12-23 03:49:36.698 D/LOWI-9.0.0.87.a( 1331): [LOWI-Scan] BSS 5c:02:14:f9:4f:d2 FREQ: 2427, cFreq1[40:80:160] = [0:0:0] cFreq2 = 0 Country Code = CN
12-23 03:49:36.698 D/LOWI-9.0.0.87.a( 1331): [LOWI-Scan] BSS 5c:02:14:f9:4f:d2 (wlan0) ASSO: NO AddInfo: 0x0, TSF 0, 02:35:16.654, RSSI: -86, CPL: 127, AGE: 848, SSID ThunderSoft_XTS_2.4G, TSFDelta: 0x99dde979, TXRate: 0
12-23 03:49:36.698 D/LOWI-9.0.0.87.a( 1331): [LOWI-Scan]
12-23 03:49:36.698 D/LOWI-9.0.0.87.a( 1331): [LOWI-Scan] print_bss_handler: Report Probe TSF 9316608373 as it greater than Beacon TSF 9302734435
12-23 03:49:36.698 D/LOWI-9.0.0.87.a( 1331): [LOWI-Scan] decode_rsn_wpa_ie: LOWI_ENCRYPTION_TYPE_WPA_PSK
12-23 03:49:36.698 D/LOWI-9.0.0.87.a( 1331): [LOWI-Scan] is_qcom_ie, bss_age: 0
12-23 03:49:36.698 D/LOWI-9.0.0.87.a( 1331): [LOWI-Scan] BSS 18:6f:2d:0a:b8:40 LOWI_PHY_MODE_11NG_HT20(5), Beacon Interval: 100, LOWI_ENCRYPTION_TYPE_WPA_PSK 11mcRanging: No, ANQP: No, LCI: No, Civic: No, capability(0x0531): ESS Privacy ShortPreamble SpectrumMgmt ShortSlotTime
12-23 03:49:36.698 D/LOWI-9.0.0.87.a( 1331): [LOWI-Scan] BSS 18:6f:2d:0a:b8:40 FREQ: 2427, cFreq1[40:80:160] = [2427:0:0] cFreq2 = 0 Country Code = CN
12-23 03:49:36.698 D/LOWI-9.0.0.87.a( 1331): [LOWI-Scan] BSS 18:6f:2d:0a:b8:40 (wlan0) ASSO: NO AddInfo: 0x0, TSF 0, 02:35:16.608, RSSI: -130, CPL: 127, AGE: 892, SSID Testing , TSFDelta: 0xc2df5078, TXRate: 0
12-23 03:49:36.699 D/LOWI-9.0.0.87.a( 1331): [LOWI-Scan]
12-23 03:49:36.699 D/LOWI-9.0.0.87.a( 1331): [LOWI-Scan] print_bss_handler: Report Probe TSF 9316642684 as it greater than Beacon TSF 9316591036
12-23 03:49:36.699 D/LOWI-9.0.0.87.a( 1331): [LOWI-Scan] is_qcom_ie, bss_age: 0
12-23 03:49:36.699 D/LOWI-9.0.0.87.a( 1331): [LOWI-Scan] BSS 18:6f:2d:0a:b8:41 LOWI_PHY_MODE_11NG_HT20(5), Beacon Interval: 100, LOWI_ENCRYPTION_TYPE_OPEN 11mcRanging: No, ANQP: No, LCI: No, Civic: No, capability(0x0521): ESS ShortPreamble SpectrumMgmt ShortSlotTime
12-23 03:49:36.699 D/LOWI-9.0.0.87.a( 1331): [LOWI-Scan] BSS 18:6f:2d:0a:b8:41 FREQ: 2427, cFreq1[40:80:160] = [2427:0:0] cFreq2 = 0 Country Code = CN
12-23 03:49:36.699 D/LOWI-9.0.0.87.a( 1331): [LOWI-Scan] BSS 18:6f:2d:0a:b8:41 (wlan0) ASSO: NO AddInfo: 0x0, TSF 0, 02:35:16.642, RSSI: -126, CPL: 127, AGE: 860, SSID Guest, TSFDelta: 0xc3bd624b, TXRate: 0
12-23 03:49:36.699 D/LOWI-9.0.0.87.a( 1331): [LOWI-Scan]
12-23 03:49:36.699 D/LOWI-9.0.0.87.a( 1331): [LOWI-Scan] print_bss_handler: Report Probe TSF 9316642737 as it greater than Beacon TSF 9302735438
12-23 03:49:36.699 D/LOWI-9.0.0.87.a( 1331): [LOWI-Scan] decode_rsn_wpa_ie: LOWI_ENCRYPTION_TYPE_WPA_PSK
12-23 03:49:36.699 D/LOWI-9.0.0.87.a( 1331): [LOWI-Scan] is_qcom_ie, bss_age: 0
12-23 03:49:36.699 D/LOWI-9.0.0.87.a( 1331): [LOWI-Scan] BSS 18:6f:2d:0a:b8:42 LOWI_PHY_MODE_11NG_HT20(5), Beacon Interval: 100, LOWI_ENCRYPTION_TYPE_WPA_PSK 11mcRanging: No, ANQP: No, LCI: No, Civic: No, capability(0x0531): ESS Privacy ShortPreamble SpectrumMgmt ShortSlotTime
12-23 03:49:36.699 D/LOWI-9.0.0.87.a( 1331): [LOWI-Scan] BSS 18:6f:2d:0a:b8:42 FREQ: 2427, cFreq1[40:80:160] = [2427:0:0] cFreq2 = 0 Country Code = CN
12-23 03:49:36.699 D/LOWI-9.0.0.87.a( 1331): [LOWI-Scan] BSS 18:6f:2d:0a:b8:42 (wlan0) ASSO: NO AddInfo: 0x0, TSF 0, 02:35:16.642, RSSI: -130, CPL: 127, AGE: 860, SSID ThunderSoft_2.4G, TSFDelta: 0xc3c251f9, TXRate: 0
12-23 03:49:36.700 D/LOWI-9.0.0.87.a( 1331): [LOWI-Scan]
12-23 03:49:36.700 D/LOWI-9.0.0.87.a( 1331): [LOWI-Scan] print_bss_handler: Report Probe TSF 9316779440 as it greater than Beacon TSF 9316732546
12-23 03:49:36.700 D/LOWI-9.0.0.87.a( 1331): [LOWI-Scan] decode_rsn_wpa_ie: LOWI_ENCRYPTION_TYPE_WPA_PSK
12-23 03:49:36.700 D/LOWI-9.0.0.87.a( 1331): [LOWI-Scan] is_qcom_ie, bss_age: 0
12-23 03:49:36.700 D/LOWI-9.0.0.87.a( 1331): [LOWI-Scan] BSS 18:6f:2d:81:18:40 LOWI_PHY_MODE_11NG_HT20(5), Beacon Interval: 100, LOWI_ENCRYPTION_TYPE_WPA_PSK 11mcRanging: No, ANQP: No, LCI: No, Civic: No, capability(0x0531): ESS Privacy ShortPreamble SpectrumMgmt ShortSlotTime
12-23 03:49:36.700 D/LOWI-9.0.0.87.a( 1331): [LOWI-Scan] BSS 18:6f:2d:81:18:40 FREQ: 2432, cFreq1[40:80:160] = [2432:0:0] cFreq2 = 0 Country Code = CN
12-23 03:49:36.700 D/LOWI-9.0.0.87.a( 1331): [LOWI-Scan] BSS 18:6f:2d:81:18:40 (wlan0) ASSO: NO AddInfo: 0x0, TSF 0, 02:35:16.779, RSSI: -134, CPL: 127, AGE: 724, SSID Testing , TSFDelta: 0xc14f5ee8, TXRate: 0
12-23 03:49:36.700 D/LOWI-9.0.0.87.a( 1331): [LOWI-Scan]
12-23 03:49:36.700 D/LOWI-9.0.0.87.a( 1331): [LOWI-Scan] print_bss_handler: Report Probe TSF 9316779638 as it greater than Beacon TSF 9302889839
12-23 03:49:36.700 D/LOWI-9.0.0.87.a( 1331): [LOWI-Scan] is_qcom_ie, bss_age: 0
12-23 03:49:36.701 D/LOWI-9.0.0.87.a( 1331): [LOWI-Scan] BSS 18:6f:2d:81:18:41 LOWI_PHY_MODE_11NG_HT20(5), Beacon Interval: 100, LOWI_ENCRYPTION_TYPE_OPEN 11mcRanging: No, ANQP: No, LCI: No, Civic: No, capability(0x0521): ESS ShortPreamble SpectrumMgmt ShortSlotTime
12-23 03:49:36.701 D/LOWI-9.0.0.87.a( 1331): [LOWI-Scan] BSS 18:6f:2d:81:18:41 FREQ: 2432, cFreq1[40:80:160] = [2432:0:0] cFreq2 = 0 Country Code = CN
12-23 03:49:36.701 D/LOWI-9.0.0.87.a( 1331): [LOWI-Scan] BSS 18:6f:2d:81:18:41 (wlan0) ASSO: NO AddInfo: 0x0, TSF 0, 02:35:16.779, RSSI: -132, CPL: 127, AGE: 724, SSID Guest, TSFDelta: 0xc155029e, TXRate: 0
12-23 03:49:36.701 D/LOWI-9.0.0.87.a( 1331): [LOWI-Scan]
12-23 03:49:36.701 D/LOWI-9.0.0.87.a( 1331): [LOWI-Scan] print_bss_handler: Report Probe TSF 9316779888 as it greater than Beacon TSF 9316734182
12-23 03:49:36.701 D/LOWI-9.0.0.87.a( 1331): [LOWI-Scan] decode_rsn_wpa_ie: LOWI_ENCRYPTION_TYPE_WPA_PSK
12-23 03:49:36.701 D/LOWI-9.0.0.87.a( 1331): [LOWI-Scan] is_qcom_ie, bss_age: 0
12-23 03:49:36.701 D/LOWI-9.0.0.87.a( 1331): [LOWI-Scan] BSS 18:6f:2d:81:18:42 LOWI_PHY_MODE_11NG_HT20(5), Beacon Interval: 100, LOWI_ENCRYPTION_TYPE_WPA_PSK 11mcRanging: No, ANQP: No, LCI: No, Civic: No, capability(0x0531): ESS Privacy ShortPreamble SpectrumMgmt ShortSlotTime
12-23 03:49:36.701 D/LOWI-9.0.0.87.a( 1331): [LOWI-Scan] BSS 18:6f:2d:81:18:42 FREQ: 2432, cFreq1[40:80:160] = [2432:0:0] cFreq2 = 0 Country Code = CN
12-23 03:49:36.701 D/LOWI-9.0.0.87.a( 1331): [LOWI-Scan] BSS 18:6f:2d:81:18:42 (wlan0) ASSO: NO AddInfo: 0x0, TSF 0, 02:35:16.779, RSSI: -132, CPL: 127, AGE: 724, SSID ThunderSoft_2.4G, TSFDelta: 0xc15a8d6b, TXRate: 0
12-23 03:49:36.701 D/LOWI-9.0.0.87.a( 1331): [LOWI-Scan]
12-23 03:49:36.701 D/LOWI-9.0.0.87.a( 1331): [LOWI-Scan] print_bss_handler: Report Probe TSF 9316780336 as it greater than Beacon TSF 9316734893
12-23 03:49:36.701 D/LOWI-9.0.0.87.a( 1331): [LOWI-Scan] decode_rsn_wpa_ie: LOWI_ENCRYPTION_TYPE_WPA_PSK
12-23 03:49:36.701 D/LOWI-9.0.0.87.a( 1331): [LOWI-Scan] is_qcom_ie, bss_age: 0
12-23 03:49:36.701 D/LOWI-9.0.0.87.a( 1331): [LOWI-Scan] BSS 18:6f:2d:81:18:43 LOWI_PHY_MODE_11NG_HT20(5), Beacon Interval: 100, LOWI_ENCRYPTION_TYPE_WPA_PSK 11mcRanging: No, ANQP: No, LCI: No, Civic: No, capability(0x0531): ESS Privacy ShortPreamble SpectrumMgmt ShortSlotTime
12-23 03:49:36.701 D/LOWI-9.0.0.87.a( 1331): [LOWI-Scan] BSS 18:6f:2d:81:18:43 FREQ: 2432, cFreq1[40:80:160] = [2432:0:0] cFreq2 = 0 Country Code = CN
12-23 03:49:36.701 D/LOWI-9.0.0.87.a( 1331): [LOWI-Scan] BSS 18:6f:2d:81:18:43 (wlan0) ASSO: NO AddInfo: 0x0, TSF 0, 02:35:16.780, RSSI: -132, CPL: 127, AGE: 720, SSID ZXHY, TSFDelta: 0xc15fff55, TXRate: 0
12-23 03:49:36.701 D/LOWI-9.0.0.87.a( 1331): [LOWI-Scan]
12-23 03:49:36.701 D/LOWI-9.0.0.87.a( 1331): [LOWI-Scan] print_bss_handler: Report Probe TSF 9316780457 as it greater than Beacon TSF 9316735683
12-23 03:49:36.701 D/LOWI-9.0.0.87.a( 1331): [LOWI-Scan] decode_rsn_wpa_ie: LOWI_ENCRYPTION_TYPE_WPA_PSK
12-23 03:49:36.701 D/LOWI-9.0.0.87.a( 1331): [LOWI-Scan] is_qcom_ie, bss_age: 0
12-23 03:49:36.702 D/LOWI-9.0.0.87.a( 1331): [LOWI-Scan] BSS 18:6f:2d:81:18:44 LOWI_PHY_MODE_11NG_HT20(5), Beacon Interval: 100, LOWI_ENCRYPTION_TYPE_WPA_PSK 11mcRanging: No, ANQP: No, LCI: No, Civic: No, capability(0x0531): ESS Privacy ShortPreamble SpectrumMgmt ShortSlotTime
12-23 03:49:36.702 D/LOWI-9.0.0.87.a( 1331): [LOWI-Scan] BSS 18:6f:2d:81:18:44 FREQ: 2432, cFreq1[40:80:160] = [2432:0:0] cFreq2 = 0 Country Code = CN
12-23 03:49:36.702 D/LOWI-9.0.0.87.a( 1331): [LOWI-Scan] BSS 18:6f:2d:81:18:44 (wlan0) ASSO: NO AddInfo: 0x0, TSF 0, 02:35:16.780, RSSI: -134, CPL: 127, AGE: 720, SSID Fanya, TSFDelta: 0xc165433b, TXRate: 0
12-23 03:49:36.702 D/LOWI-9.0.0.87.a( 1331): [LOWI-Scan]
12-23 03:49:36.702 D/LOWI-9.0.0.87.a( 1331): [LOWI-Scan] print_bss_handler: Report beacon TSF 9290653853 as it greater than probe TSF 9290611516
12-23 03:49:36.702 D/LOWI-9.0.0.87.a( 1331): [LOWI-Scan] decode_rsn_wpa_ie: LOWI_ENCRYPTION_TYPE_WPA_PSK
12-23 03:49:36.702 D/LOWI-9.0.0.87.a( 1331): [LOWI-Scan] is_qcom_ie, bss_age: 0
12-23 03:49:36.702 D/LOWI-9.0.0.87.a( 1331): [LOWI-Scan] adjust_age:AP AGE upper limit reached. Dont store
12-23 03:49:36.702 D/LOWI-9.0.0.87.a( 1331): [LOWI-Scan] BSS 58:d9:d5:44:ba:d8 LOWI_PHY_MODE_11G(1), Beacon Interval: 100, LOWI_ENCRYPTION_TYPE_WPA_PSK 11mcRanging: No, ANQP: No, LCI: No, Civic: No, capability(0x0011): ESS Privacy
12-23 03:49:36.702 D/LOWI-9.0.0.87.a( 1331): [LOWI-Scan] BSS 58:d9:d5:44:ba:d8 FREQ: 2432, cFreq1[40:80:160] = [0:0:0] cFreq2 = 0 Country Code =
12-23 03:49:36.702 D/LOWI-9.0.0.87.a( 1331): [LOWI-Scan] BSS 58:d9:d5:44:ba:d8 (wlan0) ASSO: NO AddInfo: 0x1, TSF 0, 02:34:50.653, RSSI: -66, CPL: 127, AGE: 26848, SSID TD-2.4G, TSFDelta: 0xdd89a7fb, TXRate: 0
12-23 03:49:36.703 D/LOWI-9.0.0.87.a( 1331): [LOWI-Scan]
12-23 03:49:36.703 D/LOWI-9.0.0.87.a( 1331): [LOWI-Scan] print_bss_handler: Report Probe TSF 9316780575 as it greater than Beacon TSF 9316736444
12-23 03:49:36.703 D/LOWI-9.0.0.87.a( 1331): [LOWI-Scan] decode_rsn_wpa_ie: LOWI_ENCRYPTION_TYPE_WPA_PSK
12-23 03:49:36.703 D/LOWI-9.0.0.87.a( 1331): [LOWI-Scan] is_qcom_ie, bss_age: 0
12-23 03:49:36.703 D/LOWI-9.0.0.87.a( 1331): [LOWI-Scan] BSS 18:6f:2d:81:18:45 LOWI_PHY_MODE_11NG_HT20(5), Beacon Interval: 100, LOWI_ENCRYPTION_TYPE_WPA_PSK 11mcRanging: No, ANQP: No, LCI: No, Civic: No, capability(0x0531): ESS Privacy ShortPreamble SpectrumMgmt ShortSlotTime
12-23 03:49:36.703 D/LOWI-9.0.0.87.a( 1331): [LOWI-Scan] BSS 18:6f:2d:81:18:45 FREQ: 2432, cFreq1[40:80:160] = [2432:0:0] cFreq2 = 0 Country Code = CN
12-23 03:49:36.703 D/LOWI-9.0.0.87.a( 1331): [LOWI-Scan] BSS 18:6f:2d:81:18:45 (wlan0) ASSO: NO AddInfo: 0x0, TSF 0, 02:35:16.780, RSSI: -132, CPL: 127, AGE: 720, SSID 123, TSFDelta: 0xc16a6c2a, TXRate: 0
12-23 03:49:36.704 D/LOWI-9.0.0.87.a( 1331): [LOWI-Scan]
12-23 03:49:36.704 D/LOWI-9.0.0.87.a( 1331): [LOWI-Scan] print_bss_handler: Report beacon TSF 9316870677 as it greater than probe TSF 9316839354
12-23 03:49:36.704 D/LOWI-9.0.0.87.a( 1331): [LOWI-Scan] decode_rsn_wpa_ie: LOWI_ENCRYPTION_TYPE_WPA_PSK
12-23 03:49:36.704 D/LOWI-9.0.0.87.a( 1331): [LOWI-Scan] is_qcom_ie, bss_age: 0
12-23 03:49:36.704 D/LOWI-9.0.0.87.a( 1331): [LOWI-Scan] BSS 18:6f:2d:81:25:40 LOWI_PHY_MODE_11NG_HT20(5), Beacon Interval: 100, LOWI_ENCRYPTION_TYPE_WPA_PSK 11mcRanging: No, ANQP: No, LCI: No, Civic: No, capability(0x0531): ESS Privacy ShortPreamble SpectrumMgmt ShortSlotTime
12-23 03:49:36.704 D/LOWI-9.0.0.87.a( 1331): [LOWI-Scan] BSS 18:6f:2d:81:25:40 FREQ: 2437, cFreq1[40:80:160] = [2437:0:0] cFreq2 = 0 Country Code = CN
12-23 03:49:36.704 D/LOWI-9.0.0.87.a( 1331): [LOWI-Scan] BSS 18:6f:2d:81:25:40 (wlan0) ASSO: NO AddInfo: 0x1, TSF 0, 02:35:16.870, RSSI: -86, CPL: 127, AGE: 632, SSID Testing , TSFDelta: 0x6732e8de, TXRate: 0
12-23 03:49:36.704 D/LOWI-9.0.0.87.a( 1331): [LOWI-Scan]
12-23 03:49:36.704 D/LOWI-9.0.0.87.a( 1331): [LOWI-Scan] print_bss_handler: Report Probe TSF 9316840991 as it greater than Beacon TSF 9302933216
12-23 03:49:36.704 D/LOWI-9.0.0.87.a( 1331): [LOWI-Scan] is_qcom_ie, bss_age: 0
12-23 03:49:36.704 D/LOWI-9.0.0.87.a( 1331): [LOWI-Scan] BSS 18:6f:2d:81:25:41 LOWI_PHY_MODE_11NG_HT20(5), Beacon Interval: 100, LOWI_ENCRYPTION_TYPE_OPEN 11mcRanging: No, ANQP: No, LCI: No, Civic: No, capability(0x0521): ESS ShortPreamble SpectrumMgmt ShortSlotTime
12-23 03:49:36.704 D/LOWI-9.0.0.87.a( 1331): [LOWI-Scan] BSS 18:6f:2d:81:25:41 FREQ: 2437, cFreq1[40:80:160] = [2437:0:0] cFreq2 = 0 Country Code = CN
12-23 03:49:36.704 D/LOWI-9.0.0.87.a( 1331): [LOWI-Scan] BSS 18:6f:2d:81:25:41 (wlan0) ASSO: NO AddInfo: 0x0, TSF 0, 02:35:16.840, RSSI: -86, CPL: 127, AGE: 660, SSID Guest, TSFDelta: 0x6740e6a7, TXRate: 0
12-23 03:49:36.704 D/LOWI-9.0.0.87.a( 1331): [LOWI-Scan]
12-23 03:49:36.704 D/LOWI-9.0.0.87.a( 1331): [LOWI-Scan] print_bss_handler: Report Probe TSF 9316842975 as it greater than Beacon TSF 9302935821
12-23 03:49:36.704 D/LOWI-9.0.0.87.a( 1331): [LOWI-Scan] decode_rsn_wpa_ie: LOWI_ENCRYPTION_TYPE_WPA_PSK
12-23 03:49:36.704 D/LOWI-9.0.0.87.a( 1331): [LOWI-Scan] is_qcom_ie, bss_age: 0
12-23 03:49:36.704 D/LOWI-9.0.0.87.a( 1331): [LOWI-Scan] BSS 18:6f:2d:81:25:42 LOWI_PHY_MODE_11NG_HT20(5), Beacon Interval: 100, LOWI_ENCRYPTION_TYPE_WPA_PSK 11mcRanging: No, ANQP: No, LCI: No, Civic: No, capability(0x0531): ESS Privacy ShortPreamble SpectrumMgmt ShortSlotTime
12-23 03:49:36.704 D/LOWI-9.0.0.87.a( 1331): [LOWI-Scan] BSS 18:6f:2d:81:25:42 FREQ: 2437, cFreq1[40:80:160] = [2437:0:0] cFreq2 = 0 Country Code = CN
12-23 03:49:36.704 D/LOWI-9.0.0.87.a( 1331): [LOWI-Scan] BSS 18:6f:2d:81:25:42 (wlan0) ASSO: NO AddInfo: 0x0, TSF 0, 02:35:16.842, RSSI: -86, CPL: 127, AGE: 660, SSID ThunderSoft_2.4G, TSFDelta: 0x674da7d5, TXRate: 0
12-23 03:49:36.704 D/LOWI-9.0.0.87.a( 1331): [LOWI-Scan]
12-23 03:49:36.704 D/LOWI-9.0.0.87.a( 1331): [LOWI-Scan] print_bss_handler: Report Probe TSF 9316845586 as it greater than Beacon TSF 9302937612
12-23 03:49:36.704 D/LOWI-9.0.0.87.a( 1331): [LOWI-Scan] decode_rsn_wpa_ie: LOWI_ENCRYPTION_TYPE_WPA_PSK
12-23 03:49:36.704 D/LOWI-9.0.0.87.a( 1331): [LOWI-Scan] is_qcom_ie, bss_age: 0
12-23 03:49:36.704 D/LOWI-9.0.0.87.a( 1331): [LOWI-Scan] BSS 18:6f:2d:81:25:43 LOWI_PHY_MODE_11NG_HT20(5), Beacon Interval: 100, LOWI_ENCRYPTION_TYPE_WPA_PSK 11mcRanging: No, ANQP: No, LCI: No, Civic: No, capability(0x0531): ESS Privacy ShortPreamble SpectrumMgmt ShortSlotTime
12-23 03:49:36.704 D/LOWI-9.0.0.87.a( 1331): [LOWI-Scan] BSS 18:6f:2d:81:25:43 FREQ: 2437, cFreq1[40:80:160] = [2437:0:0] cFreq2 = 0 Country Code = CN
12-23 03:49:36.705 D/LOWI-9.0.0.87.a( 1331): [LOWI-Scan] BSS 18:6f:2d:81:25:43 (wlan0) ASSO: NO AddInfo: 0x0, TSF 0, 02:35:16.845, RSSI: -84, CPL: 127, AGE: 656, SSID ZXHY, TSFDelta: 0x67613f95, TXRate: 0
12-23 03:49:36.705 D/LOWI-9.0.0.87.a( 1331): [LOWI-Scan]
12-23 03:49:36.705 D/LOWI-9.0.0.87.a( 1331): [LOWI-Scan] print_bss_handler: Report Probe TSF 9316847658 as it greater than Beacon TSF 9302938890
12-23 03:49:36.705 D/LOWI-9.0.0.87.a( 1331): [LOWI-Scan] decode_rsn_wpa_ie: LOWI_ENCRYPTION_TYPE_WPA_PSK
12-23 03:49:36.705 D/LOWI-9.0.0.87.a( 1331): [LOWI-Scan] is_qcom_ie, bss_age: 0
12-23 03:49:36.705 D/LOWI-9.0.0.87.a( 1331): [LOWI-Scan] BSS 18:6f:2d:81:25:44 LOWI_PHY_MODE_11NG_HT20(5), Beacon Interval: 100, LOWI_ENCRYPTION_TYPE_WPA_PSK 11mcRanging: No, ANQP: No, LCI: No, Civic: No, capability(0x0531): ESS Privacy ShortPreamble SpectrumMgmt ShortSlotTime
12-23 03:49:36.705 D/LOWI-9.0.0.87.a( 1331): [LOWI-Scan] BSS 18:6f:2d:81:25:44 FREQ: 2437, cFreq1[40:80:160] = [2437:0:0] cFreq2 = 0 Country Code = CN
12-23 03:49:36.705 D/LOWI-9.0.0.87.a( 1331): [LOWI-Scan] BSS 18:6f:2d:81:25:44 (wlan0) ASSO: NO AddInfo: 0x0, TSF 0, 02:35:16.847, RSSI: -86, CPL: 127, AGE: 656, SSID Fanya, TSFDelta: 0x676f1896, TXRate: 0
12-23 03:49:36.705 D/LOWI-9.0.0.87.a( 1331): [LOWI-Scan]
12-23 03:49:36.705 D/LOWI-9.0.0.87.a( 1331): [LOWI-Scan] print_bss_handler: Report beacon TSF 9316870776 as it greater than probe TSF 9316824354
12-23 03:49:36.705 D/LOWI-9.0.0.87.a( 1331): [LOWI-Scan] decode_rsn_wpa_ie: LOWI_ENCRYPTION_TYPE_WPA_PSK
12-23 03:49:36.705 D/LOWI-9.0.0.87.a( 1331): [LOWI-Scan] is_qcom_ie, bss_age: 0
12-23 03:49:36.705 D/LOWI-9.0.0.87.a( 1331): [LOWI-Scan] BSS 18:6f:2d:0a:b8:50 LOWI_PHY_MODE_11AC_VHT20(8), Beacon Interval: 100, LOWI_ENCRYPTION_TYPE_WPA_PSK 11mcRanging: No, ANQP: No, LCI: No, Civic: No, capability(0x0111): ESS Privacy SpectrumMgmt
12-23 03:49:36.705 D/LOWI-9.0.0.87.a( 1331): [LOWI-Scan] BSS 18:6f:2d:0a:b8:50 FREQ: 5260, cFreq1[40:80:160] = [5260:0:0] cFreq2 = 0 Country Code = CN
12-23 03:49:36.705 D/LOWI-9.0.0.87.a( 1331): [LOWI-Scan] BSS 18:6f:2d:0a:b8:50 (wlan0) ASSO: NO AddInfo: 0x1, TSF 0, 02:35:16.870, RSSI: -146, CPL: 127, AGE: 632, SSID Testing , TSFDelta: 0x7d221abb, TXRate: 0
12-23 03:49:36.705 D/LOWI-9.0.0.87.a( 1331): [LOWI-Scan]
12-23 03:49:36.705 D/LOWI-9.0.0.87.a( 1331): [LOWI-Scan] print_bss_handler: Report beacon TSF 9316870870 as it greater than probe TSF 9316825316
12-23 03:49:36.705 D/LOWI-9.0.0.87.a( 1331): [LOWI-Scan] is_qcom_ie, bss_age: 0
12-23 03:49:36.705 D/LOWI-9.0.0.87.a( 1331): [LOWI-Scan] BSS 18:6f:2d:0a:b8:51 LOWI_PHY_MODE_11AC_VHT20(8), Beacon Interval: 100, LOWI_ENCRYPTION_TYPE_OPEN 11mcRanging: No, ANQP: No, LCI: No, Civic: No, capability(0x0101): ESS SpectrumMgmt
12-23 03:49:36.705 D/LOWI-9.0.0.87.a( 1331): [LOWI-Scan] BSS 18:6f:2d:0a:b8:51 FREQ: 5260, cFreq1[40:80:160] = [5260:0:0] cFreq2 = 0 Country Code = CN
12-23 03:49:36.705 D/LOWI-9.0.0.87.a( 1331): [LOWI-Scan] BSS 18:6f:2d:0a:b8:51 (wlan0) ASSO: NO AddInfo: 0x1, TSF 0, 02:35:16.870, RSSI: -146, CPL: 127, AGE: 632, SSID Guest, TSFDelta: 0x7d2a3c2a, TXRate: 0
12-23 03:49:36.706 D/LOWI-9.0.0.87.a( 1331): [LOWI-Scan]
12-23 03:49:36.706 D/LOWI-9.0.0.87.a( 1331): [LOWI-Scan] print_bss_handler: Report beacon TSF 9316870948 as it greater than probe TSF 9316825387
12-23 03:49:36.706 D/LOWI-9.0.0.87.a( 1331): [LOWI-Scan] decode_rsn_wpa_ie: LOWI_ENCRYPTION_TYPE_WPA_PSK
12-23 03:49:36.706 D/LOWI-9.0.0.87.a( 1331): [LOWI-Scan] is_qcom_ie, bss_age: 0
12-23 03:49:36.706 D/LOWI-9.0.0.87.a( 1331): [LOWI-Scan] BSS 18:6f:2d:0a:b8:52 LOWI_PHY_MODE_11AC_VHT20(8), Beacon Interval: 100, LOWI_ENCRYPTION_TYPE_WPA_PSK 11mcRanging: No, ANQP: No, LCI: No, Civic: No, capability(0x0111): ESS Privacy SpectrumMgmt
12-23 03:49:36.706 D/LOWI-9.0.0.87.a( 1331): [LOWI-Scan] BSS 18:6f:2d:0a:b8:52 FREQ: 5260, cFreq1[40:80:160] = [5260:0:0] cFreq2 = 0 Country Code = CN
12-23 03:49:36.706 D/LOWI-9.0.0.87.a( 1331): [LOWI-Scan] BSS 18:6f:2d:0a:b8:52 (wlan0) ASSO: NO AddInfo: 0x1, TSF 0, 02:35:16.870, RSSI: -146, CPL: 127, AGE: 632, SSID ZXHY, TSFDelta: 0x7d2d227f, TXRate: 0
12-23 03:49:36.706 D/LOWI-9.0.0.87.a( 1331): [LOWI-Scan]
12-23 03:49:36.706 D/LOWI-9.0.0.87.a( 1331): [LOWI-Scan] print_bss_handler: Report beacon TSF 9316871011 as it greater than probe TSF 9302963701
12-23 03:49:36.706 D/LOWI-9.0.0.87.a( 1331): [LOWI-Scan] decode_rsn_wpa_ie: LOWI_ENCRYPTION_TYPE_WPA_PSK
12-23 03:49:36.706 D/LOWI-9.0.0.87.a( 1331): [LOWI-Scan] is_qcom_ie, bss_age: 0
12-23 03:49:36.706 D/LOWI-9.0.0.87.a( 1331): [LOWI-Scan] BSS 18:6f:2d:0a:b8:53 LOWI_PHY_MODE_11AC_VHT20(8), Beacon Interval: 100, LOWI_ENCRYPTION_TYPE_WPA_PSK 11mcRanging: No, ANQP: No, LCI: No, Civic: No, capability(0x0111): ESS Privacy SpectrumMgmt
12-23 03:49:36.706 D/LOWI-9.0.0.87.a( 1331): [LOWI-Scan] BSS 18:6f:2d:0a:b8:53 FREQ: 5260, cFreq1[40:80:160] = [5260:0:0] cFreq2 = 0 Country Code = CN
12-23 03:49:36.706 D/LOWI-9.0.0.87.a( 1331): [LOWI-Scan] BSS 18:6f:2d:0a:b8:53 (wlan0) ASSO: NO AddInfo: 0x1, TSF 0, 02:35:16.871, RSSI: -146, CPL: 127, AGE: 632, SSID Fanya, TSFDelta: 0x7e389414, TXRate: 0
12-23 03:49:36.706 D/LOWI-9.0.0.87.a( 1331): [LOWI-Scan]
12-23 03:49:36.706 D/LOWI-9.0.0.87.a( 1331): [LOWI-Scan] print_bss_handler: Report beacon TSF 9316871070 as it greater than probe TSF 9316827833
12-23 03:49:36.706 D/LOWI-9.0.0.87.a( 1331): [LOWI-Scan] decode_rsn_wpa_ie: LOWI_ENCRYPTION_TYPE_WPA_PSK
12-23 03:49:36.706 D/LOWI-9.0.0.87.a( 1331): [LOWI-Scan] is_qcom_ie, bss_age: 0
12-23 03:49:36.706 D/LOWI-9.0.0.87.a( 1331): [LOWI-Scan] BSS 18:6f:2d:0a:b8:54 LOWI_PHY_MODE_11AC_VHT20(8), Beacon Interval: 100, LOWI_ENCRYPTION_TYPE_WPA_PSK 11mcRanging: No, ANQP: No, LCI: No, Civic: No, capability(0x0111): ESS Privacy SpectrumMgmt
12-23 03:49:36.706 D/LOWI-9.0.0.87.a( 1331): [LOWI-Scan] BSS 18:6f:2d:0a:b8:54 FREQ: 5260, cFreq1[40:80:160] = [5260:0:0] cFreq2 = 0 Country Code = CN
12-23 03:49:36.706 D/LOWI-9.0.0.87.a( 1331): [LOWI-Scan] BSS 18:6f:2d:0a:b8:54 (wlan0) ASSO: NO AddInfo: 0x1, TSF 0, 02:35:16.871, RSSI: -146, CPL: 127, AGE: 632, SSID ThunderSoft, TSFDelta: 0x7d3e9542, TXRate: 0
12-23 03:49:36.707 D/LOWI-9.0.0.87.a( 1331): [LOWI-Scan]
12-23 03:49:36.707 D/LOWI-9.0.0.87.a( 1331): [LOWI-Scan] print_bss_handler: Report beacon TSF 9316871129 as it greater than probe TSF 9316828475
12-23 03:49:36.707 D/LOWI-9.0.0.87.a( 1331): [LOWI-Scan] decode_rsn_wpa_ie: LOWI_ENCRYPTION_TYPE_WPA_PSK
12-23 03:49:36.707 D/LOWI-9.0.0.87.a( 1331): [LOWI-Scan] is_qcom_ie, bss_age: 0
12-23 03:49:36.707 D/LOWI-9.0.0.87.a( 1331): [LOWI-Scan] BSS 18:6f:2d:0a:b8:55 LOWI_PHY_MODE_11AC_VHT20(8), Beacon Interval: 100, LOWI_ENCRYPTION_TYPE_WPA_PSK 11mcRanging: No, ANQP: No, LCI: No, Civic: No, capability(0x0111): ESS Privacy SpectrumMgmt
12-23 03:49:36.707 D/LOWI-9.0.0.87.a( 1331): [LOWI-Scan] BSS 18:6f:2d:0a:b8:55 FREQ: 5260, cFreq1[40:80:160] = [5260:0:0] cFreq2 = 0 Country Code = CN
12-23 03:49:36.707 D/LOWI-9.0.0.87.a( 1331): [LOWI-Scan] BSS 18:6f:2d:0a:b8:55 (wlan0) ASSO: NO AddInfo: 0x1, TSF 0, 02:35:16.871, RSSI: -146, CPL: 127, AGE: 632, SSID GM, TSFDelta: 0x7d414e27, TXRate: 0
12-23 03:49:36.707 D/LOWI-9.0.0.87.a( 1331): [LOWI-Scan]
12-23 03:49:36.707 D/LOWI-9.0.0.87.a( 1331): [LOWI-Scan] print_bss_handler: Report Probe TSF 9316828989 as it greater than Beacon TSF 9316796823
12-23 03:49:36.707 D/LOWI-9.0.0.87.a( 1331): [LOWI-Scan] decode_rsn_wpa_ie: LOWI_ENCRYPTION_TYPE_WPA_PSK
12-23 03:49:36.707 D/LOWI-9.0.0.87.a( 1331): [LOWI-Scan] is_qcom_ie, bss_age: 0
12-23 03:49:36.707 D/LOWI-9.0.0.87.a( 1331): [LOWI-Scan] BSS 18:6f:2d:81:18:54 LOWI_PHY_MODE_11AC_VHT20(8), Beacon Interval: 100, LOWI_ENCRYPTION_TYPE_WPA_PSK 11mcRanging: No, ANQP: No, LCI: No, Civic: No, capability(0x0111): ESS Privacy SpectrumMgmt
12-23 03:49:36.707 D/LOWI-9.0.0.87.a( 1331): [LOWI-Scan] BSS 18:6f:2d:81:18:54 FREQ: 5260, cFreq1[40:80:160] = [5260:0:0] cFreq2 = 0 Country Code = CN
12-23 03:49:36.707 D/LOWI-9.0.0.87.a( 1331): [LOWI-Scan] BSS 18:6f:2d:81:18:54 (wlan0) ASSO: NO AddInfo: 0x0, TSF 0, 02:35:16.828, RSSI: -162, CPL: 127, AGE: 672, SSID ThunderSoft, TSFDelta: 0xff1af00e, TXRate: 0
12-23 03:49:36.707 D/LOWI-9.0.0.87.a( 1331): [LOWI-Scan]
12-23 03:49:36.707 D/LOWI-9.0.0.87.a( 1331): [LOWI-Scan] print_bss_handler: Report Probe TSF 9316828537 as it greater than Beacon TSF 9316796753
12-23 03:49:36.707 D/LOWI-9.0.0.87.a( 1331): [LOWI-Scan] decode_rsn_wpa_ie: LOWI_ENCRYPTION_TYPE_WPA_PSK
12-23 03:49:36.707 D/LOWI-9.0.0.87.a( 1331): [LOWI-Scan] is_qcom_ie, bss_age: 0
12-23 03:49:36.707 D/LOWI-9.0.0.87.a( 1331): [LOWI-Scan] BSS 18:6f:2d:81:18:53 LOWI_PHY_MODE_11AC_VHT20(8), Beacon Interval: 100, LOWI_ENCRYPTION_TYPE_WPA_PSK 11mcRanging: No, ANQP: No, LCI: No, Civic: No, capability(0x0111): ESS Privacy SpectrumMgmt
12-23 03:49:36.707 D/LOWI-9.0.0.87.a( 1331): [LOWI-Scan] BSS 18:6f:2d:81:18:53 FREQ: 5260, cFreq1[40:80:160] = [5260:0:0] cFreq2 = 0 Country Code = CN
12-23 03:49:36.707 D/LOWI-9.0.0.87.a( 1331): [LOWI-Scan] BSS 18:6f:2d:81:18:53 (wlan0) ASSO: NO AddInfo: 0x0, TSF 0, 02:35:16.828, RSSI: -164, CPL: 127, AGE: 672, SSID Fanya, TSFDelta: 0xff183e78, TXRate: 0
12-23 03:49:36.707 D/LOWI-9.0.0.87.a( 1331): [LOWI-Scan]
12-23 03:49:36.707 D/LOWI-9.0.0.87.a( 1331): [LOWI-Scan] print_bss_handler: Report Probe TSF 9316829247 as it greater than Beacon TSF 9316797097
12-23 03:49:36.707 D/LOWI-9.0.0.87.a( 1331): [LOWI-Scan] decode_rsn_wpa_ie: LOWI_ENCRYPTION_TYPE_WPA_PSK
12-23 03:49:36.707 D/LOWI-9.0.0.87.a( 1331): [LOWI-Scan] is_qcom_ie, bss_age: 0
12-23 03:49:36.708 D/LOWI-9.0.0.87.a( 1331): [LOWI-Scan] BSS 18:6f:2d:81:18:55 LOWI_PHY_MODE_11AC_VHT20(8), Beacon Interval: 100, LOWI_ENCRYPTION_TYPE_WPA_PSK 11mcRanging: No, ANQP: No, LCI: No, Civic: No, capability(0x0111): ESS Privacy SpectrumMgmt
12-23 03:49:36.708 D/LOWI-9.0.0.87.a( 1331): [LOWI-Scan] BSS 18:6f:2d:81:18:55 FREQ: 5260, cFreq1[40:80:160] = [5260:0:0] cFreq2 = 0 Country Code = CN
12-23 03:49:36.708 D/LOWI-9.0.0.87.a( 1331): [LOWI-Scan] BSS 18:6f:2d:81:18:55 (wlan0) ASSO: NO AddInfo: 0x0, TSF 0, 02:35:16.829, RSSI: -162, CPL: 127, AGE: 672, SSID GM, TSFDelta: 0xff1da8ab, TXRate: 0
12-23 03:49:36.708 D/LOWI-9.0.0.87.a( 1331): [LOWI-Scan]
12-23 03:49:36.708 D/LOWI-9.0.0.87.a( 1331): [LOWI-Scan] print_bss_handler: Report Probe TSF 9316829607 as it greater than Beacon TSF 9316797420
12-23 03:49:36.708 D/LOWI-9.0.0.87.a( 1331): [LOWI-Scan] decode_rsn_wpa_ie: LOWI_ENCRYPTION_TYPE_WPA_PSK
12-23 03:49:36.708 D/LOWI-9.0.0.87.a( 1331): [LOWI-Scan] is_qcom_ie, bss_age: 0
12-23 03:49:36.708 D/LOWI-9.0.0.87.a( 1331): [LOWI-Scan] BSS 18:6f:2d:81:18:56 LOWI_PHY_MODE_11AC_VHT20(8), Beacon Interval: 100, LOWI_ENCRYPTION_TYPE_WPA_PSK 11mcRanging: No, ANQP: No, LCI: No, Civic: No, capability(0x0111): ESS Privacy SpectrumMgmt
12-23 03:49:36.708 D/LOWI-9.0.0.87.a( 1331): [LOWI-Scan] BSS 18:6f:2d:81:18:56 FREQ: 5260, cFreq1[40:80:160] = [5260:0:0] cFreq2 = 0 Country Code = CN
12-23 03:49:36.708 D/LOWI-9.0.0.87.a( 1331): [LOWI-Scan] BSS 18:6f:2d:81:18:56 (wlan0) ASSO: NO AddInfo: 0x0, TSF 0, 02:35:16.829, RSSI: -162, CPL: 127, AGE: 672, SSID 123, TSFDelta: 0xff203118, TXRate: 0
12-23 03:49:36.708 D/LOWI-9.0.0.87.a( 1331): [LOWI-Scan]
12-23 03:49:36.708 D/LOWI-9.0.0.87.a( 1331): [LOWI-Scan] print_bss_handler: Report Probe TSF 9316941737 as it greater than Beacon TSF 9316911553
12-23 03:49:36.708 D/LOWI-9.0.0.87.a( 1331): [LOWI-Scan] decode_rsn_wpa_ie: LOWI_ENCRYPTION_TYPE_WPA_PSK
12-23 03:49:36.708 D/LOWI-9.0.0.87.a( 1331): [LOWI-Scan] is_qcom_ie, bss_age: 0
12-23 03:49:36.708 D/LOWI-9.0.0.87.a( 1331): [LOWI-Scan] BSS 18:6f:2d:80:dd:70 LOWI_PHY_MODE_11AC_VHT20(8), Beacon Interval: 100, LOWI_ENCRYPTION_TYPE_WPA_PSK 11mcRanging: No, ANQP: No, LCI: No, Civic: No, capability(0x0111): ESS Privacy SpectrumMgmt
12-23 03:49:36.708 D/LOWI-9.0.0.87.a( 1331): [LOWI-Scan] BSS 18:6f:2d:80:dd:70 FREQ: 5280, cFreq1[40:80:160] = [5280:0:0] cFreq2 = 0 Country Code = CN
12-23 03:49:36.708 D/LOWI-9.0.0.87.a( 1331): [LOWI-Scan] BSS 18:6f:2d:80:dd:70 (wlan0) ASSO: NO AddInfo: 0x0, TSF 0, 02:35:16.941, RSSI: -132, CPL: 127, AGE: 560, SSID Testing , TSFDelta: 0x7e2334f6, TXRate: 0
12-23 03:49:36.708 D/LOWI-9.0.0.87.a( 1331): [LOWI-Scan]
12-23 03:49:36.708 D/LOWI-9.0.0.87.a( 1331): [LOWI-Scan] print_bss_handler: Report Probe TSF 9316942605 as it greater than Beacon TSF 9316911767
12-23 03:49:36.708 D/LOWI-9.0.0.87.a( 1331): [LOWI-Scan] is_qcom_ie, bss_age: 0
12-23 03:49:36.708 D/LOWI-9.0.0.87.a( 1331): [LOWI-Scan] BSS 18:6f:2d:80:dd:71 LOWI_PHY_MODE_11AC_VHT20(8), Beacon Interval: 100, LOWI_ENCRYPTION_TYPE_OPEN 11mcRanging: No, ANQP: No, LCI: No, Civic: No, capability(0x0101): ESS SpectrumMgmt
12-23 03:49:36.708 D/LOWI-9.0.0.87.a( 1331): [LOWI-Scan] BSS 18:6f:2d:80:dd:71 FREQ: 5280, cFreq1[40:80:160] = [5280:0:0] cFreq2 = 0 Country Code = CN
12-23 03:49:36.708 D/LOWI-9.0.0.87.a( 1331): [LOWI-Scan] BSS 18:6f:2d:80:dd:71 (wlan0) ASSO: NO AddInfo: 0x0, TSF 0, 02:35:16.942, RSSI: -130, CPL: 127, AGE: 560, SSID Guest, TSFDelta: 0x7e289516, TXRate: 0
12-23 03:49:36.709 D/LOWI-9.0.0.87.a( 1331): [LOWI-Scan]
12-23 03:49:36.709 D/LOWI-9.0.0.87.a( 1331): [LOWI-Scan] print_bss_handler: Report Probe TSF 9316943243 as it greater than Beacon TSF 9316911833
12-23 03:49:36.709 D/LOWI-9.0.0.87.a( 1331): [LOWI-Scan] decode_rsn_wpa_ie: LOWI_ENCRYPTION_TYPE_WPA_PSK
12-23 03:49:36.709 D/LOWI-9.0.0.87.a( 1331): [LOWI-Scan] is_qcom_ie, bss_age: 0
12-23 03:49:36.709 D/LOWI-9.0.0.87.a( 1331): [LOWI-Scan] BSS 18:6f:2d:80:dd:72 LOWI_PHY_MODE_11AC_VHT20(8), Beacon Interval: 100, LOWI_ENCRYPTION_TYPE_WPA_PSK 11mcRanging: No, ANQP: No, LCI: No, Civic: No, capability(0x0111): ESS Privacy SpectrumMgmt
12-23 03:49:36.709 D/LOWI-9.0.0.87.a( 1331): [LOWI-Scan] BSS 18:6f:2d:80:dd:72 FREQ: 5280, cFreq1[40:80:160] = [5280:0:0] cFreq2 = 0 Country Code = CN
12-23 03:49:36.709 D/LOWI-9.0.0.87.a( 1331): [LOWI-Scan] BSS 18:6f:2d:80:dd:72 (wlan0) ASSO: NO AddInfo: 0x0, TSF 0, 02:35:16.943, RSSI: -132, CPL: 127, AGE: 560, SSID ZXHY, TSFDelta: 0x7e2e074e, TXRate: 0
12-23 03:49:36.709 D/LOWI-9.0.0.87.a( 1331): [LOWI-Scan]
12-23 03:49:36.709 D/LOWI-9.0.0.87.a( 1331): [LOWI-Scan] print_bss_handler: Report Probe TSF 9316944662 as it greater than Beacon TSF 9316912473
12-23 03:49:36.709 D/LOWI-9.0.0.87.a( 1331): [LOWI-Scan] decode_rsn_wpa_ie: LOWI_ENCRYPTION_TYPE_WPA_PSK
12-23 03:49:36.709 D/LOWI-9.0.0.87.a( 1331): [LOWI-Scan] is_qcom_ie, bss_age: 0
12-23 03:49:36.709 D/LOWI-9.0.0.87.a( 1331): [LOWI-Scan] BSS 18:6f:2d:80:dd:73 LOWI_PHY_MODE_11AC_VHT20(8), Beacon Interval: 100, LOWI_ENCRYPTION_TYPE_WPA_PSK 11mcRanging: No, ANQP: No, LCI: No, Civic: No, capability(0x0111): ESS Privacy SpectrumMgmt
12-23 03:49:36.709 D/LOWI-9.0.0.87.a( 1331): [LOWI-Scan] BSS 18:6f:2d:80:dd:73 FREQ: 5280, cFreq1[40:80:160] = [5280:0:0] cFreq2 = 0 Country Code = CN
12-23 03:49:36.709 D/LOWI-9.0.0.87.a( 1331): [LOWI-Scan] BSS 18:6f:2d:80:dd:73 (wlan0) ASSO: NO AddInfo: 0x0, TSF 0, 02:35:16.944, RSSI: -130, CPL: 127, AGE: 556, SSID Fanya, TSFDelta: 0x7e337fe9, TXRate: 0
12-23 03:49:36.709 D/LOWI-9.0.0.87.a( 1331): [LOWI-Scan]
12-23 03:49:36.709 D/LOWI-9.0.0.87.a( 1331): [LOWI-Scan] print_bss_handler: Report Probe TSF 9316944955 as it greater than Beacon TSF 9316912558
12-23 03:49:36.709 D/LOWI-9.0.0.87.a( 1331): [LOWI-Scan] decode_rsn_wpa_ie: LOWI_ENCRYPTION_TYPE_WPA_PSK
12-23 03:49:36.709 D/LOWI-9.0.0.87.a( 1331): [LOWI-Scan] is_qcom_ie, bss_age: 0
12-23 03:49:36.709 D/LOWI-9.0.0.87.a( 1331): [LOWI-Scan] BSS 18:6f:2d:80:dd:74 LOWI_PHY_MODE_11AC_VHT20(8), Beacon Interval: 100, LOWI_ENCRYPTION_TYPE_WPA_PSK 11mcRanging: No, ANQP: No, LCI: No, Civic: No, capability(0x0111): ESS Privacy SpectrumMgmt
12-23 03:49:36.709 D/LOWI-9.0.0.87.a( 1331): [LOWI-Scan] BSS 18:6f:2d:80:dd:74 FREQ: 5280, cFreq1[40:80:160] = [5280:0:0] cFreq2 = 0 Country Code = CN
12-23 03:49:36.710 D/LOWI-9.0.0.87.a( 1331): [LOWI-Scan] BSS 18:6f:2d:80:dd:74 (wlan0) ASSO: NO AddInfo: 0x0, TSF 0, 02:35:16.944, RSSI: -130, CPL: 127, AGE: 556, SSID ThunderSoft, TSFDelta: 0x7e38d9bb, TXRate: 0
12-23 03:49:36.710 D/LOWI-9.0.0.87.a( 1331): [LOWI-Scan]
12-23 03:49:36.710 D/LOWI-9.0.0.87.a( 1331): [LOWI-Scan] print_bss_handler: Report Probe TSF 9316945527 as it greater than Beacon TSF 9316912869
12-23 03:49:36.710 D/LOWI-9.0.0.87.a( 1331): [LOWI-Scan] decode_rsn_wpa_ie: LOWI_ENCRYPTION_TYPE_WPA_PSK
12-23 03:49:36.710 D/LOWI-9.0.0.87.a( 1331): [LOWI-Scan] is_qcom_ie, bss_age: 0
12-23 03:49:36.710 D/LOWI-9.0.0.87.a( 1331): [LOWI-Scan] BSS 18:6f:2d:80:dd:75 LOWI_PHY_MODE_11AC_VHT20(8), Beacon Interval: 100, LOWI_ENCRYPTION_TYPE_WPA_PSK 11mcRanging: No, ANQP: No, LCI: No, Civic: No, capability(0x0111): ESS Privacy SpectrumMgmt
12-23 03:49:36.710 D/LOWI-9.0.0.87.a( 1331): [LOWI-Scan] BSS 18:6f:2d:80:dd:75 FREQ: 5280, cFreq1[40:80:160] = [5280:0:0] cFreq2 = 0 Country Code = CN
12-23 03:49:36.710 D/LOWI-9.0.0.87.a( 1331): [LOWI-Scan] BSS 18:6f:2d:80:dd:75 (wlan0) ASSO: NO AddInfo: 0x0, TSF 0, 02:35:16.945, RSSI: -130, CPL: 127, AGE: 556, SSID GM, TSFDelta: 0x7e3e1bb6, TXRate: 0
12-23 03:49:36.710 D/LOWI-9.0.0.87.a( 1331): [LOWI-Scan]
12-23 03:49:36.710 D/LOWI-9.0.0.87.a( 1331): [LOWI-Scan] print_bss_handler: Report beacon TSF 9316959474 as it greater than probe TSF 9316941466
12-23 03:49:36.710 D/LOWI-9.0.0.87.a( 1331): [LOWI-Scan] decode_rsn_wpa_ie: LOWI_ENCRYPTION_TYPE_WPA_PSK
12-23 03:49:36.710 D/LOWI-9.0.0.87.a( 1331): [LOWI-Scan] is_qcom_ie, bss_age: 0
12-23 03:49:36.710 D/LOWI-9.0.0.87.a( 1331): [LOWI-Scan] BSS 18:6f:2d:81:16:f0 LOWI_PHY_MODE_11AC_VHT20(8), Beacon Interval: 100, LOWI_ENCRYPTION_TYPE_WPA_PSK 11mcRanging: No, ANQP: No, LCI: No, Civic: No, capability(0x0111): ESS Privacy SpectrumMgmt
12-23 03:49:36.710 D/LOWI-9.0.0.87.a( 1331): [LOWI-Scan] BSS 18:6f:2d:81:16:f0 FREQ: 5280, cFreq1[40:80:160] = [5280:0:0] cFreq2 = 0 Country Code = CN
12-23 03:49:36.710 D/LOWI-9.0.0.87.a( 1331): [LOWI-Scan] BSS 18:6f:2d:81:16:f0 (wlan0) ASSO: NO AddInfo: 0x1, TSF 0, 02:35:16.959, RSSI: -140, CPL: 127, AGE: 544, SSID Testing , TSFDelta: 0x7e4e936a, TXRate: 0
12-23 03:49:36.710 D/LOWI-9.0.0.87.a( 1331): [LOWI-Scan]
12-23 03:49:36.710 D/LOWI-9.0.0.87.a( 1331): [LOWI-Scan] print_bss_handler: Report beacon TSF 9316959669 as it greater than probe TSF 9316942528
12-23 03:49:36.710 D/LOWI-9.0.0.87.a( 1331): [LOWI-Scan] is_qcom_ie, bss_age: 0
12-23 03:49:36.710 D/LOWI-9.0.0.87.a( 1331): [LOWI-Scan] BSS 18:6f:2d:81:16:f1 LOWI_PHY_MODE_11AC_VHT20(8), Beacon Interval: 100, LOWI_ENCRYPTION_TYPE_OPEN 11mcRanging: No, ANQP: No, LCI: No, Civic: No, capability(0x0101): ESS SpectrumMgmt
12-23 03:49:36.710 D/LOWI-9.0.0.87.a( 1331): [LOWI-Scan] BSS 18:6f:2d:81:16:f1 FREQ: 5280, cFreq1[40:80:160] = [5280:0:0] cFreq2 = 0 Country Code = CN
12-23 03:49:36.710 D/LOWI-9.0.0.87.a( 1331): [LOWI-Scan] BSS 18:6f:2d:81:16:f1 (wlan0) ASSO: NO AddInfo: 0x1, TSF 0, 02:35:16.959, RSSI: -142, CPL: 127, AGE: 544, SSID Guest, TSFDelta: 0x7e542f3b, TXRate: 0
12-23 03:49:36.711 D/LOWI-9.0.0.87.a( 1331): [LOWI-Scan]
12-23 03:49:36.711 D/LOWI-9.0.0.87.a( 1331): [LOWI-Scan] print_bss_handler: Report beacon TSF 9316959830 as it greater than probe TSF 9316942898
12-23 03:49:36.711 D/LOWI-9.0.0.87.a( 1331): [LOWI-Scan] decode_rsn_wpa_ie: LOWI_ENCRYPTION_TYPE_WPA_PSK
12-23 03:49:36.711 D/LOWI-9.0.0.87.a( 1331): [LOWI-Scan] is_qcom_ie, bss_age: 0
12-23 03:49:36.711 D/LOWI-9.0.0.87.a( 1331): [LOWI-Scan] BSS 18:6f:2d:81:16:f2 LOWI_PHY_MODE_11AC_VHT20(8), Beacon Interval: 100, LOWI_ENCRYPTION_TYPE_WPA_PSK 11mcRanging: No, ANQP: No, LCI: No, Civic: No, capability(0x0111): ESS Privacy SpectrumMgmt
12-23 03:49:36.711 D/LOWI-9.0.0.87.a( 1331): [LOWI-Scan] BSS 18:6f:2d:81:16:f2 FREQ: 5280, cFreq1[40:80:160] = [5280:0:0] cFreq2 = 0 Country Code = CN
12-23 03:49:36.711 D/LOWI-9.0.0.87.a( 1331): [LOWI-Scan] BSS 18:6f:2d:81:16:f2 (wlan0) ASSO: NO AddInfo: 0x1, TSF 0, 02:35:16.959, RSSI: -140, CPL: 127, AGE: 556, SSID ZXHY, TSFDelta: 0x7e596592, TXRate: 0
12-23 03:49:36.711 D/LOWI-9.0.0.87.a( 1331): [LOWI-Scan]
12-23 03:49:36.711 D/LOWI-9.0.0.87.a( 1331): [LOWI-Scan] print_bss_handler: Report beacon TSF 9316960169 as it greater than probe TSF 9316943611
12-23 03:49:36.711 D/LOWI-9.0.0.87.a( 1331): [LOWI-Scan] decode_rsn_wpa_ie: LOWI_ENCRYPTION_TYPE_WPA_PSK
12-23 03:49:36.711 D/LOWI-9.0.0.87.a( 1331): [LOWI-Scan] is_qcom_ie, bss_age: 0
12-23 03:49:36.712 D/LOWI-9.0.0.87.a( 1331): [LOWI-Scan] BSS 18:6f:2d:81:16:f3 LOWI_PHY_MODE_11AC_VHT20(8), Beacon Interval: 100, LOWI_ENCRYPTION_TYPE_WPA_PSK 11mcRanging: No, ANQP: No, LCI: No, Civic: No, capability(0x0111): ESS Privacy SpectrumMgmt
12-23 03:49:36.712 D/LOWI-9.0.0.87.a( 1331): [LOWI-Scan] BSS 18:6f:2d:81:16:f3 FREQ: 5280, cFreq1[40:80:160] = [5280:0:0] cFreq2 = 0 Country Code = CN
12-23 03:49:36.712 D/LOWI-9.0.0.87.a( 1331): [LOWI-Scan] BSS 18:6f:2d:81:16:f3 (wlan0) ASSO: NO AddInfo: 0x1, TSF 0, 02:35:16.960, RSSI: -142, CPL: 127, AGE: 552, SSID Fanya, TSFDelta: 0x7e5ede2e, TXRate: 0
12-23 03:49:36.712 D/LOWI-9.0.0.87.a( 1331): [LOWI-Scan]
12-23 03:49:36.712 D/LOWI-9.0.0.87.a( 1331): [LOWI-Scan] print_bss_handler: Report beacon TSF 9316960399 as it greater than probe TSF 9316944746
12-23 03:49:36.712 D/LOWI-9.0.0.87.a( 1331): [LOWI-Scan] decode_rsn_wpa_ie: LOWI_ENCRYPTION_TYPE_WPA_PSK
12-23 03:49:36.712 D/LOWI-9.0.0.87.a( 1331): [LOWI-Scan] is_qcom_ie, bss_age: 0
12-23 03:49:36.712 D/LOWI-9.0.0.87.a( 1331): [LOWI-Scan] BSS 18:6f:2d:81:16:f4 LOWI_PHY_MODE_11AC_VHT20(8), Beacon Interval: 100, LOWI_ENCRYPTION_TYPE_WPA_PSK 11mcRanging: No, ANQP: No, LCI: No, Civic: No, capability(0x0111): ESS Privacy SpectrumMgmt
12-23 03:49:36.712 D/LOWI-9.0.0.87.a( 1331): [LOWI-Scan] BSS 18:6f:2d:81:16:f4 FREQ: 5280, cFreq1[40:80:160] = [5280:0:0] cFreq2 = 0 Country Code = CN
