12-23 03:49:10.616 D/LOWI-9.0.0.87.a( 1331): [LOWI-Scan] BSS f0:55:01:67:de:f2 LOWI_PHY_MODE_11AC_VHT80(10), Beacon Interval: 100, LOWI_ENCRYPTION_TYPE_WPA_PSK 11mcRanging: No, ANQP: No, LCI: No, Civic: No, capability(0x1931): ESS Privacy ShortPreamble SpectrumMgmt APSD
12-23 03:49:10.616 D/LOWI-9.0.0.87.a( 1331): [LOWI-Scan] BSS f0:55:01:67:de:f2 FREQ: 5785, cFreq1[40:80:160] = [5795:5775:0] cFreq2 = 0 Country Code =
12-23 03:49:10.617 D/LOWI-9.0.0.87.a( 1331): [LOWI-Scan] BSS f0:55:01:67:de:f2 (wlan0) ASSO: NO AddInfo: 0x1, TSF 0, 02:34:50.559, RSSI: -176, CPL: 127, AGE: 864, SSID , TSFDelta: 0x125f574e, TXRate: 0
12-23 03:49:10.617 D/LOWI-9.0.0.87.a( 1331): [LOWI-Scan]
12-23 03:49:10.617 D/LOWI-9.0.0.87.a( 1331): [LOWI-Scan] print_bss_handler: Report Probe TSF 9290571450 as it greater than Beacon TSF 0
12-23 03:49:10.617 D/LOWI-9.0.0.87.a( 1331): [LOWI-Scan] decode_rsn_wpa_ie: LOWI_ENCRYPTION_TYPE_WPA_PSK
12-23 03:49:10.617 D/LOWI-9.0.0.87.a( 1331): [LOWI-Scan] is_qcom_ie, bss_age: 0
12-23 03:49:10.617 D/LOWI-9.0.0.87.a( 1331): [LOWI-Scan] BSS b0:39:56:1c:29:79 LOWI_PHY_MODE_11AC_VHT20_2G(11), Beacon Interval: 100, LOWI_ENCRYPTION_TYPE_WPA_PSK 11mcRanging: No, ANQP: No, LCI: No, Civic: No, capability(0x0411): ESS Privacy ShortSlotTime
12-23 03:49:10.617 D/LOWI-9.0.0.87.a( 1331): [LOWI-Scan] BSS b0:39:56:1c:29:79 FREQ: 2427, cFreq1[40:80:160] = [2427:0:0] cFreq2 = 0 Country Code = CN
12-23 03:49:10.617 D/LOWI-9.0.0.87.a( 1331): [LOWI-Scan] BSS b0:39:56:1c:29:79 (wlan0) ASSO: NO AddInfo: 0x0, TSF 0, 02:34:50.571, RSSI: -136, CPL: 127, AGE: 852, SSID lc-test, TSFDelta: 0x3c189713, TXRate: 0
12-23 03:49:10.617 D/LOWI-9.0.0.87.a( 1331): [LOWI-Scan]
12-23 03:49:10.617 D/LOWI-9.0.0.87.a( 1331): [LOWI-Scan] print_bss_handler: Report beacon TSF 9290734161 as it greater than probe TSF 9290734161
12-23 03:49:10.617 D/LOWI-9.0.0.87.a( 1331): [LOWI-Scan] is_qcom_ie, bss_age: 0
12-23 03:49:10.617 D/LOWI-9.0.0.87.a( 1331): [LOWI-Scan] BSS 18:6f:2d:25:4a:61 LOWI_PHY_MODE_11NG_HT20(5), Beacon Interval: 100, LOWI_ENCRYPTION_TYPE_OPEN 11mcRanging: No, ANQP: No, LCI: No, Civic: No, capability(0x0521): ESS ShortPreamble SpectrumMgmt ShortSlotTime
12-23 03:49:10.617 D/LOWI-9.0.0.87.a( 1331): [LOWI-Scan] BSS 18:6f:2d:25:4a:61 FREQ: 2437, cFreq1[40:80:160] = [2437:0:0] cFreq2 = 0 Country Code = CN
12-23 03:49:10.617 D/LOWI-9.0.0.87.a( 1331): [LOWI-Scan] BSS 18:6f:2d:25:4a:61 (wlan0) ASSO: NO AddInfo: 0x1, TSF 0, 02:34:50.734, RSSI: -160, CPL: 127, AGE: 688, SSID Guest, TSFDelta: 0x705af7af, TXRate: 0
12-23 03:49:10.617 D/LOWI-9.0.0.87.a( 1331): [LOWI-Scan]
12-23 03:49:10.617 D/LOWI-9.0.0.87.a( 1331): [LOWI-Scan] print_bss_handler: Report Probe TSF 9290784379 as it greater than Beacon TSF 0
12-23 03:49:10.617 D/LOWI-9.0.0.87.a( 1331): [LOWI-Scan] decode_rsn_wpa_ie: LOWI_ENCRYPTION_TYPE_WPA_PSK
12-23 03:49:10.617 D/LOWI-9.0.0.87.a( 1331): [LOWI-Scan] is_qcom_ie, bss_age: 0
12-23 03:49:10.617 D/LOWI-9.0.0.87.a( 1331): [LOWI-Scan] BSS 18:6f:2d:81:18:50 LOWI_PHY_MODE_11AC_VHT20(8), Beacon Interval: 100, LOWI_ENCRYPTION_TYPE_WPA_PSK 11mcRanging: No, ANQP: No, LCI: No, Civic: No, capability(0x0111): ESS Privacy SpectrumMgmt
12-23 03:49:10.617 D/LOWI-9.0.0.87.a( 1331): [LOWI-Scan] BSS 18:6f:2d:81:18:50 FREQ: 5260, cFreq1[40:80:160] = [5260:0:0] cFreq2 = 0 Country Code = CN
12-23 03:49:10.617 D/LOWI-9.0.0.87.a( 1331): [LOWI-Scan] BSS 18:6f:2d:81:18:50 (wlan0) ASSO: NO AddInfo: 0x0, TSF 0, 02:34:50.784, RSSI: -166, CPL: 127, AGE: 636, SSID Testing , TSFDelta: 0x1d2dce5, TXRate: 0
12-23 03:49:10.617 D/LOWI-9.0.0.87.a( 1331): [LOWI-Scan]
12-23 03:49:10.617 D/LOWI-9.0.0.87.a( 1331): [LOWI-Scan] print_bss_handler: Report beacon TSF 9291143598 as it greater than probe TSF 9291143598
12-23 03:49:10.617 D/LOWI-9.0.0.87.a( 1331): [LOWI-Scan] decode_rsn_wpa_ie: LOWI_ENCRYPTION_TYPE_WPA_PSK
12-23 03:49:10.617 D/LOWI-9.0.0.87.a( 1331): [LOWI-Scan] is_qcom_ie, bss_age: 0
12-23 03:49:10.617 D/LOWI-9.0.0.87.a( 1331): [LOWI-Scan] BSS f6:84:8d:21:25:a7 LOWI_PHY_MODE_11NG_HT40(7), Beacon Interval: 100, LOWI_ENCRYPTION_TYPE_WPA_PSK 11mcRanging: No, ANQP: No, LCI: No, Civic: No, capability(0x0411): ESS Privacy ShortSlotTime
12-23 03:49:10.617 D/LOWI-9.0.0.87.a( 1331): [LOWI-Scan] BSS f6:84:8d:21:25:a7 FREQ: 2462, cFreq1[40:80:160] = [2452:0:0] cFreq2 = 0 Country Code = CN
12-23 03:49:10.617 D/LOWI-9.0.0.87.a( 1331): [LOWI-Scan] BSS f6:84:8d:21:25:a7 (wlan0) ASSO: NO AddInfo: 0x1, TSF 0, 02:34:51.143, RSSI: -126, CPL: 127, AGE: 280, SSID , TSFDelta: 0x954f604c, TXRate: 0
12-23 03:49:10.617 D/LOWI-9.0.0.87.a( 1331): [LOWI-Scan]
12-23 03:49:10.617 D/LOWI-9.0.0.87.a( 1331): [LOWI-Scan] print_bss_handler: Report beacon TSF 9291146056 as it greater than probe TSF 9291146056
12-23 03:49:10.617 D/LOWI-9.0.0.87.a( 1331): [LOWI-Scan] decode_rsn_wpa_ie: LOWI_ENCRYPTION_TYPE_WPA_PSK
12-23 03:49:10.617 D/LOWI-9.0.0.87.a( 1331): [LOWI-Scan] is_qcom_ie, bss_age: 0
12-23 03:49:10.617 D/LOWI-9.0.0.87.a( 1331): [LOWI-Scan] BSS dc:fe:18:77:4e:9a LOWI_PHY_MODE_11NG_HT40(7), Beacon Interval: 100, LOWI_ENCRYPTION_TYPE_WPA_PSK 11mcRanging: No, ANQP: No, LCI: No, Civic: No, capability(0x0431): ESS Privacy ShortPreamble ShortSlotTime
12-23 03:49:10.617 D/LOWI-9.0.0.87.a( 1331): [LOWI-Scan] BSS dc:fe:18:77:4e:9a FREQ: 2462, cFreq1[40:80:160] = [2452:0:0] cFreq2 = 0 Country Code =
12-23 03:49:10.617 D/LOWI-9.0.0.87.a( 1331): [LOWI-Scan] BSS dc:fe:18:77:4e:9a (wlan0) ASSO: NO AddInfo: 0x1, TSF 0, 02:34:51.146, RSSI: -138, CPL: 127, AGE: 276, SSID TP-LINK_4E9A, TSFDelta: 0x3f4f89c9, TXRate: 0
12-23 03:49:10.618 D/LOWI-9.0.0.87.a( 1331): [LOWI-Scan]
12-23 03:49:10.618 D/LOWI-9.0.0.87.a( 1331): [LOWI-Scan] print_bss_handler: Report beacon TSF 9291160661 as it greater than probe TSF 9291160661
12-23 03:49:10.618 D/LOWI-9.0.0.87.a( 1331): [LOWI-Scan] decode_rsn_wpa_ie: LOWI_ENCRYPTION_TYPE_WPA_PSK
12-23 03:49:10.618 D/LOWI-9.0.0.87.a( 1331): [LOWI-Scan] is_qcom_ie, bss_age: 0
12-23 03:49:10.618 D/LOWI-9.0.0.87.a( 1331): [LOWI-Scan] BSS 6c:b1:58:0f:7d:39 LOWI_PHY_MODE_11NG_HT40(7), Beacon Interval: 100, LOWI_ENCRYPTION_TYPE_WPA_PSK 11mcRanging: No, ANQP: No, LCI: No, Civic: No, capability(0x1411): ESS Privacy ShortSlotTime
12-23 03:49:10.618 I/liblog ( 1331): 31
12-23 03:49:10.618 D/LOWI-9.0.0.87.a( 1331): [LOWIBackgroundScanMgr] isRspForBgScanMgr: evt(LOWI_NO_EVT) - not handled
12-23 03:49:10.618 D/LOWI-9.0.0.87.a( 1331): [LOWIScheduler] manageMsg: NULL results or NULL request in results
12-23 03:49:10.618 D/LOWI-9.0.0.87.a( 1331): [LOWIController] Measurements received
12-23 03:49:10.619 D/LOWI-9.0.0.87.a( 1331): [LOWICacheManager] putInCache:Num of Meas to add: 75
12-23 03:49:10.619 D/LOWI-9.0.0.87.a( 1331): [LOWI-Scan] WipsScanUsingNL:wait -1 sec for netlink message
12-23 03:49:10.620 D/LOWI-9.0.0.87.a( 1331): [LOWIController] processMeasurementResults: No current Request. Cache measurements
12-23 03:49:10.620 D/LOWI-9.0.0.87.a( 1331): [LOWIController] sendAsyncScanResponse: Request FreeWifiScanObserver_0 is from a different client.
12-23 03:49:10.620 D/LOWI-9.0.0.87.a( 1331): [LOWIController] generateResponse: Type (ASYNC_DISCOVERY_SCAN_RESULTS) ScanStatus (1) request FreeWifiScanObserver_0
12-23 03:49:10.620 D/LOWI-9.0.0.87.a( 1331): [LOWIEventDispatcher] sendResponse - originator = FreeWifiScanObserver
12-23 03:49:10.621 D/LOWI-9.0.0.87.a( 1331): [LOWIUtils] injectScanMeasurements - num of APs = 75
12-23 03:49:10.622 I/LOWI-9.0.0.87.a( 1331): [LOWIUtils] responseToOutPostcard - TO: FreeWifiScanObserver, FROM: LOWI-SERVER, RESP: LOWI_ASYNC_DISCOVERY_SCAN_RESULTS
12-23 03:49:10.623 D/LOWI-9.0.0.87.a( 1331): [LOWIControllerExtn] sendLOWILpDiscoveryScanResponse: Not a discovery scan response
12-23 03:49:10.623 D/WifiGbk ( 1507): adding bss - Bss("䏿ƒ³æ‰“å·¥":b2:d7:6f:7b:bb:28, isGbk=false, security=PSK, level=-91, frequency=5745)
12-23 03:49:10.623 D/WificondScannerImpl( 1507): Filtering out 12 scan results.
12-23 03:49:10.634 D/WifiDebugService( 2745): onScanResultsAvailable
12-23 03:49:10.636 D/PasspointManager( 1507): ANQP entry not found for: 76:ab:c4:54:38:4d:
12-23 03:49:10.636 D/PasspointManager( 1507): ANQP entry not found for: 6e:0a:25:c2:6d:08:
12-23 03:49:10.637 D/PasspointManager( 1507): ANQP entry not found for: d8:32:14:df:f6:03:
12-23 03:49:10.637 D/PasspointManager( 1507): ANQP entry not found for: 8a:5a:85:54:58:00:
12-23 03:49:10.638 D/PasspointManager( 1507): ANQP entry not found for: f6:e3:82:02:ba:60:
12-23 03:49:10.658 I/vendor.qti.bluetooth@1.0-ibs_handler( 818): ProcessIbsCmd: Received IBS_SLEEP_IND: 0xFE
12-23 03:49:10.662 D/WifiDebugService( 2745): connect wifi SSID is :
12-23 03:49:10.678 W/WifiDebugService( 2745): find wifi : Guest
12-23 03:49:10.678 W/WifiDebugService( 2745): find wifi : Fanya
12-23 03:49:10.678 W/WifiDebugService( 2745): find wifi : ThunderSoft
12-23 03:49:10.678 W/WifiDebugService( 2745): find wifi : GM
12-23 03:49:10.678 W/WifiDebugService( 2745): find wifi : ThunderSoft
12-23 03:49:10.678 W/WifiDebugService( 2745): find wifi : GM
12-23 03:49:10.678 W/WifiDebugService( 2745): find wifi : 123
12-23 03:49:10.678 W/WifiDebugService( 2745): find wifi : 123
12-23 03:49:10.678 W/WifiDebugService( 2745): find wifi :
12-23 03:49:10.678 W/WifiDebugService( 2745): find wifi :
12-23 03:49:10.678 W/WifiDebugService( 2745): find wifi : Testing
12-23 03:49:10.678 W/WifiDebugService( 2745): find wifi : Guest
12-23 03:49:10.678 W/WifiDebugService( 2745): find wifi : ThunderSoft_2.4G
12-23 03:49:10.678 W/WifiDebugService( 2745): find wifi : ZXHY
12-23 03:49:10.679 W/WifiDebugService( 2745): find wifi : Fanya
12-23 03:49:10.679 W/WifiDebugService( 2745): can not find target wifi ap : hht_test_wifi_fc4318c9
12-23 03:49:10.944 I/mpu_uart( 647): [MSG-P:RECV]:No message received in 1000 ms
12-23 03:49:11.286 I/mpu_uart( 647): [MSG-P:R]:recv sync frame timeout
01-01 10:36:49.373 D/ ( 0): mv2112_read_status
01-01 10:36:49.373 D/mv2112_update_link( 0): 3.0x901(1G): 0x80
01-01 10:36:49.373 D/mv2112_update_link( 0): 3.0x8109(100M): 0x8
01-01 10:36:49.373 D/mv2112_update_link( 0): link 0x0
01-01 10:36:49.373 D/mv2112_read_status( 0): autoneg is disabled
12-23 03:49:11.577 I/vendor.qti.bluetooth@1.0-ibs_handler( 818): DeviceSleep: TX Awake, Sending SLEEP_IND
12-23 03:49:11.577 D/vendor.qti.bluetooth@1.0-ibs_handler( 818): SerialClockVote: vote for UART CLK OFF
12-23 03:49:11.728 D/vendor.qti.bluetooth@1.0-wake_lock( 818): Release wakelock is released
12-23 03:49:11.945 I/mpu_uart( 647): [MSG-P:RECV]:No message received in 1000 ms
12-23 03:49:12.167 I/auditd ( 0): type=1400 audit(0.0:1434): avc: denied { kill } for comm="swapper/2" capability=5 scontext=u:r:kernel:s0 tcontext=u:r:kernel:s0 tclass=capability permissive=0
12-23 03:49:12.167 W/swapper/2( 0): type=1400 audit(0.0:1434): avc: denied { kill } for capability=5 scontext=u:r:kernel:s0 tcontext=u:r:kernel:s0 tclass=capability permissive=0
01-01 10:36:50.396 D/ ( 0): mv2112_read_status
01-01 10:36:50.397 D/mv2112_update_link( 0): 3.0x901(1G): 0x80
01-01 10:36:50.397 D/mv2112_update_link( 0): 3.0x8109(100M): 0x8
01-01 10:36:50.397 D/mv2112_update_link( 0): link 0x0
01-01 10:36:50.397 D/mv2112_read_status( 0): autoneg is disabled
12-23 03:49:12.945 I/mpu_uart( 647): [MSG-P:RECV]:No message received in 1000 ms
12-23 03:49:13.171 I/auditd ( 0): type=1400 audit(0.0:1435): avc: denied { kill } for comm="swapper/2" capability=5 scontext=u:r:kernel:s0 tcontext=u:r:kernel:s0 tclass=capability permissive=0
12-23 03:49:13.171 W/swapper/2( 0): type=1400 audit(0.0:1435): avc: denied { kill } for capability=5 scontext=u:r:kernel:s0 tcontext=u:r:kernel:s0 tclass=capability permissive=0
01-01 10:36:51.420 D/ ( 0): mv2112_read_status
01-01 10:36:51.421 D/mv2112_update_link( 0): 3.0x901(1G): 0x80
01-01 10:36:51.421 D/mv2112_update_link( 0): 3.0x8109(100M): 0x8
01-01 10:36:51.421 D/mv2112_update_link( 0): link 0x0
01-01 10:36:51.421 D/mv2112_read_status( 0): autoneg is disabled
12-23 03:49:13.945 I/mpu_uart( 647): [MSG-P:RECV]:No message received in 1000 ms
12-23 03:49:14.171 I/auditd ( 0): type=1400 audit(0.0:1436): avc: denied { kill } for comm="swapper/2" capability=5 scontext=u:r:kernel:s0 tcontext=u:r:kernel:s0 tclass=capability permissive=0
12-23 03:49:14.171 W/swapper/2( 0): type=1400 audit(0.0:1436): avc: denied { kill } for capability=5 scontext=u:r:kernel:s0 tcontext=u:r:kernel:s0 tclass=capability permissive=0
12-23 03:49:14.289 I/mpu_uart( 647): [MSG-P:R]:recv sync frame timeout
01-01 10:36:52.444 D/ ( 0): mv2112_read_status
01-01 10:36:52.445 D/mv2112_update_link( 0): 3.0x901(1G): 0x80
01-01 10:36:52.445 D/mv2112_update_link( 0): 3.0x8109(100M): 0x8
01-01 10:36:52.445 D/mv2112_update_link( 0): link 0x0
01-01 10:36:52.445 D/mv2112_read_status( 0): autoneg is disabled
12-23 03:49:14.946 I/mpu_uart( 647): [MSG-P:RECV]:No message received in 1000 ms
12-23 03:49:15.171 I/auditd ( 0): type=1400 audit(0.0:1437): avc: denied { kill } for comm="swapper/2" capability=5 scontext=u:r:kernel:s0 tcontext=u:r:kernel:s0 tclass=capability permissive=0
12-23 03:49:15.171 W/swapper/2( 0): type=1400 audit(0.0:1437): avc: denied { kill } for capability=5 scontext=u:r:kernel:s0 tcontext=u:r:kernel:s0 tclass=capability permissive=0
01-01 10:36:53.468 D/ ( 0): mv2112_read_status
01-01 10:36:53.469 D/mv2112_update_link( 0): 3.0x901(1G): 0x80
01-01 10:36:53.469 D/mv2112_update_link( 0): 3.0x8109(100M): 0x8
01-01 10:36:53.469 D/mv2112_update_link( 0): link 0x0
01-01 10:36:53.469 D/mv2112_read_status( 0): autoneg is disabled
12-23 03:49:15.946 I/mpu_uart( 647): [MSG-P:RECV]:No message received in 1000 ms
12-23 03:49:16.171 I/auditd ( 0): type=1400 audit(0.0:1438): avc: denied { kill } for comm="swapper/2" capability=5 scontext=u:r:kernel:s0 tcontext=u:r:kernel:s0 tclass=capability permissive=0
12-23 03:49:16.171 W/swapper/2( 0): type=1400 audit(0.0:1438): avc: denied { kill } for capability=5 scontext=u:r:kernel:s0 tcontext=u:r:kernel:s0 tclass=capability permissive=0
01-01 10:36:54.492 D/ ( 0): mv2112_read_status
01-01 10:36:54.493 D/mv2112_update_link( 0): 3.0x901(1G): 0x80
01-01 10:36:54.493 D/mv2112_update_link( 0): 3.0x8109(100M): 0x8
01-01 10:36:54.493 D/mv2112_update_link( 0): link 0x0
01-01 10:36:54.493 D/mv2112_read_status( 0): autoneg is disabled
12-23 03:49:16.946 I/mpu_uart( 647): [MSG-P:RECV]:No message received in 1000 ms
12-23 03:49:17.171 I/auditd ( 0): type=1400 audit(0.0:1439): avc: denied { kill } for comm="swapper/2" capability=5 scontext=u:r:kernel:s0 tcontext=u:r:kernel:s0 tclass=capability permissive=0
12-23 03:49:17.171 W/swapper/2( 0): type=1400 audit(0.0:1439): avc: denied { kill } for capability=5 scontext=u:r:kernel:s0 tcontext=u:r:kernel:s0 tclass=capability permissive=0
12-23 03:49:17.293 I/mpu_uart( 647): [MSG-P:R]:recv sync frame timeout
01-01 10:36:55.516 D/ ( 0): mv2112_read_status
01-01 10:36:55.517 D/mv2112_update_link( 0): 3.0x901(1G): 0x80
01-01 10:36:55.517 D/mv2112_update_link( 0): 3.0x8109(100M): 0x8
01-01 10:36:55.517 D/mv2112_update_link( 0): link 0x0
01-01 10:36:55.517 D/mv2112_read_status( 0): autoneg is disabled
12-23 03:49:17.947 I/mpu_uart( 647): [MSG-P:RECV]:No message received in 1000 ms
12-23 03:49:18.171 I/auditd ( 0): type=1400 audit(0.0:1440): avc: denied { kill } for comm="swapper/2" capability=5 scontext=u:r:kernel:s0 tcontext=u:r:kernel:s0 tclass=capability permissive=0
12-23 03:49:18.171 W/swapper/2( 0): type=1400 audit(0.0:1440): avc: denied { kill } for capability=5 scontext=u:r:kernel:s0 tcontext=u:r:kernel:s0 tclass=capability permissive=0
01-01 10:36:56.540 D/ ( 0): mv2112_read_status
01-01 10:36:56.541 D/mv2112_update_link( 0): 3.0x901(1G): 0x80
01-01 10:36:56.541 D/mv2112_update_link( 0): 3.0x8109(100M): 0x8
01-01 10:36:56.541 D/mv2112_update_link( 0): link 0x0
01-01 10:36:56.541 D/mv2112_read_status( 0): autoneg is disabled
12-23 03:49:18.947 I/mpu_uart( 647): [MSG-P:RECV]:No message received in 1000 ms
01-01 10:36:56.892 I/logd ( 0): logdr: UID=2000 GID=2000 PID=15679 b tail=0 logMask=bf pid=0 start=0ns deadline=0ns
12-23 03:49:19.171 I/auditd ( 0): type=1400 audit(0.0:1441): avc: denied { kill } for comm="swapper/2" capability=5 scontext=u:r:kernel:s0 tcontext=u:r:kernel:s0 tclass=capability permissive=0
12-23 03:49:19.171 W/swapper/2( 0): type=1400 audit(0.0:1441): avc: denied { kill } for capability=5 scontext=u:r:kernel:s0 tcontext=u:r:kernel:s0 tclass=capability permissive=0
12-23 03:49:19.277 E/WifiScoringParams( 1507): Invalid frequency(-1), using 5G as default rssi array
12-23 03:49:19.286 D/LOWI-9.0.0.87.a( 1331): [LOWI-Scan] wait_event:Wait done with Cmd 33
12-23 03:49:19.286 D/LOWI-9.0.0.87.a( 1331): [LOWI-Scan] do_listen_events: Rcvd valid Netlink Cmd 0 Err 0
01-01 10:36:57.260 I/[schedu][0x2995bd2bbf][03:49:19.334951] wlan( 0): [14370:I:OSIF] scan start scan id 41011
12-23 03:49:19.375 I/WifiService( 1507): startScan uid=1000
01-01 10:36:57.564 D/ ( 0): mv2112_read_status
01-01 10:36:57.565 D/mv2112_update_link( 0): 3.0x901(1G): 0x80
01-01 10:36:57.565 D/mv2112_update_link( 0): 3.0x8109(100M): 0x8
01-01 10:36:57.565 D/mv2112_update_link( 0): link 0x0
01-01 10:36:57.565 D/mv2112_read_status( 0): autoneg is disabled
12-23 03:49:19.948 I/mpu_uart( 647): [MSG-P:RECV]:No message received in 1000 ms
12-23 03:49:20.167 I/auditd ( 0): type=1400 audit(0.0:1442): avc: denied { kill } for comm="swapper/2" capability=5 scontext=u:r:kernel:s0 tcontext=u:r:kernel:s0 tclass=capability permissive=0
12-23 03:49:20.167 W/swapper/2( 0): type=1400 audit(0.0:1442): avc: denied { kill } for capability=5 scontext=u:r:kernel:s0 tcontext=u:r:kernel:s0 tclass=capability permissive=0
12-23 03:49:20.296 I/mpu_uart( 647): [MSG-P:R]:recv sync frame timeout
12-23 03:49:20.517 D/LOWI-9.0.0.87.a( 1331): [LOWI-Scan] wait_event:Wait done with Cmd 34
12-23 03:49:20.517 D/LOWI-9.0.0.87.a( 1331): [LOWI-Scan] do_listen_events: Rcvd valid Netlink Cmd 34 Err 0
12-23 03:49:20.519 D/WifiNl80211Manager( 1507): Scan result ready event
12-23 03:49:20.519 D/LOWI-9.0.0.87.a( 1331): [LOWI-Scan]
12-23 03:49:20.519 D/LOWI-9.0.0.87.a( 1331): [LOWI-Scan] print_bss_handler: Report Probe TSF 9300191978 as it greater than Beacon TSF 9233279613
12-23 03:49:20.519 D/LOWI-9.0.0.87.a( 1331): [LOWI-Scan] is_qcom_ie, bss_age: 0
12-23 03:49:20.519 D/WifiNative( 1507): Scan result ready event
12-23 03:49:20.519 D/LOWI-9.0.0.87.a( 1331): [LOWI-Scan] BSS 38:a9:1c:35:03:0b LOWI_PHY_MODE_11AC_VHT80(10), Beacon Interval: 100, LOWI_ENCRYPTION_TYPE_OPEN 11mcRanging: No, ANQP: No, LCI: No, Civic: No, capability(0x0501): ESS SpectrumMgmt ShortSlotTime
12-23 03:49:20.519 D/LOWI-9.0.0.87.a( 1331): [LOWI-Scan] BSS 38:a9:1c:35:03:0b FREQ: 5180, cFreq1[40:80:160] = [5190:5210:0] cFreq2 = 0 Country Code = US
12-23 03:49:20.519 D/LOWI-9.0.0.87.a( 1331): [LOWI-Scan] BSS 38:a9:1c:35:03:0b (wlan0) ASSO: NO AddInfo: 0x0, TSF 0, 02:35:00.191, RSSI: -72, CPL: 127, AGE: 1136, SSID , TSFDelta: 0x67252769, TXRate: 0
12-23 03:49:20.519 D/LOWI-9.0.0.87.a( 1331): [LOWI-Scan]
12-23 03:49:20.519 D/LOWI-9.0.0.87.a( 1331): [LOWI-Scan] print_bss_handler: Report Probe TSF 9300193187 as it greater than Beacon TSF 9290271439
12-23 03:49:20.519 D/LOWI-9.0.0.87.a( 1331): [LOWI-Scan] decode_rsn_wpa_ie: LOWI_ENCRYPTION_TYPE_WPA_PSK
12-23 03:49:20.519 D/LOWI-9.0.0.87.a( 1331): [LOWI-Scan] is_qcom_ie, bss_age: 0
12-23 03:49:20.519 D/LOWI-9.0.0.87.a( 1331): [LOWI-Scan] BSS 38:a9:1c:35:03:09 LOWI_PHY_MODE_11AC_VHT80(10), Beacon Interval: 100, LOWI_ENCRYPTION_TYPE_WPA_PSK 11mcRanging: No, ANQP: No, LCI: No, Civic: No, capability(0x0511): ESS Privacy SpectrumMgmt ShortSlotTime
12-23 03:49:20.519 D/LOWI-9.0.0.87.a( 1331): [LOWI-Scan] BSS 38:a9:1c:35:03:09 FREQ: 5180, cFreq1[40:80:160] = [5190:5210:0] cFreq2 = 0 Country Code = US
12-23 03:49:20.519 D/LOWI-9.0.0.87.a( 1331): [LOWI-Scan] BSS 38:a9:1c:35:03:09 (wlan0) ASSO: NO AddInfo: 0x0, TSF 0, 02:35:00.193, RSSI: -72, CPL: 127, AGE: 1132, SSID H3C_350304_5G, TSFDelta: 0x672dd27c, TXRate: 0
12-23 03:49:20.519 D/LOWI-9.0.0.87.a( 1331): [LOWI-Scan]
12-23 03:49:20.519 D/LOWI-9.0.0.87.a( 1331): [LOWI-Scan] print_bss_handler: Report Probe TSF 9300376113 as it greater than Beacon TSF 9233453858
12-23 03:49:20.519 D/LOWI-9.0.0.87.a( 1331): [LOWI-Scan] decode_rsn_wpa_ie: LOWI_ENCRYPTION_TYPE_WPA_PSK
12-23 03:49:20.519 D/LOWI-9.0.0.87.a( 1331): [LOWI-Scan] is_qcom_ie, bss_age: 0
12-23 03:49:20.519 D/LOWI-9.0.0.87.a( 1331): [LOWI-Scan] BSS 5c:02:14:f9:4f:d3 LOWI_PHY_MODE_11AC_VHT80(10), Beacon Interval: 100, LOWI_ENCRYPTION_TYPE_WPA_PSK 11mcRanging: No, ANQP: Yes, LCI: No, Civic: No, capability(0x1931): ESS Privacy ShortPreamble SpectrumMgmt APSD
01-01 10:36:58.443 I/[schedu][0x299717ec21][03:49:20.518530] wlan( 0): [14370:I:OSIF] vdev 0, scan id 41011 type COMPLETED(1) reason COMPLETED(1) scan found 94 bss
12-23 03:49:20.519 D/LOWI-9.0.0.87.a( 1331): [LOWI-Scan] BSS 5c:02:14:f9:4f:d3 FREQ: 5745, cFreq1[40:80:160] = [5755:5775:0] cFreq2 = 0 Country Code = CN
12-23 03:49:20.519 D/LOWI-9.0.0.87.a( 1331): [LOWI-Scan] BSS 5c:02:14:f9:4f:d3 (wlan0) ASSO: NO AddInfo: 0x0, TSF 0, 02:35:00.376, RSSI: -98, CPL: 127, AGE: 948, SSID ThunderSoft_XTS_5G, TSFDelta: 0x99f1f7a2, TXRate: 0
12-23 03:49:20.520 D/LOWI-9.0.0.87.a( 1331): [LOWI-Scan]
12-23 03:49:20.520 D/LOWI-9.0.0.87.a( 1331): [LOWI-Scan] print_bss_handler: Report Probe TSF 9300523060 as it greater than Beacon TSF 9290598654
12-23 03:49:20.520 D/LOWI-9.0.0.87.a( 1331): [LOWI-Scan] decode_rsn_wpa_ie: LOWI_ENCRYPTION_TYPE_WPA_PSK
12-23 03:49:20.520 D/LOWI-9.0.0.87.a( 1331): [LOWI-Scan] is_qcom_ie, bss_age: 0
12-23 03:49:20.520 D/LOWI-9.0.0.87.a( 1331): [LOWI-Scan] BSS 5c:02:14:f9:4f:d2 LOWI_PHY_MODE_11AC_VHT20_2G(11), Beacon Interval: 100, LOWI_ENCRYPTION_TYPE_WPA_PSK 11mcRanging: No, ANQP: Yes, LCI: No, Civic: No, capability(0x1431): ESS Privacy ShortPreamble ShortSlotTime
12-23 03:49:20.520 D/LOWI-9.0.0.87.a( 1331): [LOWI-Scan] BSS 5c:02:14:f9:4f:d2 FREQ: 2427, cFreq1[40:80:160] = [0:0:0] cFreq2 = 0 Country Code = CN
12-23 03:49:20.520 D/LOWI-9.0.0.87.a( 1331): [LOWI-Scan] BSS 5c:02:14:f9:4f:d2 (wlan0) ASSO: NO AddInfo: 0x0, TSF 0, 02:35:00.523, RSSI: -104, CPL: 127, AGE: 804, SSID ThunderSoft_XTS_2.4G, TSFDelta: 0x9b6c24f4, TXRate: 0
12-23 03:49:20.520 D/LOWI-9.0.0.87.a( 1331): [LOWI-Scan]
12-23 03:49:20.520 D/LOWI-9.0.0.87.a( 1331): [LOWI-Scan] print_bss_handler: Report beacon TSF 9300461019 as it greater than probe TSF 9280491088
12-23 03:49:20.520 D/LOWI-9.0.0.87.a( 1331): [LOWI-Scan] decode_rsn_wpa_ie: LOWI_ENCRYPTION_TYPE_WPA_PSK
12-23 03:49:20.520 D/LOWI-9.0.0.87.a( 1331): [LOWI-Scan] is_qcom_ie, bss_age: 0
12-23 03:49:20.520 D/LOWI-9.0.0.87.a( 1331): [LOWI-Scan] BSS 18:6f:2d:0a:b8:40 LOWI_PHY_MODE_11NG_HT20(5), Beacon Interval: 100, LOWI_ENCRYPTION_TYPE_WPA_PSK 11mcRanging: No, ANQP: No, LCI: No, Civic: No, capability(0x0531): ESS Privacy ShortPreamble SpectrumMgmt ShortSlotTime
12-23 03:49:20.520 D/LOWI-9.0.0.87.a( 1331): [LOWI-Scan] BSS 18:6f:2d:0a:b8:40 FREQ: 2427, cFreq1[40:80:160] = [2427:0:0] cFreq2 = 0 Country Code = CN
12-23 03:49:20.520 D/LOWI-9.0.0.87.a( 1331): [LOWI-Scan] BSS 18:6f:2d:0a:b8:40 (wlan0) ASSO: NO AddInfo: 0x1, TSF 0, 02:35:00.461, RSSI: -134, CPL: 127, AGE: 864, SSID Testing , TSFDelta: 0xc56f4ebe, TXRate: 0
12-23 03:49:20.520 D/LOWI-9.0.0.87.a( 1331): [LOWI-Scan]
12-23 03:49:20.520 D/LOWI-9.0.0.87.a( 1331): [LOWI-Scan] print_bss_handler: Report Probe TSF 9300467770 as it greater than Beacon TSF 9300461849
12-23 03:49:20.520 D/LOWI-9.0.0.87.a( 1331): [LOWI-Scan] is_qcom_ie, bss_age: 0
12-23 03:49:20.520 D/LOWI-9.0.0.87.a( 1331): [LOWI-Scan] BSS 18:6f:2d:0a:b8:41 LOWI_PHY_MODE_11NG_HT20(5), Beacon Interval: 100, LOWI_ENCRYPTION_TYPE_OPEN 11mcRanging: No, ANQP: No, LCI: No, Civic: No, capability(0x0521): ESS ShortPreamble SpectrumMgmt ShortSlotTime
12-23 03:49:20.520 D/LOWI-9.0.0.87.a( 1331): [LOWI-Scan] BSS 18:6f:2d:0a:b8:41 FREQ: 2427, cFreq1[40:80:160] = [2427:0:0] cFreq2 = 0 Country Code = CN
12-23 03:49:20.520 D/LOWI-9.0.0.87.a( 1331): [LOWI-Scan] BSS 18:6f:2d:0a:b8:41 (wlan0) ASSO: NO AddInfo: 0x0, TSF 0, 02:35:00.467, RSSI: -128, CPL: 127, AGE: 860, SSID Guest, TSFDelta: 0xc4a68966, TXRate: 0
12-23 03:49:20.520 D/LOWI-9.0.0.87.a( 1331): [LOWI-Scan]
12-23 03:49:20.520 D/LOWI-9.0.0.87.a( 1331): [LOWI-Scan] print_bss_handler: Report beacon TSF 9300464065 as it greater than probe TSF 9280506039
12-23 03:49:20.520 D/LOWI-9.0.0.87.a( 1331): [LOWI-Scan] decode_rsn_wpa_ie: LOWI_ENCRYPTION_TYPE_WPA_PSK
12-23 03:49:20.520 D/LOWI-9.0.0.87.a( 1331): [LOWI-Scan] is_qcom_ie, bss_age: 0
12-23 03:49:20.520 D/LOWI-9.0.0.87.a( 1331): [LOWI-Scan] BSS 18:6f:2d:0a:b8:42 LOWI_PHY_MODE_11NG_HT20(5), Beacon Interval: 100, LOWI_ENCRYPTION_TYPE_WPA_PSK 11mcRanging: No, ANQP: No, LCI: No, Civic: No, capability(0x0531): ESS Privacy ShortPreamble SpectrumMgmt ShortSlotTime
12-23 03:49:20.520 D/LOWI-9.0.0.87.a( 1331): [LOWI-Scan] BSS 18:6f:2d:0a:b8:42 FREQ: 2427, cFreq1[40:80:160] = [2427:0:0] cFreq2 = 0 Country Code = CN
12-23 03:49:20.520 D/LOWI-9.0.0.87.a( 1331): [LOWI-Scan] BSS 18:6f:2d:0a:b8:42 (wlan0) ASSO: NO AddInfo: 0x1, TSF 0, 02:35:00.464, RSSI: -130, CPL: 127, AGE: 860, SSID ThunderSoft_2.4G, TSFDelta: 0xc5f7d952, TXRate: 0
12-23 03:49:20.520 D/LOWI-9.0.0.87.a( 1331): [LOWI-Scan]
12-23 03:49:20.521 D/LOWI-9.0.0.87.a( 1331): [LOWI-Scan] print_bss_handler: Report Probe TSF 9300575582 as it greater than Beacon TSF 9239741836
12-23 03:49:20.521 D/LOWI-9.0.0.87.a( 1331): [LOWI-Scan] decode_rsn_wpa_ie: LOWI_ENCRYPTION_TYPE_WPA_PSK
12-23 03:49:20.521 D/LOWI-9.0.0.87.a( 1331): [LOWI-Scan] is_qcom_ie, bss_age: 0
12-23 03:49:20.521 D/LOWI-9.0.0.87.a( 1331): [LOWI-Scan] BSS 18:6f:2d:81:18:40 LOWI_PHY_MODE_11NG_HT20(5), Beacon Interval: 100, LOWI_ENCRYPTION_TYPE_WPA_PSK 11mcRanging: No, ANQP: No, LCI: No, Civic: No, capability(0x0531): ESS Privacy ShortPreamble SpectrumMgmt ShortSlotTime
12-23 03:49:20.521 D/LOWI-9.0.0.87.a( 1331): [LOWI-Scan] BSS 18:6f:2d:81:18:40 FREQ: 2432, cFreq1[40:80:160] = [2432:0:0] cFreq2 = 0 Country Code = CN
12-23 03:49:20.521 D/LOWI-9.0.0.87.a( 1331): [LOWI-Scan] BSS 18:6f:2d:81:18:40 (wlan0) ASSO: NO AddInfo: 0x0, TSF 0, 02:35:00.575, RSSI: -136, CPL: 127, AGE: 752, SSID Testing , TSFDelta: 0xc1917a36, TXRate: 0
12-23 03:49:20.522 D/LOWI-9.0.0.87.a( 1331): [LOWI-Scan]
12-23 03:49:20.522 D/LOWI-9.0.0.87.a( 1331): [LOWI-Scan] print_bss_handler: Report Probe TSF 9300583789 as it greater than Beacon TSF 9239741888
12-23 03:49:20.522 D/LOWI-9.0.0.87.a( 1331): [LOWI-Scan] is_qcom_ie, bss_age: 0
12-23 03:49:20.522 D/LOWI-9.0.0.87.a( 1331): [LOWI-Scan] BSS 18:6f:2d:81:18:41 LOWI_PHY_MODE_11NG_HT20(5), Beacon Interval: 100, LOWI_ENCRYPTION_TYPE_OPEN 11mcRanging: No, ANQP: No, LCI: No, Civic: No, capability(0x0521): ESS ShortPreamble SpectrumMgmt ShortSlotTime
12-23 03:49:20.522 D/LOWI-9.0.0.87.a( 1331): [LOWI-Scan] BSS 18:6f:2d:81:18:41 FREQ: 2432, cFreq1[40:80:160] = [2432:0:0] cFreq2 = 0 Country Code = CN
12-23 03:49:20.522 D/LOWI-9.0.0.87.a( 1331): [LOWI-Scan] BSS 18:6f:2d:81:18:41 (wlan0) ASSO: NO AddInfo: 0x0, TSF 0, 02:35:00.583, RSSI: -136, CPL: 127, AGE: 744, SSID Guest, TSFDelta: 0xc1d2837c, TXRate: 0
12-23 03:49:20.522 D/LOWI-9.0.0.87.a( 1331): [LOWI-Scan]
12-23 03:49:20.522 D/LOWI-9.0.0.87.a( 1331): [LOWI-Scan] print_bss_handler: Report Probe TSF 9300584160 as it greater than Beacon TSF 9243670814
12-23 03:49:20.522 D/LOWI-9.0.0.87.a( 1331): [LOWI-Scan] decode_rsn_wpa_ie: LOWI_ENCRYPTION_TYPE_WPA_PSK
12-23 03:49:20.522 D/LOWI-9.0.0.87.a( 1331): [LOWI-Scan] is_qcom_ie, bss_age: 0
12-23 03:49:20.522 D/LOWI-9.0.0.87.a( 1331): [LOWI-Scan] BSS 18:6f:2d:81:18:42 LOWI_PHY_MODE_11NG_HT20(5), Beacon Interval: 100, LOWI_ENCRYPTION_TYPE_WPA_PSK 11mcRanging: No, ANQP: No, LCI: No, Civic: No, capability(0x0531): ESS Privacy ShortPreamble SpectrumMgmt ShortSlotTime
12-23 03:49:20.522 D/LOWI-9.0.0.87.a( 1331): [LOWI-Scan] BSS 18:6f:2d:81:18:42 FREQ: 2432, cFreq1[40:80:160] = [2432:0:0] cFreq2 = 0 Country Code = CN
12-23 03:49:20.522 D/LOWI-9.0.0.87.a( 1331): [LOWI-Scan] BSS 18:6f:2d:81:18:42 (wlan0) ASSO: NO AddInfo: 0x0, TSF 0, 02:35:00.584, RSSI: -138, CPL: 127, AGE: 740, SSID ThunderSoft_2.4G, TSFDelta: 0xc1d74c9c, TXRate: 0
12-23 03:49:20.523 D/LOWI-9.0.0.87.a( 1331): [LOWI-Scan]
12-23 03:49:20.523 D/LOWI-9.0.0.87.a( 1331): [LOWI-Scan] print_bss_handler: Report Probe TSF 9300584767 as it greater than Beacon TSF 9243671583
12-23 03:49:20.523 D/LOWI-9.0.0.87.a( 1331): [LOWI-Scan] decode_rsn_wpa_ie: LOWI_ENCRYPTION_TYPE_WPA_PSK
12-23 03:49:20.523 D/LOWI-9.0.0.87.a( 1331): [LOWI-Scan] is_qcom_ie, bss_age: 0
12-23 03:49:20.523 D/LOWI-9.0.0.87.a( 1331): [LOWI-Scan] BSS 18:6f:2d:81:18:43 LOWI_PHY_MODE_11NG_HT20(5), Beacon Interval: 100, LOWI_ENCRYPTION_TYPE_WPA_PSK 11mcRanging: No, ANQP: No, LCI: No, Civic: No, capability(0x0531): ESS Privacy ShortPreamble SpectrumMgmt ShortSlotTime
12-23 03:49:20.523 D/LOWI-9.0.0.87.a( 1331): [LOWI-Scan] BSS 18:6f:2d:81:18:43 FREQ: 2432, cFreq1[40:80:160] = [2432:0:0] cFreq2 = 0 Country Code = CN
12-23 03:49:20.523 D/LOWI-9.0.0.87.a( 1331): [LOWI-Scan] BSS 18:6f:2d:81:18:43 (wlan0) ASSO: NO AddInfo: 0x0, TSF 0, 02:35:00.584, RSSI: -136, CPL: 127, AGE: 740, SSID ZXHY, TSFDelta: 0xc1dc930b, TXRate: 0
12-23 03:49:20.523 D/LOWI-9.0.0.87.a( 1331): [LOWI-Scan]
12-23 03:49:20.523 D/LOWI-9.0.0.87.a( 1331): [LOWI-Scan] print_bss_handler: Report Probe TSF 9300585571 as it greater than Beacon TSF 9280564162
12-23 03:49:20.523 D/LOWI-9.0.0.87.a( 1331): [LOWI-Scan] decode_rsn_wpa_ie: LOWI_ENCRYPTION_TYPE_WPA_PSK
12-23 03:49:20.523 D/LOWI-9.0.0.87.a( 1331): [LOWI-Scan] is_qcom_ie, bss_age: 0
12-23 03:49:20.523 D/LOWI-9.0.0.87.a( 1331): [LOWI-Scan] BSS 18:6f:2d:81:18:44 LOWI_PHY_MODE_11NG_HT20(5), Beacon Interval: 100, LOWI_ENCRYPTION_TYPE_WPA_PSK 11mcRanging: No, ANQP: No, LCI: No, Civic: No, capability(0x0531): ESS Privacy ShortPreamble SpectrumMgmt ShortSlotTime
12-23 03:49:20.523 D/LOWI-9.0.0.87.a( 1331): [LOWI-Scan] BSS 18:6f:2d:81:18:44 FREQ: 2432, cFreq1[40:80:160] = [2432:0:0] cFreq2 = 0 Country Code = CN
12-23 03:49:20.523 D/LOWI-9.0.0.87.a( 1331): [LOWI-Scan] BSS 18:6f:2d:81:18:44 (wlan0) ASSO: NO AddInfo: 0x0, TSF 0, 02:35:00.585, RSSI: -136, CPL: 127, AGE: 740, SSID Fanya, TSFDelta: 0xc1e2a81c, TXRate: 0
12-23 03:49:20.524 D/LOWI-9.0.0.87.a( 1331): [LOWI-Scan]
12-23 03:49:20.524 D/LOWI-9.0.0.87.a( 1331): [LOWI-Scan] print_bss_handler: Report beacon TSF 9290653853 as it greater than probe TSF 9290611516
12-23 03:49:20.524 D/LOWI-9.0.0.87.a( 1331): [LOWI-Scan] decode_rsn_wpa_ie: LOWI_ENCRYPTION_TYPE_WPA_PSK
12-23 03:49:20.524 D/LOWI-9.0.0.87.a( 1331): [LOWI-Scan] is_qcom_ie, bss_age: 0
12-23 03:49:20.524 D/LOWI-9.0.0.87.a( 1331): [LOWI-Scan] adjust_age:AP AGE upper limit reached. Dont store
12-23 03:49:20.524 D/LOWI-9.0.0.87.a( 1331): [LOWI-Scan] BSS 58:d9:d5:44:ba:d8 LOWI_PHY_MODE_11G(1), Beacon Interval: 100, LOWI_ENCRYPTION_TYPE_WPA_PSK 11mcRanging: No, ANQP: No, LCI: No, Civic: No, capability(0x0011): ESS Privacy
12-23 03:49:20.524 D/LOWI-9.0.0.87.a( 1331): [LOWI-Scan] BSS 58:d9:d5:44:ba:d8 FREQ: 2432, cFreq1[40:80:160] = [0:0:0] cFreq2 = 0 Country Code =
12-23 03:49:20.524 D/LOWI-9.0.0.87.a( 1331): [LOWI-Scan] BSS 58:d9:d5:44:ba:d8 (wlan0) ASSO: NO AddInfo: 0x1, TSF 0, 02:34:50.653, RSSI: -66, CPL: 127, AGE: 10672, SSID TD-2.4G, TSFDelta: 0xdd89a7fb, TXRate: 0
12-23 03:49:20.524 D/LOWI-9.0.0.87.a( 1331): [LOWI-Scan]
12-23 03:49:20.524 D/LOWI-9.0.0.87.a( 1331): [LOWI-Scan] print_bss_handler: Report Probe TSF 9300586317 as it greater than Beacon TSF 9280564966
12-23 03:49:20.524 D/LOWI-9.0.0.87.a( 1331): [LOWI-Scan] decode_rsn_wpa_ie: LOWI_ENCRYPTION_TYPE_WPA_PSK
12-23 03:49:20.524 D/LOWI-9.0.0.87.a( 1331): [LOWI-Scan] is_qcom_ie, bss_age: 0
12-23 03:49:20.524 D/LOWI-9.0.0.87.a( 1331): [LOWI-Scan] BSS 18:6f:2d:81:18:45 LOWI_PHY_MODE_11NG_HT20(5), Beacon Interval: 100, LOWI_ENCRYPTION_TYPE_WPA_PSK 11mcRanging: No, ANQP: No, LCI: No, Civic: No, capability(0x0531): ESS Privacy ShortPreamble SpectrumMgmt ShortSlotTime
12-23 03:49:20.524 D/LOWI-9.0.0.87.a( 1331): [LOWI-Scan] BSS 18:6f:2d:81:18:45 FREQ: 2432, cFreq1[40:80:160] = [2432:0:0] cFreq2 = 0 Country Code = CN
12-23 03:49:20.524 D/LOWI-9.0.0.87.a( 1331): [LOWI-Scan] BSS 18:6f:2d:81:18:45 (wlan0) ASSO: NO AddInfo: 0x0, TSF 0, 02:35:00.586, RSSI: -138, CPL: 127, AGE: 740, SSID 123, TSFDelta: 0xc1e7b6be, TXRate: 0
12-23 03:49:20.525 D/LOWI-9.0.0.87.a( 1331): [LOWI-Scan]
12-23 03:49:20.525 D/LOWI-9.0.0.87.a( 1331): [LOWI-Scan] print_bss_handler: Report Probe TSF 9300705338 as it greater than Beacon TSF 9300680621
12-23 03:49:20.525 D/LOWI-9.0.0.87.a( 1331): [LOWI-Scan] decode_rsn_wpa_ie: LOWI_ENCRYPTION_TYPE_WPA_PSK
12-23 03:49:20.525 D/LOWI-9.0.0.87.a( 1331): [LOWI-Scan] is_qcom_ie, bss_age: 0
12-23 03:49:20.525 D/LOWI-9.0.0.87.a( 1331): [LOWI-Scan] BSS 18:6f:2d:81:25:40 LOWI_PHY_MODE_11NG_HT20(5), Beacon Interval: 100, LOWI_ENCRYPTION_TYPE_WPA_PSK 11mcRanging: No, ANQP: No, LCI: No, Civic: No, capability(0x0531): ESS Privacy ShortPreamble SpectrumMgmt ShortSlotTime
12-23 03:49:20.525 D/LOWI-9.0.0.87.a( 1331): [LOWI-Scan] BSS 18:6f:2d:81:25:40 FREQ: 2437, cFreq1[40:80:160] = [2437:0:0] cFreq2 = 0 Country Code = CN
12-23 03:49:20.525 D/LOWI-9.0.0.87.a( 1331): [LOWI-Scan] BSS 18:6f:2d:81:25:40 (wlan0) ASSO: NO AddInfo: 0x0, TSF 0, 02:35:00.705, RSSI: -84, CPL: 127, AGE: 620, SSID Testing , TSFDelta: 0x68bca72a, TXRate: 0
12-23 03:49:20.525 D/LOWI-9.0.0.87.a( 1331): [LOWI-Scan]
12-23 03:49:20.525 D/LOWI-9.0.0.87.a( 1331): [LOWI-Scan] print_bss_handler: Report beacon TSF 9300682820 as it greater than probe TSF 9300645666
12-23 03:49:20.525 D/LOWI-9.0.0.87.a( 1331): [LOWI-Scan] is_qcom_ie, bss_age: 0
12-23 03:49:20.525 D/LOWI-9.0.0.87.a( 1331): [LOWI-Scan] BSS 18:6f:2d:81:25:41 LOWI_PHY_MODE_11NG_HT20(5), Beacon Interval: 100, LOWI_ENCRYPTION_TYPE_OPEN 11mcRanging: No, ANQP: No, LCI: No, Civic: No, capability(0x0521): ESS ShortPreamble SpectrumMgmt ShortSlotTime
12-23 03:49:20.525 D/LOWI-9.0.0.87.a( 1331): [LOWI-Scan] BSS 18:6f:2d:81:25:41 FREQ: 2437, cFreq1[40:80:160] = [2437:0:0] cFreq2 = 0 Country Code = CN
12-23 03:49:20.525 D/LOWI-9.0.0.87.a( 1331): [LOWI-Scan] BSS 18:6f:2d:81:25:41 (wlan0) ASSO: NO AddInfo: 0x1, TSF 0, 02:35:00.682, RSSI: -74, CPL: 127, AGE: 644, SSID Guest, TSFDelta: 0x67724fc3, TXRate: 0
12-23 03:49:20.526 D/LOWI-9.0.0.87.a( 1331): [LOWI-Scan]
12-23 03:49:20.526 D/LOWI-9.0.0.87.a( 1331): [LOWI-Scan] print_bss_handler: Report beacon TSF 9300683768 as it greater than probe TSF 9300647892
12-23 03:49:20.526 D/LOWI-9.0.0.87.a( 1331): [LOWI-Scan] decode_rsn_wpa_ie: LOWI_ENCRYPTION_TYPE_WPA_PSK
12-23 03:49:20.526 D/LOWI-9.0.0.87.a( 1331): [LOWI-Scan] is_qcom_ie, bss_age: 0
12-23 03:49:20.526 D/LOWI-9.0.0.87.a( 1331): [LOWI-Scan] BSS 18:6f:2d:81:25:42 LOWI_PHY_MODE_11NG_HT20(5), Beacon Interval: 100, LOWI_ENCRYPTION_TYPE_WPA_PSK 11mcRanging: No, ANQP: No, LCI: No, Civic: No, capability(0x0531): ESS Privacy ShortPreamble SpectrumMgmt ShortSlotTime
12-23 03:49:20.526 D/LOWI-9.0.0.87.a( 1331): [LOWI-Scan] BSS 18:6f:2d:81:25:42 FREQ: 2437, cFreq1[40:80:160] = [2437:0:0] cFreq2 = 0 Country Code = CN
12-23 03:49:20.526 D/LOWI-9.0.0.87.a( 1331): [LOWI-Scan] BSS 18:6f:2d:81:25:42 (wlan0) ASSO: NO AddInfo: 0x1, TSF 0, 02:35:00.683, RSSI: -82, CPL: 127, AGE: 644, SSID ThunderSoft_2.4G, TSFDelta: 0x677fe99d, TXRate: 0
12-23 03:49:20.526 D/LOWI-9.0.0.87.a( 1331): [LOWI-Scan]
12-23 03:49:20.526 D/LOWI-9.0.0.87.a( 1331): [LOWI-Scan] print_bss_handler: Report Probe TSF 9300653058 as it greater than Beacon TSF 9290754235
12-23 03:49:20.526 D/LOWI-9.0.0.87.a( 1331): [LOWI-Scan] decode_rsn_wpa_ie: LOWI_ENCRYPTION_TYPE_WPA_PSK
12-23 03:49:20.526 D/LOWI-9.0.0.87.a( 1331): [LOWI-Scan] is_qcom_ie, bss_age: 0
12-23 03:49:20.526 D/LOWI-9.0.0.87.a( 1331): [LOWI-Scan] BSS 18:6f:2d:81:25:43 LOWI_PHY_MODE_11NG_HT20(5), Beacon Interval: 100, LOWI_ENCRYPTION_TYPE_WPA_PSK 11mcRanging: No, ANQP: No, LCI: No, Civic: No, capability(0x0531): ESS Privacy ShortPreamble SpectrumMgmt ShortSlotTime
12-23 03:49:20.526 D/LOWI-9.0.0.87.a( 1331): [LOWI-Scan] BSS 18:6f:2d:81:25:43 FREQ: 2437, cFreq1[40:80:160] = [2437:0:0] cFreq2 = 0 Country Code = CN
12-23 03:49:20.526 D/LOWI-9.0.0.87.a( 1331): [LOWI-Scan] BSS 18:6f:2d:81:25:43 (wlan0) ASSO: NO AddInfo: 0x0, TSF 0, 02:35:00.653, RSSI: -82, CPL: 127, AGE: 672, SSID ZXHY, TSFDelta: 0x67a51bd5, TXRate: 0
12-23 03:49:20.527 D/LOWI-9.0.0.87.a( 1331): [LOWI-Scan]
12-23 03:49:20.527 D/LOWI-9.0.0.87.a( 1331): [LOWI-Scan] print_bss_handler: Report beacon TSF 9300686925 as it greater than probe TSF 9300655391
12-23 03:49:20.527 D/LOWI-9.0.0.87.a( 1331): [LOWI-Scan] decode_rsn_wpa_ie: LOWI_ENCRYPTION_TYPE_WPA_PSK
12-23 03:49:20.527 D/LOWI-9.0.0.87.a( 1331): [LOWI-Scan] is_qcom_ie, bss_age: 0
12-23 03:49:20.527 D/LOWI-9.0.0.87.a( 1331): [LOWI-Scan] BSS 18:6f:2d:81:25:44 LOWI_PHY_MODE_11NG_HT20(5), Beacon Interval: 100, LOWI_ENCRYPTION_TYPE_WPA_PSK 11mcRanging: No, ANQP: No, LCI: No, Civic: No, capability(0x0531): ESS Privacy ShortPreamble SpectrumMgmt ShortSlotTime
12-23 03:49:20.527 D/LOWI-9.0.0.87.a( 1331): [LOWI-Scan] BSS 18:6f:2d:81:25:44 FREQ: 2437, cFreq1[40:80:160] = [2437:0:0] cFreq2 = 0 Country Code = CN
12-23 03:49:20.527 D/LOWI-9.0.0.87.a( 1331): [LOWI-Scan] BSS 18:6f:2d:81:25:44 (wlan0) ASSO: NO AddInfo: 0x1, TSF 0, 02:35:00.686, RSSI: -86, CPL: 127, AGE: 640, SSID Fanya, TSFDelta: 0x67b534a0, TXRate: 0
12-23 03:49:20.527 D/LOWI-9.0.0.87.a( 1331): [LOWI-Scan]
12-23 03:49:20.527 D/LOWI-9.0.0.87.a( 1331): [LOWI-Scan] print_bss_handler: Report beacon TSF 9300681954 as it greater than probe TSF 9300657164
12-23 03:49:20.527 D/LOWI-9.0.0.87.a( 1331): [LOWI-Scan] decode_rsn_wpa_ie: LOWI_ENCRYPTION_TYPE_WPA_PSK
12-23 03:49:20.527 D/LOWI-9.0.0.87.a( 1331): [LOWI-Scan] is_qcom_ie, bss_age: 0
12-23 03:49:20.528 D/LOWI-9.0.0.87.a( 1331): [LOWI-Scan] BSS 18:6f:2d:0a:b8:50 LOWI_PHY_MODE_11AC_VHT20(8), Beacon Interval: 100, LOWI_ENCRYPTION_TYPE_WPA_PSK 11mcRanging: No, ANQP: No, LCI: No, Civic: No, capability(0x0111): ESS Privacy SpectrumMgmt
12-23 03:49:20.528 D/LOWI-9.0.0.87.a( 1331): [LOWI-Scan] BSS 18:6f:2d:0a:b8:50 FREQ: 5260, cFreq1[40:80:160] = [5260:0:0] cFreq2 = 0 Country Code = CN
12-23 03:49:20.528 D/LOWI-9.0.0.87.a( 1331): [LOWI-Scan] BSS 18:6f:2d:0a:b8:50 (wlan0) ASSO: NO AddInfo: 0x1, TSF 0, 02:35:00.681, RSSI: -144, CPL: 127, AGE: 644, SSID Testing , TSFDelta: 0x7e259517, TXRate: 0
12-23 03:49:20.528 D/LOWI-9.0.0.87.a( 1331): [LOWI-Scan]
12-23 03:49:20.528 D/LOWI-9.0.0.87.a( 1331): [LOWI-Scan] print_bss_handler: Report beacon TSF 9300683064 as it greater than probe TSF 9300657457
12-23 03:49:20.528 D/LOWI-9.0.0.87.a( 1331): [LOWI-Scan] is_qcom_ie, bss_age: 0
12-23 03:49:20.528 D/LOWI-9.0.0.87.a( 1331): [LOWI-Scan] BSS 18:6f:2d:0a:b8:51 LOWI_PHY_MODE_11AC_VHT20(8), Beacon Interval: 100, LOWI_ENCRYPTION_TYPE_OPEN 11mcRanging: No, ANQP: No, LCI: No, Civic: No, capability(0x0101): ESS SpectrumMgmt
12-23 03:49:20.528 D/LOWI-9.0.0.87.a( 1331): [LOWI-Scan] BSS 18:6f:2d:0a:b8:51 FREQ: 5260, cFreq1[40:80:160] = [5260:0:0] cFreq2 = 0 Country Code = CN
12-23 03:49:20.528 D/LOWI-9.0.0.87.a( 1331): [LOWI-Scan] BSS 18:6f:2d:0a:b8:51 (wlan0) ASSO: NO AddInfo: 0x1, TSF 0, 02:35:00.683, RSSI: -142, CPL: 127, AGE: 644, SSID Guest, TSFDelta: 0x7e281479, TXRate: 0
12-23 03:49:20.528 D/LOWI-9.0.0.87.a( 1331): [LOWI-Scan]
12-23 03:49:20.528 D/LOWI-9.0.0.87.a( 1331): [LOWI-Scan] print_bss_handler: Report beacon TSF 9300683137 as it greater than probe TSF 9300657875
12-23 03:49:20.528 D/LOWI-9.0.0.87.a( 1331): [LOWI-Scan] decode_rsn_wpa_ie: LOWI_ENCRYPTION_TYPE_WPA_PSK
12-23 03:49:20.528 D/LOWI-9.0.0.87.a( 1331): [LOWI-Scan] is_qcom_ie, bss_age: 0
12-23 03:49:20.528 D/LOWI-9.0.0.87.a( 1331): [LOWI-Scan] BSS 18:6f:2d:0a:b8:52 LOWI_PHY_MODE_11AC_VHT20(8), Beacon Interval: 100, LOWI_ENCRYPTION_TYPE_WPA_PSK 11mcRanging: No, ANQP: No, LCI: No, Civic: No, capability(0x0111): ESS Privacy SpectrumMgmt
12-23 03:49:20.528 D/LOWI-9.0.0.87.a( 1331): [LOWI-Scan] BSS 18:6f:2d:0a:b8:52 FREQ: 5260, cFreq1[40:80:160] = [5260:0:0] cFreq2 = 0 Country Code = CN
12-23 03:49:20.528 D/LOWI-9.0.0.87.a( 1331): [LOWI-Scan] BSS 18:6f:2d:0a:b8:52 (wlan0) ASSO: NO AddInfo: 0x1, TSF 0, 02:35:00.683, RSSI: -142, CPL: 127, AGE: 644, SSID ZXHY, TSFDelta: 0x7e2a6834, TXRate: 0
12-23 03:49:20.529 D/LOWI-9.0.0.87.a( 1331): [LOWI-Scan]
12-23 03:49:20.529 D/LOWI-9.0.0.87.a( 1331): [LOWI-Scan] print_bss_handler: Report beacon TSF 9300683350 as it greater than probe TSF 9300662313
12-23 03:49:20.529 D/LOWI-9.0.0.87.a( 1331): [LOWI-Scan] decode_rsn_wpa_ie: LOWI_ENCRYPTION_TYPE_WPA_PSK
12-23 03:49:20.529 D/LOWI-9.0.0.87.a( 1331): [LOWI-Scan] is_qcom_ie, bss_age: 0
12-23 03:49:20.529 D/LOWI-9.0.0.87.a( 1331): [LOWI-Scan] BSS 18:6f:2d:0a:b8:53 LOWI_PHY_MODE_11AC_VHT20(8), Beacon Interval: 100, LOWI_ENCRYPTION_TYPE_WPA_PSK 11mcRanging: No, ANQP: No, LCI: No, Civic: No, capability(0x0111): ESS Privacy SpectrumMgmt
12-23 03:49:20.529 D/LOWI-9.0.0.87.a( 1331): [LOWI-Scan] BSS 18:6f:2d:0a:b8:53 FREQ: 5260, cFreq1[40:80:160] = [5260:0:0] cFreq2 = 0 Country Code = CN
12-23 03:49:20.529 D/LOWI-9.0.0.87.a( 1331): [LOWI-Scan] BSS 18:6f:2d:0a:b8:53 (wlan0) ASSO: NO AddInfo: 0x1, TSF 0, 02:35:00.683, RSSI: -142, CPL: 127, AGE: 644, SSID Fanya, TSFDelta: 0x7e3bcecf, TXRate: 0
12-23 03:49:20.529 D/LOWI-9.0.0.87.a( 1331): [LOWI-Scan]
12-23 03:49:20.529 D/LOWI-9.0.0.87.a( 1331): [LOWI-Scan] print_bss_handler: Report beacon TSF 9300683431 as it greater than probe TSF 9300662419
12-23 03:49:20.529 D/LOWI-9.0.0.87.a( 1331): [LOWI-Scan] decode_rsn_wpa_ie: LOWI_ENCRYPTION_TYPE_WPA_PSK
12-23 03:49:20.529 D/LOWI-9.0.0.87.a( 1331): [LOWI-Scan] is_qcom_ie, bss_age: 0
12-23 03:49:20.529 D/LOWI-9.0.0.87.a( 1331): [LOWI-Scan] BSS 18:6f:2d:0a:b8:54 LOWI_PHY_MODE_11AC_VHT20(8), Beacon Interval: 100, LOWI_ENCRYPTION_TYPE_WPA_PSK 11mcRanging: No, ANQP: No, LCI: No, Civic: No, capability(0x0111): ESS Privacy SpectrumMgmt
12-23 03:49:20.529 D/LOWI-9.0.0.87.a( 1331): [LOWI-Scan] BSS 18:6f:2d:0a:b8:54 FREQ: 5260, cFreq1[40:80:160] = [5260:0:0] cFreq2 = 0 Country Code = CN
12-23 03:49:20.529 D/LOWI-9.0.0.87.a( 1331): [LOWI-Scan] BSS 18:6f:2d:0a:b8:54 (wlan0) ASSO: NO AddInfo: 0x1, TSF 0, 02:35:00.683, RSSI: -142, CPL: 127, AGE: 644, SSID ThunderSoft, TSFDelta: 0x7e40e5bd, TXRate: 0
12-23 03:49:20.530 D/LOWI-9.0.0.87.a( 1331): [LOWI-Scan]
12-23 03:49:20.530 D/LOWI-9.0.0.87.a( 1331): [LOWI-Scan] print_bss_handler: Report beacon TSF 9300683702 as it greater than probe TSF 9300662485
12-23 03:49:20.530 D/LOWI-9.0.0.87.a( 1331): [LOWI-Scan] decode_rsn_wpa_ie: LOWI_ENCRYPTION_TYPE_WPA_PSK
12-23 03:49:20.530 D/LOWI-9.0.0.87.a( 1331): [LOWI-Scan] is_qcom_ie, bss_age: 0
12-23 03:49:20.530 D/LOWI-9.0.0.87.a( 1331): [LOWI-Scan] BSS 18:6f:2d:0a:b8:55 LOWI_PHY_MODE_11AC_VHT20(8), Beacon Interval: 100, LOWI_ENCRYPTION_TYPE_WPA_PSK 11mcRanging: No, ANQP: No, LCI: No, Civic: No, capability(0x0111): ESS Privacy SpectrumMgmt
12-23 03:49:20.530 D/LOWI-9.0.0.87.a( 1331): [LOWI-Scan] BSS 18:6f:2d:0a:b8:55 FREQ: 5260, cFreq1[40:80:160] = [5260:0:0] cFreq2 = 0 Country Code = CN
12-23 03:49:20.530 D/LOWI-9.0.0.87.a( 1331): [LOWI-Scan] BSS 18:6f:2d:0a:b8:55 (wlan0) ASSO: NO AddInfo: 0x1, TSF 0, 02:35:00.683, RSSI: -142, CPL: 127, AGE: 644, SSID GM, TSFDelta: 0x7e460382, TXRate: 0
12-23 03:49:20.530 D/LOWI-9.0.0.87.a( 1331): [LOWI-Scan]
12-23 03:49:20.530 D/LOWI-9.0.0.87.a( 1331): [LOWI-Scan] print_bss_handler: Report Probe TSF 9300658415 as it greater than Beacon TSF 9300617601
12-23 03:49:20.530 D/LOWI-9.0.0.87.a( 1331): [LOWI-Scan] decode_rsn_wpa_ie: LOWI_ENCRYPTION_TYPE_WPA_PSK
12-23 03:49:20.530 D/LOWI-9.0.0.87.a( 1331): [LOWI-Scan] is_qcom_ie, bss_age: 0
12-23 03:49:20.530 D/LOWI-9.0.0.87.a( 1331): [LOWI-Scan] BSS 18:6f:2d:81:18:54 LOWI_PHY_MODE_11AC_VHT20(8), Beacon Interval: 100, LOWI_ENCRYPTION_TYPE_WPA_PSK 11mcRanging: No, ANQP: No, LCI: No, Civic: No, capability(0x0111): ESS Privacy SpectrumMgmt
12-23 03:49:20.530 D/LOWI-9.0.0.87.a( 1331): [LOWI-Scan] BSS 18:6f:2d:81:18:54 FREQ: 5260, cFreq1[40:80:160] = [5260:0:0] cFreq2 = 0 Country Code = CN
12-23 03:49:20.530 D/LOWI-9.0.0.87.a( 1331): [LOWI-Scan] BSS 18:6f:2d:81:18:54 (wlan0) ASSO: NO AddInfo: 0x0, TSF 0, 02:35:00.658, RSSI: -164, CPL: 127, AGE: 668, SSID ThunderSoft, TSFDelta: 0x31e42, TXRate: 0
12-23 03:49:20.531 D/LOWI-9.0.0.87.a( 1331): [LOWI-Scan]
12-23 03:49:20.531 D/LOWI-9.0.0.87.a( 1331): [LOWI-Scan] print_bss_handler: Report Probe TSF 9300638125 as it greater than Beacon TSF 9300617536
12-23 03:49:20.531 D/LOWI-9.0.0.87.a( 1331): [LOWI-Scan] decode_rsn_wpa_ie: LOWI_ENCRYPTION_TYPE_WPA_PSK
12-23 03:49:20.531 D/LOWI-9.0.0.87.a( 1331): [LOWI-Scan] is_qcom_ie, bss_age: 0
12-23 03:49:20.531 D/LOWI-9.0.0.87.a( 1331): [LOWI-Scan] BSS 18:6f:2d:81:18:53 LOWI_PHY_MODE_11AC_VHT20(8), Beacon Interval: 100, LOWI_ENCRYPTION_TYPE_WPA_PSK 11mcRanging: No, ANQP: No, LCI: No, Civic: No, capability(0x0111): ESS Privacy SpectrumMgmt
12-23 03:49:20.531 D/LOWI-9.0.0.87.a( 1331): [LOWI-Scan] BSS 18:6f:2d:81:18:53 FREQ: 5260, cFreq1[40:80:160] = [5260:0:0] cFreq2 = 0 Country Code = CN
12-23 03:49:20.531 D/LOWI-9.0.0.87.a( 1331): [LOWI-Scan] BSS 18:6f:2d:81:18:53 (wlan0) ASSO: NO AddInfo: 0x0, TSF 0, 02:35:00.638, RSSI: -162, CPL: 127, AGE: 688, SSID Fanya, TSFDelta: 0xff6cea42, TXRate: 0
12-23 03:49:20.531 D/LOWI-9.0.0.87.a( 1331): [LOWI-Scan]
12-23 03:49:20.531 D/LOWI-9.0.0.87.a( 1331): [LOWI-Scan] print_bss_handler: Report Probe TSF 9300658771 as it greater than Beacon TSF 9300617665
12-23 03:49:20.531 D/LOWI-9.0.0.87.a( 1331): [LOWI-Scan] decode_rsn_wpa_ie: LOWI_ENCRYPTION_TYPE_WPA_PSK
12-23 03:49:20.531 D/LOWI-9.0.0.87.a( 1331): [LOWI-Scan] is_qcom_ie, bss_age: 0
12-23 03:49:20.531 D/LOWI-9.0.0.87.a( 1331): [LOWI-Scan] BSS 18:6f:2d:81:18:55 LOWI_PHY_MODE_11AC_VHT20(8), Beacon Interval: 100, LOWI_ENCRYPTION_TYPE_WPA_PSK 11mcRanging: No, ANQP: No, LCI: No, Civic: No, capability(0x0111): ESS Privacy SpectrumMgmt
12-23 03:49:20.531 D/LOWI-9.0.0.87.a( 1331): [LOWI-Scan] BSS 18:6f:2d:81:18:55 FREQ: 5260, cFreq1[40:80:160] = [5260:0:0] cFreq2 = 0 Country Code = CN
12-23 03:49:20.531 D/LOWI-9.0.0.87.a( 1331): [LOWI-Scan] BSS 18:6f:2d:81:18:55 (wlan0) ASSO: NO AddInfo: 0x0, TSF 0, 02:35:00.658, RSSI: -164, CPL: 127, AGE: 668, SSID GM, TSFDelta: 0x5b5a8, TXRate: 0
12-23 03:49:20.532 D/LOWI-9.0.0.87.a( 1331): [LOWI-Scan]
12-23 03:49:20.532 D/LOWI-9.0.0.87.a( 1331): [LOWI-Scan] print_bss_handler: Report Probe TSF 9300661110 as it greater than Beacon TSF 9239891914
12-23 03:49:20.532 D/LOWI-9.0.0.87.a( 1331): [LOWI-Scan] decode_rsn_wpa_ie: LOWI_ENCRYPTION_TYPE_WPA_PSK
12-23 03:49:20.532 D/LOWI-9.0.0.87.a( 1331): [LOWI-Scan] is_qcom_ie, bss_age: 0
12-23 03:49:20.532 D/LOWI-9.0.0.87.a( 1331): [LOWI-Scan] BSS 18:6f:2d:81:18:56 LOWI_PHY_MODE_11AC_VHT20(8), Beacon Interval: 100, LOWI_ENCRYPTION_TYPE_WPA_PSK 11mcRanging: No, ANQP: No, LCI: No, Civic: No, capability(0x0111): ESS Privacy SpectrumMgmt
12-23 03:49:20.532 D/LOWI-9.0.0.87.a( 1331): [LOWI-Scan] BSS 18:6f:2d:81:18:56 FREQ: 5260, cFreq1[40:80:160] = [5260:0:0] cFreq2 = 0 Country Code = CN
12-23 03:49:20.532 D/LOWI-9.0.0.87.a( 1331): [LOWI-Scan] BSS 18:6f:2d:81:18:56 (wlan0) ASSO: NO AddInfo: 0x0, TSF 0, 02:35:00.661, RSSI: -164, CPL: 127, AGE: 664, SSID 123, TSFDelta: 0xad87a, TXRate: 0
12-23 03:49:20.532 D/LOWI-9.0.0.87.a( 1331): [LOWI-Scan]
12-23 03:49:20.532 D/LOWI-9.0.0.87.a( 1331): [LOWI-Scan] print_bss_handler: Report Probe TSF 9300760621 as it greater than Beacon TSF 9300732494
12-23 03:49:20.532 D/LOWI-9.0.0.87.a( 1331): [LOWI-Scan] decode_rsn_wpa_ie: LOWI_ENCRYPTION_TYPE_WPA_PSK
12-23 03:49:20.532 D/LOWI-9.0.0.87.a( 1331): [LOWI-Scan] is_qcom_ie, bss_age: 0
12-23 03:49:20.532 D/LOWI-9.0.0.87.a( 1331): [LOWI-Scan] BSS 18:6f:2d:80:dd:70 LOWI_PHY_MODE_11AC_VHT20(8), Beacon Interval: 100, LOWI_ENCRYPTION_TYPE_WPA_PSK 11mcRanging: No, ANQP: No, LCI: No, Civic: No, capability(0x0111): ESS Privacy SpectrumMgmt
12-23 03:49:20.532 D/LOWI-9.0.0.87.a( 1331): [LOWI-Scan] BSS 18:6f:2d:80:dd:70 FREQ: 5280, cFreq1[40:80:160] = [5280:0:0] cFreq2 = 0 Country Code = CN
12-23 03:49:20.532 D/LOWI-9.0.0.87.a( 1331): [LOWI-Scan] BSS 18:6f:2d:80:dd:70 (wlan0) ASSO: NO AddInfo: 0x0, TSF 0, 02:35:00.760, RSSI: -140, CPL: 127, AGE: 564, SSID Testing , TSFDelta: 0x7ebc7aad, TXRate: 0
12-23 03:49:20.532 D/LOWI-9.0.0.87.a( 1331): [LOWI-Scan]
12-23 03:49:20.532 D/LOWI-9.0.0.87.a( 1331): [LOWI-Scan] print_bss_handler: Report Probe TSF 9300761654 as it greater than Beacon TSF 9290901759
12-23 03:49:20.532 D/LOWI-9.0.0.87.a( 1331): [LOWI-Scan] is_qcom_ie, bss_age: 0
12-23 03:49:20.532 D/LOWI-9.0.0.87.a( 1331): [LOWI-Scan] BSS 18:6f:2d:80:dd:71 LOWI_PHY_MODE_11AC_VHT20(8), Beacon Interval: 100, LOWI_ENCRYPTION_TYPE_OPEN 11mcRanging: No, ANQP: No, LCI: No, Civic: No, capability(0x0101): ESS SpectrumMgmt
12-23 03:49:20.532 D/LOWI-9.0.0.87.a( 1331): [LOWI-Scan] BSS 18:6f:2d:80:dd:71 FREQ: 5280, cFreq1[40:80:160] = [5280:0:0] cFreq2 = 0 Country Code = CN
12-23 03:49:20.532 D/LOWI-9.0.0.87.a( 1331): [LOWI-Scan] BSS 18:6f:2d:80:dd:71 (wlan0) ASSO: NO AddInfo: 0x0, TSF 0, 02:35:00.761, RSSI: -140, CPL: 127, AGE: 564, SSID Guest, TSFDelta: 0x7ec58737, TXRate: 0
12-23 03:49:20.533 D/LOWI-9.0.0.87.a( 1331): [LOWI-Scan]
12-23 03:49:20.533 D/LOWI-9.0.0.87.a( 1331): [LOWI-Scan] print_bss_handler: Report Probe TSF 9300762028 as it greater than Beacon TSF 9300732619
12-23 03:49:20.533 D/LOWI-9.0.0.87.a( 1331): [LOWI-Scan] decode_rsn_wpa_ie: LOWI_ENCRYPTION_TYPE_WPA_PSK
12-23 03:49:20.533 D/LOWI-9.0.0.87.a( 1331): [LOWI-Scan] is_qcom_ie, bss_age: 0
12-23 03:49:20.533 D/LOWI-9.0.0.87.a( 1331): [LOWI-Scan] BSS 18:6f:2d:80:dd:72 LOWI_PHY_MODE_11AC_VHT20(8), Beacon Interval: 100, LOWI_ENCRYPTION_TYPE_WPA_PSK 11mcRanging: No, ANQP: No, LCI: No, Civic: No, capability(0x0111): ESS Privacy SpectrumMgmt
12-23 03:49:20.533 D/LOWI-9.0.0.87.a( 1331): [LOWI-Scan] BSS 18:6f:2d:80:dd:72 FREQ: 5280, cFreq1[40:80:160] = [5280:0:0] cFreq2 = 0 Country Code = CN
12-23 03:49:20.533 D/LOWI-9.0.0.87.a( 1331): [LOWI-Scan] BSS 18:6f:2d:80:dd:72 (wlan0) ASSO: NO AddInfo: 0x0, TSF 0, 02:35:00.762, RSSI: -140, CPL: 127, AGE: 564, SSID ZXHY, TSFDelta: 0x7ec80dee, TXRate: 0
12-23 03:49:20.533 D/LOWI-9.0.0.87.a( 1331): [LOWI-Scan]
