12-23 03:24:42.073 I/am_wtf ( 1507): [0,13854,com.android.settings,952647173,RoleParser,com.android.permissioncontroller.role.model.SystemAutomotiveClusterRoleBehavior]
12-23 03:24:42.074 I/am_wtf ( 1507): [0,13854,com.android.settings,952647173,RoleParser,com.android.permissioncontroller.role.model.CompanionDeviceWatchRoleBehavior]
12-23 03:24:42.074 I/am_wtf ( 1507): [0,13854,com.android.settings,952647173,RoleParser,com.android.permissioncontroller.role.model.SystemShellRoleBehavior]
12-23 03:24:42.075 I/am_wtf ( 1507): [0,13854,com.android.settings,952647173,RoleParser,com.android.permissioncontroller.role.model.TelevisionRoleBehavior]
12-23 03:24:42.076 I/am_wtf ( 1507): [0,13854,com.android.settings,952647173,RoleParser,com.android.permissioncontroller.role.model.TelevisionRoleBehavior]
12-23 03:24:42.190 I/am_uid_active( 1507): 10083
12-23 03:24:42.195 I/wm_on_create_called(13854): [197961297,com.android.settings.Settings,performCreate]
12-23 03:24:42.225 I/wm_on_start_called(13854): [197961297,com.android.settings.Settings,handleStartActivity]
12-23 03:24:42.226 I/snet_event_log(13854): [120484087,-1,]
12-23 03:24:42.227 I/wm_on_resume_called(13854): [197961297,com.android.settings.Settings,RESUME_ACTIVITY]
12-23 03:24:42.228 I/sysui_multi_action(13854): [757,35,758,1,833,0,1089,31]
12-23 03:24:42.233 I/sysui_multi_action(13854): [757,1729,758,4,854,isParalleledControllers:false,1089,36]
12-23 03:24:42.231 I/auditd ( 562): type=1400 audit(0.0:813): avc: denied { read } for comm="Binder:562_2" name="wakeup58" dev="sysfs" ino=71681 scontext=u:r:system_suspend:s0 tcontext=u:object_r:sysfs:s0 tclass=dir permissive=0
12-23 03:24:42.231 I/auditd ( 562): type=1400 audit(0.0:814): avc: denied { read } for comm="Binder:562_2" name="wakeup48" dev="sysfs" ino=67398 scontext=u:r:system_suspend:s0 tcontext=u:object_r:sysfs:s0 tclass=dir permissive=0
12-23 03:24:42.231 I/auditd ( 562): type=1400 audit(0.0:815): avc: denied { read } for comm="Binder:562_2" name="wakeup4" dev="sysfs" ino=47049 scontext=u:r:system_suspend:s0 tcontext=u:object_r:sysfs:s0 tclass=dir permissive=0
12-23 03:24:42.231 I/auditd ( 562): type=1400 audit(0.0:816): avc: denied { read } for comm="Binder:562_2" name="wakeup76" dev="sysfs" ino=76726 scontext=u:r:system_suspend:s0 tcontext=u:object_r:sysfs:s0 tclass=dir permissive=0
12-23 03:24:42.231 I/auditd ( 562): type=1400 audit(0.0:817): avc: denied { read } for comm="Binder:562_2" name="wakeup28" dev="sysfs" ino=53254 scontext=u:r:system_suspend:s0 tcontext=u:object_r:sysfs:s0 tclass=dir permissive=0
12-23 03:24:42.231 I/auditd ( 562): type=1400 audit(0.0:818): avc: denied { read } for comm="Binder:562_2" name="wakeup56" dev="sysfs" ino=71609 scontext=u:r:system_suspend:s0 tcontext=u:object_r:sysfs:s0 tclass=dir permissive=0
12-23 03:24:42.231 I/auditd ( 562): type=1400 audit(0.0:819): avc: denied { read } for comm="Binder:562_2" name="wakeup2" dev="sysfs" ino=46573 scontext=u:r:system_suspend:s0 tcontext=u:object_r:sysfs:s0 tclass=dir permissive=0
12-23 03:24:42.231 I/auditd ( 562): type=1400 audit(0.0:820): avc: denied { read } for comm="Binder:562_2" name="wakeup36" dev="sysfs" ino=62478 scontext=u:r:system_suspend:s0 tcontext=u:object_r:sysfs:s0 tclass=dir permissive=0
12-23 03:24:42.238 I/wm_on_top_resumed_gained_called(13854): [197961297,com.android.settings.Settings,topStateChangedWhenResumed]
12-23 03:24:42.274 I/input_focus( 1507): [Focus request 548bddd com.android.settings/com.android.settings.Settings,reason=UpdateInputWindows]
12-23 03:24:42.313 I/sysui_multi_action( 1507): [324,0,757,1090,758,12,806,com.android.settings,871,com.android.settings.Settings,1091,303]
12-23 03:24:42.315 I/sysui_multi_action( 1507): [319,36,321,34,322,303,325,7822,757,761,758,7,759,1,806,com.android.settings,871,com.android.settings.Settings,904,com.android.launcher3,905,0,945,38,1320,4,1321,1]
12-23 03:24:42.315 I/wm_activity_launch_time( 1507): [0,197961297,com.android.settings/.Settings,303]
12-23 03:24:42.324 I/input_focus( 1507): [Focus entering 548bddd com.android.settings/com.android.settings.Settings (server),reason=Window became focusable. Previous reason: NOT_VISIBLE]
12-23 03:24:42.348 W/CarrierConfigManager(13854): Error getting config for subId -1 ICarrierConfigLoader is null
12-23 03:24:42.372 I/sysui_multi_action(13854): [757,746,758,1,833,0,1089,33]
12-23 03:24:42.372 D/TelephonyRegistry( 1507): listen oscl: mHasNotifySubscriptionInfoChangedOccurred==false no callback
12-23 03:24:42.375 D/TelephonyRegistry( 1507): listen oscl: mHasNotifySubscriptionInfoChangedOccurred==false no callback
12-23 03:24:42.379 I/sysui_multi_action(13854): [757,1729,758,4,854,isParalleledControllers:false,1089,40]
12-23 03:24:42.574 I/wm_stop_activity( 1507): [0,172149049,com.android.launcher3/.uioverrides.QuickstepLauncher]
12-23 03:24:42.592 I/wm_on_stop_called( 2820): [172149049,com.android.launcher3.uioverrides.QuickstepLauncher,STOP_ACTIVITY_ITEM]
12-23 03:24:43.703 I/input_interaction( 1507): Interaction with: 548bddd com.android.settings/com.android.settings.Settings (server), edge-swipe (server), swipe-up (server), PointerEventDispatcher0 (server),
12-23 03:24:45.004 I/sysui_multi_action(13854): [757,830,758,4,833,0,854,top_level_display,1089,0]
12-23 03:24:45.115 I/sysui_multi_action(13854): [757,746,758,2,1089,2743]
12-23 03:24:45.172 I/sysui_multi_action(13854): [757,46,758,1,833,0,1089,35]
12-23 03:24:45.180 I/sysui_multi_action(13854): [757,1729,758,4,854,isParalleledControllers:false,1089,43]
12-23 03:24:47.492 I/sysui_multi_action(13854): [757,830,758,4,833,0,854,top_level_system,1089,0]
12-23 03:24:47.598 I/sysui_multi_action(13854): [757,46,758,2,1089,2426]
12-23 03:24:47.629 I/sysui_multi_action(13854): [757,744,758,1,833,0,1089,20]
12-23 03:24:47.633 I/sysui_multi_action(13854): [757,1729,758,4,854,isParalleledControllers:false,1089,23]
12-23 03:24:48.036 I/sysui_multi_action(13854): [757,830,758,4,833,0,854,top_level_game,1089,0]
12-23 03:24:48.141 I/sysui_multi_action(13854): [757,744,758,2,1089,511]
12-23 03:24:48.168 I/sysui_multi_action(13854): [757,3000,758,1,833,0,1089,19]
12-23 03:24:48.169 I/sysui_multi_action(13854): [757,1729,758,4,854,isParalleledControllers:false,1089,20]
12-23 03:24:49.076 I/sysui_multi_action(13854): [757,830,758,4,833,0,854,game_setting_switch,1089,0]
12-23 03:24:50.594 I/sysui_multi_action(13854): [757,830,758,4,833,0,854,game_setting_switch,1089,0]
12-23 03:25:37.461 I/am_uid_idle( 1507): 10050
12-23 03:25:43.504 I/sysui_multi_action( 1507): [757,1696,758,6,759,2]
12-23 03:25:43.518 I/am_wtf ( 1507): [0,1507,system_server,-1,DisplayDeviceConfig,requesting nits when no mapping exists.]
12-23 03:25:43.522 I/am_wtf ( 1507): [0,1507,system_server,-1,DisplayDeviceConfig,requesting nits when no mapping exists.]
12-23 03:25:43.533 I/am_wtf ( 1507): [0,1507,system_server,-1,DisplayDeviceConfig,requesting nits when no mapping exists.]
12-23 03:25:43.535 I/am_wtf ( 1507): [0,1507,system_server,-1,DisplayDeviceConfig,requesting nits when no mapping exists.]
12-23 03:25:43.550 I/am_wtf ( 1507): [0,1507,system_server,-1,DisplayDeviceConfig,requesting nits when no mapping exists.]
12-23 03:25:43.553 I/am_wtf ( 1507): [0,1507,system_server,-1,DisplayDeviceConfig,requesting nits when no mapping exists.]
12-23 03:25:43.554 I/am_wtf ( 1507): [0,1507,system_server,-1,DisplayDeviceConfig,requesting nits when no mapping exists.]
12-23 03:25:43.555 I/am_wtf ( 1507): [0,1507,system_server,-1,DisplayDeviceConfig,requesting nits when no mapping exists.]
12-23 03:25:43.570 I/am_wtf ( 1507): [0,1507,system_server,-1,DisplayDeviceConfig,requesting nits when no mapping exists.]
12-23 03:25:43.570 I/am_wtf ( 1507): [0,1507,system_server,-1,DisplayDeviceConfig,requesting nits when no mapping exists.]
12-23 03:25:43.587 I/am_wtf ( 1507): [0,1507,system_server,-1,DisplayDeviceConfig,requesting nits when no mapping exists.]
12-23 03:25:43.588 I/am_wtf ( 1507): [0,1507,system_server,-1,DisplayDeviceConfig,requesting nits when no mapping exists.]
12-23 03:25:43.604 I/am_wtf ( 1507): [0,1507,system_server,-1,DisplayDeviceConfig,requesting nits when no mapping exists.]
12-23 03:25:43.605 I/am_wtf ( 1507): [0,1507,system_server,-1,DisplayDeviceConfig,requesting nits when no mapping exists.]
12-23 03:25:43.621 I/am_wtf ( 1507): [0,1507,system_server,-1,DisplayDeviceConfig,requesting nits when no mapping exists.]
12-23 03:25:43.622 I/am_wtf ( 1507): [0,1507,system_server,-1,DisplayDeviceConfig,requesting nits when no mapping exists.]
12-23 03:25:43.638 I/am_wtf ( 1507): [0,1507,system_server,-1,DisplayDeviceConfig,requesting nits when no mapping exists.]
12-23 03:25:43.639 I/am_wtf ( 1507): [0,1507,system_server,-1,DisplayDeviceConfig,requesting nits when no mapping exists.]
12-23 03:25:43.654 I/am_wtf ( 1507): [0,1507,system_server,-1,DisplayDeviceConfig,requesting nits when no mapping exists.]
12-23 03:25:43.655 I/am_wtf ( 1507): [0,1507,system_server,-1,DisplayDeviceConfig,requesting nits when no mapping exists.]
12-23 03:25:43.671 I/am_wtf ( 1507): [0,1507,system_server,-1,DisplayDeviceConfig,requesting nits when no mapping exists.]
12-23 03:25:43.672 I/am_wtf ( 1507): [0,1507,system_server,-1,DisplayDeviceConfig,requesting nits when no mapping exists.]
12-23 03:25:43.687 I/am_wtf ( 1507): [0,1507,system_server,-1,DisplayDeviceConfig,requesting nits when no mapping exists.]
12-23 03:25:43.688 I/am_wtf ( 1507): [0,1507,system_server,-1,DisplayDeviceConfig,requesting nits when no mapping exists.]
12-23 03:25:43.705 I/am_wtf ( 1507): [0,1507,system_server,-1,DisplayDeviceConfig,requesting nits when no mapping exists.]
12-23 03:25:43.706 I/am_wtf ( 1507): [0,1507,system_server,-1,DisplayDeviceConfig,requesting nits when no mapping exists.]
12-23 03:25:43.721 I/am_wtf ( 1507): [0,1507,system_server,-1,DisplayDeviceConfig,requesting nits when no mapping exists.]
12-23 03:25:43.721 I/am_wtf ( 1507): [0,1507,system_server,-1,DisplayDeviceConfig,requesting nits when no mapping exists.]
12-23 03:25:43.738 I/am_wtf ( 1507): [0,1507,system_server,-1,DisplayDeviceConfig,requesting nits when no mapping exists.]
12-23 03:25:43.739 I/am_wtf ( 1507): [0,1507,system_server,-1,DisplayDeviceConfig,requesting nits when no mapping exists.]
12-23 03:25:43.754 I/am_wtf ( 1507): [0,1507,system_server,-1,DisplayDeviceConfig,requesting nits when no mapping exists.]
12-23 03:25:43.755 I/am_wtf ( 1507): [0,1507,system_server,-1,DisplayDeviceConfig,requesting nits when no mapping exists.]
12-23 03:25:43.771 I/am_wtf ( 1507): [0,1507,system_server,-1,DisplayDeviceConfig,requesting nits when no mapping exists.]
12-23 03:25:43.772 I/am_wtf ( 1507): [0,1507,system_server,-1,DisplayDeviceConfig,requesting nits when no mapping exists.]
12-23 03:25:43.789 I/am_wtf ( 1507): [0,1507,system_server,-1,DisplayDeviceConfig,requesting nits when no mapping exists.]
12-23 03:25:43.790 I/am_wtf ( 1507): [0,1507,system_server,-1,DisplayDeviceConfig,requesting nits when no mapping exists.]
12-23 03:25:43.805 I/am_wtf ( 1507): [0,1507,system_server,-1,DisplayDeviceConfig,requesting nits when no mapping exists.]
12-23 03:25:43.806 I/am_wtf ( 1507): [0,1507,system_server,-1,DisplayDeviceConfig,requesting nits when no mapping exists.]
12-23 03:25:43.821 I/am_wtf ( 1507): [0,1507,system_server,-1,DisplayDeviceConfig,requesting nits when no mapping exists.]
12-23 03:25:43.822 I/am_wtf ( 1507): [0,1507,system_server,-1,DisplayDeviceConfig,requesting nits when no mapping exists.]
12-23 03:25:43.838 I/am_wtf ( 1507): [0,1507,system_server,-1,DisplayDeviceConfig,requesting nits when no mapping exists.]
12-23 03:25:43.839 I/am_wtf ( 1507): [0,1507,system_server,-1,DisplayDeviceConfig,requesting nits when no mapping exists.]
12-23 03:25:43.854 I/am_wtf ( 1507): [0,1507,system_server,-1,DisplayDeviceConfig,requesting nits when no mapping exists.]
12-23 03:25:43.855 I/am_wtf ( 1507): [0,1507,system_server,-1,DisplayDeviceConfig,requesting nits when no mapping exists.]
12-23 03:25:43.872 I/am_wtf ( 1507): [0,1507,system_server,-1,DisplayDeviceConfig,requesting nits when no mapping exists.]
12-23 03:25:43.872 I/am_wtf ( 1507): [0,1507,system_server,-1,DisplayDeviceConfig,requesting nits when no mapping exists.]
12-23 03:25:43.888 I/am_wtf ( 1507): [0,1507,system_server,-1,DisplayDeviceConfig,requesting nits when no mapping exists.]
12-23 03:25:43.889 I/am_wtf ( 1507): [0,1507,system_server,-1,DisplayDeviceConfig,requesting nits when no mapping exists.]
12-23 03:25:43.905 I/am_wtf ( 1507): [0,1507,system_server,-1,DisplayDeviceConfig,requesting nits when no mapping exists.]
12-23 03:25:43.906 I/am_wtf ( 1507): [0,1507,system_server,-1,DisplayDeviceConfig,requesting nits when no mapping exists.]
12-23 03:25:43.922 I/am_wtf ( 1507): [0,1507,system_server,-1,DisplayDeviceConfig,requesting nits when no mapping exists.]
12-23 03:25:43.923 I/service_manager_stats( 1507): [100,44,65563]
12-23 03:25:43.923 I/am_wtf ( 1507): [0,1507,system_server,-1,DisplayDeviceConfig,requesting nits when no mapping exists.]
12-23 03:25:43.938 I/am_wtf ( 1507): [0,1507,system_server,-1,DisplayDeviceConfig,requesting nits when no mapping exists.]
12-23 03:25:43.939 I/am_wtf ( 1507): [0,1507,system_server,-1,DisplayDeviceConfig,requesting nits when no mapping exists.]
12-23 03:25:43.955 I/am_wtf ( 1507): [0,1507,system_server,-1,DisplayDeviceConfig,requesting nits when no mapping exists.]
12-23 03:25:43.956 I/am_wtf ( 1507): [0,1507,system_server,-1,DisplayDeviceConfig,requesting nits when no mapping exists.]
12-23 03:25:43.972 I/am_wtf ( 1507): [0,1507,system_server,-1,DisplayDeviceConfig,requesting nits when no mapping exists.]
12-23 03:25:43.973 I/am_wtf ( 1507): [0,1507,system_server,-1,DisplayDeviceConfig,requesting nits when no mapping exists.]
12-23 03:25:43.988 I/am_wtf ( 1507): [0,1507,system_server,-1,DisplayDeviceConfig,requesting nits when no mapping exists.]
12-23 03:25:43.989 I/am_wtf ( 1507): [0,1507,system_server,-1,DisplayDeviceConfig,requesting nits when no mapping exists.]
12-23 03:25:44.005 I/am_wtf ( 1507): [0,1507,system_server,-1,DisplayDeviceConfig,requesting nits when no mapping exists.]
12-23 03:25:44.006 I/am_wtf ( 1507): [0,1507,system_server,-1,DisplayDeviceConfig,requesting nits when no mapping exists.]
12-23 03:25:44.022 I/am_wtf ( 1507): [0,1507,system_server,-1,DisplayDeviceConfig,requesting nits when no mapping exists.]
12-23 03:25:44.023 I/am_wtf ( 1507): [0,1507,system_server,-1,DisplayDeviceConfig,requesting nits when no mapping exists.]
12-23 03:25:44.038 I/am_wtf ( 1507): [0,1507,system_server,-1,DisplayDeviceConfig,requesting nits when no mapping exists.]
12-23 03:25:44.039 I/am_wtf ( 1507): [0,1507,system_server,-1,DisplayDeviceConfig,requesting nits when no mapping exists.]
12-23 03:25:44.055 I/am_wtf ( 1507): [0,1507,system_server,-1,DisplayDeviceConfig,requesting nits when no mapping exists.]
12-23 03:25:44.056 I/am_wtf ( 1507): [0,1507,system_server,-1,DisplayDeviceConfig,requesting nits when no mapping exists.]
12-23 03:25:44.072 I/am_wtf ( 1507): [0,1507,system_server,-1,DisplayDeviceConfig,requesting nits when no mapping exists.]
12-23 03:25:44.072 I/am_wtf ( 1507): [0,1507,system_server,-1,DisplayDeviceConfig,requesting nits when no mapping exists.]
12-23 03:25:44.088 I/am_wtf ( 1507): [0,1507,system_server,-1,DisplayDeviceConfig,requesting nits when no mapping exists.]
12-23 03:25:44.089 I/am_wtf ( 1507): [0,1507,system_server,-1,DisplayDeviceConfig,requesting nits when no mapping exists.]
12-23 03:25:44.105 I/am_wtf ( 1507): [0,1507,system_server,-1,DisplayDeviceConfig,requesting nits when no mapping exists.]
12-23 03:25:44.106 I/am_wtf ( 1507): [0,1507,system_server,-1,DisplayDeviceConfig,requesting nits when no mapping exists.]
12-23 03:25:44.122 I/am_wtf ( 1507): [0,1507,system_server,-1,DisplayDeviceConfig,requesting nits when no mapping exists.]
12-23 03:25:44.124 I/am_wtf ( 1507): [0,1507,system_server,-1,DisplayDeviceConfig,requesting nits when no mapping exists.]
12-23 03:25:44.138 I/am_wtf ( 1507): [0,1507,system_server,-1,DisplayDeviceConfig,requesting nits when no mapping exists.]
12-23 03:25:44.139 I/am_wtf ( 1507): [0,1507,system_server,-1,DisplayDeviceConfig,requesting nits when no mapping exists.]
12-23 03:25:44.155 I/am_wtf ( 1507): [0,1507,system_server,-1,DisplayDeviceConfig,requesting nits when no mapping exists.]
12-23 03:25:44.156 I/am_wtf ( 1507): [0,1507,system_server,-1,DisplayDeviceConfig,requesting nits when no mapping exists.]
12-23 03:25:44.172 I/am_wtf ( 1507): [0,1507,system_server,-1,DisplayDeviceConfig,requesting nits when no mapping exists.]
12-23 03:25:44.173 I/am_wtf ( 1507): [0,1507,system_server,-1,DisplayDeviceConfig,requesting nits when no mapping exists.]
12-23 03:25:44.189 I/am_wtf ( 1507): [0,1507,system_server,-1,DisplayDeviceConfig,requesting nits when no mapping exists.]
12-23 03:25:44.190 I/am_wtf ( 1507): [0,1507,system_server,-1,DisplayDeviceConfig,requesting nits when no mapping exists.]
12-23 03:25:44.205 I/am_wtf ( 1507): [0,1507,system_server,-1,DisplayDeviceConfig,requesting nits when no mapping exists.]
12-23 03:25:44.206 I/am_wtf ( 1507): [0,1507,system_server,-1,DisplayDeviceConfig,requesting nits when no mapping exists.]
12-23 03:25:44.222 I/am_wtf ( 1507): [0,1507,system_server,-1,DisplayDeviceConfig,requesting nits when no mapping exists.]
12-23 03:25:44.223 I/am_wtf ( 1507): [0,1507,system_server,-1,DisplayDeviceConfig,requesting nits when no mapping exists.]
12-23 03:25:44.238 I/am_wtf ( 1507): [0,1507,system_server,-1,DisplayDeviceConfig,requesting nits when no mapping exists.]
12-23 03:25:44.239 I/am_wtf ( 1507): [0,1507,system_server,-1,DisplayDeviceConfig,requesting nits when no mapping exists.]
12-23 03:25:44.255 I/am_wtf ( 1507): [0,1507,system_server,-1,DisplayDeviceConfig,requesting nits when no mapping exists.]
12-23 03:25:44.256 I/am_wtf ( 1507): [0,1507,system_server,-1,DisplayDeviceConfig,requesting nits when no mapping exists.]
12-23 03:25:44.272 I/am_wtf ( 1507): [0,1507,system_server,-1,DisplayDeviceConfig,requesting nits when no mapping exists.]
12-23 03:25:44.273 I/am_wtf ( 1507): [0,1507,system_server,-1,DisplayDeviceConfig,requesting nits when no mapping exists.]
12-23 03:25:44.289 I/am_wtf ( 1507): [0,1507,system_server,-1,DisplayDeviceConfig,requesting nits when no mapping exists.]
12-23 03:25:44.290 I/am_wtf ( 1507): [0,1507,system_server,-1,DisplayDeviceConfig,requesting nits when no mapping exists.]
12-23 03:25:44.305 I/am_wtf ( 1507): [0,1507,system_server,-1,DisplayDeviceConfig,requesting nits when no mapping exists.]
12-23 03:25:44.306 I/am_wtf ( 1507): [0,1507,system_server,-1,DisplayDeviceConfig,requesting nits when no mapping exists.]
12-23 03:25:44.322 I/am_wtf ( 1507): [0,1507,system_server,-1,DisplayDeviceConfig,requesting nits when no mapping exists.]
12-23 03:25:44.323 I/am_wtf ( 1507): [0,1507,system_server,-1,DisplayDeviceConfig,requesting nits when no mapping exists.]
12-23 03:25:44.339 I/am_wtf ( 1507): [0,1507,system_server,-1,DisplayDeviceConfig,requesting nits when no mapping exists.]
12-23 03:25:44.339 I/am_wtf ( 1507): [0,1507,system_server,-1,DisplayDeviceConfig,requesting nits when no mapping exists.]
12-23 03:25:44.356 I/am_wtf ( 1507): [0,1507,system_server,-1,DisplayDeviceConfig,requesting nits when no mapping exists.]
12-23 03:25:44.357 I/am_wtf ( 1507): [0,1507,system_server,-1,DisplayDeviceConfig,requesting nits when no mapping exists.]
12-23 03:25:44.372 I/am_wtf ( 1507): [0,1507,system_server,-1,DisplayDeviceConfig,requesting nits when no mapping exists.]
12-23 03:25:44.373 I/am_wtf ( 1507): [0,1507,system_server,-1,DisplayDeviceConfig,requesting nits when no mapping exists.]
12-23 03:25:44.389 I/am_wtf ( 1507): [0,1507,system_server,-1,DisplayDeviceConfig,requesting nits when no mapping exists.]
12-23 03:25:44.390 I/am_wtf ( 1507): [0,1507,system_server,-1,DisplayDeviceConfig,requesting nits when no mapping exists.]
12-23 03:25:44.406 I/am_wtf ( 1507): [0,1507,system_server,-1,DisplayDeviceConfig,requesting nits when no mapping exists.]
12-23 03:25:44.407 I/am_wtf ( 1507): [0,1507,system_server,-1,DisplayDeviceConfig,requesting nits when no mapping exists.]
12-23 03:25:44.422 I/am_wtf ( 1507): [0,1507,system_server,-1,DisplayDeviceConfig,requesting nits when no mapping exists.]
12-23 03:25:44.423 I/am_wtf ( 1507): [0,1507,system_server,-1,DisplayDeviceConfig,requesting nits when no mapping exists.]
12-23 03:25:44.439 I/am_wtf ( 1507): [0,1507,system_server,-1,DisplayDeviceConfig,requesting nits when no mapping exists.]
12-23 03:25:44.440 I/am_wtf ( 1507): [0,1507,system_server,-1,DisplayDeviceConfig,requesting nits when no mapping exists.]
12-23 03:25:44.456 I/am_wtf ( 1507): [0,1507,system_server,-1,DisplayDeviceConfig,requesting nits when no mapping exists.]
12-23 03:25:44.457 I/am_wtf ( 1507): [0,1507,system_server,-1,DisplayDeviceConfig,requesting nits when no mapping exists.]
12-23 03:25:48.198 I/am_uid_idle( 1507): 10083
12-23 03:25:50.486 I/sysui_multi_action( 1507): [757,222,758,1]
12-23 03:25:50.488 I/am_uid_active( 1507): 10050
12-23 03:25:50.501 I/wm_task_created( 1507): [17,-1]
12-23 03:25:50.505 I/am_pss ( 1507): [13854,1000,com.android.settings,166631424,150102016,0,306335744,0,2,16]
12-23 03:25:50.507 I/wm_task_moved( 1507): [17,1,7]
12-23 03:25:50.507 I/wm_task_to_front( 1507): [0,17]
12-23 03:25:50.507 I/wm_create_task( 1507): [0,17]
12-23 03:25:50.507 I/wm_create_activity( 1507): [0,41818194,17,com.thundercomm.screensaver/android.service.dreams.DreamActivity,NULL,NULL,NULL,276824064]
12-23 03:25:50.507 I/wm_task_moved( 1507): [17,1,7]
12-23 03:25:50.508 I/wm_on_top_resumed_lost_called(13854): [197961297,com.android.settings.Settings,topStateChangedWhenResumed]
12-23 03:25:50.509 I/wm_pause_activity( 1507): [0,197961297,com.android.settings/.Settings,userLeaving=true,pauseBackTasks]
12-23 03:25:50.512 I/sysui_multi_action(13854): [757,35,758,2,1089,68284]
12-23 03:25:50.513 I/sysui_multi_action(13854): [757,3000,758,2,1089,62345]
12-23 03:25:50.513 I/wm_on_paused_called(13854): [197961297,com.android.settings.Settings,performPause]
12-23 03:25:50.514 I/wm_add_to_stopping( 1507): [0,197961297,com.android.settings/.Settings,makeInvisible]
12-23 03:25:50.514 I/wm_restart_activity( 1507): [0,41818194,17,com.thundercomm.screensaver/android.service.dreams.DreamActivity]
12-23 03:25:50.515 I/wm_set_resumed_activity( 1507): [0,com.thundercomm.screensaver/android.service.dreams.DreamActivity,minimalResumeActivityLocked]
12-23 03:25:50.518 I/sysui_multi_action( 1507): [757,803,799,window_time_0,802,69]
12-23 03:25:50.519 I/wm_on_create_called( 4978): [41818194,android.service.dreams.DreamActivity,performCreate]
12-23 03:25:50.520 I/wm_on_start_called( 4978): [41818194,android.service.dreams.DreamActivity,handleStartActivity]
12-23 03:25:50.520 I/wm_on_resume_called( 4978): [41818194,android.service.dreams.DreamActivity,RESUME_ACTIVITY]
12-23 03:25:50.522 I/wm_on_top_resumed_gained_called( 4978): [41818194,android.service.dreams.DreamActivity,topStateChangedWhenResumed]
12-23 03:25:50.537 I/input_focus( 1507): [Focus leaving 548bddd com.android.settings/com.android.settings.Settings (server),reason=NO_WINDOW]
12-23 03:25:50.544 I/input_focus( 1507): [Focus request cc1679e com.thundercomm.screensaver/android.service.dreams.DreamActivity,reason=UpdateInputWindows]
12-23 03:25:50.556 I/sysui_multi_action( 1507): [757,1696,758,6,759,3]
12-23 03:25:50.556 I/sysui_multi_action( 1507): [319,54,322,50,325,7891,757,761,758,8,759,2,806,com.thundercomm.screensaver,871,android.service.dreams.DreamActivity,904,com.thundercomm.screensaver,905,0,1320,4,1321,2]
12-23 03:25:50.557 I/wm_activity_launch_time( 1507): [0,41818194,com.thundercomm.screensaver/android.service.dreams.DreamActivity,50]
12-23 03:25:50.569 I/am_wtf ( 1507): [0,1507,system_server,-1,DisplayDeviceConfig,requesting nits when no mapping exists.]
12-23 03:25:50.570 I/am_wtf ( 1507): [0,1507,system_server,-1,DisplayDeviceConfig,requesting nits when no mapping exists.]
12-23 03:25:50.573 I/input_focus( 1507): [Focus entering cc1679e com.thundercomm.screensaver/android.service.dreams.DreamActivity (server),reason=Window became focusable. Previous reason: NOT_VISIBLE]
12-23 03:25:50.586 I/am_wtf ( 1507): [0,1507,system_server,-1,DisplayDeviceConfig,requesting nits when no mapping exists.]
12-23 03:25:50.587 I/am_wtf ( 1507): [0,1507,system_server,-1,DisplayDeviceConfig,requesting nits when no mapping exists.]
12-23 03:25:50.603 I/am_wtf ( 1507): [0,1507,system_server,-1,DisplayDeviceConfig,requesting nits when no mapping exists.]
12-23 03:25:50.603 I/am_wtf ( 1507): [0,1507,system_server,-1,DisplayDeviceConfig,requesting nits when no mapping exists.]
12-23 03:25:50.619 I/am_wtf ( 1507): [0,1507,system_server,-1,DisplayDeviceConfig,requesting nits when no mapping exists.]
12-23 03:25:50.620 I/am_wtf ( 1507): [0,1507,system_server,-1,DisplayDeviceConfig,requesting nits when no mapping exists.]
12-23 03:25:50.636 I/am_wtf ( 1507): [0,1507,system_server,-1,DisplayDeviceConfig,requesting nits when no mapping exists.]
12-23 03:25:50.637 I/am_wtf ( 1507): [0,1507,system_server,-1,DisplayDeviceConfig,requesting nits when no mapping exists.]
12-23 03:25:50.653 I/am_wtf ( 1507): [0,1507,system_server,-1,DisplayDeviceConfig,requesting nits when no mapping exists.]
12-23 03:25:50.653 I/am_wtf ( 1507): [0,1507,system_server,-1,DisplayDeviceConfig,requesting nits when no mapping exists.]
12-23 03:25:50.670 I/am_wtf ( 1507): [0,1507,system_server,-1,DisplayDeviceConfig,requesting nits when no mapping exists.]
12-23 03:25:50.670 I/am_wtf ( 1507): [0,1507,system_server,-1,DisplayDeviceConfig,requesting nits when no mapping exists.]
12-23 03:25:50.687 I/am_wtf ( 1507): [0,1507,system_server,-1,DisplayDeviceConfig,requesting nits when no mapping exists.]
12-23 03:25:50.687 I/am_wtf ( 1507): [0,1507,system_server,-1,DisplayDeviceConfig,requesting nits when no mapping exists.]
12-23 03:25:50.704 I/am_wtf ( 1507): [0,1507,system_server,-1,DisplayDeviceConfig,requesting nits when no mapping exists.]
12-23 03:25:50.704 I/am_wtf ( 1507): [0,1507,system_server,-1,DisplayDeviceConfig,requesting nits when no mapping exists.]
12-23 03:25:50.720 I/am_wtf ( 1507): [0,1507,system_server,-1,DisplayDeviceConfig,requesting nits when no mapping exists.]
12-23 03:25:50.720 I/am_wtf ( 1507): [0,1507,system_server,-1,DisplayDeviceConfig,requesting nits when no mapping exists.]
12-23 03:25:50.737 I/am_wtf ( 1507): [0,1507,system_server,-1,DisplayDeviceConfig,requesting nits when no mapping exists.]
12-23 03:25:50.737 I/am_wtf ( 1507): [0,1507,system_server,-1,DisplayDeviceConfig,requesting nits when no mapping exists.]
12-23 03:25:50.754 I/am_wtf ( 1507): [0,1507,system_server,-1,DisplayDeviceConfig,requesting nits when no mapping exists.]
12-23 03:25:50.754 I/am_wtf ( 1507): [0,1507,system_server,-1,DisplayDeviceConfig,requesting nits when no mapping exists.]
12-23 03:25:50.770 I/am_wtf ( 1507): [0,1507,system_server,-1,DisplayDeviceConfig,requesting nits when no mapping exists.]
12-23 03:25:50.771 I/am_wtf ( 1507): [0,1507,system_server,-1,DisplayDeviceConfig,requesting nits when no mapping exists.]
12-23 03:25:50.786 I/am_wtf ( 1507): [0,1507,system_server,-1,DisplayDeviceConfig,requesting nits when no mapping exists.]
12-23 03:25:50.787 I/am_wtf ( 1507): [0,1507,system_server,-1,DisplayDeviceConfig,requesting nits when no mapping exists.]
12-23 03:25:50.803 I/am_wtf ( 1507): [0,1507,system_server,-1,DisplayDeviceConfig,requesting nits when no mapping exists.]
12-23 03:25:50.803 I/am_wtf ( 1507): [0,1507,system_server,-1,DisplayDeviceConfig,requesting nits when no mapping exists.]
12-23 03:25:50.820 I/am_wtf ( 1507): [0,1507,system_server,-1,DisplayDeviceConfig,requesting nits when no mapping exists.]
12-23 03:25:50.821 I/am_wtf ( 1507): [0,1507,system_server,-1,DisplayDeviceConfig,requesting nits when no mapping exists.]
12-23 03:25:50.837 I/am_wtf ( 1507): [0,1507,system_server,-1,DisplayDeviceConfig,requesting nits when no mapping exists.]
12-23 03:25:50.837 I/am_wtf ( 1507): [0,1507,system_server,-1,DisplayDeviceConfig,requesting nits when no mapping exists.]
12-23 03:25:50.854 I/am_wtf ( 1507): [0,1507,system_server,-1,DisplayDeviceConfig,requesting nits when no mapping exists.]
12-23 03:25:50.854 I/service_manager_stats( 1507): [100,37,6932]
12-23 03:25:50.854 I/am_wtf ( 1507): [0,1507,system_server,-1,DisplayDeviceConfig,requesting nits when no mapping exists.]
12-23 03:25:50.871 I/am_wtf ( 1507): [0,1507,system_server,-1,DisplayDeviceConfig,requesting nits when no mapping exists.]
12-23 03:25:50.871 I/am_wtf ( 1507): [0,1507,system_server,-1,DisplayDeviceConfig,requesting nits when no mapping exists.]
12-23 03:25:50.888 I/am_wtf ( 1507): [0,1507,system_server,-1,DisplayDeviceConfig,requesting nits when no mapping exists.]
12-23 03:25:50.888 I/am_wtf ( 1507): [0,1507,system_server,-1,DisplayDeviceConfig,requesting nits when no mapping exists.]
12-23 03:25:50.904 I/am_wtf ( 1507): [0,1507,system_server,-1,DisplayDeviceConfig,requesting nits when no mapping exists.]
12-23 03:25:50.904 I/am_wtf ( 1507): [0,1507,system_server,-1,DisplayDeviceConfig,requesting nits when no mapping exists.]
12-23 03:25:50.921 I/am_wtf ( 1507): [0,1507,system_server,-1,DisplayDeviceConfig,requesting nits when no mapping exists.]
12-23 03:25:50.921 I/am_wtf ( 1507): [0,1507,system_server,-1,DisplayDeviceConfig,requesting nits when no mapping exists.]
12-23 03:25:50.937 I/am_wtf ( 1507): [0,1507,system_server,-1,DisplayDeviceConfig,requesting nits when no mapping exists.]
12-23 03:25:50.938 I/am_wtf ( 1507): [0,1507,system_server,-1,DisplayDeviceConfig,requesting nits when no mapping exists.]
12-23 03:25:50.954 I/am_wtf ( 1507): [0,1507,system_server,-1,DisplayDeviceConfig,requesting nits when no mapping exists.]
12-23 03:25:50.954 I/am_wtf ( 1507): [0,1507,system_server,-1,DisplayDeviceConfig,requesting nits when no mapping exists.]
12-23 03:25:50.971 I/am_wtf ( 1507): [0,1507,system_server,-1,DisplayDeviceConfig,requesting nits when no mapping exists.]
12-23 03:25:50.971 I/am_wtf ( 1507): [0,1507,system_server,-1,DisplayDeviceConfig,requesting nits when no mapping exists.]
12-23 03:25:50.988 I/am_wtf ( 1507): [0,1507,system_server,-1,DisplayDeviceConfig,requesting nits when no mapping exists.]
12-23 03:25:50.988 I/am_wtf ( 1507): [0,1507,system_server,-1,DisplayDeviceConfig,requesting nits when no mapping exists.]
12-23 03:25:51.004 I/am_wtf ( 1507): [0,1507,system_server,-1,DisplayDeviceConfig,requesting nits when no mapping exists.]
12-23 03:25:51.004 I/am_wtf ( 1507): [0,1507,system_server,-1,DisplayDeviceConfig,requesting nits when no mapping exists.]
12-23 03:25:51.020 I/am_wtf ( 1507): [0,1507,system_server,-1,DisplayDeviceConfig,requesting nits when no mapping exists.]
12-23 03:25:51.021 I/am_wtf ( 1507): [0,1507,system_server,-1,DisplayDeviceConfig,requesting nits when no mapping exists.]
12-23 03:25:51.038 I/am_wtf ( 1507): [0,1507,system_server,-1,DisplayDeviceConfig,requesting nits when no mapping exists.]
12-23 03:25:51.038 I/am_wtf ( 1507): [0,1507,system_server,-1,DisplayDeviceConfig,requesting nits when no mapping exists.]
12-23 03:25:51.055 I/am_wtf ( 1507): [0,1507,system_server,-1,DisplayDeviceConfig,requesting nits when no mapping exists.]
12-23 03:25:51.055 I/am_wtf ( 1507): [0,1507,system_server,-1,DisplayDeviceConfig,requesting nits when no mapping exists.]
12-23 03:25:51.056 I/wm_stop_activity( 1507): [0,197961297,com.android.settings/.Settings]
12-23 03:25:51.071 I/am_wtf ( 1507): [0,1507,system_server,-1,DisplayDeviceConfig,requesting nits when no mapping exists.]
12-23 03:25:51.071 I/am_wtf ( 1507): [0,1507,system_server,-1,DisplayDeviceConfig,requesting nits when no mapping exists.]
12-23 03:25:51.079 I/wm_on_stop_called(13854): [197961297,com.android.settings.Settings,STOP_ACTIVITY_ITEM]
12-23 03:25:51.088 I/am_wtf ( 1507): [0,1507,system_server,-1,DisplayDeviceConfig,requesting nits when no mapping exists.]
12-23 03:25:51.088 I/am_wtf ( 1507): [0,1507,system_server,-1,DisplayDeviceConfig,requesting nits when no mapping exists.]
12-23 03:25:51.105 I/am_wtf ( 1507): [0,1507,system_server,-1,DisplayDeviceConfig,requesting nits when no mapping exists.]
12-23 03:25:51.105 I/am_wtf ( 1507): [0,1507,system_server,-1,DisplayDeviceConfig,requesting nits when no mapping exists.]
12-23 03:25:51.121 I/am_wtf ( 1507): [0,1507,system_server,-1,DisplayDeviceConfig,requesting nits when no mapping exists.]
12-23 03:25:51.121 I/am_wtf ( 1507): [0,1507,system_server,-1,DisplayDeviceConfig,requesting nits when no mapping exists.]
12-23 03:25:51.137 I/am_wtf ( 1507): [0,1507,system_server,-1,DisplayDeviceConfig,requesting nits when no mapping exists.]
12-23 03:25:51.138 I/am_wtf ( 1507): [0,1507,system_server,-1,DisplayDeviceConfig,requesting nits when no mapping exists.]
12-23 03:25:51.154 I/am_wtf ( 1507): [0,1507,system_server,-1,DisplayDeviceConfig,requesting nits when no mapping exists.]
12-23 03:25:51.155 I/am_wtf ( 1507): [0,1507,system_server,-1,DisplayDeviceConfig,requesting nits when no mapping exists.]
12-23 03:25:51.171 I/am_wtf ( 1507): [0,1507,system_server,-1,DisplayDeviceConfig,requesting nits when no mapping exists.]
12-23 03:25:51.171 I/am_wtf ( 1507): [0,1507,system_server,-1,DisplayDeviceConfig,requesting nits when no mapping exists.]
12-23 03:25:51.188 I/am_wtf ( 1507): [0,1507,system_server,-1,DisplayDeviceConfig,requesting nits when no mapping exists.]
12-23 03:25:51.188 I/am_wtf ( 1507): [0,1507,system_server,-1,DisplayDeviceConfig,requesting nits when no mapping exists.]
12-23 03:25:51.204 I/am_wtf ( 1507): [0,1507,system_server,-1,DisplayDeviceConfig,requesting nits when no mapping exists.]
12-23 03:25:51.205 I/am_wtf ( 1507): [0,1507,system_server,-1,DisplayDeviceConfig,requesting nits when no mapping exists.]
12-23 03:25:51.221 I/am_wtf ( 1507): [0,1507,system_server,-1,DisplayDeviceConfig,requesting nits when no mapping exists.]
12-23 03:25:51.221 I/am_wtf ( 1507): [0,1507,system_server,-1,DisplayDeviceConfig,requesting nits when no mapping exists.]
12-23 03:25:51.239 I/am_wtf ( 1507): [0,1507,system_server,-1,DisplayDeviceConfig,requesting nits when no mapping exists.]
12-23 03:25:51.239 I/am_wtf ( 1507): [0,1507,system_server,-1,DisplayDeviceConfig,requesting nits when no mapping exists.]
12-23 03:25:51.255 I/am_wtf ( 1507): [0,1507,system_server,-1,DisplayDeviceConfig,requesting nits when no mapping exists.]
12-23 03:25:51.255 I/am_wtf ( 1507): [0,1507,system_server,-1,DisplayDeviceConfig,requesting nits when no mapping exists.]
12-23 03:25:51.271 I/am_wtf ( 1507): [0,1507,system_server,-1,DisplayDeviceConfig,requesting nits when no mapping exists.]
12-23 03:25:51.272 I/am_wtf ( 1507): [0,1507,system_server,-1,DisplayDeviceConfig,requesting nits when no mapping exists.]
12-23 03:25:51.289 I/am_wtf ( 1507): [0,1507,system_server,-1,DisplayDeviceConfig,requesting nits when no mapping exists.]
12-23 03:25:51.289 I/am_wtf ( 1507): [0,1507,system_server,-1,DisplayDeviceConfig,requesting nits when no mapping exists.]
12-23 03:25:51.305 I/am_wtf ( 1507): [0,1507,system_server,-1,DisplayDeviceConfig,requesting nits when no mapping exists.]
12-23 03:25:51.305 I/am_wtf ( 1507): [0,1507,system_server,-1,DisplayDeviceConfig,requesting nits when no mapping exists.]
12-23 03:25:51.322 I/am_wtf ( 1507): [0,1507,system_server,-1,DisplayDeviceConfig,requesting nits when no mapping exists.]
12-23 03:25:51.322 I/am_wtf ( 1507): [0,1507,system_server,-1,DisplayDeviceConfig,requesting nits when no mapping exists.]
12-23 03:25:51.338 I/am_wtf ( 1507): [0,1507,system_server,-1,DisplayDeviceConfig,requesting nits when no mapping exists.]
12-23 03:25:51.338 I/am_wtf ( 1507): [0,1507,system_server,-1,DisplayDeviceConfig,requesting nits when no mapping exists.]
12-23 03:25:51.355 I/am_wtf ( 1507): [0,1507,system_server,-1,DisplayDeviceConfig,requesting nits when no mapping exists.]
12-23 03:25:51.355 I/am_wtf ( 1507): [0,1507,system_server,-1,DisplayDeviceConfig,requesting nits when no mapping exists.]
12-23 03:25:51.372 I/am_wtf ( 1507): [0,1507,system_server,-1,DisplayDeviceConfig,requesting nits when no mapping exists.]
12-23 03:25:51.372 I/am_wtf ( 1507): [0,1507,system_server,-1,DisplayDeviceConfig,requesting nits when no mapping exists.]
12-23 03:25:51.388 I/am_wtf ( 1507): [0,1507,system_server,-1,DisplayDeviceConfig,requesting nits when no mapping exists.]
12-23 03:25:51.388 I/am_wtf ( 1507): [0,1507,system_server,-1,DisplayDeviceConfig,requesting nits when no mapping exists.]
12-23 03:25:51.405 I/am_wtf ( 1507): [0,1507,system_server,-1,DisplayDeviceConfig,requesting nits when no mapping exists.]
12-23 03:25:51.405 I/am_wtf ( 1507): [0,1507,system_server,-1,DisplayDeviceConfig,requesting nits when no mapping exists.]
12-23 03:25:51.422 I/am_wtf ( 1507): [0,1507,system_server,-1,DisplayDeviceConfig,requesting nits when no mapping exists.]
12-23 03:25:51.422 I/am_wtf ( 1507): [0,1507,system_server,-1,DisplayDeviceConfig,requesting nits when no mapping exists.]
12-23 03:25:51.438 I/am_wtf ( 1507): [0,1507,system_server,-1,DisplayDeviceConfig,requesting nits when no mapping exists.]
12-23 03:25:51.439 I/am_wtf ( 1507): [0,1507,system_server,-1,DisplayDeviceConfig,requesting nits when no mapping exists.]
12-23 03:25:51.455 I/am_wtf ( 1507): [0,1507,system_server,-1,DisplayDeviceConfig,requesting nits when no mapping exists.]
12-23 03:25:51.455 I/am_wtf ( 1507): [0,1507,system_server,-1,DisplayDeviceConfig,requesting nits when no mapping exists.]
12-23 03:25:51.472 I/am_wtf ( 1507): [0,1507,system_server,-1,DisplayDeviceConfig,requesting nits when no mapping exists.]
12-23 03:25:51.472 I/am_wtf ( 1507): [0,1507,system_server,-1,DisplayDeviceConfig,requesting nits when no mapping exists.]
12-23 03:25:51.488 I/am_wtf ( 1507): [0,1507,system_server,-1,DisplayDeviceConfig,requesting nits when no mapping exists.]
12-23 03:25:51.489 I/am_wtf ( 1507): [0,1507,system_server,-1,DisplayDeviceConfig,requesting nits when no mapping exists.]
12-23 03:25:51.505 I/am_wtf ( 1507): [0,1507,system_server,-1,DisplayDeviceConfig,requesting nits when no mapping exists.]
12-23 03:25:51.505 I/am_wtf ( 1507): [0,1507,system_server,-1,DisplayDeviceConfig,requesting nits when no mapping exists.]
12-23 03:25:51.522 I/am_wtf ( 1507): [0,1507,system_server,-1,DisplayDeviceConfig,requesting nits when no mapping exists.]
12-23 03:25:51.522 I/am_wtf ( 1507): [0,1507,system_server,-1,DisplayDeviceConfig,requesting nits when no mapping exists.]
12-23 03:26:06.320 I/am_freeze( 1507): [8936,com.qti.diagservices]
12-23 03:26:06.321 I/am_kill ( 1507): [0,8936,com.qti.diagservices,935,Unable to freeze binder interface]
12-23 03:26:06.358 I/am_proc_died( 1507): [0,8936,com.qti.diagservices,935,10]
12-23 03:26:06.359 I/am_schedule_service_restart( 1507): [0,com.qti.diagservices/.QTIDiagServices,1000]
12-23 03:26:07.391 I/am_proc_start( 1507): [0,13954,1000,com.qti.diagservices,service,{com.qti.diagservices/com.qti.diagservices.QTIDiagServices}]
12-23 03:26:07.435 I/am_proc_bound( 1507): [0,13954,com.qti.diagservices]
12-23 03:26:07.463 I/auditd (13954): type=1400 audit(0.0:913): avc: denied { read write } for comm="ti.diagservices" name="diag" dev="tmpfs" ino=11510 scontext=u:r:system_app:s0 tcontext=u:object_r:vendor_diag_device:s0 tclass=chr_file permissive=0
12-23 03:26:20.522 I/input_interaction( 1507): Interaction with: cc1679e com.thundercomm.screensaver/android.service.dreams.DreamActivity (server), edge-swipe (server), swipe-up (server), PointerEventDispatcher0 (server),
12-23 03:26:20.524 I/wm_finish_activity( 1507): [0,41818194,17,com.thundercomm.screensaver/android.service.dreams.DreamActivity,finish-activity]
12-23 03:26:20.525 I/wm_task_moved( 1507): [16,1,6]
12-23 03:26:20.525 I/wm_task_to_front( 1507): [0,16]
12-23 03:26:20.526 I/wm_focused_root_task( 1507): [0,0,16,17,finish-top adjustFocusToNextFocusableTask]
12-23 03:26:20.528 I/wm_pause_activity( 1507): [0,41818194,com.thundercomm.screensaver/android.service.dreams.DreamActivity,userLeaving=false,finish]
12-23 03:26:20.538 I/sysui_multi_action( 1507): [757,803,799,window_time_0,802,30]
12-23 03:26:20.543 I/wm_on_top_resumed_lost_called( 4978): [41818194,android.service.dreams.DreamActivity,topStateChangedWhenResumed]
12-23 03:26:20.544 I/wm_on_paused_called( 4978): [41818194,android.service.dreams.DreamActivity,performPause]
12-23 03:26:20.545 I/wm_add_to_stopping( 1507): [0,41818194,com.thundercomm.screensaver/android.service.dreams.DreamActivity,completeFinishing]
12-23 03:26:20.548 I/wm_set_resumed_activity( 1507): [0,com.android.settings/.Settings,resumeTopActivityInnerLocked]
12-23 03:26:20.549 I/wm_resume_activity( 1507): [0,197961297,16,com.android.settings/.Settings]
12-23 03:26:20.552 I/view_enqueue_input_event( 4978): [Motion - Cancel,com.thundercomm.screensaver/android.service.dreams.DreamActivity]
12-23 03:26:20.554 I/input_focus( 1507): [Focus leaving cc1679e com.thundercomm.screensaver/android.service.dreams.DreamActivity (server),reason=NO_WINDOW]
12-23 03:26:20.555 I/wm_on_restart_called(13854): [197961297,com.android.settings.Settings,performRestartActivity]
12-23 03:26:20.560 I/sysui_multi_action( 1507): [757,803,799,window_time_0,802,0]
12-23 03:26:20.562 I/wm_on_start_called(13854): [197961297,com.android.settings.Settings,handleStartActivity]
12-23 03:26:20.563 I/snet_event_log(13854): [120484087,-1,]
12-23 03:26:20.563 I/wm_on_resume_called(13854): [197961297,com.android.settings.Settings,RESUME_ACTIVITY]
12-23 03:26:20.564 I/sysui_multi_action(13854): [757,35,758,1,833,0,1089,0]
12-23 03:26:20.565 I/sysui_multi_action(13854): [757,3000,758,1,833,0,1089,0]
12-23 03:26:20.565 I/wm_on_top_resumed_gained_called(13854): [197961297,com.android.settings.Settings,topWhenResuming]
12-23 03:26:20.569 I/input_interaction( 1507): Interaction with: edge-swipe (server), swipe-up (server), PointerEventDispatcher0 (server),
12-23 03:26:20.570 I/input_focus( 1507): [Focus request 548bddd com.android.settings/com.android.settings.Settings,reason=UpdateInputWindows]
12-23 03:26:20.593 I/input_focus( 1507): [Focus entering 548bddd com.android.settings/com.android.settings.Settings (server),reason=setFocusedWindow]
12-23 03:26:21.100 I/wm_destroy_activity( 1507): [0,41818194,17,com.thundercomm.screensaver/android.service.dreams.DreamActivity,finish-imm:idle]
12-23 03:26:21.123 I/wm_on_stop_called( 4978): [41818194,android.service.dreams.DreamActivity,LIFECYCLER_STOP_ACTIVITY]
12-23 03:26:21.124 I/wm_on_destroy_called( 4978): [41818194,android.service.dreams.DreamActivity,performDestroy]
12-23 03:26:21.128 I/sysui_multi_action( 1507): [757,222,758,2]
12-23 03:26:21.128 I/sysui_multi_action( 1507): [757,804,799,dreaming_minutes,801,0,802,1]
12-23 03:26:21.140 I/wm_task_removed( 1507): [17,removeChild:removeChild last r=ActivityRecord{27e1852 u0 com.thundercomm.screensaver/android.service.dreams.DreamActivity t-1 f}} in t=Task{5bff96f #17 type=dream A=10050:android:com.thundercomm.screensaver/dream U=0 visible=false mode=fullscreen translucent=true sz=0}]
12-23 03:26:21.140 I/wm_task_removed( 1507): [17,removeChild]
12-23 03:26:22.037 I/input_interaction( 1507): Interaction with: 548bddd com.android.settings/com.android.settings.Settings (server), edge-swipe (server), swipe-up (server), PointerEventDispatcher0 (server),
12-23 03:26:22.170 I/sysui_multi_action(13854): [757,830,758,4,833,0,854,top_level_system,1089,0]
12-23 03:26:22.282 I/sysui_multi_action(13854): [757,3000,758,2,1089,1717]
12-23 03:26:22.312 I/sysui_multi_action(13854): [757,744,758,1,833,0,1089,20]
12-23 03:26:22.314 I/sysui_multi_action(13854): [757,1729,758,4,854,isParalleledControllers:false,1089,22]
12-23 03:26:22.723 I/sysui_multi_action(13854): [757,830,758,4,833,0,854,top_level_game,1089,0]
12-23 03:26:22.826 I/sysui_multi_action(13854): [757,744,758,2,1089,514]
12-23 03:26:22.856 I/sysui_multi_action(13854): [757,3000,758,1,833,0,1089,22]
12-23 03:26:22.857 I/sysui_multi_action(13854): [757,1729,758,4,854,isParalleledControllers:false,1089,23]
12-23 03:26:23.165 I/sysui_multi_action(13854): [757,830,758,4,833,0,854,top_level_about_device,1089,0]
12-23 03:26:23.269 I/sysui_multi_action(13854): [757,3000,758,2,1089,413]
12-23 03:26:23.318 I/sysui_multi_action(13854): [757,40,758,1,833,0,1089,41]
12-23 03:26:23.319 W/FeatureConnector(13854): [ImsConnector, 0] connect: not supported.
12-23 03:26:23.321 I/sysui_multi_action(13854): [757,1729,758,4,854,isParalleledControllers:false,1089,44]
12-23 03:26:24.743 I/sysui_multi_action(13854): [757,830,758,4,833,0,854,top_level_game,1089,0]
12-23 03:26:24.849 I/sysui_multi_action(13854): [757,40,758,2,1089,1531]
12-23 03:26:24.879 I/sysui_multi_action(13854): [757,3000,758,1,833,0,1089,21]
12-23 03:26:24.880 I/sysui_multi_action(13854): [757,1729,758,4,854,isParalleledControllers:false,1089,22]
12-23 03:26:25.201 I/service_manager_stats( 1507): [100,31,34347]
12-23 03:26:25.207 I/sysui_multi_action(13854): [757,830,758,4,833,0,854,top_level_system,1089,0]
12-23 03:26:25.310 I/sysui_multi_action(13854): [757,3000,758,2,1089,431]
12-23 03:26:25.333 I/sysui_multi_action(13854): [757,744,758,1,833,0,1089,17]
12-23 03:26:25.335 I/sysui_multi_action(13854): [757,1729,758,4,854,isParalleledControllers:false,1089,18]
12-23 03:26:25.642 I/sysui_multi_action(13854): [757,830,758,4,833,0,854,top_level_privacy,1089,0]
12-23 03:26:25.745 I/sysui_multi_action(13854): [757,744,758,2,1089,411]
12-23 03:26:25.783 I/sysui_multi_action(13854): [757,1587,758,1,833,0,1089,31]
12-23 03:26:25.785 I/sysui_multi_action(13854): [757,1729,758,4,854,isParalleledControllers:false,1089,33]
12-23 03:26:26.044 I/sysui_multi_action(13854): [757,830,758,4,833,0,854,top_level_security,1089,0]
12-23 03:26:26.146 I/sysui_multi_action(13854): [757,1587,758,2,1089,363]
12-23 03:26:26.197 I/sysui_multi_action(13854): [757,87,758,1,833,0,1089,44]
12-23 03:26:26.202 I/sysui_multi_action(13854): [757,1729,758,4,854,isParalleledControllers:false,1089,49]
12-23 03:26:26.545 I/sysui_multi_action(13854): [757,830,758,4,833,0,854,top_level_display,1089,0]
12-23 03:26:26.648 I/sysui_multi_action(13854): [757,87,758,2,1089,451]
12-23 03:26:26.687 I/sysui_multi_action(13854): [757,46,758,1,833,0,1089,33]
12-23 03:26:26.693 I/sysui_multi_action(13854): [757,1729,758,4,854,isParalleledControllers:false,1089,39]
12-23 03:26:27.939 I/sysui_multi_action(13854): [757,830,758,4,833,0,854,top_level_notification,1089,0]
12-23 03:26:28.045 I/sysui_multi_action(13854): [757,46,758,2,1089,1358]
12-23 03:26:28.079 I/sysui_multi_action(13854): [757,337,758,1,833,0,1089,23]
12-23 03:26:28.083 I/sysui_multi_action(13854): [757,1729,758,4,854,isParalleledControllers:false,1089,26]
12-23 03:26:28.473 I/sysui_multi_action(13854): [757,830,758,4,833,0,854,top_level_storage,1089,0]
12-23 03:26:28.575 I/sysui_multi_action(13854): [757,337,758,2,1089,495]
12-23 03:26:28.611 I/sysui_multi_action(13854): [757,745,758,1,833,0,1089,26]
12-23 03:26:28.612 I/sysui_multi_action(13854): [757,1729,758,4,854,isParalleledControllers:false,1089,27]
12-23 03:26:28.967 I/sysui_multi_action(13854): [757,830,758,4,833,0,854,top_level_apps,1089,0]
12-23 03:26:29.081 I/sysui_multi_action(13854): [757,745,758,2,1089,470]
12-23 03:26:29.135 I/sysui_multi_action(13854): [757,65,758,1,833,0,1089,42]
12-23 03:26:29.142 I/sysui_multi_action(13854): [757,1729,758,4,854,isParalleledControllers:false,1089,49]
12-23 03:26:29.418 I/sysui_multi_action(13854): [757,830,758,4,833,0,854,top_level_connected_devices,1089,0]
12-23 03:26:29.521 I/sysui_multi_action(13854): [757,65,758,2,1089,386]
12-23 03:26:29.579 I/sysui_multi_action(13854): [757,747,758,1,833,0,1089,53]
12-23 03:26:29.581 I/sysui_multi_action(13854): [757,1729,758,4,854,isParalleledControllers:false,1089,54]
12-23 03:26:30.219 I/sysui_multi_action(13854): [757,830,758,4,833,0,854,top_level_apps,1089,0]
12-23 03:26:30.326 I/sysui_multi_action(13854): [757,747,758,2,1089,745]
12-23 03:26:30.385 I/sysui_multi_action(13854): [757,65,758,1,833,0,1089,37]
12-23 03:26:30.390 I/sysui_multi_action(13854): [757,1729,758,4,854,isParalleledControllers:false,1089,41]
12-23 03:26:30.536 I/sysui_multi_action(13854): [757,830,758,4,833,0,854,top_level_notification,1089,0]
12-23 03:26:30.639 I/sysui_multi_action(13854): [757,65,758,2,1089,253]
12-23 03:26:30.669 I/sysui_multi_action(13854): [757,337,758,1,833,0,1089,24]
12-23 03:26:30.671 I/sysui_multi_action(13854): [757,1729,758,4,854,isParalleledControllers:false,1089,25]
12-23 03:26:30.972 I/sysui_multi_action(13854): [757,830,758,4,833,0,854,top_level_storage,1089,0]
12-23 03:26:31.075 I/sysui_multi_action(13854): [757,337,758,2,1089,405]
12-23 03:26:31.105 I/sysui_multi_action(13854): [757,745,758,1,833,0,1089,21]
12-23 03:26:31.105 I/sysui_multi_action(13854): [757,1729,758,4,854,isParalleledControllers:false,1089,22]
12-23 03:26:32.224 I/sysui_multi_action(13854): [757,830,758,4,833,0,854,top_level_sound,1089,0]
12-23 03:26:32.332 I/sysui_multi_action(13854): [757,745,758,2,1089,1226]
12-23 03:26:32.420 I/sysui_multi_action(13854): [757,336,758,1,833,0,1089,68]
12-23 03:26:32.423 I/sysui_multi_action(13854): [757,1729,758,4,854,isParalleledControllers:false,1089,71]
12-23 03:26:32.642 I/sysui_multi_action(13854): [757,830,758,4,833,0,854,top_level_display,1089,0]
12-23 03:26:32.749 I/sysui_multi_action(13854): [757,336,758,2,1089,329]
12-23 03:26:32.784 I/sysui_multi_action(13854): [757,46,758,1,833,0,1089,27]
12-23 03:26:32.787 I/service_manager_stats(13854): [100,28,7933596]
12-23 03:26:32.789 I/sysui_multi_action(13854): [757,1729,758,4,854,isParalleledControllers:false,1089,32]
12-23 03:26:32.993 I/sysui_multi_action(13854): [757,830,758,4,833,0,854,top_level_security,1089,0]
12-23 03:26:33.107 I/sysui_multi_action(13854): [757,46,758,2,1089,323]
12-23 03:26:33.149 I/sysui_multi_action(13854): [757,87,758,1,833,0,1089,31]
12-23 03:26:33.154 I/sysui_multi_action(13854): [757,1729,758,4,854,isParalleledControllers:false,1089,36]
