12-24 12:02:05.581 I/auditd ( 0): type=1400 audit(0.0:8561): avc: denied { kill } for comm="swapper/2" capability=5 scontext=u:r:kernel:s0 tcontext=u:r:kernel:s0 tclass=capability permissive=0
12-24 12:02:06.581 I/auditd ( 0): type=1400 audit(0.0:8562): avc: denied { kill } for comm="swapper/2" capability=5 scontext=u:r:kernel:s0 tcontext=u:r:kernel:s0 tclass=capability permissive=0
12-24 12:02:07.577 I/auditd ( 0): type=1400 audit(0.0:8563): avc: denied { kill } for comm="swapper/2" capability=5 scontext=u:r:kernel:s0 tcontext=u:r:kernel:s0 tclass=capability permissive=0
12-24 12:02:08.577 I/auditd ( 0): type=1400 audit(0.0:8564): avc: denied { kill } for comm="swapper/2" capability=5 scontext=u:r:kernel:s0 tcontext=u:r:kernel:s0 tclass=capability permissive=0
12-24 12:02:09.581 I/auditd ( 0): type=1400 audit(0.0:8565): avc: denied { kill } for comm="swapper/2" capability=5 scontext=u:r:kernel:s0 tcontext=u:r:kernel:s0 tclass=capability permissive=0
12-24 12:02:10.581 I/auditd ( 0): type=1400 audit(0.0:8566): avc: denied { kill } for comm="swapper/2" capability=5 scontext=u:r:kernel:s0 tcontext=u:r:kernel:s0 tclass=capability permissive=0
12-24 12:02:11.577 I/auditd ( 0): type=1400 audit(0.0:8567): avc: denied { kill } for comm="swapper/2" capability=5 scontext=u:r:kernel:s0 tcontext=u:r:kernel:s0 tclass=capability permissive=0
12-24 12:02:12.581 I/auditd ( 0): type=1400 audit(0.0:8568): avc: denied { kill } for comm="swapper/2" capability=5 scontext=u:r:kernel:s0 tcontext=u:r:kernel:s0 tclass=capability permissive=0
12-24 12:02:13.581 I/auditd ( 0): type=1400 audit(0.0:8569): avc: denied { kill } for comm="swapper/2" capability=5 scontext=u:r:kernel:s0 tcontext=u:r:kernel:s0 tclass=capability permissive=0
12-24 12:02:14.577 I/auditd ( 0): type=1400 audit(0.0:8570): avc: denied { kill } for comm="swapper/2" capability=5 scontext=u:r:kernel:s0 tcontext=u:r:kernel:s0 tclass=capability permissive=0
12-24 12:02:15.581 I/auditd ( 0): type=1400 audit(0.0:8571): avc: denied { kill } for comm="swapper/2" capability=5 scontext=u:r:kernel:s0 tcontext=u:r:kernel:s0 tclass=capability permissive=0
12-24 12:02:16.577 I/auditd ( 0): type=1400 audit(0.0:8572): avc: denied { kill } for comm="swapper/2" capability=5 scontext=u:r:kernel:s0 tcontext=u:r:kernel:s0 tclass=capability permissive=0
12-24 12:02:17.581 I/auditd ( 0): type=1400 audit(0.0:8573): avc: denied { kill } for comm="swapper/2" capability=5 scontext=u:r:kernel:s0 tcontext=u:r:kernel:s0 tclass=capability permissive=0
12-24 12:02:18.581 I/auditd ( 0): type=1400 audit(0.0:8574): avc: denied { kill } for comm="swapper/2" capability=5 scontext=u:r:kernel:s0 tcontext=u:r:kernel:s0 tclass=capability permissive=0
12-24 12:02:19.577 I/auditd ( 0): type=1400 audit(0.0:8575): avc: denied { kill } for comm="swapper/2" capability=5 scontext=u:r:kernel:s0 tcontext=u:r:kernel:s0 tclass=capability permissive=0
12-24 12:02:20.577 I/auditd ( 0): type=1400 audit(0.0:8576): avc: denied { kill } for comm="swapper/2" capability=5 scontext=u:r:kernel:s0 tcontext=u:r:kernel:s0 tclass=capability permissive=0
12-24 12:02:21.581 I/auditd ( 0): type=1400 audit(0.0:8577): avc: denied { kill } for comm="swapper/2" capability=5 scontext=u:r:kernel:s0 tcontext=u:r:kernel:s0 tclass=capability permissive=0
12-24 12:02:22.577 I/auditd ( 0): type=1400 audit(0.0:8578): avc: denied { kill } for comm="swapper/2" capability=5 scontext=u:r:kernel:s0 tcontext=u:r:kernel:s0 tclass=capability permissive=0
12-24 12:02:23.581 I/auditd ( 0): type=1400 audit(0.0:8579): avc: denied { kill } for comm="swapper/2" capability=5 scontext=u:r:kernel:s0 tcontext=u:r:kernel:s0 tclass=capability permissive=0
12-24 12:02:24.577 I/auditd ( 0): type=1400 audit(0.0:8580): avc: denied { kill } for comm="swapper/2" capability=5 scontext=u:r:kernel:s0 tcontext=u:r:kernel:s0 tclass=capability permissive=0
12-24 12:02:26.581 I/auditd ( 0): type=1400 audit(0.0:8581): avc: denied { kill } for comm="swapper/2" capability=5 scontext=u:r:kernel:s0 tcontext=u:r:kernel:s0 tclass=capability permissive=0
12-24 12:02:27.581 I/auditd ( 0): type=1400 audit(0.0:8582): avc: denied { kill } for comm="swapper/2" capability=5 scontext=u:r:kernel:s0 tcontext=u:r:kernel:s0 tclass=capability permissive=0
12-24 12:02:28.581 I/auditd ( 0): type=1400 audit(0.0:8583): avc: denied { kill } for comm="swapper/2" capability=5 scontext=u:r:kernel:s0 tcontext=u:r:kernel:s0 tclass=capability permissive=0
12-24 12:02:29.581 I/auditd ( 0): type=1400 audit(0.0:8584): avc: denied { kill } for comm="swapper/2" capability=5 scontext=u:r:kernel:s0 tcontext=u:r:kernel:s0 tclass=capability permissive=0
12-24 12:02:30.581 I/auditd ( 0): type=1400 audit(0.0:8585): avc: denied { kill } for comm="swapper/2" capability=5 scontext=u:r:kernel:s0 tcontext=u:r:kernel:s0 tclass=capability permissive=0
12-24 12:02:31.577 I/auditd ( 0): type=1400 audit(0.0:8586): avc: denied { kill } for comm="swapper/2" capability=5 scontext=u:r:kernel:s0 tcontext=u:r:kernel:s0 tclass=capability permissive=0
12-24 12:02:32.581 I/auditd ( 0): type=1400 audit(0.0:8587): avc: denied { kill } for comm="swapper/2" capability=5 scontext=u:r:kernel:s0 tcontext=u:r:kernel:s0 tclass=capability permissive=0
12-24 12:02:33.577 I/auditd ( 0): type=1400 audit(0.0:8588): avc: denied { kill } for comm="swapper/2" capability=5 scontext=u:r:kernel:s0 tcontext=u:r:kernel:s0 tclass=capability permissive=0
12-24 12:02:34.581 I/auditd ( 0): type=1400 audit(0.0:8589): avc: denied { kill } for comm="swapper/2" capability=5 scontext=u:r:kernel:s0 tcontext=u:r:kernel:s0 tclass=capability permissive=0
12-24 12:02:35.581 I/auditd ( 0): type=1400 audit(0.0:8590): avc: denied { kill } for comm="swapper/2" capability=5 scontext=u:r:kernel:s0 tcontext=u:r:kernel:s0 tclass=capability permissive=0
12-24 12:02:36.581 I/auditd ( 0): type=1400 audit(0.0:8591): avc: denied { kill } for comm="swapper/2" capability=5 scontext=u:r:kernel:s0 tcontext=u:r:kernel:s0 tclass=capability permissive=0
12-24 12:02:37.577 I/auditd ( 0): type=1400 audit(0.0:8592): avc: denied { kill } for comm="swapper/2" capability=5 scontext=u:r:kernel:s0 tcontext=u:r:kernel:s0 tclass=capability permissive=0
12-24 12:02:38.581 I/auditd ( 0): type=1400 audit(0.0:8593): avc: denied { kill } for comm="swapper/2" capability=5 scontext=u:r:kernel:s0 tcontext=u:r:kernel:s0 tclass=capability permissive=0
12-24 12:02:39.581 I/auditd ( 0): type=1400 audit(0.0:8594): avc: denied { kill } for comm="swapper/2" capability=5 scontext=u:r:kernel:s0 tcontext=u:r:kernel:s0 tclass=capability permissive=0
12-24 12:02:40.581 I/auditd ( 0): type=1400 audit(0.0:8595): avc: denied { kill } for comm="swapper/2" capability=5 scontext=u:r:kernel:s0 tcontext=u:r:kernel:s0 tclass=capability permissive=0
12-24 12:02:41.581 I/auditd ( 0): type=1400 audit(0.0:8596): avc: denied { kill } for comm="swapper/2" capability=5 scontext=u:r:kernel:s0 tcontext=u:r:kernel:s0 tclass=capability permissive=0
12-24 12:02:42.581 I/auditd ( 0): type=1400 audit(0.0:8597): avc: denied { kill } for comm="swapper/2" capability=5 scontext=u:r:kernel:s0 tcontext=u:r:kernel:s0 tclass=capability permissive=0
12-24 12:02:43.581 I/auditd ( 0): type=1400 audit(0.0:8598): avc: denied { kill } for comm="swapper/2" capability=5 scontext=u:r:kernel:s0 tcontext=u:r:kernel:s0 tclass=capability permissive=0
12-24 12:02:44.581 I/auditd ( 0): type=1400 audit(0.0:8599): avc: denied { kill } for comm="swapper/2" capability=5 scontext=u:r:kernel:s0 tcontext=u:r:kernel:s0 tclass=capability permissive=0
12-24 12:02:45.581 I/auditd ( 0): type=1400 audit(0.0:8600): avc: denied { kill } for comm="swapper/2" capability=5 scontext=u:r:kernel:s0 tcontext=u:r:kernel:s0 tclass=capability permissive=0
12-24 12:02:46.577 I/auditd ( 0): type=1400 audit(0.0:8601): avc: denied { kill } for comm="swapper/2" capability=5 scontext=u:r:kernel:s0 tcontext=u:r:kernel:s0 tclass=capability permissive=0
12-24 12:02:47.581 I/auditd ( 0): type=1400 audit(0.0:8602): avc: denied { kill } for comm="swapper/2" capability=5 scontext=u:r:kernel:s0 tcontext=u:r:kernel:s0 tclass=capability permissive=0
12-24 12:02:48.581 I/auditd ( 0): type=1400 audit(0.0:8603): avc: denied { kill } for comm="swapper/2" capability=5 scontext=u:r:kernel:s0 tcontext=u:r:kernel:s0 tclass=capability permissive=0
12-24 12:02:49.577 I/auditd ( 0): type=1400 audit(0.0:8604): avc: denied { kill } for comm="swapper/2" capability=5 scontext=u:r:kernel:s0 tcontext=u:r:kernel:s0 tclass=capability permissive=0
12-24 12:02:50.581 I/auditd ( 0): type=1400 audit(0.0:8605): avc: denied { kill } for comm="swapper/2" capability=5 scontext=u:r:kernel:s0 tcontext=u:r:kernel:s0 tclass=capability permissive=0
12-24 12:02:51.581 I/auditd ( 0): type=1400 audit(0.0:8606): avc: denied { kill } for comm="swapper/2" capability=5 scontext=u:r:kernel:s0 tcontext=u:r:kernel:s0 tclass=capability permissive=0
12-24 12:02:52.577 I/auditd ( 0): type=1400 audit(0.0:8607): avc: denied { kill } for comm="swapper/2" capability=5 scontext=u:r:kernel:s0 tcontext=u:r:kernel:s0 tclass=capability permissive=0
12-24 12:02:53.581 I/auditd ( 0): type=1400 audit(0.0:8608): avc: denied { kill } for comm="swapper/2" capability=5 scontext=u:r:kernel:s0 tcontext=u:r:kernel:s0 tclass=capability permissive=0
12-24 12:02:54.581 I/auditd ( 0): type=1400 audit(0.0:8609): avc: denied { kill } for comm="swapper/2" capability=5 scontext=u:r:kernel:s0 tcontext=u:r:kernel:s0 tclass=capability permissive=0
12-24 12:02:55.581 I/auditd ( 0): type=1400 audit(0.0:8610): avc: denied { kill } for comm="swapper/2" capability=5 scontext=u:r:kernel:s0 tcontext=u:r:kernel:s0 tclass=capability permissive=0
12-24 12:02:56.581 I/auditd ( 0): type=1400 audit(0.0:8611): avc: denied { kill } for comm="swapper/2" capability=5 scontext=u:r:kernel:s0 tcontext=u:r:kernel:s0 tclass=capability permissive=0
12-24 12:02:57.577 I/auditd ( 0): type=1400 audit(0.0:8612): avc: denied { kill } for comm="swapper/2" capability=5 scontext=u:r:kernel:s0 tcontext=u:r:kernel:s0 tclass=capability permissive=0
12-24 12:02:58.577 I/auditd ( 0): type=1400 audit(0.0:8613): avc: denied { kill } for comm="swapper/2" capability=5 scontext=u:r:kernel:s0 tcontext=u:r:kernel:s0 tclass=capability permissive=0
12-24 12:03:00.577 I/auditd ( 0): type=1400 audit(0.0:8614): avc: denied { kill } for comm="swapper/2" capability=5 scontext=u:r:kernel:s0 tcontext=u:r:kernel:s0 tclass=capability permissive=0
12-24 12:03:01.577 I/auditd ( 0): type=1400 audit(0.0:8615): avc: denied { kill } for comm="swapper/2" capability=5 scontext=u:r:kernel:s0 tcontext=u:r:kernel:s0 tclass=capability permissive=0
12-24 12:03:02.577 I/auditd ( 0): type=1400 audit(0.0:8616): avc: denied { kill } for comm="swapper/2" capability=5 scontext=u:r:kernel:s0 tcontext=u:r:kernel:s0 tclass=capability permissive=0
12-24 12:03:03.577 I/auditd ( 0): type=1400 audit(0.0:8617): avc: denied { kill } for comm="swapper/2" capability=5 scontext=u:r:kernel:s0 tcontext=u:r:kernel:s0 tclass=capability permissive=0
12-24 12:03:04.577 I/auditd ( 0): type=1400 audit(0.0:8618): avc: denied { kill } for comm="swapper/2" capability=5 scontext=u:r:kernel:s0 tcontext=u:r:kernel:s0 tclass=capability permissive=0
12-24 12:03:05.581 I/auditd ( 0): type=1400 audit(0.0:8619): avc: denied { kill } for comm="swapper/2" capability=5 scontext=u:r:kernel:s0 tcontext=u:r:kernel:s0 tclass=capability permissive=0
12-24 12:03:06.577 I/auditd ( 0): type=1400 audit(0.0:8620): avc: denied { kill } for comm="swapper/2" capability=5 scontext=u:r:kernel:s0 tcontext=u:r:kernel:s0 tclass=capability permissive=0
12-24 12:03:07.581 I/auditd ( 0): type=1400 audit(0.0:8621): avc: denied { kill } for comm="swapper/2" capability=5 scontext=u:r:kernel:s0 tcontext=u:r:kernel:s0 tclass=capability permissive=0
12-24 12:03:08.581 I/auditd ( 0): type=1400 audit(0.0:8622): avc: denied { kill } for comm="swapper/2" capability=5 scontext=u:r:kernel:s0 tcontext=u:r:kernel:s0 tclass=capability permissive=0
12-24 12:03:09.577 I/auditd ( 0): type=1400 audit(0.0:8623): avc: denied { kill } for comm="swapper/2" capability=5 scontext=u:r:kernel:s0 tcontext=u:r:kernel:s0 tclass=capability permissive=0
12-24 12:03:10.581 I/auditd ( 0): type=1400 audit(0.0:8624): avc: denied { kill } for comm="swapper/2" capability=5 scontext=u:r:kernel:s0 tcontext=u:r:kernel:s0 tclass=capability permissive=0
12-24 12:03:11.577 I/auditd ( 0): type=1400 audit(0.0:8625): avc: denied { kill } for comm="swapper/2" capability=5 scontext=u:r:kernel:s0 tcontext=u:r:kernel:s0 tclass=capability permissive=0
12-24 12:03:12.581 I/auditd ( 0): type=1400 audit(0.0:8626): avc: denied { kill } for comm="swapper/2" capability=5 scontext=u:r:kernel:s0 tcontext=u:r:kernel:s0 tclass=capability permissive=0
12-24 12:03:13.577 I/auditd ( 0): type=1400 audit(0.0:8627): avc: denied { kill } for comm="swapper/2" capability=5 scontext=u:r:kernel:s0 tcontext=u:r:kernel:s0 tclass=capability permissive=0
12-24 12:03:14.581 I/auditd ( 0): type=1400 audit(0.0:8628): avc: denied { kill } for comm="swapper/2" capability=5 scontext=u:r:kernel:s0 tcontext=u:r:kernel:s0 tclass=capability permissive=0
12-24 12:03:15.581 I/auditd ( 0): type=1400 audit(0.0:8629): avc: denied { kill } for comm="swapper/2" capability=5 scontext=u:r:kernel:s0 tcontext=u:r:kernel:s0 tclass=capability permissive=0
12-24 12:03:16.577 I/auditd ( 0): type=1400 audit(0.0:8630): avc: denied { kill } for comm="swapper/2" capability=5 scontext=u:r:kernel:s0 tcontext=u:r:kernel:s0 tclass=capability permissive=0
12-24 12:03:17.581 I/auditd ( 0): type=1400 audit(0.0:8631): avc: denied { kill } for comm="swapper/2" capability=5 scontext=u:r:kernel:s0 tcontext=u:r:kernel:s0 tclass=capability permissive=0
12-24 12:03:18.581 I/auditd ( 0): type=1400 audit(0.0:8632): avc: denied { kill } for comm="swapper/2" capability=5 scontext=u:r:kernel:s0 tcontext=u:r:kernel:s0 tclass=capability permissive=0
12-24 12:03:19.577 I/auditd ( 0): type=1400 audit(0.0:8633): avc: denied { kill } for comm="swapper/2" capability=5 scontext=u:r:kernel:s0 tcontext=u:r:kernel:s0 tclass=capability permissive=0
12-24 12:03:20.581 I/auditd ( 0): type=1400 audit(0.0:8634): avc: denied { kill } for comm="swapper/2" capability=5 scontext=u:r:kernel:s0 tcontext=u:r:kernel:s0 tclass=capability permissive=0
12-24 12:03:21.581 I/auditd ( 0): type=1400 audit(0.0:8635): avc: denied { kill } for comm="swapper/2" capability=5 scontext=u:r:kernel:s0 tcontext=u:r:kernel:s0 tclass=capability permissive=0
12-24 12:03:22.581 I/auditd ( 0): type=1400 audit(0.0:8636): avc: denied { kill } for comm="swapper/2" capability=5 scontext=u:r:kernel:s0 tcontext=u:r:kernel:s0 tclass=capability permissive=0
12-24 12:03:23.581 I/auditd ( 0): type=1400 audit(0.0:8637): avc: denied { kill } for comm="swapper/2" capability=5 scontext=u:r:kernel:s0 tcontext=u:r:kernel:s0 tclass=capability permissive=0
12-24 12:03:24.581 I/auditd ( 0): type=1400 audit(0.0:8638): avc: denied { kill } for comm="swapper/2" capability=5 scontext=u:r:kernel:s0 tcontext=u:r:kernel:s0 tclass=capability permissive=0
12-24 12:03:25.581 I/auditd ( 0): type=1400 audit(0.0:8639): avc: denied { kill } for comm="swapper/2" capability=5 scontext=u:r:kernel:s0 tcontext=u:r:kernel:s0 tclass=capability permissive=0
12-24 12:03:26.581 I/auditd ( 0): type=1400 audit(0.0:8640): avc: denied { kill } for comm="swapper/2" capability=5 scontext=u:r:kernel:s0 tcontext=u:r:kernel:s0 tclass=capability permissive=0
12-24 12:03:27.577 I/auditd ( 0): type=1400 audit(0.0:8641): avc: denied { kill } for comm="swapper/2" capability=5 scontext=u:r:kernel:s0 tcontext=u:r:kernel:s0 tclass=capability permissive=0
12-24 12:03:28.577 I/auditd ( 0): type=1400 audit(0.0:8642): avc: denied { kill } for comm="swapper/2" capability=5 scontext=u:r:kernel:s0 tcontext=u:r:kernel:s0 tclass=capability permissive=0
12-24 12:03:29.577 I/auditd ( 0): type=1400 audit(0.0:8643): avc: denied { kill } for comm="swapper/2" capability=5 scontext=u:r:kernel:s0 tcontext=u:r:kernel:s0 tclass=capability permissive=0
12-24 12:03:30.577 I/auditd ( 0): type=1400 audit(0.0:8644): avc: denied { kill } for comm="swapper/2" capability=5 scontext=u:r:kernel:s0 tcontext=u:r:kernel:s0 tclass=capability permissive=0
12-24 12:03:31.577 I/auditd ( 0): type=1400 audit(0.0:8645): avc: denied { kill } for comm="swapper/2" capability=5 scontext=u:r:kernel:s0 tcontext=u:r:kernel:s0 tclass=capability permissive=0
12-24 12:03:32.577 I/auditd ( 0): type=1400 audit(0.0:8646): avc: denied { kill } for comm="swapper/2" capability=5 scontext=u:r:kernel:s0 tcontext=u:r:kernel:s0 tclass=capability permissive=0
12-24 12:03:33.577 I/auditd ( 0): type=1400 audit(0.0:8647): avc: denied { kill } for comm="swapper/2" capability=5 scontext=u:r:kernel:s0 tcontext=u:r:kernel:s0 tclass=capability permissive=0
12-24 12:03:34.581 I/auditd ( 0): type=1400 audit(0.0:8648): avc: denied { kill } for comm="swapper/2" capability=5 scontext=u:r:kernel:s0 tcontext=u:r:kernel:s0 tclass=capability permissive=0
12-24 12:03:35.577 I/auditd ( 0): type=1400 audit(0.0:8649): avc: denied { kill } for comm="swapper/2" capability=5 scontext=u:r:kernel:s0 tcontext=u:r:kernel:s0 tclass=capability permissive=0
12-24 12:03:36.577 I/auditd ( 0): type=1400 audit(0.0:8650): avc: denied { kill } for comm="swapper/2" capability=5 scontext=u:r:kernel:s0 tcontext=u:r:kernel:s0 tclass=capability permissive=0
12-24 12:03:38.581 I/auditd ( 0): type=1400 audit(0.0:8651): avc: denied { kill } for comm="swapper/2" capability=5 scontext=u:r:kernel:s0 tcontext=u:r:kernel:s0 tclass=capability permissive=0
12-24 12:03:38.828 I/netstats_mobile_sample( 1537): [0,0,0,0,0,0,0,0,0,0,0,0,1671879818828]
12-24 12:03:38.829 I/netstats_wifi_sample( 1537): [63118204,114644,83755477,185119,63118204,114644,83755477,185119,118473606,158141,43577097,104061,1671879818828]
12-24 12:03:39.581 I/auditd ( 0): type=1400 audit(0.0:8652): avc: denied { kill } for comm="swapper/2" capability=5 scontext=u:r:kernel:s0 tcontext=u:r:kernel:s0 tclass=capability permissive=0
12-24 12:03:40.581 I/auditd ( 0): type=1400 audit(0.0:8653): avc: denied { kill } for comm="swapper/2" capability=5 scontext=u:r:kernel:s0 tcontext=u:r:kernel:s0 tclass=capability permissive=0
12-24 12:03:41.581 I/auditd ( 0): type=1400 audit(0.0:8654): avc: denied { kill } for comm="swapper/2" capability=5 scontext=u:r:kernel:s0 tcontext=u:r:kernel:s0 tclass=capability permissive=0
12-24 12:03:42.581 I/auditd ( 0): type=1400 audit(0.0:8655): avc: denied { kill } for comm="swapper/2" capability=5 scontext=u:r:kernel:s0 tcontext=u:r:kernel:s0 tclass=capability permissive=0
12-24 12:03:43.577 I/auditd ( 0): type=1400 audit(0.0:8656): avc: denied { kill } for comm="swapper/2" capability=5 scontext=u:r:kernel:s0 tcontext=u:r:kernel:s0 tclass=capability permissive=0
12-24 12:03:44.581 I/auditd ( 0): type=1400 audit(0.0:8657): avc: denied { kill } for comm="swapper/2" capability=5 scontext=u:r:kernel:s0 tcontext=u:r:kernel:s0 tclass=capability permissive=0
12-24 12:03:45.581 I/auditd ( 0): type=1400 audit(0.0:8658): avc: denied { kill } for comm="swapper/2" capability=5 scontext=u:r:kernel:s0 tcontext=u:r:kernel:s0 tclass=capability permissive=0
12-24 12:03:46.581 I/auditd ( 0): type=1400 audit(0.0:8659): avc: denied { kill } for comm="swapper/2" capability=5 scontext=u:r:kernel:s0 tcontext=u:r:kernel:s0 tclass=capability permissive=0
12-24 12:03:47.577 I/auditd ( 0): type=1400 audit(0.0:8660): avc: denied { kill } for comm="swapper/2" capability=5 scontext=u:r:kernel:s0 tcontext=u:r:kernel:s0 tclass=capability permissive=0
12-24 12:03:48.581 I/auditd ( 0): type=1400 audit(0.0:8661): avc: denied { kill } for comm="swapper/2" capability=5 scontext=u:r:kernel:s0 tcontext=u:r:kernel:s0 tclass=capability permissive=0
12-24 12:03:49.581 I/auditd ( 0): type=1400 audit(0.0:8662): avc: denied { kill } for comm="swapper/2" capability=5 scontext=u:r:kernel:s0 tcontext=u:r:kernel:s0 tclass=capability permissive=0
12-24 12:03:50.577 I/auditd ( 0): type=1400 audit(0.0:8663): avc: denied { kill } for comm="swapper/2" capability=5 scontext=u:r:kernel:s0 tcontext=u:r:kernel:s0 tclass=capability permissive=0
12-24 12:03:50.773 I/auditd ( 561): type=1400 audit(0.0:8664): avc: denied { read } for comm="Binder:561_2" name="wakeup58" dev="sysfs" ino=71713 scontext=u:r:system_suspend:s0 tcontext=u:object_r:sysfs:s0 tclass=dir permissive=0
12-24 12:03:50.773 I/auditd ( 561): type=1400 audit(0.0:8665): avc: denied { read } for comm="Binder:561_2" name="wakeup48" dev="sysfs" ino=67402 scontext=u:r:system_suspend:s0 tcontext=u:object_r:sysfs:s0 tclass=dir permissive=0
12-24 12:03:50.773 I/auditd ( 561): type=1400 audit(0.0:8666): avc: denied { read } for comm="Binder:561_2" name="wakeup4" dev="sysfs" ino=47049 scontext=u:r:system_suspend:s0 tcontext=u:object_r:sysfs:s0 tclass=dir permissive=0
12-24 12:03:50.773 I/auditd ( 561): type=1400 audit(0.0:8667): avc: denied { read } for comm="Binder:561_2" name="wakeup76" dev="sysfs" ino=76674 scontext=u:r:system_suspend:s0 tcontext=u:object_r:sysfs:s0 tclass=dir permissive=0
12-24 12:03:50.777 I/auditd ( 561): type=1400 audit(0.0:8668): avc: denied { read } for comm="Binder:561_2" name="wakeup28" dev="sysfs" ino=53254 scontext=u:r:system_suspend:s0 tcontext=u:object_r:sysfs:s0 tclass=dir permissive=0
12-24 12:03:50.777 I/auditd ( 561): type=1400 audit(0.0:8669): avc: denied { read } for comm="Binder:561_2" name="wakeup56" dev="sysfs" ino=71641 scontext=u:r:system_suspend:s0 tcontext=u:object_r:sysfs:s0 tclass=dir permissive=0
12-24 12:03:50.777 I/auditd ( 561): type=1400 audit(0.0:8670): avc: denied { read } for comm="Binder:561_2" name="wakeup2" dev="sysfs" ino=46573 scontext=u:r:system_suspend:s0 tcontext=u:object_r:sysfs:s0 tclass=dir permissive=0
12-24 12:03:50.828 I/commit_sys_config_file( 1537): [batterystats,9]
12-24 12:03:50.831 I/commit_sys_config_file( 1537): [batterystats,3]
12-24 12:03:52.581 I/auditd ( 0): type=1400 audit(0.0:8715): avc: denied { kill } for comm="swapper/2" capability=5 scontext=u:r:kernel:s0 tcontext=u:r:kernel:s0 tclass=capability permissive=0
12-24 12:03:53.577 I/auditd ( 0): type=1400 audit(0.0:8716): avc: denied { kill } for comm="swapper/2" capability=5 scontext=u:r:kernel:s0 tcontext=u:r:kernel:s0 tclass=capability permissive=0
12-24 12:03:54.581 I/auditd ( 0): type=1400 audit(0.0:8717): avc: denied { kill } for comm="swapper/2" capability=5 scontext=u:r:kernel:s0 tcontext=u:r:kernel:s0 tclass=capability permissive=0
12-24 12:03:55.581 I/auditd ( 0): type=1400 audit(0.0:8718): avc: denied { kill } for comm="swapper/2" capability=5 scontext=u:r:kernel:s0 tcontext=u:r:kernel:s0 tclass=capability permissive=0
12-24 12:03:56.581 I/auditd ( 0): type=1400 audit(0.0:8719): avc: denied { kill } for comm="swapper/2" capability=5 scontext=u:r:kernel:s0 tcontext=u:r:kernel:s0 tclass=capability permissive=0
12-24 12:03:57.577 I/auditd ( 0): type=1400 audit(0.0:8720): avc: denied { kill } for comm="swapper/2" capability=5 scontext=u:r:kernel:s0 tcontext=u:r:kernel:s0 tclass=capability permissive=0
12-24 12:03:58.577 I/auditd ( 0): type=1400 audit(0.0:8721): avc: denied { kill } for comm="swapper/2" capability=5 scontext=u:r:kernel:s0 tcontext=u:r:kernel:s0 tclass=capability permissive=0
12-24 12:04:00.577 I/auditd ( 0): type=1400 audit(0.0:8722): avc: denied { kill } for comm="swapper/2" capability=5 scontext=u:r:kernel:s0 tcontext=u:r:kernel:s0 tclass=capability permissive=0
12-24 12:04:01.577 I/auditd ( 0): type=1400 audit(0.0:8723): avc: denied { kill } for comm="swapper/2" capability=5 scontext=u:r:kernel:s0 tcontext=u:r:kernel:s0 tclass=capability permissive=0
12-24 12:04:02.577 I/auditd ( 0): type=1400 audit(0.0:8724): avc: denied { kill } for comm="swapper/2" capability=5 scontext=u:r:kernel:s0 tcontext=u:r:kernel:s0 tclass=capability permissive=0
12-24 12:04:03.581 I/auditd ( 0): type=1400 audit(0.0:8725): avc: denied { kill } for comm="swapper/2" capability=5 scontext=u:r:kernel:s0 tcontext=u:r:kernel:s0 tclass=capability permissive=0
12-24 12:04:04.581 I/auditd ( 0): type=1400 audit(0.0:8726): avc: denied { kill } for comm="swapper/2" capability=5 scontext=u:r:kernel:s0 tcontext=u:r:kernel:s0 tclass=capability permissive=0
12-24 12:04:05.581 I/auditd ( 0): type=1400 audit(0.0:8727): avc: denied { kill } for comm="swapper/2" capability=5 scontext=u:r:kernel:s0 tcontext=u:r:kernel:s0 tclass=capability permissive=0
12-24 12:04:06.581 I/auditd ( 0): type=1400 audit(0.0:8728): avc: denied { kill } for comm="swapper/2" capability=5 scontext=u:r:kernel:s0 tcontext=u:r:kernel:s0 tclass=capability permissive=0
12-24 12:04:07.577 I/auditd ( 0): type=1400 audit(0.0:8729): avc: denied { kill } for comm="swapper/2" capability=5 scontext=u:r:kernel:s0 tcontext=u:r:kernel:s0 tclass=capability permissive=0
12-24 12:04:08.581 I/auditd ( 0): type=1400 audit(0.0:8730): avc: denied { kill } for comm="swapper/2" capability=5 scontext=u:r:kernel:s0 tcontext=u:r:kernel:s0 tclass=capability permissive=0
12-24 12:04:08.921 I/auditd ( 496): type=1401 audit(0.0:8731): op=security_compute_sid invalid_context=u:r:np_thundercomm_tlog_pstore:s0 scontext=u:r:init:s0 tcontext=u:object_r:np_thundercomm_tlog_pstore_exec:s0 tclass=process
12-24 12:04:09.581 I/auditd ( 0): type=1400 audit(0.0:8732): avc: denied { kill } for comm="swapper/2" capability=5 scontext=u:r:kernel:s0 tcontext=u:r:kernel:s0 tclass=capability permissive=0
12-24 12:04:10.581 I/auditd ( 0): type=1400 audit(0.0:8733): avc: denied { kill } for comm="swapper/2" capability=5 scontext=u:r:kernel:s0 tcontext=u:r:kernel:s0 tclass=capability permissive=0
12-24 12:04:11.261 I/auditd ( 8683): type=1400 audit(0.0:8734): avc: denied { read } for comm="ls" name="/" dev="dm-5" ino=2 scontext=u:r:system_app:s0 tcontext=u:object_r:rootfs:s0 tclass=dir permissive=0
12-24 12:04:11.313 I/auditd ( 8687): type=1400 audit(0.0:8735): avc: denied { read } for comm="ls" name="/" dev="dm-5" ino=2 scontext=u:r:system_app:s0 tcontext=u:object_r:rootfs:s0 tclass=dir permissive=0
12-24 12:04:11.577 I/auditd ( 0): type=1400 audit(0.0:8736): avc: denied { kill } for comm="swapper/2" capability=5 scontext=u:r:kernel:s0 tcontext=u:r:kernel:s0 tclass=capability permissive=0
12-24 12:04:12.581 I/auditd ( 0): type=1400 audit(0.0:8737): avc: denied { kill } for comm="swapper/2" capability=5 scontext=u:r:kernel:s0 tcontext=u:r:kernel:s0 tclass=capability permissive=0
12-24 12:04:13.577 I/auditd ( 0): type=1400 audit(0.0:8738): avc: denied { kill } for comm="swapper/2" capability=5 scontext=u:r:kernel:s0 tcontext=u:r:kernel:s0 tclass=capability permissive=0
12-24 12:04:14.581 I/auditd ( 0): type=1400 audit(0.0:8739): avc: denied { kill } for comm="swapper/2" capability=5 scontext=u:r:kernel:s0 tcontext=u:r:kernel:s0 tclass=capability permissive=0
12-24 12:04:15.577 I/auditd ( 0): type=1400 audit(0.0:8740): avc: denied { kill } for comm="swapper/2" capability=5 scontext=u:r:kernel:s0 tcontext=u:r:kernel:s0 tclass=capability permissive=0
12-24 12:04:16.581 I/auditd ( 0): type=1400 audit(0.0:8741): avc: denied { kill } for comm="swapper/2" capability=5 scontext=u:r:kernel:s0 tcontext=u:r:kernel:s0 tclass=capability permissive=0
12-24 12:04:17.581 I/auditd ( 0): type=1400 audit(0.0:8742): avc: denied { kill } for comm="swapper/2" capability=5 scontext=u:r:kernel:s0 tcontext=u:r:kernel:s0 tclass=capability permissive=0
12-24 12:04:18.581 I/auditd ( 0): type=1400 audit(0.0:8743): avc: denied { kill } for comm="swapper/2" capability=5 scontext=u:r:kernel:s0 tcontext=u:r:kernel:s0 tclass=capability permissive=0
12-24 12:04:19.577 I/auditd ( 0): type=1400 audit(0.0:8744): avc: denied { kill } for comm="swapper/2" capability=5 scontext=u:r:kernel:s0 tcontext=u:r:kernel:s0 tclass=capability permissive=0
12-24 12:04:20.577 I/auditd ( 0): type=1400 audit(0.0:8745): avc: denied { kill } for comm="swapper/2" capability=5 scontext=u:r:kernel:s0 tcontext=u:r:kernel:s0 tclass=capability permissive=0
12-24 12:04:21.577 I/auditd ( 0): type=1400 audit(0.0:8746): avc: denied { kill } for comm="swapper/2" capability=5 scontext=u:r:kernel:s0 tcontext=u:r:kernel:s0 tclass=capability permissive=0
12-24 12:04:22.577 I/auditd ( 0): type=1400 audit(0.0:8747): avc: denied { kill } for comm="swapper/2" capability=5 scontext=u:r:kernel:s0 tcontext=u:r:kernel:s0 tclass=capability permissive=0
12-24 12:04:23.577 I/auditd ( 0): type=1400 audit(0.0:8748): avc: denied { kill } for comm="swapper/2" capability=5 scontext=u:r:kernel:s0 tcontext=u:r:kernel:s0 tclass=capability permissive=0
12-24 12:04:24.581 I/auditd ( 0): type=1400 audit(0.0:8749): avc: denied { kill } for comm="swapper/2" capability=5 scontext=u:r:kernel:s0 tcontext=u:r:kernel:s0 tclass=capability permissive=0
12-24 12:04:25.577 I/auditd ( 0): type=1400 audit(0.0:8750): avc: denied { kill } for comm="swapper/2" capability=5 scontext=u:r:kernel:s0 tcontext=u:r:kernel:s0 tclass=capability permissive=0
12-24 12:04:26.581 I/auditd ( 0): type=1400 audit(0.0:8751): avc: denied { kill } for comm="swapper/2" capability=5 scontext=u:r:kernel:s0 tcontext=u:r:kernel:s0 tclass=capability permissive=0
12-24 12:04:27.581 I/auditd ( 0): type=1400 audit(0.0:8752): avc: denied { kill } for comm="swapper/2" capability=5 scontext=u:r:kernel:s0 tcontext=u:r:kernel:s0 tclass=capability permissive=0
12-24 12:04:28.577 I/auditd ( 0): type=1400 audit(0.0:8753): avc: denied { kill } for comm="swapper/2" capability=5 scontext=u:r:kernel:s0 tcontext=u:r:kernel:s0 tclass=capability permissive=0
12-24 12:04:29.581 I/auditd ( 0): type=1400 audit(0.0:8754): avc: denied { kill } for comm="swapper/2" capability=5 scontext=u:r:kernel:s0 tcontext=u:r:kernel:s0 tclass=capability permissive=0
12-24 12:04:30.581 I/auditd ( 0): type=1400 audit(0.0:8755): avc: denied { kill } for comm="swapper/2" capability=5 scontext=u:r:kernel:s0 tcontext=u:r:kernel:s0 tclass=capability permissive=0
12-24 12:04:31.577 I/auditd ( 0): type=1400 audit(0.0:8756): avc: denied { kill } for comm="swapper/2" capability=5 scontext=u:r:kernel:s0 tcontext=u:r:kernel:s0 tclass=capability permissive=0
12-24 12:04:32.073 I/netstats_mobile_sample( 1537): [0,0,0,0,0,0,0,0,0,0,0,0,1671879872073]
12-24 12:04:32.073 I/netstats_wifi_sample( 1537): [63469321,115331,84423421,186474,63469321,115331,84423421,186474,119255829,159147,43908510,104736,1671879872073]
12-24 12:04:32.581 I/auditd ( 0): type=1400 audit(0.0:8757): avc: denied { kill } for comm="swapper/2" capability=5 scontext=u:r:kernel:s0 tcontext=u:r:kernel:s0 tclass=capability permissive=0
12-24 12:04:33.577 I/auditd ( 0): type=1400 audit(0.0:8758): avc: denied { kill } for comm="swapper/2" capability=5 scontext=u:r:kernel:s0 tcontext=u:r:kernel:s0 tclass=capability permissive=0
12-24 12:04:34.577 I/auditd ( 0): type=1400 audit(0.0:8759): avc: denied { kill } for comm="swapper/2" capability=5 scontext=u:r:kernel:s0 tcontext=u:r:kernel:s0 tclass=capability permissive=0
12-24 12:04:35.581 I/auditd ( 0): type=1400 audit(0.0:8760): avc: denied { kill } for comm="swapper/2" capability=5 scontext=u:r:kernel:s0 tcontext=u:r:kernel:s0 tclass=capability permissive=0
12-24 12:04:36.581 I/auditd ( 0): type=1400 audit(0.0:8761): avc: denied { kill } for comm="swapper/2" capability=5 scontext=u:r:kernel:s0 tcontext=u:r:kernel:s0 tclass=capability permissive=0
12-24 12:04:37.581 I/auditd ( 0): type=1400 audit(0.0:8762): avc: denied { kill } for comm="swapper/2" capability=5 scontext=u:r:kernel:s0 tcontext=u:r:kernel:s0 tclass=capability permissive=0
12-24 12:04:38.581 I/auditd ( 0): type=1400 audit(0.0:8763): avc: denied { kill } for comm="swapper/2" capability=5 scontext=u:r:kernel:s0 tcontext=u:r:kernel:s0 tclass=capability permissive=0
12-24 12:04:39.577 I/auditd ( 0): type=1400 audit(0.0:8764): avc: denied { kill } for comm="swapper/2" capability=5 scontext=u:r:kernel:s0 tcontext=u:r:kernel:s0 tclass=capability permissive=0
12-24 12:04:40.577 I/auditd ( 0): type=1400 audit(0.0:8765): avc: denied { kill } for comm="swapper/2" capability=5 scontext=u:r:kernel:s0 tcontext=u:r:kernel:s0 tclass=capability permissive=0
12-24 12:04:41.581 I/auditd ( 0): type=1400 audit(0.0:8766): avc: denied { kill } for comm="swapper/2" capability=5 scontext=u:r:kernel:s0 tcontext=u:r:kernel:s0 tclass=capability permissive=0
12-24 12:04:42.577 I/auditd ( 0): type=1400 audit(0.0:8767): avc: denied { kill } for comm="swapper/2" capability=5 scontext=u:r:kernel:s0 tcontext=u:r:kernel:s0 tclass=capability permissive=0
12-24 12:04:43.581 I/auditd ( 0): type=1400 audit(0.0:8768): avc: denied { kill } for comm="swapper/2" capability=5 scontext=u:r:kernel:s0 tcontext=u:r:kernel:s0 tclass=capability permissive=0
12-24 12:04:44.577 I/auditd ( 0): type=1400 audit(0.0:8769): avc: denied { kill } for comm="swapper/2" capability=5 scontext=u:r:kernel:s0 tcontext=u:r:kernel:s0 tclass=capability permissive=0
12-24 12:04:45.480 I/am_freeze( 1537): [8464,com.thundercomm.gamemode.provider]
12-24 12:04:45.484 I/am_freeze( 1537): [7769,com.qti.diagservices]
12-24 12:04:45.485 I/am_kill ( 1537): [0,8464,com.thundercomm.gamemode.provider,905,Unable to freeze binder interface]
12-24 12:04:45.488 I/am_kill ( 1537): [0,7769,com.qti.diagservices,915,Unable to freeze binder interface]
12-24 12:04:45.518 I/am_proc_died( 1537): [0,7769,com.qti.diagservices,915,10]
12-24 12:04:45.520 I/am_schedule_service_restart( 1537): [0,com.qti.diagservices/.QTIDiagServices,1000]
12-24 12:04:45.523 I/am_proc_died( 1537): [0,8464,com.thundercomm.gamemode.provider,905,19]
12-24 12:04:45.523 I/am_uid_stopped( 1537): 10064
12-24 12:04:45.529 I/am_pss ( 1537): [8536,10025,com.hryt.hiphishowfsecontrol,19555328,14917632,430080,103251968,0,19,7]
12-24 12:04:45.534 I/am_freeze( 1537): [8528,com.android.settings]
12-24 12:04:45.535 I/am_pss ( 1537): [8551,10067,com.android.calendar,7579648,4636672,695296,86585344,0,19,5]
12-24 12:04:45.535 I/am_freeze( 1537): [8529,com.android.music]
12-24 12:04:45.536 I/am_freeze( 1537): [8544,com.android.deskclock]
12-24 12:04:45.537 I/am_kill ( 1537): [0,8528,com.android.settings,945,Unable to freeze binder interface]
12-24 12:04:45.538 I/am_kill ( 1537): [0,8529,com.android.music,935,Unable to freeze binder interface]
12-24 12:04:45.539 I/am_freeze( 1537): [8551,com.android.calendar]
12-24 12:04:45.541 I/am_pss ( 1537): [8544,10066,com.android.deskclock,12577792,9613312,713728,92442624,0,19,5]
12-24 12:04:45.545 I/am_kill ( 1537): [0,8544,com.android.deskclock,925,Unable to freeze binder interface]
12-24 12:04:45.547 I/am_freeze( 1537): [8536,com.hryt.hiphishowfsecontrol]
12-24 12:04:45.547 I/am_kill ( 1537): [0,8551,com.android.calendar,915,Unable to freeze binder interface]
12-24 12:04:45.548 I/am_kill ( 1537): [0,8536,com.hryt.hiphishowfsecontrol,905,Unable to freeze binder interface]
12-24 12:04:45.549 I/am_pss ( 1537): [8448,1000,com.thundercomm.gamemode,18421760,13533184,245760,115040256,0,10,6]
12-24 12:04:45.570 I/am_proc_died( 1537): [0,8529,com.android.music,935,19]
12-24 12:04:45.571 I/am_uid_stopped( 1537): 10089
12-24 12:04:45.573 I/am_proc_died( 1537): [0,8544,com.android.deskclock,925,19]
12-24 12:04:45.573 I/am_uid_stopped( 1537): 10066
12-24 12:04:45.575 I/am_proc_died( 1537): [0,8528,com.android.settings,945,19]
12-24 12:04:45.583 I/am_uid_running( 1537): 10089
12-24 12:04:45.577 I/auditd ( 0): type=1400 audit(0.0:8770): avc: denied { kill } for comm="swapper/2" capability=5 scontext=u:r:kernel:s0 tcontext=u:r:kernel:s0 tclass=capability permissive=0
12-24 12:04:45.584 I/am_uid_running( 1537): 10066
12-24 12:04:45.586 I/am_uid_stopped( 1537): 10025
12-24 12:04:45.587 I/am_uid_running( 1537): 10025
12-24 12:04:45.589 I/am_uid_stopped( 1537): 10067
12-24 12:04:45.589 I/am_uid_running( 1537): 10067
12-24 12:04:45.591 I/am_proc_died( 1537): [0,8536,com.hryt.hiphishowfsecontrol,905,19]
12-24 12:04:45.594 I/am_proc_died( 1537): [0,8551,com.android.calendar,915,19]
12-24 12:04:45.596 I/am_proc_start( 1537): [0,8698,1000,com.android.settings,NULL,]
12-24 12:04:45.603 I/am_proc_start( 1537): [0,8699,10089,com.android.music,NULL,]
12-24 12:04:45.609 I/am_proc_start( 1537): [0,8711,10066,com.android.deskclock,NULL,]
12-24 12:04:45.615 I/am_proc_start( 1537): [0,8721,10025,com.hryt.hiphishowfsecontrol,NULL,]
12-24 12:04:45.621 I/am_proc_bound( 1537): [0,8698,com.android.settings]
12-24 12:04:45.624 I/am_proc_start( 1537): [0,8730,10067,com.android.calendar,NULL,]
12-24 12:04:45.631 I/am_proc_bound( 1537): [0,8711,com.android.deskclock]
12-24 12:04:45.633 I/am_proc_bound( 1537): [0,8699,com.android.music]
12-24 12:04:45.645 I/am_proc_bound( 1537): [0,8730,com.android.calendar]
12-24 12:04:45.648 I/am_proc_bound( 1537): [0,8721,com.hryt.hiphishowfsecontrol]
12-24 12:04:45.679 I/am_wtf ( 1537): [0,8698,com.android.settings,952647173,RoleParser,com.android.permissioncontroller.role.model.AssistantRoleBehavior]
12-24 12:04:45.681 I/am_wtf ( 1537): [0,8698,com.android.settings,952647173,RoleParser,com.android.permissioncontroller.role.model.BrowserRoleBehavior]
12-24 12:04:45.683 I/am_wtf ( 1537): [0,8698,com.android.settings,952647173,RoleParser,com.android.permissioncontroller.role.model.DialerRoleBehavior]
12-24 12:04:45.685 I/am_wtf ( 1537): [0,8698,com.android.settings,952647173,RoleParser,com.android.permissioncontroller.role.model.SmsRoleBehavior]
12-24 12:04:45.687 I/am_wtf ( 1537): [0,8698,com.android.settings,952647173,RoleParser,com.android.permissioncontroller.role.model.EmergencyRoleBehavior]
12-24 12:04:45.689 I/am_wtf ( 1537): [0,8698,com.android.settings,952647173,RoleParser,com.android.permissioncontroller.role.model.HomeRoleBehavior]
12-24 12:04:45.691 I/am_wtf ( 1537): [0,8698,com.android.settings,952647173,RoleParser,com.android.permissioncontroller.role.model.SystemAutomotiveClusterRoleBehavior]
12-24 12:04:45.692 I/am_wtf ( 1537): [0,8698,com.android.settings,952647173,RoleParser,com.android.permissioncontroller.role.model.CompanionDeviceWatchRoleBehavior]
12-24 12:04:45.694 I/am_wtf ( 1537): [0,8698,com.android.settings,952647173,RoleParser,com.android.permissioncontroller.role.model.SystemShellRoleBehavior]
12-24 12:04:45.695 I/am_wtf ( 1537): [0,8698,com.android.settings,952647173,RoleParser,com.android.permissioncontroller.role.model.TelevisionRoleBehavior]
12-24 12:04:45.698 I/am_wtf ( 1537): [0,8698,com.android.settings,952647173,RoleParser,com.android.permissioncontroller.role.model.TelevisionRoleBehavior]
12-24 12:04:46.532 I/am_proc_start( 1537): [0,8785,1000,com.qti.diagservices,service,{com.qti.diagservices/com.qti.diagservices.QTIDiagServices}]
12-24 12:04:46.578 I/am_proc_bound( 1537): [0,8785,com.qti.diagservices]
12-24 12:04:46.577 I/auditd ( 0): type=1400 audit(0.0:8771): avc: denied { kill } for comm="swapper/2" capability=5 scontext=u:r:kernel:s0 tcontext=u:r:kernel:s0 tclass=capability permissive=0
12-24 12:04:46.609 I/auditd ( 8785): type=1400 audit(0.0:8772): avc: denied { read write } for comm="ti.diagservices" name="diag" dev="tmpfs" ino=14504 scontext=u:r:system_app:s0 tcontext=u:object_r:vendor_diag_device:s0 tclass=chr_file permissive=0
12-24 12:04:47.577 I/auditd ( 0): type=1400 audit(0.0:8773): avc: denied { kill } for comm="swapper/2" capability=5 scontext=u:r:kernel:s0 tcontext=u:r:kernel:s0 tclass=capability permissive=0
12-24 12:04:48.581 I/auditd ( 0): type=1400 audit(0.0:8774): avc: denied { kill } for comm="swapper/2" capability=5 scontext=u:r:kernel:s0 tcontext=u:r:kernel:s0 tclass=capability permissive=0
12-24 12:04:49.577 I/auditd ( 0): type=1400 audit(0.0:8775): avc: denied { kill } for comm="swapper/2" capability=5 scontext=u:r:kernel:s0 tcontext=u:r:kernel:s0 tclass=capability permissive=0
12-24 12:04:50.577 I/auditd ( 0): type=1400 audit(0.0:8776): avc: denied { kill } for comm="swapper/2" capability=5 scontext=u:r:kernel:s0 tcontext=u:r:kernel:s0 tclass=capability permissive=0
12-24 12:04:51.577 I/auditd ( 0): type=1400 audit(0.0:8777): avc: denied { kill } for comm="swapper/2" capability=5 scontext=u:r:kernel:s0 tcontext=u:r:kernel:s0 tclass=capability permissive=0
12-24 12:04:52.581 I/auditd ( 0): type=1400 audit(0.0:8778): avc: denied { kill } for comm="swapper/2" capability=5 scontext=u:r:kernel:s0 tcontext=u:r:kernel:s0 tclass=capability permissive=0
12-24 12:04:53.581 I/auditd ( 0): type=1400 audit(0.0:8779): avc: denied { kill } for comm="swapper/2" capability=5 scontext=u:r:kernel:s0 tcontext=u:r:kernel:s0 tclass=capability permissive=0
12-24 12:04:54.581 I/auditd ( 0): type=1400 audit(0.0:8780): avc: denied { kill } for comm="swapper/2" capability=5 scontext=u:r:kernel:s0 tcontext=u:r:kernel:s0 tclass=capability permissive=0
12-24 12:04:55.577 I/auditd ( 0): type=1400 audit(0.0:8781): avc: denied { kill } for comm="swapper/2" capability=5 scontext=u:r:kernel:s0 tcontext=u:r:kernel:s0 tclass=capability permissive=0
12-24 12:04:56.581 I/auditd ( 0): type=1400 audit(0.0:8782): avc: denied { kill } for comm="swapper/2" capability=5 scontext=u:r:kernel:s0 tcontext=u:r:kernel:s0 tclass=capability permissive=0
12-24 12:04:57.577 I/auditd ( 0): type=1400 audit(0.0:8783): avc: denied { kill } for comm="swapper/2" capability=5 scontext=u:r:kernel:s0 tcontext=u:r:kernel:s0 tclass=capability permissive=0
12-24 12:04:58.577 I/auditd ( 0): type=1400 audit(0.0:8784): avc: denied { kill } for comm="swapper/2" capability=5 scontext=u:r:kernel:s0 tcontext=u:r:kernel:s0 tclass=capability permissive=0
12-24 12:04:59.577 I/auditd ( 0): type=1400 audit(0.0:8785): avc: denied { kill } for comm="swapper/2" capability=5 scontext=u:r:kernel:s0 tcontext=u:r:kernel:s0 tclass=capability permissive=0
12-24 12:05:00.577 I/auditd ( 0): type=1400 audit(0.0:8786): avc: denied { kill } for comm="swapper/2" capability=5 scontext=u:r:kernel:s0 tcontext=u:r:kernel:s0 tclass=capability permissive=0
12-24 12:05:01.577 I/auditd ( 0): type=1400 audit(0.0:8787): avc: denied { kill } for comm="swapper/2" capability=5 scontext=u:r:kernel:s0 tcontext=u:r:kernel:s0 tclass=capability permissive=0
12-24 12:05:02.577 I/auditd ( 0): type=1400 audit(0.0:8788): avc: denied { kill } for comm="swapper/2" capability=5 scontext=u:r:kernel:s0 tcontext=u:r:kernel:s0 tclass=capability permissive=0
12-24 12:05:03.577 I/auditd ( 0): type=1400 audit(0.0:8789): avc: denied { kill } for comm="swapper/2" capability=5 scontext=u:r:kernel:s0 tcontext=u:r:kernel:s0 tclass=capability permissive=0
12-24 12:05:04.581 I/auditd ( 0): type=1400 audit(0.0:8790): avc: denied { kill } for comm="swapper/2" capability=5 scontext=u:r:kernel:s0 tcontext=u:r:kernel:s0 tclass=capability permissive=0
12-24 12:05:05.581 I/auditd ( 0): type=1400 audit(0.0:8791): avc: denied { kill } for comm="swapper/2" capability=5 scontext=u:r:kernel:s0 tcontext=u:r:kernel:s0 tclass=capability permissive=0
12-24 12:05:06.581 I/auditd ( 0): type=1400 audit(0.0:8792): avc: denied { kill } for comm="swapper/2" capability=5 scontext=u:r:kernel:s0 tcontext=u:r:kernel:s0 tclass=capability permissive=0
12-24 12:05:07.581 I/auditd ( 0): type=1400 audit(0.0:8793): avc: denied { kill } for comm="swapper/2" capability=5 scontext=u:r:kernel:s0 tcontext=u:r:kernel:s0 tclass=capability permissive=0
12-24 12:05:08.581 I/auditd ( 0): type=1400 audit(0.0:8794): avc: denied { kill } for comm="swapper/2" capability=5 scontext=u:r:kernel:s0 tcontext=u:r:kernel:s0 tclass=capability permissive=0
12-24 12:05:09.581 I/auditd ( 0): type=1400 audit(0.0:8795): avc: denied { kill } for comm="swapper/2" capability=5 scontext=u:r:kernel:s0 tcontext=u:r:kernel:s0 tclass=capability permissive=0
12-24 12:05:10.581 I/auditd ( 0): type=1400 audit(0.0:8796): avc: denied { kill } for comm="swapper/2" capability=5 scontext=u:r:kernel:s0 tcontext=u:r:kernel:s0 tclass=capability permissive=0
12-24 12:05:11.581 I/auditd ( 0): type=1400 audit(0.0:8797): avc: denied { kill } for comm="swapper/2" capability=5 scontext=u:r:kernel:s0 tcontext=u:r:kernel:s0 tclass=capability permissive=0
12-24 12:05:12.577 I/auditd ( 0): type=1400 audit(0.0:8798): avc: denied { kill } for comm="swapper/2" capability=5 scontext=u:r:kernel:s0 tcontext=u:r:kernel:s0 tclass=capability permissive=0
12-24 12:05:13.577 I/auditd ( 0): type=1400 audit(0.0:8799): avc: denied { kill } for comm="swapper/2" capability=5 scontext=u:r:kernel:s0 tcontext=u:r:kernel:s0 tclass=capability permissive=0
12-24 12:05:14.581 I/auditd ( 0): type=1400 audit(0.0:8800): avc: denied { kill } for comm="swapper/2" capability=5 scontext=u:r:kernel:s0 tcontext=u:r:kernel:s0 tclass=capability permissive=0
12-24 12:05:16.581 I/auditd ( 0): type=1400 audit(0.0:8801): avc: denied { kill } for comm="swapper/2" capability=5 scontext=u:r:kernel:s0 tcontext=u:r:kernel:s0 tclass=capability permissive=0
12-24 12:05:17.581 I/auditd ( 0): type=1400 audit(0.0:8802): avc: denied { kill } for comm="swapper/2" capability=5 scontext=u:r:kernel:s0 tcontext=u:r:kernel:s0 tclass=capability permissive=0
12-24 12:05:18.581 I/auditd ( 0): type=1400 audit(0.0:8803): avc: denied { kill } for comm="swapper/2" capability=5 scontext=u:r:kernel:s0 tcontext=u:r:kernel:s0 tclass=capability permissive=0
12-24 12:05:19.581 I/auditd ( 0): type=1400 audit(0.0:8804): avc: denied { kill } for comm="swapper/2" capability=5 scontext=u:r:kernel:s0 tcontext=u:r:kernel:s0 tclass=capability permissive=0
12-24 12:05:20.581 I/auditd ( 0): type=1400 audit(0.0:8805): avc: denied { kill } for comm="swapper/2" capability=5 scontext=u:r:kernel:s0 tcontext=u:r:kernel:s0 tclass=capability permissive=0
12-24 12:05:21.581 I/auditd ( 0): type=1400 audit(0.0:8806): avc: denied { kill } for comm="swapper/2" capability=5 scontext=u:r:kernel:s0 tcontext=u:r:kernel:s0 tclass=capability permissive=0
12-24 12:05:22.581 I/auditd ( 0): type=1400 audit(0.0:8807): avc: denied { kill } for comm="swapper/2" capability=5 scontext=u:r:kernel:s0 tcontext=u:r:kernel:s0 tclass=capability permissive=0
12-24 12:05:23.581 I/auditd ( 0): type=1400 audit(0.0:8808): avc: denied { kill } for comm="swapper/2" capability=5 scontext=u:r:kernel:s0 tcontext=u:r:kernel:s0 tclass=capability permissive=0
12-24 12:05:24.581 I/auditd ( 0): type=1400 audit(0.0:8809): avc: denied { kill } for comm="swapper/2" capability=5 scontext=u:r:kernel:s0 tcontext=u:r:kernel:s0 tclass=capability permissive=0
12-24 12:05:25.581 I/auditd ( 0): type=1400 audit(0.0:8810): avc: denied { kill } for comm="swapper/2" capability=5 scontext=u:r:kernel:s0 tcontext=u:r:kernel:s0 tclass=capability permissive=0
12-24 12:05:26.581 I/auditd ( 0): type=1400 audit(0.0:8811): avc: denied { kill } for comm="swapper/2" capability=5 scontext=u:r:kernel:s0 tcontext=u:r:kernel:s0 tclass=capability permissive=0
12-24 12:05:27.581 I/auditd ( 0): type=1400 audit(0.0:8812): avc: denied { kill } for comm="swapper/2" capability=5 scontext=u:r:kernel:s0 tcontext=u:r:kernel:s0 tclass=capability permissive=0
12-24 12:05:28.581 I/auditd ( 0): type=1400 audit(0.0:8813): avc: denied { kill } for comm="swapper/2" capability=5 scontext=u:r:kernel:s0 tcontext=u:r:kernel:s0 tclass=capability permissive=0
12-24 12:05:29.577 I/auditd ( 0): type=1400 audit(0.0:8814): avc: denied { kill } for comm="swapper/2" capability=5 scontext=u:r:kernel:s0 tcontext=u:r:kernel:s0 tclass=capability permissive=0
12-24 12:05:30.581 I/auditd ( 0): type=1400 audit(0.0:8815): avc: denied { kill } for comm="swapper/2" capability=5 scontext=u:r:kernel:s0 tcontext=u:r:kernel:s0 tclass=capability permissive=0
12-24 12:05:31.577 I/auditd ( 0): type=1400 audit(0.0:8816): avc: denied { kill } for comm="swapper/2" capability=5 scontext=u:r:kernel:s0 tcontext=u:r:kernel:s0 tclass=capability permissive=0
12-24 12:05:32.581 I/auditd ( 0): type=1400 audit(0.0:8817): avc: denied { kill } for comm="swapper/2" capability=5 scontext=u:r:kernel:s0 tcontext=u:r:kernel:s0 tclass=capability permissive=0
12-24 12:05:33.581 I/auditd ( 0): type=1400 audit(0.0:8818): avc: denied { kill } for comm="swapper/2" capability=5 scontext=u:r:kernel:s0 tcontext=u:r:kernel:s0 tclass=capability permissive=0
12-24 12:05:34.581 I/auditd ( 0): type=1400 audit(0.0:8819): avc: denied { kill } for comm="swapper/2" capability=5 scontext=u:r:kernel:s0 tcontext=u:r:kernel:s0 tclass=capability permissive=0
12-24 12:05:35.577 I/auditd ( 0): type=1400 audit(0.0:8820): avc: denied { kill } for comm="swapper/2" capability=5 scontext=u:r:kernel:s0 tcontext=u:r:kernel:s0 tclass=capability permissive=0
12-24 12:05:36.577 I/auditd ( 0): type=1400 audit(0.0:8821): avc: denied { kill } for comm="swapper/2" capability=5 scontext=u:r:kernel:s0 tcontext=u:r:kernel:s0 tclass=capability permissive=0
12-24 12:05:37.581 I/auditd ( 0): type=1400 audit(0.0:8822): avc: denied { kill } for comm="swapper/2" capability=5 scontext=u:r:kernel:s0 tcontext=u:r:kernel:s0 tclass=capability permissive=0
12-24 12:05:38.581 I/auditd ( 0): type=1400 audit(0.0:8823): avc: denied { kill } for comm="swapper/2" capability=5 scontext=u:r:kernel:s0 tcontext=u:r:kernel:s0 tclass=capability permissive=0
12-24 12:05:39.577 I/auditd ( 0): type=1400 audit(0.0:8824): avc: denied { kill } for comm="swapper/2" capability=5 scontext=u:r:kernel:s0 tcontext=u:r:kernel:s0 tclass=capability permissive=0
12-24 12:05:40.577 I/auditd ( 0): type=1400 audit(0.0:8825): avc: denied { kill } for comm="swapper/2" capability=5 scontext=u:r:kernel:s0 tcontext=u:r:kernel:s0 tclass=capability permissive=0
12-24 12:05:41.577 I/auditd ( 0): type=1400 audit(0.0:8826): avc: denied { kill } for comm="swapper/2" capability=5 scontext=u:r:kernel:s0 tcontext=u:r:kernel:s0 tclass=capability permissive=0
12-24 12:05:42.581 I/auditd ( 0): type=1400 audit(0.0:8827): avc: denied { kill } for comm="swapper/2" capability=5 scontext=u:r:kernel:s0 tcontext=u:r:kernel:s0 tclass=capability permissive=0
12-24 12:05:43.581 I/auditd ( 0): type=1400 audit(0.0:8828): avc: denied { kill } for comm="swapper/2" capability=5 scontext=u:r:kernel:s0 tcontext=u:r:kernel:s0 tclass=capability permissive=0
