12-24 11:01:33.504 I/am_pss ( 1537): [7283,1000,com.android.settings,18278400,10125312,5374976,70701056,0,19,5]
12-24 11:01:33.545 I/wm_on_paused_called( 5602): [119460357,com.miHoYo.GetMobileInfo.MainActivity,performPause]
12-24 11:01:33.549 I/wm_on_stop_called( 5602): [119460357,com.miHoYo.GetMobileInfo.MainActivity,STOP_ACTIVITY_ITEM]
12-24 11:01:33.577 I/auditd ( 0): type=1400 audit(0.0:4764): avc: denied { kill } for comm="swapper/3" capability=5 scontext=u:r:kernel:s0 tcontext=u:r:kernel:s0 tclass=capability permissive=0
12-24 11:01:33.703 I/input_interaction( 1537): Interaction with: 6530592 com.android.launcher3/com.android.launcher3.uioverrides.QuickstepLauncher (server), 751ef8e com.android.systemui.ImageWallpaper (server), edge-swipe (server), swipe-up (server), PointerEventDispatcher0 (server),
12-24 11:01:33.769 I/view_enqueue_input_event( 2496): [Motion - Cancel,com.android.launcher3/com.android.launcher3.uioverrides.QuickstepLauncher]
12-24 11:01:33.769 I/input_interaction( 1537): Interaction with: edge-swipe (server), swipe-up (server), PointerEventDispatcher0 (server),
12-24 11:01:33.945 I/commit_sys_config_file( 1537): [settings-1-0,3]
12-24 11:01:34.320 I/commit_sys_config_file( 1537): [settings-1-0,3]
12-24 11:01:34.577 I/auditd ( 0): type=1400 audit(0.0:4765): avc: denied { kill } for comm="swapper/3" capability=5 scontext=u:r:kernel:s0 tcontext=u:r:kernel:s0 tclass=capability permissive=0
12-24 11:01:35.060 I/input_interaction( 1537): Interaction with: 6530592 com.android.launcher3/com.android.launcher3.uioverrides.QuickstepLauncher (server), 751ef8e com.android.systemui.ImageWallpaper (server), edge-swipe (server), swipe-up (server), PointerEventDispatcher0 (server),
12-24 11:01:35.577 I/auditd ( 0): type=1400 audit(0.0:4766): avc: denied { kill } for comm="swapper/3" capability=5 scontext=u:r:kernel:s0 tcontext=u:r:kernel:s0 tclass=capability permissive=0
12-24 11:01:36.680 I/wm_finish_activity( 1537): [0,119460357,14,com.miHoYo.Yuanshen/com.miHoYo.GetMobileInfo.MainActivity,remove-task]
12-24 11:01:36.681 I/wm_destroy_activity( 1537): [0,119460357,14,com.miHoYo.Yuanshen/com.miHoYo.GetMobileInfo.MainActivity,finish-imm:finishIfPossible]
12-24 11:01:36.683 I/am_kill ( 1537): [0,5602,com.miHoYo.Yuanshen,905,remove task]
12-24 11:01:36.685 I/sysui_multi_action( 1537): [757,803,799,window_time_0,802,4]
12-24 11:01:36.687 I/am_kill ( 1537): [0,5897,com.miHoYo.Yuanshen:PushService,1001,remove task]
12-24 11:01:36.727 I/am_proc_died( 1537): [0,5897,com.miHoYo.Yuanshen:PushService,1001,10]
12-24 11:01:36.728 I/am_schedule_service_restart( 1537): [0,com.miHoYo.Yuanshen/com.combosdk.module.push.PushService,1000]
12-24 11:01:37.432 I/am_proc_died( 1537): [0,5602,com.miHoYo.Yuanshen,905,19]
12-24 11:01:37.436 I/am_uid_stopped( 1537): 10097
12-24 11:01:37.438 I/wm_task_removed( 1537): [14,removeChild:removeChild last r=ActivityRecord{71ed205 u0 com.miHoYo.Yuanshen/com.miHoYo.GetMobileInfo.MainActivity t-1 f}} in t=Task{e1ba2b2 #14 type=standard A=10097:com.miHoYo.Yuanshen U=0 visible=false mode=fullscreen translucent=true sz=0}]
12-24 11:01:37.438 I/wm_task_removed( 1537): [14,removeChild]
12-24 11:01:38.581 I/auditd ( 0): type=1400 audit(0.0:4767): avc: denied { kill } for comm="swapper/0" capability=5 scontext=u:r:kernel:s0 tcontext=u:r:kernel:s0 tclass=capability permissive=0
12-24 11:01:39.577 I/auditd ( 0): type=1400 audit(0.0:4768): avc: denied { kill } for comm="swapper/0" capability=5 scontext=u:r:kernel:s0 tcontext=u:r:kernel:s0 tclass=capability permissive=0
12-24 11:01:40.581 I/auditd ( 0): type=1400 audit(0.0:4769): avc: denied { kill } for comm="swapper/0" capability=5 scontext=u:r:kernel:s0 tcontext=u:r:kernel:s0 tclass=capability permissive=0
12-24 11:01:41.581 I/auditd ( 0): type=1400 audit(0.0:4770): avc: denied { kill } for comm="swapper/0" capability=5 scontext=u:r:kernel:s0 tcontext=u:r:kernel:s0 tclass=capability permissive=0
12-24 11:01:42.581 I/auditd ( 0): type=1400 audit(0.0:4771): avc: denied { kill } for comm="swapper/0" capability=5 scontext=u:r:kernel:s0 tcontext=u:r:kernel:s0 tclass=capability permissive=0
12-24 11:01:43.577 I/auditd ( 0): type=1400 audit(0.0:4772): avc: denied { kill } for comm="swapper/0" capability=5 scontext=u:r:kernel:s0 tcontext=u:r:kernel:s0 tclass=capability permissive=0
12-24 11:01:45.577 I/auditd ( 0): type=1400 audit(0.0:4773): avc: denied { kill } for comm="swapper/0" capability=5 scontext=u:r:kernel:s0 tcontext=u:r:kernel:s0 tclass=capability permissive=0
12-24 11:01:46.581 I/auditd ( 0): type=1400 audit(0.0:4774): avc: denied { kill } for comm="swapper/0" capability=5 scontext=u:r:kernel:s0 tcontext=u:r:kernel:s0 tclass=capability permissive=0
12-24 11:01:47.577 I/auditd ( 0): type=1400 audit(0.0:4775): avc: denied { kill } for comm="swapper/0" capability=5 scontext=u:r:kernel:s0 tcontext=u:r:kernel:s0 tclass=capability permissive=0
12-24 11:01:48.581 I/auditd ( 0): type=1400 audit(0.0:4776): avc: denied { kill } for comm="swapper/0" capability=5 scontext=u:r:kernel:s0 tcontext=u:r:kernel:s0 tclass=capability permissive=0
12-24 11:01:49.581 I/auditd ( 0): type=1400 audit(0.0:4777): avc: denied { kill } for comm="swapper/0" capability=5 scontext=u:r:kernel:s0 tcontext=u:r:kernel:s0 tclass=capability permissive=0
12-24 11:01:50.577 I/auditd ( 0): type=1400 audit(0.0:4778): avc: denied { kill } for comm="swapper/0" capability=5 scontext=u:r:kernel:s0 tcontext=u:r:kernel:s0 tclass=capability permissive=0
12-24 11:01:51.577 I/auditd ( 0): type=1400 audit(0.0:4779): avc: denied { kill } for comm="swapper/0" capability=5 scontext=u:r:kernel:s0 tcontext=u:r:kernel:s0 tclass=capability permissive=0
12-24 11:01:52.581 I/auditd ( 0): type=1400 audit(0.0:4780): avc: denied { kill } for comm="swapper/0" capability=5 scontext=u:r:kernel:s0 tcontext=u:r:kernel:s0 tclass=capability permissive=0
12-24 11:01:53.581 I/auditd ( 0): type=1400 audit(0.0:4781): avc: denied { kill } for comm="swapper/0" capability=5 scontext=u:r:kernel:s0 tcontext=u:r:kernel:s0 tclass=capability permissive=0
12-24 11:01:54.581 I/auditd ( 0): type=1400 audit(0.0:4782): avc: denied { kill } for comm="swapper/0" capability=5 scontext=u:r:kernel:s0 tcontext=u:r:kernel:s0 tclass=capability permissive=0
12-24 11:01:55.577 I/auditd ( 0): type=1400 audit(0.0:4783): avc: denied { kill } for comm="swapper/0" capability=5 scontext=u:r:kernel:s0 tcontext=u:r:kernel:s0 tclass=capability permissive=0
12-24 11:01:56.577 I/auditd ( 0): type=1400 audit(0.0:4784): avc: denied { kill } for comm="swapper/0" capability=5 scontext=u:r:kernel:s0 tcontext=u:r:kernel:s0 tclass=capability permissive=0
12-24 11:01:57.581 I/auditd ( 0): type=1400 audit(0.0:4785): avc: denied { kill } for comm="swapper/0" capability=5 scontext=u:r:kernel:s0 tcontext=u:r:kernel:s0 tclass=capability permissive=0
12-24 11:01:58.581 I/auditd ( 0): type=1400 audit(0.0:4786): avc: denied { kill } for comm="swapper/0" capability=5 scontext=u:r:kernel:s0 tcontext=u:r:kernel:s0 tclass=capability permissive=0
12-24 11:01:59.577 I/auditd ( 0): type=1400 audit(0.0:4787): avc: denied { kill } for comm="swapper/0" capability=5 scontext=u:r:kernel:s0 tcontext=u:r:kernel:s0 tclass=capability permissive=0
12-24 11:02:00.577 I/auditd ( 0): type=1400 audit(0.0:4788): avc: denied { kill } for comm="swapper/0" capability=5 scontext=u:r:kernel:s0 tcontext=u:r:kernel:s0 tclass=capability permissive=0
12-24 11:02:01.581 I/auditd ( 0): type=1400 audit(0.0:4789): avc: denied { kill } for comm="swapper/0" capability=5 scontext=u:r:kernel:s0 tcontext=u:r:kernel:s0 tclass=capability permissive=0
12-24 11:02:02.581 I/auditd ( 0): type=1400 audit(0.0:4790): avc: denied { kill } for comm="swapper/0" capability=5 scontext=u:r:kernel:s0 tcontext=u:r:kernel:s0 tclass=capability permissive=0
12-24 11:02:03.581 I/auditd ( 0): type=1400 audit(0.0:4791): avc: denied { kill } for comm="swapper/0" capability=5 scontext=u:r:kernel:s0 tcontext=u:r:kernel:s0 tclass=capability permissive=0
12-24 11:02:04.581 I/auditd ( 0): type=1400 audit(0.0:4792): avc: denied { kill } for comm="swapper/0" capability=5 scontext=u:r:kernel:s0 tcontext=u:r:kernel:s0 tclass=capability permissive=0
12-24 11:02:05.581 I/auditd ( 0): type=1400 audit(0.0:4793): avc: denied { kill } for comm="swapper/0" capability=5 scontext=u:r:kernel:s0 tcontext=u:r:kernel:s0 tclass=capability permissive=0
12-24 11:02:06.577 I/auditd ( 0): type=1400 audit(0.0:4794): avc: denied { kill } for comm="swapper/0" capability=5 scontext=u:r:kernel:s0 tcontext=u:r:kernel:s0 tclass=capability permissive=0
12-24 11:02:07.577 I/auditd ( 0): type=1400 audit(0.0:4795): avc: denied { kill } for comm="swapper/0" capability=5 scontext=u:r:kernel:s0 tcontext=u:r:kernel:s0 tclass=capability permissive=0
12-24 11:02:08.577 I/auditd ( 0): type=1400 audit(0.0:4796): avc: denied { kill } for comm="swapper/0" capability=5 scontext=u:r:kernel:s0 tcontext=u:r:kernel:s0 tclass=capability permissive=0
12-24 11:02:09.577 I/auditd ( 0): type=1400 audit(0.0:4797): avc: denied { kill } for comm="swapper/0" capability=5 scontext=u:r:kernel:s0 tcontext=u:r:kernel:s0 tclass=capability permissive=0
12-24 11:02:10.581 I/auditd ( 0): type=1400 audit(0.0:4798): avc: denied { kill } for comm="swapper/0" capability=5 scontext=u:r:kernel:s0 tcontext=u:r:kernel:s0 tclass=capability permissive=0
12-24 11:02:11.581 I/auditd ( 0): type=1400 audit(0.0:4799): avc: denied { kill } for comm="swapper/0" capability=5 scontext=u:r:kernel:s0 tcontext=u:r:kernel:s0 tclass=capability permissive=0
12-24 11:02:12.577 I/auditd ( 0): type=1400 audit(0.0:4800): avc: denied { kill } for comm="swapper/0" capability=5 scontext=u:r:kernel:s0 tcontext=u:r:kernel:s0 tclass=capability permissive=0
12-24 11:02:13.581 I/auditd ( 0): type=1400 audit(0.0:4801): avc: denied { kill } for comm="swapper/0" capability=5 scontext=u:r:kernel:s0 tcontext=u:r:kernel:s0 tclass=capability permissive=0
12-24 11:02:14.581 I/auditd ( 0): type=1400 audit(0.0:4802): avc: denied { kill } for comm="swapper/0" capability=5 scontext=u:r:kernel:s0 tcontext=u:r:kernel:s0 tclass=capability permissive=0
12-24 11:02:15.581 I/auditd ( 0): type=1400 audit(0.0:4803): avc: denied { kill } for comm="swapper/0" capability=5 scontext=u:r:kernel:s0 tcontext=u:r:kernel:s0 tclass=capability permissive=0
12-24 11:02:16.577 I/auditd ( 0): type=1400 audit(0.0:4804): avc: denied { kill } for comm="swapper/0" capability=5 scontext=u:r:kernel:s0 tcontext=u:r:kernel:s0 tclass=capability permissive=0
12-24 11:02:17.581 I/auditd ( 0): type=1400 audit(0.0:4805): avc: denied { kill } for comm="swapper/0" capability=5 scontext=u:r:kernel:s0 tcontext=u:r:kernel:s0 tclass=capability permissive=0
12-24 11:02:18.581 I/auditd ( 0): type=1400 audit(0.0:4806): avc: denied { kill } for comm="swapper/0" capability=5 scontext=u:r:kernel:s0 tcontext=u:r:kernel:s0 tclass=capability permissive=0
12-24 11:02:19.581 I/auditd ( 0): type=1400 audit(0.0:4807): avc: denied { kill } for comm="swapper/0" capability=5 scontext=u:r:kernel:s0 tcontext=u:r:kernel:s0 tclass=capability permissive=0
12-24 11:02:20.581 I/auditd ( 0): type=1400 audit(0.0:4808): avc: denied { kill } for comm="swapper/0" capability=5 scontext=u:r:kernel:s0 tcontext=u:r:kernel:s0 tclass=capability permissive=0
12-24 11:02:21.581 I/auditd ( 0): type=1400 audit(0.0:4809): avc: denied { kill } for comm="swapper/0" capability=5 scontext=u:r:kernel:s0 tcontext=u:r:kernel:s0 tclass=capability permissive=0
12-24 11:02:22.581 I/auditd ( 0): type=1400 audit(0.0:4810): avc: denied { kill } for comm="swapper/0" capability=5 scontext=u:r:kernel:s0 tcontext=u:r:kernel:s0 tclass=capability permissive=0
12-24 11:02:23.581 I/auditd ( 0): type=1400 audit(0.0:4811): avc: denied { kill } for comm="swapper/0" capability=5 scontext=u:r:kernel:s0 tcontext=u:r:kernel:s0 tclass=capability permissive=0
12-24 11:02:24.581 I/auditd ( 0): type=1400 audit(0.0:4812): avc: denied { kill } for comm="swapper/0" capability=5 scontext=u:r:kernel:s0 tcontext=u:r:kernel:s0 tclass=capability permissive=0
12-24 11:02:25.577 I/auditd ( 0): type=1400 audit(0.0:4813): avc: denied { kill } for comm="swapper/0" capability=5 scontext=u:r:kernel:s0 tcontext=u:r:kernel:s0 tclass=capability permissive=0
12-24 11:02:26.581 I/auditd ( 0): type=1400 audit(0.0:4814): avc: denied { kill } for comm="swapper/0" capability=5 scontext=u:r:kernel:s0 tcontext=u:r:kernel:s0 tclass=capability permissive=0
12-24 11:02:27.577 I/auditd ( 0): type=1400 audit(0.0:4815): avc: denied { kill } for comm="swapper/0" capability=5 scontext=u:r:kernel:s0 tcontext=u:r:kernel:s0 tclass=capability permissive=0
12-24 11:02:28.581 I/auditd ( 0): type=1400 audit(0.0:4816): avc: denied { kill } for comm="swapper/0" capability=5 scontext=u:r:kernel:s0 tcontext=u:r:kernel:s0 tclass=capability permissive=0
12-24 11:02:28.974 I/sysui_multi_action( 1537): [757,1696,758,6,759,2]
12-24 11:02:28.984 I/am_wtf ( 1537): [0,1537,system_server,-1,DisplayDeviceConfig,requesting nits when no mapping exists.]
12-24 11:02:28.995 I/am_wtf ( 1537): [0,1537,system_server,-1,DisplayDeviceConfig,requesting nits when no mapping exists.]
12-24 11:02:29.002 I/am_wtf ( 1537): [0,1537,system_server,-1,DisplayDeviceConfig,requesting nits when no mapping exists.]
12-24 11:02:29.005 I/am_wtf ( 1537): [0,1537,system_server,-1,DisplayDeviceConfig,requesting nits when no mapping exists.]
12-24 11:02:29.017 I/am_wtf ( 1537): [0,1537,system_server,-1,DisplayDeviceConfig,requesting nits when no mapping exists.]
12-24 11:02:29.019 I/am_wtf ( 1537): [0,1537,system_server,-1,DisplayDeviceConfig,requesting nits when no mapping exists.]
12-24 11:02:29.023 I/am_wtf ( 1537): [0,1537,system_server,-1,DisplayDeviceConfig,requesting nits when no mapping exists.]
12-24 11:02:29.023 I/am_wtf ( 1537): [0,1537,system_server,-1,DisplayDeviceConfig,requesting nits when no mapping exists.]
12-24 11:02:29.039 I/am_wtf ( 1537): [0,1537,system_server,-1,DisplayDeviceConfig,requesting nits when no mapping exists.]
12-24 11:02:29.039 I/am_wtf ( 1537): [0,1537,system_server,-1,DisplayDeviceConfig,requesting nits when no mapping exists.]
12-24 11:02:29.056 I/am_wtf ( 1537): [0,1537,system_server,-1,DisplayDeviceConfig,requesting nits when no mapping exists.]
12-24 11:02:29.057 I/am_wtf ( 1537): [0,1537,system_server,-1,DisplayDeviceConfig,requesting nits when no mapping exists.]
12-24 11:02:29.072 I/am_wtf ( 1537): [0,1537,system_server,-1,DisplayDeviceConfig,requesting nits when no mapping exists.]
12-24 11:02:29.073 I/am_wtf ( 1537): [0,1537,system_server,-1,DisplayDeviceConfig,requesting nits when no mapping exists.]
12-24 11:02:29.089 I/am_wtf ( 1537): [0,1537,system_server,-1,DisplayDeviceConfig,requesting nits when no mapping exists.]
12-24 11:02:29.090 I/am_wtf ( 1537): [0,1537,system_server,-1,DisplayDeviceConfig,requesting nits when no mapping exists.]
12-24 11:02:29.106 I/am_wtf ( 1537): [0,1537,system_server,-1,DisplayDeviceConfig,requesting nits when no mapping exists.]
12-24 11:02:29.107 I/am_wtf ( 1537): [0,1537,system_server,-1,DisplayDeviceConfig,requesting nits when no mapping exists.]
12-24 11:02:29.123 I/am_wtf ( 1537): [0,1537,system_server,-1,DisplayDeviceConfig,requesting nits when no mapping exists.]
12-24 11:02:29.124 I/am_wtf ( 1537): [0,1537,system_server,-1,DisplayDeviceConfig,requesting nits when no mapping exists.]
12-24 11:02:29.140 I/am_wtf ( 1537): [0,1537,system_server,-1,DisplayDeviceConfig,requesting nits when no mapping exists.]
12-24 11:02:29.141 I/am_wtf ( 1537): [0,1537,system_server,-1,DisplayDeviceConfig,requesting nits when no mapping exists.]
12-24 11:02:29.156 I/am_wtf ( 1537): [0,1537,system_server,-1,DisplayDeviceConfig,requesting nits when no mapping exists.]
12-24 11:02:29.157 I/am_wtf ( 1537): [0,1537,system_server,-1,DisplayDeviceConfig,requesting nits when no mapping exists.]
12-24 11:02:29.173 I/am_wtf ( 1537): [0,1537,system_server,-1,DisplayDeviceConfig,requesting nits when no mapping exists.]
12-24 11:02:29.174 I/am_wtf ( 1537): [0,1537,system_server,-1,DisplayDeviceConfig,requesting nits when no mapping exists.]
12-24 11:02:29.190 I/am_wtf ( 1537): [0,1537,system_server,-1,DisplayDeviceConfig,requesting nits when no mapping exists.]
12-24 11:02:29.191 I/am_wtf ( 1537): [0,1537,system_server,-1,DisplayDeviceConfig,requesting nits when no mapping exists.]
12-24 11:02:29.206 I/am_wtf ( 1537): [0,1537,system_server,-1,DisplayDeviceConfig,requesting nits when no mapping exists.]
12-24 11:02:29.207 I/am_wtf ( 1537): [0,1537,system_server,-1,DisplayDeviceConfig,requesting nits when no mapping exists.]
12-24 11:02:29.223 I/am_wtf ( 1537): [0,1537,system_server,-1,DisplayDeviceConfig,requesting nits when no mapping exists.]
12-24 11:02:29.224 I/am_wtf ( 1537): [0,1537,system_server,-1,DisplayDeviceConfig,requesting nits when no mapping exists.]
12-24 11:02:29.240 I/am_wtf ( 1537): [0,1537,system_server,-1,DisplayDeviceConfig,requesting nits when no mapping exists.]
12-24 11:02:29.241 I/am_wtf ( 1537): [0,1537,system_server,-1,DisplayDeviceConfig,requesting nits when no mapping exists.]
12-24 11:02:29.256 I/am_wtf ( 1537): [0,1537,system_server,-1,DisplayDeviceConfig,requesting nits when no mapping exists.]
12-24 11:02:29.257 I/am_wtf ( 1537): [0,1537,system_server,-1,DisplayDeviceConfig,requesting nits when no mapping exists.]
12-24 11:02:29.272 I/am_wtf ( 1537): [0,1537,system_server,-1,DisplayDeviceConfig,requesting nits when no mapping exists.]
12-24 11:02:29.273 I/am_wtf ( 1537): [0,1537,system_server,-1,DisplayDeviceConfig,requesting nits when no mapping exists.]
12-24 11:02:29.289 I/am_wtf ( 1537): [0,1537,system_server,-1,DisplayDeviceConfig,requesting nits when no mapping exists.]
12-24 11:02:29.290 I/am_wtf ( 1537): [0,1537,system_server,-1,DisplayDeviceConfig,requesting nits when no mapping exists.]
12-24 11:02:29.307 I/am_wtf ( 1537): [0,1537,system_server,-1,DisplayDeviceConfig,requesting nits when no mapping exists.]
12-24 11:02:29.308 I/am_wtf ( 1537): [0,1537,system_server,-1,DisplayDeviceConfig,requesting nits when no mapping exists.]
12-24 11:02:29.323 I/am_wtf ( 1537): [0,1537,system_server,-1,DisplayDeviceConfig,requesting nits when no mapping exists.]
12-24 11:02:29.324 I/am_wtf ( 1537): [0,1537,system_server,-1,DisplayDeviceConfig,requesting nits when no mapping exists.]
12-24 11:02:29.340 I/am_wtf ( 1537): [0,1537,system_server,-1,DisplayDeviceConfig,requesting nits when no mapping exists.]
12-24 11:02:29.340 I/am_wtf ( 1537): [0,1537,system_server,-1,DisplayDeviceConfig,requesting nits when no mapping exists.]
12-24 11:02:29.357 I/am_wtf ( 1537): [0,1537,system_server,-1,DisplayDeviceConfig,requesting nits when no mapping exists.]
12-24 11:02:29.358 I/am_wtf ( 1537): [0,1537,system_server,-1,DisplayDeviceConfig,requesting nits when no mapping exists.]
12-24 11:02:29.373 I/am_wtf ( 1537): [0,1537,system_server,-1,DisplayDeviceConfig,requesting nits when no mapping exists.]
12-24 11:02:29.374 I/am_wtf ( 1537): [0,1537,system_server,-1,DisplayDeviceConfig,requesting nits when no mapping exists.]
12-24 11:02:29.390 I/am_wtf ( 1537): [0,1537,system_server,-1,DisplayDeviceConfig,requesting nits when no mapping exists.]
12-24 11:02:29.391 I/am_wtf ( 1537): [0,1537,system_server,-1,DisplayDeviceConfig,requesting nits when no mapping exists.]
12-24 11:02:29.407 I/am_wtf ( 1537): [0,1537,system_server,-1,DisplayDeviceConfig,requesting nits when no mapping exists.]
12-24 11:02:29.408 I/am_wtf ( 1537): [0,1537,system_server,-1,DisplayDeviceConfig,requesting nits when no mapping exists.]
12-24 11:02:29.423 I/am_wtf ( 1537): [0,1537,system_server,-1,DisplayDeviceConfig,requesting nits when no mapping exists.]
12-24 11:02:29.424 I/am_wtf ( 1537): [0,1537,system_server,-1,DisplayDeviceConfig,requesting nits when no mapping exists.]
12-24 11:02:29.440 I/am_wtf ( 1537): [0,1537,system_server,-1,DisplayDeviceConfig,requesting nits when no mapping exists.]
12-24 11:02:29.440 I/am_wtf ( 1537): [0,1537,system_server,-1,DisplayDeviceConfig,requesting nits when no mapping exists.]
12-24 11:02:29.456 I/am_wtf ( 1537): [0,1537,system_server,-1,DisplayDeviceConfig,requesting nits when no mapping exists.]
12-24 11:02:29.458 I/service_manager_stats( 1537): [100,51,64534]
12-24 11:02:29.458 I/am_wtf ( 1537): [0,1537,system_server,-1,DisplayDeviceConfig,requesting nits when no mapping exists.]
12-24 11:02:29.473 I/am_wtf ( 1537): [0,1537,system_server,-1,DisplayDeviceConfig,requesting nits when no mapping exists.]
12-24 11:02:29.474 I/am_wtf ( 1537): [0,1537,system_server,-1,DisplayDeviceConfig,requesting nits when no mapping exists.]
12-24 11:02:29.490 I/am_wtf ( 1537): [0,1537,system_server,-1,DisplayDeviceConfig,requesting nits when no mapping exists.]
12-24 11:02:29.492 I/am_wtf ( 1537): [0,1537,system_server,-1,DisplayDeviceConfig,requesting nits when no mapping exists.]
12-24 11:02:29.507 I/am_wtf ( 1537): [0,1537,system_server,-1,DisplayDeviceConfig,requesting nits when no mapping exists.]
12-24 11:02:29.508 I/am_wtf ( 1537): [0,1537,system_server,-1,DisplayDeviceConfig,requesting nits when no mapping exists.]
12-24 11:02:29.524 I/am_wtf ( 1537): [0,1537,system_server,-1,DisplayDeviceConfig,requesting nits when no mapping exists.]
12-24 11:02:29.525 I/am_wtf ( 1537): [0,1537,system_server,-1,DisplayDeviceConfig,requesting nits when no mapping exists.]
12-24 11:02:29.540 I/am_wtf ( 1537): [0,1537,system_server,-1,DisplayDeviceConfig,requesting nits when no mapping exists.]
12-24 11:02:29.541 I/am_wtf ( 1537): [0,1537,system_server,-1,DisplayDeviceConfig,requesting nits when no mapping exists.]
12-24 11:02:29.557 I/am_wtf ( 1537): [0,1537,system_server,-1,DisplayDeviceConfig,requesting nits when no mapping exists.]
12-24 11:02:29.558 I/am_wtf ( 1537): [0,1537,system_server,-1,DisplayDeviceConfig,requesting nits when no mapping exists.]
12-24 11:02:29.574 I/am_wtf ( 1537): [0,1537,system_server,-1,DisplayDeviceConfig,requesting nits when no mapping exists.]
12-24 11:02:29.574 I/am_wtf ( 1537): [0,1537,system_server,-1,DisplayDeviceConfig,requesting nits when no mapping exists.]
12-24 11:02:29.577 I/auditd ( 0): type=1400 audit(0.0:4817): avc: denied { kill } for comm="swapper/0" capability=5 scontext=u:r:kernel:s0 tcontext=u:r:kernel:s0 tclass=capability permissive=0
12-24 11:02:29.590 I/am_wtf ( 1537): [0,1537,system_server,-1,DisplayDeviceConfig,requesting nits when no mapping exists.]
12-24 11:02:29.591 I/am_wtf ( 1537): [0,1537,system_server,-1,DisplayDeviceConfig,requesting nits when no mapping exists.]
12-24 11:02:29.607 I/am_wtf ( 1537): [0,1537,system_server,-1,DisplayDeviceConfig,requesting nits when no mapping exists.]
12-24 11:02:29.608 I/am_wtf ( 1537): [0,1537,system_server,-1,DisplayDeviceConfig,requesting nits when no mapping exists.]
12-24 11:02:29.624 I/am_wtf ( 1537): [0,1537,system_server,-1,DisplayDeviceConfig,requesting nits when no mapping exists.]
12-24 11:02:29.624 I/am_wtf ( 1537): [0,1537,system_server,-1,DisplayDeviceConfig,requesting nits when no mapping exists.]
12-24 11:02:29.640 I/am_wtf ( 1537): [0,1537,system_server,-1,DisplayDeviceConfig,requesting nits when no mapping exists.]
12-24 11:02:29.641 I/am_wtf ( 1537): [0,1537,system_server,-1,DisplayDeviceConfig,requesting nits when no mapping exists.]
12-24 11:02:29.657 I/am_wtf ( 1537): [0,1537,system_server,-1,DisplayDeviceConfig,requesting nits when no mapping exists.]
12-24 11:02:29.658 I/am_wtf ( 1537): [0,1537,system_server,-1,DisplayDeviceConfig,requesting nits when no mapping exists.]
12-24 11:02:30.581 I/auditd ( 0): type=1400 audit(0.0:4818): avc: denied { kill } for comm="swapper/0" capability=5 scontext=u:r:kernel:s0 tcontext=u:r:kernel:s0 tclass=capability permissive=0
12-24 11:02:31.577 I/auditd ( 0): type=1400 audit(0.0:4819): avc: denied { kill } for comm="swapper/0" capability=5 scontext=u:r:kernel:s0 tcontext=u:r:kernel:s0 tclass=capability permissive=0
12-24 11:02:32.581 I/auditd ( 0): type=1400 audit(0.0:4820): avc: denied { kill } for comm="swapper/0" capability=5 scontext=u:r:kernel:s0 tcontext=u:r:kernel:s0 tclass=capability permissive=0
12-24 11:02:33.581 I/auditd ( 0): type=1400 audit(0.0:4821): avc: denied { kill } for comm="swapper/0" capability=5 scontext=u:r:kernel:s0 tcontext=u:r:kernel:s0 tclass=capability permissive=0
12-24 11:02:34.581 I/auditd ( 0): type=1400 audit(0.0:4822): avc: denied { kill } for comm="swapper/0" capability=5 scontext=u:r:kernel:s0 tcontext=u:r:kernel:s0 tclass=capability permissive=0
12-24 11:02:35.577 I/auditd ( 0): type=1400 audit(0.0:4823): avc: denied { kill } for comm="swapper/0" capability=5 scontext=u:r:kernel:s0 tcontext=u:r:kernel:s0 tclass=capability permissive=0
12-24 11:02:35.964 I/sysui_multi_action( 1537): [757,222,758,1]
12-24 11:02:35.966 I/am_uid_running( 1537): 10050
12-24 11:02:35.978 I/am_pss ( 1537): [7450,10064,com.thundercomm.gamemode.provider,9712640,5586944,1994752,73863168,0,19,10]
12-24 11:02:35.980 I/am_proc_start( 1537): [0,7521,10050,com.thundercomm.screensaver,service,{com.thundercomm.screensaver/com.thundercomm.saverclock.service.ClockScreensaver}]
12-24 11:02:35.987 I/am_pss ( 1537): [7299,10067,com.android.calendar,9428992,2981888,5101568,57040896,0,19,7]
12-24 11:02:35.997 I/am_pss ( 1537): [7285,10025,com.hryt.hiphishowfsecontrol,19419136,10481664,4944896,90648576,0,19,8]
12-24 11:02:36.005 I/am_proc_bound( 1537): [0,7521,com.thundercomm.screensaver]
12-24 11:02:36.006 I/am_pss ( 1537): [7291,10066,com.android.deskclock,14386176,7553024,5416960,64286720,0,19,6]
12-24 11:02:36.008 I/am_uid_active( 1537): 10050
12-24 11:02:36.011 I/am_pss ( 1537): [7284,10089,com.android.music,9733120,2764800,5270528,55787520,0,19,5]
12-24 11:02:36.018 I/am_pss ( 1537): [7283,1000,com.android.settings,18368512,10125312,5417984,70701056,0,19,6]
12-24 11:02:36.057 I/wm_task_created( 1537): [15,-1]
12-24 11:02:36.060 I/wm_task_moved( 1537): [15,1,6]
12-24 11:02:36.060 I/wm_task_to_front( 1537): [0,15]
12-24 11:02:36.060 I/wm_create_task( 1537): [0,15]
12-24 11:02:36.060 I/wm_create_activity( 1537): [0,2219293,15,com.thundercomm.screensaver/android.service.dreams.DreamActivity,NULL,NULL,NULL,276824064]
12-24 11:02:36.060 I/wm_task_moved( 1537): [15,1,6]
12-24 11:02:36.061 I/wm_on_top_resumed_lost_called( 2496): [67070911,com.android.launcher3.uioverrides.QuickstepLauncher,topStateChangedWhenResumed]
12-24 11:02:36.061 I/wm_pause_activity( 1537): [0,67070911,com.android.launcher3/.uioverrides.QuickstepLauncher,userLeaving=true,pauseBackTasks]
12-24 11:02:36.063 I/wm_on_paused_called( 2496): [67070911,com.android.launcher3.uioverrides.QuickstepLauncher,performPause]
12-24 11:02:36.064 I/wm_add_to_stopping( 1537): [0,67070911,com.android.launcher3/.uioverrides.QuickstepLauncher,makeInvisible]
12-24 11:02:36.064 I/wm_restart_activity( 1537): [0,2219293,15,com.thundercomm.screensaver/android.service.dreams.DreamActivity]
12-24 11:02:36.065 I/wm_set_resumed_activity( 1537): [0,com.thundercomm.screensaver/android.service.dreams.DreamActivity,minimalResumeActivityLocked]
12-24 11:02:36.068 I/sysui_multi_action( 1537): [757,803,799,window_time_0,802,59]
12-24 11:02:36.071 I/wm_on_create_called( 7521): [2219293,android.service.dreams.DreamActivity,performCreate]
12-24 11:02:36.072 I/wm_on_start_called( 7521): [2219293,android.service.dreams.DreamActivity,handleStartActivity]
12-24 11:02:36.072 I/wm_on_resume_called( 7521): [2219293,android.service.dreams.DreamActivity,RESUME_ACTIVITY]
12-24 11:02:36.078 I/wm_on_top_resumed_gained_called( 7521): [2219293,android.service.dreams.DreamActivity,topStateChangedWhenResumed]
12-24 11:02:36.089 I/input_focus( 1537): [Focus leaving 6530592 com.android.launcher3/com.android.launcher3.uioverrides.QuickstepLauncher (server),reason=NO_WINDOW]
12-24 11:02:36.106 I/input_focus( 1537): [Focus request e599aea com.thundercomm.screensaver/android.service.dreams.DreamActivity,reason=UpdateInputWindows]
12-24 11:02:36.129 I/sysui_multi_action( 1537): [319,77,322,77,325,5325,757,761,758,8,759,2,806,com.thundercomm.screensaver,871,android.service.dreams.DreamActivity,904,com.thundercomm.screensaver,905,0,1320,4,1321,2]
12-24 11:02:36.129 I/sysui_multi_action( 1537): [757,1696,758,6,759,3]
12-24 11:02:36.129 I/wm_activity_launch_time( 1537): [0,2219293,com.thundercomm.screensaver/android.service.dreams.DreamActivity,77]
12-24 11:02:36.138 I/am_wtf ( 1537): [0,1537,system_server,-1,DisplayDeviceConfig,requesting nits when no mapping exists.]
12-24 11:02:36.138 I/am_wtf ( 1537): [0,1537,system_server,-1,DisplayDeviceConfig,requesting nits when no mapping exists.]
12-24 11:02:36.155 I/am_wtf ( 1537): [0,1537,system_server,-1,DisplayDeviceConfig,requesting nits when no mapping exists.]
12-24 11:02:36.155 I/am_wtf ( 1537): [0,1537,system_server,-1,DisplayDeviceConfig,requesting nits when no mapping exists.]
12-24 11:02:36.156 I/input_focus( 1537): [Focus entering e599aea com.thundercomm.screensaver/android.service.dreams.DreamActivity (server),reason=Window became focusable. Previous reason: NOT_VISIBLE]
12-24 11:02:36.172 I/am_wtf ( 1537): [0,1537,system_server,-1,DisplayDeviceConfig,requesting nits when no mapping exists.]
12-24 11:02:36.172 I/am_wtf ( 1537): [0,1537,system_server,-1,DisplayDeviceConfig,requesting nits when no mapping exists.]
12-24 11:02:36.189 I/am_wtf ( 1537): [0,1537,system_server,-1,DisplayDeviceConfig,requesting nits when no mapping exists.]
12-24 11:02:36.189 I/am_wtf ( 1537): [0,1537,system_server,-1,DisplayDeviceConfig,requesting nits when no mapping exists.]
12-24 11:02:36.205 I/am_wtf ( 1537): [0,1537,system_server,-1,DisplayDeviceConfig,requesting nits when no mapping exists.]
12-24 11:02:36.205 I/am_wtf ( 1537): [0,1537,system_server,-1,DisplayDeviceConfig,requesting nits when no mapping exists.]
12-24 11:02:36.222 I/am_wtf ( 1537): [0,1537,system_server,-1,DisplayDeviceConfig,requesting nits when no mapping exists.]
12-24 11:02:36.222 I/am_wtf ( 1537): [0,1537,system_server,-1,DisplayDeviceConfig,requesting nits when no mapping exists.]
12-24 11:02:36.239 I/am_wtf ( 1537): [0,1537,system_server,-1,DisplayDeviceConfig,requesting nits when no mapping exists.]
12-24 11:02:36.239 I/am_wtf ( 1537): [0,1537,system_server,-1,DisplayDeviceConfig,requesting nits when no mapping exists.]
12-24 11:02:36.255 I/am_wtf ( 1537): [0,1537,system_server,-1,DisplayDeviceConfig,requesting nits when no mapping exists.]
12-24 11:02:36.255 I/am_wtf ( 1537): [0,1537,system_server,-1,DisplayDeviceConfig,requesting nits when no mapping exists.]
12-24 11:02:36.272 I/am_wtf ( 1537): [0,1537,system_server,-1,DisplayDeviceConfig,requesting nits when no mapping exists.]
12-24 11:02:36.273 I/am_wtf ( 1537): [0,1537,system_server,-1,DisplayDeviceConfig,requesting nits when no mapping exists.]
12-24 11:02:36.289 I/am_wtf ( 1537): [0,1537,system_server,-1,DisplayDeviceConfig,requesting nits when no mapping exists.]
12-24 11:02:36.289 I/am_wtf ( 1537): [0,1537,system_server,-1,DisplayDeviceConfig,requesting nits when no mapping exists.]
12-24 11:02:36.305 I/am_wtf ( 1537): [0,1537,system_server,-1,DisplayDeviceConfig,requesting nits when no mapping exists.]
12-24 11:02:36.306 I/am_wtf ( 1537): [0,1537,system_server,-1,DisplayDeviceConfig,requesting nits when no mapping exists.]
12-24 11:02:36.322 I/am_wtf ( 1537): [0,1537,system_server,-1,DisplayDeviceConfig,requesting nits when no mapping exists.]
12-24 11:02:36.322 I/am_wtf ( 1537): [0,1537,system_server,-1,DisplayDeviceConfig,requesting nits when no mapping exists.]
12-24 11:02:36.339 I/am_wtf ( 1537): [0,1537,system_server,-1,DisplayDeviceConfig,requesting nits when no mapping exists.]
12-24 11:02:36.339 I/am_wtf ( 1537): [0,1537,system_server,-1,DisplayDeviceConfig,requesting nits when no mapping exists.]
12-24 11:02:36.356 I/am_wtf ( 1537): [0,1537,system_server,-1,DisplayDeviceConfig,requesting nits when no mapping exists.]
12-24 11:02:36.356 I/am_wtf ( 1537): [0,1537,system_server,-1,DisplayDeviceConfig,requesting nits when no mapping exists.]
12-24 11:02:36.372 I/am_wtf ( 1537): [0,1537,system_server,-1,DisplayDeviceConfig,requesting nits when no mapping exists.]
12-24 11:02:36.372 I/am_wtf ( 1537): [0,1537,system_server,-1,DisplayDeviceConfig,requesting nits when no mapping exists.]
12-24 11:02:36.389 I/am_wtf ( 1537): [0,1537,system_server,-1,DisplayDeviceConfig,requesting nits when no mapping exists.]
12-24 11:02:36.389 I/am_wtf ( 1537): [0,1537,system_server,-1,DisplayDeviceConfig,requesting nits when no mapping exists.]
12-24 11:02:36.406 I/am_wtf ( 1537): [0,1537,system_server,-1,DisplayDeviceConfig,requesting nits when no mapping exists.]
12-24 11:02:36.406 I/am_wtf ( 1537): [0,1537,system_server,-1,DisplayDeviceConfig,requesting nits when no mapping exists.]
12-24 11:02:36.423 I/wm_stop_activity( 1537): [0,67070911,com.android.launcher3/.uioverrides.QuickstepLauncher]
12-24 11:02:36.424 I/am_wtf ( 1537): [0,1537,system_server,-1,DisplayDeviceConfig,requesting nits when no mapping exists.]
12-24 11:02:36.424 I/am_wtf ( 1537): [0,1537,system_server,-1,DisplayDeviceConfig,requesting nits when no mapping exists.]
12-24 11:02:36.444 I/wm_on_stop_called( 2496): [67070911,com.android.launcher3.uioverrides.QuickstepLauncher,STOP_ACTIVITY_ITEM]
12-24 11:02:36.447 I/am_wtf ( 1537): [0,1537,system_server,-1,DisplayDeviceConfig,requesting nits when no mapping exists.]
12-24 11:02:36.447 I/am_wtf ( 1537): [0,1537,system_server,-1,DisplayDeviceConfig,requesting nits when no mapping exists.]
12-24 11:02:36.456 I/am_wtf ( 1537): [0,1537,system_server,-1,DisplayDeviceConfig,requesting nits when no mapping exists.]
12-24 11:02:36.456 I/am_wtf ( 1537): [0,1537,system_server,-1,DisplayDeviceConfig,requesting nits when no mapping exists.]
12-24 11:02:36.472 I/am_wtf ( 1537): [0,1537,system_server,-1,DisplayDeviceConfig,requesting nits when no mapping exists.]
12-24 11:02:36.473 I/am_wtf ( 1537): [0,1537,system_server,-1,DisplayDeviceConfig,requesting nits when no mapping exists.]
12-24 11:02:36.489 I/am_wtf ( 1537): [0,1537,system_server,-1,DisplayDeviceConfig,requesting nits when no mapping exists.]
12-24 11:02:36.489 I/am_wtf ( 1537): [0,1537,system_server,-1,DisplayDeviceConfig,requesting nits when no mapping exists.]
12-24 11:02:36.506 I/am_wtf ( 1537): [0,1537,system_server,-1,DisplayDeviceConfig,requesting nits when no mapping exists.]
12-24 11:02:36.507 I/am_wtf ( 1537): [0,1537,system_server,-1,DisplayDeviceConfig,requesting nits when no mapping exists.]
12-24 11:02:36.523 I/am_wtf ( 1537): [0,1537,system_server,-1,DisplayDeviceConfig,requesting nits when no mapping exists.]
12-24 11:02:36.523 I/am_wtf ( 1537): [0,1537,system_server,-1,DisplayDeviceConfig,requesting nits when no mapping exists.]
12-24 11:02:36.540 I/am_wtf ( 1537): [0,1537,system_server,-1,DisplayDeviceConfig,requesting nits when no mapping exists.]
12-24 11:02:36.540 I/am_wtf ( 1537): [0,1537,system_server,-1,DisplayDeviceConfig,requesting nits when no mapping exists.]
12-24 11:02:36.557 I/am_wtf ( 1537): [0,1537,system_server,-1,DisplayDeviceConfig,requesting nits when no mapping exists.]
12-24 11:02:36.557 I/am_wtf ( 1537): [0,1537,system_server,-1,DisplayDeviceConfig,requesting nits when no mapping exists.]
12-24 11:02:36.573 I/am_wtf ( 1537): [0,1537,system_server,-1,DisplayDeviceConfig,requesting nits when no mapping exists.]
12-24 11:02:36.574 I/am_wtf ( 1537): [0,1537,system_server,-1,DisplayDeviceConfig,requesting nits when no mapping exists.]
12-24 11:02:36.577 I/auditd ( 0): type=1400 audit(0.0:4824): avc: denied { kill } for comm="swapper/0" capability=5 scontext=u:r:kernel:s0 tcontext=u:r:kernel:s0 tclass=capability permissive=0
12-24 11:02:36.590 I/am_wtf ( 1537): [0,1537,system_server,-1,DisplayDeviceConfig,requesting nits when no mapping exists.]
12-24 11:02:36.590 I/am_wtf ( 1537): [0,1537,system_server,-1,DisplayDeviceConfig,requesting nits when no mapping exists.]
12-24 11:02:36.607 I/am_wtf ( 1537): [0,1537,system_server,-1,DisplayDeviceConfig,requesting nits when no mapping exists.]
12-24 11:02:36.607 I/am_wtf ( 1537): [0,1537,system_server,-1,DisplayDeviceConfig,requesting nits when no mapping exists.]
12-24 11:02:36.623 I/am_wtf ( 1537): [0,1537,system_server,-1,DisplayDeviceConfig,requesting nits when no mapping exists.]
12-24 11:02:36.623 I/am_wtf ( 1537): [0,1537,system_server,-1,DisplayDeviceConfig,requesting nits when no mapping exists.]
12-24 11:02:36.640 I/am_wtf ( 1537): [0,1537,system_server,-1,DisplayDeviceConfig,requesting nits when no mapping exists.]
12-24 11:02:36.640 I/am_wtf ( 1537): [0,1537,system_server,-1,DisplayDeviceConfig,requesting nits when no mapping exists.]
12-24 11:02:36.656 I/am_wtf ( 1537): [0,1537,system_server,-1,DisplayDeviceConfig,requesting nits when no mapping exists.]
12-24 11:02:36.657 I/am_wtf ( 1537): [0,1537,system_server,-1,DisplayDeviceConfig,requesting nits when no mapping exists.]
12-24 11:02:36.673 I/am_wtf ( 1537): [0,1537,system_server,-1,DisplayDeviceConfig,requesting nits when no mapping exists.]
12-24 11:02:36.673 I/am_wtf ( 1537): [0,1537,system_server,-1,DisplayDeviceConfig,requesting nits when no mapping exists.]
12-24 11:02:36.690 I/am_wtf ( 1537): [0,1537,system_server,-1,DisplayDeviceConfig,requesting nits when no mapping exists.]
12-24 11:02:36.690 I/am_wtf ( 1537): [0,1537,system_server,-1,DisplayDeviceConfig,requesting nits when no mapping exists.]
12-24 11:02:36.707 I/am_wtf ( 1537): [0,1537,system_server,-1,DisplayDeviceConfig,requesting nits when no mapping exists.]
12-24 11:02:36.707 I/service_manager_stats( 1537): [100,31,7249]
12-24 11:02:36.707 I/am_wtf ( 1537): [0,1537,system_server,-1,DisplayDeviceConfig,requesting nits when no mapping exists.]
12-24 11:02:36.723 I/am_wtf ( 1537): [0,1537,system_server,-1,DisplayDeviceConfig,requesting nits when no mapping exists.]
12-24 11:02:36.724 I/am_wtf ( 1537): [0,1537,system_server,-1,DisplayDeviceConfig,requesting nits when no mapping exists.]
12-24 11:02:36.740 I/am_wtf ( 1537): [0,1537,system_server,-1,DisplayDeviceConfig,requesting nits when no mapping exists.]
12-24 11:02:36.741 I/am_wtf ( 1537): [0,1537,system_server,-1,DisplayDeviceConfig,requesting nits when no mapping exists.]
12-24 11:02:36.757 I/am_wtf ( 1537): [0,1537,system_server,-1,DisplayDeviceConfig,requesting nits when no mapping exists.]
12-24 11:02:36.757 I/am_wtf ( 1537): [0,1537,system_server,-1,DisplayDeviceConfig,requesting nits when no mapping exists.]
12-24 11:02:36.773 I/am_wtf ( 1537): [0,1537,system_server,-1,DisplayDeviceConfig,requesting nits when no mapping exists.]
12-24 11:02:36.773 I/am_wtf ( 1537): [0,1537,system_server,-1,DisplayDeviceConfig,requesting nits when no mapping exists.]
12-24 11:02:36.790 I/am_wtf ( 1537): [0,1537,system_server,-1,DisplayDeviceConfig,requesting nits when no mapping exists.]
12-24 11:02:36.790 I/am_wtf ( 1537): [0,1537,system_server,-1,DisplayDeviceConfig,requesting nits when no mapping exists.]
12-24 11:02:36.807 I/am_wtf ( 1537): [0,1537,system_server,-1,DisplayDeviceConfig,requesting nits when no mapping exists.]
12-24 11:02:36.807 I/am_wtf ( 1537): [0,1537,system_server,-1,DisplayDeviceConfig,requesting nits when no mapping exists.]
12-24 11:02:37.577 I/auditd ( 0): type=1400 audit(0.0:4825): avc: denied { kill } for comm="swapper/0" capability=5 scontext=u:r:kernel:s0 tcontext=u:r:kernel:s0 tclass=capability permissive=0
12-24 11:02:38.577 I/auditd ( 0): type=1400 audit(0.0:4826): avc: denied { kill } for comm="swapper/0" capability=5 scontext=u:r:kernel:s0 tcontext=u:r:kernel:s0 tclass=capability permissive=0
12-24 11:02:39.581 I/auditd ( 0): type=1400 audit(0.0:4827): avc: denied { kill } for comm="swapper/0" capability=5 scontext=u:r:kernel:s0 tcontext=u:r:kernel:s0 tclass=capability permissive=0
12-24 11:02:40.581 I/auditd ( 0): type=1400 audit(0.0:4828): avc: denied { kill } for comm="swapper/0" capability=5 scontext=u:r:kernel:s0 tcontext=u:r:kernel:s0 tclass=capability permissive=0
12-24 11:02:41.581 I/auditd ( 0): type=1400 audit(0.0:4829): avc: denied { kill } for comm="swapper/0" capability=5 scontext=u:r:kernel:s0 tcontext=u:r:kernel:s0 tclass=capability permissive=0
12-24 11:02:42.581 I/auditd ( 0): type=1400 audit(0.0:4830): avc: denied { kill } for comm="swapper/0" capability=5 scontext=u:r:kernel:s0 tcontext=u:r:kernel:s0 tclass=capability permissive=0
12-24 11:02:43.581 I/auditd ( 0): type=1400 audit(0.0:4831): avc: denied { kill } for comm="swapper/0" capability=5 scontext=u:r:kernel:s0 tcontext=u:r:kernel:s0 tclass=capability permissive=0
12-24 11:02:44.581 I/auditd ( 0): type=1400 audit(0.0:4832): avc: denied { kill } for comm="swapper/0" capability=5 scontext=u:r:kernel:s0 tcontext=u:r:kernel:s0 tclass=capability permissive=0
12-24 11:02:45.577 I/auditd ( 0): type=1400 audit(0.0:4833): avc: denied { kill } for comm="swapper/0" capability=5 scontext=u:r:kernel:s0 tcontext=u:r:kernel:s0 tclass=capability permissive=0
12-24 11:02:46.577 I/auditd ( 0): type=1400 audit(0.0:4834): avc: denied { kill } for comm="swapper/0" capability=5 scontext=u:r:kernel:s0 tcontext=u:r:kernel:s0 tclass=capability permissive=0
12-24 11:02:47.577 I/auditd ( 0): type=1400 audit(0.0:4835): avc: denied { kill } for comm="swapper/0" capability=5 scontext=u:r:kernel:s0 tcontext=u:r:kernel:s0 tclass=capability permissive=0
12-24 11:02:48.581 I/auditd ( 0): type=1400 audit(0.0:4836): avc: denied { kill } for comm="swapper/0" capability=5 scontext=u:r:kernel:s0 tcontext=u:r:kernel:s0 tclass=capability permissive=0
12-24 11:02:49.581 I/auditd ( 0): type=1400 audit(0.0:4837): avc: denied { kill } for comm="swapper/0" capability=5 scontext=u:r:kernel:s0 tcontext=u:r:kernel:s0 tclass=capability permissive=0
12-24 11:02:50.581 I/auditd ( 0): type=1400 audit(0.0:4838): avc: denied { kill } for comm="swapper/0" capability=5 scontext=u:r:kernel:s0 tcontext=u:r:kernel:s0 tclass=capability permissive=0
12-24 11:02:51.577 I/auditd ( 0): type=1400 audit(0.0:4839): avc: denied { kill } for comm="swapper/0" capability=5 scontext=u:r:kernel:s0 tcontext=u:r:kernel:s0 tclass=capability permissive=0
12-24 11:02:52.581 I/auditd ( 0): type=1400 audit(0.0:4840): avc: denied { kill } for comm="swapper/0" capability=5 scontext=u:r:kernel:s0 tcontext=u:r:kernel:s0 tclass=capability permissive=0
12-24 11:02:53.577 I/auditd ( 0): type=1400 audit(0.0:4841): avc: denied { kill } for comm="swapper/0" capability=5 scontext=u:r:kernel:s0 tcontext=u:r:kernel:s0 tclass=capability permissive=0
12-24 11:02:54.581 I/auditd ( 0): type=1400 audit(0.0:4842): avc: denied { kill } for comm="swapper/0" capability=5 scontext=u:r:kernel:s0 tcontext=u:r:kernel:s0 tclass=capability permissive=0
12-24 11:02:55.581 I/auditd ( 0): type=1400 audit(0.0:4843): avc: denied { kill } for comm="swapper/0" capability=5 scontext=u:r:kernel:s0 tcontext=u:r:kernel:s0 tclass=capability permissive=0
12-24 11:02:56.581 I/auditd ( 0): type=1400 audit(0.0:4844): avc: denied { kill } for comm="swapper/0" capability=5 scontext=u:r:kernel:s0 tcontext=u:r:kernel:s0 tclass=capability permissive=0
12-24 11:02:57.577 I/auditd ( 0): type=1400 audit(0.0:4845): avc: denied { kill } for comm="swapper/0" capability=5 scontext=u:r:kernel:s0 tcontext=u:r:kernel:s0 tclass=capability permissive=0
12-24 11:02:58.577 I/auditd ( 0): type=1400 audit(0.0:4846): avc: denied { kill } for comm="swapper/0" capability=5 scontext=u:r:kernel:s0 tcontext=u:r:kernel:s0 tclass=capability permissive=0
12-24 11:02:59.577 I/auditd ( 0): type=1400 audit(0.0:4847): avc: denied { kill } for comm="swapper/0" capability=5 scontext=u:r:kernel:s0 tcontext=u:r:kernel:s0 tclass=capability permissive=0
12-24 11:03:00.577 I/auditd ( 0): type=1400 audit(0.0:4848): avc: denied { kill } for comm="swapper/0" capability=5 scontext=u:r:kernel:s0 tcontext=u:r:kernel:s0 tclass=capability permissive=0
12-24 11:03:01.577 I/auditd ( 0): type=1400 audit(0.0:4849): avc: denied { kill } for comm="swapper/0" capability=5 scontext=u:r:kernel:s0 tcontext=u:r:kernel:s0 tclass=capability permissive=0
12-24 11:03:02.577 I/auditd ( 0): type=1400 audit(0.0:4850): avc: denied { kill } for comm="swapper/0" capability=5 scontext=u:r:kernel:s0 tcontext=u:r:kernel:s0 tclass=capability permissive=0
12-24 11:03:03.577 I/auditd ( 0): type=1400 audit(0.0:4851): avc: denied { kill } for comm="swapper/0" capability=5 scontext=u:r:kernel:s0 tcontext=u:r:kernel:s0 tclass=capability permissive=0
12-24 11:03:04.577 I/auditd ( 0): type=1400 audit(0.0:4852): avc: denied { kill } for comm="swapper/0" capability=5 scontext=u:r:kernel:s0 tcontext=u:r:kernel:s0 tclass=capability permissive=0
12-24 11:03:05.581 I/auditd ( 0): type=1400 audit(0.0:4853): avc: denied { kill } for comm="swapper/0" capability=5 scontext=u:r:kernel:s0 tcontext=u:r:kernel:s0 tclass=capability permissive=0
12-24 11:03:06.581 I/auditd ( 0): type=1400 audit(0.0:4854): avc: denied { kill } for comm="swapper/0" capability=5 scontext=u:r:kernel:s0 tcontext=u:r:kernel:s0 tclass=capability permissive=0
12-24 11:03:07.577 I/auditd ( 0): type=1400 audit(0.0:4855): avc: denied { kill } for comm="swapper/0" capability=5 scontext=u:r:kernel:s0 tcontext=u:r:kernel:s0 tclass=capability permissive=0
12-24 11:03:08.581 I/auditd ( 0): type=1400 audit(0.0:4856): avc: denied { kill } for comm="swapper/0" capability=5 scontext=u:r:kernel:s0 tcontext=u:r:kernel:s0 tclass=capability permissive=0
12-24 11:03:09.581 I/auditd ( 0): type=1400 audit(0.0:4857): avc: denied { kill } for comm="swapper/0" capability=5 scontext=u:r:kernel:s0 tcontext=u:r:kernel:s0 tclass=capability permissive=0
12-24 11:03:10.299 I/netstats_mobile_sample( 1537): [0,0,0,0,0,0,0,0,0,0,0,0,1671876190299]
12-24 11:03:10.300 I/netstats_wifi_sample( 1537): [39508524,68308,38657153,93629,39508524,68308,38657153,93629,64470082,89072,20993479,57957,1671876190299]
12-24 11:03:10.581 I/auditd ( 0): type=1400 audit(0.0:4858): avc: denied { kill } for comm="swapper/0" capability=5 scontext=u:r:kernel:s0 tcontext=u:r:kernel:s0 tclass=capability permissive=0
12-24 11:03:11.581 I/auditd ( 0): type=1400 audit(0.0:4859): avc: denied { kill } for comm="swapper/0" capability=5 scontext=u:r:kernel:s0 tcontext=u:r:kernel:s0 tclass=capability permissive=0
12-24 11:03:12.581 I/auditd ( 0): type=1400 audit(0.0:4860): avc: denied { kill } for comm="swapper/0" capability=5 scontext=u:r:kernel:s0 tcontext=u:r:kernel:s0 tclass=capability permissive=0
12-24 11:03:13.577 I/auditd ( 0): type=1400 audit(0.0:4861): avc: denied { kill } for comm="swapper/0" capability=5 scontext=u:r:kernel:s0 tcontext=u:r:kernel:s0 tclass=capability permissive=0
12-24 11:03:14.581 I/auditd ( 0): type=1400 audit(0.0:4862): avc: denied { kill } for comm="swapper/0" capability=5 scontext=u:r:kernel:s0 tcontext=u:r:kernel:s0 tclass=capability permissive=0
12-24 11:03:15.581 I/auditd ( 0): type=1400 audit(0.0:4863): avc: denied { kill } for comm="swapper/0" capability=5 scontext=u:r:kernel:s0 tcontext=u:r:kernel:s0 tclass=capability permissive=0
12-24 11:03:16.581 I/auditd ( 0): type=1400 audit(0.0:4864): avc: denied { kill } for comm="swapper/0" capability=5 scontext=u:r:kernel:s0 tcontext=u:r:kernel:s0 tclass=capability permissive=0
12-24 11:03:17.581 I/auditd ( 0): type=1400 audit(0.0:4865): avc: denied { kill } for comm="swapper/0" capability=5 scontext=u:r:kernel:s0 tcontext=u:r:kernel:s0 tclass=capability permissive=0
12-24 11:03:18.581 I/auditd ( 0): type=1400 audit(0.0:4866): avc: denied { kill } for comm="swapper/0" capability=5 scontext=u:r:kernel:s0 tcontext=u:r:kernel:s0 tclass=capability permissive=0
12-24 11:03:19.577 I/auditd ( 0): type=1400 audit(0.0:4867): avc: denied { kill } for comm="swapper/0" capability=5 scontext=u:r:kernel:s0 tcontext=u:r:kernel:s0 tclass=capability permissive=0
12-24 11:03:20.581 I/auditd ( 0): type=1400 audit(0.0:4868): avc: denied { kill } for comm="swapper/0" capability=5 scontext=u:r:kernel:s0 tcontext=u:r:kernel:s0 tclass=capability permissive=0
12-24 11:03:21.581 I/auditd ( 0): type=1400 audit(0.0:4869): avc: denied { kill } for comm="swapper/0" capability=5 scontext=u:r:kernel:s0 tcontext=u:r:kernel:s0 tclass=capability permissive=0
12-24 11:03:22.581 I/auditd ( 0): type=1400 audit(0.0:4870): avc: denied { kill } for comm="swapper/0" capability=5 scontext=u:r:kernel:s0 tcontext=u:r:kernel:s0 tclass=capability permissive=0
12-24 11:03:23.581 I/auditd ( 0): type=1400 audit(0.0:4871): avc: denied { kill } for comm="swapper/0" capability=5 scontext=u:r:kernel:s0 tcontext=u:r:kernel:s0 tclass=capability permissive=0
12-24 11:03:24.581 I/auditd ( 0): type=1400 audit(0.0:4872): avc: denied { kill } for comm="swapper/0" capability=5 scontext=u:r:kernel:s0 tcontext=u:r:kernel:s0 tclass=capability permissive=0
12-24 11:03:25.581 I/auditd ( 0): type=1400 audit(0.0:4873): avc: denied { kill } for comm="swapper/0" capability=5 scontext=u:r:kernel:s0 tcontext=u:r:kernel:s0 tclass=capability permissive=0
12-24 11:03:26.581 I/auditd ( 0): type=1400 audit(0.0:4874): avc: denied { kill } for comm="swapper/0" capability=5 scontext=u:r:kernel:s0 tcontext=u:r:kernel:s0 tclass=capability permissive=0
12-24 11:03:27.581 I/auditd ( 0): type=1400 audit(0.0:4875): avc: denied { kill } for comm="swapper/0" capability=5 scontext=u:r:kernel:s0 tcontext=u:r:kernel:s0 tclass=capability permissive=0
12-24 11:03:28.581 I/auditd ( 0): type=1400 audit(0.0:4876): avc: denied { kill } for comm="swapper/0" capability=5 scontext=u:r:kernel:s0 tcontext=u:r:kernel:s0 tclass=capability permissive=0
12-24 11:03:29.581 I/auditd ( 0): type=1400 audit(0.0:4877): avc: denied { kill } for comm="swapper/0" capability=5 scontext=u:r:kernel:s0 tcontext=u:r:kernel:s0 tclass=capability permissive=0
12-24 11:03:30.581 I/auditd ( 0): type=1400 audit(0.0:4878): avc: denied { kill } for comm="swapper/0" capability=5 scontext=u:r:kernel:s0 tcontext=u:r:kernel:s0 tclass=capability permissive=0
12-24 11:03:31.577 I/auditd ( 0): type=1400 audit(0.0:4879): avc: denied { kill } for comm="swapper/0" capability=5 scontext=u:r:kernel:s0 tcontext=u:r:kernel:s0 tclass=capability permissive=0
