12-24 10:23:28.577 I/auditd ( 0): type=1400 audit(0.0:2874): avc: denied { kill } for comm="swapper/0" capability=5 scontext=u:r:kernel:s0 tcontext=u:r:kernel:s0 tclass=capability permissive=0
12-24 10:23:29.577 I/auditd ( 0): type=1400 audit(0.0:2875): avc: denied { kill } for comm="swapper/0" capability=5 scontext=u:r:kernel:s0 tcontext=u:r:kernel:s0 tclass=capability permissive=0
12-24 10:23:30.577 I/auditd ( 0): type=1400 audit(0.0:2876): avc: denied { kill } for comm="swapper/0" capability=5 scontext=u:r:kernel:s0 tcontext=u:r:kernel:s0 tclass=capability permissive=0
12-24 10:23:31.577 I/auditd ( 0): type=1400 audit(0.0:2877): avc: denied { kill } for comm="swapper/0" capability=5 scontext=u:r:kernel:s0 tcontext=u:r:kernel:s0 tclass=capability permissive=0
12-24 10:23:32.577 I/auditd ( 0): type=1400 audit(0.0:2878): avc: denied { kill } for comm="swapper/0" capability=5 scontext=u:r:kernel:s0 tcontext=u:r:kernel:s0 tclass=capability permissive=0
12-24 10:23:33.577 I/auditd ( 0): type=1400 audit(0.0:2879): avc: denied { kill } for comm="swapper/0" capability=5 scontext=u:r:kernel:s0 tcontext=u:r:kernel:s0 tclass=capability permissive=0
12-24 10:23:34.577 I/auditd ( 0): type=1400 audit(0.0:2880): avc: denied { kill } for comm="swapper/0" capability=5 scontext=u:r:kernel:s0 tcontext=u:r:kernel:s0 tclass=capability permissive=0
12-24 10:23:35.577 I/auditd ( 0): type=1400 audit(0.0:2881): avc: denied { kill } for comm="swapper/0" capability=5 scontext=u:r:kernel:s0 tcontext=u:r:kernel:s0 tclass=capability permissive=0
12-24 10:23:36.577 I/auditd ( 0): type=1400 audit(0.0:2882): avc: denied { kill } for comm="swapper/0" capability=5 scontext=u:r:kernel:s0 tcontext=u:r:kernel:s0 tclass=capability permissive=0
12-24 10:23:37.577 I/auditd ( 0): type=1400 audit(0.0:2883): avc: denied { kill } for comm="swapper/0" capability=5 scontext=u:r:kernel:s0 tcontext=u:r:kernel:s0 tclass=capability permissive=0
12-24 10:23:38.582 I/wm_task_moved( 1537): [1,0,0]
12-24 10:23:38.582 I/wm_task_moved( 1537): [1,0,5]
12-24 10:23:38.599 I/view_enqueue_input_event( 4126): [Motion - Cancel,com.miHoYo.Yuanshen/com.miHoYo.GetMobileInfo.MainActivity]
12-24 10:23:38.602 I/input_focus( 1537): [Focus request recents_animation_input_consumer,reason=UpdateInputWindows]
12-24 10:23:38.606 I/am_pss ( 1537): [3001,10036,com.baidu.input,111466496,88870912,0,245260288,0,7,11]
12-24 10:23:38.607 I/wm_on_restart_called( 2496): [67070911,com.android.launcher3.uioverrides.QuickstepLauncher,performRestartActivity]
12-24 10:23:38.612 I/am_uid_running( 1537): 10064
12-24 10:23:38.612 I/am_pss ( 1537): [2421,10095,android.ext.services,10223616,5390336,0,105156608,0,5,6]
12-24 10:23:38.613 I/input_interaction( 1537): Interaction with: edge-swipe (server), swipe-up (server), PointerEventDispatcher0 (server),
12-24 10:23:38.619 I/am_pss ( 1537): [2842,10094,com.android.providers.media.module,18920448,14503936,0,119361536,0,0,6]
12-24 10:23:38.620 I/am_proc_start( 1537): [0,4885,10064,com.thundercomm.gamemode.provider,content provider,{com.thundercomm.gamemode.provider/com.thundercomm.gamemode.provider.SettingsProvider}]
12-24 10:23:38.621 I/input_focus( 1537): [Focus leaving 5265e32 com.miHoYo.Yuanshen/com.miHoYo.GetMobileInfo.MainActivity (server),reason=NOT_FOCUSABLE]
12-24 10:23:38.621 I/input_focus( 1537): [Focus entering recents_animation_input_consumer (server),reason=setFocusedWindow]
12-24 10:23:38.627 I/am_pss ( 1537): [2925,10071,com.qualcomm.location.XT,6947840,4411392,0,93290496,0,6,6]
12-24 10:23:38.633 I/am_pss ( 1537): [2832,10073,com.qualcomm.location,10740736,7725056,0,101154816,0,0,5]
12-24 10:23:38.640 I/am_pss ( 1537): [2171,1073,com.android.networkstack.process,16689152,13492224,0,109473792,0,0,6]
12-24 10:23:38.641 I/am_proc_bound( 1537): [0,4885,com.thundercomm.gamemode.provider]
12-24 10:23:38.647 I/wm_on_start_called( 2496): [67070911,com.android.launcher3.uioverrides.QuickstepLauncher,handleStartActivity]
12-24 10:23:38.647 I/am_pss ( 1537): [2130,1001,.dataservices,9169920,6701056,0,95240192,0,0,6]
12-24 10:23:38.658 I/sysui_latency( 2496): [1,97]
12-24 10:23:38.666 I/am_pss ( 1537): [2001,10081,com.android.systemui,217784320,199643136,0,372957184,0,0,13]
12-24 10:23:38.689 I/am_pss ( 1537): [1537,1000,system,250835968,149082112,0,582094848,0,0,18]
12-24 10:23:38.696 I/am_pss ( 1537): [2415,1000,com.thundercomm.gamemode,19366912,14249984,0,121942016,0,10,6]
12-24 10:23:38.700 I/commit_sys_config_file( 1537): [procstats,15]
12-24 10:23:38.701 I/sysui_multi_action( 1537): [319,10,322,86,325,2987,757,761,758,9,759,5,806,com.android.launcher3,871,com.android.launcher3.uioverrides.QuickstepLauncher,905,0,1320,8,1321,5]
12-24 10:23:38.704 I/am_uid_active( 1537): 10064
12-24 10:23:38.851 I/commit_sys_config_file( 1537): [settings-1-0,4]
12-24 10:23:38.969 I/sysui_latency( 1537): [8,104]
12-24 10:23:39.299 I/wm_task_moved( 1537): [1,1,6]
12-24 10:23:39.300 I/wm_task_moved( 1537): [8,1,2147483647]
12-24 10:23:39.300 I/wm_task_to_front( 1537): [0,8]
12-24 10:23:39.300 I/wm_focused_root_task( 1537): [0,0,1,10,RecentsAnimation.onAnimationFinished()]
12-24 10:23:39.300 I/wm_on_top_resumed_lost_called( 4126): [131693475,com.miHoYo.GetMobileInfo.MainActivity,topStateChangedWhenResumed]
12-24 10:23:39.300 I/wm_set_resumed_activity( 1537): [0,com.android.launcher3/.uioverrides.QuickstepLauncher,RecentsAnimation.onAnimationFinished()]
12-24 10:23:39.302 I/wm_pause_activity( 1537): [0,131693475,com.miHoYo.Yuanshen/com.miHoYo.GetMobileInfo.MainActivity,userLeaving=true,pauseBackTasks]
12-24 10:23:39.305 I/wm_add_to_stopping( 1537): [0,131693475,com.miHoYo.Yuanshen/com.miHoYo.GetMobileInfo.MainActivity,makeInvisible]
12-24 10:23:39.310 I/wm_set_resumed_activity( 1537): [0,com.android.launcher3/.uioverrides.QuickstepLauncher,resumeTopActivityInnerLocked]
12-24 10:23:39.312 I/wm_resume_activity( 1537): [0,67070911,8,com.android.launcher3/.uioverrides.QuickstepLauncher]
12-24 10:23:39.313 I/wm_on_resume_called( 2496): [67070911,com.android.launcher3.uioverrides.QuickstepLauncher,RESUME_ACTIVITY]
12-24 10:23:39.321 I/input_focus( 1537): [Focus request 6530592 com.android.launcher3/com.android.launcher3.uioverrides.QuickstepLauncher,reason=UpdateInputWindows]
12-24 10:23:39.325 I/wm_on_top_resumed_gained_called( 2496): [67070911,com.android.launcher3.uioverrides.QuickstepLauncher,topStateChangedWhenResumed]
12-24 10:23:39.327 I/wm_stop_activity( 1537): [0,131693475,com.miHoYo.Yuanshen/com.miHoYo.GetMobileInfo.MainActivity]
12-24 10:23:39.328 I/sysui_multi_action( 1537): [757,803,799,window_time_0,802,2669]
12-24 10:23:39.332 I/am_uid_running( 1537): 10089
12-24 10:23:39.338 I/am_uid_running( 1537): 10025
12-24 10:23:39.340 I/input_focus( 1537): [Focus leaving recents_animation_input_consumer (server),reason=NOT_VISIBLE]
12-24 10:23:39.340 I/input_focus( 1537): [Focus entering 6530592 com.android.launcher3/com.android.launcher3.uioverrides.QuickstepLauncher (server),reason=setFocusedWindow]
12-24 10:23:39.340 I/am_proc_start( 1537): [0,4917,1000,com.android.settings,NULL,]
12-24 10:23:39.343 I/am_uid_running( 1537): 10066
12-24 10:23:39.343 I/am_uid_running( 1537): 10067
12-24 10:23:39.346 I/am_proc_start( 1537): [0,4919,10089,com.android.music,NULL,]
12-24 10:23:39.347 I/sysui_multi_action( 1537): [757,803,799,window_time_0,802,0]
12-24 10:23:39.355 I/am_proc_start( 1537): [0,4927,10025,com.hryt.hiphishowfsecontrol,NULL,]
12-24 10:23:39.363 I/am_proc_start( 1537): [0,4936,10066,com.android.deskclock,NULL,]
12-24 10:23:39.363 I/am_proc_bound( 1537): [0,4917,com.android.settings]
12-24 10:23:39.372 I/am_proc_start( 1537): [0,4937,10067,com.android.calendar,NULL,]
12-24 10:23:39.376 I/wm_on_paused_called( 4126): [131693475,com.miHoYo.GetMobileInfo.MainActivity,performPause]
12-24 10:23:39.376 I/am_pss ( 1537): [3602,2000,com.android.shell,6408192,4108288,0,92041216,0,19,6]
12-24 10:23:39.383 I/am_pss ( 1537): [3499,10027,com.android.packageinstaller,7345152,4960256,0,91058176,0,19,6]
12-24 10:23:39.384 I/am_proc_bound( 1537): [0,4919,com.android.music]
12-24 10:23:39.385 I/wm_on_stop_called( 4126): [131693475,com.miHoYo.GetMobileInfo.MainActivity,STOP_ACTIVITY_ITEM]
12-24 10:23:39.391 I/am_pss ( 1537): [3327,10035,com.android.managedprovisioning,8767488,6111232,0,94261248,0,19,5]
12-24 10:23:39.394 I/am_proc_bound( 1537): [0,4937,com.android.calendar]
12-24 10:23:39.396 I/am_proc_bound( 1537): [0,4936,com.android.deskclock]
12-24 10:23:39.397 I/am_pss ( 1537): [3126,1000,com.qti.diagservices,6389760,3862528,0,95150080,0,10,5]
12-24 10:23:39.400 I/am_proc_bound( 1537): [0,4927,com.hryt.hiphishowfsecontrol]
12-24 10:23:39.403 I/am_pss ( 1537): [2812,10088,com.qualcomm.qti.workloadclassifier,9266176,6922240,0,97214464,0,0,5]
12-24 10:23:39.408 I/am_pss ( 1537): [2766,10087,com.qualcomm.qti.qccnetstat,6468608,4337664,0,91508736,0,0,4]
12-24 10:23:39.414 I/am_pss ( 1537): [2716,10055,.pasr,5680128,3665920,0,89276416,0,0,4]
12-24 10:23:39.422 I/am_pss ( 1537): [2747,10074,com.qualcomm.qti.services.systemhelper:systemhelper_service,6708224,4505600,0,93913088,0,0,5]
12-24 10:23:39.431 I/am_pss ( 1537): [2699,10084,com.hht.lebocast,87122944,41279488,0,208814080,0,0,8]
12-24 10:23:39.436 I/am_pss ( 1537): [2711,10059,ts.car.uart,6492160,4481024,0,90472448,0,0,5]
12-24 10:23:39.443 I/am_pss ( 1537): [2370,1000,com.qualcomm.qti.qdma,9976832,6471680,0,105373696,0,0,6]
12-24 10:23:39.449 I/am_pss ( 1537): [3099,10065,com.qualcomm.qti.devicestatisticsservice,5695488,3670016,0,89186304,0,0,5]
12-24 10:23:39.457 I/am_pss ( 1537): [2311,1000,com.thundercomm.tcservice,8368128,5873664,0,96215040,0,0,6]
12-24 10:23:39.463 I/am_pss ( 1537): [2275,1000,com.thundercomm.remotecontrolservice,15012864,12062720,0,107421696,0,0,6]
12-24 10:23:39.469 I/am_pss ( 1537): [2251,10082,com.qti.qualcomm.mstatssystemservice,5739520,3727360,0,89772032,0,0,5]
12-24 10:23:39.475 I/am_pss ( 1537): [2256,1068,com.android.se,6086656,3997696,0,91459584,0,0,5]
12-24 10:23:39.480 I/am_pss ( 1537): [2234,1000,vendor.qti.qesdk.sysservice,5855232,3768320,0,91467776,0,0,5]
12-24 10:23:39.481 I/am_wtf ( 1537): [0,4917,com.android.settings,952647173,RoleParser,com.android.permissioncontroller.role.model.AssistantRoleBehavior]
12-24 10:23:39.483 I/am_wtf ( 1537): [0,4917,com.android.settings,952647173,RoleParser,com.android.permissioncontroller.role.model.BrowserRoleBehavior]
12-24 10:23:39.485 I/am_wtf ( 1537): [0,4917,com.android.settings,952647173,RoleParser,com.android.permissioncontroller.role.model.DialerRoleBehavior]
12-24 10:23:39.486 I/am_pss ( 1537): [2165,1000,com.tc.logclient,7798784,5238784,0,98455552,0,0,5]
12-24 10:23:39.487 I/am_wtf ( 1537): [0,4917,com.android.settings,952647173,RoleParser,com.android.permissioncontroller.role.model.SmsRoleBehavior]
12-24 10:23:39.489 I/am_wtf ( 1537): [0,4917,com.android.settings,952647173,RoleParser,com.android.permissioncontroller.role.model.EmergencyRoleBehavior]
12-24 10:23:39.490 I/am_wtf ( 1537): [0,4917,com.android.settings,952647173,RoleParser,com.android.permissioncontroller.role.model.HomeRoleBehavior]
12-24 10:23:39.492 I/am_pss ( 1537): [2183,1000,com.thundercomm.tcsetupwizard,6964224,4857856,0,91394048,0,0,5]
12-24 10:23:39.492 I/am_wtf ( 1537): [0,4917,com.android.settings,952647173,RoleParser,com.android.permissioncontroller.role.model.SystemAutomotiveClusterRoleBehavior]
12-24 10:23:39.494 I/am_wtf ( 1537): [0,4917,com.android.settings,952647173,RoleParser,com.android.permissioncontroller.role.model.CompanionDeviceWatchRoleBehavior]
12-24 10:23:39.495 I/am_wtf ( 1537): [0,4917,com.android.settings,952647173,RoleParser,com.android.permissioncontroller.role.model.SystemShellRoleBehavior]
12-24 10:23:39.497 I/am_wtf ( 1537): [0,4917,com.android.settings,952647173,RoleParser,com.android.permissioncontroller.role.model.TelevisionRoleBehavior]
12-24 10:23:39.497 I/am_pss ( 1537): [2154,1000,com.thundercomm.tchttpserver,8024064,5595136,0,94937088,0,0,5]
12-24 10:23:39.499 I/am_wtf ( 1537): [0,4917,com.android.settings,952647173,RoleParser,com.android.permissioncontroller.role.model.TelevisionRoleBehavior]
12-24 10:23:39.503 I/am_pss ( 1537): [2137,10054,.qtidataservices,6200320,4157440,0,91471872,0,0,5]
12-24 10:23:39.510 I/am_pss ( 1537): [2126,1000,com.thundercomm.microsettings,26156032,16760832,0,131416064,0,0,6]
12-24 10:23:39.517 I/am_pss ( 1537): [2086,1000,com.thundercomm.microservice,8841216,6459392,0,95686656,0,0,6]
12-24 10:23:39.581 I/auditd ( 0): type=1400 audit(0.0:2884): avc: denied { kill } for comm="swapper/0" capability=5 scontext=u:r:kernel:s0 tcontext=u:r:kernel:s0 tclass=capability permissive=0
12-24 10:23:39.723 I/input_interaction( 1537): Interaction with: 6530592 com.android.launcher3/com.android.launcher3.uioverrides.QuickstepLauncher (server), 751ef8e com.android.systemui.ImageWallpaper (server), edge-swipe (server), swipe-up (server), PointerEventDispatcher0 (server),
12-24 10:23:39.851 I/wm_task_moved( 1537): [10,1,6]
12-24 10:23:39.851 I/wm_task_to_front( 1537): [0,10]
12-24 10:23:39.852 I/wm_focused_root_task( 1537): [0,0,10,1,bringingFoundTaskToFront]
12-24 10:23:39.853 I/wm_set_resumed_activity( 1537): [0,com.miHoYo.Yuanshen/com.miHoYo.GetMobileInfo.MainActivity,bringingFoundTaskToFront]
12-24 10:23:39.854 I/wm_new_intent( 1537): [0,131693475,10,com.miHoYo.Yuanshen/com.miHoYo.GetMobileInfo.MainActivity,android.intent.action.MAIN,NULL,NULL,270532608]
12-24 10:23:39.856 I/wm_pause_activity( 1537): [0,67070911,com.android.launcher3/.uioverrides.QuickstepLauncher,userLeaving=true,pauseBackTasks]
12-24 10:23:39.861 I/wm_on_top_resumed_lost_called( 2496): [67070911,com.android.launcher3.uioverrides.QuickstepLauncher,topStateChangedWhenResumed]
12-24 10:23:39.863 I/wm_on_paused_called( 2496): [67070911,com.android.launcher3.uioverrides.QuickstepLauncher,performPause]
12-24 10:23:39.868 I/wm_set_resumed_activity( 1537): [0,com.miHoYo.Yuanshen/com.miHoYo.GetMobileInfo.MainActivity,resumeTopActivityInnerLocked]
12-24 10:23:39.868 I/wm_add_to_stopping( 1537): [0,67070911,com.android.launcher3/.uioverrides.QuickstepLauncher,makeInvisible]
12-24 10:23:39.871 I/wm_resume_activity( 1537): [0,131693475,10,com.miHoYo.Yuanshen/com.miHoYo.GetMobileInfo.MainActivity]
12-24 10:23:39.881 I/sysui_multi_action( 1537): [757,803,799,window_time_0,802,1]
12-24 10:23:39.881 I/wm_on_restart_called( 4126): [131693475,com.miHoYo.GetMobileInfo.MainActivity,performRestartActivity]
12-24 10:23:39.883 I/wm_on_start_called( 4126): [131693475,com.miHoYo.GetMobileInfo.MainActivity,handleStartActivity]
12-24 10:23:39.886 I/wm_on_resume_called( 4126): [131693475,com.miHoYo.GetMobileInfo.MainActivity,RESUME_ACTIVITY]
12-24 10:23:39.886 I/wm_on_top_resumed_gained_called( 4126): [131693475,com.miHoYo.GetMobileInfo.MainActivity,topWhenResuming]
12-24 10:23:39.895 I/input_focus( 1537): [Focus leaving 6530592 com.android.launcher3/com.android.launcher3.uioverrides.QuickstepLauncher (server),reason=NO_WINDOW]
12-24 10:23:39.897 I/input_focus( 1537): [Focus request 5265e32 com.miHoYo.Yuanshen/com.miHoYo.GetMobileInfo.MainActivity,reason=UpdateInputWindows]
12-24 10:23:39.911 I/sysui_multi_action( 1537): [319,36,321,34,322,57,325,2989,757,761,758,9,759,4,806,com.miHoYo.Yuanshen,871,com.miHoYo.GetMobileInfo.MainActivity,904,com.android.launcher3,905,0,1320,8,1321,5]
12-24 10:23:39.924 I/input_focus( 1537): [Focus entering 5265e32 com.miHoYo.Yuanshen/com.miHoYo.GetMobileInfo.MainActivity (server),reason=Window became focusable. Previous reason: NOT_VISIBLE]
12-24 10:23:40.413 I/wm_stop_activity( 1537): [0,67070911,com.android.launcher3/.uioverrides.QuickstepLauncher]
12-24 10:23:40.432 I/wm_on_stop_called( 2496): [67070911,com.android.launcher3.uioverrides.QuickstepLauncher,STOP_ACTIVITY_ITEM]
12-24 10:23:40.577 I/auditd ( 0): type=1400 audit(0.0:2885): avc: denied { kill } for comm="swapper/0" capability=5 scontext=u:r:kernel:s0 tcontext=u:r:kernel:s0 tclass=capability permissive=0
12-24 10:23:41.717 I/input_interaction( 1537): Interaction with: 5265e32 com.miHoYo.Yuanshen/com.miHoYo.GetMobileInfo.MainActivity (server), edge-swipe (server), swipe-up (server), PointerEventDispatcher0 (server),
12-24 10:23:43.577 I/auditd ( 0): type=1400 audit(0.0:2886): avc: denied { kill } for comm="swapper/0" capability=5 scontext=u:r:kernel:s0 tcontext=u:r:kernel:s0 tclass=capability permissive=0
12-24 10:23:44.577 I/auditd ( 0): type=1400 audit(0.0:2887): avc: denied { kill } for comm="swapper/0" capability=5 scontext=u:r:kernel:s0 tcontext=u:r:kernel:s0 tclass=capability permissive=0
12-24 10:23:44.593 I/service_manager_stats( 1537): [100,59,2750781]
12-24 10:23:45.550 I/wm_task_moved( 1537): [1,0,0]
12-24 10:23:45.550 I/wm_task_moved( 1537): [1,0,5]
12-24 10:23:45.578 I/view_enqueue_input_event( 4126): [Motion - Cancel,com.miHoYo.Yuanshen/com.miHoYo.GetMobileInfo.MainActivity]
12-24 10:23:45.578 I/wm_on_restart_called( 2496): [67070911,com.android.launcher3.uioverrides.QuickstepLauncher,performRestartActivity]
12-24 10:23:45.581 I/input_focus( 1537): [Focus request recents_animation_input_consumer,reason=UpdateInputWindows]
12-24 10:23:45.577 I/auditd ( 0): type=1400 audit(0.0:2888): avc: denied { kill } for comm="swapper/0" capability=5 scontext=u:r:kernel:s0 tcontext=u:r:kernel:s0 tclass=capability permissive=0
12-24 10:23:45.587 I/input_interaction( 1537): Interaction with: edge-swipe (server), swipe-up (server), PointerEventDispatcher0 (server),
12-24 10:23:45.590 I/wm_on_start_called( 2496): [67070911,com.android.launcher3.uioverrides.QuickstepLauncher,handleStartActivity]
12-24 10:23:45.598 I/sysui_latency( 2496): [1,63]
12-24 10:23:45.604 I/input_focus( 1537): [Focus leaving 5265e32 com.miHoYo.Yuanshen/com.miHoYo.GetMobileInfo.MainActivity (server),reason=NOT_FOCUSABLE]
12-24 10:23:45.605 I/input_focus( 1537): [Focus entering recents_animation_input_consumer (server),reason=setFocusedWindow]
12-24 10:23:45.615 I/sysui_multi_action( 1537): [319,8,322,56,325,2994,757,761,758,9,759,5,806,com.android.launcher3,871,com.android.launcher3.uioverrides.QuickstepLauncher,905,0,1320,8,1321,5]
12-24 10:23:45.799 I/commit_sys_config_file( 1537): [settings-1-0,9]
12-24 10:23:45.909 I/sysui_latency( 1537): [8,62]
12-24 10:23:46.341 I/wm_task_moved( 1537): [1,1,6]
12-24 10:23:46.342 I/wm_focused_root_task( 1537): [0,0,1,10,RecentsAnimation.onAnimationFinished()]
12-24 10:23:46.344 I/wm_pause_activity( 1537): [0,131693475,com.miHoYo.Yuanshen/com.miHoYo.GetMobileInfo.MainActivity,userLeaving=false,pauseBackTasks]
12-24 10:23:46.344 I/wm_on_top_resumed_lost_called( 4126): [131693475,com.miHoYo.GetMobileInfo.MainActivity,topStateChangedWhenResumed]
12-24 10:23:46.345 I/wm_set_resumed_activity( 1537): [0,com.android.launcher3/.uioverrides.QuickstepLauncher,resumeTopActivityInnerLocked]
12-24 10:23:46.348 I/wm_resume_activity( 1537): [0,67070911,8,com.android.launcher3/.uioverrides.QuickstepLauncher]
12-24 10:23:46.348 I/wm_on_resume_called( 2496): [67070911,com.android.launcher3.uioverrides.QuickstepLauncher,RESUME_ACTIVITY]
12-24 10:23:46.348 I/wm_add_to_stopping( 1537): [0,131693475,com.miHoYo.Yuanshen/com.miHoYo.GetMobileInfo.MainActivity,makeInvisible]
12-24 10:23:46.352 I/input_focus( 1537): [Focus request 6530592 com.android.launcher3/com.android.launcher3.uioverrides.QuickstepLauncher,reason=UpdateInputWindows]
12-24 10:23:46.353 I/sysui_multi_action( 1537): [757,803,799,window_time_0,802,6]
12-24 10:23:46.355 I/wm_stop_activity( 1537): [0,131693475,com.miHoYo.Yuanshen/com.miHoYo.GetMobileInfo.MainActivity]
12-24 10:23:46.356 I/input_focus( 1537): [Focus leaving recents_animation_input_consumer (server),reason=NOT_VISIBLE]
12-24 10:23:46.357 I/sysui_multi_action( 1537): [757,803,799,window_time_0,802,0]
12-24 10:23:46.372 I/input_focus( 1537): [Focus entering 6530592 com.android.launcher3/com.android.launcher3.uioverrides.QuickstepLauncher (server),reason=setFocusedWindow]
12-24 10:23:46.417 I/wm_on_paused_called( 4126): [131693475,com.miHoYo.GetMobileInfo.MainActivity,performPause]
12-24 10:23:46.417 I/wm_on_top_resumed_gained_called( 2496): [67070911,com.android.launcher3.uioverrides.QuickstepLauncher,topStateChangedWhenResumed]
12-24 10:23:46.420 I/wm_on_stop_called( 4126): [131693475,com.miHoYo.GetMobileInfo.MainActivity,STOP_ACTIVITY_ITEM]
12-24 10:23:46.581 I/commit_sys_config_file( 1537): [settings-1-0,5]
12-24 10:23:46.577 I/auditd ( 0): type=1400 audit(0.0:2889): avc: denied { kill } for comm="swapper/0" capability=5 scontext=u:r:kernel:s0 tcontext=u:r:kernel:s0 tclass=capability permissive=0
12-24 10:23:47.004 I/input_interaction( 1537): Interaction with: 6530592 com.android.launcher3/com.android.launcher3.uioverrides.QuickstepLauncher (server), 751ef8e com.android.systemui.ImageWallpaper (server), edge-swipe (server), swipe-up (server), PointerEventDispatcher0 (server),
12-24 10:23:47.577 I/auditd ( 0): type=1400 audit(0.0:2890): avc: denied { kill } for comm="swapper/0" capability=5 scontext=u:r:kernel:s0 tcontext=u:r:kernel:s0 tclass=capability permissive=0
12-24 10:23:47.743 I/wm_finish_activity( 1537): [0,131693475,10,com.miHoYo.Yuanshen/com.miHoYo.GetMobileInfo.MainActivity,remove-task]
12-24 10:23:47.744 I/wm_destroy_activity( 1537): [0,131693475,10,com.miHoYo.Yuanshen/com.miHoYo.GetMobileInfo.MainActivity,finish-imm:finishIfPossible]
12-24 10:23:47.751 I/am_kill ( 1537): [0,4126,com.miHoYo.Yuanshen,905,remove task]
12-24 10:23:47.751 I/sysui_multi_action( 1537): [757,803,799,window_time_0,802,2]
12-24 10:23:47.752 I/am_kill ( 1537): [0,4442,com.miHoYo.Yuanshen:PushService,1001,remove task]
12-24 10:23:47.798 I/am_proc_died( 1537): [0,4442,com.miHoYo.Yuanshen:PushService,1001,10]
12-24 10:23:47.800 I/am_schedule_service_restart( 1537): [0,com.miHoYo.Yuanshen/com.combosdk.module.push.PushService,1000]
12-24 10:23:47.990 I/am_proc_died( 1537): [0,4126,com.miHoYo.Yuanshen,905,19]
12-24 10:23:47.994 I/am_uid_stopped( 1537): 10097
12-24 10:23:47.995 I/wm_task_removed( 1537): [10,removeChild:removeChild last r=ActivityRecord{7d97ba3 u0 com.miHoYo.Yuanshen/com.miHoYo.GetMobileInfo.MainActivity t-1 f}} in t=Task{2777b91 #10 type=standard A=10097:com.miHoYo.Yuanshen U=0 visible=false mode=fullscreen translucent=true sz=0}]
12-24 10:23:47.995 I/wm_task_removed( 1537): [10,removeChild]
12-24 10:23:48.577 I/auditd ( 0): type=1400 audit(0.0:2891): avc: denied { kill } for comm="swapper/0" capability=5 scontext=u:r:kernel:s0 tcontext=u:r:kernel:s0 tclass=capability permissive=0
12-24 10:23:49.442 I/wm_task_created( 1537): [11,-1]
12-24 10:23:49.443 I/wm_task_moved( 1537): [11,1,6]
12-24 10:23:49.443 I/wm_task_to_front( 1537): [0,11]
12-24 10:23:49.443 I/wm_create_task( 1537): [0,11]
12-24 10:23:49.443 I/wm_create_activity( 1537): [0,189855000,11,com.miHoYo.Yuanshen/com.miHoYo.GetMobileInfo.MainActivity,android.intent.action.MAIN,NULL,NULL,270532608]
12-24 10:23:49.443 I/wm_task_moved( 1537): [11,1,6]
12-24 10:23:49.444 I/wm_pause_activity( 1537): [0,67070911,com.android.launcher3/.uioverrides.QuickstepLauncher,userLeaving=true,pauseBackTasks]
12-24 10:23:49.446 I/wm_on_top_resumed_lost_called( 2496): [67070911,com.android.launcher3.uioverrides.QuickstepLauncher,topStateChangedWhenResumed]
12-24 10:23:49.447 I/wm_on_paused_called( 2496): [67070911,com.android.launcher3.uioverrides.QuickstepLauncher,performPause]
12-24 10:23:49.448 I/wm_add_to_stopping( 1537): [0,67070911,com.android.launcher3/.uioverrides.QuickstepLauncher,makeInvisible]
12-24 10:23:49.449 I/am_uid_running( 1537): 10097
12-24 10:23:49.451 I/sysui_multi_action( 1537): [757,803,799,window_time_0,802,1]
12-24 10:23:49.455 I/am_proc_start( 1537): [0,5055,10097,com.miHoYo.Yuanshen,pre-top-activity,{com.miHoYo.Yuanshen/com.miHoYo.GetMobileInfo.MainActivity}]
12-24 10:23:49.463 I/input_focus( 1537): [Focus leaving 6530592 com.android.launcher3/com.android.launcher3.uioverrides.QuickstepLauncher (server),reason=NO_WINDOW]
12-24 10:23:49.464 I/am_proc_bound( 1537): [0,5055,com.miHoYo.Yuanshen]
12-24 10:23:49.466 I/wm_restart_activity( 1537): [0,189855000,11,com.miHoYo.Yuanshen/com.miHoYo.GetMobileInfo.MainActivity]
12-24 10:23:49.466 I/wm_set_resumed_activity( 1537): [0,com.miHoYo.Yuanshen/com.miHoYo.GetMobileInfo.MainActivity,minimalResumeActivityLocked]
12-24 10:23:49.467 I/am_uid_active( 1537): 10097
12-24 10:23:49.540 I/wm_on_create_called( 5055): [189855000,com.miHoYo.GetMobileInfo.MainActivity,performCreate]
12-24 10:23:49.541 I/wm_on_start_called( 5055): [189855000,com.miHoYo.GetMobileInfo.MainActivity,handleStartActivity]
12-24 10:23:49.541 I/wm_on_resume_called( 5055): [189855000,com.miHoYo.GetMobileInfo.MainActivity,RESUME_ACTIVITY]
12-24 10:23:49.544 I/wm_on_top_resumed_gained_called( 5055): [189855000,com.miHoYo.GetMobileInfo.MainActivity,topStateChangedWhenResumed]
12-24 10:23:49.547 I/input_focus( 1537): [Focus request 2b0ad19 com.miHoYo.Yuanshen/com.miHoYo.GetMobileInfo.MainActivity,reason=UpdateInputWindows]
12-24 10:23:49.560 I/sysui_multi_action( 1537): [319,36,321,34,322,123,325,2998,757,761,758,7,759,1,806,com.miHoYo.Yuanshen,871,com.miHoYo.GetMobileInfo.MainActivity,904,com.android.launcher3,905,0,945,29,1320,8,1321,5]
12-24 10:23:49.561 I/wm_activity_launch_time( 1537): [0,189855000,com.miHoYo.Yuanshen/com.miHoYo.GetMobileInfo.MainActivity,123]
12-24 10:23:49.564 I/input_focus( 1537): [Focus entering 2b0ad19 com.miHoYo.Yuanshen/com.miHoYo.GetMobileInfo.MainActivity (server),reason=setFocusedWindow]
12-24 10:23:49.998 I/wm_stop_activity( 1537): [0,67070911,com.android.launcher3/.uioverrides.QuickstepLauncher]
12-24 10:23:50.016 I/wm_on_stop_called( 2496): [67070911,com.android.launcher3.uioverrides.QuickstepLauncher,STOP_ACTIVITY_ITEM]
12-24 10:23:51.577 I/auditd ( 0): type=1400 audit(0.0:2892): avc: denied { kill } for comm="swapper/6" capability=5 scontext=u:r:kernel:s0 tcontext=u:r:kernel:s0 tclass=capability permissive=0
12-24 10:23:52.577 I/auditd ( 0): type=1400 audit(0.0:2893): avc: denied { kill } for comm="swapper/6" capability=5 scontext=u:r:kernel:s0 tcontext=u:r:kernel:s0 tclass=capability permissive=0
12-24 10:23:53.577 I/auditd ( 0): type=1400 audit(0.0:2894): avc: denied { kill } for comm="swapper/6" capability=5 scontext=u:r:kernel:s0 tcontext=u:r:kernel:s0 tclass=capability permissive=0
12-24 10:23:54.577 I/auditd ( 0): type=1400 audit(0.0:2895): avc: denied { kill } for comm="swapper/6" capability=5 scontext=u:r:kernel:s0 tcontext=u:r:kernel:s0 tclass=capability permissive=0
12-24 10:23:55.577 I/auditd ( 0): type=1400 audit(0.0:2896): avc: denied { kill } for comm="swapper/0" capability=5 scontext=u:r:kernel:s0 tcontext=u:r:kernel:s0 tclass=capability permissive=0
12-24 10:23:58.577 I/auditd ( 0): type=1400 audit(0.0:2897): avc: denied { kill } for comm="swapper/2" capability=5 scontext=u:r:kernel:s0 tcontext=u:r:kernel:s0 tclass=capability permissive=0
12-24 10:23:59.577 I/auditd ( 0): type=1400 audit(0.0:2898): avc: denied { kill } for comm="swapper/2" capability=5 scontext=u:r:kernel:s0 tcontext=u:r:kernel:s0 tclass=capability permissive=0
12-24 10:24:00.577 I/auditd ( 0): type=1400 audit(0.0:2899): avc: denied { kill } for comm="swapper/2" capability=5 scontext=u:r:kernel:s0 tcontext=u:r:kernel:s0 tclass=capability permissive=0
12-24 10:24:01.577 I/auditd ( 0): type=1400 audit(0.0:2900): avc: denied { kill } for comm="swapper/2" capability=5 scontext=u:r:kernel:s0 tcontext=u:r:kernel:s0 tclass=capability permissive=0
12-24 10:24:02.577 I/auditd ( 0): type=1400 audit(0.0:2901): avc: denied { kill } for comm="swapper/2" capability=5 scontext=u:r:kernel:s0 tcontext=u:r:kernel:s0 tclass=capability permissive=0
12-24 10:24:03.577 I/auditd ( 0): type=1400 audit(0.0:2902): avc: denied { kill } for comm="swapper/2" capability=5 scontext=u:r:kernel:s0 tcontext=u:r:kernel:s0 tclass=capability permissive=0
12-24 10:24:04.577 I/auditd ( 0): type=1400 audit(0.0:2903): avc: denied { kill } for comm="swapper/2" capability=5 scontext=u:r:kernel:s0 tcontext=u:r:kernel:s0 tclass=capability permissive=0
12-24 10:24:05.577 I/auditd ( 0): type=1400 audit(0.0:2904): avc: denied { kill } for comm="swapper/2" capability=5 scontext=u:r:kernel:s0 tcontext=u:r:kernel:s0 tclass=capability permissive=0
12-24 10:24:06.506 I/input_interaction( 1537): Interaction with: 2b0ad19 com.miHoYo.Yuanshen/com.miHoYo.GetMobileInfo.MainActivity (server), edge-swipe (server), swipe-up (server), PointerEventDispatcher0 (server),
12-24 10:24:07.577 I/auditd ( 0): type=1400 audit(0.0:2905): avc: denied { kill } for comm="swapper/2" capability=5 scontext=u:r:kernel:s0 tcontext=u:r:kernel:s0 tclass=capability permissive=0
12-24 10:24:08.227 I/input_interaction( 1537): Interaction with: 9063a36 StatusBar (server), edge-swipe (server), swipe-up (server), PointerEventDispatcher0 (server),
12-24 10:24:08.231 I/sysui_multi_action( 2001): [757,803,799,panel_open,802,1]
12-24 10:24:08.232 I/sysui_multi_action( 2001): [757,1328,758,4,1326,35,1327,1,1329,0]
12-24 10:24:08.245 I/sysui_multi_action( 1537): [757,127,758,1]
12-24 10:24:08.245 I/sysui_multi_action( 1537): [757,804,799,note_load,801,2,802,1]
12-24 10:24:08.246 I/notification_panel_revealed( 1537): 2
12-24 10:24:08.254 I/input_focus( 1537): [Focus request 73cb355 NotificationShade,reason=UpdateInputWindows]
12-24 10:24:08.265 I/sysui_multi_action( 1537): [757,128,758,1,793,3008557,794,0,795,3008557,796,26,798,0,806,android,857,DEVELOPER_IMPORTANT,858,4,947,0,1395,2,1500,3008185,1688,1]
12-24 10:24:08.266 I/sysui_multi_action( 1537): [757,804,799,note_freshness,801,3008557,802,1]
12-24 10:24:08.266 I/notification_visibility( 1537): [-1|android|26|null|1000,1,3008557,3008557,0,0]
12-24 10:24:08.266 I/sysui_multi_action( 1537): [757,128,758,1,793,3008552,794,0,795,3008552,796,32,798,1,806,android,857,USB,858,1,947,0,1395,2,1500,3008178,1688,1]
12-24 10:24:08.266 I/sysui_multi_action( 1537): [757,804,799,note_freshness,801,3008552,802,1]
12-24 10:24:08.266 I/notification_visibility( 1537): [-1|android|32|null|1000,1,3008552,3008552,0,1]
12-24 10:24:08.276 I/input_focus( 1537): [Focus leaving 2b0ad19 com.miHoYo.Yuanshen/com.miHoYo.GetMobileInfo.MainActivity (server),reason=setFocusedWindow]
12-24 10:24:08.277 I/input_focus( 1537): [Focus entering 73cb355 NotificationShade (server),reason=setFocusedWindow]
12-24 10:24:08.308 I/sysui_multi_action( 2001): [757,111,758,1]
12-24 10:24:08.308 I/sysui_multi_action( 2001): [757,126,758,1,759,126,927,0,928,0,1593,0]
12-24 10:24:08.308 I/sysui_multi_action( 2001): [757,113,758,1,759,113,927,1,928,0,1593,0]
12-24 10:24:08.308 I/sysui_multi_action( 2001): [757,0,758,1,759,0,927,2,928,0,1593,0]
12-24 10:24:08.308 I/sysui_multi_action( 2001): [757,0,758,1,759,0,927,3,928,0,1593,0]
12-24 10:24:08.308 I/sysui_multi_action( 2001): [757,491,758,1,759,491,927,4,928,1,1311,-1,1593,0]
12-24 10:24:08.308 I/sysui_multi_action( 2001): [757,0,758,1,759,0,927,5,928,0,1593,0]
12-24 10:24:08.308 I/sysui_multi_action( 2001): [757,114,758,1,759,114,927,6,928,0,1593,0]
12-24 10:24:08.308 I/sysui_multi_action( 2001): [757,111,758,1]
12-24 10:24:08.309 I/sysui_multi_action( 2001): [757,126,758,1,759,126,927,0,928,0,1593,0]
12-24 10:24:08.309 I/sysui_multi_action( 2001): [757,113,758,1,759,113,927,1,928,0,1593,0]
12-24 10:24:08.309 I/sysui_multi_action( 2001): [757,0,758,1,759,0,927,2,928,0,1593,0]
12-24 10:24:08.309 I/sysui_multi_action( 2001): [757,0,758,1,759,0,927,3,928,0,1593,0]
12-24 10:24:08.577 I/auditd ( 0): type=1400 audit(0.0:2906): avc: denied { kill } for comm="swapper/2" capability=5 scontext=u:r:kernel:s0 tcontext=u:r:kernel:s0 tclass=capability permissive=0
12-24 10:24:09.577 I/auditd ( 0): type=1400 audit(0.0:2907): avc: denied { kill } for comm="swapper/2" capability=5 scontext=u:r:kernel:s0 tcontext=u:r:kernel:s0 tclass=capability permissive=0
12-24 10:24:09.915 I/input_interaction( 1537): Interaction with: 73cb355 NotificationShade (server), edge-swipe (server), swipe-up (server), PointerEventDispatcher0 (server),
12-24 10:24:10.318 I/sysui_multi_action( 2001): [757,366,758,4,759,126,927,0,928,0,1592,0,1593,1]
12-24 10:24:10.338 I/wm_task_created( 1537): [12,-1]
12-24 10:24:10.340 I/wm_task_moved( 1537): [12,1,7]
12-24 10:24:10.340 I/wm_task_to_front( 1537): [0,12]
12-24 10:24:10.341 I/wm_create_task( 1537): [0,12]
12-24 10:24:10.341 I/wm_create_activity( 1537): [0,154975896,12,com.android.settings/.Settings$WifiSettingsActivity,android.settings.WIFI_SETTINGS,NULL,NULL,335544320]
12-24 10:24:10.341 I/wm_task_moved( 1537): [12,1,7]
12-24 10:24:10.341 I/wm_on_top_resumed_lost_called( 5055): [189855000,com.miHoYo.GetMobileInfo.MainActivity,topStateChangedWhenResumed]
12-24 10:24:10.341 I/wm_pause_activity( 1537): [0,189855000,com.miHoYo.Yuanshen/com.miHoYo.GetMobileInfo.MainActivity,userLeaving=true,pauseBackTasks]
12-24 10:24:10.370 I/wm_on_paused_called( 5055): [189855000,com.miHoYo.GetMobileInfo.MainActivity,performPause]
12-24 10:24:10.371 I/wm_add_to_stopping( 1537): [0,189855000,com.miHoYo.Yuanshen/com.miHoYo.GetMobileInfo.MainActivity,makeInvisible]
12-24 10:24:10.372 I/wm_restart_activity( 1537): [0,154975896,12,com.android.settings/.Settings$WifiSettingsActivity]
12-24 10:24:10.372 I/wm_set_resumed_activity( 1537): [0,com.android.settings/.Settings$WifiSettingsActivity,minimalResumeActivityLocked]
12-24 10:24:10.383 I/sysui_multi_action( 1537): [757,803,799,window_time_0,802,21]
12-24 10:24:10.408 I/am_uid_running( 1537): 10085
12-24 10:24:10.414 I/am_proc_start( 1537): [0,5195,10085,com.qualcomm.qti.qccauthmgr,content provider,{com.qualcomm.qti.qccauthmgr/com.qualcomm.qti.qccauthmgr.providers.SMQContentProvider}]
12-24 10:24:10.419 I/wm_task_created( 1537): [13,-1]
12-24 10:24:10.420 I/wm_task_moved( 1537): [13,1,8]
12-24 10:24:10.420 I/wm_task_to_front( 1537): [0,13]
12-24 10:24:10.420 I/wm_create_task( 1537): [0,13]
12-24 10:24:10.420 I/wm_create_activity( 1537): [0,170024555,13,com.android.settings/.homepage.SettingsHomepageActivity,android.settings.WIFI_SETTINGS,NULL,NULL,335544320]
12-24 10:24:10.420 I/wm_task_moved( 1537): [13,1,8]
12-24 10:24:10.421 I/wm_pause_activity( 1537): [0,154975896,com.android.settings/.Settings$WifiSettingsActivity,userLeaving=true,pauseBackTasks]
12-24 10:24:10.423 I/wm_finish_activity( 1537): [0,154975896,12,com.android.settings/.Settings$WifiSettingsActivity,app-request]
12-24 10:24:10.423 I/wm_on_create_called( 4917): [154975896,com.android.settings.Settings$WifiSettingsActivity,performCreate]
12-24 10:24:10.424 I/am_pss ( 1537): [5055,10097,com.miHoYo.Yuanshen,819398656,802590720,0,948129792,0,2,27]
12-24 10:24:10.425 I/wm_add_to_stopping( 1537): [0,154975896,com.android.settings/.Settings$WifiSettingsActivity,completeFinishing]
12-24 10:24:10.426 I/wm_restart_activity( 1537): [0,170024555,13,com.android.settings/.homepage.SettingsHomepageActivity]
12-24 10:24:10.426 I/wm_set_resumed_activity( 1537): [0,com.android.settings/.homepage.SettingsHomepageActivity,minimalResumeActivityLocked]
12-24 10:24:10.430 I/am_proc_bound( 1537): [0,5195,com.qualcomm.qti.qccauthmgr]
12-24 10:24:10.433 I/am_uid_active( 1537): 10085
12-24 10:24:10.433 I/sysui_multi_action( 1537): [757,803,799,window_time_0,802,0]
12-24 10:24:10.434 I/am_pss ( 1537): [4927,10025,com.hryt.hiphishowfsecontrol,18919424,14684160,0,107069440,0,19,6]
12-24 10:24:10.441 I/am_pss ( 1537): [4936,10066,com.android.deskclock,11963392,9891840,0,97198080,0,19,6]
12-24 10:24:10.448 I/am_pss ( 1537): [4937,10067,com.android.calendar,6927360,4874240,0,91213824,0,19,6]
12-24 10:24:10.457 I/am_pss ( 1537): [4919,10089,com.android.music,7100416,4657152,0,90914816,0,19,6]
12-24 10:24:10.539 I/wm_on_create_called( 4917): [170024555,com.android.settings.homepage.SettingsHomepageActivity,performCreate]
12-24 10:24:10.569 I/wm_on_start_called( 4917): [170024555,com.android.settings.homepage.SettingsHomepageActivity,handleStartActivity]
12-24 10:24:10.570 I/snet_event_log( 4917): [120484087,-1,]
12-24 10:24:10.571 I/wm_on_resume_called( 4917): [170024555,com.android.settings.homepage.SettingsHomepageActivity,RESUME_ACTIVITY]
12-24 10:24:10.572 I/sysui_multi_action( 4917): [757,35,758,1,833,0,1089,30]
12-24 10:24:10.569 I/auditd ( 561): type=1400 audit(0.0:2908): avc: denied { read } for comm="Binder:561_2" name="wakeup58" dev="sysfs" ino=71713 scontext=u:r:system_suspend:s0 tcontext=u:object_r:sysfs:s0 tclass=dir permissive=0
12-24 10:24:10.569 I/auditd ( 561): type=1400 audit(0.0:2909): avc: denied { read } for comm="Binder:561_2" name="wakeup48" dev="sysfs" ino=67402 scontext=u:r:system_suspend:s0 tcontext=u:object_r:sysfs:s0 tclass=dir permissive=0
12-24 10:24:10.569 I/auditd ( 561): type=1400 audit(0.0:2910): avc: denied { read } for comm="Binder:561_2" name="wakeup4" dev="sysfs" ino=47049 scontext=u:r:system_suspend:s0 tcontext=u:object_r:sysfs:s0 tclass=dir permissive=0
12-24 10:24:10.569 I/auditd ( 561): type=1400 audit(0.0:2911): avc: denied { read } for comm="Binder:561_2" name="wakeup76" dev="sysfs" ino=76674 scontext=u:r:system_suspend:s0 tcontext=u:object_r:sysfs:s0 tclass=dir permissive=0
12-24 10:24:10.569 I/auditd ( 561): type=1400 audit(0.0:2912): avc: denied { read } for comm="Binder:561_2" name="wakeup28" dev="sysfs" ino=53254 scontext=u:r:system_suspend:s0 tcontext=u:object_r:sysfs:s0 tclass=dir permissive=0
12-24 10:24:10.569 I/auditd ( 561): type=1400 audit(0.0:2913): avc: denied { read } for comm="Binder:561_2" name="wakeup56" dev="sysfs" ino=71641 scontext=u:r:system_suspend:s0 tcontext=u:object_r:sysfs:s0 tclass=dir permissive=0
12-24 10:24:10.569 I/auditd ( 561): type=1400 audit(0.0:2914): avc: denied { read } for comm="Binder:561_2" name="wakeup2" dev="sysfs" ino=46573 scontext=u:r:system_suspend:s0 tcontext=u:object_r:sysfs:s0 tclass=dir permissive=0
12-24 10:24:10.569 I/auditd ( 561): type=1400 audit(0.0:2915): avc: denied { read } for comm="Binder:561_2" name="wakeup36" dev="sysfs" ino=62478 scontext=u:r:system_suspend:s0 tcontext=u:object_r:sysfs:s0 tclass=dir permissive=0
12-24 10:24:10.580 I/sysui_multi_action( 4917): [757,1729,758,4,854,isParalleledControllers:false,1089,38]
12-24 10:24:10.587 I/wm_on_top_resumed_gained_called( 4917): [170024555,com.android.settings.homepage.SettingsHomepageActivity,topStateChangedWhenResumed]
12-24 10:24:10.662 I/sysui_multi_action( 1537): [324,1,757,1090,758,12,806,com.android.settings,871,com.android.settings.homepage.SettingsHomepageActivity,1091,336]
12-24 10:24:10.667 I/sysui_multi_action( 1537): [319,53,321,48,322,336,325,3019,757,761,758,8,759,1,806,com.android.settings,871,com.android.settings.homepage.SettingsHomepageActivity,904,com.android.settings,905,0,1320,8,1321,5]
12-24 10:24:10.668 I/wm_activity_launch_time( 1537): [0,170024555,com.android.settings/.homepage.SettingsHomepageActivity,336]
12-24 10:24:10.771 I/netstats_mobile_sample( 1537): [0,0,0,0,0,0,0,0,0,0,0,0,1671873850771]
12-24 10:24:10.771 I/netstats_wifi_sample( 1537): [3612450,7350,6591642,13707,3612450,7350,6591642,13707,8927871,11728,3409988,7358,1671873850771]
12-24 10:24:10.774 I/netstats_mobile_sample( 1537): [0,0,0,0,0,0,0,0,0,0,0,0,1671873850774]
12-24 10:24:10.774 I/netstats_wifi_sample( 1537): [3612450,7350,6591642,13707,3612450,7350,6591642,13707,8927871,11728,3409988,7358,1671873850774]
12-24 10:24:10.787 I/sysui_multi_action( 4917): [757,103,758,1,833,0,1089,22]
12-24 10:24:10.900 I/notification_enqueue( 1537): [10081,2001,com.android.systemui,2048,NULL,0,Notification(channel=updateNotification shortcut=null contentView=null vibrate=null sound=null defaults=0x0 flags=0x0 color=0x00000000 vis=PRIVATE),1]
12-24 10:24:10.900 I/wm_stop_activity( 1537): [0,189855000,com.miHoYo.Yuanshen/com.miHoYo.GetMobileInfo.MainActivity]
12-24 10:24:10.900 I/sysui_multi_action( 2001): [757,111,758,2]
12-24 10:24:10.900 I/sysui_multi_action( 2001): [757,111,758,2]
12-24 10:24:10.904 I/input_focus( 1537): [Focus request d2e2cb1 com.android.settings/com.android.settings.homepage.SettingsHomepageActivity,reason=UpdateInputWindows]
12-24 10:24:10.909 I/sysui_multi_action( 1537): [757,128,758,2,793,3011201,794,2644,795,3011201,796,26,798,0,806,android,857,DEVELOPER_IMPORTANT,858,4,947,0,1395,2,1500,3010829,1688,1]
12-24 10:24:10.909 I/notification_visibility( 1537): [-1|android|26|null|1000,0,3011201,3011201,0,0]
12-24 10:24:10.909 I/sysui_multi_action( 1537): [757,128,758,2,793,3011195,794,2643,795,3011195,796,32,798,1,806,android,857,USB,858,1,947,0,1395,2,1500,3010821,1688,1]
12-24 10:24:10.909 I/notification_visibility( 1537): [-1|android|32|null|1000,0,3011195,3011195,0,1]
12-24 10:24:10.909 I/sysui_multi_action( 1537): [757,127,758,2]
12-24 10:24:10.910 I/notification_panel_hidden( 1537):
12-24 10:24:10.916 I/input_focus( 1537): [Focus leaving 73cb355 NotificationShade (server),reason=NOT_FOCUSABLE]
12-24 10:24:10.916 I/input_focus( 1537): [Focus entering d2e2cb1 com.android.settings/com.android.settings.homepage.SettingsHomepageActivity (server),reason=setFocusedWindow]
12-24 10:24:10.919 I/wm_on_stop_called( 5055): [189855000,com.miHoYo.GetMobileInfo.MainActivity,STOP_ACTIVITY_ITEM]
12-24 10:24:10.933 I/view_enqueue_input_event( 2001): [Motion - Cancel,NotificationShade]
12-24 10:24:10.965 I/wm_destroy_activity( 1537): [0,154975896,12,com.android.settings/.Settings$WifiSettingsActivity,finish-imm:idle]
12-24 10:24:10.966 I/wm_on_destroy_called( 4917): [154975896,com.android.settings.Settings$WifiSettingsActivity,performDestroy]
12-24 10:24:10.966 I/wm_task_removed( 1537): [12,removeChild:removeChild last r=ActivityRecord{93cbe98 u0 com.android.settings/.Settings$WifiSettingsActivity t-1 f}} in t=Task{d8b2c44 #12 type=standard A=1000:com.android.settings U=0 visible=false mode=fullscreen translucent=true sz=0}]
12-24 10:24:10.966 I/wm_task_removed( 1537): [12,removeChild]
12-24 10:24:11.577 I/auditd ( 0): type=1400 audit(0.0:3009): avc: denied { kill } for comm="swapper/7" capability=5 scontext=u:r:kernel:s0 tcontext=u:r:kernel:s0 tclass=capability permissive=0
12-24 10:24:11.803 I/input_interaction( 1537): Interaction with: d2e2cb1 com.android.settings/com.android.settings.homepage.SettingsHomepageActivity (server), edge-swipe (server), swipe-up (server), PointerEventDispatcher0 (server),
12-24 10:24:11.938 I/sysui_multi_action( 4917): [757,853,758,4,854,null/switch_bar,1089,1]
12-24 10:24:11.939 I/sysui_multi_action( 4917): [757,139,758,4]
12-24 10:24:12.142 I/commit_sys_config_file( 1537): [settings-0-0,2]
12-24 10:24:12.577 I/auditd ( 0): type=1400 audit(0.0:3010): avc: denied { kill } for comm="swapper/2" capability=5 scontext=u:r:kernel:s0 tcontext=u:r:kernel:s0 tclass=capability permissive=0
12-24 10:24:14.577 I/auditd ( 0): type=1400 audit(0.0:3011): avc: denied { kill } for comm="swapper/2" capability=5 scontext=u:r:kernel:s0 tcontext=u:r:kernel:s0 tclass=capability permissive=0
12-24 10:24:15.374 I/netstats_mobile_sample( 1537): [0,0,0,0,0,0,0,0,0,0,0,0,1671873855374]
12-24 10:24:15.374 I/netstats_wifi_sample( 1537): [3612450,7350,6591642,13707,3612450,7350,6591642,13707,8927871,11728,3409988,7358,1671873855374]
12-24 10:24:15.489 I/netstats_mobile_sample( 1537): [0,0,0,0,0,0,0,0,0,0,0,0,1671873855489]
12-24 10:24:15.489 I/netstats_wifi_sample( 1537): [3612450,7350,6591642,13707,3612450,7350,6591642,13707,8927871,11728,3409988,7358,1671873855489]
12-24 10:24:15.503 I/netstats_mobile_sample( 1537): [0,0,0,0,0,0,0,0,0,0,0,0,1671873855503]
12-24 10:24:15.503 I/netstats_wifi_sample( 1537): [3612450,7350,6591642,13707,3612450,7350,6591642,13707,8927871,11728,3409988,7358,1671873855503]
12-24 10:24:15.518 I/netstats_mobile_sample( 1537): [0,0,0,0,0,0,0,0,0,0,0,0,1671873855518]
12-24 10:24:15.518 I/netstats_wifi_sample( 1537): [3612450,7350,6591642,13707,3612450,7350,6591642,13707,8927871,11728,3409988,7358,1671873855518]
12-24 10:24:15.530 I/netstats_mobile_sample( 1537): [0,0,0,0,0,0,0,0,0,0,0,0,1671873855530]
12-24 10:24:15.530 I/netstats_wifi_sample( 1537): [3612450,7350,6591642,13707,3612450,7350,6591642,13707,8927871,11728,3409988,7358,1671873855530]
12-24 10:24:15.577 I/auditd ( 0): type=1400 audit(0.0:3012): avc: denied { kill } for comm="swapper/2" capability=5 scontext=u:r:kernel:s0 tcontext=u:r:kernel:s0 tclass=capability permissive=0
12-24 10:24:16.577 I/auditd ( 0): type=1400 audit(0.0:3013): avc: denied { kill } for comm="swapper/2" capability=5 scontext=u:r:kernel:s0 tcontext=u:r:kernel:s0 tclass=capability permissive=0
12-24 10:24:18.577 I/auditd ( 0): type=1400 audit(0.0:3014): avc: denied { kill } for comm="swapper/2" capability=5 scontext=u:r:kernel:s0 tcontext=u:r:kernel:s0 tclass=capability permissive=0
12-24 10:24:19.581 I/auditd ( 0): type=1400 audit(0.0:3015): avc: denied { kill } for comm="swapper/0" capability=5 scontext=u:r:kernel:s0 tcontext=u:r:kernel:s0 tclass=capability permissive=0
12-24 10:24:20.721 I/ntp_failure( 1537): [time.android.com/216.239.35.12,java.net.SocketTimeoutException: Poll timed out]
12-24 10:24:21.581 I/auditd ( 0): type=1400 audit(0.0:3016): avc: denied { kill } for comm="swapper/0" capability=5 scontext=u:r:kernel:s0 tcontext=u:r:kernel:s0 tclass=capability permissive=0
12-24 10:24:22.581 I/auditd ( 0): type=1400 audit(0.0:3017): avc: denied { kill } for comm="swapper/0" capability=5 scontext=u:r:kernel:s0 tcontext=u:r:kernel:s0 tclass=capability permissive=0
12-24 10:24:23.577 I/auditd ( 0): type=1400 audit(0.0:3018): avc: denied { kill } for comm="swapper/0" capability=5 scontext=u:r:kernel:s0 tcontext=u:r:kernel:s0 tclass=capability permissive=0
12-24 10:24:23.919 I/wm_task_moved( 1537): [1,0,0]
12-24 10:24:23.922 I/wm_task_moved( 1537): [1,0,6]
12-24 10:24:23.944 I/wm_on_restart_called( 2496): [67070911,com.android.launcher3.uioverrides.QuickstepLauncher,performRestartActivity]
12-24 10:24:23.965 I/wm_on_start_called( 2496): [67070911,com.android.launcher3.uioverrides.QuickstepLauncher,handleStartActivity]
12-24 10:24:23.966 I/view_enqueue_input_event( 4917): [Motion - Cancel,com.android.settings/com.android.settings.homepage.SettingsHomepageActivity]
12-24 10:24:23.968 I/input_focus( 1537): [Focus request recents_animation_input_consumer,reason=UpdateInputWindows]
12-24 10:24:23.971 I/sysui_latency( 2496): [1,61]
12-24 10:24:23.976 I/input_interaction( 1537): Interaction with: edge-swipe (server), swipe-up (server), PointerEventDispatcher0 (server),
12-24 10:24:23.980 I/input_focus( 1537): [Focus leaving d2e2cb1 com.android.settings/com.android.settings.homepage.SettingsHomepageActivity (server),reason=NOT_FOCUSABLE]
12-24 10:24:23.980 I/input_focus( 1537): [Focus entering recents_animation_input_consumer (server),reason=setFocusedWindow]
12-24 10:24:23.983 I/sysui_multi_action( 1537): [319,11,322,57,325,3033,757,761,758,9,759,5,806,com.android.launcher3,871,com.android.launcher3.uioverrides.QuickstepLauncher,905,0,1320,8,1321,5]
12-24 10:24:24.171 I/commit_sys_config_file( 1537): [settings-1-0,6]
12-24 10:24:24.278 I/sysui_latency( 1537): [8,63]
12-24 10:24:24.577 I/auditd ( 0): type=1400 audit(0.0:3019): avc: denied { kill } for comm="swapper/0" capability=5 scontext=u:r:kernel:s0 tcontext=u:r:kernel:s0 tclass=capability permissive=0
12-24 10:24:24.703 I/wm_task_moved( 1537): [1,1,7]
12-24 10:24:24.705 I/wm_task_moved( 1537): [8,1,2147483647]
12-24 10:24:24.705 I/wm_task_to_front( 1537): [0,8]
12-24 10:24:24.705 I/wm_focused_root_task( 1537): [0,0,1,13,RecentsAnimation.onAnimationFinished()]
12-24 10:24:24.705 I/wm_on_top_resumed_lost_called( 4917): [170024555,com.android.settings.homepage.SettingsHomepageActivity,topStateChangedWhenResumed]
12-24 10:24:24.705 I/wm_set_resumed_activity( 1537): [0,com.android.launcher3/.uioverrides.QuickstepLauncher,RecentsAnimation.onAnimationFinished()]
12-24 10:24:24.706 I/wm_pause_activity( 1537): [0,170024555,com.android.settings/.homepage.SettingsHomepageActivity,userLeaving=true,pauseBackTasks]
12-24 10:24:24.707 I/wm_add_to_stopping( 1537): [0,170024555,com.android.settings/.homepage.SettingsHomepageActivity,makeInvisible]
12-24 10:24:24.707 I/wm_set_resumed_activity( 1537): [0,com.android.launcher3/.uioverrides.QuickstepLauncher,resumeTopActivityInnerLocked]
12-24 10:24:24.708 I/wm_resume_activity( 1537): [0,67070911,8,com.android.launcher3/.uioverrides.QuickstepLauncher]
12-24 10:24:24.709 I/wm_on_resume_called( 2496): [67070911,com.android.launcher3.uioverrides.QuickstepLauncher,RESUME_ACTIVITY]
12-24 10:24:24.714 I/input_focus( 1537): [Focus request 6530592 com.android.launcher3/com.android.launcher3.uioverrides.QuickstepLauncher,reason=UpdateInputWindows]
12-24 10:24:24.716 I/wm_stop_activity( 1537): [0,170024555,com.android.settings/.homepage.SettingsHomepageActivity]
12-24 10:24:24.717 I/sysui_multi_action( 4917): [757,35,758,2,1089,14144]
12-24 10:24:24.718 I/sysui_multi_action( 4917): [757,103,758,2,1089,13932]
12-24 10:24:24.719 I/wm_on_paused_called( 4917): [170024555,com.android.settings.homepage.SettingsHomepageActivity,performPause]
12-24 10:24:24.728 I/wm_on_stop_called( 4917): [170024555,com.android.settings.homepage.SettingsHomepageActivity,STOP_ACTIVITY_ITEM]
12-24 10:24:24.728 I/wm_on_top_resumed_gained_called( 2496): [67070911,com.android.launcher3.uioverrides.QuickstepLauncher,topStateChangedWhenResumed]
12-24 10:24:24.729 I/sysui_multi_action( 1537): [757,803,799,window_time_0,802,15]
12-24 10:24:24.730 I/sysui_multi_action( 1537): [757,803,799,window_time_0,802,0]
12-24 10:24:24.733 I/input_focus( 1537): [Focus leaving recents_animation_input_consumer (server),reason=NOT_VISIBLE]
12-24 10:24:24.733 I/input_focus( 1537): [Focus entering 6530592 com.android.launcher3/com.android.launcher3.uioverrides.QuickstepLauncher (server),reason=setFocusedWindow]
12-24 10:24:24.966 I/input_interaction( 1537): Interaction with: 6530592 com.android.launcher3/com.android.launcher3.uioverrides.QuickstepLauncher (server), 751ef8e com.android.systemui.ImageWallpaper (server), edge-swipe (server), swipe-up (server), PointerEventDispatcher0 (server),
12-24 10:24:25.110 I/wm_task_moved( 1537): [11,1,7]
12-24 10:24:25.110 I/wm_task_to_front( 1537): [0,11]
12-24 10:24:25.111 I/wm_focused_root_task( 1537): [0,0,11,1,bringingFoundTaskToFront]
