12-24 11:53:36.581 I/auditd ( 0): type=1400 audit(0.0:8081): avc: denied { kill } for comm="swapper/0" capability=5 scontext=u:r:kernel:s0 tcontext=u:r:kernel:s0 tclass=capability permissive=0
12-24 11:53:37.581 I/auditd ( 0): type=1400 audit(0.0:8082): avc: denied { kill } for comm="swapper/0" capability=5 scontext=u:r:kernel:s0 tcontext=u:r:kernel:s0 tclass=capability permissive=0
12-24 11:53:38.577 I/auditd ( 0): type=1400 audit(0.0:8083): avc: denied { kill } for comm="swapper/0" capability=5 scontext=u:r:kernel:s0 tcontext=u:r:kernel:s0 tclass=capability permissive=0
12-24 11:53:39.577 I/auditd ( 0): type=1400 audit(0.0:8084): avc: denied { kill } for comm="swapper/0" capability=5 scontext=u:r:kernel:s0 tcontext=u:r:kernel:s0 tclass=capability permissive=0
12-24 11:53:40.581 I/auditd ( 0): type=1400 audit(0.0:8085): avc: denied { kill } for comm="swapper/0" capability=5 scontext=u:r:kernel:s0 tcontext=u:r:kernel:s0 tclass=capability permissive=0
12-24 11:53:41.581 I/auditd ( 0): type=1400 audit(0.0:8086): avc: denied { kill } for comm="swapper/0" capability=5 scontext=u:r:kernel:s0 tcontext=u:r:kernel:s0 tclass=capability permissive=0
12-24 11:53:42.577 I/auditd ( 0): type=1400 audit(0.0:8087): avc: denied { kill } for comm="swapper/0" capability=5 scontext=u:r:kernel:s0 tcontext=u:r:kernel:s0 tclass=capability permissive=0
12-24 11:53:43.577 I/auditd ( 0): type=1400 audit(0.0:8088): avc: denied { kill } for comm="swapper/0" capability=5 scontext=u:r:kernel:s0 tcontext=u:r:kernel:s0 tclass=capability permissive=0
12-24 11:53:44.577 I/auditd ( 0): type=1400 audit(0.0:8089): avc: denied { kill } for comm="swapper/0" capability=5 scontext=u:r:kernel:s0 tcontext=u:r:kernel:s0 tclass=capability permissive=0
12-24 11:53:45.581 I/auditd ( 0): type=1400 audit(0.0:8090): avc: denied { kill } for comm="swapper/0" capability=5 scontext=u:r:kernel:s0 tcontext=u:r:kernel:s0 tclass=capability permissive=0
12-24 11:53:46.581 I/auditd ( 0): type=1400 audit(0.0:8091): avc: denied { kill } for comm="swapper/0" capability=5 scontext=u:r:kernel:s0 tcontext=u:r:kernel:s0 tclass=capability permissive=0
12-24 11:53:47.581 I/auditd ( 0): type=1400 audit(0.0:8092): avc: denied { kill } for comm="swapper/0" capability=5 scontext=u:r:kernel:s0 tcontext=u:r:kernel:s0 tclass=capability permissive=0
12-24 11:53:48.581 I/auditd ( 0): type=1400 audit(0.0:8093): avc: denied { kill } for comm="swapper/0" capability=5 scontext=u:r:kernel:s0 tcontext=u:r:kernel:s0 tclass=capability permissive=0
12-24 11:53:49.577 I/auditd ( 0): type=1400 audit(0.0:8094): avc: denied { kill } for comm="swapper/0" capability=5 scontext=u:r:kernel:s0 tcontext=u:r:kernel:s0 tclass=capability permissive=0
12-24 11:53:50.577 I/auditd ( 0): type=1400 audit(0.0:8095): avc: denied { kill } for comm="swapper/0" capability=5 scontext=u:r:kernel:s0 tcontext=u:r:kernel:s0 tclass=capability permissive=0
12-24 11:53:51.581 I/auditd ( 0): type=1400 audit(0.0:8096): avc: denied { kill } for comm="swapper/0" capability=5 scontext=u:r:kernel:s0 tcontext=u:r:kernel:s0 tclass=capability permissive=0
12-24 11:53:52.581 I/auditd ( 0): type=1400 audit(0.0:8097): avc: denied { kill } for comm="swapper/0" capability=5 scontext=u:r:kernel:s0 tcontext=u:r:kernel:s0 tclass=capability permissive=0
12-24 11:53:53.581 I/auditd ( 0): type=1400 audit(0.0:8098): avc: denied { kill } for comm="swapper/0" capability=5 scontext=u:r:kernel:s0 tcontext=u:r:kernel:s0 tclass=capability permissive=0
12-24 11:53:54.577 I/auditd ( 0): type=1400 audit(0.0:8099): avc: denied { kill } for comm="swapper/0" capability=5 scontext=u:r:kernel:s0 tcontext=u:r:kernel:s0 tclass=capability permissive=0
12-24 11:53:55.577 I/auditd ( 0): type=1400 audit(0.0:8100): avc: denied { kill } for comm="swapper/0" capability=5 scontext=u:r:kernel:s0 tcontext=u:r:kernel:s0 tclass=capability permissive=0
12-24 11:53:56.581 I/auditd ( 0): type=1400 audit(0.0:8101): avc: denied { kill } for comm="swapper/0" capability=5 scontext=u:r:kernel:s0 tcontext=u:r:kernel:s0 tclass=capability permissive=0
12-24 11:53:58.577 I/auditd ( 0): type=1400 audit(0.0:8102): avc: denied { kill } for comm="swapper/0" capability=5 scontext=u:r:kernel:s0 tcontext=u:r:kernel:s0 tclass=capability permissive=0
12-24 11:53:59.577 I/auditd ( 0): type=1400 audit(0.0:8103): avc: denied { kill } for comm="swapper/0" capability=5 scontext=u:r:kernel:s0 tcontext=u:r:kernel:s0 tclass=capability permissive=0
12-24 11:54:00.577 I/auditd ( 0): type=1400 audit(0.0:8104): avc: denied { kill } for comm="swapper/0" capability=5 scontext=u:r:kernel:s0 tcontext=u:r:kernel:s0 tclass=capability permissive=0
12-24 11:54:01.577 I/auditd ( 0): type=1400 audit(0.0:8105): avc: denied { kill } for comm="swapper/0" capability=5 scontext=u:r:kernel:s0 tcontext=u:r:kernel:s0 tclass=capability permissive=0
12-24 11:54:02.035 I/am_pss ( 1537): [1537,1000,system,230266880,144914432,0,528574464,0,0,26]
12-24 11:54:02.048 I/am_pss ( 1537): [3001,10036,com.baidu.input,125918208,110899200,0,242565120,0,7,12]
12-24 11:54:02.056 I/am_pss ( 1537): [2842,10094,com.android.providers.media.module,25482240,21274624,0,123936768,0,0,7]
12-24 11:54:02.063 I/am_pss ( 1537): [2421,10095,android.ext.services,9014272,5419008,0,99127296,0,5,6]
12-24 11:54:02.069 I/am_pss ( 1537): [2925,10071,com.qualcomm.location.XT,6736896,4411392,0,91312128,0,6,5]
12-24 11:54:02.075 I/am_pss ( 1537): [2832,10073,com.qualcomm.location,10699776,7876608,0,99065856,0,0,5]
12-24 11:54:02.081 I/am_pss ( 1537): [2171,1073,com.android.networkstack.process,14525440,11571200,0,104697856,0,0,6]
12-24 11:54:02.088 I/am_pss ( 1537): [2130,1001,.dataservices,9034752,6742016,0,93298688,0,0,6]
12-24 11:54:02.101 I/am_pss ( 1537): [2001,10081,com.android.systemui,161656832,149323776,0,294498304,0,0,12]
12-24 11:54:02.577 I/auditd ( 0): type=1400 audit(0.0:8106): avc: denied { kill } for comm="swapper/0" capability=5 scontext=u:r:kernel:s0 tcontext=u:r:kernel:s0 tclass=capability permissive=0
12-24 11:54:03.581 I/auditd ( 0): type=1400 audit(0.0:8107): avc: denied { kill } for comm="swapper/0" capability=5 scontext=u:r:kernel:s0 tcontext=u:r:kernel:s0 tclass=capability permissive=0
12-24 11:54:04.577 I/auditd ( 0): type=1400 audit(0.0:8108): avc: denied { kill } for comm="swapper/0" capability=5 scontext=u:r:kernel:s0 tcontext=u:r:kernel:s0 tclass=capability permissive=0
12-24 11:54:05.577 I/auditd ( 0): type=1400 audit(0.0:8109): avc: denied { kill } for comm="swapper/0" capability=5 scontext=u:r:kernel:s0 tcontext=u:r:kernel:s0 tclass=capability permissive=0
12-24 11:54:06.581 I/auditd ( 0): type=1400 audit(0.0:8110): avc: denied { kill } for comm="swapper/0" capability=5 scontext=u:r:kernel:s0 tcontext=u:r:kernel:s0 tclass=capability permissive=0
12-24 11:54:07.577 I/auditd ( 0): type=1400 audit(0.0:8111): avc: denied { kill } for comm="swapper/0" capability=5 scontext=u:r:kernel:s0 tcontext=u:r:kernel:s0 tclass=capability permissive=0
12-24 11:54:08.581 I/auditd ( 0): type=1400 audit(0.0:8112): avc: denied { kill } for comm="swapper/0" capability=5 scontext=u:r:kernel:s0 tcontext=u:r:kernel:s0 tclass=capability permissive=0
12-24 11:54:09.577 I/auditd ( 0): type=1400 audit(0.0:8113): avc: denied { kill } for comm="swapper/0" capability=5 scontext=u:r:kernel:s0 tcontext=u:r:kernel:s0 tclass=capability permissive=0
12-24 11:54:10.581 I/auditd ( 0): type=1400 audit(0.0:8114): avc: denied { kill } for comm="swapper/0" capability=5 scontext=u:r:kernel:s0 tcontext=u:r:kernel:s0 tclass=capability permissive=0
12-24 11:54:11.581 I/auditd ( 0): type=1400 audit(0.0:8115): avc: denied { kill } for comm="swapper/0" capability=5 scontext=u:r:kernel:s0 tcontext=u:r:kernel:s0 tclass=capability permissive=0
12-24 11:54:12.581 I/auditd ( 0): type=1400 audit(0.0:8116): avc: denied { kill } for comm="swapper/0" capability=5 scontext=u:r:kernel:s0 tcontext=u:r:kernel:s0 tclass=capability permissive=0
12-24 11:54:13.577 I/auditd ( 0): type=1400 audit(0.0:8117): avc: denied { kill } for comm="swapper/0" capability=5 scontext=u:r:kernel:s0 tcontext=u:r:kernel:s0 tclass=capability permissive=0
12-24 11:54:14.577 I/auditd ( 0): type=1400 audit(0.0:8118): avc: denied { kill } for comm="swapper/0" capability=5 scontext=u:r:kernel:s0 tcontext=u:r:kernel:s0 tclass=capability permissive=0
12-24 11:54:15.577 I/auditd ( 0): type=1400 audit(0.0:8119): avc: denied { kill } for comm="swapper/0" capability=5 scontext=u:r:kernel:s0 tcontext=u:r:kernel:s0 tclass=capability permissive=0
12-24 11:54:15.599 I/commit_sys_config_file( 1537): [appops,8406205]
12-24 11:54:16.581 I/auditd ( 0): type=1400 audit(0.0:8120): avc: denied { kill } for comm="swapper/0" capability=5 scontext=u:r:kernel:s0 tcontext=u:r:kernel:s0 tclass=capability permissive=0
12-24 11:54:17.581 I/auditd ( 0): type=1400 audit(0.0:8121): avc: denied { kill } for comm="swapper/0" capability=5 scontext=u:r:kernel:s0 tcontext=u:r:kernel:s0 tclass=capability permissive=0
12-24 11:54:18.581 I/auditd ( 0): type=1400 audit(0.0:8122): avc: denied { kill } for comm="swapper/0" capability=5 scontext=u:r:kernel:s0 tcontext=u:r:kernel:s0 tclass=capability permissive=0
12-24 11:54:19.581 I/auditd ( 0): type=1400 audit(0.0:8123): avc: denied { kill } for comm="swapper/0" capability=5 scontext=u:r:kernel:s0 tcontext=u:r:kernel:s0 tclass=capability permissive=0
12-24 11:54:20.581 I/auditd ( 0): type=1400 audit(0.0:8124): avc: denied { kill } for comm="swapper/0" capability=5 scontext=u:r:kernel:s0 tcontext=u:r:kernel:s0 tclass=capability permissive=0
12-24 11:54:21.577 I/auditd ( 0): type=1400 audit(0.0:8125): avc: denied { kill } for comm="swapper/0" capability=5 scontext=u:r:kernel:s0 tcontext=u:r:kernel:s0 tclass=capability permissive=0
12-24 11:54:22.581 I/auditd ( 0): type=1400 audit(0.0:8126): avc: denied { kill } for comm="swapper/0" capability=5 scontext=u:r:kernel:s0 tcontext=u:r:kernel:s0 tclass=capability permissive=0
12-24 11:54:23.577 I/auditd ( 0): type=1400 audit(0.0:8127): avc: denied { kill } for comm="swapper/0" capability=5 scontext=u:r:kernel:s0 tcontext=u:r:kernel:s0 tclass=capability permissive=0
12-24 11:54:24.581 I/auditd ( 0): type=1400 audit(0.0:8128): avc: denied { kill } for comm="swapper/0" capability=5 scontext=u:r:kernel:s0 tcontext=u:r:kernel:s0 tclass=capability permissive=0
12-24 11:54:25.577 I/auditd ( 0): type=1400 audit(0.0:8129): avc: denied { kill } for comm="swapper/0" capability=5 scontext=u:r:kernel:s0 tcontext=u:r:kernel:s0 tclass=capability permissive=0
12-24 11:54:26.581 I/auditd ( 0): type=1400 audit(0.0:8130): avc: denied { kill } for comm="swapper/0" capability=5 scontext=u:r:kernel:s0 tcontext=u:r:kernel:s0 tclass=capability permissive=0
12-24 11:54:27.581 I/auditd ( 0): type=1400 audit(0.0:8131): avc: denied { kill } for comm="swapper/0" capability=5 scontext=u:r:kernel:s0 tcontext=u:r:kernel:s0 tclass=capability permissive=0
12-24 11:54:28.581 I/auditd ( 0): type=1400 audit(0.0:8132): avc: denied { kill } for comm="swapper/0" capability=5 scontext=u:r:kernel:s0 tcontext=u:r:kernel:s0 tclass=capability permissive=0
12-24 11:54:29.581 I/auditd ( 0): type=1400 audit(0.0:8133): avc: denied { kill } for comm="swapper/0" capability=5 scontext=u:r:kernel:s0 tcontext=u:r:kernel:s0 tclass=capability permissive=0
12-24 11:54:30.577 I/auditd ( 0): type=1400 audit(0.0:8134): avc: denied { kill } for comm="swapper/0" capability=5 scontext=u:r:kernel:s0 tcontext=u:r:kernel:s0 tclass=capability permissive=0
12-24 11:54:31.581 I/auditd ( 0): type=1400 audit(0.0:8135): avc: denied { kill } for comm="swapper/0" capability=5 scontext=u:r:kernel:s0 tcontext=u:r:kernel:s0 tclass=capability permissive=0
12-24 11:54:32.581 I/auditd ( 0): type=1400 audit(0.0:8136): avc: denied { kill } for comm="swapper/0" capability=5 scontext=u:r:kernel:s0 tcontext=u:r:kernel:s0 tclass=capability permissive=0
12-24 11:54:33.577 I/auditd ( 0): type=1400 audit(0.0:8137): avc: denied { kill } for comm="swapper/0" capability=5 scontext=u:r:kernel:s0 tcontext=u:r:kernel:s0 tclass=capability permissive=0
12-24 11:54:34.581 I/auditd ( 0): type=1400 audit(0.0:8138): avc: denied { kill } for comm="swapper/0" capability=5 scontext=u:r:kernel:s0 tcontext=u:r:kernel:s0 tclass=capability permissive=0
12-24 11:54:35.581 I/auditd ( 0): type=1400 audit(0.0:8139): avc: denied { kill } for comm="swapper/0" capability=5 scontext=u:r:kernel:s0 tcontext=u:r:kernel:s0 tclass=capability permissive=0
12-24 11:54:36.581 I/auditd ( 0): type=1400 audit(0.0:8140): avc: denied { kill } for comm="swapper/0" capability=5 scontext=u:r:kernel:s0 tcontext=u:r:kernel:s0 tclass=capability permissive=0
12-24 11:54:37.581 I/auditd ( 0): type=1400 audit(0.0:8141): avc: denied { kill } for comm="swapper/0" capability=5 scontext=u:r:kernel:s0 tcontext=u:r:kernel:s0 tclass=capability permissive=0
12-24 11:54:38.581 I/auditd ( 0): type=1400 audit(0.0:8142): avc: denied { kill } for comm="swapper/0" capability=5 scontext=u:r:kernel:s0 tcontext=u:r:kernel:s0 tclass=capability permissive=0
12-24 11:54:39.581 I/auditd ( 0): type=1400 audit(0.0:8143): avc: denied { kill } for comm="swapper/0" capability=5 scontext=u:r:kernel:s0 tcontext=u:r:kernel:s0 tclass=capability permissive=0
12-24 11:54:40.581 I/auditd ( 0): type=1400 audit(0.0:8144): avc: denied { kill } for comm="swapper/0" capability=5 scontext=u:r:kernel:s0 tcontext=u:r:kernel:s0 tclass=capability permissive=0
12-24 11:54:41.581 I/auditd ( 0): type=1400 audit(0.0:8145): avc: denied { kill } for comm="swapper/0" capability=5 scontext=u:r:kernel:s0 tcontext=u:r:kernel:s0 tclass=capability permissive=0
12-24 11:54:42.577 I/auditd ( 0): type=1400 audit(0.0:8146): avc: denied { kill } for comm="swapper/0" capability=5 scontext=u:r:kernel:s0 tcontext=u:r:kernel:s0 tclass=capability permissive=0
12-24 11:54:43.581 I/auditd ( 0): type=1400 audit(0.0:8147): avc: denied { kill } for comm="swapper/0" capability=5 scontext=u:r:kernel:s0 tcontext=u:r:kernel:s0 tclass=capability permissive=0
12-24 11:54:44.581 I/auditd ( 0): type=1400 audit(0.0:8148): avc: denied { kill } for comm="swapper/0" capability=5 scontext=u:r:kernel:s0 tcontext=u:r:kernel:s0 tclass=capability permissive=0
12-24 11:54:45.397 I/am_freeze( 1537): [8358,com.android.settings]
12-24 11:54:45.399 I/am_freeze( 1537): [8359,com.android.music]
12-24 11:54:45.401 I/am_freeze( 1537): [8389,com.android.calendar]
12-24 11:54:45.403 I/am_freeze( 1537): [8387,com.android.deskclock]
12-24 11:54:45.404 I/am_freeze( 1537): [8364,com.hryt.hiphishowfsecontrol]
12-24 11:54:45.404 I/am_kill ( 1537): [0,8358,com.android.settings,905,Unable to freeze binder interface]
12-24 11:54:45.406 I/am_kill ( 1537): [0,8359,com.android.music,905,Unable to freeze binder interface]
12-24 11:54:45.407 I/am_kill ( 1537): [0,8389,com.android.calendar,905,Unable to freeze binder interface]
12-24 11:54:45.408 I/am_kill ( 1537): [0,8387,com.android.deskclock,905,Unable to freeze binder interface]
12-24 11:54:45.408 I/am_kill ( 1537): [0,8364,com.hryt.hiphishowfsecontrol,905,Unable to freeze binder interface]
12-24 11:54:45.431 I/am_proc_died( 1537): [0,8364,com.hryt.hiphishowfsecontrol,905,19]
12-24 11:54:45.431 I/am_uid_stopped( 1537): 10025
12-24 11:54:45.444 I/am_pss ( 1537): [8464,10064,com.thundercomm.gamemode.provider,8591360,5570560,0,93528064,0,19,4]
12-24 11:54:45.450 I/am_proc_died( 1537): [0,8359,com.android.music,905,19]
12-24 11:54:45.451 I/am_uid_stopped( 1537): 10089
12-24 11:54:45.452 I/am_pss ( 1537): [8448,1000,com.thundercomm.gamemode,18653184,13778944,0,115286016,0,10,5]
12-24 11:54:45.455 I/am_proc_died( 1537): [0,8387,com.android.deskclock,905,19]
12-24 11:54:45.455 I/am_uid_stopped( 1537): 10066
12-24 11:54:45.457 I/am_proc_died( 1537): [0,8358,com.android.settings,905,19]
12-24 11:54:45.457 I/am_pss ( 1537): [7769,1000,com.qti.diagservices,6766592,4038656,0,91787264,0,10,5]
12-24 11:54:45.459 I/am_proc_died( 1537): [0,8389,com.android.calendar,905,19]
12-24 11:54:45.459 I/am_uid_stopped( 1537): 10067
12-24 11:54:45.461 I/commit_sys_config_file( 1537): [procstats,6]
12-24 11:54:45.465 I/am_uid_running( 1537): 10089
12-24 11:54:45.466 I/am_uid_running( 1537): 10025
12-24 11:54:45.467 I/am_uid_running( 1537): 10066
12-24 11:54:45.468 I/am_uid_running( 1537): 10067
12-24 11:54:45.479 I/am_proc_start( 1537): [0,8528,1000,com.android.settings,NULL,]
12-24 11:54:45.492 I/am_proc_start( 1537): [0,8529,10089,com.android.music,NULL,]
12-24 11:54:45.504 I/am_proc_start( 1537): [0,8536,10025,com.hryt.hiphishowfsecontrol,NULL,]
12-24 11:54:45.507 I/am_proc_bound( 1537): [0,8528,com.android.settings]
12-24 11:54:45.510 I/am_proc_start( 1537): [0,8544,10066,com.android.deskclock,NULL,]
12-24 11:54:45.516 I/am_proc_start( 1537): [0,8551,10067,com.android.calendar,NULL,]
12-24 11:54:45.522 I/am_proc_bound( 1537): [0,8529,com.android.music]
12-24 11:54:45.530 I/am_proc_bound( 1537): [0,8544,com.android.deskclock]
12-24 11:54:45.534 I/am_proc_bound( 1537): [0,8551,com.android.calendar]
12-24 11:54:45.537 I/am_proc_bound( 1537): [0,8536,com.hryt.hiphishowfsecontrol]
12-24 11:54:45.568 I/am_wtf ( 1537): [0,8528,com.android.settings,952647173,RoleParser,com.android.permissioncontroller.role.model.AssistantRoleBehavior]
12-24 11:54:45.571 I/am_wtf ( 1537): [0,8528,com.android.settings,952647173,RoleParser,com.android.permissioncontroller.role.model.BrowserRoleBehavior]
12-24 11:54:45.572 I/am_wtf ( 1537): [0,8528,com.android.settings,952647173,RoleParser,com.android.permissioncontroller.role.model.DialerRoleBehavior]
12-24 11:54:45.574 I/am_wtf ( 1537): [0,8528,com.android.settings,952647173,RoleParser,com.android.permissioncontroller.role.model.SmsRoleBehavior]
12-24 11:54:45.576 I/am_wtf ( 1537): [0,8528,com.android.settings,952647173,RoleParser,com.android.permissioncontroller.role.model.EmergencyRoleBehavior]
12-24 11:54:45.579 I/am_wtf ( 1537): [0,8528,com.android.settings,952647173,RoleParser,com.android.permissioncontroller.role.model.HomeRoleBehavior]
12-24 11:54:45.581 I/am_wtf ( 1537): [0,8528,com.android.settings,952647173,RoleParser,com.android.permissioncontroller.role.model.SystemAutomotiveClusterRoleBehavior]
12-24 11:54:45.582 I/am_wtf ( 1537): [0,8528,com.android.settings,952647173,RoleParser,com.android.permissioncontroller.role.model.CompanionDeviceWatchRoleBehavior]
12-24 11:54:45.584 I/am_wtf ( 1537): [0,8528,com.android.settings,952647173,RoleParser,com.android.permissioncontroller.role.model.SystemShellRoleBehavior]
12-24 11:54:45.585 I/am_wtf ( 1537): [0,8528,com.android.settings,952647173,RoleParser,com.android.permissioncontroller.role.model.TelevisionRoleBehavior]
12-24 11:54:45.587 I/am_wtf ( 1537): [0,8528,com.android.settings,952647173,RoleParser,com.android.permissioncontroller.role.model.TelevisionRoleBehavior]
12-24 11:54:46.581 I/auditd ( 0): type=1400 audit(0.0:8149): avc: denied { kill } for comm="swapper/2" capability=5 scontext=u:r:kernel:s0 tcontext=u:r:kernel:s0 tclass=capability permissive=0
12-24 11:54:48.581 I/auditd ( 0): type=1400 audit(0.0:8150): avc: denied { kill } for comm="swapper/2" capability=5 scontext=u:r:kernel:s0 tcontext=u:r:kernel:s0 tclass=capability permissive=0
12-24 11:54:49.581 I/auditd ( 0): type=1400 audit(0.0:8151): avc: denied { kill } for comm="swapper/2" capability=5 scontext=u:r:kernel:s0 tcontext=u:r:kernel:s0 tclass=capability permissive=0
12-24 11:54:50.577 I/auditd ( 0): type=1400 audit(0.0:8152): avc: denied { kill } for comm="swapper/2" capability=5 scontext=u:r:kernel:s0 tcontext=u:r:kernel:s0 tclass=capability permissive=0
12-24 11:54:51.581 I/auditd ( 0): type=1400 audit(0.0:8153): avc: denied { kill } for comm="swapper/2" capability=5 scontext=u:r:kernel:s0 tcontext=u:r:kernel:s0 tclass=capability permissive=0
12-24 11:54:52.577 I/auditd ( 0): type=1400 audit(0.0:8154): avc: denied { kill } for comm="swapper/2" capability=5 scontext=u:r:kernel:s0 tcontext=u:r:kernel:s0 tclass=capability permissive=0
12-24 11:54:53.577 I/auditd ( 0): type=1400 audit(0.0:8155): avc: denied { kill } for comm="swapper/2" capability=5 scontext=u:r:kernel:s0 tcontext=u:r:kernel:s0 tclass=capability permissive=0
12-24 11:54:54.581 I/auditd ( 0): type=1400 audit(0.0:8156): avc: denied { kill } for comm="swapper/2" capability=5 scontext=u:r:kernel:s0 tcontext=u:r:kernel:s0 tclass=capability permissive=0
12-24 11:54:55.577 I/auditd ( 0): type=1400 audit(0.0:8157): avc: denied { kill } for comm="swapper/2" capability=5 scontext=u:r:kernel:s0 tcontext=u:r:kernel:s0 tclass=capability permissive=0
12-24 11:54:56.581 I/auditd ( 0): type=1400 audit(0.0:8158): avc: denied { kill } for comm="swapper/2" capability=5 scontext=u:r:kernel:s0 tcontext=u:r:kernel:s0 tclass=capability permissive=0
12-24 11:54:57.577 I/auditd ( 0): type=1400 audit(0.0:8159): avc: denied { kill } for comm="swapper/2" capability=5 scontext=u:r:kernel:s0 tcontext=u:r:kernel:s0 tclass=capability permissive=0
12-24 11:54:58.577 I/auditd ( 0): type=1400 audit(0.0:8160): avc: denied { kill } for comm="swapper/2" capability=5 scontext=u:r:kernel:s0 tcontext=u:r:kernel:s0 tclass=capability permissive=0
12-24 11:54:58.763 I/netstats_mobile_sample( 1537): [0,0,0,0,0,0,0,0,0,0,0,0,1671879298762]
12-24 11:54:58.763 I/netstats_wifi_sample( 1537): [59727287,108001,77291457,172012,59727287,108001,77291457,172012,110733259,148240,40339937,97454,1671879298762]
12-24 11:54:59.577 I/auditd ( 0): type=1400 audit(0.0:8161): avc: denied { kill } for comm="swapper/2" capability=5 scontext=u:r:kernel:s0 tcontext=u:r:kernel:s0 tclass=capability permissive=0
12-24 11:55:00.577 I/auditd ( 0): type=1400 audit(0.0:8162): avc: denied { kill } for comm="swapper/2" capability=5 scontext=u:r:kernel:s0 tcontext=u:r:kernel:s0 tclass=capability permissive=0
12-24 11:55:02.577 I/auditd ( 0): type=1400 audit(0.0:8163): avc: denied { kill } for comm="swapper/2" capability=5 scontext=u:r:kernel:s0 tcontext=u:r:kernel:s0 tclass=capability permissive=0
12-24 11:55:03.577 I/auditd ( 0): type=1400 audit(0.0:8164): avc: denied { kill } for comm="swapper/2" capability=5 scontext=u:r:kernel:s0 tcontext=u:r:kernel:s0 tclass=capability permissive=0
12-24 11:55:04.581 I/auditd ( 0): type=1400 audit(0.0:8165): avc: denied { kill } for comm="swapper/2" capability=5 scontext=u:r:kernel:s0 tcontext=u:r:kernel:s0 tclass=capability permissive=0
12-24 11:55:05.581 I/auditd ( 0): type=1400 audit(0.0:8166): avc: denied { kill } for comm="swapper/2" capability=5 scontext=u:r:kernel:s0 tcontext=u:r:kernel:s0 tclass=capability permissive=0
12-24 11:55:06.581 I/auditd ( 0): type=1400 audit(0.0:8167): avc: denied { kill } for comm="swapper/2" capability=5 scontext=u:r:kernel:s0 tcontext=u:r:kernel:s0 tclass=capability permissive=0
12-24 11:55:07.577 I/auditd ( 0): type=1400 audit(0.0:8168): avc: denied { kill } for comm="swapper/2" capability=5 scontext=u:r:kernel:s0 tcontext=u:r:kernel:s0 tclass=capability permissive=0
12-24 11:55:08.581 I/auditd ( 0): type=1400 audit(0.0:8169): avc: denied { kill } for comm="swapper/2" capability=5 scontext=u:r:kernel:s0 tcontext=u:r:kernel:s0 tclass=capability permissive=0
12-24 11:55:09.581 I/auditd ( 0): type=1400 audit(0.0:8170): avc: denied { kill } for comm="swapper/2" capability=5 scontext=u:r:kernel:s0 tcontext=u:r:kernel:s0 tclass=capability permissive=0
12-24 11:55:10.581 I/auditd ( 0): type=1400 audit(0.0:8171): avc: denied { kill } for comm="swapper/2" capability=5 scontext=u:r:kernel:s0 tcontext=u:r:kernel:s0 tclass=capability permissive=0
12-24 11:55:11.581 I/auditd ( 0): type=1400 audit(0.0:8172): avc: denied { kill } for comm="swapper/2" capability=5 scontext=u:r:kernel:s0 tcontext=u:r:kernel:s0 tclass=capability permissive=0
12-24 11:55:12.030 I/am_pss ( 1537): [7521,10050,com.thundercomm.screensaver,80302080,71700480,0,194183168,0,2,11]
12-24 11:55:12.581 I/auditd ( 0): type=1400 audit(0.0:8173): avc: denied { kill } for comm="swapper/2" capability=5 scontext=u:r:kernel:s0 tcontext=u:r:kernel:s0 tclass=capability permissive=0
12-24 11:55:13.577 I/auditd ( 0): type=1400 audit(0.0:8174): avc: denied { kill } for comm="swapper/2" capability=5 scontext=u:r:kernel:s0 tcontext=u:r:kernel:s0 tclass=capability permissive=0
12-24 11:55:14.581 I/auditd ( 0): type=1400 audit(0.0:8175): avc: denied { kill } for comm="swapper/2" capability=5 scontext=u:r:kernel:s0 tcontext=u:r:kernel:s0 tclass=capability permissive=0
12-24 11:55:15.577 I/auditd ( 0): type=1400 audit(0.0:8176): avc: denied { kill } for comm="swapper/2" capability=5 scontext=u:r:kernel:s0 tcontext=u:r:kernel:s0 tclass=capability permissive=0
12-24 11:55:16.581 I/auditd ( 0): type=1400 audit(0.0:8177): avc: denied { kill } for comm="swapper/2" capability=5 scontext=u:r:kernel:s0 tcontext=u:r:kernel:s0 tclass=capability permissive=0
12-24 11:55:17.581 I/auditd ( 0): type=1400 audit(0.0:8178): avc: denied { kill } for comm="swapper/2" capability=5 scontext=u:r:kernel:s0 tcontext=u:r:kernel:s0 tclass=capability permissive=0
12-24 11:55:18.581 I/auditd ( 0): type=1400 audit(0.0:8179): avc: denied { kill } for comm="swapper/2" capability=5 scontext=u:r:kernel:s0 tcontext=u:r:kernel:s0 tclass=capability permissive=0
12-24 11:55:19.577 I/auditd ( 0): type=1400 audit(0.0:8180): avc: denied { kill } for comm="swapper/2" capability=5 scontext=u:r:kernel:s0 tcontext=u:r:kernel:s0 tclass=capability permissive=0
12-24 11:55:20.581 I/auditd ( 0): type=1400 audit(0.0:8181): avc: denied { kill } for comm="swapper/2" capability=5 scontext=u:r:kernel:s0 tcontext=u:r:kernel:s0 tclass=capability permissive=0
12-24 11:55:21.581 I/auditd ( 0): type=1400 audit(0.0:8182): avc: denied { kill } for comm="swapper/2" capability=5 scontext=u:r:kernel:s0 tcontext=u:r:kernel:s0 tclass=capability permissive=0
12-24 11:55:22.581 I/auditd ( 0): type=1400 audit(0.0:8183): avc: denied { kill } for comm="swapper/2" capability=5 scontext=u:r:kernel:s0 tcontext=u:r:kernel:s0 tclass=capability permissive=0
12-24 11:55:23.577 I/auditd ( 0): type=1400 audit(0.0:8184): avc: denied { kill } for comm="swapper/2" capability=5 scontext=u:r:kernel:s0 tcontext=u:r:kernel:s0 tclass=capability permissive=0
12-24 11:55:24.581 I/auditd ( 0): type=1400 audit(0.0:8185): avc: denied { kill } for comm="swapper/2" capability=5 scontext=u:r:kernel:s0 tcontext=u:r:kernel:s0 tclass=capability permissive=0
12-24 11:55:25.577 I/auditd ( 0): type=1400 audit(0.0:8186): avc: denied { kill } for comm="swapper/2" capability=5 scontext=u:r:kernel:s0 tcontext=u:r:kernel:s0 tclass=capability permissive=0
12-24 11:55:26.577 I/auditd ( 0): type=1400 audit(0.0:8187): avc: denied { kill } for comm="swapper/2" capability=5 scontext=u:r:kernel:s0 tcontext=u:r:kernel:s0 tclass=capability permissive=0
12-24 11:55:27.581 I/auditd ( 0): type=1400 audit(0.0:8188): avc: denied { kill } for comm="swapper/2" capability=5 scontext=u:r:kernel:s0 tcontext=u:r:kernel:s0 tclass=capability permissive=0
12-24 11:55:28.581 I/auditd ( 0): type=1400 audit(0.0:8189): avc: denied { kill } for comm="swapper/2" capability=5 scontext=u:r:kernel:s0 tcontext=u:r:kernel:s0 tclass=capability permissive=0
12-24 11:55:29.581 I/auditd ( 0): type=1400 audit(0.0:8190): avc: denied { kill } for comm="swapper/2" capability=5 scontext=u:r:kernel:s0 tcontext=u:r:kernel:s0 tclass=capability permissive=0
12-24 11:55:30.581 I/auditd ( 0): type=1400 audit(0.0:8191): avc: denied { kill } for comm="swapper/2" capability=5 scontext=u:r:kernel:s0 tcontext=u:r:kernel:s0 tclass=capability permissive=0
12-24 11:55:31.577 I/auditd ( 0): type=1400 audit(0.0:8192): avc: denied { kill } for comm="swapper/2" capability=5 scontext=u:r:kernel:s0 tcontext=u:r:kernel:s0 tclass=capability permissive=0
12-24 11:55:32.581 I/auditd ( 0): type=1400 audit(0.0:8193): avc: denied { kill } for comm="swapper/2" capability=5 scontext=u:r:kernel:s0 tcontext=u:r:kernel:s0 tclass=capability permissive=0
12-24 11:55:33.581 I/auditd ( 0): type=1400 audit(0.0:8194): avc: denied { kill } for comm="swapper/2" capability=5 scontext=u:r:kernel:s0 tcontext=u:r:kernel:s0 tclass=capability permissive=0
12-24 11:55:34.581 I/auditd ( 0): type=1400 audit(0.0:8195): avc: denied { kill } for comm="swapper/2" capability=5 scontext=u:r:kernel:s0 tcontext=u:r:kernel:s0 tclass=capability permissive=0
12-24 11:55:35.577 I/auditd ( 0): type=1400 audit(0.0:8196): avc: denied { kill } for comm="swapper/2" capability=5 scontext=u:r:kernel:s0 tcontext=u:r:kernel:s0 tclass=capability permissive=0
12-24 11:55:36.581 I/auditd ( 0): type=1400 audit(0.0:8197): avc: denied { kill } for comm="swapper/2" capability=5 scontext=u:r:kernel:s0 tcontext=u:r:kernel:s0 tclass=capability permissive=0
12-24 11:55:37.577 I/auditd ( 0): type=1400 audit(0.0:8198): avc: denied { kill } for comm="swapper/2" capability=5 scontext=u:r:kernel:s0 tcontext=u:r:kernel:s0 tclass=capability permissive=0
12-24 11:55:38.581 I/auditd ( 0): type=1400 audit(0.0:8199): avc: denied { kill } for comm="swapper/2" capability=5 scontext=u:r:kernel:s0 tcontext=u:r:kernel:s0 tclass=capability permissive=0
12-24 11:55:39.577 I/auditd ( 0): type=1400 audit(0.0:8200): avc: denied { kill } for comm="swapper/2" capability=5 scontext=u:r:kernel:s0 tcontext=u:r:kernel:s0 tclass=capability permissive=0
12-24 11:55:40.581 I/auditd ( 0): type=1400 audit(0.0:8201): avc: denied { kill } for comm="swapper/2" capability=5 scontext=u:r:kernel:s0 tcontext=u:r:kernel:s0 tclass=capability permissive=0
12-24 11:55:41.581 I/auditd ( 0): type=1400 audit(0.0:8202): avc: denied { kill } for comm="swapper/2" capability=5 scontext=u:r:kernel:s0 tcontext=u:r:kernel:s0 tclass=capability permissive=0
12-24 11:55:42.577 I/auditd ( 0): type=1400 audit(0.0:8203): avc: denied { kill } for comm="swapper/2" capability=5 scontext=u:r:kernel:s0 tcontext=u:r:kernel:s0 tclass=capability permissive=0
12-24 11:55:43.581 I/auditd ( 0): type=1400 audit(0.0:8204): avc: denied { kill } for comm="swapper/2" capability=5 scontext=u:r:kernel:s0 tcontext=u:r:kernel:s0 tclass=capability permissive=0
12-24 11:55:45.577 I/auditd ( 0): type=1400 audit(0.0:8205): avc: denied { kill } for comm="swapper/2" capability=5 scontext=u:r:kernel:s0 tcontext=u:r:kernel:s0 tclass=capability permissive=0
12-24 11:55:46.577 I/auditd ( 0): type=1400 audit(0.0:8206): avc: denied { kill } for comm="swapper/2" capability=5 scontext=u:r:kernel:s0 tcontext=u:r:kernel:s0 tclass=capability permissive=0
12-24 11:55:47.577 I/auditd ( 0): type=1400 audit(0.0:8207): avc: denied { kill } for comm="swapper/2" capability=5 scontext=u:r:kernel:s0 tcontext=u:r:kernel:s0 tclass=capability permissive=0
12-24 11:55:48.581 I/auditd ( 0): type=1400 audit(0.0:8208): avc: denied { kill } for comm="swapper/2" capability=5 scontext=u:r:kernel:s0 tcontext=u:r:kernel:s0 tclass=capability permissive=0
12-24 11:55:49.581 I/auditd ( 0): type=1400 audit(0.0:8209): avc: denied { kill } for comm="swapper/2" capability=5 scontext=u:r:kernel:s0 tcontext=u:r:kernel:s0 tclass=capability permissive=0
12-24 11:55:50.581 I/auditd ( 0): type=1400 audit(0.0:8210): avc: denied { kill } for comm="swapper/2" capability=5 scontext=u:r:kernel:s0 tcontext=u:r:kernel:s0 tclass=capability permissive=0
12-24 11:55:51.581 I/auditd ( 0): type=1400 audit(0.0:8211): avc: denied { kill } for comm="swapper/2" capability=5 scontext=u:r:kernel:s0 tcontext=u:r:kernel:s0 tclass=capability permissive=0
12-24 11:55:52.577 I/auditd ( 0): type=1400 audit(0.0:8212): avc: denied { kill } for comm="swapper/2" capability=5 scontext=u:r:kernel:s0 tcontext=u:r:kernel:s0 tclass=capability permissive=0
12-24 11:55:53.581 I/auditd ( 0): type=1400 audit(0.0:8213): avc: denied { kill } for comm="swapper/2" capability=5 scontext=u:r:kernel:s0 tcontext=u:r:kernel:s0 tclass=capability permissive=0
12-24 11:55:54.581 I/auditd ( 0): type=1400 audit(0.0:8214): avc: denied { kill } for comm="swapper/2" capability=5 scontext=u:r:kernel:s0 tcontext=u:r:kernel:s0 tclass=capability permissive=0
12-24 11:55:55.581 I/auditd ( 0): type=1400 audit(0.0:8215): avc: denied { kill } for comm="swapper/2" capability=5 scontext=u:r:kernel:s0 tcontext=u:r:kernel:s0 tclass=capability permissive=0
12-24 11:55:56.577 I/auditd ( 0): type=1400 audit(0.0:8216): avc: denied { kill } for comm="swapper/2" capability=5 scontext=u:r:kernel:s0 tcontext=u:r:kernel:s0 tclass=capability permissive=0
12-24 11:55:57.577 I/auditd ( 0): type=1400 audit(0.0:8217): avc: denied { kill } for comm="swapper/2" capability=5 scontext=u:r:kernel:s0 tcontext=u:r:kernel:s0 tclass=capability permissive=0
12-24 11:55:58.577 I/auditd ( 0): type=1400 audit(0.0:8218): avc: denied { kill } for comm="swapper/2" capability=5 scontext=u:r:kernel:s0 tcontext=u:r:kernel:s0 tclass=capability permissive=0
12-24 11:55:59.577 I/auditd ( 0): type=1400 audit(0.0:8219): avc: denied { kill } for comm="swapper/2" capability=5 scontext=u:r:kernel:s0 tcontext=u:r:kernel:s0 tclass=capability permissive=0
12-24 11:56:00.577 I/auditd ( 0): type=1400 audit(0.0:8220): avc: denied { kill } for comm="swapper/2" capability=5 scontext=u:r:kernel:s0 tcontext=u:r:kernel:s0 tclass=capability permissive=0
12-24 11:56:03.577 I/auditd ( 0): type=1400 audit(0.0:8221): avc: denied { kill } for comm="swapper/0" capability=5 scontext=u:r:kernel:s0 tcontext=u:r:kernel:s0 tclass=capability permissive=0
12-24 11:56:04.581 I/auditd ( 0): type=1400 audit(0.0:8222): avc: denied { kill } for comm="swapper/0" capability=5 scontext=u:r:kernel:s0 tcontext=u:r:kernel:s0 tclass=capability permissive=0
12-24 11:56:05.581 I/auditd ( 0): type=1400 audit(0.0:8223): avc: denied { kill } for comm="swapper/0" capability=5 scontext=u:r:kernel:s0 tcontext=u:r:kernel:s0 tclass=capability permissive=0
12-24 11:56:06.581 I/auditd ( 0): type=1400 audit(0.0:8224): avc: denied { kill } for comm="swapper/0" capability=5 scontext=u:r:kernel:s0 tcontext=u:r:kernel:s0 tclass=capability permissive=0
12-24 11:56:07.577 I/auditd ( 0): type=1400 audit(0.0:8225): avc: denied { kill } for comm="swapper/0" capability=5 scontext=u:r:kernel:s0 tcontext=u:r:kernel:s0 tclass=capability permissive=0
12-24 11:56:08.581 I/auditd ( 0): type=1400 audit(0.0:8226): avc: denied { kill } for comm="swapper/0" capability=5 scontext=u:r:kernel:s0 tcontext=u:r:kernel:s0 tclass=capability permissive=0
12-24 11:56:09.581 I/auditd ( 0): type=1400 audit(0.0:8227): avc: denied { kill } for comm="swapper/0" capability=5 scontext=u:r:kernel:s0 tcontext=u:r:kernel:s0 tclass=capability permissive=0
12-24 11:56:10.581 I/auditd ( 0): type=1400 audit(0.0:8228): avc: denied { kill } for comm="swapper/0" capability=5 scontext=u:r:kernel:s0 tcontext=u:r:kernel:s0 tclass=capability permissive=0
12-24 11:56:11.581 I/auditd ( 0): type=1400 audit(0.0:8229): avc: denied { kill } for comm="swapper/0" capability=5 scontext=u:r:kernel:s0 tcontext=u:r:kernel:s0 tclass=capability permissive=0
12-24 11:56:12.581 I/auditd ( 0): type=1400 audit(0.0:8230): avc: denied { kill } for comm="swapper/0" capability=5 scontext=u:r:kernel:s0 tcontext=u:r:kernel:s0 tclass=capability permissive=0
12-24 11:56:13.581 I/auditd ( 0): type=1400 audit(0.0:8231): avc: denied { kill } for comm="swapper/0" capability=5 scontext=u:r:kernel:s0 tcontext=u:r:kernel:s0 tclass=capability permissive=0
12-24 11:56:14.581 I/auditd ( 0): type=1400 audit(0.0:8232): avc: denied { kill } for comm="swapper/0" capability=5 scontext=u:r:kernel:s0 tcontext=u:r:kernel:s0 tclass=capability permissive=0
12-24 11:56:15.577 I/auditd ( 0): type=1400 audit(0.0:8233): avc: denied { kill } for comm="swapper/0" capability=5 scontext=u:r:kernel:s0 tcontext=u:r:kernel:s0 tclass=capability permissive=0
12-24 11:56:16.577 I/auditd ( 0): type=1400 audit(0.0:8234): avc: denied { kill } for comm="swapper/0" capability=5 scontext=u:r:kernel:s0 tcontext=u:r:kernel:s0 tclass=capability permissive=0
12-24 11:56:17.581 I/auditd ( 0): type=1400 audit(0.0:8235): avc: denied { kill } for comm="swapper/0" capability=5 scontext=u:r:kernel:s0 tcontext=u:r:kernel:s0 tclass=capability permissive=0
12-24 11:56:19.581 I/auditd ( 0): type=1400 audit(0.0:8236): avc: denied { kill } for comm="swapper/0" capability=5 scontext=u:r:kernel:s0 tcontext=u:r:kernel:s0 tclass=capability permissive=0
12-24 11:56:20.581 I/auditd ( 0): type=1400 audit(0.0:8237): avc: denied { kill } for comm="swapper/0" capability=5 scontext=u:r:kernel:s0 tcontext=u:r:kernel:s0 tclass=capability permissive=0
12-24 11:56:21.581 I/auditd ( 0): type=1400 audit(0.0:8238): avc: denied { kill } for comm="swapper/0" capability=5 scontext=u:r:kernel:s0 tcontext=u:r:kernel:s0 tclass=capability permissive=0
12-24 11:56:22.577 I/auditd ( 0): type=1400 audit(0.0:8239): avc: denied { kill } for comm="swapper/0" capability=5 scontext=u:r:kernel:s0 tcontext=u:r:kernel:s0 tclass=capability permissive=0
12-24 11:56:23.577 I/auditd ( 0): type=1400 audit(0.0:8240): avc: denied { kill } for comm="swapper/0" capability=5 scontext=u:r:kernel:s0 tcontext=u:r:kernel:s0 tclass=capability permissive=0
12-24 11:56:24.581 I/auditd ( 0): type=1400 audit(0.0:8241): avc: denied { kill } for comm="swapper/0" capability=5 scontext=u:r:kernel:s0 tcontext=u:r:kernel:s0 tclass=capability permissive=0
12-24 11:56:25.581 I/auditd ( 0): type=1400 audit(0.0:8242): avc: denied { kill } for comm="swapper/0" capability=5 scontext=u:r:kernel:s0 tcontext=u:r:kernel:s0 tclass=capability permissive=0
12-24 11:56:26.581 I/auditd ( 0): type=1400 audit(0.0:8243): avc: denied { kill } for comm="swapper/0" capability=5 scontext=u:r:kernel:s0 tcontext=u:r:kernel:s0 tclass=capability permissive=0
12-24 11:56:27.581 I/auditd ( 0): type=1400 audit(0.0:8244): avc: denied { kill } for comm="swapper/0" capability=5 scontext=u:r:kernel:s0 tcontext=u:r:kernel:s0 tclass=capability permissive=0
12-24 11:56:28.581 I/auditd ( 0): type=1400 audit(0.0:8245): avc: denied { kill } for comm="swapper/0" capability=5 scontext=u:r:kernel:s0 tcontext=u:r:kernel:s0 tclass=capability permissive=0
12-24 11:56:29.581 I/auditd ( 0): type=1400 audit(0.0:8246): avc: denied { kill } for comm="swapper/0" capability=5 scontext=u:r:kernel:s0 tcontext=u:r:kernel:s0 tclass=capability permissive=0
12-24 11:56:30.581 I/auditd ( 0): type=1400 audit(0.0:8247): avc: denied { kill } for comm="swapper/0" capability=5 scontext=u:r:kernel:s0 tcontext=u:r:kernel:s0 tclass=capability permissive=0
12-24 11:56:31.577 I/auditd ( 0): type=1400 audit(0.0:8248): avc: denied { kill } for comm="swapper/0" capability=5 scontext=u:r:kernel:s0 tcontext=u:r:kernel:s0 tclass=capability permissive=0
12-24 11:56:32.581 I/auditd ( 0): type=1400 audit(0.0:8249): avc: denied { kill } for comm="swapper/0" capability=5 scontext=u:r:kernel:s0 tcontext=u:r:kernel:s0 tclass=capability permissive=0
12-24 11:56:33.581 I/auditd ( 0): type=1400 audit(0.0:8250): avc: denied { kill } for comm="swapper/0" capability=5 scontext=u:r:kernel:s0 tcontext=u:r:kernel:s0 tclass=capability permissive=0
12-24 11:56:34.581 I/auditd ( 0): type=1400 audit(0.0:8251): avc: denied { kill } for comm="swapper/0" capability=5 scontext=u:r:kernel:s0 tcontext=u:r:kernel:s0 tclass=capability permissive=0
12-24 11:56:35.577 I/auditd ( 0): type=1400 audit(0.0:8252): avc: denied { kill } for comm="swapper/0" capability=5 scontext=u:r:kernel:s0 tcontext=u:r:kernel:s0 tclass=capability permissive=0
12-24 11:56:36.581 I/auditd ( 0): type=1400 audit(0.0:8253): avc: denied { kill } for comm="swapper/0" capability=5 scontext=u:r:kernel:s0 tcontext=u:r:kernel:s0 tclass=capability permissive=0
12-24 11:56:37.581 I/auditd ( 0): type=1400 audit(0.0:8254): avc: denied { kill } for comm="swapper/0" capability=5 scontext=u:r:kernel:s0 tcontext=u:r:kernel:s0 tclass=capability permissive=0
12-24 11:56:38.581 I/auditd ( 0): type=1400 audit(0.0:8255): avc: denied { kill } for comm="swapper/0" capability=5 scontext=u:r:kernel:s0 tcontext=u:r:kernel:s0 tclass=capability permissive=0
12-24 11:56:39.577 I/auditd ( 0): type=1400 audit(0.0:8256): avc: denied { kill } for comm="swapper/0" capability=5 scontext=u:r:kernel:s0 tcontext=u:r:kernel:s0 tclass=capability permissive=0
12-24 11:56:40.581 I/auditd ( 0): type=1400 audit(0.0:8257): avc: denied { kill } for comm="swapper/0" capability=5 scontext=u:r:kernel:s0 tcontext=u:r:kernel:s0 tclass=capability permissive=0
12-24 11:56:41.577 I/auditd ( 0): type=1400 audit(0.0:8258): avc: denied { kill } for comm="swapper/0" capability=5 scontext=u:r:kernel:s0 tcontext=u:r:kernel:s0 tclass=capability permissive=0
12-24 11:56:42.581 I/auditd ( 0): type=1400 audit(0.0:8259): avc: denied { kill } for comm="swapper/0" capability=5 scontext=u:r:kernel:s0 tcontext=u:r:kernel:s0 tclass=capability permissive=0
12-24 11:56:42.755 I/netstats_mobile_sample( 1537): [0,0,0,0,0,0,0,0,0,0,0,0,1671879402755]
12-24 11:56:42.756 I/netstats_wifi_sample( 1537): [60399814,109329,78585274,174639,60399814,109329,78585274,174639,112281546,150224,40988382,98781,1671879402755]
12-24 11:56:43.577 I/auditd ( 0): type=1400 audit(0.0:8260): avc: denied { kill } for comm="swapper/0" capability=5 scontext=u:r:kernel:s0 tcontext=u:r:kernel:s0 tclass=capability permissive=0
12-24 11:56:44.581 I/auditd ( 0): type=1400 audit(0.0:8261): avc: denied { kill } for comm="swapper/0" capability=5 scontext=u:r:kernel:s0 tcontext=u:r:kernel:s0 tclass=capability permissive=0
12-24 11:56:45.581 I/auditd ( 0): type=1400 audit(0.0:8262): avc: denied { kill } for comm="swapper/0" capability=5 scontext=u:r:kernel:s0 tcontext=u:r:kernel:s0 tclass=capability permissive=0
12-24 11:56:46.581 I/auditd ( 0): type=1400 audit(0.0:8263): avc: denied { kill } for comm="swapper/0" capability=5 scontext=u:r:kernel:s0 tcontext=u:r:kernel:s0 tclass=capability permissive=0
12-24 11:56:47.581 I/auditd ( 0): type=1400 audit(0.0:8264): avc: denied { kill } for comm="swapper/0" capability=5 scontext=u:r:kernel:s0 tcontext=u:r:kernel:s0 tclass=capability permissive=0
12-24 11:56:48.581 I/auditd ( 0): type=1400 audit(0.0:8265): avc: denied { kill } for comm="swapper/0" capability=5 scontext=u:r:kernel:s0 tcontext=u:r:kernel:s0 tclass=capability permissive=0
12-24 11:56:49.577 I/auditd ( 0): type=1400 audit(0.0:8266): avc: denied { kill } for comm="swapper/0" capability=5 scontext=u:r:kernel:s0 tcontext=u:r:kernel:s0 tclass=capability permissive=0
12-24 11:56:50.581 I/auditd ( 0): type=1400 audit(0.0:8267): avc: denied { kill } for comm="swapper/0" capability=5 scontext=u:r:kernel:s0 tcontext=u:r:kernel:s0 tclass=capability permissive=0
12-24 11:56:51.581 I/auditd ( 0): type=1400 audit(0.0:8268): avc: denied { kill } for comm="swapper/0" capability=5 scontext=u:r:kernel:s0 tcontext=u:r:kernel:s0 tclass=capability permissive=0
12-24 11:56:52.577 I/auditd ( 0): type=1400 audit(0.0:8269): avc: denied { kill } for comm="swapper/0" capability=5 scontext=u:r:kernel:s0 tcontext=u:r:kernel:s0 tclass=capability permissive=0
12-24 11:56:53.581 I/auditd ( 0): type=1400 audit(0.0:8270): avc: denied { kill } for comm="swapper/0" capability=5 scontext=u:r:kernel:s0 tcontext=u:r:kernel:s0 tclass=capability permissive=0
12-24 11:56:54.581 I/auditd ( 0): type=1400 audit(0.0:8271): avc: denied { kill } for comm="swapper/0" capability=5 scontext=u:r:kernel:s0 tcontext=u:r:kernel:s0 tclass=capability permissive=0
12-24 11:56:55.577 I/auditd ( 0): type=1400 audit(0.0:8272): avc: denied { kill } for comm="swapper/0" capability=5 scontext=u:r:kernel:s0 tcontext=u:r:kernel:s0 tclass=capability permissive=0
12-24 11:56:56.581 I/auditd ( 0): type=1400 audit(0.0:8273): avc: denied { kill } for comm="swapper/0" capability=5 scontext=u:r:kernel:s0 tcontext=u:r:kernel:s0 tclass=capability permissive=0
12-24 11:56:57.577 I/auditd ( 0): type=1400 audit(0.0:8274): avc: denied { kill } for comm="swapper/0" capability=5 scontext=u:r:kernel:s0 tcontext=u:r:kernel:s0 tclass=capability permissive=0
12-24 11:57:00.577 I/auditd ( 0): type=1400 audit(0.0:8275): avc: denied { kill } for comm="swapper/0" capability=5 scontext=u:r:kernel:s0 tcontext=u:r:kernel:s0 tclass=capability permissive=0
12-24 11:57:01.577 I/auditd ( 0): type=1400 audit(0.0:8276): avc: denied { kill } for comm="swapper/0" capability=5 scontext=u:r:kernel:s0 tcontext=u:r:kernel:s0 tclass=capability permissive=0
12-24 11:57:02.577 I/auditd ( 0): type=1400 audit(0.0:8277): avc: denied { kill } for comm="swapper/0" capability=5 scontext=u:r:kernel:s0 tcontext=u:r:kernel:s0 tclass=capability permissive=0
12-24 11:57:03.577 I/auditd ( 0): type=1400 audit(0.0:8278): avc: denied { kill } for comm="swapper/0" capability=5 scontext=u:r:kernel:s0 tcontext=u:r:kernel:s0 tclass=capability permissive=0
12-24 11:57:04.577 I/auditd ( 0): type=1400 audit(0.0:8279): avc: denied { kill } for comm="swapper/0" capability=5 scontext=u:r:kernel:s0 tcontext=u:r:kernel:s0 tclass=capability permissive=0
12-24 11:57:05.581 I/auditd ( 0): type=1400 audit(0.0:8280): avc: denied { kill } for comm="swapper/0" capability=5 scontext=u:r:kernel:s0 tcontext=u:r:kernel:s0 tclass=capability permissive=0
12-24 11:57:06.577 I/auditd ( 0): type=1400 audit(0.0:8281): avc: denied { kill } for comm="swapper/0" capability=5 scontext=u:r:kernel:s0 tcontext=u:r:kernel:s0 tclass=capability permissive=0
12-24 11:57:07.577 I/auditd ( 0): type=1400 audit(0.0:8282): avc: denied { kill } for comm="swapper/0" capability=5 scontext=u:r:kernel:s0 tcontext=u:r:kernel:s0 tclass=capability permissive=0
12-24 11:57:08.577 I/auditd ( 0): type=1400 audit(0.0:8283): avc: denied { kill } for comm="swapper/0" capability=5 scontext=u:r:kernel:s0 tcontext=u:r:kernel:s0 tclass=capability permissive=0
12-24 11:57:09.577 I/auditd ( 0): type=1400 audit(0.0:8284): avc: denied { kill } for comm="swapper/0" capability=5 scontext=u:r:kernel:s0 tcontext=u:r:kernel:s0 tclass=capability permissive=0
12-24 11:57:10.581 I/auditd ( 0): type=1400 audit(0.0:8285): avc: denied { kill } for comm="swapper/0" capability=5 scontext=u:r:kernel:s0 tcontext=u:r:kernel:s0 tclass=capability permissive=0
12-24 11:57:11.577 I/auditd ( 0): type=1400 audit(0.0:8286): avc: denied { kill } for comm="swapper/0" capability=5 scontext=u:r:kernel:s0 tcontext=u:r:kernel:s0 tclass=capability permissive=0
12-24 11:57:12.577 I/auditd ( 0): type=1400 audit(0.0:8287): avc: denied { kill } for comm="swapper/0" capability=5 scontext=u:r:kernel:s0 tcontext=u:r:kernel:s0 tclass=capability permissive=0
12-24 11:57:13.581 I/auditd ( 0): type=1400 audit(0.0:8288): avc: denied { kill } for comm="swapper/0" capability=5 scontext=u:r:kernel:s0 tcontext=u:r:kernel:s0 tclass=capability permissive=0
12-24 11:57:14.577 I/auditd ( 0): type=1400 audit(0.0:8289): avc: denied { kill } for comm="swapper/0" capability=5 scontext=u:r:kernel:s0 tcontext=u:r:kernel:s0 tclass=capability permissive=0
12-24 11:57:15.577 I/auditd ( 0): type=1400 audit(0.0:8290): avc: denied { kill } for comm="swapper/0" capability=5 scontext=u:r:kernel:s0 tcontext=u:r:kernel:s0 tclass=capability permissive=0
12-24 11:57:16.577 I/auditd ( 0): type=1400 audit(0.0:8291): avc: denied { kill } for comm="swapper/0" capability=5 scontext=u:r:kernel:s0 tcontext=u:r:kernel:s0 tclass=capability permissive=0
12-24 11:57:17.577 I/auditd ( 0): type=1400 audit(0.0:8292): avc: denied { kill } for comm="swapper/0" capability=5 scontext=u:r:kernel:s0 tcontext=u:r:kernel:s0 tclass=capability permissive=0
12-24 11:57:18.577 I/auditd ( 0): type=1400 audit(0.0:8293): avc: denied { kill } for comm="swapper/0" capability=5 scontext=u:r:kernel:s0 tcontext=u:r:kernel:s0 tclass=capability permissive=0
12-24 11:57:19.577 I/auditd ( 0): type=1400 audit(0.0:8294): avc: denied { kill } for comm="swapper/0" capability=5 scontext=u:r:kernel:s0 tcontext=u:r:kernel:s0 tclass=capability permissive=0
12-24 11:57:20.577 I/auditd ( 0): type=1400 audit(0.0:8295): avc: denied { kill } for comm="swapper/0" capability=5 scontext=u:r:kernel:s0 tcontext=u:r:kernel:s0 tclass=capability permissive=0
12-24 11:57:21.581 I/auditd ( 0): type=1400 audit(0.0:8296): avc: denied { kill } for comm="swapper/0" capability=5 scontext=u:r:kernel:s0 tcontext=u:r:kernel:s0 tclass=capability permissive=0
12-24 11:57:22.577 I/auditd ( 0): type=1400 audit(0.0:8297): avc: denied { kill } for comm="swapper/0" capability=5 scontext=u:r:kernel:s0 tcontext=u:r:kernel:s0 tclass=capability permissive=0
12-24 11:57:23.581 I/auditd ( 0): type=1400 audit(0.0:8298): avc: denied { kill } for comm="swapper/0" capability=5 scontext=u:r:kernel:s0 tcontext=u:r:kernel:s0 tclass=capability permissive=0
12-24 11:57:24.577 I/auditd ( 0): type=1400 audit(0.0:8299): avc: denied { kill } for comm="swapper/0" capability=5 scontext=u:r:kernel:s0 tcontext=u:r:kernel:s0 tclass=capability permissive=0
12-24 11:57:25.577 I/auditd ( 0): type=1400 audit(0.0:8300): avc: denied { kill } for comm="swapper/0" capability=5 scontext=u:r:kernel:s0 tcontext=u:r:kernel:s0 tclass=capability permissive=0
12-24 11:57:26.577 I/auditd ( 0): type=1400 audit(0.0:8301): avc: denied { kill } for comm="swapper/0" capability=5 scontext=u:r:kernel:s0 tcontext=u:r:kernel:s0 tclass=capability permissive=0
12-24 11:57:27.577 I/auditd ( 0): type=1400 audit(0.0:8302): avc: denied { kill } for comm="swapper/0" capability=5 scontext=u:r:kernel:s0 tcontext=u:r:kernel:s0 tclass=capability permissive=0
12-24 11:57:28.581 I/auditd ( 0): type=1400 audit(0.0:8303): avc: denied { kill } for comm="swapper/0" capability=5 scontext=u:r:kernel:s0 tcontext=u:r:kernel:s0 tclass=capability permissive=0
12-24 11:57:29.577 I/auditd ( 0): type=1400 audit(0.0:8304): avc: denied { kill } for comm="swapper/0" capability=5 scontext=u:r:kernel:s0 tcontext=u:r:kernel:s0 tclass=capability permissive=0
12-24 11:57:30.577 I/auditd ( 0): type=1400 audit(0.0:8305): avc: denied { kill } for comm="swapper/0" capability=5 scontext=u:r:kernel:s0 tcontext=u:r:kernel:s0 tclass=capability permissive=0
12-24 11:57:31.581 I/auditd ( 0): type=1400 audit(0.0:8306): avc: denied { kill } for comm="swapper/0" capability=5 scontext=u:r:kernel:s0 tcontext=u:r:kernel:s0 tclass=capability permissive=0
