12-24 10:24:25.112 I/wm_set_resumed_activity( 1537): [0,com.miHoYo.Yuanshen/com.miHoYo.GetMobileInfo.MainActivity,bringingFoundTaskToFront]
12-24 10:24:25.112 I/wm_new_intent( 1537): [0,189855000,11,com.miHoYo.Yuanshen/com.miHoYo.GetMobileInfo.MainActivity,android.intent.action.MAIN,NULL,NULL,270532608]
12-24 10:24:25.114 I/wm_pause_activity( 1537): [0,67070911,com.android.launcher3/.uioverrides.QuickstepLauncher,userLeaving=true,pauseBackTasks]
12-24 10:24:25.119 I/wm_on_top_resumed_lost_called( 2496): [67070911,com.android.launcher3.uioverrides.QuickstepLauncher,topStateChangedWhenResumed]
12-24 10:24:25.120 I/wm_on_paused_called( 2496): [67070911,com.android.launcher3.uioverrides.QuickstepLauncher,performPause]
12-24 10:24:25.126 I/wm_set_resumed_activity( 1537): [0,com.miHoYo.Yuanshen/com.miHoYo.GetMobileInfo.MainActivity,resumeTopActivityInnerLocked]
12-24 10:24:25.127 I/wm_add_to_stopping( 1537): [0,67070911,com.android.launcher3/.uioverrides.QuickstepLauncher,makeInvisible]
12-24 10:24:25.128 I/wm_resume_activity( 1537): [0,189855000,11,com.miHoYo.Yuanshen/com.miHoYo.GetMobileInfo.MainActivity]
12-24 10:24:25.138 I/sysui_multi_action( 1537): [757,803,799,window_time_0,802,0]
12-24 10:24:25.140 I/wm_on_restart_called( 5055): [189855000,com.miHoYo.GetMobileInfo.MainActivity,performRestartActivity]
12-24 10:24:25.141 I/wm_on_start_called( 5055): [189855000,com.miHoYo.GetMobileInfo.MainActivity,handleStartActivity]
12-24 10:24:25.142 I/wm_on_resume_called( 5055): [189855000,com.miHoYo.GetMobileInfo.MainActivity,RESUME_ACTIVITY]
12-24 10:24:25.142 I/wm_on_top_resumed_gained_called( 5055): [189855000,com.miHoYo.GetMobileInfo.MainActivity,topWhenResuming]
12-24 10:24:25.150 I/input_focus( 1537): [Focus leaving 6530592 com.android.launcher3/com.android.launcher3.uioverrides.QuickstepLauncher (server),reason=NO_WINDOW]
12-24 10:24:25.151 I/input_focus( 1537): [Focus request 2b0ad19 com.miHoYo.Yuanshen/com.miHoYo.GetMobileInfo.MainActivity,reason=UpdateInputWindows]
12-24 10:24:25.160 I/sysui_multi_action( 1537): [319,26,321,24,322,50,325,3034,757,761,758,9,759,4,806,com.miHoYo.Yuanshen,871,com.miHoYo.GetMobileInfo.MainActivity,904,com.android.launcher3,905,0,1320,8,1321,5]
12-24 10:24:25.167 I/input_focus( 1537): [Focus entering 2b0ad19 com.miHoYo.Yuanshen/com.miHoYo.GetMobileInfo.MainActivity (server),reason=setFocusedWindow]
12-24 10:24:25.577 I/auditd ( 0): type=1400 audit(0.0:3020): avc: denied { kill } for comm="swapper/0" capability=5 scontext=u:r:kernel:s0 tcontext=u:r:kernel:s0 tclass=capability permissive=0
12-24 10:24:25.670 I/wm_stop_activity( 1537): [0,67070911,com.android.launcher3/.uioverrides.QuickstepLauncher]
12-24 10:24:25.692 I/wm_on_stop_called( 2496): [67070911,com.android.launcher3.uioverrides.QuickstepLauncher,STOP_ACTIVITY_ITEM]
12-24 10:24:25.729 I/ntp_failure( 1537): [time.android.com/216.239.35.4,java.net.SocketTimeoutException: Poll timed out]
12-24 10:24:26.274 I/am_uid_running( 1537): 99001
12-24 10:24:26.292 I/am_proc_start( 1537): [0,5490,99001,com.android.webview:sandboxed_process0:org.chromium.content.app.SandboxedProcessService0:0,,{com.miHoYo.Yuanshen/org.chromium.content.app.SandboxedProcessService0:0}]
12-24 10:24:26.318 I/am_proc_bound( 1537): [0,5490,com.android.webview:sandboxed_process0:org.chromium.content.app.SandboxedProcessService0:0]
12-24 10:24:26.326 I/am_uid_active( 1537): 99001
12-24 10:24:26.352 I/auditd ( 498): avc: denied { find } for pid=5490 uid=99001 name=content_capture scontext=u:r:isolated_app:s0:c512,c768 tcontext=u:object_r:content_capture_service:s0 tclass=service_manager permissive=0
12-24 10:24:26.577 I/auditd ( 0): type=1400 audit(0.0:3021): avc: denied { kill } for comm="swapper/0" capability=5 scontext=u:r:kernel:s0 tcontext=u:r:kernel:s0 tclass=capability permissive=0
12-24 10:24:26.784 I/am_kill ( 1537): [0,5490,com.android.webview:sandboxed_process0:org.chromium.content.app.SandboxedProcessService0:0,0,isolated not needed]
12-24 10:24:26.818 I/am_proc_died( 1537): [0,5490,com.android.webview:sandboxed_process0:org.chromium.content.app.SandboxedProcessService0:0,0,10]
12-24 10:24:26.819 I/am_uid_stopped( 1537): 99001
12-24 10:24:27.527 I/input_interaction( 1537): Interaction with: 2b0ad19 com.miHoYo.Yuanshen/com.miHoYo.GetMobileInfo.MainActivity (server), edge-swipe (server), swipe-up (server), PointerEventDispatcher0 (server),
12-24 10:24:27.529 I/service_manager_stats( 1537): [100,68,42936]
12-24 10:24:27.577 I/auditd ( 0): type=1400 audit(0.0:3022): avc: denied { kill } for comm="swapper/0" capability=5 scontext=u:r:kernel:s0 tcontext=u:r:kernel:s0 tclass=capability permissive=0
12-24 10:24:27.782 I/netstats_mobile_sample( 1537): [0,0,0,0,0,0,0,0,0,0,0,0,1671873867782]
12-24 10:24:27.782 I/netstats_wifi_sample( 1537): [5232505,8835,6782182,14725,5232505,8835,6782182,14725,10683891,13408,3542288,8251,1671873867782]
12-24 10:24:28.577 I/auditd ( 0): type=1400 audit(0.0:3023): avc: denied { kill } for comm="swapper/0" capability=5 scontext=u:r:kernel:s0 tcontext=u:r:kernel:s0 tclass=capability permissive=0
12-24 10:24:29.577 I/auditd ( 0): type=1400 audit(0.0:3024): avc: denied { kill } for comm="swapper/0" capability=5 scontext=u:r:kernel:s0 tcontext=u:r:kernel:s0 tclass=capability permissive=0
12-24 10:24:30.742 I/ntp_failure( 1537): [time.android.com/216.239.35.8,java.net.SocketTimeoutException: Poll timed out]
12-24 10:24:31.577 I/auditd ( 0): type=1400 audit(0.0:3025): avc: denied { kill } for comm="swapper/2" capability=5 scontext=u:r:kernel:s0 tcontext=u:r:kernel:s0 tclass=capability permissive=0
12-24 10:24:33.577 I/auditd ( 0): type=1400 audit(0.0:3026): avc: denied { kill } for comm="swapper/2" capability=5 scontext=u:r:kernel:s0 tcontext=u:r:kernel:s0 tclass=capability permissive=0
12-24 10:24:36.577 I/auditd ( 0): type=1400 audit(0.0:3027): avc: denied { kill } for comm="swapper/2" capability=5 scontext=u:r:kernel:s0 tcontext=u:r:kernel:s0 tclass=capability permissive=0
12-24 10:24:37.577 I/auditd ( 0): type=1400 audit(0.0:3028): avc: denied { kill } for comm="swapper/2" capability=5 scontext=u:r:kernel:s0 tcontext=u:r:kernel:s0 tclass=capability permissive=0
12-24 10:24:38.577 I/auditd ( 0): type=1400 audit(0.0:3029): avc: denied { kill } for comm="swapper/2" capability=5 scontext=u:r:kernel:s0 tcontext=u:r:kernel:s0 tclass=capability permissive=0
12-24 10:24:39.577 I/auditd ( 0): type=1400 audit(0.0:3030): avc: denied { kill } for comm="swapper/2" capability=5 scontext=u:r:kernel:s0 tcontext=u:r:kernel:s0 tclass=capability permissive=0
12-24 10:24:40.577 I/auditd ( 0): type=1400 audit(0.0:3031): avc: denied { kill } for comm="swapper/3" capability=5 scontext=u:r:kernel:s0 tcontext=u:r:kernel:s0 tclass=capability permissive=0
12-24 10:24:40.888 I/wm_task_moved( 1537): [1,0,0]
12-24 10:24:40.888 I/wm_task_moved( 1537): [1,0,6]
12-24 10:24:40.906 I/wm_on_restart_called( 2496): [67070911,com.android.launcher3.uioverrides.QuickstepLauncher,performRestartActivity]
12-24 10:24:40.934 I/wm_on_start_called( 2496): [67070911,com.android.launcher3.uioverrides.QuickstepLauncher,handleStartActivity]
12-24 10:24:40.935 I/view_enqueue_input_event( 5055): [Motion - Cancel,com.miHoYo.Yuanshen/com.miHoYo.GetMobileInfo.MainActivity]
12-24 10:24:40.937 I/input_focus( 1537): [Focus request recents_animation_input_consumer,reason=UpdateInputWindows]
12-24 10:24:40.947 I/input_interaction( 1537): Interaction with: edge-swipe (server), swipe-up (server), PointerEventDispatcher0 (server),
12-24 10:24:40.949 I/sysui_latency( 2496): [1,69]
12-24 10:24:40.955 I/input_focus( 1537): [Focus leaving 2b0ad19 com.miHoYo.Yuanshen/com.miHoYo.GetMobileInfo.MainActivity (server),reason=NOT_FOCUSABLE]
12-24 10:24:40.955 I/input_focus( 1537): [Focus entering recents_animation_input_consumer (server),reason=setFocusedWindow]
12-24 10:24:40.962 I/sysui_multi_action( 1537): [319,9,322,65,325,3050,757,761,758,9,759,5,806,com.android.launcher3,871,com.android.launcher3.uioverrides.QuickstepLauncher,905,0,1320,8,1321,5]
12-24 10:24:41.141 I/commit_sys_config_file( 1537): [settings-1-0,7]
12-24 10:24:41.255 I/sysui_latency( 1537): [8,70]
12-24 10:24:41.577 I/auditd ( 0): type=1400 audit(0.0:3032): avc: denied { kill } for comm="swapper/3" capability=5 scontext=u:r:kernel:s0 tcontext=u:r:kernel:s0 tclass=capability permissive=0
12-24 10:24:41.775 I/wm_task_moved( 1537): [1,1,7]
12-24 10:24:41.777 I/wm_focused_root_task( 1537): [0,0,1,11,RecentsAnimation.onAnimationFinished()]
12-24 10:24:41.778 I/wm_pause_activity( 1537): [0,189855000,com.miHoYo.Yuanshen/com.miHoYo.GetMobileInfo.MainActivity,userLeaving=false,pauseBackTasks]
12-24 10:24:41.779 I/wm_set_resumed_activity( 1537): [0,com.android.launcher3/.uioverrides.QuickstepLauncher,resumeTopActivityInnerLocked]
12-24 10:24:41.780 I/wm_resume_activity( 1537): [0,67070911,8,com.android.launcher3/.uioverrides.QuickstepLauncher]
12-24 10:24:41.782 I/wm_on_top_resumed_lost_called( 5055): [189855000,com.miHoYo.GetMobileInfo.MainActivity,topStateChangedWhenResumed]
12-24 10:24:41.783 I/wm_on_resume_called( 2496): [67070911,com.android.launcher3.uioverrides.QuickstepLauncher,RESUME_ACTIVITY]
12-24 10:24:41.783 I/wm_add_to_stopping( 1537): [0,189855000,com.miHoYo.Yuanshen/com.miHoYo.GetMobileInfo.MainActivity,makeInvisible]
12-24 10:24:41.793 I/input_focus( 1537): [Focus request 6530592 com.android.launcher3/com.android.launcher3.uioverrides.QuickstepLauncher,reason=UpdateInputWindows]
12-24 10:24:41.795 I/sysui_multi_action( 1537): [757,803,799,window_time_0,802,17]
12-24 10:24:41.797 I/wm_stop_activity( 1537): [0,189855000,com.miHoYo.Yuanshen/com.miHoYo.GetMobileInfo.MainActivity]
12-24 10:24:41.798 I/sysui_multi_action( 1537): [757,803,799,window_time_0,802,0]
12-24 10:24:41.807 I/input_focus( 1537): [Focus leaving recents_animation_input_consumer (server),reason=NOT_VISIBLE]
12-24 10:24:41.807 I/input_focus( 1537): [Focus entering 6530592 com.android.launcher3/com.android.launcher3.uioverrides.QuickstepLauncher (server),reason=setFocusedWindow]
12-24 10:24:41.816 I/wm_on_paused_called( 5055): [189855000,com.miHoYo.GetMobileInfo.MainActivity,performPause]
12-24 10:24:41.817 I/am_pss ( 1537): [5195,10085,com.qualcomm.qti.qccauthmgr,6628352,4300800,0,94781440,0,19,6]
12-24 10:24:41.819 I/wm_on_stop_called( 5055): [189855000,com.miHoYo.GetMobileInfo.MainActivity,STOP_ACTIVITY_ITEM]
12-24 10:24:41.826 I/am_pss ( 1537): [4927,10025,com.hryt.hiphishowfsecontrol,18843648,14696448,0,107077632,0,19,7]
12-24 10:24:41.832 I/am_pss ( 1537): [4936,10066,com.android.deskclock,11969536,9900032,0,97267712,0,19,6]
12-24 10:24:41.839 I/am_pss ( 1537): [4937,10067,com.android.calendar,6940672,4886528,0,91287552,0,19,5]
12-24 10:24:41.839 I/wm_on_top_resumed_gained_called( 2496): [67070911,com.android.launcher3.uioverrides.QuickstepLauncher,topStateChangedWhenResumed]
12-24 10:24:41.846 I/am_pss ( 1537): [4919,10089,com.android.music,7108608,4665344,0,90984448,0,19,7]
12-24 10:24:42.010 I/commit_sys_config_file( 1537): [settings-1-0,8]
12-24 10:24:42.449 I/input_interaction( 1537): Interaction with: 6530592 com.android.launcher3/com.android.launcher3.uioverrides.QuickstepLauncher (server), 751ef8e com.android.systemui.ImageWallpaper (server), edge-swipe (server), swipe-up (server), PointerEventDispatcher0 (server),
12-24 10:24:42.577 I/auditd ( 0): type=1400 audit(0.0:3033): avc: denied { kill } for comm="swapper/3" capability=5 scontext=u:r:kernel:s0 tcontext=u:r:kernel:s0 tclass=capability permissive=0
12-24 10:24:43.108 I/wm_finish_activity( 1537): [0,189855000,11,com.miHoYo.Yuanshen/com.miHoYo.GetMobileInfo.MainActivity,remove-task]
12-24 10:24:43.109 I/wm_destroy_activity( 1537): [0,189855000,11,com.miHoYo.Yuanshen/com.miHoYo.GetMobileInfo.MainActivity,finish-imm:finishIfPossible]
12-24 10:24:43.113 I/am_kill ( 1537): [0,5055,com.miHoYo.Yuanshen,905,remove task]
12-24 10:24:43.116 I/sysui_multi_action( 1537): [757,803,799,window_time_0,802,1]
12-24 10:24:43.333 I/am_proc_died( 1537): [0,5055,com.miHoYo.Yuanshen,905,19]
12-24 10:24:43.336 I/am_uid_stopped( 1537): 10097
12-24 10:24:43.350 I/wm_task_removed( 1537): [11,removeChild:removeChild last r=ActivityRecord{b50f518 u0 com.miHoYo.Yuanshen/com.miHoYo.GetMobileInfo.MainActivity t-1 f}} in t=Task{24387a9 #11 type=standard A=10097:com.miHoYo.Yuanshen U=0 visible=false mode=fullscreen translucent=true sz=0}]
12-24 10:24:43.350 I/wm_task_removed( 1537): [11,removeChild]
12-24 10:24:43.577 I/auditd ( 0): type=1400 audit(0.0:3034): avc: denied { kill } for comm="swapper/3" capability=5 scontext=u:r:kernel:s0 tcontext=u:r:kernel:s0 tclass=capability permissive=0
12-24 10:24:43.930 I/wm_finish_activity( 1537): [0,170024555,13,com.android.settings/.homepage.SettingsHomepageActivity,recent-task-trimmed]
12-24 10:24:43.932 I/wm_destroy_activity( 1537): [0,170024555,13,com.android.settings/.homepage.SettingsHomepageActivity,finish-imm:finishIfPossible]
12-24 10:24:43.935 I/am_kill ( 1537): [0,4917,com.android.settings,900,remove task]
12-24 10:24:43.937 I/sysui_multi_action( 1537): [757,803,799,window_time_0,802,1]
12-24 10:24:44.004 I/am_proc_died( 1537): [0,4917,com.android.settings,900,18]
12-24 10:24:44.009 I/wm_task_removed( 1537): [13,removeChild:removeChild last r=ActivityRecord{a225e6b u0 com.android.settings/.homepage.SettingsHomepageActivity t-1 f}} in t=Task{93bb85b #13 type=standard A=1000:com.android.settings.root U=0 visible=false mode=fullscreen translucent=true sz=0}]
12-24 10:24:44.009 I/wm_task_removed( 1537): [13,removeChild]
12-24 10:24:44.029 I/am_proc_start( 1537): [0,5564,1000,com.android.settings,NULL,]
12-24 10:24:44.052 I/am_proc_bound( 1537): [0,5564,com.android.settings]
12-24 10:24:44.101 I/am_wtf ( 1537): [0,5564,com.android.settings,952647173,RoleParser,com.android.permissioncontroller.role.model.AssistantRoleBehavior]
12-24 10:24:44.103 I/am_wtf ( 1537): [0,5564,com.android.settings,952647173,RoleParser,com.android.permissioncontroller.role.model.BrowserRoleBehavior]
12-24 10:24:44.105 I/am_wtf ( 1537): [0,5564,com.android.settings,952647173,RoleParser,com.android.permissioncontroller.role.model.DialerRoleBehavior]
12-24 10:24:44.106 I/am_wtf ( 1537): [0,5564,com.android.settings,952647173,RoleParser,com.android.permissioncontroller.role.model.SmsRoleBehavior]
12-24 10:24:44.108 I/am_wtf ( 1537): [0,5564,com.android.settings,952647173,RoleParser,com.android.permissioncontroller.role.model.EmergencyRoleBehavior]
12-24 10:24:44.109 I/am_wtf ( 1537): [0,5564,com.android.settings,952647173,RoleParser,com.android.permissioncontroller.role.model.HomeRoleBehavior]
12-24 10:24:44.111 I/am_wtf ( 1537): [0,5564,com.android.settings,952647173,RoleParser,com.android.permissioncontroller.role.model.SystemAutomotiveClusterRoleBehavior]
12-24 10:24:44.113 I/am_wtf ( 1537): [0,5564,com.android.settings,952647173,RoleParser,com.android.permissioncontroller.role.model.CompanionDeviceWatchRoleBehavior]
12-24 10:24:44.114 I/am_wtf ( 1537): [0,5564,com.android.settings,952647173,RoleParser,com.android.permissioncontroller.role.model.SystemShellRoleBehavior]
12-24 10:24:44.116 I/am_wtf ( 1537): [0,5564,com.android.settings,952647173,RoleParser,com.android.permissioncontroller.role.model.TelevisionRoleBehavior]
12-24 10:24:44.118 I/am_wtf ( 1537): [0,5564,com.android.settings,952647173,RoleParser,com.android.permissioncontroller.role.model.TelevisionRoleBehavior]
12-24 10:24:44.577 I/auditd ( 0): type=1400 audit(0.0:3035): avc: denied { kill } for comm="swapper/3" capability=5 scontext=u:r:kernel:s0 tcontext=u:r:kernel:s0 tclass=capability permissive=0
12-24 10:24:45.577 I/auditd ( 0): type=1400 audit(0.0:3036): avc: denied { kill } for comm="swapper/3" capability=5 scontext=u:r:kernel:s0 tcontext=u:r:kernel:s0 tclass=capability permissive=0
12-24 10:24:46.577 I/auditd ( 0): type=1400 audit(0.0:3037): avc: denied { kill } for comm="swapper/3" capability=5 scontext=u:r:kernel:s0 tcontext=u:r:kernel:s0 tclass=capability permissive=0
12-24 10:24:46.681 I/netstats_mobile_sample( 1537): [0,0,0,0,0,0,0,0,0,0,0,0,1671873886681]
12-24 10:24:46.681 I/netstats_wifi_sample( 1537): [5384756,9171,7054503,15361,5384756,9171,7054503,15361,11006815,13868,3695319,8647,1671873886681]
12-24 10:24:47.577 I/auditd ( 0): type=1400 audit(0.0:3038): avc: denied { kill } for comm="swapper/3" capability=5 scontext=u:r:kernel:s0 tcontext=u:r:kernel:s0 tclass=capability permissive=0
12-24 10:24:48.577 I/auditd ( 0): type=1400 audit(0.0:3039): avc: denied { kill } for comm="swapper/3" capability=5 scontext=u:r:kernel:s0 tcontext=u:r:kernel:s0 tclass=capability permissive=0
12-24 10:24:49.405 I/wm_task_created( 1537): [14,-1]
12-24 10:24:49.407 I/wm_task_moved( 1537): [14,1,6]
12-24 10:24:49.407 I/wm_task_to_front( 1537): [0,14]
12-24 10:24:49.407 I/wm_create_task( 1537): [0,14]
12-24 10:24:49.407 I/wm_create_activity( 1537): [0,119460357,14,com.miHoYo.Yuanshen/com.miHoYo.GetMobileInfo.MainActivity,android.intent.action.MAIN,NULL,NULL,270532608]
12-24 10:24:49.407 I/wm_task_moved( 1537): [14,1,6]
12-24 10:24:49.408 I/wm_pause_activity( 1537): [0,67070911,com.android.launcher3/.uioverrides.QuickstepLauncher,userLeaving=true,pauseBackTasks]
12-24 10:24:49.412 I/am_uid_running( 1537): 10097
12-24 10:24:49.414 I/wm_on_top_resumed_lost_called( 2496): [67070911,com.android.launcher3.uioverrides.QuickstepLauncher,topStateChangedWhenResumed]
12-24 10:24:49.414 I/wm_on_paused_called( 2496): [67070911,com.android.launcher3.uioverrides.QuickstepLauncher,performPause]
12-24 10:24:49.415 I/wm_add_to_stopping( 1537): [0,67070911,com.android.launcher3/.uioverrides.QuickstepLauncher,makeInvisible]
12-24 10:24:49.416 I/sysui_multi_action( 1537): [757,803,799,window_time_0,802,5]
12-24 10:24:49.418 I/am_proc_start( 1537): [0,5602,10097,com.miHoYo.Yuanshen,pre-top-activity,{com.miHoYo.Yuanshen/com.miHoYo.GetMobileInfo.MainActivity}]
12-24 10:24:49.429 I/am_proc_bound( 1537): [0,5602,com.miHoYo.Yuanshen]
12-24 10:24:49.431 I/wm_restart_activity( 1537): [0,119460357,14,com.miHoYo.Yuanshen/com.miHoYo.GetMobileInfo.MainActivity]
12-24 10:24:49.431 I/wm_set_resumed_activity( 1537): [0,com.miHoYo.Yuanshen/com.miHoYo.GetMobileInfo.MainActivity,minimalResumeActivityLocked]
12-24 10:24:49.432 I/am_uid_active( 1537): 10097
12-24 10:24:49.441 I/input_focus( 1537): [Focus leaving 6530592 com.android.launcher3/com.android.launcher3.uioverrides.QuickstepLauncher (server),reason=NO_WINDOW]
12-24 10:24:49.501 I/wm_on_create_called( 5602): [119460357,com.miHoYo.GetMobileInfo.MainActivity,performCreate]
12-24 10:24:49.502 I/wm_on_start_called( 5602): [119460357,com.miHoYo.GetMobileInfo.MainActivity,handleStartActivity]
12-24 10:24:49.502 I/wm_on_resume_called( 5602): [119460357,com.miHoYo.GetMobileInfo.MainActivity,RESUME_ACTIVITY]
12-24 10:24:49.505 I/wm_on_top_resumed_gained_called( 5602): [119460357,com.miHoYo.GetMobileInfo.MainActivity,topStateChangedWhenResumed]
12-24 10:24:49.508 I/input_focus( 1537): [Focus request f8421f3 com.miHoYo.Yuanshen/com.miHoYo.GetMobileInfo.MainActivity,reason=UpdateInputWindows]
12-24 10:24:49.521 I/sysui_multi_action( 1537): [319,39,321,38,322,118,325,3058,757,761,758,7,759,1,806,com.miHoYo.Yuanshen,871,com.miHoYo.GetMobileInfo.MainActivity,904,com.android.launcher3,905,0,945,29,1320,8,1321,5]
12-24 10:24:49.521 I/wm_activity_launch_time( 1537): [0,119460357,com.miHoYo.Yuanshen/com.miHoYo.GetMobileInfo.MainActivity,118]
12-24 10:24:49.525 I/input_focus( 1537): [Focus entering f8421f3 com.miHoYo.Yuanshen/com.miHoYo.GetMobileInfo.MainActivity (server),reason=setFocusedWindow]
12-24 10:24:49.577 I/auditd ( 0): type=1400 audit(0.0:3040): avc: denied { kill } for comm="swapper/3" capability=5 scontext=u:r:kernel:s0 tcontext=u:r:kernel:s0 tclass=capability permissive=0
12-24 10:24:49.975 I/wm_stop_activity( 1537): [0,67070911,com.android.launcher3/.uioverrides.QuickstepLauncher]
12-24 10:24:49.994 I/wm_on_stop_called( 2496): [67070911,com.android.launcher3.uioverrides.QuickstepLauncher,STOP_ACTIVITY_ITEM]
12-24 10:24:50.577 I/auditd ( 0): type=1400 audit(0.0:3041): avc: denied { kill } for comm="swapper/3" capability=5 scontext=u:r:kernel:s0 tcontext=u:r:kernel:s0 tclass=capability permissive=0
12-24 10:24:51.577 I/auditd ( 0): type=1400 audit(0.0:3042): avc: denied { kill } for comm="swapper/3" capability=5 scontext=u:r:kernel:s0 tcontext=u:r:kernel:s0 tclass=capability permissive=0
12-24 10:24:52.577 I/auditd ( 0): type=1400 audit(0.0:3043): avc: denied { kill } for comm="swapper/3" capability=5 scontext=u:r:kernel:s0 tcontext=u:r:kernel:s0 tclass=capability permissive=0
12-24 10:24:53.577 I/auditd ( 0): type=1400 audit(0.0:3044): avc: denied { kill } for comm="swapper/3" capability=5 scontext=u:r:kernel:s0 tcontext=u:r:kernel:s0 tclass=capability permissive=0
12-24 10:24:54.577 I/auditd ( 0): type=1400 audit(0.0:3045): avc: denied { kill } for comm="swapper/3" capability=5 scontext=u:r:kernel:s0 tcontext=u:r:kernel:s0 tclass=capability permissive=0
12-24 10:24:55.577 I/auditd ( 0): type=1400 audit(0.0:3046): avc: denied { kill } for comm="swapper/3" capability=5 scontext=u:r:kernel:s0 tcontext=u:r:kernel:s0 tclass=capability permissive=0
12-24 10:24:58.577 I/auditd ( 0): type=1400 audit(0.0:3047): avc: denied { kill } for comm="swapper/1" capability=5 scontext=u:r:kernel:s0 tcontext=u:r:kernel:s0 tclass=capability permissive=0
12-24 10:24:59.577 I/auditd ( 0): type=1400 audit(0.0:3048): avc: denied { kill } for comm="swapper/1" capability=5 scontext=u:r:kernel:s0 tcontext=u:r:kernel:s0 tclass=capability permissive=0
12-24 10:25:01.793 I/am_uid_running( 1537): 99002
12-24 10:25:01.808 I/am_proc_start( 1537): [0,5822,99002,com.android.webview:sandboxed_process0:org.chromium.content.app.SandboxedProcessService0:0,,{com.miHoYo.Yuanshen/org.chromium.content.app.SandboxedProcessService0:0}]
12-24 10:25:01.832 I/am_proc_bound( 1537): [0,5822,com.android.webview:sandboxed_process0:org.chromium.content.app.SandboxedProcessService0:0]
12-24 10:25:01.834 I/am_uid_active( 1537): 99002
12-24 10:25:01.870 I/auditd ( 498): avc: denied { find } for pid=5822 uid=99002 name=content_capture scontext=u:r:isolated_app:s0:c512,c768 tcontext=u:object_r:content_capture_service:s0 tclass=service_manager permissive=0
12-24 10:25:01.909 I/am_pss ( 1537): [5602,10097,com.miHoYo.Yuanshen,870775808,840675328,0,1019314176,0,2,31]
12-24 10:25:02.034 I/am_proc_start( 1537): [0,5897,10097,com.miHoYo.Yuanshen:PushService,service,{com.miHoYo.Yuanshen/com.combosdk.module.push.PushService}]
12-24 10:25:02.039 I/am_kill ( 1537): [0,5822,com.android.webview:sandboxed_process0:org.chromium.content.app.SandboxedProcessService0:0,0,isolated not needed]
12-24 10:25:02.065 I/am_proc_died( 1537): [0,5822,com.android.webview:sandboxed_process0:org.chromium.content.app.SandboxedProcessService0:0,0,10]
12-24 10:25:02.067 I/am_uid_stopped( 1537): 99002
12-24 10:25:02.071 I/wm_task_moved( 1537): [14,1,6]
12-24 10:25:02.071 I/wm_set_resumed_activity( 1537): [0,com.miHoYo.Yuanshen/com.miHoYo.GetMobileInfo.MainActivity,positionChildAt]
12-24 10:25:02.071 I/wm_create_activity( 1537): [0,120347659,14,com.miHoYo.Yuanshen/com.miHoYo.sdk.platform.SdkActivity,NULL,NULL,NULL,335544320]
12-24 10:25:02.072 I/wm_pause_activity( 1537): [0,119460357,com.miHoYo.Yuanshen/com.miHoYo.GetMobileInfo.MainActivity,userLeaving=true,resumeTopActivityInnerLocked]
12-24 10:25:02.074 I/wm_on_top_resumed_lost_called( 5602): [119460357,com.miHoYo.GetMobileInfo.MainActivity,topStateChangedWhenResumed]
12-24 10:25:02.075 I/am_proc_bound( 1537): [0,5897,com.miHoYo.Yuanshen:PushService]
12-24 10:25:02.084 I/am_pss ( 1537): [5195,10085,com.qualcomm.qti.qccauthmgr,6595584,4300800,0,94781440,0,19,5]
12-24 10:25:02.113 I/wm_on_paused_called( 5602): [119460357,com.miHoYo.GetMobileInfo.MainActivity,performPause]
12-24 10:25:02.114 I/wm_restart_activity( 1537): [0,120347659,14,com.miHoYo.Yuanshen/com.miHoYo.sdk.platform.SdkActivity]
12-24 10:25:02.114 I/wm_set_resumed_activity( 1537): [0,com.miHoYo.Yuanshen/com.miHoYo.sdk.platform.SdkActivity,minimalResumeActivityLocked]
12-24 10:25:02.116 I/sysui_multi_action( 1537): [757,803,799,window_time_0,802,13]
12-24 10:25:02.129 I/wm_on_create_called( 5602): [120347659,com.miHoYo.sdk.platform.SdkActivity,performCreate]
12-24 10:25:02.129 I/wm_on_start_called( 5602): [120347659,com.miHoYo.sdk.platform.SdkActivity,handleStartActivity]
12-24 10:25:02.130 I/wm_on_resume_called( 5602): [120347659,com.miHoYo.sdk.platform.SdkActivity,RESUME_ACTIVITY]
12-24 10:25:02.133 I/wm_on_top_resumed_gained_called( 5602): [120347659,com.miHoYo.sdk.platform.SdkActivity,topStateChangedWhenResumed]
12-24 10:25:02.140 I/input_focus( 1537): [Focus request 8105dfb com.miHoYo.Yuanshen/com.miHoYo.sdk.platform.SdkActivity,reason=UpdateInputWindows]
12-24 10:25:02.155 I/wm_activity_launch_time( 1537): [0,120347659,com.miHoYo.Yuanshen/com.miHoYo.sdk.platform.SdkActivity,86]
12-24 10:25:02.171 I/input_focus( 1537): [Focus leaving f8421f3 com.miHoYo.Yuanshen/com.miHoYo.GetMobileInfo.MainActivity (server),reason=setFocusedWindow]
12-24 10:25:02.171 I/input_focus( 1537): [Focus entering 8105dfb com.miHoYo.Yuanshen/com.miHoYo.sdk.platform.SdkActivity (server),reason=setFocusedWindow]
12-24 10:25:02.577 I/auditd ( 0): type=1400 audit(0.0:3049): avc: denied { kill } for comm="swapper/1" capability=5 scontext=u:r:kernel:s0 tcontext=u:r:kernel:s0 tclass=capability permissive=0
12-24 10:25:03.577 I/auditd ( 0): type=1400 audit(0.0:3050): avc: denied { kill } for comm="swapper/1" capability=5 scontext=u:r:kernel:s0 tcontext=u:r:kernel:s0 tclass=capability permissive=0
12-24 10:25:04.577 I/auditd ( 0): type=1400 audit(0.0:3051): avc: denied { kill } for comm="swapper/1" capability=5 scontext=u:r:kernel:s0 tcontext=u:r:kernel:s0 tclass=capability permissive=0
12-24 10:25:05.577 I/auditd ( 0): type=1400 audit(0.0:3052): avc: denied { kill } for comm="swapper/1" capability=5 scontext=u:r:kernel:s0 tcontext=u:r:kernel:s0 tclass=capability permissive=0
12-24 10:25:06.577 I/auditd ( 0): type=1400 audit(0.0:3053): avc: denied { kill } for comm="swapper/1" capability=5 scontext=u:r:kernel:s0 tcontext=u:r:kernel:s0 tclass=capability permissive=0
12-24 10:25:07.159 I/input_interaction( 1537): Interaction with: 8105dfb com.miHoYo.Yuanshen/com.miHoYo.sdk.platform.SdkActivity (server), edge-swipe (server), swipe-up (server), PointerEventDispatcher0 (server),
12-24 10:25:07.339 I/input_focus( 1537): [Focus request 6b89906 PopupWindow:bedb72e,reason=UpdateInputWindows]
12-24 10:25:07.369 I/input_focus( 1537): [Focus leaving 8105dfb com.miHoYo.Yuanshen/com.miHoYo.sdk.platform.SdkActivity (server),reason=Waiting for window because NOT_VISIBLE]
12-24 10:25:07.385 I/input_focus( 1537): [Focus entering 6b89906 PopupWindow:bedb72e (server),reason=Window became focusable. Previous reason: NOT_VISIBLE]
12-24 10:25:08.503 I/input_interaction( 1537): Interaction with: 6b89906 PopupWindow:bedb72e (server), edge-swipe (server), swipe-up (server), PointerEventDispatcher0 (server),
12-24 10:25:08.514 I/input_interaction( 1537): Interaction with: edge-swipe (server), swipe-up (server), PointerEventDispatcher0 (server),
12-24 10:25:08.523 I/input_focus( 1537): [Focus request 8105dfb com.miHoYo.Yuanshen/com.miHoYo.sdk.platform.SdkActivity,reason=UpdateInputWindows]
12-24 10:25:08.537 I/input_focus( 1537): [Focus entering 8105dfb com.miHoYo.Yuanshen/com.miHoYo.sdk.platform.SdkActivity (server),reason=setFocusedWindow]
12-24 10:25:08.577 I/auditd ( 0): type=1400 audit(0.0:3054): avc: denied { kill } for comm="swapper/0" capability=5 scontext=u:r:kernel:s0 tcontext=u:r:kernel:s0 tclass=capability permissive=0
12-24 10:25:09.581 I/auditd ( 0): type=1400 audit(0.0:3055): avc: denied { kill } for comm="swapper/0" capability=5 scontext=u:r:kernel:s0 tcontext=u:r:kernel:s0 tclass=capability permissive=0
12-24 10:25:10.581 I/auditd ( 0): type=1400 audit(0.0:3056): avc: denied { kill } for comm="swapper/0" capability=5 scontext=u:r:kernel:s0 tcontext=u:r:kernel:s0 tclass=capability permissive=0
12-24 10:25:11.577 I/auditd ( 0): type=1400 audit(0.0:3057): avc: denied { kill } for comm="swapper/0" capability=5 scontext=u:r:kernel:s0 tcontext=u:r:kernel:s0 tclass=capability permissive=0
12-24 10:25:12.577 I/auditd ( 0): type=1400 audit(0.0:3058): avc: denied { kill } for comm="swapper/0" capability=5 scontext=u:r:kernel:s0 tcontext=u:r:kernel:s0 tclass=capability permissive=0
12-24 10:25:13.581 I/auditd ( 0): type=1400 audit(0.0:3059): avc: denied { kill } for comm="swapper/0" capability=5 scontext=u:r:kernel:s0 tcontext=u:r:kernel:s0 tclass=capability permissive=0
12-24 10:25:14.581 I/auditd ( 0): type=1400 audit(0.0:3060): avc: denied { kill } for comm="swapper/0" capability=5 scontext=u:r:kernel:s0 tcontext=u:r:kernel:s0 tclass=capability permissive=0
12-24 10:25:15.577 I/auditd ( 0): type=1400 audit(0.0:3061): avc: denied { kill } for comm="swapper/0" capability=5 scontext=u:r:kernel:s0 tcontext=u:r:kernel:s0 tclass=capability permissive=0
12-24 10:25:16.386 I/input_interaction( 1537): Interaction with: 8105dfb com.miHoYo.Yuanshen/com.miHoYo.sdk.platform.SdkActivity (server), edge-swipe (server), swipe-up (server), PointerEventDispatcher0 (server),
12-24 10:25:16.549 I/am_uid_idle( 1537): 10085
12-24 10:25:16.586 I/input_focus( 1537): [Focus request 39963af com.miHoYo.Yuanshen/com.miHoYo.sdk.platform.SdkActivity,reason=UpdateInputWindows]
12-24 10:25:16.608 I/input_focus( 1537): [Focus leaving 8105dfb com.miHoYo.Yuanshen/com.miHoYo.sdk.platform.SdkActivity (server),reason=Waiting for window because NOT_VISIBLE]
12-24 10:25:16.624 I/input_focus( 1537): [Focus entering 39963af com.miHoYo.Yuanshen/com.miHoYo.sdk.platform.SdkActivity (server),reason=Window became focusable. Previous reason: NOT_VISIBLE]
12-24 10:25:17.181 I/input_focus( 1537): [Focus request 8105dfb com.miHoYo.Yuanshen/com.miHoYo.sdk.platform.SdkActivity,reason=UpdateInputWindows]
12-24 10:25:17.186 I/wm_finish_activity( 1537): [0,120347659,14,com.miHoYo.Yuanshen/com.miHoYo.sdk.platform.SdkActivity,app-request]
12-24 10:25:17.198 I/wm_pause_activity( 1537): [0,120347659,com.miHoYo.Yuanshen/com.miHoYo.sdk.platform.SdkActivity,userLeaving=false,finish]
12-24 10:25:17.204 I/wm_on_top_resumed_lost_called( 5602): [120347659,com.miHoYo.sdk.platform.SdkActivity,topStateChangedWhenResumed]
12-24 10:25:17.205 I/wm_on_paused_called( 5602): [120347659,com.miHoYo.sdk.platform.SdkActivity,performPause]
12-24 10:25:17.208 I/wm_set_resumed_activity( 1537): [0,com.miHoYo.Yuanshen/com.miHoYo.GetMobileInfo.MainActivity,resumeTopActivityInnerLocked]
12-24 10:25:17.209 I/wm_resume_activity( 1537): [0,119460357,14,com.miHoYo.Yuanshen/com.miHoYo.GetMobileInfo.MainActivity]
12-24 10:25:17.218 I/input_focus( 1537): [Focus request f8421f3 com.miHoYo.Yuanshen/com.miHoYo.GetMobileInfo.MainActivity,reason=UpdateInputWindows]
12-24 10:25:17.219 I/sysui_multi_action( 1537): [757,803,799,window_time_0,802,15]
12-24 10:25:17.220 I/wm_on_resume_called( 5602): [119460357,com.miHoYo.GetMobileInfo.MainActivity,RESUME_ACTIVITY]
12-24 10:25:17.220 I/wm_on_top_resumed_gained_called( 5602): [119460357,com.miHoYo.GetMobileInfo.MainActivity,topWhenResuming]
12-24 10:25:17.225 I/input_focus( 1537): [Focus entering f8421f3 com.miHoYo.Yuanshen/com.miHoYo.GetMobileInfo.MainActivity (server),reason=setFocusedWindow]
12-24 10:25:17.267 I/am_pss ( 1537): [5602,10097,com.miHoYo.Yuanshen,911551488,879857664,0,1077403648,0,2,34]
12-24 10:25:17.269 I/wm_destroy_activity( 1537): [0,120347659,14,com.miHoYo.Yuanshen/com.miHoYo.sdk.platform.SdkActivity,finish-idle]
12-24 10:25:17.270 I/wm_on_stop_called( 5602): [120347659,com.miHoYo.sdk.platform.SdkActivity,LIFECYCLER_STOP_ACTIVITY]
12-24 10:25:17.270 I/wm_on_destroy_called( 5602): [120347659,com.miHoYo.sdk.platform.SdkActivity,performDestroy]
12-24 10:25:17.277 I/am_pss ( 1537): [5564,1000,com.android.settings,21879808,12722176,0,120594432,0,19,6]
12-24 10:25:17.577 I/auditd ( 0): type=1400 audit(0.0:3062): avc: denied { kill } for comm="swapper/0" capability=5 scontext=u:r:kernel:s0 tcontext=u:r:kernel:s0 tclass=capability permissive=0
12-24 10:25:17.873 I/auditd ( 5602): type=1400 audit(0.0:3063): avc: denied { read } for comm="miHoYo.Yuanshen" name="anr" dev="dm-10" ino=34 scontext=u:r:untrusted_app:s0:c97,c256,c512,c768 tcontext=u:object_r:anr_data_file:s0 tclass=dir permissive=0 app=com.miHoYo.Yuanshen
12-24 10:25:18.577 I/auditd ( 0): type=1400 audit(0.0:3064): avc: denied { kill } for comm="swapper/0" capability=5 scontext=u:r:kernel:s0 tcontext=u:r:kernel:s0 tclass=capability permissive=0
12-24 10:25:19.577 I/auditd ( 0): type=1400 audit(0.0:3065): avc: denied { kill } for comm="swapper/0" capability=5 scontext=u:r:kernel:s0 tcontext=u:r:kernel:s0 tclass=capability permissive=0
12-24 10:25:21.577 I/auditd ( 0): type=1400 audit(0.0:3066): avc: denied { kill } for comm="swapper/1" capability=5 scontext=u:r:kernel:s0 tcontext=u:r:kernel:s0 tclass=capability permissive=0
12-24 10:25:22.577 I/auditd ( 0): type=1400 audit(0.0:3067): avc: denied { kill } for comm="swapper/1" capability=5 scontext=u:r:kernel:s0 tcontext=u:r:kernel:s0 tclass=capability permissive=0
12-24 10:25:24.577 I/auditd ( 0): type=1400 audit(0.0:3068): avc: denied { kill } for comm="swapper/1" capability=5 scontext=u:r:kernel:s0 tcontext=u:r:kernel:s0 tclass=capability permissive=0
12-24 10:25:25.577 I/auditd ( 0): type=1400 audit(0.0:3069): avc: denied { kill } for comm="swapper/1" capability=5 scontext=u:r:kernel:s0 tcontext=u:r:kernel:s0 tclass=capability permissive=0
12-24 10:25:27.577 I/auditd ( 0): type=1400 audit(0.0:3070): avc: denied { kill } for comm="swapper/1" capability=5 scontext=u:r:kernel:s0 tcontext=u:r:kernel:s0 tclass=capability permissive=0
12-24 10:25:28.577 I/auditd ( 0): type=1400 audit(0.0:3071): avc: denied { kill } for comm="swapper/1" capability=5 scontext=u:r:kernel:s0 tcontext=u:r:kernel:s0 tclass=capability permissive=0
12-24 10:25:30.577 I/auditd ( 0): type=1400 audit(0.0:3072): avc: denied { kill } for comm="swapper/1" capability=5 scontext=u:r:kernel:s0 tcontext=u:r:kernel:s0 tclass=capability permissive=0
12-24 10:25:31.577 I/auditd ( 0): type=1400 audit(0.0:3073): avc: denied { kill } for comm="swapper/1" capability=5 scontext=u:r:kernel:s0 tcontext=u:r:kernel:s0 tclass=capability permissive=0
12-24 10:25:32.577 I/auditd ( 0): type=1400 audit(0.0:3074): avc: denied { kill } for comm="swapper/1" capability=5 scontext=u:r:kernel:s0 tcontext=u:r:kernel:s0 tclass=capability permissive=0
12-24 10:25:33.577 I/auditd ( 0): type=1400 audit(0.0:3075): avc: denied { kill } for comm="swapper/1" capability=5 scontext=u:r:kernel:s0 tcontext=u:r:kernel:s0 tclass=capability permissive=0
12-24 10:25:35.577 I/auditd ( 0): type=1400 audit(0.0:3076): avc: denied { kill } for comm="swapper/1" capability=5 scontext=u:r:kernel:s0 tcontext=u:r:kernel:s0 tclass=capability permissive=0
12-24 10:25:36.577 I/auditd ( 0): type=1400 audit(0.0:3077): avc: denied { kill } for comm="swapper/1" capability=5 scontext=u:r:kernel:s0 tcontext=u:r:kernel:s0 tclass=capability permissive=0
12-24 10:25:37.577 I/auditd ( 0): type=1400 audit(0.0:3078): avc: denied { kill } for comm="swapper/1" capability=5 scontext=u:r:kernel:s0 tcontext=u:r:kernel:s0 tclass=capability permissive=0
12-24 10:25:38.577 I/auditd ( 0): type=1400 audit(0.0:3079): avc: denied { kill } for comm="swapper/1" capability=5 scontext=u:r:kernel:s0 tcontext=u:r:kernel:s0 tclass=capability permissive=0
12-24 10:25:39.577 I/auditd ( 0): type=1400 audit(0.0:3080): avc: denied { kill } for comm="swapper/1" capability=5 scontext=u:r:kernel:s0 tcontext=u:r:kernel:s0 tclass=capability permissive=0
12-24 10:25:40.015 I/netstats_mobile_sample( 1537): [0,0,0,0,0,0,0,0,0,0,0,0,1671873940015]
12-24 10:25:40.016 I/netstats_wifi_sample( 1537): [6532914,10900,7952197,17744,6532914,10900,7952197,17744,12592818,15886,4260456,10354,1671873940015]
12-24 10:25:40.577 I/auditd ( 0): type=1400 audit(0.0:3081): avc: denied { kill } for comm="swapper/1" capability=5 scontext=u:r:kernel:s0 tcontext=u:r:kernel:s0 tclass=capability permissive=0
12-24 10:25:41.577 I/auditd ( 0): type=1400 audit(0.0:3082): avc: denied { kill } for comm="swapper/1" capability=5 scontext=u:r:kernel:s0 tcontext=u:r:kernel:s0 tclass=capability permissive=0
12-24 10:25:42.577 I/auditd ( 0): type=1400 audit(0.0:3083): avc: denied { kill } for comm="swapper/1" capability=5 scontext=u:r:kernel:s0 tcontext=u:r:kernel:s0 tclass=capability permissive=0
12-24 10:25:43.577 I/auditd ( 0): type=1400 audit(0.0:3084): avc: denied { kill } for comm="swapper/1" capability=5 scontext=u:r:kernel:s0 tcontext=u:r:kernel:s0 tclass=capability permissive=0
12-24 10:25:44.577 I/auditd ( 0): type=1400 audit(0.0:3085): avc: denied { kill } for comm="swapper/1" capability=5 scontext=u:r:kernel:s0 tcontext=u:r:kernel:s0 tclass=capability permissive=0
12-24 10:25:45.577 I/auditd ( 0): type=1400 audit(0.0:3086): avc: denied { kill } for comm="swapper/1" capability=5 scontext=u:r:kernel:s0 tcontext=u:r:kernel:s0 tclass=capability permissive=0
12-24 10:25:47.577 I/auditd ( 0): type=1400 audit(0.0:3087): avc: denied { kill } for comm="swapper/1" capability=5 scontext=u:r:kernel:s0 tcontext=u:r:kernel:s0 tclass=capability permissive=0
12-24 10:25:49.577 I/auditd ( 0): type=1400 audit(0.0:3088): avc: denied { kill } for comm="swapper/1" capability=5 scontext=u:r:kernel:s0 tcontext=u:r:kernel:s0 tclass=capability permissive=0
12-24 10:25:50.577 I/auditd ( 0): type=1400 audit(0.0:3089): avc: denied { kill } for comm="swapper/1" capability=5 scontext=u:r:kernel:s0 tcontext=u:r:kernel:s0 tclass=capability permissive=0
12-24 10:25:51.577 I/auditd ( 0): type=1400 audit(0.0:3090): avc: denied { kill } for comm="swapper/1" capability=5 scontext=u:r:kernel:s0 tcontext=u:r:kernel:s0 tclass=capability permissive=0
12-24 10:25:52.577 I/auditd ( 0): type=1400 audit(0.0:3091): avc: denied { kill } for comm="swapper/1" capability=5 scontext=u:r:kernel:s0 tcontext=u:r:kernel:s0 tclass=capability permissive=0
12-24 10:25:53.577 I/auditd ( 0): type=1400 audit(0.0:3092): avc: denied { kill } for comm="swapper/1" capability=5 scontext=u:r:kernel:s0 tcontext=u:r:kernel:s0 tclass=capability permissive=0
12-24 10:25:54.577 I/auditd ( 0): type=1400 audit(0.0:3093): avc: denied { kill } for comm="swapper/1" capability=5 scontext=u:r:kernel:s0 tcontext=u:r:kernel:s0 tclass=capability permissive=0
12-24 10:25:54.876 I/input_interaction( 1537): Interaction with: f8421f3 com.miHoYo.Yuanshen/com.miHoYo.GetMobileInfo.MainActivity (server), edge-swipe (server), swipe-up (server), PointerEventDispatcher0 (server),
12-24 10:25:55.577 I/auditd ( 0): type=1400 audit(0.0:3094): avc: denied { kill } for comm="swapper/1" capability=5 scontext=u:r:kernel:s0 tcontext=u:r:kernel:s0 tclass=capability permissive=0
12-24 10:25:56.212 I/am_uid_running( 1537): 99003
12-24 10:25:56.228 I/am_proc_start( 1537): [0,6170,99003,com.android.webview:sandboxed_process0:org.chromium.content.app.SandboxedProcessService0:1,,{com.miHoYo.Yuanshen/org.chromium.content.app.SandboxedProcessService0:1}]
12-24 10:25:56.249 I/am_proc_bound( 1537): [0,6170,com.android.webview:sandboxed_process0:org.chromium.content.app.SandboxedProcessService0:1]
12-24 10:25:56.251 I/am_uid_active( 1537): 99003
12-24 10:25:56.278 I/auditd ( 498): avc: denied { find } for pid=6170 uid=99003 name=content_capture scontext=u:r:isolated_app:s0:c512,c768 tcontext=u:object_r:content_capture_service:s0 tclass=service_manager permissive=0
12-24 10:25:56.577 I/auditd ( 0): type=1400 audit(0.0:3095): avc: denied { kill } for comm="swapper/1" capability=5 scontext=u:r:kernel:s0 tcontext=u:r:kernel:s0 tclass=capability permissive=0
12-24 10:25:56.679 I/am_kill ( 1537): [0,6170,com.android.webview:sandboxed_process0:org.chromium.content.app.SandboxedProcessService0:1,0,isolated not needed]
12-24 10:25:56.699 I/am_proc_died( 1537): [0,6170,com.android.webview:sandboxed_process0:org.chromium.content.app.SandboxedProcessService0:1,0,10]
12-24 10:25:56.700 I/am_uid_stopped( 1537): 99003
12-24 10:25:56.710 I/am_pss ( 1537): [5897,10097,com.miHoYo.Yuanshen:PushService,16610304,9535488,0,129880064,0,3,6]
12-24 10:25:56.717 I/am_pss ( 1537): [4885,10064,com.thundercomm.gamemode.provider,8085504,5726208,0,95694848,0,19,6]
12-24 10:25:56.724 I/am_pss ( 1537): [5564,1000,com.android.settings,21880832,12722176,0,120594432,0,19,6]
12-24 10:25:57.577 I/auditd ( 0): type=1400 audit(0.0:3096): avc: denied { kill } for comm="swapper/1" capability=5 scontext=u:r:kernel:s0 tcontext=u:r:kernel:s0 tclass=capability permissive=0
12-24 10:25:58.577 I/auditd ( 0): type=1400 audit(0.0:3097): avc: denied { kill } for comm="swapper/1" capability=5 scontext=u:r:kernel:s0 tcontext=u:r:kernel:s0 tclass=capability permissive=0
12-24 10:25:59.577 I/auditd ( 0): type=1400 audit(0.0:3098): avc: denied { kill } for comm="swapper/1" capability=5 scontext=u:r:kernel:s0 tcontext=u:r:kernel:s0 tclass=capability permissive=0
12-24 10:25:59.932 I/am_uid_running( 1537): 99004
12-24 10:25:59.943 I/am_proc_start( 1537): [0,6291,99004,com.android.webview:sandboxed_process0:org.chromium.content.app.SandboxedProcessService0:2,,{com.miHoYo.Yuanshen/org.chromium.content.app.SandboxedProcessService0:2}]
12-24 10:25:59.967 I/am_proc_bound( 1537): [0,6291,com.android.webview:sandboxed_process0:org.chromium.content.app.SandboxedProcessService0:2]
12-24 10:25:59.969 I/am_uid_active( 1537): 99004
12-24 10:25:59.995 I/auditd ( 498): avc: denied { find } for pid=6291 uid=99004 name=content_capture scontext=u:r:isolated_app:s0:c512,c768 tcontext=u:object_r:content_capture_service:s0 tclass=service_manager permissive=0
12-24 10:26:00.345 I/am_kill ( 1537): [0,6291,com.android.webview:sandboxed_process0:org.chromium.content.app.SandboxedProcessService0:2,0,isolated not needed]
12-24 10:26:00.353 I/am_proc_died( 1537): [0,6291,com.android.webview:sandboxed_process0:org.chromium.content.app.SandboxedProcessService0:2,0,10]
12-24 10:26:00.354 I/am_uid_stopped( 1537): 99004
12-24 10:26:00.577 I/auditd ( 0): type=1400 audit(0.0:3099): avc: denied { kill } for comm="swapper/1" capability=5 scontext=u:r:kernel:s0 tcontext=u:r:kernel:s0 tclass=capability permissive=0
12-24 10:26:01.677 I/ntp_failure( 1537): [time.android.com/216.239.35.12,java.net.SocketTimeoutException: Poll timed out]
12-24 10:26:02.577 I/auditd ( 0): type=1400 audit(0.0:3100): avc: denied { kill } for comm="swapper/1" capability=5 scontext=u:r:kernel:s0 tcontext=u:r:kernel:s0 tclass=capability permissive=0
12-24 10:26:03.577 I/auditd ( 0): type=1400 audit(0.0:3101): avc: denied { kill } for comm="swapper/1" capability=5 scontext=u:r:kernel:s0 tcontext=u:r:kernel:s0 tclass=capability permissive=0
12-24 10:26:04.577 I/auditd ( 0): type=1400 audit(0.0:3102): avc: denied { kill } for comm="swapper/1" capability=5 scontext=u:r:kernel:s0 tcontext=u:r:kernel:s0 tclass=capability permissive=0
12-24 10:26:06.577 I/auditd ( 0): type=1400 audit(0.0:3103): avc: denied { kill } for comm="swapper/1" capability=5 scontext=u:r:kernel:s0 tcontext=u:r:kernel:s0 tclass=capability permissive=0
12-24 10:26:06.686 I/ntp_failure( 1537): [time.android.com/216.239.35.4,java.net.SocketTimeoutException: Poll timed out]
12-24 10:26:07.577 I/auditd ( 0): type=1400 audit(0.0:3104): avc: denied { kill } for comm="swapper/1" capability=5 scontext=u:r:kernel:s0 tcontext=u:r:kernel:s0 tclass=capability permissive=0
12-24 10:26:08.577 I/auditd ( 0): type=1400 audit(0.0:3105): avc: denied { kill } for comm="swapper/1" capability=5 scontext=u:r:kernel:s0 tcontext=u:r:kernel:s0 tclass=capability permissive=0
12-24 10:26:09.577 I/auditd ( 0): type=1400 audit(0.0:3106): avc: denied { kill } for comm="swapper/1" capability=5 scontext=u:r:kernel:s0 tcontext=u:r:kernel:s0 tclass=capability permissive=0
12-24 10:26:10.577 I/auditd ( 0): type=1400 audit(0.0:3107): avc: denied { kill } for comm="swapper/1" capability=5 scontext=u:r:kernel:s0 tcontext=u:r:kernel:s0 tclass=capability permissive=0
12-24 10:26:11.577 I/auditd ( 0): type=1400 audit(0.0:3108): avc: denied { kill } for comm="swapper/1" capability=5 scontext=u:r:kernel:s0 tcontext=u:r:kernel:s0 tclass=capability permissive=0
12-24 10:26:11.689 I/ntp_failure( 1537): [time.android.com/216.239.35.8,java.net.SocketTimeoutException: Poll timed out]
12-24 10:26:12.577 I/auditd ( 0): type=1400 audit(0.0:3109): avc: denied { kill } for comm="swapper/1" capability=5 scontext=u:r:kernel:s0 tcontext=u:r:kernel:s0 tclass=capability permissive=0
12-24 10:26:13.577 I/auditd ( 0): type=1400 audit(0.0:3110): avc: denied { kill } for comm="swapper/1" capability=5 scontext=u:r:kernel:s0 tcontext=u:r:kernel:s0 tclass=capability permissive=0
12-24 10:26:14.577 I/auditd ( 0): type=1400 audit(0.0:3111): avc: denied { kill } for comm="swapper/1" capability=5 scontext=u:r:kernel:s0 tcontext=u:r:kernel:s0 tclass=capability permissive=0
12-24 10:26:15.577 I/auditd ( 0): type=1400 audit(0.0:3112): avc: denied { kill } for comm="swapper/1" capability=5 scontext=u:r:kernel:s0 tcontext=u:r:kernel:s0 tclass=capability permissive=0
12-24 10:26:16.577 I/auditd ( 0): type=1400 audit(0.0:3113): avc: denied { kill } for comm="swapper/1" capability=5 scontext=u:r:kernel:s0 tcontext=u:r:kernel:s0 tclass=capability permissive=0
12-24 10:26:17.577 I/auditd ( 0): type=1400 audit(0.0:3114): avc: denied { kill } for comm="swapper/1" capability=5 scontext=u:r:kernel:s0 tcontext=u:r:kernel:s0 tclass=capability permissive=0
12-24 10:26:19.577 I/auditd ( 5043): type=1400 audit(0.0:3115): avc: denied { kill } for comm="kworker/u16:11" capability=5 scontext=u:r:kernel:s0 tcontext=u:r:kernel:s0 tclass=capability permissive=0
12-24 10:26:20.577 I/auditd ( 0): type=1400 audit(0.0:3116): avc: denied { kill } for comm="swapper/1" capability=5 scontext=u:r:kernel:s0 tcontext=u:r:kernel:s0 tclass=capability permissive=0
12-24 10:26:21.577 I/auditd ( 0): type=1400 audit(0.0:3117): avc: denied { kill } for comm="swapper/1" capability=5 scontext=u:r:kernel:s0 tcontext=u:r:kernel:s0 tclass=capability permissive=0
12-24 10:26:22.577 I/auditd ( 0): type=1400 audit(0.0:3118): avc: denied { kill } for comm="swapper/1" capability=5 scontext=u:r:kernel:s0 tcontext=u:r:kernel:s0 tclass=capability permissive=0
12-24 10:26:23.354 I/am_uid_idle( 1537): 10064
12-24 10:26:23.577 I/auditd ( 0): type=1400 audit(0.0:3119): avc: denied { kill } for comm="swapper/1" capability=5 scontext=u:r:kernel:s0 tcontext=u:r:kernel:s0 tclass=capability permissive=0
12-24 10:26:24.577 I/auditd ( 0): type=1400 audit(0.0:3120): avc: denied { kill } for comm="swapper/1" capability=5 scontext=u:r:kernel:s0 tcontext=u:r:kernel:s0 tclass=capability permissive=0
12-24 10:26:25.577 I/auditd ( 0): type=1400 audit(0.0:3121): avc: denied { kill } for comm="swapper/1" capability=5 scontext=u:r:kernel:s0 tcontext=u:r:kernel:s0 tclass=capability permissive=0
12-24 10:26:26.577 I/auditd ( 0): type=1400 audit(0.0:3122): avc: denied { kill } for comm="swapper/1" capability=5 scontext=u:r:kernel:s0 tcontext=u:r:kernel:s0 tclass=capability permissive=0
12-24 10:26:28.577 I/auditd ( 0): type=1400 audit(0.0:3123): avc: denied { kill } for comm="swapper/2" capability=5 scontext=u:r:kernel:s0 tcontext=u:r:kernel:s0 tclass=capability permissive=0
12-24 10:26:29.577 I/auditd ( 0): type=1400 audit(0.0:3124): avc: denied { kill } for comm="swapper/2" capability=5 scontext=u:r:kernel:s0 tcontext=u:r:kernel:s0 tclass=capability permissive=0
12-24 10:26:30.577 I/auditd ( 0): type=1400 audit(0.0:3125): avc: denied { kill } for comm="swapper/2" capability=5 scontext=u:r:kernel:s0 tcontext=u:r:kernel:s0 tclass=capability permissive=0
12-24 10:26:31.577 I/auditd ( 0): type=1400 audit(0.0:3126): avc: denied { kill } for comm="swapper/2" capability=5 scontext=u:r:kernel:s0 tcontext=u:r:kernel:s0 tclass=capability permissive=0
12-24 10:26:32.577 I/auditd ( 0): type=1400 audit(0.0:3127): avc: denied { kill } for comm="swapper/2" capability=5 scontext=u:r:kernel:s0 tcontext=u:r:kernel:s0 tclass=capability permissive=0
12-24 10:26:33.577 I/auditd ( 0): type=1400 audit(0.0:3128): avc: denied { kill } for comm="swapper/2" capability=5 scontext=u:r:kernel:s0 tcontext=u:r:kernel:s0 tclass=capability permissive=0
12-24 10:26:33.996 I/netstats_mobile_sample( 1537): [0,0,0,0,0,0,0,0,0,0,0,0,1671873993996]
12-24 10:26:33.997 I/netstats_wifi_sample( 1537): [7371950,12447,8784563,20012,7371950,12447,8784563,20012,13914631,18091,4758313,11946,1671873993996]
12-24 10:26:34.000 I/service_manager_stats( 1537): [100,60,126471]
12-24 10:26:34.577 I/auditd ( 5041): type=1400 audit(0.0:3129): avc: denied { kill } for comm="kworker/u16:8" capability=5 scontext=u:r:kernel:s0 tcontext=u:r:kernel:s0 tclass=capability permissive=0
12-24 10:26:35.577 I/auditd ( 5561): type=1400 audit(0.0:3130): avc: denied { kill } for comm="kworker/u16:14" capability=5 scontext=u:r:kernel:s0 tcontext=u:r:kernel:s0 tclass=capability permissive=0
12-24 10:26:36.577 I/auditd ( 0): type=1400 audit(0.0:3131): avc: denied { kill } for comm="swapper/2" capability=5 scontext=u:r:kernel:s0 tcontext=u:r:kernel:s0 tclass=capability permissive=0
12-24 10:26:37.577 I/auditd ( 0): type=1400 audit(0.0:3132): avc: denied { kill } for comm="swapper/2" capability=5 scontext=u:r:kernel:s0 tcontext=u:r:kernel:s0 tclass=capability permissive=0
12-24 10:26:38.577 I/auditd ( 0): type=1400 audit(0.0:3133): avc: denied { kill } for comm="swapper/2" capability=5 scontext=u:r:kernel:s0 tcontext=u:r:kernel:s0 tclass=capability permissive=0
12-24 10:26:39.577 I/auditd ( 0): type=1400 audit(0.0:3134): avc: denied { kill } for comm="swapper/2" capability=5 scontext=u:r:kernel:s0 tcontext=u:r:kernel:s0 tclass=capability permissive=0
12-24 10:26:40.577 I/auditd ( 0): type=1400 audit(0.0:3135): avc: denied { kill } for comm="swapper/2" capability=5 scontext=u:r:kernel:s0 tcontext=u:r:kernel:s0 tclass=capability permissive=0
