01-05 08:30:06.154 D/mv2112_update_link( 0): 3.0x8109(100M): 0x8
01-05 08:30:06.154 D/mv2112_update_link( 0): link 0x0
01-05 08:30:06.154 D/mv2112_read_status( 0): autoneg is disabled
12-28 06:28:30.631 I/auditd ( 0): type=1400 audit(0.0:18863): avc: denied { kill } for comm="swapper/2" capability=5 scontext=u:r:kernel:s0 tcontext=u:r:kernel:s0 tclass=capability permissive=0
12-28 06:28:30.631 W/swapper/2( 0): type=1400 audit(0.0:18863): avc: denied { kill } for capability=5 scontext=u:r:kernel:s0 tcontext=u:r:kernel:s0 tclass=capability permissive=0
12-28 06:28:30.954 I/mpu_uart( 646): [MSG-P:RECV]:No message received in 1000 ms
01-05 08:30:07.182 D/ ( 0): mv2112_read_status
01-05 08:30:07.182 D/mv2112_update_link( 0): 3.0x901(1G): 0x80
01-05 08:30:07.182 D/mv2112_update_link( 0): 3.0x8109(100M): 0x8
01-05 08:30:07.182 D/mv2112_update_link( 0): link 0x0
01-05 08:30:07.182 D/mv2112_read_status( 0): autoneg is disabled
12-28 06:28:31.631 I/auditd ( 0): type=1400 audit(0.0:18864): avc: denied { kill } for comm="swapper/2" capability=5 scontext=u:r:kernel:s0 tcontext=u:r:kernel:s0 tclass=capability permissive=0
12-28 06:28:31.631 W/swapper/2( 0): type=1400 audit(0.0:18864): avc: denied { kill } for capability=5 scontext=u:r:kernel:s0 tcontext=u:r:kernel:s0 tclass=capability permissive=0
12-28 06:28:31.767 I/mpu_uart( 646): [MSG-P:R]:recv sync frame timeout
12-28 06:28:31.954 I/mpu_uart( 646): [MSG-P:RECV]:No message received in 1000 ms
01-05 08:30:08.202 D/ ( 0): mv2112_read_status
01-05 08:30:08.202 D/mv2112_update_link( 0): 3.0x901(1G): 0x80
01-05 08:30:08.202 D/mv2112_update_link( 0): 3.0x8109(100M): 0x8
01-05 08:30:08.202 D/mv2112_update_link( 0): link 0x0
01-05 08:30:08.202 D/mv2112_read_status( 0): autoneg is disabled
12-28 06:28:32.954 I/mpu_uart( 646): [MSG-P:RECV]:No message received in 1000 ms
01-05 08:30:09.225 D/ ( 0): mv2112_read_status
01-05 08:30:09.226 D/mv2112_update_link( 0): 3.0x901(1G): 0x80
01-05 08:30:09.226 D/mv2112_update_link( 0): 3.0x8109(100M): 0x8
01-05 08:30:09.226 D/mv2112_update_link( 0): link 0x0
01-05 08:30:09.226 D/mv2112_read_status( 0): autoneg is disabled
12-28 06:28:33.631 I/auditd ( 0): type=1400 audit(0.0:18865): avc: denied { kill } for comm="swapper/2" capability=5 scontext=u:r:kernel:s0 tcontext=u:r:kernel:s0 tclass=capability permissive=0
12-28 06:28:33.631 W/swapper/2( 0): type=1400 audit(0.0:18865): avc: denied { kill } for capability=5 scontext=u:r:kernel:s0 tcontext=u:r:kernel:s0 tclass=capability permissive=0
12-28 06:28:33.955 I/mpu_uart( 646): [MSG-P:RECV]:No message received in 1000 ms
01-05 08:30:10.249 D/ ( 0): mv2112_read_status
01-05 08:30:10.250 D/mv2112_update_link( 0): 3.0x901(1G): 0x80
01-05 08:30:10.250 D/mv2112_update_link( 0): 3.0x8109(100M): 0x8
01-05 08:30:10.250 D/mv2112_update_link( 0): link 0x0
01-05 08:30:10.250 D/mv2112_read_status( 0): autoneg is disabled
12-28 06:28:34.631 I/auditd ( 0): type=1400 audit(0.0:18866): avc: denied { kill } for comm="swapper/2" capability=5 scontext=u:r:kernel:s0 tcontext=u:r:kernel:s0 tclass=capability permissive=0
12-28 06:28:34.631 W/swapper/2( 0): type=1400 audit(0.0:18866): avc: denied { kill } for capability=5 scontext=u:r:kernel:s0 tcontext=u:r:kernel:s0 tclass=capability permissive=0
12-28 06:28:34.770 I/mpu_uart( 646): [MSG-P:R]:recv sync frame timeout
12-28 06:28:34.955 I/mpu_uart( 646): [MSG-P:RECV]:No message received in 1000 ms
01-05 08:30:11.273 D/ ( 0): mv2112_read_status
01-05 08:30:11.274 D/mv2112_update_link( 0): 3.0x901(1G): 0x80
01-05 08:30:11.274 D/mv2112_update_link( 0): 3.0x8109(100M): 0x8
01-05 08:30:11.274 D/mv2112_update_link( 0): link 0x0
01-05 08:30:11.274 D/mv2112_read_status( 0): autoneg is disabled
12-28 06:28:35.631 I/auditd ( 0): type=1400 audit(0.0:18867): avc: denied { kill } for comm="swapper/2" capability=5 scontext=u:r:kernel:s0 tcontext=u:r:kernel:s0 tclass=capability permissive=0
12-28 06:28:35.631 W/swapper/2( 0): type=1400 audit(0.0:18867): avc: denied { kill } for capability=5 scontext=u:r:kernel:s0 tcontext=u:r:kernel:s0 tclass=capability permissive=0
12-28 06:28:35.955 I/mpu_uart( 646): [MSG-P:RECV]:No message received in 1000 ms
01-05 08:30:12.301 D/ ( 0): mv2112_read_status
01-05 08:30:12.302 D/mv2112_update_link( 0): 3.0x901(1G): 0x80
01-05 08:30:12.302 D/mv2112_update_link( 0): 3.0x8109(100M): 0x8
01-05 08:30:12.302 D/mv2112_update_link( 0): link 0x0
01-05 08:30:12.302 D/mv2112_read_status( 0): autoneg is disabled
12-28 06:28:36.631 I/auditd ( 0): type=1400 audit(0.0:18868): avc: denied { kill } for comm="swapper/2" capability=5 scontext=u:r:kernel:s0 tcontext=u:r:kernel:s0 tclass=capability permissive=0
12-28 06:28:36.631 W/swapper/2( 0): type=1400 audit(0.0:18868): avc: denied { kill } for capability=5 scontext=u:r:kernel:s0 tcontext=u:r:kernel:s0 tclass=capability permissive=0
12-28 06:28:36.955 I/mpu_uart( 646): [MSG-P:RECV]:No message received in 1000 ms
01-05 08:30:13.322 D/ ( 0): mv2112_read_status
01-05 08:30:13.322 D/mv2112_update_link( 0): 3.0x901(1G): 0x80
01-05 08:30:13.322 D/mv2112_update_link( 0): 3.0x8109(100M): 0x8
01-05 08:30:13.322 D/mv2112_update_link( 0): link 0x0
01-05 08:30:13.322 D/mv2112_read_status( 0): autoneg is disabled
12-28 06:28:37.631 I/auditd ( 0): type=1400 audit(0.0:18869): avc: denied { kill } for comm="swapper/2" capability=5 scontext=u:r:kernel:s0 tcontext=u:r:kernel:s0 tclass=capability permissive=0
12-28 06:28:37.631 W/swapper/2( 0): type=1400 audit(0.0:18869): avc: denied { kill } for capability=5 scontext=u:r:kernel:s0 tcontext=u:r:kernel:s0 tclass=capability permissive=0
12-28 06:28:37.770 I/mpu_uart( 646): [MSG-P:R]:recv sync frame timeout
12-28 06:28:37.956 I/mpu_uart( 646): [MSG-P:RECV]:No message received in 1000 ms
01-05 08:30:14.345 D/ ( 0): mv2112_read_status
01-05 08:30:14.346 D/mv2112_update_link( 0): 3.0x901(1G): 0x80
01-05 08:30:14.346 D/mv2112_update_link( 0): 3.0x8109(100M): 0x8
01-05 08:30:14.346 D/mv2112_update_link( 0): link 0x0
01-05 08:30:14.346 D/mv2112_read_status( 0): autoneg is disabled
12-28 06:28:38.631 I/auditd ( 0): type=1400 audit(0.0:18870): avc: denied { kill } for comm="swapper/2" capability=5 scontext=u:r:kernel:s0 tcontext=u:r:kernel:s0 tclass=capability permissive=0
12-28 06:28:38.631 W/swapper/2( 0): type=1400 audit(0.0:18870): avc: denied { kill } for capability=5 scontext=u:r:kernel:s0 tcontext=u:r:kernel:s0 tclass=capability permissive=0
12-28 06:28:38.956 I/mpu_uart( 646): [MSG-P:RECV]:No message received in 1000 ms
01-05 08:30:15.343 I/logd ( 0): logdr: UID=2000 GID=2000 PID=25963 b tail=0 logMask=bf pid=0 start=0ns deadline=0ns
01-05 08:30:15.369 D/ ( 0): mv2112_read_status
01-05 08:30:15.370 D/mv2112_update_link( 0): 3.0x901(1G): 0x80
01-05 08:30:15.370 D/mv2112_update_link( 0): 3.0x8109(100M): 0x8
01-05 08:30:15.370 D/mv2112_update_link( 0): link 0x0
01-05 08:30:15.370 D/mv2112_read_status( 0): autoneg is disabled
12-28 06:28:39.956 I/mpu_uart( 646): [MSG-P:RECV]:No message received in 1000 ms
01-05 08:30:16.393 D/ ( 0): mv2112_read_status
01-05 08:30:16.394 D/mv2112_update_link( 0): 3.0x901(1G): 0x80
01-05 08:30:16.394 D/mv2112_update_link( 0): 3.0x8109(100M): 0x8
01-05 08:30:16.394 D/mv2112_update_link( 0): link 0x0
01-05 08:30:16.394 D/mv2112_read_status( 0): autoneg is disabled
12-28 06:28:40.631 I/auditd ( 0): type=1400 audit(0.0:18871): avc: denied { kill } for comm="swapper/2" capability=5 scontext=u:r:kernel:s0 tcontext=u:r:kernel:s0 tclass=capability permissive=0
12-28 06:28:40.631 W/swapper/2( 0): type=1400 audit(0.0:18871): avc: denied { kill } for capability=5 scontext=u:r:kernel:s0 tcontext=u:r:kernel:s0 tclass=capability permissive=0
12-28 06:28:40.773 I/mpu_uart( 646): [MSG-P:R]:recv sync frame timeout
12-28 06:28:40.957 I/mpu_uart( 646): [MSG-P:RECV]:No message received in 1000 ms
01-05 08:30:17.417 D/ ( 0): mv2112_read_status
01-05 08:30:17.418 D/mv2112_update_link( 0): 3.0x901(1G): 0x80
01-05 08:30:17.418 D/mv2112_update_link( 0): 3.0x8109(100M): 0x8
01-05 08:30:17.418 D/mv2112_update_link( 0): link 0x0
01-05 08:30:17.418 D/mv2112_read_status( 0): autoneg is disabled
12-28 06:28:41.957 I/mpu_uart( 646): [MSG-P:RECV]:No message received in 1000 ms
01-05 08:30:18.441 D/ ( 0): mv2112_read_status
01-05 08:30:18.442 D/mv2112_update_link( 0): 3.0x901(1G): 0x80
01-05 08:30:18.442 D/mv2112_update_link( 0): 3.0x8109(100M): 0x8
01-05 08:30:18.442 D/mv2112_update_link( 0): link 0x0
01-05 08:30:18.442 D/mv2112_read_status( 0): autoneg is disabled
12-28 06:28:42.957 I/mpu_uart( 646): [MSG-P:RECV]:No message received in 1000 ms
12-28 06:28:43.229 I/input_interaction( 1508): Interaction with: 2711ce0 com.android.launcher3/com.android.launcher3.uioverrides.QuickstepLauncher (server), cd21bea com.android.systemui.ImageWallpaper (server), edge-swipe (server), swipe-up (server), PointerEventDispatcher0 (server),
12-28 06:28:43.351 I/thunderperf( 1508): Maybe need boostperf for current app!
12-28 06:28:43.352 D/FgBoostPerfService( 2843): [FgBoostPerfService.perfBoostAcq]start: stat=true pkgName=com.tencent.tmgp.sgame
12-28 06:28:43.353 V/GameMode_GameTypeUtils( 2843): judge isGame:com.tencent.tmgp.sgame
12-28 06:28:43.355 D/FgBoostPerfService( 2843): [FgBoostPerfService.perfBoostAcq] end:
12-28 06:28:43.356 V/GameMode_GameTypeUtils( 2843): judge isGame:com.tencent.tmgp.sgame
12-28 06:28:43.356 V/GameMode_GameTypeUtils( 2843): judge isGame:com.tencent.tmgp.sgame
12-28 06:28:43.356 I/thunderperf( 1508): Current app pkgName=com.tencent.tmgp.sgame bm:com.thundercomm.perf.BoostPerfManager@c60b435 gpuMode=1 gpuType=0
12-28 06:28:43.356 I/ThunderBoostPerfService( 1508): Resolution: Uid=10075 Pid=2857 gMode=1 dType=0 --------- beginning of system
12-28 06:28:43.357 I/thunderperf( 1508): PlatormCompat.setOverrides: Uid1=10075 Pid1=2857 Uid2=10075 Pid2=2857
12-28 06:28:43.357 I/thunderperf( 1508): PlatormCompat.setOverrides: needCheck:false
12-28 06:28:43.357 E/BoostPerfManager( 1508): UpdateResolution SecurityException : e=java.lang.SecurityException: Cannot override a change on a non-debuggable app and user build.
12-28 06:28:43.357 I/ActivityTaskManager( 1508): START u0 {act=android.intent.action.MAIN cat=[android.intent.category.LAUNCHER] flg=0x10200000 cmp=com.tencent.tmgp.sgame/.SGameActivity bnds=[940,396][1216,672]} from uid 10075
12-28 06:28:43.357 I/EventSequenceValidator( 1508): inc AccIntentStartedEvents to 2
12-28 06:28:43.358 I/wm_task_moved( 1508): [65,1,7]
12-28 06:28:43.358 I/wm_task_to_front( 1508): [0,65]
12-28 06:28:43.358 I/wm_focused_root_task( 1508): [0,0,65,1,bringingFoundTaskToFront]
12-28 06:28:43.358 I/wm_set_resumed_activity( 1508): [0,com.tencent.tmgp.sgame/.SGameActivity,bringingFoundTaskToFront]
12-28 06:28:43.358 I/wm_new_intent( 1508): [0,244495840,65,com.tencent.tmgp.sgame/.SGameActivity,android.intent.action.MAIN,NULL,NULL,270532608]
12-28 06:28:43.359 D/CompatibilityInfo( 1508): mCompatibilityFlags - 4
12-28 06:28:43.359 D/CompatibilityInfo( 1508): applicationDensity - 240
12-28 06:28:43.359 D/CompatibilityInfo( 1508): applicationScale - 1.0
12-28 06:28:43.359 D/ActivityTrigger( 1508): ActivityTrigger activityPauseTrigger
12-28 06:28:43.360 I/wm_pause_activity( 1508): [0,186653412,com.android.launcher3/.uioverrides.QuickstepLauncher,userLeaving=true,pauseBackTasks]
12-28 06:28:43.362 I/wm_on_top_resumed_lost_called( 2857): [186653412,com.android.launcher3.uioverrides.QuickstepLauncher,topStateChangedWhenResumed]
12-28 06:28:43.363 I/wm_on_paused_called( 2857): [186653412,com.android.launcher3.uioverrides.QuickstepLauncher,performPause]
12-28 06:28:43.365 I/ActivityTaskManager( 1508): FOREGROUND_APPLICATION_CHANGED to com.tencent.tmgp.sgame.SGameActivity
12-28 06:28:43.366 I/wm_set_resumed_activity( 1508): [0,com.tencent.tmgp.sgame/.SGameActivity,resumeTopActivityInnerLocked]
12-28 06:28:43.366 I/wm_add_to_stopping( 1508): [0,186653412,com.android.launcher3/.uioverrides.QuickstepLauncher,makeInvisible]
12-28 06:28:43.367 D/CompatibilityChangeReporter( 1508): Compat change id reported: 181136395; UID 10098; state: DISABLED
12-28 06:28:43.367 D/CompatibilityChangeReporter( 1508): Compat change id reported: 174042936; UID 10098; state: DISABLED
12-28 06:28:43.367 I/wm_resume_activity( 1508): [0,244495840,65,com.tencent.tmgp.sgame/.SGameActivity]
12-28 06:28:43.374 I/am_uid_active( 1508): 10098
12-28 06:28:43.375 I/GameMode_ActivityMonitoringService( 2843): onForegroundActivitiesChanged uid 10098 pid 30902 fg true
12-28 06:28:43.376 I/sysui_multi_action( 1508): [757,803,799,window_time_0,802,49]
12-28 06:28:43.378 I/GameMode_ActivityMonitoringService( 2843): Updating top task to: TaskInfoContainer [topActivity=ComponentInfo{com.tencent.tmgp.sgame/com.tencent.tmgp.sgame.SGameActivity}, taskId=65, stackId=65, userId=0, displayId=0, position=7
12-28 06:28:43.378 I/GameMode_ActivityMonitoringService( 2843): Notifying about top task: TaskInfoContainer [topActivity=ComponentInfo{com.tencent.tmgp.sgame/com.tencent.tmgp.sgame.SGameActivity}, taskId=65, stackId=65, userId=0, displayId=0, position=7
12-28 06:28:43.378 E/GameMode_ActivityMonitoringService( 2843): onActivityLaunch:com.tencent.tmgp.sgame
12-28 06:28:43.378 V/GameMode_GameTypeUtils( 2843): judge isGame:com.tencent.tmgp.sgame
12-28 06:28:43.378 V/GameMode_GpuUtils( 2843): fps:60
12-28 06:28:43.379 D/GameMode_GameModeActionUtils( 2843): Show GameMode entry by service!
12-28 06:28:43.380 W/ContextImpl( 2843): Calling a method in the system process without a qualified user: android.app.ContextImpl.startService:1816 android.content.ContextWrapper.startService:774 com.thundercomm.gamemode.ingame.services.GameModeActionUtils.startGameModeService:99 com.thundercomm.gamemode.ingame.services.GameModeActionUtils.startGameModeEntry:22 com.thundercomm.gamemode.ingame.services.ActivityMonitoringService$1.onActivityLaunch:127
12-28 06:28:43.381 D/GameModeIF_GameModeSettings( 2843): getUriFor setting_content_uri_root = content://com.thundercomm.gamemode.api/gamemode_settings , name = gamemode_isgaming
12-28 06:28:43.381 D/GameMode_GameModeService( 2843): type=show_entry
12-28 06:28:43.381 I/input_focus( 1508): [Focus leaving 2711ce0 com.android.launcher3/com.android.launcher3.uioverrides.QuickstepLauncher (server),reason=NO_WINDOW]
12-28 06:28:43.382 I/GCloudCore(30902): observer pos:0 className:com.tsf4g.apollo.plugin.msdk.ApolloPluginMsdk
12-28 06:28:43.382 I/MsdkAdapter(30902): Apollo OnRestart
12-28 06:28:43.382 I/Apollo (30902): onRestart
12-28 06:28:43.382 I/Apollo (30902): SetAppStatus :status:6
12-28 06:28:43.382 I/Apollo (30902): SetAppStatus :refresh status:2030406
12-28 06:28:43.382 I/wm_on_restart_called(30902): [244495840,com.tencent.tmgp.sgame.SGameActivity,performRestartActivity]
12-28 06:28:43.382 I/GCloudCore(30902): observer pos:0 className:com.tsf4g.apollo.plugin.msdk.ApolloPluginMsdk
12-28 06:28:43.382 I/MsdkAdapter(30902): Apollo onStart
12-28 06:28:43.382 I/Apollo (30902): onStart
12-28 06:28:43.382 I/Apollo (30902): SetAppStatus :status:1
12-28 06:28:43.382 I/Apollo (30902): SetAppStatus :refresh status:3040601
12-28 06:28:43.382 I/wm_on_start_called(30902): [244495840,com.tencent.tmgp.sgame.SGameActivity,handleStartActivity]
12-28 06:28:43.383 I/SGame_Activity(30902): onNewIntent
12-28 06:28:43.383 I/GCloudCore(30902): observer pos:0 className:com.tsf4g.apollo.plugin.msdk.ApolloPluginMsdk
12-28 06:28:43.383 I/SGame_Activity(30902): sgame onResume
12-28 06:28:43.385 D/WeGame-MSDK SettingDBHelperget(30902): Get login_type from SettingTable is 0
12-28 06:28:43.385 W/WeGame-MSDK ConfigManagergetString(30902): No value Configed MSDK_DENIED_COLLECT_LIST
12-28 06:28:43.386 D/WeGame-MSDK PermissionCheckercheckPermission(30902): current Permission:0
12-28 06:28:43.386 D/WeGame-MSDK DeviceInfogetApn(30902): typeName:WIFI
12-28 06:28:43.386 I/GameModeConfig( 1508): Current uri is uri = content://com.thundercomm.gamemode.api/gamemode_settings/gamemode_isgaming
12-28 06:28:43.386 D/GameModeIF_GameModeSettings( 1508): getUriFor setting_content_uri_root = content://com.thundercomm.gamemode.api/gamemode_settings , name = gamemode_isgaming
12-28 06:28:43.387 D/GameMode( 2843): wmParams.y = -174
12-28 06:28:43.387 D/WeGame-MSDK SettingDBHelperget(30902): Get LastOpenId from SettingTable is owanlskU5yhf7OKaSYRhdpiVznRM
12-28 06:28:43.387 I/am_pss ( 1508): [24552,10050,com.thundercomm.screensaver,29620224,22130688,51200,137535488,0,19,8]
12-28 06:28:43.387 D/WeGame-MSDK SettingDBHelperget(30902): Get LastPlatfrom from SettingTable is 1
12-28 06:28:43.388 D/GameModeIF_GameModeSettings( 2843): gamemode_isgaming set to 1
12-28 06:28:43.388 W/WeGame-MSDK ConfigManagergetString(30902): No value Configed MSDK_DENIED_COLLECT_LIST
12-28 06:28:43.388 D/WeGame-MSDK PermissionCheckercheckPermission(30902): current Permission:0
12-28 06:28:43.388 D/WeGame-MSDK DeviceInfogetApn(30902): typeName:WIFI
12-28 06:28:43.389 I/[CrashSightReport](30902): has not received cloud strategy, just cache
12-28 06:28:43.389 I/GCloudCore(30902): observer pos:0 className:com.tsf4g.apollo.plugin.msdk.ApolloPluginMsdk
12-28 06:28:43.389 I/MsdkAdapter(30902): Apollo onResume
12-28 06:28:43.389 I/Apollo (30902): onResume
12-28 06:28:43.389 I/Apollo (30902): SetAppStatus :status:2
12-28 06:28:43.389 I/Apollo (30902): SetAppStatus :refresh status:4060102
12-28 06:28:43.389 I/wm_on_resume_called(30902): [244495840,com.tencent.tmgp.sgame.SGameActivity,RESUME_ACTIVITY]
12-28 06:28:43.389 I/wm_on_top_resumed_gained_called(30902): [244495840,com.tencent.tmgp.sgame.SGameActivity,topWhenResuming]
12-28 06:28:43.390 I/GameModeConfig( 1508): isGameModeOn = true
12-28 06:28:43.390 I/GameModeConfig( 1508): isGaming = true
12-28 06:28:43.390 I/GameModeConfig( 1508): isDisableNotification = true
12-28 06:28:43.390 I/GameModeConfig( 1508): isGameModeOn = true
12-28 06:28:43.390 I/GameModeConfig( 1508): isGaming = true
12-28 06:28:43.390 I/GameModeConfig( 1508): isDisableNotification = true
12-28 06:28:43.390 D/AF::TrackHandle( 988): OpPlayAudio: track:74 usage:2 not muted
12-28 06:28:43.390 D/AF::TrackHandle( 988): OpPlayAudio: track:74 usage:2 not muted
12-28 06:28:43.391 D/AF::TrackHandle( 988): OpPlayAudio: track:74 usage:2 not muted
12-28 06:28:43.391 D/AF::TrackHandle( 988): OpPlayAudio: track:74 usage:2 not muted
12-28 06:28:43.391 D/AF::TrackHandle( 988): OpPlayAudio: track:74 usage:2 not muted
12-28 06:28:43.391 D/AF::TrackHandle( 988): OpPlayAudio: track:74 usage:2 not muted
12-28 06:28:43.391 D/AF::TrackHandle( 988): OpPlayAudio: track:74 usage:2 not muted
12-28 06:28:43.391 D/AF::TrackHandle( 988): OpPlayAudio: track:74 usage:2 not muted
12-28 06:28:43.391 D/AF::TrackHandle( 988): OpPlayAudio: track:74 usage:2 not muted
12-28 06:28:43.392 D/AF::TrackHandle( 988): OpPlayAudio: track:74 usage:2 not muted
12-28 06:28:43.392 D/AF::TrackHandle( 988): OpPlayAudio: track:74 usage:2 not muted
12-28 06:28:43.392 D/AF::TrackHandle( 988): OpPlayAudio: track:74 usage:2 not muted
12-28 06:28:43.392 D/AF::TrackHandle( 988): OpPlayAudio: track:74 usage:2 not muted
12-28 06:28:43.392 D/AF::TrackHandle( 988): OpPlayAudio: track:74 usage:2 not muted
12-28 06:28:43.392 D/AF::TrackHandle( 988): OpPlayAudio: track:74 usage:2 not muted
12-28 06:28:43.392 D/AF::TrackHandle( 988): OpPlayAudio: track:74 usage:2 not muted
12-28 06:28:43.399 I/input_focus( 1508): [Focus request 4944e7a com.tencent.tmgp.sgame/com.tencent.tmgp.sgame.SGameActivity,reason=UpdateInputWindows]
12-28 06:28:43.400 I/SGame_Activity(30902): TestNotch Not
12-28 06:28:43.401 I/BpBinder( 1016): onLastStrongRef automatically unlinking death recipients:
12-28 06:28:43.403 I/Unity (30902): Debug - call nativeRecreateGfxState1 (0)
12-28 06:28:43.403 I/Unity (30902): Debug - call nativeRecreateGfxState1 (1)
12-28 06:28:43.406 I/sysui_multi_action( 1508): [319,13,321,12,322,48,325,17437,757,761,758,9,759,4,806,com.tencent.tmgp.sgame,871,com.tencent.tmgp.sgame.SGameActivity,904,com.android.launcher3,905,0,1320,4,1321,4]
12-28 06:28:43.407 D/GameMode_GameSettingsObserver( 2843): Game Data change!!!! uri = content://com.thundercomm.gamemode.api/gamemode_settings/gamemode_isgaming
12-28 06:28:43.407 D/GameModeIF_GameModeSettings( 2843): getUriFor setting_content_uri_root = content://com.thundercomm.gamemode.api/gamemode_settings , name = gamemode_isgaming
12-28 06:28:43.408 I/EventSequenceValidator( 1508): dec AccIntentStartedEvents to 1
12-28 06:28:43.413 D/GameMode_GameModeService( 2843): updateGlobalSettings = gamemode_isgaming
12-28 06:28:43.414 I/input_focus( 1508): [Focus entering 4944e7a com.tencent.tmgp.sgame/com.tencent.tmgp.sgame.SGameActivity (server),reason=setFocusedWindow]
12-28 06:28:43.415 I/Unity (30902): Debug - call nativeFocusChanged(true)
12-28 06:28:43.415 E/Surface (30902): getSlotFromBufferLocked: unknown buffer: 0x7312dc5970
12-28 06:28:43.415 E/Surface (30902): freeAllBuffers: 1 buffers were freed while being dequeued!
12-28 06:28:43.417 I/Unity (30902): Debug - call nativeResume
12-28 06:28:43.417 I/Unity (30902): UnityDeadlockMonitor SetPaused 0
12-28 06:28:43.419 D/IL2CPP (30902): WalkStack, base address = 0x7187e82000.
12-28 06:28:43.419 I/Unity (30902): ObjectManager OnApplicationPause:False (Filename: .\artifacts/generated/Android/runtime/DebugBindings.gen.cpp Line: 51)
12-28 06:28:43.420 D/IL2CPP (30902): WalkStack, base address = 0x7187e82000.
12-28 06:28:43.420 I/Unity (30902): PGameLiveHelper:OnApplicationPause:False (Filename: .\artifacts/generated/Android/runtime/DebugBindings.gen.cpp Line: 51)
12-28 06:28:43.420 D/IL2CPP (30902): WalkStack, base address = 0x7187e82000.
12-28 06:28:43.420 I/Unity (30902): SGame VideoPlayer CUIPandoraVideoPlayerScript OnApplicationPause + False, url = /storage/emulated/0/Android/data/com.tencent.tmgp.sgame/files/SplashRuntime/Video/LoginBg53.mp4, form = Form_Splash_New (Filename: .\artifacts/generated/Android/runtime/DebugBindings.gen.cpp Line: 51)
12-28 06:28:43.420 I/OpenGLRenderer(30902): Davey! duration=2600162ms; Flags=1, FrameTimelineVsyncId=405854, IntendedVsync=14837485286801, Vsync=14837485286801, InputEventId=1963373657, HandleInputStart=14837486303088, AnimationStart=14837486303869, PerformTraversalsStart=14837486304390, DrawStart=14837496462410, FrameDeadline=14837518620133, FrameInterval=14837486299702, FrameStartTime=16666666, SyncQueued=14837496517931, SyncStart=14837496728713, IssueDrawCommandsStart=14837496775119, SwapBuffers=14837497562723, FrameCompleted=17437647572408, DequeueBufferDuration=455521, QueueBufferDuration=495834, GpuCompleted=17437647572408, SwapBuffersCompleted=14837498310431, DisplayPresentTime=0,
12-28 06:28:43.421 D/IL2CPP (30902): WalkStack, base address = 0x7187e82000.
12-28 06:28:43.421 I/Unity (30902): SGame VideoPlayer VideoPlayer EnterLoadingState Video, url = /storage/emulated/0/Android/data/com.tencent.tmgp.sgame/files/SplashRuntime/Video/LoginBg53.mp4, form = Form_Splash_New (Filename: .\artifacts/generated/Android/runtime/DebugBindings.gen.cpp Line: 51)
12-28 06:28:43.421 D/IL2CPP (30902): WalkStack, base address = 0x7187e82000.
12-28 06:28:43.421 I/Unity (30902): PVideoPlayer Play /storage/emulated/0/Android/data/com.tencent.tmgp.sgame/files/SplashRuntime/Video/LoginBg53.mp4 (Filename: .\artifacts/generated/Android/runtime/DebugBindings.gen.cpp Line: 51)
12-28 06:28:43.421 I/PANDORAMEDIA(30902): pandora_video_play: 0
12-28 06:28:43.421 I/PANDORAMEDIA(30902): av_version_info: Tag-2.20-2021-11-24-116-g284ee4f2
12-28 06:28:43.421 I/PANDORAMEDIA(30902): ijk_version_info: 201b97d
12-28 06:28:43.421 D/PANDORAMEDIA(30902): ffpipeline_create_from_android()
12-28 06:28:43.421 D/PANDORAMEDIA(30902): ijkmp_set_data_source(url="/storage/emulated/0/Android/data/com.tencent.tmgp.sgame/files/SplashRuntime/Video/LoginBg53.mp4")
12-28 06:28:43.421 D/PANDORAMEDIA(30902): ijkmp_set_data_source(url="/storage/emulated/0/Android/data/com.tencent.tmgp.sgame/files/SplashRuntime/Video/LoginBg53.mp4")=0
12-28 06:28:43.421 D/PANDORAMEDIA(30902): ijkmp_prepare_async()
12-28 06:28:43.421 I/PANDORAMEDIA(30902): ===== versions =====
12-28 06:28:43.421 I/PANDORAMEDIA(30902): ijkplayer : 201b97d
12-28 06:28:43.421 I/PANDORAMEDIA(30902): FFmpeg : Tag-2.20-2021-11-24-116-g284ee4f2
12-28 06:28:43.421 I/PANDORAMEDIA(30902): libavutil : 55.78.100
12-28 06:28:43.421 I/PANDORAMEDIA(30902): libavcodec : 57.107.100
12-28 06:28:43.421 I/PANDORAMEDIA(30902): libavformat : 57.83.100
12-28 06:28:43.421 I/PANDORAMEDIA(30902): libswresample: 2.9.100
12-28 06:28:43.421 I/PANDORAMEDIA(30902): ===== options =====
12-28 06:28:43.421 I/PANDORAMEDIA(30902): player-opts : mediacodec = 1
12-28 06:28:43.421 I/PANDORAMEDIA(30902): player-opts : mediacodec-mpeg4 = 1
12-28 06:28:43.421 I/PANDORAMEDIA(30902): player-opts : opensles = 1
12-28 06:28:43.421 I/PANDORAMEDIA(30902): player-opts : soundtouch = 1
12-28 06:28:43.421 I/PANDORAMEDIA(30902): player-opts : atmos-eac3 = 0
12-28 06:28:43.421 I/PANDORAMEDIA(30902): player-opts : max-fps = 30
12-28 06:28:43.421 I/PANDORAMEDIA(30902): player-opts : framedrop = 1
12-28 06:28:43.421 I/PANDORAMEDIA(30902): player-opts : video-pictq-size = 3
12-28 06:28:43.421 I/PANDORAMEDIA(30902): player-opts : enable-accurate-seek = 1
12-28 06:28:43.421 I/PANDORAMEDIA(30902): player-opts : max-buffer-size = 2097152
12-28 06:28:43.421 I/PANDORAMEDIA(30902): player-opts : min-frames = 120
12-28 06:28:43.421 I/PANDORAMEDIA(30902): player-opts : start-on-prepared = 1
12-28 06:28:43.421 I/PANDORAMEDIA(30902): format-opts : reconnect = 1
12-28 06:28:43.421 I/PANDORAMEDIA(30902): format-opts : timeout = 15000000
12-28 06:28:43.421 I/PANDORAMEDIA(30902): format-opts : user_agent = pandora_player
12-28 06:28:43.421 I/PANDORAMEDIA(30902): ===================
12-28 06:28:43.422 I/PANDORAMEDIA(30902): get devicemodel: figure
12-28 06:28:43.422 I/PANDORAMEDIA(30902): using AudioTrack
12-28 06:28:43.422 D/PANDORAMEDIA(30902): ijkmp_prepare_async()=0
12-28 06:28:43.422 I/PANDORAMEDIA(30902): SDL_RunThread: [26017] ff_msg_loop_thread
12-28 06:28:43.422 I/PANDORAMEDIA(30902): SDL_RunThread: [26018] video_refresh_thread
12-28 06:28:43.422 I/PANDORAMEDIA(30902): SDL_RunThread: [26019] ff_read_thread
12-28 06:28:43.424 D/cent.tmgp.sgam(30902): PlayerBase::PlayerBase()
12-28 06:28:43.424 D/cent.tmgp.sgam(30902): TrackPlayerBase::TrackPlayerBase()
12-28 06:28:43.424 W/libOpenSLES(30902): Leaving Object::GetInterface (SL_RESULT_FEATURE_UNSUPPORTED)
12-28 06:28:43.424 I/libOpenSLES(30902): Emulating old channel mask behavior (ignoring positional mask 0x3, using default mask 0x3 based on channel count of 2)
12-28 06:28:43.424 W/AudioTrack(30902): set(): notificationFrames=-28 clamped to the range -1 to -8
12-28 06:28:43.424 D/IL2CPP (30902): WalkStack, base address = 0x7187e82000.
12-28 06:28:43.424 I/Unity (30902): GVoiceC#Log GCloudVoice_C# API: _Resume (Filename: .\artifacts/generated/Android/runtime/DebugBindings.gen.cpp Line: 51)
01-05 08:30:19.465 D/ ( 0): mv2112_read_status
01-05 08:30:19.466 D/mv2112_update_link( 0): 3.0x901(1G): 0x80
01-05 08:30:19.466 D/mv2112_update_link( 0): 3.0x8109(100M): 0x8
01-05 08:30:19.466 D/mv2112_update_link( 0): link 0x0
01-05 08:30:19.466 D/mv2112_read_status( 0): autoneg is disabled
12-28 06:28:43.425 D/audio_hw_primary( 799): adev_get_parameters:vr_audio_mode_on
12-28 06:28:43.425 I/audio_hw_primary( 799): getting vr mode to 0
12-28 06:28:43.425 D/audio_hw_primary( 799): adev_get_parameters: exit: returns - vr_audio_mode_on=false
12-28 06:28:43.425 I/hash_map_utils( 988): system/bt/osi/src/hash_map_utils.cc:81 hash_map_utils_dump_string_keys_string_values: key: 'vr_audio_mode_on' value: ''
12-28 06:28:43.425 D/AudioFlinger( 988): Client defaulted notificationFrames to 144 for frameCount 1152
12-28 06:28:43.426 D/AF::TrackHandle( 988): OpPlayAudio: track:100 usage:1 not muted
12-28 06:28:43.428 I/AudioTrack(30902): createTrack_l(0): AUDIO_OUTPUT_FLAG_FAST successful; frameCount 0 -> 1152
12-28 06:28:43.430 W/AudioIDCMicroNegotiator( 1508): idcm_warn: idcm control is not enable
12-28 06:28:43.431 D/Avrcp_ext( 2362): AudioManager Player: AudioPlaybackConfiguration piid:71 deviceId:0 type:android.media.SoundPool u/pid:1000/1508 state:idle attr:AudioAttributes: usage=USAGE_ASSISTANCE_SONIFICATION content=CONTENT_TYPE_SONIFICATION flags=0x800 tags= bundle=null sessionId:0
12-28 06:28:43.431 D/Avrcp_ext( 2362): AudioManager Player: AudioPlaybackConfiguration piid:1063 deviceId:0 type:android.media.SoundPool u/pid:10098/30902 state:idle attr:AudioAttributes: usage=USAGE_MEDIA content=CONTENT_TYPE_MUSIC flags=0x800 tags= bundle=null sessionId:0
12-28 06:28:43.431 D/Avrcp_ext( 2362): AudioManager Player: AudioPlaybackConfiguration piid:79 deviceId:0 type:android.media.SoundPool u/pid:10080/2379 state:idle attr:AudioAttributes: usage=USAGE_ASSISTANCE_SONIFICATION content=CONTENT_TYPE_SONIFICATION flags=0x800 tags= bundle=null sessionId:0
12-28 06:28:43.431 D/Avrcp_ext( 2362): AudioManager Player: AudioPlaybackConfiguration piid:95 deviceId:0 type:android.media.SoundPool u/pid:1000/2843 state:idle attr:AudioAttributes: usage=USAGE_ASSISTANCE_SONIFICATION content=CONTENT_TYPE_SONIFICATION flags=0x801 tags= bundle=null sessionId:0
12-28 06:28:43.431 D/Avrcp_ext( 2362): AudioManager Player: AudioPlaybackConfiguration piid:783 deviceId:3 type:android.media.MediaPlayer u/pid:10080/2379 state:stopped attr:AudioAttributes: usage=USAGE_VOICE_COMMUNICATION content=CONTENT_TYPE_SONIFICATION flags=0x800 tags= bundle=null sessionId:0
12-28 06:28:43.431 D/Avrcp_ext( 2362): AudioManager Player: AudioPlaybackConfiguration piid:1103 deviceId:3 type:OpenSL ES AudioPlayer (Buffer Queue) u/pid:10098/30902 state:started attr:AudioAttributes: usage=USAGE_MEDIA content=CONTENT_TYPE_UNKNOWN flags=0x0 tags= bundle=null sessionId:1017
12-28 06:28:43.431 D/MediaRouter(30902): onRestoreRoute() : route=RouteInfo{ name=平板电脑, description=null, status=null, category=RouteCategory{ name=系统 types=ROUTE_TYPE_LIVE_AUDIO ROUTE_TYPE_LIVE_VIDEO groupable=false }, supportedTypes=ROUTE_TYPE_LIVE_AUDIO ROUTE_TYPE_LIVE_VIDEO , presentationDisplay=null }
12-28 06:28:43.431 V/MediaRouter(30902): Selecting route: RouteInfo{ name=平板电脑, description=null, status=null, category=RouteCategory{ name=系统 types=ROUTE_TYPE_LIVE_AUDIO ROUTE_TYPE_LIVE_VIDEO groupable=false }, supportedTypes=ROUTE_TYPE_LIVE_AUDIO ROUTE_TYPE_LIVE_VIDEO , presentationDisplay=null }
12-28 06:28:43.431 D/Avrcp_ext( 2362): AudioManager Player in started state: com.tencent.tmgp.sgame
12-28 06:28:43.431 D/Avrcp_ext( 2362): AudioManager Active Player: com.tencent.tmgp.sgame
12-28 06:28:43.431 D/Avrcp_ext( 2362): AudioManager isPlaying: true, mAudioPlaybackIsActive = false
12-28 06:28:43.432 V/Avrcp_ext( 2362): updateCurrentMediaState: mMediaController: MediaController (com.android.systemui@11714de) null
12-28 06:28:43.432 W/Avrcp_ext( 2362): isMusicActive: false getBluetoothPlayState: 2 A2dp State: 11 mAudioPlaybackIsActive: true
12-28 06:28:43.432 D/Avrcp_ext( 2362): isMusicActive = false mAudioPlaybackIsActive = true player state = null
12-28 06:28:43.433 I/EffectsFactory( 799): EffectCreate() create_effect
12-28 06:28:43.433 I/Avrcp_ext( 2362): Skipping update due to invalid playback state
12-28 06:28:43.433 V/Avrcp_ext( 2362): updatePlaybackState, state: null device: null
12-28 06:28:43.433 V/Avrcp_ext( 2362): Device: no name:
12-28 06:28:43.433 V/Avrcp_ext( 2362): Device: no name:
12-28 06:28:43.433 V/Avrcp_ext( 2362): Device: no name:
12-28 06:28:43.433 V/Avrcp_ext( 2362): Device: no name:
12-28 06:28:43.433 V/Avrcp_ext( 2362): Device: no name:
12-28 06:28:43.433 V/Avrcp_ext( 2362): updatePlayerStateAndPosition, old=PlaybackState {state=2, position=-1, buffered position=0, speed=1.0, updated=17186776, actions=0, custom actions=[], active item id=-1, error=null}, state=null
12-28 06:28:43.433 I/Avrcp_ext( 2362): updatePlayerStateAndPosition: device: state = null
12-28 06:28:43.433 E/volume_listener( 799): check_and_set_gain_dep_cal: Failed to set gain dep cal level
12-28 06:28:43.433 D/IL2CPP (30902): WalkStack, base address = 0x7187e82000.
12-28 06:28:43.433 I/Unity (30902): PGameLive:NoticeScreenChangedStatus:False (Filename: .\artifacts/generated/Android/runtime/DebugBindings.gen.cpp Line: 51)
12-28 06:28:43.434 D/IL2CPP (30902): WalkStack, base address = 0x7187e82000.
12-28 06:28:43.434 I/Unity (30902): PGameLiveHelper:NoticeScreenChangedStatus:False (Filename: .\artifacts/generated/Android/runtime/DebugBindings.gen.cpp Line: 51)
12-28 06:28:43.434 D/IL2CPP (30902): WalkStack, base address = 0x7187e82000.
12-28 06:28:43.434 E/Unity (30902): OnScreenResolutionChanged, width2380, height1020 (Filename: .\artifacts/generated/Android/runtime/DebugBindings.gen.cpp Line: 51)
12-28 06:28:43.435 D/IL2CPP (30902): WalkStack, base address = 0x7187e82000.
12-28 06:28:43.435 D/audio_hw_primary( 799): start_output_stream: enter: stream(0xec2064c0)usecase(12: audio-ull-playback) devices(0x2) is_haptic_usecase(0)
12-28 06:28:43.435 I/Unity (30902): payload is :g_version:3.81.1.8,WorldID:3343,platform:Wechat,openid:NULL,GameType:COM_SINGLE_GAME_OF_ADVENTURE,MapID:0,Status:False,PauseTime:2346.736,MyScore:,EnemyScore:,RoomID:, (Filename: .\artifacts/generated/Android/runtime/DebugBindings.gen.cpp Line: 51)
12-28 06:28:43.435 D/audio_hw_primary( 799): select_devices for use case (audio-ull-playback)
12-28 06:28:43.435 I/msm8974_platform( 799): platform_check_and_set_codec_backend_cfg:becf: afe: bitwidth 16, samplerate 48000 channels 2, backend_idx 0 usecase = 12 device (speaker)
12-28 06:28:43.435 D/msm8974_platform( 799): platform_split_snd_device: snd_device(2) num devices(1) new_snd_devices(0)
12-28 06:28:43.435 I/msm8974_platform( 799): platform_check_and_set_codec_backend_cfg: new_snd_devices[0] is 2
12-28 06:28:43.435 I/msm8974_platform( 799): platform_check_codec_backend_cfg:becf: afe: bitwidth 16, samplerate 48000 channels 2, backend_idx 0 usecase = 12 device (speaker)
12-28 06:28:43.435 E/SDP (29506): GLESMetricsController: Failure in metricsapi_GetMetricValue for metric '% Texture L2 Miss' [nan]. Setting the metric value to 0.
12-28 06:28:43.435 E/SDP (29506): GLESMetricsController: Failure in metricsapi_GetMetricValue for metric '% Texture L2 Miss' [nan]. Setting the metric value to 0.
12-28 06:28:43.435 E/SDP (29506): GLESMetricsController: Failure in metricsapi_GetMetricValue for metric '% Instruction Cache Miss' [nan]. Setting the metric value to 0.
12-28 06:28:43.435 W/WeGame-MSDK ConfigManagergetString(30902): No value Configed MSDK_DENIED_COLLECT_LIST
12-28 06:28:43.435 E/SDP (29506): GLESMetricsController: Failure in metricsapi_GetMetricValue for metric 'L1 Texture Cache Miss Per Pixel' [nan]. Setting the metric value to 0.
12-28 06:28:43.435 D/WeGame-MSDK PermissionCheckercheckPermission(30902): current Permission:0
12-28 06:28:43.436 E/SDP (29506): GLESMetricsController: Failure in metricsapi_GetMetricValue for metric '% Texture L1 Miss' [nan]. Setting the metric value to 0.
12-28 06:28:43.436 E/SDP (29506): GLESMetricsController: Failure in metricsapi_GetMetricValue for metric 'L1 Texture Cache Miss Per Pixel' [nan]. Setting the metric value to 0.
12-28 06:28:43.436 E/SDP (29506): GLESMetricsController: Failure in metricsapi_GetMetricValue for metric '% Texture L1 Miss' [nan]. Setting the metric value to 0.
12-28 06:28:43.436 D/WeGame-MSDK DeviceInfogetApn(30902): typeName:WIFI
12-28 06:28:43.436 D/audio_hw_extn( 799): audio_extn_enable_hifi_filter: mixer_value set 0
12-28 06:28:43.436 D/msm8974_platform( 799): platform_check_codec_backend_cfg:becf: updated afe: bitwidth 16, samplerate 48000 channels 2,backend_idx 0 usecase = 12 device (speaker)
12-28 06:28:43.436 D/msm8974_platform( 799): platform_check_codec_backend_cfg:becf: afe: playback on codec device not supporting native playback set default Sample Rate(48k)
12-28 06:28:43.436 I/msm8974_platform( 799): platform_check_codec_backend_cfg:becf: afe: Codec selected backend: 0 updated bit width: 16 and sample rate: 48000
12-28 06:28:43.436 D/audio_hw_primary( 799): check_usecases_codec_backend:becf: force routing 0
12-28 06:28:43.436 E/msm8974_platform( 799): platform_check_backends_match: Invalid snd_device =
12-28 06:28:43.436 D/audio_hw_primary( 799): check_usecases_codec_backend:becf: (78) check_usecases curr device: speaker, usecase device: backends match 0
12-28 06:28:43.436 D/audio_hw_primary( 799): check_usecases_codec_backend:becf: check_usecases num.of Usecases to switch 0
12-28 06:28:43.436 D/hardware_info( 799): hw_info_append_hw_type : device_name = speaker
12-28 06:28:43.436 D/msm8974_platform( 799): platform_split_snd_device: snd_device(2) num devices(0) new_snd_devices(0)
12-28 06:28:43.436 D/audio_hw_primary( 799): enable_snd_device: snd_device(2: speaker)
12-28 06:28:43.436 D/msm8974_platform( 799): platform_get_island_cfg_on_device:island cfg status on snd_device = (speaker 0)
12-28 06:28:43.436 I/soundtrigger( 799): audio_extn_sound_trigger_update_device_status: device 0x2 of type 0 for Event 1, with Raise=0
12-28 06:28:43.436 D/audio_route( 799): Apply path: speaker
12-28 06:28:43.436 I/audio_hw_utils( 799): audio_extn_utils_update_stream_output_app_type_cfg Allowing 24 and above bits playback on speaker ONLY at default sampling rate
12-28 06:28:43.436 E/soundtrigger( 799): audio_extn_sound_trigger_update_stream_status: invalid input device 0x0, for event 3
12-28 06:28:43.436 E/SDP (29506): GLESMetricsController: Failure in metricsapi_GetMetricValue for metric '% Instruction Cache Miss' [nan]. Setting the metric value to 0.
12-28 06:28:43.436 D/soundtrigger( 799): audio_extn_sound_trigger_update_stream_status: uc_info->id 12 of type 0 for Event 3, with Raise=0
12-28 06:28:43.436 D/audio_hw_utils( 799): audio_extn_utils_send_app_type_cfg: usecase->out_snd_device speaker
12-28 06:28:43.436 D/msm8974_platform( 799): platform_split_snd_device: snd_device(2) num devices(0) new_snd_devices(0)
12-28 06:28:43.436 I/audio_hw_utils( 799): ULL doesnt need sending app type cfg, returning
12-28 06:28:43.436 D/msm8974_platform( 799): platform_split_snd_device: snd_device(2) num devices(1) new_snd_devices(0)
12-28 06:28:43.436 D/audio_hw_utils( 799): audio_extn_btsco_get_sample_rate:Not a BT SCO device, need not update sampling rate
12-28 06:28:43.436 D/ACDB-LOADER( 799): ACDB -> send_audio_cal, acdb_id = 15, path = 0, app id = 0x11137, sample rate = 48000, afe_sample_rate = 48000
12-28 06:28:43.436 D/ACDB-LOADER( 799): ACDB -> send_asm_topology
12-28 06:28:43.436 D/ACDB-LOADER( 799): ACDB -> ACDB_CMD_GET_AUDPROC_STREAM_TOPOLOGY_ID
12-28 06:28:43.437 D/ACDB-LOADER( 799): ACDB -> send_adm_topology
12-28 06:28:43.437 D/ACDB-LOADER( 799): ACDB -> ACDB_CMD_GET_AUDPROC_COMMON_TOPOLOGY_ID
12-28 06:28:43.437 D/ACDB-LOADER( 799): ACDB -> send_audtable
12-28 06:28:43.437 D/ACDB-LOADER( 799): ACDB -> ACDB_CMD_GET_AUDPROC_INSTANCE_COMMON_TABLE_SIZE
12-28 06:28:43.437 D/ACDB-LOADER( 799): ACDB -> ACDB_CMD_GET_AUDPROC_INSTANCE_COMMON_TABLE
12-28 06:28:43.437 D/ACDB-LOADER( 799): ACDB -> AUDIO_SET_AUDPROC_CAL cal_type[11] acdb_id[15] app_type[69943]
12-28 06:28:43.437 D/ACDB-LOADER( 799): ACDB -> send_audvoltable
12-28 06:28:43.437 D/ACDB-LOADER( 799): ACDB -> ACDB_CMD_GET_AUDPROC_INSTANCE_GAIN_DEP_STEP_TABLE_SIZE
12-28 06:28:43.437 D/android.hardware.audio.service( 799): Failed to fetch the lookup information of the device 0000000F
12-28 06:28:43.437 D/ACDB-LOADER( 799): Error: ACDB_CMD_GET_AUDPROC_INSTANCE_GAIN_DEP_STEP_TABLE_SIZE Returned = -19
12-28 06:28:43.437 D/ACDB-LOADER( 799): ACDB -> ACDB_CMD_GET_AUDPROC_INSTANCE_GAIN_DEP_STEP_TABLE, vol index 0
12-28 06:28:43.437 D/android.hardware.audio.service( 799): Failed to fetch the lookup information of the device 0000000F
12-28 06:28:43.437 D/ACDB-LOADER( 799): Error: ACDB AudProc vol returned = -19
12-28 06:28:43.437 D/ACDB-LOADER( 799): ACDB -> AUDIO_SET_VOL_CAL cal type = 12
12-28 06:28:43.437 D/ACDB-LOADER( 799): ACDB -> ACDB_CMD_GET_AUDPROC_INSTANCE_STREAM_TABLE_SIZE
12-28 06:28:43.437 D/ACDB-LOADER( 799): ACDB -> send_audstrmtable
12-28 06:28:43.437 D/ACDB-LOADER( 799): ACDB -> ACDB_CMD_GET_AUDPROC_INSTANCE_STREAM_TABLE
12-28 06:28:43.437 D/ACDB-LOADER( 799): ACDB -> audstrm_cal->cal_type.cal_data.cal_size = 20
12-28 06:28:43.437 D/ACDB-LOADER( 799): ACDB -> send_afe_topology
12-28 06:28:43.437 D/ACDB-LOADER( 799): ACDB -> ACDB_CMD_GET_AFE_TOPOLOGY_ID
12-28 06:28:43.437 D/ACDB-LOADER( 799): ACDB -> GET_AFE_TOPOLOGY_ID for adcd_id 15, Topology Id 112fc
12-28 06:28:43.437 D/ACDB-LOADER( 799): ACDB -> send_afe_cal
12-28 06:28:43.437 D/ACDB-LOADER( 799): ACDB -> ACDB_CMD_GET_AFE_INSTANCE_COMMON_TABLE_SIZE
12-28 06:28:43.437 D/android.hardware.audio.service( 799): Failed to fetch the lookup information of the device 0000000F
12-28 06:28:43.437 D/ACDB-LOADER( 799): Error: ACDB_CMD_GET_AFE_INSTANCE_COMMON_TABLE_SIZE Returned = -19
12-28 06:28:43.437 D/ACDB-LOADER( 799): ACDB -> ACDB_CMD_GET_AFE_INSTANCE_COMMON_TABLE
12-28 06:28:43.437 D/android.hardware.audio.service( 799): Failed to fetch the lookup information of the device 0000000F
12-28 06:28:43.437 D/ACDB-LOADER( 799): Error: ACDB AFE returned = -19
12-28 06:28:43.437 D/ACDB-LOADER( 799): ACDB -> AUDIO_SET_AFE_CAL cal_type[16] acdb_id[15]
12-28 06:28:43.437 D/ACDB-LOADER( 799): ACDB -> send_hw_delay : acdb_id = 15 path = 0
12-28 06:28:43.437 D/ACDB-LOADER( 799): ACDB -> ACDB_AVSYNC_INFO: ACDB_CMD_GET_DEVICE_PROPERTY
12-28 06:28:43.437 D/msm8974_platform( 799): platform_split_snd_device: snd_device(2) num devices(0) new_snd_devices(0)
12-28 06:28:43.437 I/msm8974_platform( 799): platform_get_custom_mtmx_params: no matching param with id 0 ip_ch 2 op_ch 2 uc_id 12 snd_dev 2
12-28 06:28:43.437 D/audio_hw_primary( 799): enable_audio_route: apply mixer and update path: audio-ull-playback
12-28 06:28:43.437 D/audio_route( 799): Apply path: audio-ull-playback
12-28 06:28:43.437 D/IL2CPP (30902): WalkStack, base address = 0x7187e82000.
12-28 06:28:43.437 I/Unity (30902): PGameLiveHelper receive mReceiveeScreenChanged (Filename: .\artifacts/generated/Android/runtime/DebugBindings.gen.cpp Line: 51)
12-28 06:28:43.437 D/IL2CPP (30902): WalkStack, base address = 0x7187e82000.
12-28 06:28:43.437 I/Unity (30902): PGameLiveHelper mScreenChangedStatus false (Filename: .\artifacts/generated/Android/runtime/DebugBindings.gen.cpp Line: 51)
12-28 06:28:43.438 D/audio_hw_primary( 799): select_devices: done
12-28 06:28:43.438 D/msm8974_platform( 799): platform_set_channel_map mixer_ctl_name:Playback Channel Map13
12-28 06:28:43.438 D/msm8974_platform( 799): platform_set_channel_map: set mapping(1 2 0 0 0 0 0 0) for channel:2
12-28 06:28:43.438 E/msm8974_platform( 799): platform_set_channel_map: Could not set ctl, error:-22 ch_count:2
01-05 08:30:19.481 I/ ( 0): snd_pcm_hw_constraint_integer failed
01-05 08:30:19.481 I/msm_pcm_open( 0): P buffer bytes minmax constraint ret 1
01-05 08:30:19.481 E/set_cps_config( 0): get_wsa_dev_num is NULL
01-05 08:30:19.487 I/__afe_port_start( 0): port id: 0xb000
01-05 08:30:19.487 I/afe_find_cal_topo_id_by_port( 0): port id: 0xb000, dev_acdb_id: 0
01-05 08:30:19.487 I/afe_find_cal_topo_id_by_port( 0): top_id:112fc acdb_id:15 afe_port:0xb000
01-05 08:30:19.487 I/afe_get_cal_topology_id( 0): port_id = 0xb000 acdb_id = 15 topology_id = 0x112fc cal_type_index=8 ret=0
01-05 08:30:19.487 E/afe_callback( 0): cmd = 0x100fa returned error = 0x2
01-05 08:30:19.487 E/afe_apr_send_pkt( 0): DSP returned error[ADSP_EBADPARAM]
01-05 08:30:19.487 E/afe_send_port_topology_id( 0): AFE set topology id enable for port 0xb000 failed -22
12-28 06:28:43.446 E/audio_hw_primary( 799): pcm_open_prepare_helper: pcm_prepare returned -1
01-05 08:30:19.487 I/afe_send_port_topology_id( 0): AFE set topology id 0x112fc enable for port 0xb000 ret -22
01-05 08:30:19.487 I/send_afe_cal_type( 0): cal_index is 0
01-05 08:30:19.487 I/send_afe_cal_type( 0): dev_acdb_id[162] is 0
01-05 08:30:19.487 I/send_afe_cal_type( 0): Sending cal_index cal 0
01-05 08:30:19.487 E/send_afe_cal_type( 0): No cal sent for cal_index 0, port_id = 0xb000! ret -22
01-05 08:30:19.487 I/afe_send_hw_delay( 0): port_id 0xb000 rate 48000 delay_usec 474 status 0
01-05 08:30:19.488 E/afe_callback( 0): cmd = 0x100fa returned error = 0x2
01-05 08:30:19.488 E/afe_apr_send_pkt( 0): DSP returned error[ADSP_EBADPARAM]
01-05 08:30:19.488 E/__afe_port_start( 0): AFE enable for port 0xb000 failed -22
01-05 08:30:19.488 E/msm-dai-cdc-dma-dev soc( 0): qcom,msm-dai-cdc-dma:qcom,msm-dai-wsa-cdc-dma-0-rx: fail to open AFE port 0xb000
01-05 08:30:19.488 E/msm-dai-cdc-dma-dev soc( 0): qcom,msm-dai-cdc-dma:qcom,msm-dai-wsa-cdc-dma-0-rx: ASoC: cpu DAI prepare error: -22
01-05 08:30:19.488 E/soc_pcm_prepare( 0): Issue stop stream for codec_dai due to op failure -22 = ret
01-05 08:30:19.488 E/WSA_CDC_DMA_RX_0( 0): ASoC: backend prepare failed -22
12-28 06:28:43.450 I/PANDORAMEDIA(30902): max_frame_duration: 10.000
12-28 06:28:43.450 I/PANDORAMEDIA(30902): Input #0, mov,mp4,m4a,3gp,3g2,mj2, from '/storage/emulated/0/Android/data/com.tencent.tmgp.sgame/files/SplashRuntime/Video/LoginBg53.mp4':
12-28 06:28:43.450 I/PANDORAMEDIA(30902): Metadata:
12-28 06:28:43.450 I/PANDORAMEDIA(30902): major_brand :
12-28 06:28:43.450 I/PANDORAMEDIA(30902): avc1
12-28 06:28:43.450 I/PANDORAMEDIA(30902):
12-28 06:28:43.450 I/PANDORAMEDIA(30902): minor_version :
12-28 06:28:43.450 I/PANDORAMEDIA(30902): 0
12-28 06:28:43.450 I/PANDORAMEDIA(30902):
12-28 06:28:43.450 I/PANDORAMEDIA(30902): compatible_brands:
12-28 06:28:43.450 I/PANDORAMEDIA(30902): isomavc1
12-28 06:28:43.450 I/PANDORAMEDIA(30902):
12-28 06:28:43.450 I/PANDORAMEDIA(30902): creation_time :
12-28 06:28:43.450 I/PANDORAMEDIA(30902): 2022-12-08T02:46:37.000000Z
12-28 06:28:43.450 I/PANDORAMEDIA(30902):
12-28 06:28:43.450 I/PANDORAMEDIA(30902): Duration:
12-28 06:28:43.450 I/PANDORAMEDIA(30902): 00:00:10.04
12-28 06:28:43.450 I/PANDORAMEDIA(30902): , start:
12-28 06:28:43.450 I/PANDORAMEDIA(30902): 0.000000
12-28 06:28:43.450 I/PANDORAMEDIA(30902): , bitrate:
12-28 06:28:43.450 I/PANDORAMEDIA(30902): 2943 kb/s
12-28 06:28:43.450 I/PANDORAMEDIA(30902):
12-28 06:28:43.450 I/PANDORAMEDIA(30902): Stream #0:0
12-28 06:28:43.450 I/PANDORAMEDIA(30902): (und)
12-28 06:28:43.450 I/PANDORAMEDIA(30902): : Video: h264 (avc1 / 0x31637661), yuv420p(tv, bt709/unknown/unknown), 1280x720 [SAR 1:1 DAR 16:9], 2940 kb/s
12-28 06:28:43.450 I/PANDORAMEDIA(30902): ,
12-28 06:28:43.450 I/PANDORAMEDIA(30902): 25 fps,
12-28 06:28:43.450 I/PANDORAMEDIA(30902): 25 tbr,
12-28 06:28:43.450 I/PANDORAMEDIA(30902): 25 tbn,
12-28 06:28:43.450 I/PANDORAMEDIA(30902): 50 tbc
12-28 06:28:43.450 I/PANDORAMEDIA(30902): (default)
12-28 06:28:43.450 I/PANDORAMEDIA(30902):
12-28 06:28:43.450 I/PANDORAMEDIA(30902): Metadata:
12-28 06:28:43.450 I/PANDORAMEDIA(30902): creation_time :
12-28 06:28:43.450 I/PANDORAMEDIA(30902): 2022-12-08T02:46:37.000000Z
12-28 06:28:43.450 I/PANDORAMEDIA(30902):
12-28 06:28:43.450 I/PANDORAMEDIA(30902): handler_name :
12-28 06:28:43.450 I/PANDORAMEDIA(30902): GPAC ISO Video Handler
12-28 06:28:43.450 I/PANDORAMEDIA(30902):
12-28 06:28:43.450 I/PANDORAMEDIA(30902): === ffpipenode_create_video_decoder_from_native_mediacodec()===== tag is: 0
12-28 06:28:43.450 I/PANDORAMEDIA(30902): config_decoder_pipenode: MediaCodec: H264_HIGH: enabled
12-28 06:28:43.450 I/PANDORAMEDIA(30902): AMediaFormat: video/avc, 1280x720
12-28 06:28:43.450 I/PANDORAMEDIA(30902): csd-0[42]: 00000001
12-28 06:28:43.450 I/PANDORAMEDIA(30902): csd-0[42]: 6764001f
12-28 06:28:43.450 I/PANDORAMEDIA(30902): csd-0[42]: acd94050
12-28 06:28:43.450 I/PANDORAMEDIA(30902): csd-0[42]: 05bb016a
12-28 06:28:43.450 I/PANDORAMEDIA(30902): csd-0[42]: 04040280
12-28 06:28:43.450 I/PANDORAMEDIA(30902): csd-0[42]: 00000300
12-28 06:28:43.450 I/PANDORAMEDIA(30902): csd-0[42]: 80000019
12-28 06:28:43.450 I/PANDORAMEDIA(30902): csd-0[42]: 078c18cb
12-28 06:28:43.450 I/PANDORAMEDIA(30902): csd-0[42]: 00000001
12-28 06:28:43.450 I/PANDORAMEDIA(30902): csd-0[42]: 68e938b2
12-28 06:28:43.450 I/PANDORAMEDIA(30902): csd-0[42]: c8b00000
12-28 06:28:43.450 D/MediaCodecList(30902): codecHandlesFormat: no format, so no extra checks
12-28 06:28:43.451 D/MediaCodecList(30902): codecHandlesFormat: no format, so no extra checks
12-28 06:28:43.451 D/MediaCodecList(30902): codecHandlesFormat: no format, so no extra checks
12-28 06:28:43.451 D/MediaCodecList(30902): codecHandlesFormat: no format, so no extra checks
12-28 06:28:43.451 D/audio_hw_primary( 799): disable_audio_route: reset and update mixer path: audio-ull-playback
12-28 06:28:43.451 E/soundtrigger( 799): audio_extn_sound_trigger_update_stream_status: invalid input device 0x0, for event 2
12-28 06:28:43.451 D/soundtrigger( 799): audio_extn_sound_trigger_update_stream_status: uc_info->id 12 of type 0 for Event 2, with Raise=0
12-28 06:28:43.451 D/msm8974_platform( 799): platform_split_snd_device: snd_device(2) num devices(0) new_snd_devices(0)
12-28 06:28:43.451 I/msm8974_platform( 799): platform_get_custom_mtmx_params: no matching param with id 0 ip_ch 2 op_ch 2 uc_id 12 snd_dev 2
12-28 06:28:43.451 D/hardware_info( 799): hw_info_append_hw_type : device_name = speaker
12-28 06:28:43.451 D/audio_hw_primary( 799): disable_snd_device: snd_device(2: speaker)
12-28 06:28:43.451 D/msm8974_platform( 799): platform_split_snd_device: snd_device(2) num devices(0) new_snd_devices(0)
12-28 06:28:43.451 I/soundtrigger( 799): audio_extn_sound_trigger_update_device_status: device 0x2 of type 0 for Event 0, with Raise=0
12-28 06:28:43.452 I/OMXClient(30902): IOmx service obtained
12-28 06:28:43.452 I/OMXMaster( 1210): makeComponentInstance(OMX.qcom.video.decoder.avc) in android.hardwar process
12-28 06:28:43.454 E/android.hardware.media.omx@1.0-service( 1210): Service not available yet
12-28 06:28:43.454 D/PlatformConfig( 1210): getInstance: Enter
12-28 06:28:43.455 D/PlatformConfig( 1210): getConfigStoreBool: vpp/enable=false, returning false
12-28 06:28:43.456 D/PlatformConfig( 1210): getInstance: Enter
12-28 06:28:43.456 D/PlatformConfig( 1210): getInt32 Config name: vidc_dec_log_in value: 0
