12-28 05:22:58.671 I/wm_on_paused_called(11456): [183506567,com.android.music.VideoBrowserActivity,performPause]
12-28 05:22:58.675 I/wm_stop_activity( 1508): [0,183506567,com.android.music/.VideoBrowserActivity]
12-28 05:22:58.675 I/sysui_multi_action( 1508): [757,803,799,window_time_0,802,2]
12-28 05:22:58.680 I/sysui_multi_action( 1508): [757,803,799,window_time_0,802,0]
12-28 05:22:58.683 I/input_focus( 1508): [Focus leaving recents_animation_input_consumer (server),reason=NOT_VISIBLE]
12-28 05:22:58.684 I/input_focus( 1508): [Focus entering 2711ce0 com.android.launcher3/com.android.launcher3.uioverrides.QuickstepLauncher (server),reason=setFocusedWindow]
12-28 05:22:58.695 I/wm_on_stop_called(11456): [183506567,com.android.music.VideoBrowserActivity,STOP_ACTIVITY_ITEM]
12-28 05:22:58.700 I/input_interaction( 1508): Interaction with: 2711ce0 com.android.launcher3/com.android.launcher3.uioverrides.QuickstepLauncher (server), cd21bea com.android.systemui.ImageWallpaper (server), edge-swipe (server), swipe-up (server), PointerEventDispatcher0 (server),
12-28 05:22:58.762 I/view_enqueue_input_event( 2857): [Motion - Cancel,com.android.launcher3/com.android.launcher3.uioverrides.QuickstepLauncher]
12-28 05:22:58.767 I/input_interaction( 1508): Interaction with: edge-swipe (server), swipe-up (server), PointerEventDispatcher0 (server),
12-28 05:22:58.957 I/commit_sys_config_file( 1508): [settings-1-0,8]
12-28 05:22:59.468 I/commit_sys_config_file( 1508): [settings-1-0,4]
12-28 05:22:59.631 I/auditd ( 0): type=1400 audit(0.0:15032): avc: denied { kill } for comm="swapper/3" capability=5 scontext=u:r:kernel:s0 tcontext=u:r:kernel:s0 tclass=capability permissive=0
12-28 05:23:00.610 I/am_uid_running( 1508): 90009
12-28 05:23:00.617 I/input_interaction( 1508): Interaction with: 2711ce0 com.android.launcher3/com.android.launcher3.uioverrides.QuickstepLauncher (server), cd21bea com.android.systemui.ImageWallpaper (server), edge-swipe (server), swipe-up (server), PointerEventDispatcher0 (server),
12-28 05:23:00.637 I/am_proc_start( 1508): [0,13660,90009,com.microsoft.emmx:sandboxed_process0:org.chromium.content.app.SandboxedProcessService0:9,,{com.microsoft.emmx/org.chromium.content.app.SandboxedProcessService0:9}]
12-28 05:23:00.631 I/auditd ( 0): type=1400 audit(0.0:15033): avc: denied { kill } for comm="swapper/3" capability=5 scontext=u:r:kernel:s0 tcontext=u:r:kernel:s0 tclass=capability permissive=0
12-28 05:23:00.661 I/am_proc_bound( 1508): [0,13660,com.microsoft.emmx:sandboxed_process0:org.chromium.content.app.SandboxedProcessService0:9]
12-28 05:23:00.701 I/auditd ( 500): avc: denied { find } for pid=13660 uid=90009 name=content_capture scontext=u:r:isolated_app:s0:c512,c768 tcontext=u:object_r:content_capture_service:s0 tclass=service_manager permissive=0
12-28 05:23:00.719 I/auditd (13660): type=1400 audit(0.0:15034): avc: denied { setattr } for comm="ThreadPoolForeg" name="manifest.json" dev="dm-10" ino=20480 scontext=u:r:isolated_app:s0:c512,c768 tcontext=u:object_r:privapp_data_file:s0:c512,c768 tclass=file permissive=0
12-28 05:23:00.723 I/auditd (13660): type=1400 audit(0.0:15035): avc: denied { setattr } for comm="ThreadPoolForeg" name="protocols.json" dev="dm-10" ino=20489 scontext=u:r:isolated_app:s0:c512,c768 tcontext=u:object_r:privapp_data_file:s0:c512,c768 tclass=file permissive=0
12-28 05:23:00.734 I/am_kill ( 1508): [0,13660,com.microsoft.emmx:sandboxed_process0:org.chromium.content.app.SandboxedProcessService0:9,0,isolated not needed]
12-28 05:23:00.758 I/am_proc_died( 1508): [0,13660,com.microsoft.emmx:sandboxed_process0:org.chromium.content.app.SandboxedProcessService0:9,0,10]
12-28 05:23:00.758 I/am_uid_stopped( 1508): 90009
12-28 05:23:01.156 I/am_uid_running( 1508): 90010
12-28 05:23:01.179 I/am_proc_start( 1508): [0,13690,90010,com.microsoft.emmx:sandboxed_process0:org.chromium.content.app.SandboxedProcessService0:10,,{com.microsoft.emmx/org.chromium.content.app.SandboxedProcessService0:10}]
12-28 05:23:01.200 I/am_proc_bound( 1508): [0,13690,com.microsoft.emmx:sandboxed_process0:org.chromium.content.app.SandboxedProcessService0:10]
12-28 05:23:01.239 I/auditd ( 500): avc: denied { find } for pid=13690 uid=90010 name=content_capture scontext=u:r:isolated_app:s0:c512,c768 tcontext=u:object_r:content_capture_service:s0 tclass=service_manager permissive=0
12-28 05:23:01.255 I/auditd (13690): type=1400 audit(0.0:15036): avc: denied { setattr } for comm="ThreadPoolForeg" name="crl-set" dev="dm-10" ino=20886 scontext=u:r:isolated_app:s0:c512,c768 tcontext=u:object_r:privapp_data_file:s0:c512,c768 tclass=file permissive=0
12-28 05:23:01.255 I/auditd (13690): type=1400 audit(0.0:15037): avc: denied { setattr } for comm="ThreadPoolForeg" name="manifest.json" dev="dm-10" ino=20810 scontext=u:r:isolated_app:s0:c512,c768 tcontext=u:object_r:privapp_data_file:s0:c512,c768 tclass=file permissive=0
12-28 05:23:01.273 I/am_kill ( 1508): [0,13690,com.microsoft.emmx:sandboxed_process0:org.chromium.content.app.SandboxedProcessService0:10,0,isolated not needed]
12-28 05:23:01.293 I/am_proc_died( 1508): [0,13690,com.microsoft.emmx:sandboxed_process0:org.chromium.content.app.SandboxedProcessService0:10,0,10]
12-28 05:23:01.293 I/am_uid_stopped( 1508): 90010
12-28 05:23:01.631 I/auditd ( 0): type=1400 audit(0.0:15038): avc: denied { kill } for comm="swapper/3" capability=5 scontext=u:r:kernel:s0 tcontext=u:r:kernel:s0 tclass=capability permissive=0
12-28 05:23:01.823 I/am_uid_running( 1508): 90011
12-28 05:23:01.850 I/am_proc_start( 1508): [0,13716,90011,com.microsoft.emmx:sandboxed_process0:org.chromium.content.app.SandboxedProcessService0:11,,{com.microsoft.emmx/org.chromium.content.app.SandboxedProcessService0:11}]
12-28 05:23:01.872 I/am_proc_bound( 1508): [0,13716,com.microsoft.emmx:sandboxed_process0:org.chromium.content.app.SandboxedProcessService0:11]
12-28 05:23:01.913 I/auditd ( 500): avc: denied { find } for pid=13716 uid=90011 name=content_capture scontext=u:r:isolated_app:s0:c512,c768 tcontext=u:object_r:content_capture_service:s0 tclass=service_manager permissive=0
12-28 05:23:01.927 I/auditd (13716): type=1400 audit(0.0:15039): avc: denied { setattr } for comm="ThreadPoolForeg" name="manifest.json" dev="dm-10" ino=20562 scontext=u:r:isolated_app:s0:c512,c768 tcontext=u:object_r:privapp_data_file:s0:c512,c768 tclass=file permissive=0
12-28 05:23:01.940 I/am_kill ( 1508): [0,13716,com.microsoft.emmx:sandboxed_process0:org.chromium.content.app.SandboxedProcessService0:11,0,isolated not needed]
12-28 05:23:01.962 I/am_proc_died( 1508): [0,13716,com.microsoft.emmx:sandboxed_process0:org.chromium.content.app.SandboxedProcessService0:11,0,10]
12-28 05:23:01.963 I/am_uid_stopped( 1508): 90011
12-28 05:23:02.631 I/auditd ( 0): type=1400 audit(0.0:15040): avc: denied { kill } for comm="swapper/3" capability=5 scontext=u:r:kernel:s0 tcontext=u:r:kernel:s0 tclass=capability permissive=0
12-28 05:23:02.790 I/am_uid_running( 1508): 90012
12-28 05:23:02.812 I/am_proc_start( 1508): [0,13745,90012,com.microsoft.emmx:sandboxed_process0:org.chromium.content.app.SandboxedProcessService0:12,,{com.microsoft.emmx/org.chromium.content.app.SandboxedProcessService0:12}]
12-28 05:23:02.833 I/am_proc_bound( 1508): [0,13745,com.microsoft.emmx:sandboxed_process0:org.chromium.content.app.SandboxedProcessService0:12]
12-28 05:23:02.873 I/auditd ( 500): avc: denied { find } for pid=13745 uid=90012 name=content_capture scontext=u:r:isolated_app:s0:c512,c768 tcontext=u:object_r:content_capture_service:s0 tclass=service_manager permissive=0
12-28 05:23:02.887 I/auditd (13745): type=1400 audit(0.0:15041): avc: denied { setattr } for comm="ThreadPoolForeg" name="adblock_snippet.js" dev="dm-10" ino=20917 scontext=u:r:isolated_app:s0:c512,c768 tcontext=u:object_r:privapp_data_file:s0:c512,c768 tclass=file permissive=0
12-28 05:23:02.907 I/auditd (13745): type=1400 audit(0.0:15042): avc: denied { setattr } for comm="ThreadPoolForeg" name=46696C746572696E672052756C6573 dev="dm-10" ino=20913 scontext=u:r:isolated_app:s0:c512,c768 tcontext=u:object_r:privapp_data_file:s0:c512,c768 tclass=file permissive=0
12-28 05:23:02.911 I/auditd (13745): type=1400 audit(0.0:15043): avc: denied { setattr } for comm="ThreadPoolForeg" name=46696C746572696E672052756C65732D4141 dev="dm-10" ino=20914 scontext=u:r:isolated_app:s0:c512,c768 tcontext=u:object_r:privapp_data_file:s0:c512,c768 tclass=file permissive=0
12-28 05:23:02.915 I/auditd (13745): type=1400 audit(0.0:15044): avc: denied { setattr } for comm="ThreadPoolForeg" name="LICENSE" dev="dm-10" ino=20891 scontext=u:r:isolated_app:s0:c512,c768 tcontext=u:object_r:privapp_data_file:s0:c512,c768 tclass=file permissive=0
12-28 05:23:02.974 I/am_kill ( 1508): [0,13745,com.microsoft.emmx:sandboxed_process0:org.chromium.content.app.SandboxedProcessService0:12,0,isolated not needed]
12-28 05:23:02.992 I/am_proc_died( 1508): [0,13745,com.microsoft.emmx:sandboxed_process0:org.chromium.content.app.SandboxedProcessService0:12,0,10]
12-28 05:23:02.993 I/am_uid_stopped( 1508): 90012
12-28 05:23:03.707 I/netstats_mobile_sample( 1508): [0,0,0,0,0,0,0,0,0,0,0,0,1672176183707]
12-28 05:23:03.707 I/netstats_wifi_sample( 1508): [6466998236,4860813,69076582,943807,6466998236,4860813,69076582,943807,6472000044,4911699,58384278,918230,1672176183707]
12-28 05:23:04.073 I/am_uid_running( 1508): 90013
12-28 05:23:04.105 I/am_proc_start( 1508): [0,13774,90013,com.microsoft.emmx:sandboxed_process0:org.chromium.content.app.SandboxedProcessService0:13,,{com.microsoft.emmx/org.chromium.content.app.SandboxedProcessService0:13}]
12-28 05:23:04.130 I/am_proc_bound( 1508): [0,13774,com.microsoft.emmx:sandboxed_process0:org.chromium.content.app.SandboxedProcessService0:13]
12-28 05:23:04.170 I/auditd ( 500): avc: denied { find } for pid=13774 uid=90013 name=content_capture scontext=u:r:isolated_app:s0:c512,c768 tcontext=u:object_r:content_capture_service:s0 tclass=service_manager permissive=0
12-28 05:23:04.187 I/auditd (13774): type=1400 audit(0.0:15053): avc: denied { setattr } for comm="ThreadPoolForeg" name="edge_autofill_field_data.json" dev="dm-10" ino=18588 scontext=u:r:isolated_app:s0:c512,c768 tcontext=u:object_r:privapp_data_file:s0:c512,c768 tclass=file permissive=0
12-28 05:23:04.191 I/auditd (13774): type=1400 audit(0.0:15054): avc: denied { setattr } for comm="ThreadPoolForeg" name="edge_autofill_global_block_list.json" dev="dm-10" ino=18489 scontext=u:r:isolated_app:s0:c512,c768 tcontext=u:object_r:privapp_data_file:s0:c512,c768 tclass=file permissive=0
12-28 05:23:04.191 I/auditd (13774): type=1400 audit(0.0:15055): avc: denied { setattr } for comm="ThreadPoolForeg" name="manifest.json" dev="dm-10" ino=18488 scontext=u:r:isolated_app:s0:c512,c768 tcontext=u:object_r:privapp_data_file:s0:c512,c768 tclass=file permissive=0
12-28 05:23:04.191 I/auditd (13774): type=1400 audit(0.0:15056): avc: denied { setattr } for comm="ThreadPoolForeg" name="regex_patterns.json" dev="dm-10" ino=18225 scontext=u:r:isolated_app:s0:c512,c768 tcontext=u:object_r:privapp_data_file:s0:c512,c768 tclass=file permissive=0
12-28 05:23:04.203 I/am_kill ( 1508): [0,13774,com.microsoft.emmx:sandboxed_process0:org.chromium.content.app.SandboxedProcessService0:13,0,isolated not needed]
12-28 05:23:04.224 I/am_proc_died( 1508): [0,13774,com.microsoft.emmx:sandboxed_process0:org.chromium.content.app.SandboxedProcessService0:13,0,10]
12-28 05:23:04.225 I/am_uid_stopped( 1508): 90013
12-28 05:23:04.631 I/auditd ( 0): type=1400 audit(0.0:15057): avc: denied { kill } for comm="swapper/3" capability=5 scontext=u:r:kernel:s0 tcontext=u:r:kernel:s0 tclass=capability permissive=0
12-28 05:23:04.838 I/wm_task_moved( 1508): [40,1,11]
12-28 05:23:04.838 I/wm_task_to_front( 1508): [0,40]
12-28 05:23:04.838 I/wm_focused_root_task( 1508): [0,0,40,1,bringingFoundTaskToFront]
12-28 05:23:04.838 I/wm_set_resumed_activity( 1508): [0,com.tencent.tmgp.sgame/.SGameActivity,bringingFoundTaskToFront]
12-28 05:23:04.838 I/wm_new_intent( 1508): [0,159006092,40,com.tencent.tmgp.sgame/.SGameActivity,android.intent.action.MAIN,NULL,NULL,270532608]
12-28 05:23:04.840 I/wm_pause_activity( 1508): [0,186653412,com.android.launcher3/.uioverrides.QuickstepLauncher,userLeaving=true,pauseBackTasks]
12-28 05:23:04.842 I/wm_on_top_resumed_lost_called( 2857): [186653412,com.android.launcher3.uioverrides.QuickstepLauncher,topStateChangedWhenResumed]
12-28 05:23:04.844 I/wm_on_paused_called( 2857): [186653412,com.android.launcher3.uioverrides.QuickstepLauncher,performPause]
12-28 05:23:04.846 I/wm_set_resumed_activity( 1508): [0,com.tencent.tmgp.sgame/.SGameActivity,resumeTopActivityInnerLocked]
12-28 05:23:04.846 I/wm_add_to_stopping( 1508): [0,186653412,com.android.launcher3/.uioverrides.QuickstepLauncher,makeInvisible]
12-28 05:23:04.850 I/wm_resume_activity( 1508): [0,159006092,40,com.tencent.tmgp.sgame/.SGameActivity]
12-28 05:23:04.858 I/sysui_multi_action( 1508): [757,803,799,window_time_0,802,7]
12-28 05:23:04.863 I/wm_on_restart_called( 4168): [159006092,com.tencent.tmgp.sgame.SGameActivity,performRestartActivity]
12-28 05:23:04.864 I/input_focus( 1508): [Focus leaving 2711ce0 com.android.launcher3/com.android.launcher3.uioverrides.QuickstepLauncher (server),reason=NO_WINDOW]
12-28 05:23:04.864 I/wm_on_start_called( 4168): [159006092,com.tencent.tmgp.sgame.SGameActivity,handleStartActivity]
12-28 05:23:04.871 I/wm_on_resume_called( 4168): [159006092,com.tencent.tmgp.sgame.SGameActivity,RESUME_ACTIVITY]
12-28 05:23:04.871 I/wm_on_top_resumed_gained_called( 4168): [159006092,com.tencent.tmgp.sgame.SGameActivity,topWhenResuming]
12-28 05:23:04.883 I/input_focus( 1508): [Focus request 62ea4e0 com.tencent.tmgp.sgame/com.tencent.tmgp.sgame.SGameActivity,reason=UpdateInputWindows]
12-28 05:23:04.887 I/sysui_multi_action( 1508): [319,20,321,19,322,50,325,13499,757,761,758,9,759,4,806,com.tencent.tmgp.sgame,871,com.tencent.tmgp.sgame.SGameActivity,904,com.android.launcher3,905,0,1320,4,1321,4]
12-28 05:23:04.897 I/input_focus( 1508): [Focus entering 62ea4e0 com.tencent.tmgp.sgame/com.tencent.tmgp.sgame.SGameActivity (server),reason=setFocusedWindow]
12-28 05:23:05.063 I/commit_sys_config_file( 1508): [settings-1-0,2]
12-28 05:23:05.380 I/wm_stop_activity( 1508): [0,186653412,com.android.launcher3/.uioverrides.QuickstepLauncher]
12-28 05:23:05.400 I/wm_on_stop_called( 2857): [186653412,com.android.launcher3.uioverrides.QuickstepLauncher,STOP_ACTIVITY_ITEM]
12-28 05:23:05.637 I/am_uid_running( 1508): 90014
12-28 05:23:05.631 I/auditd ( 0): type=1400 audit(0.0:15058): avc: denied { kill } for comm="swapper/3" capability=5 scontext=u:r:kernel:s0 tcontext=u:r:kernel:s0 tclass=capability permissive=0
12-28 05:23:05.643 I/am_proc_start( 1508): [0,13838,90014,com.microsoft.emmx:sandboxed_process0:org.chromium.content.app.SandboxedProcessService0:14,,{com.microsoft.emmx/org.chromium.content.app.SandboxedProcessService0:14}]
12-28 05:23:05.649 I/am_proc_bound( 1508): [0,13838,com.microsoft.emmx:sandboxed_process0:org.chromium.content.app.SandboxedProcessService0:14]
12-28 05:23:05.679 I/auditd ( 500): avc: denied { find } for pid=13838 uid=90014 name=content_capture scontext=u:r:isolated_app:s0:c512,c768 tcontext=u:object_r:content_capture_service:s0 tclass=service_manager permissive=0
12-28 05:23:05.699 I/auditd (13838): type=1400 audit(0.0:15059): avc: denied { setattr } for comm="ThreadPoolForeg" name="auto_open_controller.js" dev="dm-10" ino=18273 scontext=u:r:isolated_app:s0:c512,c768 tcontext=u:object_r:privapp_data_file:s0:c512,c768 tclass=file permissive=0
12-28 05:23:05.703 I/auditd (13838): type=1400 audit(0.0:15060): avc: denied { setattr } for comm="ThreadPoolForeg" name="edge_checkout_page_validator.js" dev="dm-10" ino=18274 scontext=u:r:isolated_app:s0:c512,c768 tcontext=u:object_r:privapp_data_file:s0:c512,c768 tclass=file permissive=0
12-28 05:23:05.707 I/auditd (13838): type=1400 audit(0.0:15061): avc: denied { setattr } for comm="ThreadPoolForeg" name="edge_confirmation_page_validator.js" dev="dm-10" ino=18276 scontext=u:r:isolated_app:s0:c512,c768 tcontext=u:object_r:privapp_data_file:s0:c512,c768 tclass=file permissive=0
12-28 05:23:05.723 I/auditd (13838): type=1400 audit(0.0:15062): avc: denied { setattr } for comm="ThreadPoolForeg" name="edge_driver.js" dev="dm-10" ino=18262 scontext=u:r:isolated_app:s0:c512,c768 tcontext=u:object_r:privapp_data_file:s0:c512,c768 tclass=file permissive=0
12-28 05:23:05.774 I/am_kill ( 1508): [0,13838,com.microsoft.emmx:sandboxed_process0:org.chromium.content.app.SandboxedProcessService0:14,0,isolated not needed]
12-28 05:23:05.788 I/am_proc_died( 1508): [0,13838,com.microsoft.emmx:sandboxed_process0:org.chromium.content.app.SandboxedProcessService0:14,0,10]
12-28 05:23:05.789 I/am_uid_stopped( 1508): 90014
12-28 05:23:06.616 I/netstats_mobile_sample( 1508): [0,0,0,0,0,0,0,0,0,0,0,0,1672176186616]
12-28 05:23:06.616 I/netstats_wifi_sample( 1508): [6468995067,4862225,69138781,944714,6468995067,4862225,69138781,944714,6474000723,4913135,58440627,919123,1672176186616]
12-28 05:23:07.377 I/am_uid_running( 1508): 90015
12-28 05:23:07.383 I/am_proc_start( 1508): [0,13882,90015,com.microsoft.emmx:sandboxed_process0:org.chromium.content.app.SandboxedProcessService0:15,,{com.microsoft.emmx/org.chromium.content.app.SandboxedProcessService0:15}]
12-28 05:23:07.388 I/am_proc_bound( 1508): [0,13882,com.microsoft.emmx:sandboxed_process0:org.chromium.content.app.SandboxedProcessService0:15]
12-28 05:23:07.418 I/auditd ( 500): avc: denied { find } for pid=13882 uid=90015 name=content_capture scontext=u:r:isolated_app:s0:c512,c768 tcontext=u:object_r:content_capture_service:s0 tclass=service_manager permissive=0
12-28 05:23:07.435 I/auditd (13882): type=1400 audit(0.0:15072): avc: denied { setattr } for comm="ThreadPoolForeg" name="automation.js" dev="dm-10" ino=18292 scontext=u:r:isolated_app:s0:c512,c768 tcontext=u:object_r:privapp_data_file:s0:c512,c768 tclass=file permissive=0
12-28 05:23:07.435 I/auditd (13882): type=1400 audit(0.0:15073): avc: denied { setattr } for comm="ThreadPoolForeg" name="classification.js" dev="dm-10" ino=18291 scontext=u:r:isolated_app:s0:c512,c768 tcontext=u:object_r:privapp_data_file:s0:c512,c768 tclass=file permissive=0
12-28 05:23:07.439 I/auditd (13882): type=1400 audit(0.0:15074): avc: denied { setattr } for comm="ThreadPoolForeg" name="extraction.js" dev="dm-10" ino=18278 scontext=u:r:isolated_app:s0:c512,c768 tcontext=u:object_r:privapp_data_file:s0:c512,c768 tclass=file permissive=0
12-28 05:23:07.439 I/auditd (13882): type=1400 audit(0.0:15075): avc: denied { setattr } for comm="ThreadPoolForeg" name="manifest.json" dev="dm-10" ino=18277 scontext=u:r:isolated_app:s0:c512,c768 tcontext=u:object_r:privapp_data_file:s0:c512,c768 tclass=file permissive=0
12-28 05:23:07.439 I/auditd (13882): type=1400 audit(0.0:15076): avc: denied { setattr } for comm="ThreadPoolForeg" name="travel-facilitated-booking-bing.js" dev="dm-10" ino=18295 scontext=u:r:isolated_app:s0:c512,c768 tcontext=u:object_r:privapp_data_file:s0:c512,c768 tclass=file permissive=0
12-28 05:23:07.449 I/am_kill ( 1508): [0,13882,com.microsoft.emmx:sandboxed_process0:org.chromium.content.app.SandboxedProcessService0:15,0,isolated not needed]
12-28 05:23:07.466 I/am_proc_died( 1508): [0,13882,com.microsoft.emmx:sandboxed_process0:org.chromium.content.app.SandboxedProcessService0:15,0,10]
12-28 05:23:07.466 I/am_uid_stopped( 1508): 90015
12-28 05:23:07.474 I/am_pss ( 1508): [11456,10084,com.android.music,24897536,16932864,1775616,122920960,0,4,7]
12-28 05:23:09.196 I/am_uid_running( 1508): 90016
12-28 05:23:09.201 I/am_proc_start( 1508): [0,13911,90016,com.microsoft.emmx:sandboxed_process0:org.chromium.content.app.SandboxedProcessService0:16,,{com.microsoft.emmx/org.chromium.content.app.SandboxedProcessService0:16}]
12-28 05:23:09.207 I/am_proc_bound( 1508): [0,13911,com.microsoft.emmx:sandboxed_process0:org.chromium.content.app.SandboxedProcessService0:16]
12-28 05:23:09.236 I/auditd ( 500): avc: denied { find } for pid=13911 uid=90016 name=content_capture scontext=u:r:isolated_app:s0:c512,c768 tcontext=u:object_r:content_capture_service:s0 tclass=service_manager permissive=0
12-28 05:23:09.251 I/auditd (13911): type=1400 audit(0.0:15079): avc: denied { setattr } for comm="ThreadPoolForeg" name="deny_domains.list" dev="dm-10" ino=18296 scontext=u:r:isolated_app:s0:c512,c768 tcontext=u:object_r:privapp_data_file:s0:c512,c768 tclass=file permissive=0
12-28 05:23:09.251 I/auditd (13911): type=1400 audit(0.0:15080): avc: denied { setattr } for comm="ThreadPoolForeg" name="manifest.json" dev="dm-10" ino=18306 scontext=u:r:isolated_app:s0:c512,c768 tcontext=u:object_r:privapp_data_file:s0:c512,c768 tclass=file permissive=0
12-28 05:23:09.261 I/am_kill ( 1508): [0,13911,com.microsoft.emmx:sandboxed_process0:org.chromium.content.app.SandboxedProcessService0:16,0,isolated not needed]
12-28 05:23:09.280 I/am_proc_died( 1508): [0,13911,com.microsoft.emmx:sandboxed_process0:org.chromium.content.app.SandboxedProcessService0:16,0,10]
12-28 05:23:09.281 I/am_uid_stopped( 1508): 90016
12-28 05:23:09.631 I/auditd ( 0): type=1400 audit(0.0:15081): avc: denied { kill } for comm="swapper/5" capability=5 scontext=u:r:kernel:s0 tcontext=u:r:kernel:s0 tclass=capability permissive=0
12-28 05:23:10.631 I/auditd ( 0): type=1400 audit(0.0:15082): avc: denied { kill } for comm="swapper/5" capability=5 scontext=u:r:kernel:s0 tcontext=u:r:kernel:s0 tclass=capability permissive=0
12-28 05:23:11.241 I/input_interaction( 1508): Interaction with: 767f648 gamemode.floatview (server), edge-swipe (server), swipe-up (server), PointerEventDispatcher0 (server),
12-28 05:23:12.011 I/input_interaction( 1508): Interaction with: 5d75814 gamemode.menuview (server), edge-swipe (server), swipe-up (server), PointerEventDispatcher0 (server),
12-28 05:23:12.615 I/input_interaction( 1508): Interaction with: 62ea4e0 com.tencent.tmgp.sgame/com.tencent.tmgp.sgame.SGameActivity (server), edge-swipe (server), swipe-up (server), PointerEventDispatcher0 (server),
12-28 05:23:12.634 I/am_uid_idle( 1508): 90001
12-28 05:23:12.634 I/am_uid_idle( 1508): 90000
12-28 05:23:12.634 I/am_uid_idle( 1508): 10030
12-28 05:23:12.631 I/auditd ( 0): type=1400 audit(0.0:15083): avc: denied { kill } for comm="swapper/5" capability=5 scontext=u:r:kernel:s0 tcontext=u:r:kernel:s0 tclass=capability permissive=0
12-28 05:23:16.631 I/auditd (25925): type=1400 audit(0.0:15084): avc: denied { kill } for comm="kworker/u16:8" capability=5 scontext=u:r:kernel:s0 tcontext=u:r:kernel:s0 tclass=capability permissive=0
12-28 05:23:17.631 I/auditd ( 0): type=1400 audit(0.0:15085): avc: denied { kill } for comm="swapper/7" capability=5 scontext=u:r:kernel:s0 tcontext=u:r:kernel:s0 tclass=capability permissive=0
12-28 05:23:17.745 I/force_gc( 2827): mem
12-28 05:23:18.266 I/am_uid_active( 1508): 10097
12-28 05:23:18.276 I/wm_task_created( 1508): [60,-1]
12-28 05:23:18.279 I/wm_task_moved( 1508): [60,1,12]
12-28 05:23:18.279 I/wm_task_to_front( 1508): [0,60]
12-28 05:23:18.279 I/wm_create_task( 1508): [0,60]
12-28 05:23:18.279 I/wm_create_activity( 1508): [0,6669878,60,com.tencent.mm/.plugin.base.stub.WXEntryActivity,NULL,NULL,NULL,411041792]
12-28 05:23:18.279 I/wm_task_moved( 1508): [60,1,12]
12-28 05:23:18.280 I/wm_pause_activity( 1508): [0,159006092,com.tencent.tmgp.sgame/.SGameActivity,userLeaving=true,pauseBackTasks]
12-28 05:23:18.284 I/wm_on_top_resumed_lost_called( 4168): [159006092,com.tencent.tmgp.sgame.SGameActivity,topStateChangedWhenResumed]
12-28 05:23:18.612 I/wm_on_paused_called( 4168): [159006092,com.tencent.tmgp.sgame.SGameActivity,performPause]
12-28 05:23:18.613 I/wm_restart_activity( 1508): [0,6669878,60,com.tencent.mm/.plugin.base.stub.WXEntryActivity]
12-28 05:23:18.614 I/wm_set_resumed_activity( 1508): [0,com.tencent.mm/.plugin.base.stub.WXEntryActivity,minimalResumeActivityLocked]
12-28 05:23:18.617 I/sysui_multi_action( 1508): [757,803,799,window_time_0,802,13]
12-28 05:23:18.631 I/auditd ( 0): type=1400 audit(0.0:15086): avc: denied { kill } for comm="swapper/7" capability=5 scontext=u:r:kernel:s0 tcontext=u:r:kernel:s0 tclass=capability permissive=0
12-28 05:23:18.697 I/wm_task_moved( 1508): [60,1,12]
12-28 05:23:18.697 I/wm_set_resumed_activity( 1508): [0,com.tencent.mm/.plugin.base.stub.WXEntryActivity,positionChildAt]
12-28 05:23:18.697 I/wm_create_activity( 1508): [0,186369033,60,com.tencent.mm/.plugin.base.stub.UIEntryStub,NULL,NULL,NULL,335544320]
12-28 05:23:18.698 I/wm_pause_activity( 1508): [0,6669878,com.tencent.mm/.plugin.base.stub.WXEntryActivity,userLeaving=true,resumeTopActivityInnerLocked]
12-28 05:23:18.702 I/wm_finish_activity( 1508): [0,6669878,60,com.tencent.mm/.plugin.base.stub.WXEntryActivity,app-request]
12-28 05:23:18.704 I/wm_on_create_called(11132): [6669878,com.tencent.mm.plugin.base.stub.WXEntryActivity,performCreate]
12-28 05:23:18.712 I/wm_add_to_stopping( 1508): [0,6669878,com.tencent.mm/.plugin.base.stub.WXEntryActivity,completeFinishing]
12-28 05:23:18.714 I/wm_restart_activity( 1508): [0,186369033,60,com.tencent.mm/.plugin.base.stub.UIEntryStub]
12-28 05:23:18.715 I/wm_set_resumed_activity( 1508): [0,com.tencent.mm/.plugin.base.stub.UIEntryStub,minimalResumeActivityLocked]
12-28 05:23:18.717 I/sysui_multi_action( 1508): [757,803,799,window_time_0,802,0]
12-28 05:23:18.726 I/wm_on_create_called(11132): [186369033,com.tencent.mm.plugin.base.stub.UIEntryStub,performCreate]
12-28 05:23:18.741 I/wm_on_start_called(11132): [186369033,com.tencent.mm.plugin.base.stub.UIEntryStub,handleStartActivity]
12-28 05:23:18.746 I/wm_on_resume_called(11132): [186369033,com.tencent.mm.plugin.base.stub.UIEntryStub,RESUME_ACTIVITY]
12-28 05:23:18.752 I/wm_on_top_resumed_gained_called(11132): [186369033,com.tencent.mm.plugin.base.stub.UIEntryStub,topStateChangedWhenResumed]
12-28 05:23:18.756 I/netstats_mobile_sample( 1508): [0,0,0,0,0,0,0,0,0,0,0,0,1672176198756]
12-28 05:23:18.756 I/netstats_wifi_sample( 1508): [6469156360,4862474,69200346,944938,6469156360,4862474,69200346,944938,6474177564,4913482,58479104,919293,1672176198756]
12-28 05:23:18.759 I/wm_task_moved( 1508): [60,1,12]
12-28 05:23:18.759 I/wm_set_resumed_activity( 1508): [0,com.tencent.mm/.plugin.base.stub.UIEntryStub,positionChildAt]
12-28 05:23:18.759 I/wm_create_activity( 1508): [0,209112684,60,com.tencent.mm/.plugin.webview.ui.tools.SDKOAuthUI,NULL,NULL,NULL,0]
12-28 05:23:18.760 I/wm_pause_activity( 1508): [0,186369033,com.tencent.mm/.plugin.base.stub.UIEntryStub,userLeaving=true,resumeTopActivityInnerLocked]
12-28 05:23:18.766 I/input_focus( 1508): [Focus request 489fa7d com.tencent.mm/com.tencent.mm.plugin.base.stub.UIEntryStub,reason=UpdateInputWindows]
12-28 05:23:18.767 I/wm_finish_activity( 1508): [0,186369033,60,com.tencent.mm/.plugin.base.stub.UIEntryStub,app-request]
12-28 05:23:18.776 I/am_proc_start( 1508): [0,14078,10097,com.tencent.mm:appbrand0,service,{com.tencent.mm/com.tencent.mm.ipcinvoker.wx_extension.service.Appbrand0IPCService}]
12-28 05:23:18.780 I/input_focus( 1508): [Focus leaving 62ea4e0 com.tencent.tmgp.sgame/com.tencent.tmgp.sgame.SGameActivity (server),reason=Waiting for window because NOT_VISIBLE]
12-28 05:23:18.789 I/am_proc_start( 1508): [0,14082,10097,com.tencent.mm:appbrand1,service,{com.tencent.mm/com.tencent.mm.ipcinvoker.wx_extension.service.Appbrand1IPCService}]
12-28 05:23:18.806 I/wm_on_top_resumed_lost_called(11132): [186369033,com.tencent.mm.plugin.base.stub.UIEntryStub,topStateChangedWhenResumed]
12-28 05:23:18.810 I/am_proc_bound( 1508): [0,14078,com.tencent.mm:appbrand0]
12-28 05:23:18.812 I/wm_on_paused_called(11132): [186369033,com.tencent.mm.plugin.base.stub.UIEntryStub,performPause]
12-28 05:23:18.812 I/wm_add_to_stopping( 1508): [0,186369033,com.tencent.mm/.plugin.base.stub.UIEntryStub,completeFinishing]
12-28 05:23:18.815 I/wm_restart_activity( 1508): [0,209112684,60,com.tencent.mm/.plugin.webview.ui.tools.SDKOAuthUI]
12-28 05:23:18.818 I/wm_set_resumed_activity( 1508): [0,com.tencent.mm/.plugin.webview.ui.tools.SDKOAuthUI,minimalResumeActivityLocked]
12-28 05:23:18.825 I/am_proc_bound( 1508): [0,14082,com.tencent.mm:appbrand1]
12-28 05:23:18.828 I/sysui_multi_action( 1508): [757,803,799,window_time_0,802,1]
12-28 05:23:18.843 I/commit_sys_config_file( 1508): [settings-1-0,24]
12-28 05:23:18.908 I/wm_on_create_called(11132): [209112684,com.tencent.mm.plugin.webview.ui.tools.SDKOAuthUI,performCreate]
12-28 05:23:18.914 I/wm_relaunch_resume_activity( 1508): [0,209112684,60,com.tencent.mm/.plugin.webview.ui.tools.SDKOAuthUI]
12-28 05:23:18.916 I/wm_on_start_called(11132): [209112684,com.tencent.mm.plugin.webview.ui.tools.SDKOAuthUI,handleStartActivity]
12-28 05:23:18.927 I/wm_on_resume_called(11132): [209112684,com.tencent.mm.plugin.webview.ui.tools.SDKOAuthUI,RESUME_ACTIVITY]
12-28 05:23:18.931 I/wm_on_top_resumed_gained_called(11132): [209112684,com.tencent.mm.plugin.webview.ui.tools.SDKOAuthUI,topStateChangedWhenResumed]
12-28 05:23:18.945 I/input_focus( 1508): [Focus request f91f2cc com.tencent.mm/com.tencent.mm.plugin.webview.ui.tools.SDKOAuthUI,reason=UpdateInputWindows]
12-28 05:23:18.980 I/wm_on_top_resumed_lost_called(11132): [209112684,com.tencent.mm.plugin.webview.ui.tools.SDKOAuthUI,pausing]
12-28 05:23:18.983 I/wm_on_paused_called(11132): [209112684,com.tencent.mm.plugin.webview.ui.tools.SDKOAuthUI,performPause]
12-28 05:23:18.987 I/wm_on_stop_called(11132): [209112684,com.tencent.mm.plugin.webview.ui.tools.SDKOAuthUI,handleRelaunchActivity]
12-28 05:23:19.018 I/wm_on_destroy_called(11132): [209112684,com.tencent.mm.plugin.webview.ui.tools.SDKOAuthUI,performDestroy]
12-28 05:23:19.020 I/input_focus( 1508): [Focus request 606d191 com.tencent.mm/com.tencent.mm.plugin.webview.ui.tools.SDKOAuthUI,reason=UpdateInputWindows]
12-28 05:23:19.078 I/wm_on_create_called(11132): [209112684,com.tencent.mm.plugin.webview.ui.tools.SDKOAuthUI,performCreate]
12-28 05:23:19.082 I/wm_on_start_called(11132): [209112684,com.tencent.mm.plugin.webview.ui.tools.SDKOAuthUI,handleStartActivity]
12-28 05:23:19.087 I/wm_on_resume_called(11132): [209112684,com.tencent.mm.plugin.webview.ui.tools.SDKOAuthUI,RESUME_ACTIVITY]
12-28 05:23:19.088 I/wm_on_top_resumed_gained_called(11132): [209112684,com.tencent.mm.plugin.webview.ui.tools.SDKOAuthUI,topWhenResuming]
12-28 05:23:19.103 I/input_focus( 1508): [Focus request a510f39 com.tencent.mm/com.tencent.mm.plugin.webview.ui.tools.SDKOAuthUI,reason=UpdateInputWindows]
12-28 05:23:19.110 I/am_proc_start( 1508): [0,14150,10097,com.tencent.mm:tools,broadcast,{com.tencent.mm/com.tencent.mm.booter.MMReceivers$ToolsProcessReceiver}]
12-28 05:23:19.137 I/sysui_multi_action( 1508): [319,857,322,740,325,13512,757,761,758,8,759,2,806,com.tencent.mm,871,com.tencent.mm.plugin.webview.ui.tools.SDKOAuthUI,904,com.tencent.mm,905,0,1320,4,1321,4]
12-28 05:23:19.138 I/wm_activity_launch_time( 1508): [0,209112684,com.tencent.mm/.plugin.webview.ui.tools.SDKOAuthUI,740]
12-28 05:23:19.152 I/input_focus( 1508): [Focus entering a510f39 com.tencent.mm/com.tencent.mm.plugin.webview.ui.tools.SDKOAuthUI (server),reason=Window became focusable. Previous reason: NOT_VISIBLE]
12-28 05:23:19.170 I/am_proc_bound( 1508): [0,14150,com.tencent.mm:tools]
12-28 05:23:19.211 I/am_pss ( 1508): [11426,10030,com.microsoft.emmx,208092160,176119808,44032,392355840,0,16,25]
12-28 05:23:19.244 I/am_pss ( 1508): [11559,10096,com.ss.android.lark,304866304,246980608,233472,468443136,0,16,29]
12-28 05:23:19.259 I/am_pss ( 1508): [12061,10096,com.ss.android.lark:sandboxed_process1,95085568,45408256,313344,235929600,0,17,13]
12-28 05:23:19.275 I/am_pss ( 1508): [12829,10030,com.microsoft.emmx:privileged_process0,56323072,33034240,46080,205942784,0,17,12]
12-28 05:23:19.290 I/am_pss ( 1508): [12892,90001,com.microsoft.emmx:sandboxed_process0:org.chromium.content.app.SandboxedProcessService0:1,79064064,45416448,49152,226254848,0,17,13]
12-28 05:23:19.301 I/am_pss ( 1508): [12222,90000,com.microsoft.emmx:sandboxed_process0:org.chromium.content.app.SandboxedProcessService0:0,36717568,8310784,49152,175611904,0,17,10]
12-28 05:23:19.315 I/am_pss ( 1508): [12489,10096,com.ss.android.lark:wschannel,62494720,21200896,163840,196792320,0,19,12]
12-28 05:23:19.323 I/am_pss ( 1508): [12554,10093,com.android.permissioncontroller,11553792,9179136,47104,96088064,0,19,6]
12-28 05:23:19.334 I/input_focus( 1508): [Focus request 71f49fb com.tencent.mm/com.tencent.mm.plugin.webview.ui.tools.SDKOAuthUI,reason=UpdateInputWindows]
12-28 05:23:19.338 I/wm_task_created( 1508): [61,-1]
12-28 05:23:19.340 I/wm_task_moved( 1508): [61,1,13]
12-28 05:23:19.340 I/wm_task_to_front( 1508): [0,61]
12-28 05:23:19.340 I/wm_create_task( 1508): [0,61]
12-28 05:23:19.340 I/wm_create_activity( 1508): [0,13978946,61,com.tencent.tmgp.sgame/.wxapi.WXEntryActivity,NULL,NULL,NULL,411041792]
12-28 05:23:19.340 I/wm_task_moved( 1508): [61,1,13]
12-28 05:23:19.341 I/wm_pause_activity( 1508): [0,209112684,com.tencent.mm/.plugin.webview.ui.tools.SDKOAuthUI,userLeaving=true,pauseBackTasks]
12-28 05:23:19.345 I/wm_finish_activity( 1508): [0,209112684,60,com.tencent.mm/.plugin.webview.ui.tools.SDKOAuthUI,app-request]
12-28 05:23:19.347 I/wm_on_top_resumed_lost_called(11132): [209112684,com.tencent.mm.plugin.webview.ui.tools.SDKOAuthUI,topStateChangedWhenResumed]
12-28 05:23:19.349 I/wm_on_paused_called(11132): [209112684,com.tencent.mm.plugin.webview.ui.tools.SDKOAuthUI,performPause]
12-28 05:23:19.349 I/wm_add_to_stopping( 1508): [0,209112684,com.tencent.mm/.plugin.webview.ui.tools.SDKOAuthUI,completeFinishing]
12-28 05:23:19.353 I/input_focus( 1508): [Focus entering 71f49fb com.tencent.mm/com.tencent.mm.plugin.webview.ui.tools.SDKOAuthUI (server),reason=setFocusedWindow]
12-28 05:23:19.356 I/wm_restart_activity( 1508): [0,13978946,61,com.tencent.tmgp.sgame/.wxapi.WXEntryActivity]
12-28 05:23:19.357 I/wm_set_resumed_activity( 1508): [0,com.tencent.tmgp.sgame/.wxapi.WXEntryActivity,minimalResumeActivityLocked]
12-28 05:23:19.362 I/sysui_multi_action( 1508): [757,803,799,window_time_0,802,0]
12-28 05:23:19.373 I/wm_task_moved( 1508): [40,1,13]
12-28 05:23:19.373 I/wm_task_to_front( 1508): [0,40]
12-28 05:23:19.374 I/wm_focused_root_task( 1508): [0,0,40,61,bringingFoundTaskToFront]
12-28 05:23:19.374 I/wm_set_resumed_activity( 1508): [0,com.tencent.tmgp.sgame/.SGameActivity,bringingFoundTaskToFront]
12-28 05:23:19.375 I/wm_new_intent( 1508): [0,159006092,40,com.tencent.tmgp.sgame/.SGameActivity,android.intent.action.MAIN,NULL,NULL,270532608]
12-28 05:23:19.375 I/wm_task_moved( 1508): [40,1,13]
12-28 05:23:19.375 I/wm_pause_activity( 1508): [0,13978946,com.tencent.tmgp.sgame/.wxapi.WXEntryActivity,userLeaving=true,pauseBackTasks]
12-28 05:23:19.379 I/input_focus( 1508): [Focus request 62ea4e0 com.tencent.tmgp.sgame/com.tencent.tmgp.sgame.SGameActivity,reason=UpdateInputWindows]
12-28 05:23:19.379 I/wm_finish_activity( 1508): [0,13978946,61,com.tencent.tmgp.sgame/.wxapi.WXEntryActivity,app-request]
12-28 05:23:19.382 I/input_focus( 1508): [Focus leaving 71f49fb com.tencent.mm/com.tencent.mm.plugin.webview.ui.tools.SDKOAuthUI (server),reason=NO_WINDOW]
12-28 05:23:19.387 I/wm_on_create_called( 4168): [13978946,com.tencent.tmgp.sgame.wxapi.WXEntryActivity,performCreate]
12-28 05:23:19.391 I/wm_set_resumed_activity( 1508): [0,com.tencent.tmgp.sgame/.SGameActivity,resumeTopActivityInnerLocked]
12-28 05:23:19.391 I/wm_resume_activity( 1508): [0,159006092,40,com.tencent.tmgp.sgame/.SGameActivity]
12-28 05:23:19.402 I/input_focus( 1508): [Focus entering 62ea4e0 com.tencent.tmgp.sgame/com.tencent.tmgp.sgame.SGameActivity (server),reason=setFocusedWindow]
12-28 05:23:19.404 I/sysui_multi_action( 1508): [757,803,799,window_time_0,802,0]
12-28 05:23:19.406 I/wm_on_resume_called( 4168): [159006092,com.tencent.tmgp.sgame.SGameActivity,RESUME_ACTIVITY]
12-28 05:23:19.406 I/wm_on_top_resumed_gained_called( 4168): [159006092,com.tencent.tmgp.sgame.SGameActivity,topWhenResuming]
12-28 05:23:19.418 I/wm_destroy_activity( 1508): [0,13978946,61,com.tencent.tmgp.sgame/.wxapi.WXEntryActivity,finish-idle]
12-28 05:23:19.421 I/wm_on_destroy_called( 4168): [13978946,com.tencent.tmgp.sgame.wxapi.WXEntryActivity,performDestroy]
12-28 05:23:19.427 I/wm_task_removed( 1508): [61,removeChild:removeChild last r=ActivityRecord{d54d42 u0 com.tencent.tmgp.sgame/.wxapi.WXEntryActivity t-1 f}} in t=Task{a2a77cb #61 type=standard A=10098:com.tencent.tmgp.sgame.diff U=0 visible=false mode=fullscreen translucent=true sz=0}]
12-28 05:23:19.427 I/wm_task_removed( 1508): [61,removeChild]
12-28 05:23:19.653 I/wm_destroy_activity( 1508): [0,209112684,60,com.tencent.mm/.plugin.webview.ui.tools.SDKOAuthUI,finish-imm:idle]
12-28 05:23:19.653 I/wm_destroy_activity( 1508): [0,186369033,60,com.tencent.mm/.plugin.base.stub.UIEntryStub,finish-imm:idle]
12-28 05:23:19.653 I/wm_destroy_activity( 1508): [0,6669878,60,com.tencent.mm/.plugin.base.stub.WXEntryActivity,finish-imm:idle]
12-28 05:23:19.682 I/wm_on_stop_called(11132): [209112684,com.tencent.mm.plugin.webview.ui.tools.SDKOAuthUI,LIFECYCLER_STOP_ACTIVITY]
12-28 05:23:19.693 I/wm_on_destroy_called(11132): [209112684,com.tencent.mm.plugin.webview.ui.tools.SDKOAuthUI,performDestroy]
12-28 05:23:19.706 I/commit_sys_config_file( 1508): [settings-1-0,2]
12-28 05:23:19.718 I/wm_on_stop_called(11132): [186369033,com.tencent.mm.plugin.base.stub.UIEntryStub,LIFECYCLER_STOP_ACTIVITY]
12-28 05:23:19.722 I/wm_on_destroy_called(11132): [186369033,com.tencent.mm.plugin.base.stub.UIEntryStub,performDestroy]
12-28 05:23:19.741 I/wm_on_destroy_called(11132): [6669878,com.tencent.mm.plugin.base.stub.WXEntryActivity,performDestroy]
12-28 05:23:19.744 I/wm_task_removed( 1508): [60,removeChild:removeChild last r=ActivityRecord{65c636 u0 com.tencent.mm/.plugin.base.stub.WXEntryActivity t-1 f}} in t=Task{e015e3c #60 type=standard A=10097:.sdkentry U=0 visible=false mode=fullscreen translucent=true sz=0}]
12-28 05:23:19.744 I/wm_task_removed( 1508): [60,removeChild]
12-28 05:23:20.253 I/service_manager_stats( 1508): [100,72,58310]
12-28 05:23:20.631 I/auditd ( 0): type=1400 audit(0.0:15087): avc: denied { kill } for comm="swapper/5" capability=5 scontext=u:r:kernel:s0 tcontext=u:r:kernel:s0 tclass=capability permissive=0
12-28 05:23:21.071 I/auditd (14078): type=1400 audit(0.0:15088): avc: granted { execute } for comm="[GT]ColdPool#7" path="/data/user/0/com.tencent.mm/app_xwalk_4375/extracted_xwalkcore/libxwebcore.so" dev="dm-10" ino=8892 scontext=u:r:untrusted_app_29:s0:c97,c256,c512,c768 tcontext=u:object_r:app_data_file:s0:c97,c256,c512,c768 tclass=file app=com.tencent.mm
12-28 05:23:21.631 I/auditd ( 0): type=1400 audit(0.0:15089): avc: denied { kill } for comm="swapper/5" capability=5 scontext=u:r:kernel:s0 tcontext=u:r:kernel:s0 tclass=capability permissive=0
12-28 05:23:22.631 I/auditd ( 0): type=1400 audit(0.0:15090): avc: denied { kill } for comm="swapper/5" capability=5 scontext=u:r:kernel:s0 tcontext=u:r:kernel:s0 tclass=capability permissive=0
12-28 05:23:23.233 I/netstats_mobile_sample( 1508): [0,0,0,0,0,0,0,0,0,0,0,0,1672176203233]
12-28 05:23:23.233 I/netstats_wifi_sample( 1508): [6469241628,4862661,69246954,945121,6469241628,4862661,69246954,945121,6474268734,4913707,58514324,919450,1672176203233]
12-28 05:23:23.631 I/auditd ( 0): type=1400 audit(0.0:15091): avc: denied { kill } for comm="swapper/5" capability=5 scontext=u:r:kernel:s0 tcontext=u:r:kernel:s0 tclass=capability permissive=0
12-28 05:23:23.927 I/auditd (14150): type=1400 audit(0.0:15092): avc: granted { execute } for comm="encent.mm:tools" path="/data/user/0/com.tencent.mm/app_xwalk_4375/extracted_xwalkcore/libxwebcore.so" dev="dm-10" ino=8892 scontext=u:r:untrusted_app_29:s0:c97,c256,c512,c768 tcontext=u:object_r:app_data_file:s0:c97,c256,c512,c768 tclass=file app=com.tencent.mm
12-28 05:23:24.631 I/auditd ( 0): type=1400 audit(0.0:15093): avc: denied { kill } for comm="swapper/5" capability=5 scontext=u:r:kernel:s0 tcontext=u:r:kernel:s0 tclass=capability permissive=0
12-28 05:23:25.235 I/auditd (14150): type=1400 audit(0.0:15094): avc: denied { read } for comm="parallels-5" name="u:object_r:qemu_hw_prop:s0" dev="tmpfs" ino=3313 scontext=u:r:untrusted_app_29:s0:c97,c256,c512,c768 tcontext=u:object_r:qemu_hw_prop:s0 tclass=file permissive=0 app=com.tencent.mm
12-28 05:23:25.339 I/am_proc_start( 1508): [0,14650,10097,com.tencent.mm:support,service,{com.tencent.mm/com.tencent.mm.service.ProcessService$SupportProcessService}]
12-28 05:23:25.348 I/am_proc_bound( 1508): [0,14650,com.tencent.mm:support]
12-28 05:23:25.631 I/auditd ( 0): type=1400 audit(0.0:15095): avc: denied { kill } for comm="swapper/5" capability=5 scontext=u:r:kernel:s0 tcontext=u:r:kernel:s0 tclass=capability permissive=0
12-28 05:23:26.631 I/auditd ( 0): type=1400 audit(0.0:15096): avc: denied { kill } for comm="swapper/5" capability=5 scontext=u:r:kernel:s0 tcontext=u:r:kernel:s0 tclass=capability permissive=0
12-28 05:23:27.631 I/auditd ( 0): type=1400 audit(0.0:15097): avc: denied { kill } for comm="swapper/5" capability=5 scontext=u:r:kernel:s0 tcontext=u:r:kernel:s0 tclass=capability permissive=0
12-28 05:23:28.107 I/am_uid_idle( 1508): 10093
12-28 05:23:28.583 I/auditd (14650): type=1400 audit(0.0:15098): avc: denied { read } for comm="parallels-1" name="u:object_r:qemu_hw_prop:s0" dev="tmpfs" ino=3313 scontext=u:r:untrusted_app_29:s0:c97,c256,c512,c768 tcontext=u:object_r:qemu_hw_prop:s0 tclass=file permissive=0 app=com.tencent.mm
12-28 05:23:28.631 I/auditd ( 0): type=1400 audit(0.0:15099): avc: denied { kill } for comm="swapper/5" capability=5 scontext=u:r:kernel:s0 tcontext=u:r:kernel:s0 tclass=capability permissive=0
12-28 05:23:29.495 I/auditd ( 4168): type=1400 audit(0.0:15100): avc: denied { read } for comm="ace_worker0" name="cache" dev="dm-5" ino=16 scontext=u:r:untrusted_app_29:s0:c98,c256,c512,c768 tcontext=u:object_r:cache_file:s0 tclass=lnk_file permissive=0 app=com.tencent.tmgp.sgame
12-28 05:23:29.511 I/auditd ( 4168): type=1400 audit(0.0:15101): avc: denied { read } for comm="Thread-115" name="max_user_watches" dev="proc" ino=6011014 scontext=u:r:untrusted_app_29:s0:c98,c256,c512,c768 tcontext=u:object_r:proc:s0 tclass=file permissive=0 app=com.tencent.tmgp.sgame
12-28 05:23:29.631 I/auditd ( 0): type=1400 audit(0.0:15102): avc: denied { kill } for comm="swapper/5" capability=5 scontext=u:r:kernel:s0 tcontext=u:r:kernel:s0 tclass=capability permissive=0
12-28 05:23:29.751 I/auditd ( 4168): type=1400 audit(0.0:15103): avc: granted { execute } for comm="cent.tmgp.sgame" path="/data/user/0/com.tencent.tmgp.sgame/app_midaslib_1/libunipayutils.so" dev="dm-10" ino=20598 scontext=u:r:untrusted_app_29:s0:c98,c256,c512,c768 tcontext=u:object_r:app_data_file:s0:c98,c256,c512,c768 tclass=file app=com.tencent.tmgp.sgame
12-28 05:23:30.299 I/auditd (14650): type=1400 audit(0.0:15104): avc: granted { execute } for comm="parallels-4" path="/data/user/0/com.tencent.mm/tinker/patch-8b9b3bb1/lib/lib/arm64-v8a/libWeVision.so" dev="dm-10" ino=12691 scontext=u:r:untrusted_app_29:s0:c97,c256,c512,c768 tcontext=u:object_r:app_data_file:s0:c97,c256,c512,c768 tclass=file app=com.tencent.mm
12-28 05:23:30.299 I/auditd (14650): type=1400 audit(0.0:15105): avc: granted { execute } for comm="parallels-4" path="/data/user/0/com.tencent.mm/tinker/patch-8b9b3bb1/lib/lib/arm64-v8a/libxlabeffect.so" dev="dm-10" ino=12694 scontext=u:r:untrusted_app_29:s0:c97,c256,c512,c768 tcontext=u:object_r:app_data_file:s0:c97,c256,c512,c768 tclass=file app=com.tencent.mm
12-28 05:23:30.299 I/auditd (14650): type=1400 audit(0.0:15106): avc: granted { execute } for comm="parallels-4" path="/data/user/0/com.tencent.mm/tinker/patch-8b9b3bb1/lib/lib/arm64-v8a/libWeEffect.so" dev="dm-10" ino=12692 scontext=u:r:untrusted_app_29:s0:c97,c256,c512,c768 tcontext=u:object_r:app_data_file:s0:c97,c256,c512,c768 tclass=file app=com.tencent.mm
12-28 05:23:30.523 I/auditd (14650): type=1400 audit(0.0:15107): avc: granted { execute } for comm="parallels-4" path="/data/user/0/com.tencent.mm/tinker/patch-8b9b3bb1/lib/lib/arm64-v8a/libxeffect_xlog.so" dev="dm-10" ino=12926 scontext=u:r:untrusted_app_29:s0:c97,c256,c512,c768 tcontext=u:object_r:app_data_file:s0:c97,c256,c512,c768 tclass=file app=com.tencent.mm
12-28 05:23:30.631 I/auditd ( 0): type=1400 audit(0.0:15108): avc: denied { kill } for comm="swapper/5" capability=5 scontext=u:r:kernel:s0 tcontext=u:r:kernel:s0 tclass=capability permissive=0
12-28 05:23:31.631 I/auditd ( 0): type=1400 audit(0.0:15109): avc: denied { kill } for comm="swapper/5" capability=5 scontext=u:r:kernel:s0 tcontext=u:r:kernel:s0 tclass=capability permissive=0
12-28 05:23:32.631 I/auditd ( 0): type=1400 audit(0.0:15110): avc: denied { kill } for comm="swapper/5" capability=5 scontext=u:r:kernel:s0 tcontext=u:r:kernel:s0 tclass=capability permissive=0
12-28 05:23:33.631 I/auditd ( 0): type=1400 audit(0.0:15111): avc: denied { kill } for comm="swapper/5" capability=5 scontext=u:r:kernel:s0 tcontext=u:r:kernel:s0 tclass=capability permissive=0
12-28 05:23:33.814 I/netstats_mobile_sample( 1508): [0,0,0,0,0,0,0,0,0,0,0,0,1672176213814]
12-28 05:23:33.814 I/netstats_wifi_sample( 1508): [6470806083,4864167,69396629,946183,6470806083,4864167,69396629,946183,6475844633,4915280,58646761,920472,1672176213814]
12-28 05:23:33.971 I/am_proc_start( 1508): [0,15092,10098,com.tencent.tmgp.sgame:ingame_inner_slugsdk_config,service,{com.tencent.tmgp.sgame/com.tencent.slugsdk.config.SlugConfigService}]
12-28 05:23:33.987 I/am_proc_bound( 1508): [0,15092,com.tencent.tmgp.sgame:ingame_inner_slugsdk_config]
12-28 05:23:34.181 I/am_proc_start( 1508): [0,15122,10098,com.tencent.tmgp.sgame:tgaPlugin,service,{com.tencent.tmgp.sgame/com.tencent.tga.livesdk.service.plugin.PluginProcessService}]
12-28 05:23:34.190 I/am_proc_bound( 1508): [0,15122,com.tencent.tmgp.sgame:tgaPlugin]
12-28 05:23:34.523 I/liblog (15122): 1
12-28 05:23:34.523 I/liblog (15122): 2
12-28 05:23:34.523 I/liblog (15122): 2
12-28 05:23:34.523 I/liblog (15122): 1
12-28 05:23:34.523 I/liblog (15122): 1
12-28 05:23:34.523 I/liblog (15122): 3
12-28 05:23:34.523 I/liblog (15122): 2
12-28 05:23:34.523 I/liblog (15122): 3
12-28 05:23:34.523 I/liblog (15122): 1
12-28 05:23:34.523 I/liblog (15122): 1
12-28 05:23:34.523 I/liblog (15122): 3
12-28 05:23:34.523 I/liblog (15122): 3
12-28 05:23:34.523 I/liblog (15122): 2
12-28 05:23:34.523 I/liblog (15122): 5
12-28 05:23:34.523 I/liblog (15122): 1
12-28 05:23:34.523 I/liblog (15122): 2
12-28 05:23:34.523 I/liblog (15122): 3
12-28 05:23:34.523 I/liblog (15122): 1
12-28 05:23:34.523 I/liblog (15122): 2
12-28 05:23:34.523 I/liblog (15122): 3
12-28 05:23:34.523 I/liblog (15122): 2
12-28 05:23:34.523 I/liblog (15122): 2
12-28 05:23:34.523 I/liblog (15122): 3
12-28 05:23:34.523 I/liblog (15122): 2
12-28 05:23:34.523 I/liblog (15122): 2
12-28 05:23:34.523 I/liblog (15122): 1
12-28 05:23:34.523 I/liblog (15122): 2
12-28 05:23:34.523 I/liblog (15122): 2
12-28 05:23:34.523 I/liblog (15122): 2
12-28 05:23:34.523 I/liblog (15122): 1
12-28 05:23:34.523 I/liblog (15122): 2
12-28 05:23:34.523 I/liblog (15122): 2
12-28 05:23:34.523 I/liblog (15122): 3
12-28 05:23:34.523 I/liblog (15122): 21
12-28 05:23:34.523 I/liblog (15122): 2
12-28 05:23:34.523 I/liblog (15122): 15
12-28 05:23:34.523 I/liblog (15122): 1
12-28 05:23:34.523 I/liblog (15122): 3
12-28 05:23:34.523 I/liblog (15122): 1
12-28 05:23:34.523 I/liblog (15122): 2
12-28 05:23:34.523 I/liblog (15122): 2
12-28 05:23:34.523 I/liblog (15122): 2
12-28 05:23:34.523 I/liblog (15122): 1
12-28 05:23:34.523 I/liblog (15122): 1
12-28 05:23:34.523 I/liblog (15122): 1
12-28 05:23:34.523 I/liblog (15122): 2
12-28 05:23:34.523 I/liblog (15122): 5
12-28 05:23:34.523 I/liblog (15122): 2
12-28 05:23:34.523 I/liblog (15122): 3
12-28 05:23:34.523 I/liblog (15122): 3
12-28 05:23:34.523 I/liblog (15122): 1
12-28 05:23:34.523 I/liblog (15122): 1
12-28 05:23:34.523 I/liblog (15122): 18
12-28 05:23:34.524 I/liblog (15122): 49
12-28 05:23:34.524 I/liblog (15122): 3
12-28 05:23:34.524 I/liblog (15122): 4
12-28 05:23:34.524 I/liblog (15122): 12
12-28 05:23:34.524 I/liblog (15122): 2
12-28 05:23:34.524 I/liblog (15122): 3
12-28 05:23:34.524 I/liblog (15122): 3
12-28 05:23:34.524 I/liblog (15122): 3
12-28 05:23:34.524 I/liblog (15122): 1
12-28 05:23:34.524 I/liblog (15122): 2
12-28 05:23:34.524 I/liblog (15122): 3
12-28 05:23:34.524 I/liblog (15122): 4
12-28 05:23:34.524 I/liblog (15122): 10
12-28 05:23:34.524 I/liblog (15122): 8
12-28 05:23:34.524 I/liblog (15122): 3
12-28 05:23:34.524 I/liblog (15122): 3
12-28 05:23:34.524 I/liblog (15122): 3
12-28 05:23:34.524 I/liblog (15122): 1
12-28 05:23:34.524 I/liblog (15122): 3
12-28 05:23:34.524 I/liblog (15122): 2
12-28 05:23:34.524 I/liblog (15122): 2
12-28 05:23:34.524 I/liblog (15122): 9
12-28 05:23:34.524 I/liblog (15122): 1
12-28 05:23:34.524 I/liblog (15122): 3
12-28 05:23:34.524 I/liblog (15122): 41
12-28 05:23:34.524 I/liblog (15122): 3
12-28 05:23:34.524 I/liblog (15122): 4
12-28 05:23:34.524 I/liblog (15122): 2
12-28 05:23:34.524 I/liblog (15122): 1
12-28 05:23:34.524 I/liblog (15122): 5
12-28 05:23:34.524 I/liblog (15122): 3
12-28 05:23:34.524 I/liblog (15122): 3
12-28 05:23:34.524 I/liblog (15122): 2
12-28 05:23:34.524 I/liblog (15122): 3
12-28 05:23:34.524 I/liblog (15122): 2
12-28 05:23:34.524 I/liblog (15122): 3
12-28 05:23:34.524 I/liblog (15122): 2
12-28 05:23:34.524 I/liblog (15122): 2
12-28 05:23:34.524 I/liblog (15122): 3
12-28 05:23:34.524 I/liblog (15122): 3
12-28 05:23:34.524 I/liblog (15122): 1
12-28 05:23:34.524 I/liblog (15122): 3
12-28 05:23:34.524 I/liblog (15122): 3
12-28 05:23:34.524 I/liblog (15122): 1
12-28 05:23:34.524 I/liblog (15122): 12
12-28 05:23:34.524 I/liblog (15122): 13
12-28 05:23:34.524 I/liblog (15122): 3
12-28 05:23:34.524 I/liblog (15122): 3
12-28 05:23:34.524 I/liblog (15122): 11
12-28 05:23:34.524 I/liblog (15122): 9
12-28 05:23:34.524 I/liblog (15122): 21
12-28 05:23:34.524 I/liblog (15122): 4
