12-28 05:16:49.631 I/auditd ( 0): type=1400 audit(0.0:14358): avc: denied { kill } for comm="swapper/0" capability=5 scontext=u:r:kernel:s0 tcontext=u:r:kernel:s0 tclass=capability permissive=0
12-28 05:16:50.631 I/auditd ( 0): type=1400 audit(0.0:14359): avc: denied { kill } for comm="swapper/0" capability=5 scontext=u:r:kernel:s0 tcontext=u:r:kernel:s0 tclass=capability permissive=0
12-28 05:16:51.441 I/force_gc( 2728): mem
12-28 05:16:52.631 I/auditd ( 0): type=1400 audit(0.0:14360): avc: denied { kill } for comm="swapper/0" capability=5 scontext=u:r:kernel:s0 tcontext=u:r:kernel:s0 tclass=capability permissive=0
12-28 05:16:53.631 I/auditd ( 0): type=1400 audit(0.0:14361): avc: denied { kill } for comm="swapper/0" capability=5 scontext=u:r:kernel:s0 tcontext=u:r:kernel:s0 tclass=capability permissive=0
12-28 05:16:54.631 I/auditd ( 0): type=1400 audit(0.0:14362): avc: denied { kill } for comm="swapper/0" capability=5 scontext=u:r:kernel:s0 tcontext=u:r:kernel:s0 tclass=capability permissive=0
12-28 05:16:55.631 I/auditd ( 0): type=1400 audit(0.0:14363): avc: denied { kill } for comm="swapper/0" capability=5 scontext=u:r:kernel:s0 tcontext=u:r:kernel:s0 tclass=capability permissive=0
12-28 05:16:56.449 I/force_gc( 2763): mem
12-28 05:16:56.631 I/auditd ( 0): type=1400 audit(0.0:14364): avc: denied { kill } for comm="swapper/0" capability=5 scontext=u:r:kernel:s0 tcontext=u:r:kernel:s0 tclass=capability permissive=0
12-28 05:16:57.631 I/auditd (31233): type=1400 audit(0.0:14365): avc: denied { kill } for comm="kworker/u17:3" capability=5 scontext=u:r:kernel:s0 tcontext=u:r:kernel:s0 tclass=capability permissive=0
12-28 05:16:58.631 I/auditd ( 0): type=1400 audit(0.0:14366): avc: denied { kill } for comm="swapper/0" capability=5 scontext=u:r:kernel:s0 tcontext=u:r:kernel:s0 tclass=capability permissive=0
12-28 05:16:59.631 I/auditd ( 0): type=1400 audit(0.0:14367): avc: denied { kill } for comm="swapper/0" capability=5 scontext=u:r:kernel:s0 tcontext=u:r:kernel:s0 tclass=capability permissive=0
12-28 05:17:00.374 I/input_interaction( 1508): Interaction with: 283104f gamemode.menuview (server), edge-swipe (server), swipe-up (server), PointerEventDispatcher0 (server),
12-28 05:17:00.543 I/am_kill ( 1508): [0,1698,com.tencent.mm:push,500,kill background]
12-28 05:17:00.547 I/am_schedule_service_restart( 1508): [0,com.tencent.mm/.ipcinvoker.wx_extension.service.PushProcessIPCService,1000]
12-28 05:17:00.547 I/am_schedule_service_restart( 1508): [0,com.tencent.mm/.booter.CoreService,10999]
12-28 05:17:00.547 I/am_schedule_service_restart( 1508): [0,com.tencent.mm/com.tencent.matrix.lifecycle.supervisor.SupervisorService,20999]
12-28 05:17:00.548 I/am_uid_stopped( 1508): 10097
12-28 05:17:00.548 I/am_kill ( 1508): [0,1192,com.tencent.mm,0,kill background]
12-28 05:17:00.554 I/am_kill ( 1508): [0,693,com.qti.diagservices,500,kill background]
12-28 05:17:00.556 I/am_schedule_service_restart( 1508): [0,com.qti.diagservices/.QTIDiagServices,30991]
12-28 05:17:00.566 I/am_pss ( 1508): [976,10098,com.tencent.tmgp.sgame:xg_vip_service,16988160,7839744,62464,110501888,0,3,7]
12-28 05:17:00.607 I/am_uid_stopped( 1508): 10065
12-28 05:17:00.608 I/am_kill ( 1508): [0,15810,com.thundercomm.gamemode.provider,905,kill all background]
12-28 05:17:00.609 I/am_low_memory( 1508): 33
12-28 05:17:01.631 I/auditd ( 0): type=1400 audit(0.0:14368): avc: denied { kill } for comm="swapper/0" capability=5 scontext=u:r:kernel:s0 tcontext=u:r:kernel:s0 tclass=capability permissive=0
12-28 05:17:02.631 I/auditd ( 0): type=1400 audit(0.0:14369): avc: denied { kill } for comm="swapper/0" capability=5 scontext=u:r:kernel:s0 tcontext=u:r:kernel:s0 tclass=capability permissive=0
12-28 05:17:03.631 I/auditd ( 0): type=1400 audit(0.0:14370): avc: denied { kill } for comm="swapper/0" capability=5 scontext=u:r:kernel:s0 tcontext=u:r:kernel:s0 tclass=capability permissive=0
12-28 05:17:04.631 I/auditd ( 0): type=1400 audit(0.0:14371): avc: denied { kill } for comm="swapper/0" capability=5 scontext=u:r:kernel:s0 tcontext=u:r:kernel:s0 tclass=capability permissive=0
12-28 05:17:05.613 I/force_gc( 1508): mem
12-28 05:17:05.631 I/auditd ( 0): type=1400 audit(0.0:14372): avc: denied { kill } for comm="swapper/0" capability=5 scontext=u:r:kernel:s0 tcontext=u:r:kernel:s0 tclass=capability permissive=0
12-28 05:17:06.893 I/input_interaction( 1508): Interaction with: e96b835 com.tencent.tmgp.sgame/com.tencent.tmgp.sgame.SGameActivity (server), edge-swipe (server), swipe-up (server), PointerEventDispatcher0 (server),
12-28 05:17:07.631 I/auditd ( 0): type=1400 audit(0.0:14373): avc: denied { kill } for comm="swapper/2" capability=5 scontext=u:r:kernel:s0 tcontext=u:r:kernel:s0 tclass=capability permissive=0
12-28 05:17:07.831 I/wm_task_moved( 1508): [1,0,0]
12-28 05:17:07.831 I/wm_task_moved( 1508): [1,0,5]
12-28 05:17:07.837 I/wm_on_restart_called( 2857): [186653412,com.android.launcher3.uioverrides.QuickstepLauncher,performRestartActivity]
12-28 05:17:07.858 I/am_uid_running( 1508): 10065
12-28 05:17:07.863 I/wm_on_start_called( 2857): [186653412,com.android.launcher3.uioverrides.QuickstepLauncher,handleStartActivity]
12-28 05:17:07.864 I/view_enqueue_input_event( 913): [Motion - Cancel,com.tencent.tmgp.sgame/com.tencent.tmgp.sgame.SGameActivity]
12-28 05:17:07.864 I/input_interaction( 1508): Interaction with: edge-swipe (server), swipe-up (server), PointerEventDispatcher0 (server),
12-28 05:17:07.864 I/am_proc_start( 1508): [0,3989,10065,com.thundercomm.gamemode.provider,content provider,{com.thundercomm.gamemode.provider/com.thundercomm.gamemode.provider.SettingsProvider}]
12-28 05:17:07.867 I/input_focus( 1508): [Focus request recents_animation_input_consumer,reason=UpdateInputWindows]
12-28 05:17:07.884 I/sysui_latency( 2857): [1,71]
12-28 05:17:07.888 I/input_focus( 1508): [Focus leaving e96b835 com.tencent.tmgp.sgame/com.tencent.tmgp.sgame.SGameActivity (server),reason=NOT_FOCUSABLE]
12-28 05:17:07.889 I/input_focus( 1508): [Focus entering recents_animation_input_consumer (server),reason=setFocusedWindow]
12-28 05:17:07.900 I/am_proc_bound( 1508): [0,3989,com.thundercomm.gamemode.provider]
12-28 05:17:07.901 I/sysui_multi_action( 1508): [319,10,322,59,325,13142,757,761,758,9,759,5,806,com.android.launcher3,871,com.android.launcher3.uioverrides.QuickstepLauncher,905,0,1320,4,1321,1]
12-28 05:17:07.905 I/am_uid_active( 1508): 10065
12-28 05:17:08.067 I/commit_sys_config_file( 1508): [settings-1-0,4]
12-28 05:17:08.191 I/sysui_latency( 1508): [8,74]
12-28 05:17:08.710 I/wm_task_moved( 1508): [1,1,6]
12-28 05:17:08.711 I/wm_focused_root_task( 1508): [0,0,1,39,RecentsAnimation.onAnimationFinished()]
12-28 05:17:08.712 I/wm_on_top_resumed_lost_called( 913): [156046507,com.tencent.tmgp.sgame.SGameActivity,topStateChangedWhenResumed]
12-28 05:17:08.712 I/wm_pause_activity( 1508): [0,156046507,com.tencent.tmgp.sgame/.SGameActivity,userLeaving=false,pauseBackTasks]
12-28 05:17:08.714 I/wm_set_resumed_activity( 1508): [0,com.android.launcher3/.uioverrides.QuickstepLauncher,resumeTopActivityInnerLocked]
12-28 05:17:08.716 I/wm_resume_activity( 1508): [0,186653412,10,com.android.launcher3/.uioverrides.QuickstepLauncher]
12-28 05:17:08.716 I/wm_add_to_stopping( 1508): [0,156046507,com.tencent.tmgp.sgame/.SGameActivity,makeInvisible]
12-28 05:17:08.717 I/wm_on_resume_called( 2857): [186653412,com.android.launcher3.uioverrides.QuickstepLauncher,RESUME_ACTIVITY]
12-28 05:17:08.725 I/input_focus( 1508): [Focus request 2711ce0 com.android.launcher3/com.android.launcher3.uioverrides.QuickstepLauncher,reason=UpdateInputWindows]
12-28 05:17:08.726 I/sysui_multi_action( 1508): [757,803,799,window_time_0,802,107]
12-28 05:17:08.729 I/wm_stop_activity( 1508): [0,156046507,com.tencent.tmgp.sgame/.SGameActivity]
12-28 05:17:08.730 I/sysui_multi_action( 1508): [757,803,799,window_time_0,802,0]
12-28 05:17:08.741 I/input_focus( 1508): [Focus leaving recents_animation_input_consumer (server),reason=NOT_VISIBLE]
12-28 05:17:08.741 I/input_focus( 1508): [Focus entering 2711ce0 com.android.launcher3/com.android.launcher3.uioverrides.QuickstepLauncher (server),reason=setFocusedWindow]
12-28 05:17:08.786 I/wm_on_top_resumed_gained_called( 2857): [186653412,com.android.launcher3.uioverrides.QuickstepLauncher,topStateChangedWhenResumed]
12-28 05:17:08.953 I/commit_sys_config_file( 1508): [settings-1-0,4]
12-28 05:17:09.150 I/wm_on_paused_called( 913): [156046507,com.tencent.tmgp.sgame.SGameActivity,performPause]
12-28 05:17:09.155 I/wm_on_stop_called( 913): [156046507,com.tencent.tmgp.sgame.SGameActivity,STOP_ACTIVITY_ITEM]
12-28 05:17:09.300 I/input_interaction( 1508): Interaction with: 2711ce0 com.android.launcher3/com.android.launcher3.uioverrides.QuickstepLauncher (server), cd21bea com.android.systemui.ImageWallpaper (server), edge-swipe (server), swipe-up (server), PointerEventDispatcher0 (server),
12-28 05:17:09.631 I/auditd ( 0): type=1400 audit(0.0:14374): avc: denied { kill } for comm="swapper/0" capability=5 scontext=u:r:kernel:s0 tcontext=u:r:kernel:s0 tclass=capability permissive=0
12-28 05:17:10.111 I/wm_finish_activity( 1508): [0,156046507,39,com.tencent.tmgp.sgame/.SGameActivity,remove-task]
12-28 05:17:10.112 I/wm_destroy_activity( 1508): [0,156046507,39,com.tencent.tmgp.sgame/.SGameActivity,finish-imm:finishIfPossible]
12-28 05:17:10.122 I/am_kill ( 1508): [0,913,com.tencent.tmgp.sgame,905,remove task]
12-28 05:17:10.123 I/am_kill ( 1508): [0,976,com.tencent.tmgp.sgame:xg_vip_service,500,remove task]
12-28 05:17:10.123 I/sysui_multi_action( 1508): [757,803,799,window_time_0,802,2]
12-28 05:17:10.139 I/am_proc_died( 1508): [0,976,com.tencent.tmgp.sgame:xg_vip_service,500,10]
12-28 05:17:10.140 I/am_schedule_service_restart( 1508): [0,com.tencent.tmgp.sgame/com.tencent.android.tpush.service.XGVipPushService,31407]
12-28 05:17:10.365 I/am_proc_died( 1508): [0,913,com.tencent.tmgp.sgame,905,19]
12-28 05:17:10.373 I/am_uid_stopped( 1508): 10098
12-28 05:17:10.374 I/wm_task_removed( 1508): [39,removeChild:removeChild last r=ActivityRecord{94d14ab u0 com.tencent.tmgp.sgame/.SGameActivity t-1 f}} in t=Task{a9bba9e #39 type=standard A=10098:com.tencent.tmgp.sgame U=0 visible=false mode=fullscreen translucent=true sz=0}]
12-28 05:17:10.374 I/wm_task_removed( 1508): [39,removeChild]
12-28 05:17:10.631 I/auditd ( 0): type=1400 audit(0.0:14375): avc: denied { kill } for comm="swapper/0" capability=5 scontext=u:r:kernel:s0 tcontext=u:r:kernel:s0 tclass=capability permissive=0
12-28 05:17:11.107 I/netstats_mobile_sample( 1508): [0,0,0,0,0,0,0,0,0,0,0,0,1672175831107]
12-28 05:17:11.108 I/netstats_wifi_sample( 1508): [6449741944,4843464,66378778,930683,6449741944,4843464,66378778,930683,6454300324,4891521,56361876,906686,1672175831107]
12-28 05:17:11.548 I/am_uid_running( 1508): 10097
12-28 05:17:11.573 I/am_proc_start( 1508): [0,4066,10097,com.tencent.mm:push,service,{com.tencent.mm/com.tencent.mm.booter.CoreService}]
12-28 05:17:11.610 I/am_proc_bound( 1508): [0,4066,com.tencent.mm:push]
12-28 05:17:12.631 I/auditd ( 0): type=1400 audit(0.0:14376): avc: denied { kill } for comm="swapper/0" capability=5 scontext=u:r:kernel:s0 tcontext=u:r:kernel:s0 tclass=capability permissive=0
12-28 05:17:13.171 I/auditd ( 4066): type=1400 audit(0.0:14377): avc: denied { read } for comm="tencent.mm:push" name="anr" dev="dm-10" ino=34 scontext=u:r:untrusted_app_29:s0:c97,c256,c512,c768 tcontext=u:object_r:anr_data_file:s0 tclass=dir permissive=0 app=com.tencent.mm
12-28 05:17:13.424 I/wm_task_created( 1508): [40,-1]
12-28 05:17:13.425 I/wm_task_moved( 1508): [40,1,6]
12-28 05:17:13.426 I/wm_task_to_front( 1508): [0,40]
12-28 05:17:13.426 I/wm_create_task( 1508): [0,40]
12-28 05:17:13.426 I/wm_create_activity( 1508): [0,159006092,40,com.tencent.tmgp.sgame/.SGameActivity,android.intent.action.MAIN,NULL,NULL,270532608]
12-28 05:17:13.426 I/wm_task_moved( 1508): [40,1,6]
12-28 05:17:13.427 I/wm_pause_activity( 1508): [0,186653412,com.android.launcher3/.uioverrides.QuickstepLauncher,userLeaving=true,pauseBackTasks]
12-28 05:17:13.429 I/wm_on_top_resumed_lost_called( 2857): [186653412,com.android.launcher3.uioverrides.QuickstepLauncher,topStateChangedWhenResumed]
12-28 05:17:13.430 I/am_uid_running( 1508): 10098
12-28 05:17:13.430 I/wm_on_paused_called( 2857): [186653412,com.android.launcher3.uioverrides.QuickstepLauncher,performPause]
12-28 05:17:13.432 I/wm_add_to_stopping( 1508): [0,186653412,com.android.launcher3/.uioverrides.QuickstepLauncher,makeInvisible]
12-28 05:17:13.433 I/sysui_multi_action( 1508): [757,803,799,window_time_0,802,3]
12-28 05:17:13.438 I/am_proc_start( 1508): [0,4168,10098,com.tencent.tmgp.sgame,pre-top-activity,{com.tencent.tmgp.sgame/com.tencent.tmgp.sgame.SGameActivity}]
12-28 05:17:13.449 I/am_proc_bound( 1508): [0,4168,com.tencent.tmgp.sgame]
12-28 05:17:13.451 I/wm_restart_activity( 1508): [0,159006092,40,com.tencent.tmgp.sgame/.SGameActivity]
12-28 05:17:13.452 I/wm_set_resumed_activity( 1508): [0,com.tencent.tmgp.sgame/.SGameActivity,minimalResumeActivityLocked]
12-28 05:17:13.452 I/input_focus( 1508): [Focus leaving 2711ce0 com.android.launcher3/com.android.launcher3.uioverrides.QuickstepLauncher (server),reason=NO_WINDOW]
12-28 05:17:13.452 I/am_uid_active( 1508): 10098
12-28 05:17:13.484 I/am_proc_start( 1508): [0,4205,10098,com.tencent.tmgp.sgame:xg_vip_service,service,{com.tencent.tmgp.sgame/com.tencent.android.tpush.service.XGVipPushService}]
12-28 05:17:13.501 I/am_proc_bound( 1508): [0,4205,com.tencent.tmgp.sgame:xg_vip_service]
12-28 05:17:13.662 I/commit_sys_config_file( 1508): [settings-1-0,2]
12-28 05:17:13.708 I/am_proc_start( 1508): [0,4335,10097,com.tencent.mm,broadcast,{com.tencent.mm/com.tencent.mm.plugin.base.stub.WXEntryActivity$EntryReceiver}]
12-28 05:17:13.726 I/am_proc_bound( 1508): [0,4335,com.tencent.mm]
12-28 05:17:13.800 I/wm_on_create_called( 4168): [159006092,com.tencent.tmgp.sgame.SGameActivity,performCreate]
12-28 05:17:13.801 I/wm_on_start_called( 4168): [159006092,com.tencent.tmgp.sgame.SGameActivity,handleStartActivity]
12-28 05:17:13.804 I/wm_on_resume_called( 4168): [159006092,com.tencent.tmgp.sgame.SGameActivity,RESUME_ACTIVITY]
12-28 05:17:13.806 I/wm_on_top_resumed_gained_called( 4168): [159006092,com.tencent.tmgp.sgame.SGameActivity,topStateChangedWhenResumed]
12-28 05:17:13.812 I/input_focus( 1508): [Focus request 31b216b com.tencent.tmgp.sgame/com.tencent.tmgp.sgame.SGameActivity,reason=UpdateInputWindows]
12-28 05:17:13.861 I/sysui_multi_action( 1508): [319,18,321,16,322,436,325,13147,757,761,758,7,759,1,806,com.tencent.tmgp.sgame,871,com.tencent.tmgp.sgame.SGameActivity,904,com.android.launcher3,905,0,945,27,1320,4,1321,4]
12-28 05:17:13.870 I/wm_activity_launch_time( 1508): [0,159006092,com.tencent.tmgp.sgame/.SGameActivity,436]
12-28 05:17:13.870 I/input_focus( 1508): [Focus entering 31b216b com.tencent.tmgp.sgame/com.tencent.tmgp.sgame.SGameActivity (server),reason=Window became focusable. Previous reason: NOT_VISIBLE]
12-28 05:17:13.971 I/wm_stop_activity( 1508): [0,186653412,com.android.launcher3/.uioverrides.QuickstepLauncher]
12-28 05:17:13.971 I/auditd ( 4168): type=1400 audit(0.0:14378): avc: granted { execute } for comm="tbs_preinit" path="/data/user/0/com.tencent.tmgp.sgame/app_tbs_64/core_share/libwebp_base.so" dev="dm-10" ino=18339 scontext=u:r:untrusted_app_29:s0:c98,c256,c512,c768 tcontext=u:object_r:app_data_file:s0:c98,c256,c512,c768 tclass=file app=com.tencent.tmgp.sgame
12-28 05:17:13.988 I/wm_on_stop_called( 2857): [186653412,com.android.launcher3.uioverrides.QuickstepLauncher,STOP_ACTIVITY_ITEM]
12-28 05:17:13.987 I/auditd ( 4168): type=1400 audit(0.0:14379): avc: granted { execute } for comm="logging-thread" path="/data/user/0/com.tencent.tmgp.sgame/app_tbs_64/core_share/libx5log.so" dev="dm-10" ino=18341 scontext=u:r:untrusted_app_29:s0:c98,c256,c512,c768 tcontext=u:object_r:app_data_file:s0:c98,c256,c512,c768 tclass=file app=com.tencent.tmgp.sgame
12-28 05:17:14.007 I/auditd ( 4168): type=1400 audit(0.0:14380): avc: granted { execute } for comm="TP-IoBound-3" path="/data/user/0/com.tencent.tmgp.sgame/app_tbs_64/core_share/libqb_keystore.so" dev="dm-10" ino=18331 scontext=u:r:untrusted_app_29:s0:c98,c256,c512,c768 tcontext=u:object_r:app_data_file:s0:c98,c256,c512,c768 tclass=file app=com.tencent.tmgp.sgame
12-28 05:17:14.019 I/auditd ( 4168): type=1400 audit(0.0:14381): avc: granted { execute } for comm="tbs_preinit" path="/data/user/0/com.tencent.tmgp.sgame/app_tbs_64/core_share/libmttwebview.so" dev="dm-10" ino=18259 scontext=u:r:untrusted_app_29:s0:c98,c256,c512,c768 tcontext=u:object_r:app_data_file:s0:c98,c256,c512,c768 tclass=file app=com.tencent.tmgp.sgame
12-28 05:17:14.035 I/auditd ( 4528): type=1400 audit(0.0:14382): avc: granted { execute } for comm="X5MemoryMonitor" name="libcmdsh.so" dev="dm-10" ino=18256 scontext=u:r:untrusted_app_29:s0:c98,c256,c512,c768 tcontext=u:object_r:app_data_file:s0:c98,c256,c512,c768 tclass=file app=com.tencent.tmgp.sgame
12-28 05:17:14.035 I/auditd ( 4528): type=1400 audit(0.0:14383): avc: denied { execute_no_trans } for comm="X5MemoryMonitor" path="/data/user/0/com.tencent.tmgp.sgame/app_tbs_64/core_share/libcmdsh.so" dev="dm-10" ino=18256 scontext=u:r:untrusted_app_29:s0:c98,c256,c512,c768 tcontext=u:object_r:app_data_file:s0:c98,c256,c512,c768 tclass=file permissive=0 app=com.tencent.tmgp.sgame
12-28 05:17:14.043 I/auditd ( 4168): type=1400 audit(0.0:14384): avc: granted { execute } for comm="beacon-thread-1" path="/data/user/0/com.tencent.tmgp.sgame/app_tbs_64/core_share/libtbsbeaconid.so" dev="dm-10" ino=18334 scontext=u:r:untrusted_app_29:s0:c98,c256,c512,c768 tcontext=u:object_r:app_data_file:s0:c98,c256,c512,c768 tclass=file app=com.tencent.tmgp.sgame
12-28 05:17:14.385 I/netstats_mobile_sample( 1508): [0,0,0,0,0,0,0,0,0,0,0,0,1672175834385]
12-28 05:17:14.385 I/netstats_wifi_sample( 1508): [6449814057,4843622,66415172,930856,6449814057,4843622,66415172,930856,6454372437,4891679,56392732,906847,1672175834385]
12-28 05:17:15.347 I/am_wtf ( 1508): [0,4335,com.tencent.mm,949501508,FirebaseApp,Remote stack trace:
12-28 05:17:15.347 I/am_wtf ( 1508): at com.android.server.content.ContentService.registerContentObserver(ContentService.java:357)
12-28 05:17:15.347 I/am_wtf ( 1508): at android.content.IContentService$Stub.onTransact(IContentService.java:484)
12-28 05:17:15.347 I/am_wtf ( 1508): at android.os.Binder.execTransactInternal(Binder.java:1179)
12-28 05:17:15.347 I/am_wtf ( 1508): at android.os.Binder.execTransact(Binder.java:1143)
12-28 05:17:15.347 I/am_wtf ( 1508): ]
12-28 05:17:15.631 I/auditd ( 0): type=1400 audit(0.0:14402): avc: denied { kill } for comm="swapper/4" capability=5 scontext=u:r:kernel:s0 tcontext=u:r:kernel:s0 tclass=capability permissive=0
12-28 05:17:15.971 I/auditd ( 4335): type=1400 audit(0.0:14403): avc: denied { read } for comm="parallels-1" name="u:object_r:qemu_hw_prop:s0" dev="tmpfs" ino=3313 scontext=u:r:untrusted_app_29:s0:c97,c256,c512,c768 tcontext=u:object_r:qemu_hw_prop:s0 tclass=file permissive=0 app=com.tencent.mm
12-28 05:17:16.631 I/auditd ( 0): type=1400 audit(0.0:14404): avc: denied { kill } for comm="swapper/4" capability=5 scontext=u:r:kernel:s0 tcontext=u:r:kernel:s0 tclass=capability permissive=0
12-28 05:17:16.711 I/auditd ( 4066): type=1400 audit(0.0:14405): avc: denied { read } for comm="mars::4633" name="route" dev="proc" ino=4026532257 scontext=u:r:untrusted_app_29:s0:c97,c256,c512,c768 tcontext=u:object_r:proc_net:s0 tclass=file permissive=0 app=com.tencent.mm
12-28 05:17:16.711 I/auditd ( 4066): type=1400 audit(0.0:14406): avc: granted { nlmsg_readpriv } for comm="mars::4633" scontext=u:r:untrusted_app_29:s0:c97,c256,c512,c768 tcontext=u:r:untrusted_app_29:s0:c97,c256,c512,c768 tclass=netlink_route_socket app=com.tencent.mm
12-28 05:17:16.711 I/auditd ( 4066): type=1400 audit(0.0:14407): avc: granted { nlmsg_readpriv } for comm="mars::4633" scontext=u:r:untrusted_app_29:s0:c97,c256,c512,c768 tcontext=u:r:untrusted_app_29:s0:c97,c256,c512,c768 tclass=netlink_route_socket app=com.tencent.mm
12-28 05:17:16.743 I/auditd ( 4774): type=1400 audit(0.0:14408): avc: granted { bind } for comm="ip" scontext=u:r:untrusted_app_29:s0:c97,c256,c512,c768 tcontext=u:r:untrusted_app_29:s0:c97,c256,c512,c768 tclass=netlink_route_socket app=com.tencent.mm
12-28 05:17:17.351 I/commit_sys_config_file( 1508): [notification-policy,13128269]
12-28 05:17:17.631 I/auditd ( 0): type=1400 audit(0.0:14409): avc: denied { kill } for comm="swapper/4" capability=5 scontext=u:r:kernel:s0 tcontext=u:r:kernel:s0 tclass=capability permissive=0
12-28 05:17:18.131 I/auditd ( 4335): type=1400 audit(0.0:14410): avc: granted { execute } for comm="parallels-5" path="/data/user/0/com.tencent.mm/tinker/patch-8b9b3bb1/lib/lib/arm64-v8a/libxlabeffect.so" dev="dm-10" ino=12694 scontext=u:r:untrusted_app_29:s0:c97,c256,c512,c768 tcontext=u:object_r:app_data_file:s0:c97,c256,c512,c768 tclass=file app=com.tencent.mm
12-28 05:17:18.131 I/auditd ( 4335): type=1400 audit(0.0:14411): avc: granted { execute } for comm="parallels-5" path="/data/user/0/com.tencent.mm/tinker/patch-8b9b3bb1/lib/lib/arm64-v8a/libWeVision.so" dev="dm-10" ino=12691 scontext=u:r:untrusted_app_29:s0:c97,c256,c512,c768 tcontext=u:object_r:app_data_file:s0:c97,c256,c512,c768 tclass=file app=com.tencent.mm
12-28 05:17:18.131 I/auditd ( 4335): type=1400 audit(0.0:14412): avc: granted { execute } for comm="parallels-5" path="/data/user/0/com.tencent.mm/tinker/patch-8b9b3bb1/lib/lib/arm64-v8a/libWeEffect.so" dev="dm-10" ino=12692 scontext=u:r:untrusted_app_29:s0:c97,c256,c512,c768 tcontext=u:object_r:app_data_file:s0:c97,c256,c512,c768 tclass=file app=com.tencent.mm
12-28 05:17:18.431 I/auditd ( 4335): type=1400 audit(0.0:14413): avc: granted { execute } for comm="flutter-worker-" path="/data/user/0/com.tencent.mm/tinker/patch-8b9b3bb1/lib/lib/arm64-v8a/libflutter.so" dev="dm-10" ino=12488 scontext=u:r:untrusted_app_29:s0:c97,c256,c512,c768 tcontext=u:object_r:app_data_file:s0:c97,c256,c512,c768 tclass=file app=com.tencent.mm
12-28 05:17:18.435 I/auditd ( 4335): type=1400 audit(0.0:14414): avc: granted { execute } for comm="parallels-5" path="/data/user/0/com.tencent.mm/tinker/patch-8b9b3bb1/lib/lib/arm64-v8a/libxeffect_xlog.so" dev="dm-10" ino=12926 scontext=u:r:untrusted_app_29:s0:c97,c256,c512,c768 tcontext=u:object_r:app_data_file:s0:c97,c256,c512,c768 tclass=file app=com.tencent.mm
12-28 05:17:18.631 I/auditd ( 0): type=1400 audit(0.0:14415): avc: denied { kill } for comm="swapper/4" capability=5 scontext=u:r:kernel:s0 tcontext=u:r:kernel:s0 tclass=capability permissive=0
12-28 05:17:19.547 I/auditd ( 4335): type=1400 audit(0.0:14416): avc: denied { read } for comm="mars::4733" name="u:object_r:serialno_prop:s0" dev="tmpfs" ino=3325 scontext=u:r:untrusted_app_29:s0:c97,c256,c512,c768 tcontext=u:object_r:serialno_prop:s0 tclass=file permissive=0 app=com.tencent.mm
12-28 05:17:19.547 I/auditd ( 4335): type=1400 audit(0.0:14417): avc: denied { read } for comm="mars::4733" name="u:object_r:serialno_prop:s0" dev="tmpfs" ino=3325 scontext=u:r:untrusted_app_29:s0:c97,c256,c512,c768 tcontext=u:object_r:serialno_prop:s0 tclass=file permissive=0 app=com.tencent.mm
12-28 05:17:19.587 I/auditd ( 4335): type=1400 audit(0.0:14418): avc: denied { read } for comm="mars::4733" name="u:object_r:serialno_prop:s0" dev="tmpfs" ino=3325 scontext=u:r:untrusted_app_29:s0:c97,c256,c512,c768 tcontext=u:object_r:serialno_prop:s0 tclass=file permissive=0 app=com.tencent.mm
12-28 05:17:19.631 I/auditd ( 4335): type=1400 audit(0.0:14419): avc: denied { read } for comm="mars::4733" name="u:object_r:serialno_prop:s0" dev="tmpfs" ino=3325 scontext=u:r:untrusted_app_29:s0:c97,c256,c512,c768 tcontext=u:object_r:serialno_prop:s0 tclass=file permissive=0 app=com.tencent.mm
12-28 05:17:19.631 I/auditd ( 4335): type=1400 audit(0.0:14420): avc: denied { read } for comm="mars::4733" name="u:object_r:serialno_prop:s0" dev="tmpfs" ino=3325 scontext=u:r:untrusted_app_29:s0:c97,c256,c512,c768 tcontext=u:object_r:serialno_prop:s0 tclass=file permissive=0 app=com.tencent.mm
12-28 05:17:19.631 I/auditd ( 0): type=1400 audit(0.0:14421): avc: denied { kill } for comm="swapper/4" capability=5 scontext=u:r:kernel:s0 tcontext=u:r:kernel:s0 tclass=capability permissive=0
12-28 05:17:20.214 I/sysui_multi_action( 1508): [757,1717,758,1,759,0]
12-28 05:17:20.214 I/sysui_multi_action( 1508): [757,1717,758,2,759,0]
12-28 05:17:20.214 I/sysui_multi_action( 1508): [757,1717,758,3,759,0]
12-28 05:17:20.631 I/auditd ( 0): type=1400 audit(0.0:14423): avc: denied { kill } for comm="swapper/4" capability=5 scontext=u:r:kernel:s0 tcontext=u:r:kernel:s0 tclass=capability permissive=0
12-28 05:17:20.657 I/netstats_mobile_sample( 1508): [0,0,0,0,0,0,0,0,0,0,0,0,1672175840657]
12-28 05:17:20.658 I/netstats_wifi_sample( 1508): [6449874740,4843770,66452054,931009,6449874740,4843770,66452054,931009,6454442818,4891888,56417914,906972,1672175840657]
12-28 05:17:20.775 I/auditd ( 4066): type=1400 audit(0.0:14424): avc: denied { read } for comm="mars::4589" name="route" dev="proc" ino=4026532257 scontext=u:r:untrusted_app_29:s0:c97,c256,c512,c768 tcontext=u:object_r:proc_net:s0 tclass=file permissive=0 app=com.tencent.mm
12-28 05:17:20.775 I/auditd ( 4066): type=1400 audit(0.0:14425): avc: granted { nlmsg_readpriv } for comm="mars::4589" scontext=u:r:untrusted_app_29:s0:c97,c256,c512,c768 tcontext=u:r:untrusted_app_29:s0:c97,c256,c512,c768 tclass=netlink_route_socket app=com.tencent.mm
12-28 05:17:20.775 I/auditd ( 4066): type=1400 audit(0.0:14426): avc: granted { nlmsg_readpriv } for comm="mars::4589" scontext=u:r:untrusted_app_29:s0:c97,c256,c512,c768 tcontext=u:r:untrusted_app_29:s0:c97,c256,c512,c768 tclass=netlink_route_socket app=com.tencent.mm
12-28 05:17:20.835 I/auditd ( 4980): type=1400 audit(0.0:14427): avc: granted { bind } for comm="ip" scontext=u:r:untrusted_app_29:s0:c97,c256,c512,c768 tcontext=u:r:untrusted_app_29:s0:c97,c256,c512,c768 tclass=netlink_route_socket app=com.tencent.mm
12-28 05:17:21.237 I/input_focus( 1508): [Focus request 62ea4e0 com.tencent.tmgp.sgame/com.tencent.tmgp.sgame.SGameActivity,reason=UpdateInputWindows]
12-28 05:17:21.238 I/input_focus( 1508): [Focus leaving 31b216b com.tencent.tmgp.sgame/com.tencent.tmgp.sgame.SGameActivity (server),reason=NOT_VISIBLE]
12-28 05:17:21.254 I/input_focus( 1508): [Focus entering 62ea4e0 com.tencent.tmgp.sgame/com.tencent.tmgp.sgame.SGameActivity (server),reason=setFocusedWindow]
12-28 05:17:21.667 I/auditd ( 4168): type=1400 audit(0.0:14437): avc: denied { read } for comm="TuringFdTMFShar" name="version" dev="proc" ino=4026532247 scontext=u:r:untrusted_app_29:s0:c98,c256,c512,c768 tcontext=u:object_r:proc_version:s0 tclass=file permissive=0 app=com.tencent.tmgp.sgame
12-28 05:17:21.787 I/auditd ( 5047): type=1400 audit(0.0:14438): avc: granted { bind } for comm="ip" scontext=u:r:untrusted_app_29:s0:c97,c256,c512,c768 tcontext=u:r:untrusted_app_29:s0:c97,c256,c512,c768 tclass=netlink_route_socket
12-28 05:17:21.791 I/auditd ( 4335): type=1400 audit(0.0:14439): avc: denied { read } for comm="Binder:4335_4" name="route" dev="proc" ino=4026532257 scontext=u:r:untrusted_app_29:s0:c97,c256,c512,c768 tcontext=u:object_r:proc_net:s0 tclass=file permissive=0 app=com.tencent.mm
12-28 05:17:21.843 I/auditd ( 4335): type=1400 audit(0.0:14440): avc: denied { read } for comm="Binder:4335_4" name="version" dev="proc" ino=4026532247 scontext=u:r:untrusted_app_29:s0:c97,c256,c512,c768 tcontext=u:object_r:proc_version:s0 tclass=file permissive=0 app=com.tencent.mm
12-28 05:17:22.095 I/auditd ( 4066): type=1400 audit(0.0:14441): avc: denied { getattr } for comm="[GT]ColdPool#14" path="/proc/4066/net/dev" dev="proc" ino=4026532156 scontext=u:r:untrusted_app_29:s0:c97,c256,c512,c768 tcontext=u:object_r:proc_net:s0 tclass=file permissive=0 app=com.tencent.mm
12-28 05:17:22.923 I/auditd ( 4066): type=1400 audit(0.0:14443): avc: denied { read } for comm="mars::4984" name="route" dev="proc" ino=4026532257 scontext=u:r:untrusted_app_29:s0:c97,c256,c512,c768 tcontext=u:object_r:proc_net:s0 tclass=file permissive=0 app=com.tencent.mm
12-28 05:17:22.923 I/auditd ( 4066): type=1400 audit(0.0:14444): avc: granted { nlmsg_readpriv } for comm="mars::4984" scontext=u:r:untrusted_app_29:s0:c97,c256,c512,c768 tcontext=u:r:untrusted_app_29:s0:c97,c256,c512,c768 tclass=netlink_route_socket app=com.tencent.mm
12-28 05:17:22.923 I/auditd ( 4066): type=1400 audit(0.0:14445): avc: granted { nlmsg_readpriv } for comm="mars::4984" scontext=u:r:untrusted_app_29:s0:c97,c256,c512,c768 tcontext=u:r:untrusted_app_29:s0:c97,c256,c512,c768 tclass=netlink_route_socket app=com.tencent.mm
12-28 05:17:22.943 I/auditd ( 5087): type=1400 audit(0.0:14446): avc: granted { bind } for comm="ip" scontext=u:r:untrusted_app_29:s0:c97,c256,c512,c768 tcontext=u:r:untrusted_app_29:s0:c97,c256,c512,c768 tclass=netlink_route_socket app=com.tencent.mm
12-28 05:17:23.031 I/auditd ( 500): avc: denied { find } for pid=4335 uid=10097 name=authentication_service scontext=u:r:untrusted_app_29:s0:c97,c256,c512,c768 tcontext=u:object_r:default_android_service:s0 tclass=service_manager permissive=0
12-28 05:17:23.531 I/auditd ( 4335): type=1400 audit(0.0:14447): avc: denied { getattr } for comm="Binder:4335_3" path="/proc/4335/net/dev" dev="proc" ino=4026532156 scontext=u:r:untrusted_app_29:s0:c97,c256,c512,c768 tcontext=u:object_r:proc_net:s0 tclass=file permissive=0 app=com.tencent.mm
12-28 05:17:23.812 I/am_pss ( 1508): [4168,10098,com.tencent.tmgp.sgame,575394816,541270016,59392,722788352,0,2,32]
12-28 05:17:24.631 I/auditd ( 0): type=1400 audit(0.0:14448): avc: denied { kill } for comm="swapper/4" capability=5 scontext=u:r:kernel:s0 tcontext=u:r:kernel:s0 tclass=capability permissive=0
12-28 05:17:24.855 I/auditd ( 4066): type=1400 audit(0.0:14449): avc: denied { read } for comm="mars::4589" name="route" dev="proc" ino=4026532257 scontext=u:r:untrusted_app_29:s0:c97,c256,c512,c768 tcontext=u:object_r:proc_net:s0 tclass=file permissive=0 app=com.tencent.mm
12-28 05:17:24.855 I/auditd ( 4066): type=1400 audit(0.0:14450): avc: granted { nlmsg_readpriv } for comm="mars::4589" scontext=u:r:untrusted_app_29:s0:c97,c256,c512,c768 tcontext=u:r:untrusted_app_29:s0:c97,c256,c512,c768 tclass=netlink_route_socket app=com.tencent.mm
12-28 05:17:24.855 I/auditd ( 4066): type=1400 audit(0.0:14451): avc: granted { nlmsg_readpriv } for comm="mars::4589" scontext=u:r:untrusted_app_29:s0:c97,c256,c512,c768 tcontext=u:r:untrusted_app_29:s0:c97,c256,c512,c768 tclass=netlink_route_socket app=com.tencent.mm
12-28 05:17:24.883 I/auditd ( 5163): type=1400 audit(0.0:14452): avc: granted { bind } for comm="ip" scontext=u:r:untrusted_app_29:s0:c97,c256,c512,c768 tcontext=u:r:untrusted_app_29:s0:c97,c256,c512,c768 tclass=netlink_route_socket app=com.tencent.mm
12-28 05:17:26.255 I/auditd ( 4168): type=1400 audit(0.0:14458): avc: denied { read } for comm="Thread-95" name="cache" dev="dm-5" ino=16 scontext=u:r:untrusted_app_29:s0:c98,c256,c512,c768 tcontext=u:object_r:cache_file:s0 tclass=lnk_file permissive=0 app=com.tencent.tmgp.sgame
12-28 05:17:26.255 I/auditd ( 4168): type=1400 audit(0.0:14459): avc: denied { read } for comm="Thread-95" name="cache" dev="dm-5" ino=16 scontext=u:r:untrusted_app_29:s0:c98,c256,c512,c768 tcontext=u:object_r:cache_file:s0 tclass=lnk_file permissive=0 app=com.tencent.tmgp.sgame
12-28 05:17:26.631 I/auditd ( 0): type=1400 audit(0.0:14460): avc: denied { kill } for comm="swapper/4" capability=5 scontext=u:r:kernel:s0 tcontext=u:r:kernel:s0 tclass=capability permissive=0
12-28 05:17:27.631 I/auditd ( 0): type=1400 audit(0.0:14461): avc: denied { kill } for comm="swapper/4" capability=5 scontext=u:r:kernel:s0 tcontext=u:r:kernel:s0 tclass=capability permissive=0
12-28 05:17:28.631 I/auditd ( 0): type=1400 audit(0.0:14462): avc: denied { kill } for comm="swapper/4" capability=5 scontext=u:r:kernel:s0 tcontext=u:r:kernel:s0 tclass=capability permissive=0
12-28 05:17:29.631 I/auditd ( 0): type=1400 audit(0.0:14463): avc: denied { kill } for comm="swapper/4" capability=5 scontext=u:r:kernel:s0 tcontext=u:r:kernel:s0 tclass=capability permissive=0
12-28 05:17:30.631 I/auditd ( 0): type=1400 audit(0.0:14464): avc: denied { kill } for comm="swapper/4" capability=5 scontext=u:r:kernel:s0 tcontext=u:r:kernel:s0 tclass=capability permissive=0
12-28 05:17:31.556 I/am_proc_start( 1508): [0,5317,1000,com.qti.diagservices,service,{com.qti.diagservices/com.qti.diagservices.QTIDiagServices}]
12-28 05:17:31.565 I/am_proc_bound( 1508): [0,5317,com.qti.diagservices]
12-28 05:17:31.583 I/auditd ( 5317): type=1400 audit(0.0:14465): avc: denied { read write } for comm="ti.diagservices" name="diag" dev="tmpfs" ino=2334 scontext=u:r:system_app:s0 tcontext=u:object_r:vendor_diag_device:s0 tclass=chr_file permissive=0
12-28 05:17:31.631 I/auditd ( 0): type=1400 audit(0.0:14466): avc: denied { kill } for comm="swapper/4" capability=5 scontext=u:r:kernel:s0 tcontext=u:r:kernel:s0 tclass=capability permissive=0
12-28 05:17:32.631 I/auditd ( 0): type=1400 audit(0.0:14467): avc: denied { kill } for comm="swapper/4" capability=5 scontext=u:r:kernel:s0 tcontext=u:r:kernel:s0 tclass=capability permissive=0
12-28 05:17:32.649 I/sqlite_mem_released( 2379): 0
12-28 05:17:32.649 I/force_gc( 2379): mem
12-28 05:17:34.363 I/am_pss ( 1508): [4066,10097,com.tencent.mm:push,133037056,50946048,62464,310489088,0,10,22]
12-28 05:17:34.631 I/auditd ( 0): type=1400 audit(0.0:14468): avc: denied { kill } for comm="swapper/2" capability=5 scontext=u:r:kernel:s0 tcontext=u:r:kernel:s0 tclass=capability permissive=0
12-28 05:17:35.631 I/auditd ( 0): type=1400 audit(0.0:14469): avc: denied { kill } for comm="swapper/2" capability=5 scontext=u:r:kernel:s0 tcontext=u:r:kernel:s0 tclass=capability permissive=0
12-28 05:17:36.631 I/auditd ( 0): type=1400 audit(0.0:14470): avc: denied { kill } for comm="swapper/2" capability=5 scontext=u:r:kernel:s0 tcontext=u:r:kernel:s0 tclass=capability permissive=0
12-28 05:17:37.631 I/auditd ( 0): type=1400 audit(0.0:14471): avc: denied { kill } for comm="swapper/2" capability=5 scontext=u:r:kernel:s0 tcontext=u:r:kernel:s0 tclass=capability permissive=0
12-28 05:17:38.631 I/auditd ( 0): type=1400 audit(0.0:14472): avc: denied { kill } for comm="swapper/2" capability=5 scontext=u:r:kernel:s0 tcontext=u:r:kernel:s0 tclass=capability permissive=0
12-28 05:17:39.348 I/sqlite_mem_released( 2505): 0
12-28 05:17:39.348 I/force_gc( 2505): mem
12-28 05:17:40.604 I/input_interaction( 1508): Interaction with: 399da8 gamemode.floatview (server), edge-swipe (server), swipe-up (server), PointerEventDispatcher0 (server),
12-28 05:17:40.631 I/auditd ( 3990): type=1400 audit(0.0:14473): avc: denied { kill } for comm="kworker/u17:5" capability=5 scontext=u:r:kernel:s0 tcontext=u:r:kernel:s0 tclass=capability permissive=0
12-28 05:17:40.711 I/service_manager_stats( 1508): [100,64,130898]
12-28 05:17:41.631 I/auditd ( 0): type=1400 audit(0.0:14474): avc: denied { kill } for comm="swapper/2" capability=5 scontext=u:r:kernel:s0 tcontext=u:r:kernel:s0 tclass=capability permissive=0
12-28 05:17:42.631 I/auditd ( 0): type=1400 audit(0.0:14475): avc: denied { kill } for comm="swapper/2" capability=5 scontext=u:r:kernel:s0 tcontext=u:r:kernel:s0 tclass=capability permissive=0
12-28 05:17:43.631 I/auditd ( 0): type=1400 audit(0.0:14476): avc: denied { kill } for comm="swapper/2" capability=5 scontext=u:r:kernel:s0 tcontext=u:r:kernel:s0 tclass=capability permissive=0
12-28 05:17:44.631 I/auditd ( 0): type=1400 audit(0.0:14477): avc: denied { kill } for comm="swapper/2" capability=5 scontext=u:r:kernel:s0 tcontext=u:r:kernel:s0 tclass=capability permissive=0
12-28 05:17:45.631 I/auditd ( 0): type=1400 audit(0.0:14478): avc: denied { kill } for comm="swapper/2" capability=5 scontext=u:r:kernel:s0 tcontext=u:r:kernel:s0 tclass=capability permissive=0
12-28 05:17:45.835 I/force_gc( 2575): mem
12-28 05:17:46.500 I/netstats_mobile_sample( 1508): [0,0,0,0,0,0,0,0,0,0,0,0,1672175866500]
12-28 05:17:46.500 I/netstats_wifi_sample( 1508): [6450160364,4844398,66608356,931641,6450160364,4844398,66608356,931641,6454760097,4892719,56527728,907494,1672175866500]
12-28 05:17:47.631 I/auditd ( 0): type=1400 audit(0.0:14479): avc: denied { kill } for comm="swapper/1" capability=5 scontext=u:r:kernel:s0 tcontext=u:r:kernel:s0 tclass=capability permissive=0
12-28 05:17:49.631 I/auditd ( 0): type=1400 audit(0.0:14480): avc: denied { kill } for comm="swapper/2" capability=5 scontext=u:r:kernel:s0 tcontext=u:r:kernel:s0 tclass=capability permissive=0
12-28 05:17:50.631 I/auditd ( 0): type=1400 audit(0.0:14481): avc: denied { kill } for comm="swapper/2" capability=5 scontext=u:r:kernel:s0 tcontext=u:r:kernel:s0 tclass=capability permissive=0
12-28 05:17:51.505 I/force_gc( 2594): mem
12-28 05:17:51.631 I/auditd ( 0): type=1400 audit(0.0:14482): avc: denied { kill } for comm="swapper/2" capability=5 scontext=u:r:kernel:s0 tcontext=u:r:kernel:s0 tclass=capability permissive=0
12-28 05:17:54.631 I/auditd ( 0): type=1400 audit(0.0:14483): avc: denied { kill } for comm="swapper/2" capability=5 scontext=u:r:kernel:s0 tcontext=u:r:kernel:s0 tclass=capability permissive=0
12-28 05:17:54.945 I/am_pss ( 1508): [4335,10097,com.tencent.mm,261204992,175194112,54272,450031616,0,10,26]
12-28 05:17:54.963 I/am_pss ( 1508): [4066,10097,com.tencent.mm:push,127210496,44875776,62464,304934912,0,10,16]
12-28 05:17:55.631 I/auditd ( 0): type=1400 audit(0.0:14484): avc: denied { kill } for comm="swapper/2" capability=5 scontext=u:r:kernel:s0 tcontext=u:r:kernel:s0 tclass=capability permissive=0
12-28 05:17:56.631 I/auditd ( 0): type=1400 audit(0.0:14485): avc: denied { kill } for comm="swapper/2" capability=5 scontext=u:r:kernel:s0 tcontext=u:r:kernel:s0 tclass=capability permissive=0
12-28 05:17:57.631 I/auditd ( 288): type=1400 audit(0.0:14486): avc: denied { kill } for comm="kgsl_worker_thr" capability=5 scontext=u:r:kernel:s0 tcontext=u:r:kernel:s0 tclass=capability permissive=0
12-28 05:17:58.214 I/input_interaction( 1508): Interaction with: 2374953 gamemode.menuview (server), edge-swipe (server), swipe-up (server), PointerEventDispatcher0 (server),
12-28 05:17:58.356 I/am_kill ( 1508): [0,4066,com.tencent.mm:push,500,kill background]
12-28 05:17:58.360 I/am_schedule_service_restart( 1508): [0,com.tencent.mm/.ipcinvoker.wx_extension.service.PushProcessIPCService,1000]
12-28 05:17:58.360 I/am_schedule_service_restart( 1508): [0,com.tencent.mm/.booter.CoreService,43996]
12-28 05:17:58.360 I/am_schedule_service_restart( 1508): [0,com.tencent.mm/com.tencent.matrix.lifecycle.supervisor.SupervisorService,83996]
12-28 05:17:58.361 I/am_uid_stopped( 1508): 10097
12-28 05:17:58.361 I/am_kill ( 1508): [0,4335,com.tencent.mm,0,kill background]
12-28 05:17:58.366 I/am_kill ( 1508): [0,5317,com.qti.diagservices,500,kill background]
12-28 05:17:58.367 I/am_schedule_service_restart( 1508): [0,com.qti.diagservices/.QTIDiagServices,123964]
12-28 05:17:58.420 I/am_pss ( 1508): [4168,10098,com.tencent.tmgp.sgame,795597824,761991168,56320,943132672,0,2,44]
12-28 05:17:58.426 I/am_pss ( 1508): [4205,10098,com.tencent.tmgp.sgame:xg_vip_service,15470592,7528448,62464,110002176,0,3,6]
12-28 05:17:58.431 I/am_low_memory( 1508): 34
12-28 05:17:58.631 I/auditd ( 0): type=1400 audit(0.0:14487): avc: denied { kill } for comm="swapper/2" capability=5 scontext=u:r:kernel:s0 tcontext=u:r:kernel:s0 tclass=capability permissive=0
12-28 05:17:59.631 I/auditd ( 0): type=1400 audit(0.0:14488): avc: denied { kill } for comm="swapper/2" capability=5 scontext=u:r:kernel:s0 tcontext=u:r:kernel:s0 tclass=capability permissive=0
12-28 05:18:00.631 I/auditd ( 0): type=1400 audit(0.0:14489): avc: denied { kill } for comm="swapper/2" capability=5 scontext=u:r:kernel:s0 tcontext=u:r:kernel:s0 tclass=capability permissive=0
12-28 05:18:00.688 I/netstats_mobile_sample( 1508): [0,0,0,0,0,0,0,0,0,0,0,0,1672175880688]
12-28 05:18:00.688 I/netstats_wifi_sample( 1508): [6450217574,4844533,66666028,931782,6450217574,4844533,66666028,931782,6454832855,4892954,56556774,907569,1672175880688]
12-28 05:18:01.631 I/auditd ( 0): type=1400 audit(0.0:14490): avc: denied { kill } for comm="swapper/2" capability=5 scontext=u:r:kernel:s0 tcontext=u:r:kernel:s0 tclass=capability permissive=0
12-28 05:18:02.716 I/input_interaction( 1508): Interaction with: 62ea4e0 com.tencent.tmgp.sgame/com.tencent.tmgp.sgame.SGameActivity (server), edge-swipe (server), swipe-up (server), PointerEventDispatcher0 (server),
12-28 05:18:03.355 I/wm_task_moved( 1508): [1,0,0]
12-28 05:18:03.356 I/wm_task_moved( 1508): [1,0,5]
12-28 05:18:03.380 I/wm_on_restart_called( 2857): [186653412,com.android.launcher3.uioverrides.QuickstepLauncher,performRestartActivity]
12-28 05:18:03.402 I/wm_on_start_called( 2857): [186653412,com.android.launcher3.uioverrides.QuickstepLauncher,handleStartActivity]
12-28 05:18:03.403 I/view_enqueue_input_event( 4168): [Motion - Cancel,com.tencent.tmgp.sgame/com.tencent.tmgp.sgame.SGameActivity]
12-28 05:18:03.407 I/input_focus( 1508): [Focus request recents_animation_input_consumer,reason=UpdateInputWindows]
12-28 05:18:03.410 I/sysui_latency( 2857): [1,75]
12-28 05:18:03.415 I/input_interaction( 1508): Interaction with: edge-swipe (server), swipe-up (server), PointerEventDispatcher0 (server),
12-28 05:18:03.420 I/sysui_multi_action( 1508): [319,8,322,60,325,13197,757,761,758,9,759,5,806,com.android.launcher3,871,com.android.launcher3.uioverrides.QuickstepLauncher,905,0,1320,4,1321,1]
12-28 05:18:03.422 I/input_focus( 1508): [Focus leaving 62ea4e0 com.tencent.tmgp.sgame/com.tencent.tmgp.sgame.SGameActivity (server),reason=NOT_FOCUSABLE]
12-28 05:18:03.422 I/input_focus( 1508): [Focus entering recents_animation_input_consumer (server),reason=setFocusedWindow]
12-28 05:18:03.605 I/commit_sys_config_file( 1508): [settings-1-0,5]
12-28 05:18:03.631 I/auditd ( 3229): type=1400 audit(0.0:14491): avc: denied { kill } for comm="irq/17-9091000." capability=5 scontext=u:r:kernel:s0 tcontext=u:r:kernel:s0 tclass=capability permissive=0
12-28 05:18:03.717 I/sysui_latency( 1508): [8,76]
12-28 05:18:04.102 I/wm_task_moved( 1508): [1,1,6]
12-28 05:18:04.104 I/wm_task_moved( 1508): [10,1,2147483647]
12-28 05:18:04.104 I/wm_task_to_front( 1508): [0,10]
12-28 05:18:04.104 I/wm_on_top_resumed_lost_called( 4168): [159006092,com.tencent.tmgp.sgame.SGameActivity,topStateChangedWhenResumed]
12-28 05:18:04.104 I/wm_focused_root_task( 1508): [0,0,1,40,RecentsAnimation.onAnimationFinished()]
12-28 05:18:04.105 I/wm_set_resumed_activity( 1508): [0,com.android.launcher3/.uioverrides.QuickstepLauncher,RecentsAnimation.onAnimationFinished()]
12-28 05:18:04.106 I/wm_pause_activity( 1508): [0,159006092,com.tencent.tmgp.sgame/.SGameActivity,userLeaving=true,pauseBackTasks]
12-28 05:18:04.107 I/wm_add_to_stopping( 1508): [0,159006092,com.tencent.tmgp.sgame/.SGameActivity,makeInvisible]
12-28 05:18:04.107 I/wm_set_resumed_activity( 1508): [0,com.android.launcher3/.uioverrides.QuickstepLauncher,resumeTopActivityInnerLocked]
12-28 05:18:04.109 I/wm_resume_activity( 1508): [0,186653412,10,com.android.launcher3/.uioverrides.QuickstepLauncher]
12-28 05:18:04.109 I/wm_on_resume_called( 2857): [186653412,com.android.launcher3.uioverrides.QuickstepLauncher,RESUME_ACTIVITY]
12-28 05:18:04.118 I/input_focus( 1508): [Focus request 2711ce0 com.android.launcher3/com.android.launcher3.uioverrides.QuickstepLauncher,reason=UpdateInputWindows]
12-28 05:18:04.122 I/wm_on_top_resumed_gained_called( 2857): [186653412,com.android.launcher3.uioverrides.QuickstepLauncher,topStateChangedWhenResumed]
12-28 05:18:04.133 I/input_focus( 1508): [Focus leaving recents_animation_input_consumer (server),reason=NOT_VISIBLE]
12-28 05:18:04.134 I/wm_stop_activity( 1508): [0,159006092,com.tencent.tmgp.sgame/.SGameActivity]
12-28 05:18:04.136 I/sysui_multi_action( 1508): [757,803,799,window_time_0,802,51]
12-28 05:18:04.138 I/sysui_multi_action( 1508): [757,803,799,window_time_0,802,0]
12-28 05:18:04.140 I/input_focus( 1508): [Focus entering 2711ce0 com.android.launcher3/com.android.launcher3.uioverrides.QuickstepLauncher (server),reason=setFocusedWindow]
12-28 05:18:04.429 I/commit_sys_config_file( 1508): [settings-1-0,3]
12-28 05:18:04.518 I/wm_on_paused_called( 4168): [159006092,com.tencent.tmgp.sgame.SGameActivity,performPause]
12-28 05:18:04.524 I/wm_on_stop_called( 4168): [159006092,com.tencent.tmgp.sgame.SGameActivity,STOP_ACTIVITY_ITEM]
12-28 05:18:04.631 I/auditd ( 0): type=1400 audit(0.0:14492): avc: denied { kill } for comm="swapper/0" capability=5 scontext=u:r:kernel:s0 tcontext=u:r:kernel:s0 tclass=capability permissive=0
12-28 05:18:06.631 I/auditd ( 0): type=1400 audit(0.0:14493): avc: denied { kill } for comm="swapper/0" capability=5 scontext=u:r:kernel:s0 tcontext=u:r:kernel:s0 tclass=capability permissive=0
12-28 05:18:07.005 I/input_interaction( 1508): Interaction with: 2711ce0 com.android.launcher3/com.android.launcher3.uioverrides.QuickstepLauncher (server), cd21bea com.android.systemui.ImageWallpaper (server), edge-swipe (server), swipe-up (server), PointerEventDispatcher0 (server),
12-28 05:18:07.130 I/view_enqueue_input_event( 2857): [Motion - Cancel,com.android.launcher3/com.android.launcher3.uioverrides.QuickstepLauncher]
12-28 05:18:07.141 I/input_interaction( 1508): Interaction with: edge-swipe (server), swipe-up (server), PointerEventDispatcher0 (server),
12-28 05:18:07.315 I/commit_sys_config_file( 1508): [settings-1-0,11]
12-28 05:18:07.631 I/auditd ( 0): type=1400 audit(0.0:14494): avc: denied { kill } for comm="swapper/0" capability=5 scontext=u:r:kernel:s0 tcontext=u:r:kernel:s0 tclass=capability permissive=0
12-28 05:18:07.707 I/commit_sys_config_file( 1508): [settings-1-0,4]
12-28 05:18:08.336 I/input_interaction( 1508): Interaction with: 2711ce0 com.android.launcher3/com.android.launcher3.uioverrides.QuickstepLauncher (server), cd21bea com.android.systemui.ImageWallpaper (server), edge-swipe (server), swipe-up (server), PointerEventDispatcher0 (server),
12-28 05:18:08.631 I/auditd ( 0): type=1400 audit(0.0:14495): avc: denied { kill } for comm="swapper/0" capability=5 scontext=u:r:kernel:s0 tcontext=u:r:kernel:s0 tclass=capability permissive=0
12-28 05:18:09.631 I/auditd ( 0): type=1400 audit(0.0:14496): avc: denied { kill } for comm="swapper/0" capability=5 scontext=u:r:kernel:s0 tcontext=u:r:kernel:s0 tclass=capability permissive=0
12-28 05:18:10.498 I/wm_task_created( 1508): [41,-1]
12-28 05:18:10.500 I/wm_task_moved( 1508): [41,1,7]
12-28 05:18:10.500 I/wm_task_to_front( 1508): [0,41]
12-28 05:18:10.501 I/wm_create_task( 1508): [0,41]
12-28 05:18:10.501 I/wm_create_activity( 1508): [0,59365217,41,com.ss.android.lark/.main.app.MainActivity,android.intent.action.MAIN,NULL,NULL,270532608]
12-28 05:18:10.501 I/wm_task_moved( 1508): [41,1,7]
12-28 05:18:10.502 I/wm_pause_activity( 1508): [0,186653412,com.android.launcher3/.uioverrides.QuickstepLauncher,userLeaving=true,pauseBackTasks]
12-28 05:18:10.507 I/wm_on_top_resumed_lost_called( 2857): [186653412,com.android.launcher3.uioverrides.QuickstepLauncher,topStateChangedWhenResumed]
12-28 05:18:10.508 I/am_uid_running( 1508): 10096
12-28 05:18:10.509 I/wm_on_paused_called( 2857): [186653412,com.android.launcher3.uioverrides.QuickstepLauncher,performPause]
12-28 05:18:10.510 I/wm_add_to_stopping( 1508): [0,186653412,com.android.launcher3/.uioverrides.QuickstepLauncher,makeInvisible]
12-28 05:18:10.512 I/sysui_multi_action( 1508): [757,803,799,window_time_0,802,6]
12-28 05:18:10.539 I/input_focus( 1508): [Focus leaving 2711ce0 com.android.launcher3/com.android.launcher3.uioverrides.QuickstepLauncher (server),reason=NO_WINDOW]
12-28 05:18:10.563 I/am_proc_start( 1508): [0,5768,10096,com.ss.android.lark,pre-top-activity,{com.ss.android.lark/com.ss.android.lark.main.app.MainActivity}]
12-28 05:18:10.581 I/am_proc_bound( 1508): [0,5768,com.ss.android.lark]
12-28 05:18:10.583 I/wm_restart_activity( 1508): [0,59365217,41,com.ss.android.lark/.main.app.MainActivity]
12-28 05:18:10.584 I/wm_set_resumed_activity( 1508): [0,com.ss.android.lark/.main.app.MainActivity,minimalResumeActivityLocked]
12-28 05:18:10.584 I/am_uid_active( 1508): 10096
12-28 05:18:10.901 I/notification_cancel_all( 1508): [1000,1508,com.ss.android.lark,0,0,0,20,NULL]
12-28 05:18:10.901 I/notification_cancel_all( 1508): [1000,1508,com.ss.android.lark,0,0,0,20,NULL]
12-28 05:18:10.902 I/notification_cancel_all( 1508): [1000,1508,com.ss.android.lark,0,0,0,20,NULL]
12-28 05:18:10.902 I/notification_cancel_all( 1508): [1000,1508,com.ss.android.lark,0,0,0,20,NULL]
12-28 05:18:10.915 I/auditd ( 5768): type=1400 audit(0.0:14497): avc: denied { read } for comm="ss.android.lark" name="/" dev="dm-5" ino=2 scontext=u:r:untrusted_app:s0:c96,c256,c512,c768 tcontext=u:object_r:rootfs:s0 tclass=dir permissive=0 app=com.ss.android.lark
12-28 05:18:11.151 I/wm_on_create_called( 5768): [59365217,com.ss.android.lark.main.app.MainActivity,performCreate]
12-28 05:18:11.158 I/wm_on_start_called( 5768): [59365217,com.ss.android.lark.main.app.MainActivity,handleStartActivity]
12-28 05:18:11.162 I/wm_on_resume_called( 5768): [59365217,com.ss.android.lark.main.app.MainActivity,RESUME_ACTIVITY]
12-28 05:18:11.168 I/wm_on_top_resumed_gained_called( 5768): [59365217,com.ss.android.lark.main.app.MainActivity,topStateChangedWhenResumed]
12-28 05:18:11.185 I/input_focus( 1508): [Focus request ab8bab8 com.ss.android.lark/com.ss.android.lark.main.app.MainActivity,reason=UpdateInputWindows]
12-28 05:18:11.258 I/sysui_multi_action( 1508): [319,40,321,38,322,764,325,13204,757,761,758,7,759,1,806,com.ss.android.lark,871,com.ss.android.lark.main.app.MainActivity,904,com.android.launcher3,905,0,945,95,1320,4,1321,4]
12-28 05:18:11.258 I/wm_activity_launch_time( 1508): [0,59365217,com.ss.android.lark/.main.app.MainActivity,764]
