12-28 05:35:21.631 I/auditd ( 0): type=1400 audit(0.0:15884): avc: denied { kill } for comm="swapper/3" capability=5 scontext=u:r:kernel:s0 tcontext=u:r:kernel:s0 tclass=capability permissive=0
12-28 05:35:22.631 I/auditd ( 0): type=1400 audit(0.0:15885): avc: denied { kill } for comm="swapper/3" capability=5 scontext=u:r:kernel:s0 tcontext=u:r:kernel:s0 tclass=capability permissive=0
12-28 05:35:23.631 I/auditd ( 0): type=1400 audit(0.0:15886): avc: denied { kill } for comm="swapper/3" capability=5 scontext=u:r:kernel:s0 tcontext=u:r:kernel:s0 tclass=capability permissive=0
12-28 05:35:24.631 I/auditd ( 288): type=1400 audit(0.0:15887): avc: denied { kill } for comm="kgsl_worker_thr" capability=5 scontext=u:r:kernel:s0 tcontext=u:r:kernel:s0 tclass=capability permissive=0
12-28 05:35:25.631 I/auditd ( 0): type=1400 audit(0.0:15888): avc: denied { kill } for comm="swapper/3" capability=5 scontext=u:r:kernel:s0 tcontext=u:r:kernel:s0 tclass=capability permissive=0
12-28 05:35:26.631 I/auditd ( 0): type=1400 audit(0.0:15889): avc: denied { kill } for comm="swapper/3" capability=5 scontext=u:r:kernel:s0 tcontext=u:r:kernel:s0 tclass=capability permissive=0
12-28 05:35:27.631 I/auditd ( 0): type=1400 audit(0.0:15890): avc: denied { kill } for comm="swapper/3" capability=5 scontext=u:r:kernel:s0 tcontext=u:r:kernel:s0 tclass=capability permissive=0
12-28 05:35:30.631 I/auditd ( 0): type=1400 audit(0.0:15891): avc: denied { kill } for comm="swapper/3" capability=5 scontext=u:r:kernel:s0 tcontext=u:r:kernel:s0 tclass=capability permissive=0
12-28 05:35:32.631 I/auditd ( 0): type=1400 audit(0.0:15892): avc: denied { kill } for comm="swapper/3" capability=5 scontext=u:r:kernel:s0 tcontext=u:r:kernel:s0 tclass=capability permissive=0
12-28 05:35:33.631 I/auditd ( 0): type=1400 audit(0.0:15893): avc: denied { kill } for comm="swapper/3" capability=5 scontext=u:r:kernel:s0 tcontext=u:r:kernel:s0 tclass=capability permissive=0
12-28 05:35:34.631 I/auditd ( 0): type=1400 audit(0.0:15894): avc: denied { kill } for comm="swapper/3" capability=5 scontext=u:r:kernel:s0 tcontext=u:r:kernel:s0 tclass=capability permissive=0
12-28 05:35:35.631 I/auditd ( 0): type=1400 audit(0.0:15895): avc: denied { kill } for comm="swapper/3" capability=5 scontext=u:r:kernel:s0 tcontext=u:r:kernel:s0 tclass=capability permissive=0
12-28 05:35:36.631 I/auditd ( 0): type=1400 audit(0.0:15896): avc: denied { kill } for comm="swapper/3" capability=5 scontext=u:r:kernel:s0 tcontext=u:r:kernel:s0 tclass=capability permissive=0
12-28 05:35:38.145 I/netstats_mobile_sample( 1508): [0,0,0,0,0,0,0,0,0,0,0,0,1672176938145]
12-28 05:35:38.145 I/netstats_wifi_sample( 1508): [6509051913,4897893,72823142,958295,6509051913,4897893,72823142,958295,6515034613,4955081,60676606,929318,1672176938145]
12-28 05:35:38.631 I/auditd ( 0): type=1400 audit(0.0:15897): avc: denied { kill } for comm="swapper/2" capability=5 scontext=u:r:kernel:s0 tcontext=u:r:kernel:s0 tclass=capability permissive=0
12-28 05:35:39.631 I/auditd ( 0): type=1400 audit(0.0:15898): avc: denied { kill } for comm="swapper/2" capability=5 scontext=u:r:kernel:s0 tcontext=u:r:kernel:s0 tclass=capability permissive=0
12-28 05:35:40.631 I/auditd ( 0): type=1400 audit(0.0:15899): avc: denied { kill } for comm="swapper/2" capability=5 scontext=u:r:kernel:s0 tcontext=u:r:kernel:s0 tclass=capability permissive=0
12-28 05:35:41.631 I/auditd ( 0): type=1400 audit(0.0:15900): avc: denied { kill } for comm="swapper/2" capability=5 scontext=u:r:kernel:s0 tcontext=u:r:kernel:s0 tclass=capability permissive=0
12-28 05:35:42.631 I/auditd ( 0): type=1400 audit(0.0:15901): avc: denied { kill } for comm="swapper/2" capability=5 scontext=u:r:kernel:s0 tcontext=u:r:kernel:s0 tclass=capability permissive=0
12-28 05:35:43.631 I/auditd ( 0): type=1400 audit(0.0:15902): avc: denied { kill } for comm="swapper/2" capability=5 scontext=u:r:kernel:s0 tcontext=u:r:kernel:s0 tclass=capability permissive=0
12-28 05:35:45.631 I/auditd ( 0): type=1400 audit(0.0:15903): avc: denied { kill } for comm="swapper/2" capability=5 scontext=u:r:kernel:s0 tcontext=u:r:kernel:s0 tclass=capability permissive=0
12-28 05:35:46.631 I/auditd ( 0): type=1400 audit(0.0:15904): avc: denied { kill } for comm="swapper/2" capability=5 scontext=u:r:kernel:s0 tcontext=u:r:kernel:s0 tclass=capability permissive=0
12-28 05:35:47.631 I/auditd ( 0): type=1400 audit(0.0:15905): avc: denied { kill } for comm="swapper/2" capability=5 scontext=u:r:kernel:s0 tcontext=u:r:kernel:s0 tclass=capability permissive=0
12-28 05:35:48.631 I/auditd ( 0): type=1400 audit(0.0:15906): avc: denied { kill } for comm="swapper/2" capability=5 scontext=u:r:kernel:s0 tcontext=u:r:kernel:s0 tclass=capability permissive=0
12-28 05:35:49.631 I/auditd (25764): type=1400 audit(0.0:15907): avc: denied { kill } for comm="kworker/u17:0" capability=5 scontext=u:r:kernel:s0 tcontext=u:r:kernel:s0 tclass=capability permissive=0
12-28 05:35:50.631 I/auditd ( 0): type=1400 audit(0.0:15908): avc: denied { kill } for comm="swapper/2" capability=5 scontext=u:r:kernel:s0 tcontext=u:r:kernel:s0 tclass=capability permissive=0
12-28 05:35:52.631 I/auditd ( 0): type=1400 audit(0.0:15909): avc: denied { kill } for comm="swapper/2" capability=5 scontext=u:r:kernel:s0 tcontext=u:r:kernel:s0 tclass=capability permissive=0
12-28 05:35:53.280 I/am_freeze( 1508): [17099,com.microsoft.emmx]
12-28 05:35:53.283 I/am_freeze( 1508): [17100,com.android.music]
12-28 05:35:53.287 I/am_freeze( 1508): [17114,com.android.gallery3d]
12-28 05:35:53.290 I/am_freeze( 1508): [17127,com.android.deskclock]
12-28 05:35:53.293 I/am_freeze( 1508): [17153,com.android.calendar]
12-28 05:35:53.294 I/am_kill ( 1508): [0,17099,com.microsoft.emmx,975,Unable to freeze binder interface]
12-28 05:35:53.296 I/am_kill ( 1508): [0,17100,com.android.music,965,Unable to freeze binder interface]
12-28 05:35:53.297 I/am_kill ( 1508): [0,17114,com.android.gallery3d,955,Unable to freeze binder interface]
12-28 05:35:53.298 I/am_kill ( 1508): [0,17127,com.android.deskclock,945,Unable to freeze binder interface]
12-28 05:35:53.299 I/am_kill ( 1508): [0,17153,com.android.calendar,935,Unable to freeze binder interface]
12-28 05:35:53.336 I/am_proc_died( 1508): [0,17099,com.microsoft.emmx,975,19]
12-28 05:35:53.337 I/am_uid_stopped( 1508): 10030
12-28 05:35:53.347 I/am_pss ( 1508): [19921,10098,com.tencent.tmgp.sgame:xg_vip_service,15567872,8462336,55296,110301184,0,3,6]
12-28 05:35:53.354 I/am_pss ( 1508): [20629,1000,com.qti.diagservices,7197696,4341760,55296,88981504,0,10,6]
12-28 05:35:53.361 I/am_proc_died( 1508): [0,17153,com.android.calendar,935,19]
12-28 05:35:53.361 I/am_uid_stopped( 1508): 10064
12-28 05:35:53.363 I/am_pss ( 1508): [19759,10098,com.tencent.tmgp.sgame:ingame_inner_slugsdk_config,10172416,5074944,56320,95481856,0,19,5]
12-28 05:35:53.365 I/am_proc_died( 1508): [0,17100,com.android.music,965,19]
12-28 05:35:53.365 I/am_uid_stopped( 1508): 10084
12-28 05:35:53.368 I/am_proc_died( 1508): [0,17114,com.android.gallery3d,955,19]
12-28 05:35:53.368 I/am_uid_stopped( 1508): 10069
12-28 05:35:53.372 I/am_pss ( 1508): [18344,10086,com.qualcomm.qti.qccauthmgr,7022592,4411392,56320,89542656,0,19,6]
12-28 05:35:53.386 I/am_proc_died( 1508): [0,17127,com.android.deskclock,945,19]
12-28 05:35:53.386 I/am_uid_stopped( 1508): 10067
12-28 05:35:53.631 I/auditd ( 0): type=1400 audit(0.0:15910): avc: denied { kill } for comm="swapper/2" capability=5 scontext=u:r:kernel:s0 tcontext=u:r:kernel:s0 tclass=capability permissive=0
12-28 05:35:54.631 I/auditd ( 0): type=1400 audit(0.0:15911): avc: denied { kill } for comm="swapper/2" capability=5 scontext=u:r:kernel:s0 tcontext=u:r:kernel:s0 tclass=capability permissive=0
12-28 05:35:55.631 I/auditd ( 0): type=1400 audit(0.0:15912): avc: denied { kill } for comm="swapper/2" capability=5 scontext=u:r:kernel:s0 tcontext=u:r:kernel:s0 tclass=capability permissive=0
12-28 05:35:56.631 I/auditd ( 0): type=1400 audit(0.0:15913): avc: denied { kill } for comm="swapper/2" capability=5 scontext=u:r:kernel:s0 tcontext=u:r:kernel:s0 tclass=capability permissive=0
12-28 05:35:58.631 I/auditd ( 288): type=1400 audit(0.0:15914): avc: denied { kill } for comm="kgsl_worker_thr" capability=5 scontext=u:r:kernel:s0 tcontext=u:r:kernel:s0 tclass=capability permissive=0
12-28 05:35:59.631 I/auditd ( 0): type=1400 audit(0.0:15915): avc: denied { kill } for comm="swapper/2" capability=5 scontext=u:r:kernel:s0 tcontext=u:r:kernel:s0 tclass=capability permissive=0
12-28 05:36:01.631 I/auditd ( 0): type=1400 audit(0.0:15916): avc: denied { kill } for comm="swapper/2" capability=5 scontext=u:r:kernel:s0 tcontext=u:r:kernel:s0 tclass=capability permissive=0
12-28 05:36:03.631 I/auditd ( 0): type=1400 audit(0.0:15917): avc: denied { kill } for comm="swapper/0" capability=5 scontext=u:r:kernel:s0 tcontext=u:r:kernel:s0 tclass=capability permissive=0
12-28 05:36:04.631 I/auditd ( 0): type=1400 audit(0.0:15918): avc: denied { kill } for comm="swapper/0" capability=5 scontext=u:r:kernel:s0 tcontext=u:r:kernel:s0 tclass=capability permissive=0
12-28 05:36:06.631 I/auditd ( 0): type=1400 audit(0.0:15919): avc: denied { kill } for comm="swapper/0" capability=5 scontext=u:r:kernel:s0 tcontext=u:r:kernel:s0 tclass=capability permissive=0
12-28 05:36:07.631 I/auditd ( 0): type=1400 audit(0.0:15920): avc: denied { kill } for comm="swapper/0" capability=5 scontext=u:r:kernel:s0 tcontext=u:r:kernel:s0 tclass=capability permissive=0
12-28 05:36:08.631 I/auditd ( 0): type=1400 audit(0.0:15921): avc: denied { kill } for comm="swapper/0" capability=5 scontext=u:r:kernel:s0 tcontext=u:r:kernel:s0 tclass=capability permissive=0
12-28 05:36:09.631 I/auditd ( 0): type=1400 audit(0.0:15922): avc: denied { kill } for comm="swapper/0" capability=5 scontext=u:r:kernel:s0 tcontext=u:r:kernel:s0 tclass=capability permissive=0
12-28 05:36:09.687 I/am_freeze( 1508): [17222,com.android.permissioncontroller]
12-28 05:36:09.689 I/am_kill ( 1508): [0,17222,com.android.permissioncontroller,935,Unable to freeze binder interface]
12-28 05:36:09.716 I/am_proc_died( 1508): [0,17222,com.android.permissioncontroller,935,19]
12-28 05:36:09.717 I/am_uid_stopped( 1508): 10093
12-28 05:36:12.631 I/auditd ( 0): type=1400 audit(0.0:15923): avc: denied { kill } for comm="swapper/0" capability=5 scontext=u:r:kernel:s0 tcontext=u:r:kernel:s0 tclass=capability permissive=0
12-28 05:36:14.631 I/auditd ( 0): type=1400 audit(0.0:15924): avc: denied { kill } for comm="swapper/0" capability=5 scontext=u:r:kernel:s0 tcontext=u:r:kernel:s0 tclass=capability permissive=0
12-28 05:36:15.631 I/auditd (29008): type=1400 audit(0.0:15925): avc: denied { kill } for comm="kworker/u17:2" capability=5 scontext=u:r:kernel:s0 tcontext=u:r:kernel:s0 tclass=capability permissive=0
12-28 05:36:17.631 I/auditd ( 0): type=1400 audit(0.0:15926): avc: denied { kill } for comm="swapper/0" capability=5 scontext=u:r:kernel:s0 tcontext=u:r:kernel:s0 tclass=capability permissive=0
12-28 05:36:19.631 I/auditd ( 0): type=1400 audit(0.0:15927): avc: denied { kill } for comm="swapper/0" capability=5 scontext=u:r:kernel:s0 tcontext=u:r:kernel:s0 tclass=capability permissive=0
12-28 05:36:20.631 I/auditd ( 0): type=1400 audit(0.0:15928): avc: denied { kill } for comm="swapper/0" capability=5 scontext=u:r:kernel:s0 tcontext=u:r:kernel:s0 tclass=capability permissive=0
12-28 05:36:20.821 I/netstats_mobile_sample( 1508): [0,0,0,0,0,0,0,0,0,0,0,0,1672176980821]
12-28 05:36:20.822 I/netstats_wifi_sample( 1508): [6509215286,4898276,72985510,958682,6509215286,4898276,72985510,958682,6515256902,4955843,60758010,929515,1672176980821]
12-28 05:36:21.631 I/auditd ( 0): type=1400 audit(0.0:15929): avc: denied { kill } for comm="swapper/0" capability=5 scontext=u:r:kernel:s0 tcontext=u:r:kernel:s0 tclass=capability permissive=0
12-28 05:36:22.631 I/auditd (29008): type=1400 audit(0.0:15930): avc: denied { kill } for comm="kworker/u17:2" capability=5 scontext=u:r:kernel:s0 tcontext=u:r:kernel:s0 tclass=capability permissive=0
12-28 05:36:23.631 I/auditd ( 0): type=1400 audit(0.0:15931): avc: denied { kill } for comm="swapper/0" capability=5 scontext=u:r:kernel:s0 tcontext=u:r:kernel:s0 tclass=capability permissive=0
12-28 05:36:26.631 I/auditd ( 0): type=1400 audit(0.0:15932): avc: denied { kill } for comm="swapper/0" capability=5 scontext=u:r:kernel:s0 tcontext=u:r:kernel:s0 tclass=capability permissive=0
12-28 05:36:27.631 I/auditd ( 0): type=1400 audit(0.0:15933): avc: denied { kill } for comm="swapper/0" capability=5 scontext=u:r:kernel:s0 tcontext=u:r:kernel:s0 tclass=capability permissive=0
12-28 05:36:28.631 I/auditd ( 0): type=1400 audit(0.0:15934): avc: denied { kill } for comm="swapper/0" capability=5 scontext=u:r:kernel:s0 tcontext=u:r:kernel:s0 tclass=capability permissive=0
12-28 05:36:30.631 I/auditd ( 0): type=1400 audit(0.0:15935): avc: denied { kill } for comm="swapper/1" capability=5 scontext=u:r:kernel:s0 tcontext=u:r:kernel:s0 tclass=capability permissive=0
12-28 05:36:31.631 I/auditd ( 0): type=1400 audit(0.0:15936): avc: denied { kill } for comm="swapper/1" capability=5 scontext=u:r:kernel:s0 tcontext=u:r:kernel:s0 tclass=capability permissive=0
12-28 05:36:33.208 I/netstats_mobile_sample( 1508): [0,0,0,0,0,0,0,0,0,0,0,0,1672176993208]
12-28 05:36:33.208 I/netstats_wifi_sample( 1508): [6509266487,4898395,73031926,958794,6509266487,4898395,73031926,958794,6515325809,4956076,60781338,929573,1672176993208]
12-28 05:36:33.631 I/auditd ( 0): type=1400 audit(0.0:15937): avc: denied { kill } for comm="swapper/0" capability=5 scontext=u:r:kernel:s0 tcontext=u:r:kernel:s0 tclass=capability permissive=0
12-28 05:36:34.631 I/auditd ( 0): type=1400 audit(0.0:15938): avc: denied { kill } for comm="swapper/0" capability=5 scontext=u:r:kernel:s0 tcontext=u:r:kernel:s0 tclass=capability permissive=0
12-28 05:36:35.631 I/auditd ( 0): type=1400 audit(0.0:15939): avc: denied { kill } for comm="swapper/0" capability=5 scontext=u:r:kernel:s0 tcontext=u:r:kernel:s0 tclass=capability permissive=0
12-28 05:36:37.631 I/auditd ( 0): type=1400 audit(0.0:15940): avc: denied { kill } for comm="swapper/1" capability=5 scontext=u:r:kernel:s0 tcontext=u:r:kernel:s0 tclass=capability permissive=0
12-28 05:36:38.631 I/auditd ( 0): type=1400 audit(0.0:15941): avc: denied { kill } for comm="swapper/1" capability=5 scontext=u:r:kernel:s0 tcontext=u:r:kernel:s0 tclass=capability permissive=0
12-28 05:36:39.631 I/auditd ( 0): type=1400 audit(0.0:15942): avc: denied { kill } for comm="swapper/1" capability=5 scontext=u:r:kernel:s0 tcontext=u:r:kernel:s0 tclass=capability permissive=0
12-28 05:36:41.631 I/auditd ( 0): type=1400 audit(0.0:15943): avc: denied { kill } for comm="swapper/1" capability=5 scontext=u:r:kernel:s0 tcontext=u:r:kernel:s0 tclass=capability permissive=0
12-28 05:36:42.631 I/auditd ( 0): type=1400 audit(0.0:15944): avc: denied { kill } for comm="swapper/1" capability=5 scontext=u:r:kernel:s0 tcontext=u:r:kernel:s0 tclass=capability permissive=0
12-28 05:36:44.631 I/auditd ( 0): type=1400 audit(0.0:15945): avc: denied { kill } for comm="swapper/1" capability=5 scontext=u:r:kernel:s0 tcontext=u:r:kernel:s0 tclass=capability permissive=0
12-28 05:36:45.631 I/auditd ( 0): type=1400 audit(0.0:15946): avc: denied { kill } for comm="swapper/1" capability=5 scontext=u:r:kernel:s0 tcontext=u:r:kernel:s0 tclass=capability permissive=0
12-28 05:36:47.631 I/auditd ( 0): type=1400 audit(0.0:15947): avc: denied { kill } for comm="swapper/1" capability=5 scontext=u:r:kernel:s0 tcontext=u:r:kernel:s0 tclass=capability permissive=0
12-28 05:36:48.631 I/auditd ( 0): type=1400 audit(0.0:15948): avc: denied { kill } for comm="swapper/1" capability=5 scontext=u:r:kernel:s0 tcontext=u:r:kernel:s0 tclass=capability permissive=0
12-28 05:36:51.631 I/auditd ( 0): type=1400 audit(0.0:15949): avc: denied { kill } for comm="swapper/1" capability=5 scontext=u:r:kernel:s0 tcontext=u:r:kernel:s0 tclass=capability permissive=0
12-28 05:36:53.631 I/auditd ( 0): type=1400 audit(0.0:15950): avc: denied { kill } for comm="swapper/1" capability=5 scontext=u:r:kernel:s0 tcontext=u:r:kernel:s0 tclass=capability permissive=0
12-28 05:36:54.631 I/auditd ( 0): type=1400 audit(0.0:15951): avc: denied { kill } for comm="swapper/1" capability=5 scontext=u:r:kernel:s0 tcontext=u:r:kernel:s0 tclass=capability permissive=0
12-28 05:36:57.631 I/auditd ( 0): type=1400 audit(0.0:15952): avc: denied { kill } for comm="swapper/0" capability=5 scontext=u:r:kernel:s0 tcontext=u:r:kernel:s0 tclass=capability permissive=0
12-28 05:36:58.631 I/auditd ( 0): type=1400 audit(0.0:15953): avc: denied { kill } for comm="swapper/0" capability=5 scontext=u:r:kernel:s0 tcontext=u:r:kernel:s0 tclass=capability permissive=0
12-28 05:36:59.631 I/auditd (20564): type=1400 audit(0.0:15954): avc: denied { kill } for comm="kworker/u16:15" capability=5 scontext=u:r:kernel:s0 tcontext=u:r:kernel:s0 tclass=capability permissive=0
12-28 05:37:00.631 I/auditd ( 0): type=1400 audit(0.0:15955): avc: denied { kill } for comm="swapper/0" capability=5 scontext=u:r:kernel:s0 tcontext=u:r:kernel:s0 tclass=capability permissive=0
12-28 05:37:03.012 I/netstats_mobile_sample( 1508): [0,0,0,0,0,0,0,0,0,0,0,0,1672177023012]
12-28 05:37:03.012 I/netstats_wifi_sample( 1508): [6509381758,4898691,73174843,959103,6509381758,4898691,73174843,959103,6515482602,4956639,60866379,929746,1672177023012]
12-28 05:37:03.631 I/auditd ( 0): type=1400 audit(0.0:15956): avc: denied { kill } for comm="swapper/0" capability=5 scontext=u:r:kernel:s0 tcontext=u:r:kernel:s0 tclass=capability permissive=0
12-28 05:37:04.631 I/auditd ( 0): type=1400 audit(0.0:15957): avc: denied { kill } for comm="swapper/0" capability=5 scontext=u:r:kernel:s0 tcontext=u:r:kernel:s0 tclass=capability permissive=0
12-28 05:37:05.631 I/auditd ( 0): type=1400 audit(0.0:15958): avc: denied { kill } for comm="swapper/0" capability=5 scontext=u:r:kernel:s0 tcontext=u:r:kernel:s0 tclass=capability permissive=0
12-28 05:37:07.631 I/auditd ( 0): type=1400 audit(0.0:15959): avc: denied { kill } for comm="swapper/0" capability=5 scontext=u:r:kernel:s0 tcontext=u:r:kernel:s0 tclass=capability permissive=0
12-28 05:37:08.631 I/auditd ( 0): type=1400 audit(0.0:15960): avc: denied { kill } for comm="swapper/0" capability=5 scontext=u:r:kernel:s0 tcontext=u:r:kernel:s0 tclass=capability permissive=0
12-28 05:37:09.631 I/auditd ( 0): type=1400 audit(0.0:15961): avc: denied { kill } for comm="swapper/0" capability=5 scontext=u:r:kernel:s0 tcontext=u:r:kernel:s0 tclass=capability permissive=0
12-28 05:37:11.689 I/netstats_mobile_sample( 1508): [0,0,0,0,0,0,0,0,0,0,0,0,1672177031689]
12-28 05:37:11.690 I/netstats_wifi_sample( 1508): [6509422600,4898785,73209439,959185,6509422600,4898785,73209439,959185,6515535248,4956809,60883737,929788,1672177031689]
12-28 05:37:13.631 I/auditd ( 0): type=1400 audit(0.0:15962): avc: denied { kill } for comm="swapper/3" capability=5 scontext=u:r:kernel:s0 tcontext=u:r:kernel:s0 tclass=capability permissive=0
12-28 05:37:16.631 I/auditd ( 0): type=1400 audit(0.0:15963): avc: denied { kill } for comm="swapper/3" capability=5 scontext=u:r:kernel:s0 tcontext=u:r:kernel:s0 tclass=capability permissive=0
12-28 05:37:17.631 I/auditd ( 0): type=1400 audit(0.0:15964): avc: denied { kill } for comm="swapper/3" capability=5 scontext=u:r:kernel:s0 tcontext=u:r:kernel:s0 tclass=capability permissive=0
12-28 05:37:18.631 I/auditd ( 0): type=1400 audit(0.0:15965): avc: denied { kill } for comm="swapper/3" capability=5 scontext=u:r:kernel:s0 tcontext=u:r:kernel:s0 tclass=capability permissive=0
12-28 05:37:20.631 I/auditd ( 0): type=1400 audit(0.0:15966): avc: denied { kill } for comm="swapper/3" capability=5 scontext=u:r:kernel:s0 tcontext=u:r:kernel:s0 tclass=capability permissive=0
12-28 05:37:21.631 I/auditd ( 0): type=1400 audit(0.0:15967): avc: denied { kill } for comm="swapper/3" capability=5 scontext=u:r:kernel:s0 tcontext=u:r:kernel:s0 tclass=capability permissive=0
12-28 05:37:22.631 I/auditd ( 0): type=1400 audit(0.0:15968): avc: denied { kill } for comm="swapper/3" capability=5 scontext=u:r:kernel:s0 tcontext=u:r:kernel:s0 tclass=capability permissive=0
12-28 05:37:23.631 I/auditd (29008): type=1400 audit(0.0:15969): avc: denied { kill } for comm="kworker/u17:2" capability=5 scontext=u:r:kernel:s0 tcontext=u:r:kernel:s0 tclass=capability permissive=0
12-28 05:37:24.631 I/auditd ( 0): type=1400 audit(0.0:15970): avc: denied { kill } for comm="swapper/3" capability=5 scontext=u:r:kernel:s0 tcontext=u:r:kernel:s0 tclass=capability permissive=0
12-28 05:37:27.631 I/auditd ( 0): type=1400 audit(0.0:15971): avc: denied { kill } for comm="swapper/3" capability=5 scontext=u:r:kernel:s0 tcontext=u:r:kernel:s0 tclass=capability permissive=0
12-28 05:37:28.631 I/auditd ( 0): type=1400 audit(0.0:15972): avc: denied { kill } for comm="swapper/3" capability=5 scontext=u:r:kernel:s0 tcontext=u:r:kernel:s0 tclass=capability permissive=0
12-28 05:37:29.631 I/auditd ( 0): type=1400 audit(0.0:15973): avc: denied { kill } for comm="swapper/3" capability=5 scontext=u:r:kernel:s0 tcontext=u:r:kernel:s0 tclass=capability permissive=0
12-28 05:37:30.631 I/auditd ( 0): type=1400 audit(0.0:15974): avc: denied { kill } for comm="swapper/2" capability=5 scontext=u:r:kernel:s0 tcontext=u:r:kernel:s0 tclass=capability permissive=0
12-28 05:37:32.631 I/auditd ( 0): type=1400 audit(0.0:15975): avc: denied { kill } for comm="swapper/2" capability=5 scontext=u:r:kernel:s0 tcontext=u:r:kernel:s0 tclass=capability permissive=0
12-28 05:37:33.631 I/auditd ( 0): type=1400 audit(0.0:15976): avc: denied { kill } for comm="swapper/2" capability=5 scontext=u:r:kernel:s0 tcontext=u:r:kernel:s0 tclass=capability permissive=0
12-28 05:37:35.631 I/auditd ( 0): type=1400 audit(0.0:15977): avc: denied { kill } for comm="swapper/3" capability=5 scontext=u:r:kernel:s0 tcontext=u:r:kernel:s0 tclass=capability permissive=0
12-28 05:37:36.631 I/auditd ( 0): type=1400 audit(0.0:15978): avc: denied { kill } for comm="swapper/3" capability=5 scontext=u:r:kernel:s0 tcontext=u:r:kernel:s0 tclass=capability permissive=0
12-28 05:37:37.631 I/auditd (19750): type=1400 audit(0.0:15979): avc: denied { kill } for comm="kworker/u16:21" capability=5 scontext=u:r:kernel:s0 tcontext=u:r:kernel:s0 tclass=capability permissive=0
12-28 05:37:38.631 I/auditd ( 0): type=1400 audit(0.0:15980): avc: denied { kill } for comm="swapper/3" capability=5 scontext=u:r:kernel:s0 tcontext=u:r:kernel:s0 tclass=capability permissive=0
12-28 05:37:41.631 I/auditd ( 0): type=1400 audit(0.0:15981): avc: denied { kill } for comm="swapper/0" capability=5 scontext=u:r:kernel:s0 tcontext=u:r:kernel:s0 tclass=capability permissive=0
12-28 05:37:42.631 I/auditd ( 3229): type=1400 audit(0.0:15982): avc: denied { kill } for comm="irq/17-9091000." capability=5 scontext=u:r:kernel:s0 tcontext=u:r:kernel:s0 tclass=capability permissive=0
12-28 05:37:43.631 I/auditd ( 0): type=1400 audit(0.0:15983): avc: denied { kill } for comm="swapper/0" capability=5 scontext=u:r:kernel:s0 tcontext=u:r:kernel:s0 tclass=capability permissive=0
12-28 05:37:44.631 I/auditd ( 0): type=1400 audit(0.0:15984): avc: denied { kill } for comm="swapper/0" capability=5 scontext=u:r:kernel:s0 tcontext=u:r:kernel:s0 tclass=capability permissive=0
12-28 05:37:45.631 I/auditd ( 0): type=1400 audit(0.0:15985): avc: denied { kill } for comm="swapper/0" capability=5 scontext=u:r:kernel:s0 tcontext=u:r:kernel:s0 tclass=capability permissive=0
12-28 05:37:45.720 I/netstats_mobile_sample( 1508): [0,0,0,0,0,0,0,0,0,0,0,0,1672177065720]
12-28 05:37:45.721 I/netstats_wifi_sample( 1508): [6509554061,4899091,73336735,959489,6509554061,4899091,73336735,959489,6515710233,4957395,60947619,929944,1672177065720]
12-28 05:37:47.631 I/auditd ( 0): type=1400 audit(0.0:15986): avc: denied { kill } for comm="swapper/0" capability=5 scontext=u:r:kernel:s0 tcontext=u:r:kernel:s0 tclass=capability permissive=0
12-28 05:37:48.631 I/auditd ( 735): type=1400 audit(0.0:15987): avc: denied { kill } for comm="crtc_commit:125" capability=5 scontext=u:r:kernel:s0 tcontext=u:r:kernel:s0 tclass=capability permissive=0
12-28 05:37:50.631 I/auditd ( 0): type=1400 audit(0.0:15988): avc: denied { kill } for comm="swapper/3" capability=5 scontext=u:r:kernel:s0 tcontext=u:r:kernel:s0 tclass=capability permissive=0
12-28 05:37:51.631 I/auditd ( 0): type=1400 audit(0.0:15989): avc: denied { kill } for comm="swapper/3" capability=5 scontext=u:r:kernel:s0 tcontext=u:r:kernel:s0 tclass=capability permissive=0
12-28 05:37:52.752 I/am_freeze( 1508): [18344,com.qualcomm.qti.qccauthmgr]
12-28 05:37:52.754 I/am_kill ( 1508): [0,18344,com.qualcomm.qti.qccauthmgr,925,Unable to freeze binder interface]
12-28 05:37:52.790 I/am_proc_died( 1508): [0,18344,com.qualcomm.qti.qccauthmgr,925,19]
12-28 05:37:52.791 I/am_uid_stopped( 1508): 10086
12-28 05:37:52.811 I/am_pss ( 1508): [20629,1000,com.qti.diagservices,7442432,4341760,59392,88981504,0,10,7]
12-28 05:37:52.819 I/am_pss ( 1508): [19759,10098,com.tencent.tmgp.sgame:ingame_inner_slugsdk_config,10377216,5074944,59392,95481856,0,19,6]
12-28 05:37:53.631 I/auditd ( 0): type=1400 audit(0.0:15990): avc: denied { kill } for comm="swapper/3" capability=5 scontext=u:r:kernel:s0 tcontext=u:r:kernel:s0 tclass=capability permissive=0
12-28 05:37:54.631 I/auditd ( 0): type=1400 audit(0.0:15991): avc: denied { kill } for comm="swapper/3" capability=5 scontext=u:r:kernel:s0 tcontext=u:r:kernel:s0 tclass=capability permissive=0
12-28 05:37:56.379 I/am_freeze( 1508): [19759,com.tencent.tmgp.sgame:ingame_inner_slugsdk_config]
12-28 05:37:56.380 I/am_kill ( 1508): [0,19759,com.tencent.tmgp.sgame:ingame_inner_slugsdk_config,915,Unable to freeze binder interface]
12-28 05:37:56.411 I/am_proc_died( 1508): [0,19759,com.tencent.tmgp.sgame:ingame_inner_slugsdk_config,915,19]
12-28 05:37:59.631 I/auditd ( 0): type=1400 audit(0.0:15992): avc: denied { kill } for comm="swapper/0" capability=5 scontext=u:r:kernel:s0 tcontext=u:r:kernel:s0 tclass=capability permissive=0
12-28 05:38:00.631 I/auditd ( 0): type=1400 audit(0.0:15993): avc: denied { kill } for comm="swapper/0" capability=5 scontext=u:r:kernel:s0 tcontext=u:r:kernel:s0 tclass=capability permissive=0
12-28 05:38:02.631 I/auditd ( 0): type=1400 audit(0.0:15994): avc: denied { kill } for comm="swapper/1" capability=5 scontext=u:r:kernel:s0 tcontext=u:r:kernel:s0 tclass=capability permissive=0
12-28 05:38:03.631 I/auditd ( 0): type=1400 audit(0.0:15995): avc: denied { kill } for comm="swapper/1" capability=5 scontext=u:r:kernel:s0 tcontext=u:r:kernel:s0 tclass=capability permissive=0
12-28 05:38:04.631 I/auditd ( 0): type=1400 audit(0.0:15996): avc: denied { kill } for comm="swapper/1" capability=5 scontext=u:r:kernel:s0 tcontext=u:r:kernel:s0 tclass=capability permissive=0
12-28 05:38:05.631 I/auditd ( 0): type=1400 audit(0.0:15997): avc: denied { kill } for comm="swapper/1" capability=5 scontext=u:r:kernel:s0 tcontext=u:r:kernel:s0 tclass=capability permissive=0
12-28 05:38:05.939 I/auditd ( 562): type=1400 audit(0.0:15998): avc: denied { read } for comm="Binder:562_2" name="wakeup58" dev="sysfs" ino=71711 scontext=u:r:system_suspend:s0 tcontext=u:object_r:sysfs:s0 tclass=dir permissive=0
12-28 05:38:05.939 I/auditd ( 562): type=1400 audit(0.0:15999): avc: denied { read } for comm="Binder:562_2" name="wakeup48" dev="sysfs" ino=67402 scontext=u:r:system_suspend:s0 tcontext=u:object_r:sysfs:s0 tclass=dir permissive=0
12-28 05:38:05.939 I/auditd ( 562): type=1400 audit(0.0:16000): avc: denied { read } for comm="Binder:562_2" name="wakeup4" dev="sysfs" ino=47049 scontext=u:r:system_suspend:s0 tcontext=u:object_r:sysfs:s0 tclass=dir permissive=0
12-28 05:38:05.939 I/auditd ( 562): type=1400 audit(0.0:16001): avc: denied { read } for comm="Binder:562_2" name="wakeup76" dev="sysfs" ino=76616 scontext=u:r:system_suspend:s0 tcontext=u:object_r:sysfs:s0 tclass=dir permissive=0
12-28 05:38:05.986 I/commit_sys_config_file( 1508): [batterystats,7]
12-28 05:38:05.988 I/commit_sys_config_file( 1508): [batterystats,3]
12-28 05:38:08.631 I/auditd ( 0): type=1400 audit(0.0:16048): avc: denied { kill } for comm="swapper/1" capability=5 scontext=u:r:kernel:s0 tcontext=u:r:kernel:s0 tclass=capability permissive=0
12-28 05:38:09.631 I/auditd ( 0): type=1400 audit(0.0:16049): avc: denied { kill } for comm="swapper/1" capability=5 scontext=u:r:kernel:s0 tcontext=u:r:kernel:s0 tclass=capability permissive=0
12-28 05:38:10.631 I/auditd ( 0): type=1400 audit(0.0:16050): avc: denied { kill } for comm="swapper/1" capability=5 scontext=u:r:kernel:s0 tcontext=u:r:kernel:s0 tclass=capability permissive=0
12-28 05:38:11.631 I/auditd ( 0): type=1400 audit(0.0:16051): avc: denied { kill } for comm="swapper/1" capability=5 scontext=u:r:kernel:s0 tcontext=u:r:kernel:s0 tclass=capability permissive=0
12-28 05:38:12.631 I/auditd ( 0): type=1400 audit(0.0:16052): avc: denied { kill } for comm="swapper/1" capability=5 scontext=u:r:kernel:s0 tcontext=u:r:kernel:s0 tclass=capability permissive=0
12-28 05:38:13.631 I/auditd ( 0): type=1400 audit(0.0:16053): avc: denied { kill } for comm="swapper/1" capability=5 scontext=u:r:kernel:s0 tcontext=u:r:kernel:s0 tclass=capability permissive=0
12-28 05:38:14.631 I/auditd ( 0): type=1400 audit(0.0:16054): avc: denied { kill } for comm="swapper/1" capability=5 scontext=u:r:kernel:s0 tcontext=u:r:kernel:s0 tclass=capability permissive=0
12-28 05:38:15.631 I/auditd ( 0): type=1400 audit(0.0:16055): avc: denied { kill } for comm="swapper/1" capability=5 scontext=u:r:kernel:s0 tcontext=u:r:kernel:s0 tclass=capability permissive=0
12-28 05:38:16.631 I/auditd ( 0): type=1400 audit(0.0:16056): avc: denied { kill } for comm="swapper/1" capability=5 scontext=u:r:kernel:s0 tcontext=u:r:kernel:s0 tclass=capability permissive=0
12-28 05:38:18.631 I/auditd ( 0): type=1400 audit(0.0:16057): avc: denied { kill } for comm="swapper/3" capability=5 scontext=u:r:kernel:s0 tcontext=u:r:kernel:s0 tclass=capability permissive=0
12-28 05:38:19.631 I/auditd ( 0): type=1400 audit(0.0:16058): avc: denied { kill } for comm="swapper/3" capability=5 scontext=u:r:kernel:s0 tcontext=u:r:kernel:s0 tclass=capability permissive=0
12-28 05:38:21.631 I/auditd ( 0): type=1400 audit(0.0:16059): avc: denied { kill } for comm="swapper/3" capability=5 scontext=u:r:kernel:s0 tcontext=u:r:kernel:s0 tclass=capability permissive=0
12-28 05:38:22.631 I/auditd ( 0): type=1400 audit(0.0:16060): avc: denied { kill } for comm="swapper/3" capability=5 scontext=u:r:kernel:s0 tcontext=u:r:kernel:s0 tclass=capability permissive=0
12-28 05:38:24.631 I/auditd ( 0): type=1400 audit(0.0:16061): avc: denied { kill } for comm="swapper/3" capability=5 scontext=u:r:kernel:s0 tcontext=u:r:kernel:s0 tclass=capability permissive=0
12-28 05:38:25.631 I/auditd ( 0): type=1400 audit(0.0:16062): avc: denied { kill } for comm="swapper/3" capability=5 scontext=u:r:kernel:s0 tcontext=u:r:kernel:s0 tclass=capability permissive=0
12-28 05:38:26.631 I/auditd ( 3990): type=1400 audit(0.0:16063): avc: denied { kill } for comm="kworker/u17:5" capability=5 scontext=u:r:kernel:s0 tcontext=u:r:kernel:s0 tclass=capability permissive=0
12-28 05:38:27.631 I/auditd ( 0): type=1400 audit(0.0:16064): avc: denied { kill } for comm="swapper/3" capability=5 scontext=u:r:kernel:s0 tcontext=u:r:kernel:s0 tclass=capability permissive=0
12-28 05:38:28.097 I/netstats_mobile_sample( 1508): [0,0,0,0,0,0,0,0,0,0,0,0,1672177108097]
12-28 05:38:28.098 I/netstats_wifi_sample( 1508): [6509732739,4899501,73501375,959902,6509732739,4899501,73501375,959902,6515945981,4958172,61031295,930167,1672177108097]
12-28 05:38:28.631 I/auditd ( 0): type=1400 audit(0.0:16065): avc: denied { kill } for comm="swapper/3" capability=5 scontext=u:r:kernel:s0 tcontext=u:r:kernel:s0 tclass=capability permissive=0
12-28 05:38:28.830 I/sysui_multi_action( 1508): [757,803,799,note_enqueued,802,58]
12-28 05:38:28.830 I/sysui_multi_action( 1508): [757,803,799,note_post,802,19]
12-28 05:38:28.830 I/sysui_multi_action( 1508): [757,803,799,note_update,802,23]
12-28 05:38:28.831 I/sysui_multi_action( 1508): [757,803,799,note_remove,802,12]
12-28 05:38:28.831 I/sysui_multi_action( 1508): [757,803,799,people_cache_hit,802,147]
12-28 05:38:28.831 I/sysui_multi_action( 1508): [757,803,799,note_with_actions,802,2]
12-28 05:38:28.832 I/sysui_multi_action( 1508): [757,803,799,note_private,802,38]
12-28 05:38:28.832 I/sysui_multi_action( 1508): [757,803,799,note_fg,802,5]
12-28 05:38:28.832 I/sysui_multi_action( 1508): [757,803,799,note_ongoing,802,12]
12-28 05:38:28.832 I/sysui_multi_action( 1508): [757,803,799,note_auto,802,11]
12-28 05:38:28.832 I/sysui_multi_action( 1508): [757,803,799,note_large_icon,802,16]
12-28 05:38:28.832 I/sysui_multi_action( 1508): [757,803,799,note_inbox,802,3]
12-28 05:38:28.834 I/sysui_multi_action( 1508): [757,803,799,note_media,802,1]
12-28 05:38:28.834 I/sysui_multi_action( 1508): [757,803,799,note_title,802,20]
12-28 05:38:28.834 I/sysui_multi_action( 1508): [757,803,799,note_text,802,17]
12-28 05:38:28.834 I/sysui_multi_action( 1508): [757,803,799,note_imp_noisy_default,802,34]
12-28 05:38:28.834 I/sysui_multi_action( 1508): [757,803,799,note_imp_noisy_high,802,8]
12-28 05:38:28.834 I/sysui_multi_action( 1508): [757,803,799,note_importance_min,802,1]
12-28 05:38:28.834 I/sysui_multi_action( 1508): [757,803,799,note_importance_low,802,8]
12-28 05:38:28.834 I/sysui_multi_action( 1508): [757,803,799,note_importance_default,802,20]
12-28 05:38:28.835 I/sysui_multi_action( 1508): [757,803,799,note_importance_high,802,13]
12-28 05:38:31.631 I/auditd ( 0): type=1400 audit(0.0:16066): avc: denied { kill } for comm="swapper/3" capability=5 scontext=u:r:kernel:s0 tcontext=u:r:kernel:s0 tclass=capability permissive=0
12-28 05:38:32.631 I/auditd ( 0): type=1400 audit(0.0:16067): avc: denied { kill } for comm="swapper/3" capability=5 scontext=u:r:kernel:s0 tcontext=u:r:kernel:s0 tclass=capability permissive=0
12-28 05:38:33.631 I/auditd ( 0): type=1400 audit(0.0:16068): avc: denied { kill } for comm="swapper/3" capability=5 scontext=u:r:kernel:s0 tcontext=u:r:kernel:s0 tclass=capability permissive=0
12-28 05:38:34.631 I/auditd ( 0): type=1400 audit(0.0:16069): avc: denied { kill } for comm="swapper/3" capability=5 scontext=u:r:kernel:s0 tcontext=u:r:kernel:s0 tclass=capability permissive=0
12-28 05:38:35.631 I/auditd ( 0): type=1400 audit(0.0:16070): avc: denied { kill } for comm="swapper/3" capability=5 scontext=u:r:kernel:s0 tcontext=u:r:kernel:s0 tclass=capability permissive=0
12-28 05:38:37.631 I/auditd ( 0): type=1400 audit(0.0:16071): avc: denied { kill } for comm="swapper/3" capability=5 scontext=u:r:kernel:s0 tcontext=u:r:kernel:s0 tclass=capability permissive=0
12-28 05:38:38.631 I/auditd ( 0): type=1400 audit(0.0:16072): avc: denied { kill } for comm="swapper/3" capability=5 scontext=u:r:kernel:s0 tcontext=u:r:kernel:s0 tclass=capability permissive=0
12-28 05:38:39.059 I/auditd ( 498): type=1401 audit(0.0:16073): op=security_compute_sid invalid_context=u:r:np_thundercomm_tlog_pstore:s0 scontext=u:r:init:s0 tcontext=u:object_r:np_thundercomm_tlog_pstore_exec:s0 tclass=process
12-28 05:38:39.631 I/auditd ( 0): type=1400 audit(0.0:16074): avc: denied { kill } for comm="swapper/3" capability=5 scontext=u:r:kernel:s0 tcontext=u:r:kernel:s0 tclass=capability permissive=0
12-28 05:38:40.631 I/auditd (29008): type=1400 audit(0.0:16075): avc: denied { kill } for comm="kworker/u17:2" capability=5 scontext=u:r:kernel:s0 tcontext=u:r:kernel:s0 tclass=capability permissive=0
12-28 05:38:41.631 I/auditd ( 0): type=1400 audit(0.0:16076): avc: denied { kill } for comm="swapper/0" capability=5 scontext=u:r:kernel:s0 tcontext=u:r:kernel:s0 tclass=capability permissive=0
12-28 05:38:42.631 I/auditd ( 0): type=1400 audit(0.0:16077): avc: denied { kill } for comm="swapper/0" capability=5 scontext=u:r:kernel:s0 tcontext=u:r:kernel:s0 tclass=capability permissive=0
12-28 05:38:43.631 I/auditd ( 0): type=1400 audit(0.0:16078): avc: denied { kill } for comm="swapper/0" capability=5 scontext=u:r:kernel:s0 tcontext=u:r:kernel:s0 tclass=capability permissive=0
12-28 05:38:46.631 I/auditd ( 0): type=1400 audit(0.0:16079): avc: denied { kill } for comm="swapper/3" capability=5 scontext=u:r:kernel:s0 tcontext=u:r:kernel:s0 tclass=capability permissive=0
12-28 05:38:47.631 I/auditd ( 0): type=1400 audit(0.0:16080): avc: denied { kill } for comm="swapper/3" capability=5 scontext=u:r:kernel:s0 tcontext=u:r:kernel:s0 tclass=capability permissive=0
12-28 05:38:48.631 I/auditd ( 0): type=1400 audit(0.0:16081): avc: denied { kill } for comm="swapper/3" capability=5 scontext=u:r:kernel:s0 tcontext=u:r:kernel:s0 tclass=capability permissive=0
12-28 05:38:49.631 I/auditd (16171): type=1400 audit(0.0:16082): avc: denied { kill } for comm="scheduler_threa" capability=5 scontext=u:r:kernel:s0 tcontext=u:r:kernel:s0 tclass=capability permissive=0
12-28 05:38:50.631 I/auditd ( 0): type=1400 audit(0.0:16083): avc: denied { kill } for comm="swapper/3" capability=5 scontext=u:r:kernel:s0 tcontext=u:r:kernel:s0 tclass=capability permissive=0
12-28 05:38:51.631 I/auditd ( 0): type=1400 audit(0.0:16084): avc: denied { kill } for comm="swapper/3" capability=5 scontext=u:r:kernel:s0 tcontext=u:r:kernel:s0 tclass=capability permissive=0
12-28 05:38:52.631 I/auditd ( 0): type=1400 audit(0.0:16085): avc: denied { kill } for comm="swapper/3" capability=5 scontext=u:r:kernel:s0 tcontext=u:r:kernel:s0 tclass=capability permissive=0
12-28 05:38:53.631 I/auditd ( 0): type=1400 audit(0.0:16086): avc: denied { kill } for comm="swapper/3" capability=5 scontext=u:r:kernel:s0 tcontext=u:r:kernel:s0 tclass=capability permissive=0
12-28 05:38:54.631 I/auditd ( 0): type=1400 audit(0.0:16087): avc: denied { kill } for comm="swapper/3" capability=5 scontext=u:r:kernel:s0 tcontext=u:r:kernel:s0 tclass=capability permissive=0
12-28 05:38:56.631 I/auditd ( 0): type=1400 audit(0.0:16088): avc: denied { kill } for comm="swapper/3" capability=5 scontext=u:r:kernel:s0 tcontext=u:r:kernel:s0 tclass=capability permissive=0
12-28 05:38:56.686 I/netstats_mobile_sample( 1508): [0,0,0,0,0,0,0,0,0,0,0,0,1672177136686]
12-28 05:38:56.686 I/netstats_wifi_sample( 1508): [6509846491,4899766,73616803,960175,6509846491,4899766,73616803,960175,6516096987,4958676,61089159,930306,1672177136686]
12-28 05:38:57.631 I/auditd ( 0): type=1400 audit(0.0:16089): avc: denied { kill } for comm="swapper/3" capability=5 scontext=u:r:kernel:s0 tcontext=u:r:kernel:s0 tclass=capability permissive=0
12-28 05:38:59.631 I/auditd ( 735): type=1400 audit(0.0:16090): avc: denied { kill } for comm="crtc_commit:125" capability=5 scontext=u:r:kernel:s0 tcontext=u:r:kernel:s0 tclass=capability permissive=0
12-28 05:39:00.631 I/auditd ( 0): type=1400 audit(0.0:16091): avc: denied { kill } for comm="swapper/3" capability=5 scontext=u:r:kernel:s0 tcontext=u:r:kernel:s0 tclass=capability permissive=0
12-28 05:39:01.631 I/auditd ( 0): type=1400 audit(0.0:16092): avc: denied { kill } for comm="swapper/2" capability=5 scontext=u:r:kernel:s0 tcontext=u:r:kernel:s0 tclass=capability permissive=0
12-28 05:39:03.631 I/auditd ( 0): type=1400 audit(0.0:16093): avc: denied { kill } for comm="swapper/1" capability=5 scontext=u:r:kernel:s0 tcontext=u:r:kernel:s0 tclass=capability permissive=0
12-28 05:39:04.631 I/auditd ( 0): type=1400 audit(0.0:16094): avc: denied { kill } for comm="swapper/1" capability=5 scontext=u:r:kernel:s0 tcontext=u:r:kernel:s0 tclass=capability permissive=0
12-28 05:39:06.631 I/auditd ( 0): type=1400 audit(0.0:16095): avc: denied { kill } for comm="swapper/1" capability=5 scontext=u:r:kernel:s0 tcontext=u:r:kernel:s0 tclass=capability permissive=0
12-28 05:39:07.326 I/am_pss ( 1508): [19889,10098,com.tencent.tmgp.sgame,823573504,791916544,54272,968114176,0,2,53]
12-28 05:39:07.631 I/auditd ( 0): type=1400 audit(0.0:16096): avc: denied { kill } for comm="swapper/1" capability=5 scontext=u:r:kernel:s0 tcontext=u:r:kernel:s0 tclass=capability permissive=0
12-28 05:39:08.631 I/auditd ( 0): type=1400 audit(0.0:16097): avc: denied { kill } for comm="swapper/1" capability=5 scontext=u:r:kernel:s0 tcontext=u:r:kernel:s0 tclass=capability permissive=0
12-28 05:39:09.631 I/auditd ( 0): type=1400 audit(0.0:16098): avc: denied { kill } for comm="swapper/1" capability=5 scontext=u:r:kernel:s0 tcontext=u:r:kernel:s0 tclass=capability permissive=0
12-28 05:39:10.631 I/auditd ( 0): type=1400 audit(0.0:16099): avc: denied { kill } for comm="swapper/1" capability=5 scontext=u:r:kernel:s0 tcontext=u:r:kernel:s0 tclass=capability permissive=0
12-28 05:39:11.631 I/auditd ( 0): type=1400 audit(0.0:16100): avc: denied { kill } for comm="swapper/1" capability=5 scontext=u:r:kernel:s0 tcontext=u:r:kernel:s0 tclass=capability permissive=0
12-28 05:39:14.631 I/auditd ( 0): type=1400 audit(0.0:16101): avc: denied { kill } for comm="swapper/2" capability=5 scontext=u:r:kernel:s0 tcontext=u:r:kernel:s0 tclass=capability permissive=0
12-28 05:39:15.631 I/auditd ( 0): type=1400 audit(0.0:16102): avc: denied { kill } for comm="swapper/2" capability=5 scontext=u:r:kernel:s0 tcontext=u:r:kernel:s0 tclass=capability permissive=0
12-28 05:39:16.631 I/auditd ( 0): type=1400 audit(0.0:16103): avc: denied { kill } for comm="swapper/2" capability=5 scontext=u:r:kernel:s0 tcontext=u:r:kernel:s0 tclass=capability permissive=0
12-28 05:39:18.352 I/input_interaction( 1508): Interaction with: 1a930c4 com.tencent.tmgp.sgame/com.tencent.tmgp.sgame.SGameActivity (server), edge-swipe (server), swipe-up (server), PointerEventDispatcher0 (server),
12-28 05:39:19.631 I/auditd (26232): type=1400 audit(0.0:16104): avc: denied { kill } for comm="kworker/u16:0" capability=5 scontext=u:r:kernel:s0 tcontext=u:r:kernel:s0 tclass=capability permissive=0
12-28 05:39:20.631 I/auditd ( 0): type=1400 audit(0.0:16105): avc: denied { kill } for comm="swapper/3" capability=5 scontext=u:r:kernel:s0 tcontext=u:r:kernel:s0 tclass=capability permissive=0
12-28 05:39:20.947 I/input_interaction( 1508): Interaction with: bfe8d4b gamemode.floatview (server), edge-swipe (server), swipe-up (server), PointerEventDispatcher0 (server),
12-28 05:39:22.631 I/auditd ( 0): type=1400 audit(0.0:16106): avc: denied { kill } for comm="swapper/3" capability=5 scontext=u:r:kernel:s0 tcontext=u:r:kernel:s0 tclass=capability permissive=0
12-28 05:39:22.766 I/input_interaction( 1508): Interaction with: 7f6084c gamemode.menuview (server), edge-swipe (server), swipe-up (server), PointerEventDispatcher0 (server),
12-28 05:39:22.914 I/am_uid_active( 1508): 10065
12-28 05:39:23.289 I/input_interaction( 1508): Interaction with: 1a930c4 com.tencent.tmgp.sgame/com.tencent.tmgp.sgame.SGameActivity (server), edge-swipe (server), swipe-up (server), PointerEventDispatcher0 (server),
12-28 05:39:23.631 I/auditd ( 0): type=1400 audit(0.0:16107): avc: denied { kill } for comm="swapper/3" capability=5 scontext=u:r:kernel:s0 tcontext=u:r:kernel:s0 tclass=capability permissive=0
12-28 05:39:25.340 I/wm_task_moved( 1508): [1,0,0]
12-28 05:39:25.341 I/wm_task_moved( 1508): [1,0,6]
12-28 05:39:25.367 I/wm_on_restart_called( 2857): [186653412,com.android.launcher3.uioverrides.QuickstepLauncher,performRestartActivity]
12-28 05:39:25.395 I/wm_on_start_called( 2857): [186653412,com.android.launcher3.uioverrides.QuickstepLauncher,handleStartActivity]
12-28 05:39:25.417 I/sysui_multi_action( 1508): [319,7,322,71,325,14479,757,761,758,9,759,5,806,com.android.launcher3,871,com.android.launcher3.uioverrides.QuickstepLauncher,905,0,1320,4,1321,1]
12-28 05:39:25.471 I/view_enqueue_input_event(19889): [Motion - Cancel,com.tencent.tmgp.sgame/com.tencent.tmgp.sgame.SGameActivity]
12-28 05:39:25.482 I/input_interaction( 1508): Interaction with: edge-swipe (server), swipe-up (server), PointerEventDispatcher0 (server),
12-28 05:39:25.500 I/sysui_latency( 2857): [1,83]
12-28 05:39:25.526 I/input_focus( 1508): [Focus request recents_animation_input_consumer,reason=UpdateInputWindows]
12-28 05:39:25.553 I/input_focus( 1508): [Focus leaving 1a930c4 com.tencent.tmgp.sgame/com.tencent.tmgp.sgame.SGameActivity (server),reason=NOT_FOCUSABLE]
12-28 05:39:25.554 I/input_focus( 1508): [Focus entering recents_animation_input_consumer (server),reason=setFocusedWindow]
12-28 05:39:25.597 I/commit_sys_config_file( 1508): [settings-1-0,4]
12-28 05:39:25.713 I/sysui_latency( 1508): [8,84]
12-28 05:39:26.036 I/wm_task_moved( 1508): [1,0,6]
12-28 05:39:26.037 I/wm_add_to_stopping( 1508): [0,186653412,com.android.launcher3/.uioverrides.QuickstepLauncher,makeInvisible]
12-28 05:39:26.041 I/input_focus( 1508): [Focus request 1a930c4 com.tencent.tmgp.sgame/com.tencent.tmgp.sgame.SGameActivity,reason=UpdateInputWindows]
12-28 05:39:26.042 I/wm_stop_activity( 1508): [0,186653412,com.android.launcher3/.uioverrides.QuickstepLauncher]
12-28 05:39:26.055 I/input_focus( 1508): [Focus leaving recents_animation_input_consumer (server),reason=NOT_VISIBLE]
12-28 05:39:26.055 I/input_focus( 1508): [Focus entering 1a930c4 com.tencent.tmgp.sgame/com.tencent.tmgp.sgame.SGameActivity (server),reason=setFocusedWindow]
12-28 05:39:26.060 I/am_pss ( 1508): [18317,1000,com.android.settings,140077056,122818560,59392,268795904,0,15,12]
12-28 05:39:26.092 I/wm_on_stop_called( 2857): [186653412,com.android.launcher3.uioverrides.QuickstepLauncher,STOP_ACTIVITY_ITEM]
12-28 05:39:26.283 I/commit_sys_config_file( 1508): [settings-1-0,5]
12-28 05:39:27.631 I/auditd ( 0): type=1400 audit(0.0:16108): avc: denied { kill } for comm="swapper/3" capability=5 scontext=u:r:kernel:s0 tcontext=u:r:kernel:s0 tclass=capability permissive=0
12-28 05:39:28.631 I/auditd (29008): type=1400 audit(0.0:16109): avc: denied { kill } for comm="kworker/u17:2" capability=5 scontext=u:r:kernel:s0 tcontext=u:r:kernel:s0 tclass=capability permissive=0
12-28 05:39:29.631 I/auditd ( 0): type=1400 audit(0.0:16110): avc: denied { kill } for comm="swapper/3" capability=5 scontext=u:r:kernel:s0 tcontext=u:r:kernel:s0 tclass=capability permissive=0
12-28 05:39:31.631 I/auditd ( 0): type=1400 audit(0.0:16111): avc: denied { kill } for comm="swapper/1" capability=5 scontext=u:r:kernel:s0 tcontext=u:r:kernel:s0 tclass=capability permissive=0
12-28 05:39:33.631 I/auditd ( 0): type=1400 audit(0.0:16112): avc: denied { kill } for comm="swapper/1" capability=5 scontext=u:r:kernel:s0 tcontext=u:r:kernel:s0 tclass=capability permissive=0
12-28 05:39:34.631 I/auditd (18940): type=1400 audit(0.0:16113): avc: denied { kill } for comm="kworker/u17:4" capability=5 scontext=u:r:kernel:s0 tcontext=u:r:kernel:s0 tclass=capability permissive=0
12-28 05:39:35.631 I/auditd ( 0): type=1400 audit(0.0:16114): avc: denied { kill } for comm="swapper/1" capability=5 scontext=u:r:kernel:s0 tcontext=u:r:kernel:s0 tclass=capability permissive=0
12-28 05:39:36.631 I/auditd ( 0): type=1400 audit(0.0:16115): avc: denied { kill } for comm="swapper/1" capability=5 scontext=u:r:kernel:s0 tcontext=u:r:kernel:s0 tclass=capability permissive=0
12-28 05:39:38.631 I/auditd ( 0): type=1400 audit(0.0:16116): avc: denied { kill } for comm="swapper/1" capability=5 scontext=u:r:kernel:s0 tcontext=u:r:kernel:s0 tclass=capability permissive=0
12-28 05:39:39.133 I/netstats_mobile_sample( 1508): [0,0,0,0,0,0,0,0,0,0,0,0,1672177179133]
12-28 05:39:39.133 I/netstats_wifi_sample( 1508): [6510028533,4900199,73791508,960606,6510028533,4900199,73791508,960606,6516338101,4959489,61182900,930547,1672177179133]
12-28 05:39:39.631 I/auditd ( 0): type=1400 audit(0.0:16117): avc: denied { kill } for comm="swapper/1" capability=5 scontext=u:r:kernel:s0 tcontext=u:r:kernel:s0 tclass=capability permissive=0
12-28 05:39:41.631 I/auditd ( 0): type=1400 audit(0.0:16118): avc: denied { kill } for comm="swapper/1" capability=5 scontext=u:r:kernel:s0 tcontext=u:r:kernel:s0 tclass=capability permissive=0
12-28 05:39:42.631 I/auditd ( 0): type=1400 audit(0.0:16119): avc: denied { kill } for comm="swapper/1" capability=5 scontext=u:r:kernel:s0 tcontext=u:r:kernel:s0 tclass=capability permissive=0
12-28 05:39:43.631 I/auditd ( 0): type=1400 audit(0.0:16120): avc: denied { kill } for comm="swapper/1" capability=5 scontext=u:r:kernel:s0 tcontext=u:r:kernel:s0 tclass=capability permissive=0
12-28 05:39:44.982 I/storage_state( 1508): [41217664-9172-527a-b3d5-edabb50a7d69,0,0,103484645376,118610538496]
12-28 05:39:45.631 I/auditd ( 0): type=1400 audit(0.0:16121): avc: denied { kill } for comm="swapper/1" capability=5 scontext=u:r:kernel:s0 tcontext=u:r:kernel:s0 tclass=capability permissive=0
12-28 05:39:47.631 I/auditd ( 0): type=1400 audit(0.0:16122): avc: denied { kill } for comm="swapper/3" capability=5 scontext=u:r:kernel:s0 tcontext=u:r:kernel:s0 tclass=capability permissive=0
12-28 05:39:50.631 I/auditd ( 0): type=1400 audit(0.0:16123): avc: denied { kill } for comm="swapper/3" capability=5 scontext=u:r:kernel:s0 tcontext=u:r:kernel:s0 tclass=capability permissive=0
12-28 05:39:51.631 I/auditd ( 0): type=1400 audit(0.0:16124): avc: denied { kill } for comm="swapper/3" capability=5 scontext=u:r:kernel:s0 tcontext=u:r:kernel:s0 tclass=capability permissive=0
12-28 05:39:53.631 I/auditd ( 0): type=1400 audit(0.0:16125): avc: denied { kill } for comm="swapper/3" capability=5 scontext=u:r:kernel:s0 tcontext=u:r:kernel:s0 tclass=capability permissive=0
12-28 05:39:54.631 I/auditd ( 0): type=1400 audit(0.0:16126): avc: denied { kill } for comm="swapper/0" capability=5 scontext=u:r:kernel:s0 tcontext=u:r:kernel:s0 tclass=capability permissive=0
12-28 05:39:55.631 I/auditd ( 0): type=1400 audit(0.0:16127): avc: denied { kill } for comm="swapper/0" capability=5 scontext=u:r:kernel:s0 tcontext=u:r:kernel:s0 tclass=capability permissive=0
12-28 05:39:57.631 I/auditd ( 0): type=1400 audit(0.0:16128): avc: denied { kill } for comm="swapper/0" capability=5 scontext=u:r:kernel:s0 tcontext=u:r:kernel:s0 tclass=capability permissive=0
