12-28 05:26:47.631 I/auditd ( 0): type=1400 audit(0.0:15396): avc: denied { kill } for comm="swapper/3" capability=5 scontext=u:r:kernel:s0 tcontext=u:r:kernel:s0 tclass=capability permissive=0
12-28 05:26:48.205 I/sqlite_mem_released( 2721): 0
12-28 05:26:48.205 I/force_gc( 2721): mem
12-28 05:26:49.631 I/auditd ( 0): type=1400 audit(0.0:15397): avc: denied { kill } for comm="swapper/3" capability=5 scontext=u:r:kernel:s0 tcontext=u:r:kernel:s0 tclass=capability permissive=0
12-28 05:26:50.352 I/input_interaction( 1508): Interaction with: 2711ce0 com.android.launcher3/com.android.launcher3.uioverrides.QuickstepLauncher (server), cd21bea com.android.systemui.ImageWallpaper (server), edge-swipe (server), swipe-up (server), PointerEventDispatcher0 (server),
12-28 05:26:50.358 I/sysui_multi_action( 1508): [757,1696,758,6,759,3]
12-28 05:26:50.360 I/am_wtf ( 1508): [0,1508,system_server,-1,DisplayDeviceConfig,requesting nits when no mapping exists.]
12-28 05:26:50.361 I/am_wtf ( 1508): [0,1508,system_server,-1,DisplayDeviceConfig,requesting nits when no mapping exists.]
12-28 05:26:50.376 I/am_wtf ( 1508): [0,1508,system_server,-1,DisplayDeviceConfig,requesting nits when no mapping exists.]
12-28 05:26:50.377 I/am_wtf ( 1508): [0,1508,system_server,-1,DisplayDeviceConfig,requesting nits when no mapping exists.]
12-28 05:26:50.387 I/am_wtf ( 1508): [0,1508,system_server,-1,DisplayDeviceConfig,requesting nits when no mapping exists.]
12-28 05:26:50.387 I/am_wtf ( 1508): [0,1508,system_server,-1,DisplayDeviceConfig,requesting nits when no mapping exists.]
12-28 05:26:50.404 I/am_wtf ( 1508): [0,1508,system_server,-1,DisplayDeviceConfig,requesting nits when no mapping exists.]
12-28 05:26:50.405 I/am_wtf ( 1508): [0,1508,system_server,-1,DisplayDeviceConfig,requesting nits when no mapping exists.]
12-28 05:26:50.421 I/am_wtf ( 1508): [0,1508,system_server,-1,DisplayDeviceConfig,requesting nits when no mapping exists.]
12-28 05:26:50.421 I/am_wtf ( 1508): [0,1508,system_server,-1,DisplayDeviceConfig,requesting nits when no mapping exists.]
12-28 05:26:50.437 I/am_wtf ( 1508): [0,1508,system_server,-1,DisplayDeviceConfig,requesting nits when no mapping exists.]
12-28 05:26:50.438 I/am_wtf ( 1508): [0,1508,system_server,-1,DisplayDeviceConfig,requesting nits when no mapping exists.]
12-28 05:26:50.454 I/am_wtf ( 1508): [0,1508,system_server,-1,DisplayDeviceConfig,requesting nits when no mapping exists.]
12-28 05:26:50.455 I/am_wtf ( 1508): [0,1508,system_server,-1,DisplayDeviceConfig,requesting nits when no mapping exists.]
12-28 05:26:50.472 I/am_wtf ( 1508): [0,1508,system_server,-1,DisplayDeviceConfig,requesting nits when no mapping exists.]
12-28 05:26:50.472 I/am_wtf ( 1508): [0,1508,system_server,-1,DisplayDeviceConfig,requesting nits when no mapping exists.]
12-28 05:26:50.488 I/am_wtf ( 1508): [0,1508,system_server,-1,DisplayDeviceConfig,requesting nits when no mapping exists.]
12-28 05:26:50.489 I/am_wtf ( 1508): [0,1508,system_server,-1,DisplayDeviceConfig,requesting nits when no mapping exists.]
12-28 05:26:50.505 I/am_wtf ( 1508): [0,1508,system_server,-1,DisplayDeviceConfig,requesting nits when no mapping exists.]
12-28 05:26:50.506 I/am_wtf ( 1508): [0,1508,system_server,-1,DisplayDeviceConfig,requesting nits when no mapping exists.]
12-28 05:26:50.521 I/view_enqueue_input_event( 2857): [Motion - Cancel,com.android.launcher3/com.android.launcher3.uioverrides.QuickstepLauncher]
12-28 05:26:50.524 I/am_wtf ( 1508): [0,1508,system_server,-1,DisplayDeviceConfig,requesting nits when no mapping exists.]
12-28 05:26:50.524 I/am_wtf ( 1508): [0,1508,system_server,-1,DisplayDeviceConfig,requesting nits when no mapping exists.]
12-28 05:26:50.528 I/input_interaction( 1508): Interaction with: edge-swipe (server), swipe-up (server), PointerEventDispatcher0 (server),
12-28 05:26:50.538 I/am_wtf ( 1508): [0,1508,system_server,-1,DisplayDeviceConfig,requesting nits when no mapping exists.]
12-28 05:26:50.540 I/am_wtf ( 1508): [0,1508,system_server,-1,DisplayDeviceConfig,requesting nits when no mapping exists.]
12-28 05:26:50.555 I/am_wtf ( 1508): [0,1508,system_server,-1,DisplayDeviceConfig,requesting nits when no mapping exists.]
12-28 05:26:50.556 I/am_wtf ( 1508): [0,1508,system_server,-1,DisplayDeviceConfig,requesting nits when no mapping exists.]
12-28 05:26:50.573 I/am_wtf ( 1508): [0,1508,system_server,-1,DisplayDeviceConfig,requesting nits when no mapping exists.]
12-28 05:26:50.573 I/am_wtf ( 1508): [0,1508,system_server,-1,DisplayDeviceConfig,requesting nits when no mapping exists.]
12-28 05:26:50.589 I/am_wtf ( 1508): [0,1508,system_server,-1,DisplayDeviceConfig,requesting nits when no mapping exists.]
12-28 05:26:50.589 I/am_wtf ( 1508): [0,1508,system_server,-1,DisplayDeviceConfig,requesting nits when no mapping exists.]
12-28 05:26:50.605 I/am_wtf ( 1508): [0,1508,system_server,-1,DisplayDeviceConfig,requesting nits when no mapping exists.]
12-28 05:26:50.606 I/am_wtf ( 1508): [0,1508,system_server,-1,DisplayDeviceConfig,requesting nits when no mapping exists.]
12-28 05:26:50.622 I/am_wtf ( 1508): [0,1508,system_server,-1,DisplayDeviceConfig,requesting nits when no mapping exists.]
12-28 05:26:50.623 I/am_wtf ( 1508): [0,1508,system_server,-1,DisplayDeviceConfig,requesting nits when no mapping exists.]
12-28 05:26:50.638 I/am_wtf ( 1508): [0,1508,system_server,-1,DisplayDeviceConfig,requesting nits when no mapping exists.]
12-28 05:26:50.639 I/am_wtf ( 1508): [0,1508,system_server,-1,DisplayDeviceConfig,requesting nits when no mapping exists.]
12-28 05:26:50.655 I/am_wtf ( 1508): [0,1508,system_server,-1,DisplayDeviceConfig,requesting nits when no mapping exists.]
12-28 05:26:50.656 I/am_wtf ( 1508): [0,1508,system_server,-1,DisplayDeviceConfig,requesting nits when no mapping exists.]
12-28 05:26:50.672 I/am_wtf ( 1508): [0,1508,system_server,-1,DisplayDeviceConfig,requesting nits when no mapping exists.]
12-28 05:26:50.672 I/am_wtf ( 1508): [0,1508,system_server,-1,DisplayDeviceConfig,requesting nits when no mapping exists.]
12-28 05:26:50.688 I/am_wtf ( 1508): [0,1508,system_server,-1,DisplayDeviceConfig,requesting nits when no mapping exists.]
12-28 05:26:50.689 I/am_wtf ( 1508): [0,1508,system_server,-1,DisplayDeviceConfig,requesting nits when no mapping exists.]
12-28 05:26:50.698 I/commit_sys_config_file( 1508): [settings-1-0,6]
12-28 05:26:50.705 I/am_wtf ( 1508): [0,1508,system_server,-1,DisplayDeviceConfig,requesting nits when no mapping exists.]
12-28 05:26:50.706 I/am_wtf ( 1508): [0,1508,system_server,-1,DisplayDeviceConfig,requesting nits when no mapping exists.]
12-28 05:26:50.722 I/am_wtf ( 1508): [0,1508,system_server,-1,DisplayDeviceConfig,requesting nits when no mapping exists.]
12-28 05:26:50.722 I/am_wtf ( 1508): [0,1508,system_server,-1,DisplayDeviceConfig,requesting nits when no mapping exists.]
12-28 05:26:50.738 I/am_wtf ( 1508): [0,1508,system_server,-1,DisplayDeviceConfig,requesting nits when no mapping exists.]
12-28 05:26:50.739 I/am_wtf ( 1508): [0,1508,system_server,-1,DisplayDeviceConfig,requesting nits when no mapping exists.]
12-28 05:26:50.755 I/am_wtf ( 1508): [0,1508,system_server,-1,DisplayDeviceConfig,requesting nits when no mapping exists.]
12-28 05:26:50.756 I/am_wtf ( 1508): [0,1508,system_server,-1,DisplayDeviceConfig,requesting nits when no mapping exists.]
12-28 05:26:50.772 I/am_wtf ( 1508): [0,1508,system_server,-1,DisplayDeviceConfig,requesting nits when no mapping exists.]
12-28 05:26:50.772 I/am_wtf ( 1508): [0,1508,system_server,-1,DisplayDeviceConfig,requesting nits when no mapping exists.]
12-28 05:26:50.788 I/am_wtf ( 1508): [0,1508,system_server,-1,DisplayDeviceConfig,requesting nits when no mapping exists.]
12-28 05:26:50.790 I/am_wtf ( 1508): [0,1508,system_server,-1,DisplayDeviceConfig,requesting nits when no mapping exists.]
12-28 05:26:50.805 I/am_wtf ( 1508): [0,1508,system_server,-1,DisplayDeviceConfig,requesting nits when no mapping exists.]
12-28 05:26:50.806 I/am_wtf ( 1508): [0,1508,system_server,-1,DisplayDeviceConfig,requesting nits when no mapping exists.]
12-28 05:26:50.822 I/am_wtf ( 1508): [0,1508,system_server,-1,DisplayDeviceConfig,requesting nits when no mapping exists.]
12-28 05:26:50.822 I/am_wtf ( 1508): [0,1508,system_server,-1,DisplayDeviceConfig,requesting nits when no mapping exists.]
12-28 05:26:50.838 I/am_wtf ( 1508): [0,1508,system_server,-1,DisplayDeviceConfig,requesting nits when no mapping exists.]
12-28 05:26:50.839 I/am_wtf ( 1508): [0,1508,system_server,-1,DisplayDeviceConfig,requesting nits when no mapping exists.]
12-28 05:26:50.855 I/am_wtf ( 1508): [0,1508,system_server,-1,DisplayDeviceConfig,requesting nits when no mapping exists.]
12-28 05:26:50.857 I/am_wtf ( 1508): [0,1508,system_server,-1,DisplayDeviceConfig,requesting nits when no mapping exists.]
12-28 05:26:50.872 I/am_wtf ( 1508): [0,1508,system_server,-1,DisplayDeviceConfig,requesting nits when no mapping exists.]
12-28 05:26:50.873 I/am_wtf ( 1508): [0,1508,system_server,-1,DisplayDeviceConfig,requesting nits when no mapping exists.]
12-28 05:26:50.889 I/am_wtf ( 1508): [0,1508,system_server,-1,DisplayDeviceConfig,requesting nits when no mapping exists.]
12-28 05:26:50.889 I/am_wtf ( 1508): [0,1508,system_server,-1,DisplayDeviceConfig,requesting nits when no mapping exists.]
12-28 05:26:50.905 I/am_wtf ( 1508): [0,1508,system_server,-1,DisplayDeviceConfig,requesting nits when no mapping exists.]
12-28 05:26:50.906 I/am_wtf ( 1508): [0,1508,system_server,-1,DisplayDeviceConfig,requesting nits when no mapping exists.]
12-28 05:26:50.922 I/am_wtf ( 1508): [0,1508,system_server,-1,DisplayDeviceConfig,requesting nits when no mapping exists.]
12-28 05:26:50.923 I/am_wtf ( 1508): [0,1508,system_server,-1,DisplayDeviceConfig,requesting nits when no mapping exists.]
12-28 05:26:50.939 I/am_wtf ( 1508): [0,1508,system_server,-1,DisplayDeviceConfig,requesting nits when no mapping exists.]
12-28 05:26:50.940 I/am_wtf ( 1508): [0,1508,system_server,-1,DisplayDeviceConfig,requesting nits when no mapping exists.]
12-28 05:26:50.956 I/am_wtf ( 1508): [0,1508,system_server,-1,DisplayDeviceConfig,requesting nits when no mapping exists.]
12-28 05:26:50.957 I/am_wtf ( 1508): [0,1508,system_server,-1,DisplayDeviceConfig,requesting nits when no mapping exists.]
12-28 05:26:50.973 I/am_wtf ( 1508): [0,1508,system_server,-1,DisplayDeviceConfig,requesting nits when no mapping exists.]
12-28 05:26:50.973 I/am_wtf ( 1508): [0,1508,system_server,-1,DisplayDeviceConfig,requesting nits when no mapping exists.]
12-28 05:26:50.990 I/am_wtf ( 1508): [0,1508,system_server,-1,DisplayDeviceConfig,requesting nits when no mapping exists.]
12-28 05:26:50.991 I/am_wtf ( 1508): [0,1508,system_server,-1,DisplayDeviceConfig,requesting nits when no mapping exists.]
12-28 05:26:51.006 I/am_wtf ( 1508): [0,1508,system_server,-1,DisplayDeviceConfig,requesting nits when no mapping exists.]
12-28 05:26:51.007 I/am_wtf ( 1508): [0,1508,system_server,-1,DisplayDeviceConfig,requesting nits when no mapping exists.]
12-28 05:26:51.023 I/am_wtf ( 1508): [0,1508,system_server,-1,DisplayDeviceConfig,requesting nits when no mapping exists.]
12-28 05:26:51.023 I/am_wtf ( 1508): [0,1508,system_server,-1,DisplayDeviceConfig,requesting nits when no mapping exists.]
12-28 05:26:51.046 I/am_wtf ( 1508): [0,1508,system_server,-1,DisplayDeviceConfig,requesting nits when no mapping exists.]
12-28 05:26:51.047 I/am_wtf ( 1508): [0,1508,system_server,-1,DisplayDeviceConfig,requesting nits when no mapping exists.]
12-28 05:26:51.058 I/am_wtf ( 1508): [0,1508,system_server,-1,DisplayDeviceConfig,requesting nits when no mapping exists.]
12-28 05:26:51.059 I/am_wtf ( 1508): [0,1508,system_server,-1,DisplayDeviceConfig,requesting nits when no mapping exists.]
12-28 05:26:51.073 I/am_wtf ( 1508): [0,1508,system_server,-1,DisplayDeviceConfig,requesting nits when no mapping exists.]
12-28 05:26:51.073 I/am_wtf ( 1508): [0,1508,system_server,-1,DisplayDeviceConfig,requesting nits when no mapping exists.]
12-28 05:26:51.090 I/am_wtf ( 1508): [0,1508,system_server,-1,DisplayDeviceConfig,requesting nits when no mapping exists.]
12-28 05:26:51.091 I/am_wtf ( 1508): [0,1508,system_server,-1,DisplayDeviceConfig,requesting nits when no mapping exists.]
12-28 05:26:51.107 I/am_wtf ( 1508): [0,1508,system_server,-1,DisplayDeviceConfig,requesting nits when no mapping exists.]
12-28 05:26:51.108 I/am_wtf ( 1508): [0,1508,system_server,-1,DisplayDeviceConfig,requesting nits when no mapping exists.]
12-28 05:26:51.124 I/am_wtf ( 1508): [0,1508,system_server,-1,DisplayDeviceConfig,requesting nits when no mapping exists.]
12-28 05:26:51.124 I/am_wtf ( 1508): [0,1508,system_server,-1,DisplayDeviceConfig,requesting nits when no mapping exists.]
12-28 05:26:51.133 I/commit_sys_config_file( 1508): [settings-1-0,4]
12-28 05:26:51.142 I/am_wtf ( 1508): [0,1508,system_server,-1,DisplayDeviceConfig,requesting nits when no mapping exists.]
12-28 05:26:51.142 I/am_wtf ( 1508): [0,1508,system_server,-1,DisplayDeviceConfig,requesting nits when no mapping exists.]
12-28 05:26:51.156 I/am_wtf ( 1508): [0,1508,system_server,-1,DisplayDeviceConfig,requesting nits when no mapping exists.]
12-28 05:26:51.157 I/am_wtf ( 1508): [0,1508,system_server,-1,DisplayDeviceConfig,requesting nits when no mapping exists.]
12-28 05:26:51.173 I/am_wtf ( 1508): [0,1508,system_server,-1,DisplayDeviceConfig,requesting nits when no mapping exists.]
12-28 05:26:51.174 I/am_wtf ( 1508): [0,1508,system_server,-1,DisplayDeviceConfig,requesting nits when no mapping exists.]
12-28 05:26:51.193 I/am_wtf ( 1508): [0,1508,system_server,-1,DisplayDeviceConfig,requesting nits when no mapping exists.]
12-28 05:26:51.194 I/am_wtf ( 1508): [0,1508,system_server,-1,DisplayDeviceConfig,requesting nits when no mapping exists.]
12-28 05:26:51.207 I/am_wtf ( 1508): [0,1508,system_server,-1,DisplayDeviceConfig,requesting nits when no mapping exists.]
12-28 05:26:51.207 I/am_wtf ( 1508): [0,1508,system_server,-1,DisplayDeviceConfig,requesting nits when no mapping exists.]
12-28 05:26:51.227 I/am_wtf ( 1508): [0,1508,system_server,-1,DisplayDeviceConfig,requesting nits when no mapping exists.]
12-28 05:26:51.228 I/am_wtf ( 1508): [0,1508,system_server,-1,DisplayDeviceConfig,requesting nits when no mapping exists.]
12-28 05:26:51.240 I/am_wtf ( 1508): [0,1508,system_server,-1,DisplayDeviceConfig,requesting nits when no mapping exists.]
12-28 05:26:51.241 I/am_wtf ( 1508): [0,1508,system_server,-1,DisplayDeviceConfig,requesting nits when no mapping exists.]
12-28 05:26:51.257 I/am_wtf ( 1508): [0,1508,system_server,-1,DisplayDeviceConfig,requesting nits when no mapping exists.]
12-28 05:26:51.258 I/am_wtf ( 1508): [0,1508,system_server,-1,DisplayDeviceConfig,requesting nits when no mapping exists.]
12-28 05:26:51.274 I/am_wtf ( 1508): [0,1508,system_server,-1,DisplayDeviceConfig,requesting nits when no mapping exists.]
12-28 05:26:51.277 I/service_manager_stats( 1508): [148,70,5016]
12-28 05:26:51.278 I/am_wtf ( 1508): [0,1508,system_server,-1,DisplayDeviceConfig,requesting nits when no mapping exists.]
12-28 05:26:51.290 I/am_wtf ( 1508): [0,1508,system_server,-1,DisplayDeviceConfig,requesting nits when no mapping exists.]
12-28 05:26:51.294 I/am_wtf ( 1508): [0,1508,system_server,-1,DisplayDeviceConfig,requesting nits when no mapping exists.]
12-28 05:26:51.306 I/am_wtf ( 1508): [0,1508,system_server,-1,DisplayDeviceConfig,requesting nits when no mapping exists.]
12-28 05:26:51.307 I/am_wtf ( 1508): [0,1508,system_server,-1,DisplayDeviceConfig,requesting nits when no mapping exists.]
12-28 05:26:51.820 I/input_interaction( 1508): Interaction with: 2711ce0 com.android.launcher3/com.android.launcher3.uioverrides.QuickstepLauncher (server), cd21bea com.android.systemui.ImageWallpaper (server), edge-swipe (server), swipe-up (server), PointerEventDispatcher0 (server),
12-28 05:26:52.610 I/wm_finish_activity( 1508): [0,159006092,40,com.tencent.tmgp.sgame/.SGameActivity,remove-task]
12-28 05:26:52.611 I/wm_destroy_activity( 1508): [0,159006092,40,com.tencent.tmgp.sgame/.SGameActivity,finish-imm:finishIfPossible]
12-28 05:26:52.618 I/am_kill ( 1508): [0,4168,com.tencent.tmgp.sgame,700,remove task]
12-28 05:26:52.623 I/am_kill ( 1508): [0,15122,com.tencent.tmgp.sgame:tgaPlugin,700,remove task]
12-28 05:26:52.624 I/sysui_multi_action( 1508): [757,803,799,window_time_0,802,59]
12-28 05:26:52.625 I/am_kill ( 1508): [0,4205,com.tencent.tmgp.sgame:xg_vip_service,500,remove task]
12-28 05:26:52.631 I/auditd ( 0): type=1400 audit(0.0:15398): avc: denied { kill } for comm="swapper/3" capability=5 scontext=u:r:kernel:s0 tcontext=u:r:kernel:s0 tclass=capability permissive=0
12-28 05:26:52.651 I/am_proc_died( 1508): [0,4205,com.tencent.tmgp.sgame:xg_vip_service,500,10]
12-28 05:26:52.653 I/am_schedule_service_restart( 1508): [0,com.tencent.tmgp.sgame/com.tencent.android.tpush.service.XGVipPushService,1000]
12-28 05:26:52.677 I/am_pss ( 1508): [17587,10097,com.tencent.mm:push,127473664,45727744,56320,304357376,0,10,14]
12-28 05:26:52.683 I/am_pss ( 1508): [17222,10093,com.android.permissioncontroller,11715584,8691712,56320,95916032,0,19,5]
12-28 05:26:52.689 I/am_pss ( 1508): [17153,10064,com.android.calendar,7308288,4894720,56320,87101440,0,19,4]
12-28 05:26:52.690 I/am_proc_died( 1508): [0,15122,com.tencent.tmgp.sgame:tgaPlugin,700,10]
12-28 05:26:52.691 I/am_schedule_service_restart( 1508): [0,com.tencent.tmgp.sgame/com.tencent.tga.livesdk.service.plugin.PluginProcessService,10962]
12-28 05:26:52.695 I/am_pss ( 1508): [17127,10067,com.android.deskclock,8426496,5869568,56320,89579520,0,19,5]
12-28 05:26:52.702 I/am_pss ( 1508): [17114,10069,com.android.gallery3d,7991296,5525504,56320,88227840,0,19,5]
12-28 05:26:52.708 I/am_pss ( 1508): [17100,10084,com.android.music,7413760,4825088,56320,86061056,0,19,6]
12-28 05:26:52.715 I/am_pss ( 1508): [17099,10030,com.microsoft.emmx,41164800,35381248,56320,134615040,0,19,7]
12-28 05:26:52.721 I/am_pss ( 1508): [3989,10065,com.thundercomm.gamemode.provider,8465408,4800512,1264640,87445504,0,19,5]
12-28 05:26:53.044 I/am_proc_died( 1508): [0,4168,com.tencent.tmgp.sgame,700,15]
12-28 05:26:53.052 I/am_uid_stopped( 1508): 10098
12-28 05:26:53.054 I/wm_task_removed( 1508): [40,removeChild:removeChild last r=ActivityRecord{97a3d8c u0 com.tencent.tmgp.sgame/.SGameActivity t-1 f}} in t=Task{d3f8db6 #40 type=standard A=10098:com.tencent.tmgp.sgame U=0 visible=false mode=fullscreen translucent=true sz=0}]
12-28 05:26:53.054 I/wm_task_removed( 1508): [40,removeChild]
12-28 05:26:53.631 I/auditd ( 0): type=1400 audit(0.0:15399): avc: denied { kill } for comm="swapper/3" capability=5 scontext=u:r:kernel:s0 tcontext=u:r:kernel:s0 tclass=capability permissive=0
12-28 05:26:53.882 I/wm_task_created( 1508): [62,-1]
12-28 05:26:53.884 I/wm_task_moved( 1508): [62,1,6]
12-28 05:26:53.884 I/wm_task_to_front( 1508): [0,62]
12-28 05:26:53.884 I/wm_create_task( 1508): [0,62]
12-28 05:26:53.884 I/wm_create_activity( 1508): [0,165464598,62,com.android.settings/.Settings,android.intent.action.MAIN,NULL,NULL,270532608]
12-28 05:26:53.884 I/wm_task_moved( 1508): [62,1,6]
12-28 05:26:53.885 I/wm_pause_activity( 1508): [0,186653412,com.android.launcher3/.uioverrides.QuickstepLauncher,userLeaving=true,pauseBackTasks]
12-28 05:26:53.887 I/wm_on_top_resumed_lost_called( 2857): [186653412,com.android.launcher3.uioverrides.QuickstepLauncher,topStateChangedWhenResumed]
12-28 05:26:53.889 I/wm_on_paused_called( 2857): [186653412,com.android.launcher3.uioverrides.QuickstepLauncher,performPause]
12-28 05:26:53.890 I/wm_add_to_stopping( 1508): [0,186653412,com.android.launcher3/.uioverrides.QuickstepLauncher,makeInvisible]
12-28 05:26:53.893 I/sysui_multi_action( 1508): [757,803,799,window_time_0,802,2]
12-28 05:26:53.897 I/am_proc_start( 1508): [0,18317,1000,com.android.settings,pre-top-activity,{com.android.settings/com.android.settings.Settings}]
12-28 05:26:53.910 I/am_proc_bound( 1508): [0,18317,com.android.settings]
12-28 05:26:53.913 I/wm_restart_activity( 1508): [0,165464598,62,com.android.settings/.Settings]
12-28 05:26:53.914 I/wm_set_resumed_activity( 1508): [0,com.android.settings/.Settings,minimalResumeActivityLocked]
12-28 05:26:53.914 I/input_focus( 1508): [Focus leaving 2711ce0 com.android.launcher3/com.android.launcher3.uioverrides.QuickstepLauncher (server),reason=NO_WINDOW]
12-28 05:26:53.917 I/am_pss ( 1508): [17763,10097,com.tencent.mm,278337536,191975424,49152,464531456,0,10,23]
12-28 05:26:53.959 I/am_wtf ( 1508): [0,18317,com.android.settings,952647173,RoleParser,com.android.permissioncontroller.role.model.AssistantRoleBehavior]
12-28 05:26:53.960 I/am_wtf ( 1508): [0,18317,com.android.settings,952647173,RoleParser,com.android.permissioncontroller.role.model.BrowserRoleBehavior]
12-28 05:26:53.961 I/am_wtf ( 1508): [0,18317,com.android.settings,952647173,RoleParser,com.android.permissioncontroller.role.model.DialerRoleBehavior]
12-28 05:26:53.961 I/am_wtf ( 1508): [0,18317,com.android.settings,952647173,RoleParser,com.android.permissioncontroller.role.model.SmsRoleBehavior]
12-28 05:26:53.962 I/am_wtf ( 1508): [0,18317,com.android.settings,952647173,RoleParser,com.android.permissioncontroller.role.model.EmergencyRoleBehavior]
12-28 05:26:53.963 I/am_wtf ( 1508): [0,18317,com.android.settings,952647173,RoleParser,com.android.permissioncontroller.role.model.HomeRoleBehavior]
12-28 05:26:53.964 I/am_wtf ( 1508): [0,18317,com.android.settings,952647173,RoleParser,com.android.permissioncontroller.role.model.SystemAutomotiveClusterRoleBehavior]
12-28 05:26:53.964 I/am_wtf ( 1508): [0,18317,com.android.settings,952647173,RoleParser,com.android.permissioncontroller.role.model.CompanionDeviceWatchRoleBehavior]
12-28 05:26:53.965 I/am_wtf ( 1508): [0,18317,com.android.settings,952647173,RoleParser,com.android.permissioncontroller.role.model.SystemShellRoleBehavior]
12-28 05:26:53.965 I/am_wtf ( 1508): [0,18317,com.android.settings,952647173,RoleParser,com.android.permissioncontroller.role.model.TelevisionRoleBehavior]
12-28 05:26:53.966 I/am_wtf ( 1508): [0,18317,com.android.settings,952647173,RoleParser,com.android.permissioncontroller.role.model.TelevisionRoleBehavior]
12-28 05:26:54.099 I/am_uid_running( 1508): 10086
12-28 05:26:54.103 I/am_proc_start( 1508): [0,18344,10086,com.qualcomm.qti.qccauthmgr,content provider,{com.qualcomm.qti.qccauthmgr/com.qualcomm.qti.qccauthmgr.providers.SMQContentProvider}]
12-28 05:26:54.108 I/wm_on_create_called(18317): [165464598,com.android.settings.Settings,performCreate]
12-28 05:26:54.114 I/am_proc_bound( 1508): [0,18344,com.qualcomm.qti.qccauthmgr]
12-28 05:26:54.115 I/am_uid_active( 1508): 10086
12-28 05:26:54.141 I/wm_on_start_called(18317): [165464598,com.android.settings.Settings,handleStartActivity]
12-28 05:26:54.142 I/snet_event_log(18317): [120484087,-1,]
12-28 05:26:54.143 I/wm_on_resume_called(18317): [165464598,com.android.settings.Settings,RESUME_ACTIVITY]
12-28 05:26:54.144 I/sysui_multi_action(18317): [757,35,758,1,833,0,1089,34]
12-28 05:26:54.151 I/sysui_multi_action(18317): [757,1729,758,4,854,isParalleledControllers:false,1089,41]
12-28 05:26:54.155 I/wm_on_top_resumed_gained_called(18317): [165464598,com.android.settings.Settings,topStateChangedWhenResumed]
12-28 05:26:54.155 I/auditd ( 562): type=1400 audit(0.0:15400): avc: denied { read } for comm="Binder:562_2" name="wakeup58" dev="sysfs" ino=71711 scontext=u:r:system_suspend:s0 tcontext=u:object_r:sysfs:s0 tclass=dir permissive=0
12-28 05:26:54.155 I/auditd ( 562): type=1400 audit(0.0:15401): avc: denied { read } for comm="Binder:562_2" name="wakeup48" dev="sysfs" ino=67402 scontext=u:r:system_suspend:s0 tcontext=u:object_r:sysfs:s0 tclass=dir permissive=0
12-28 05:26:54.155 I/auditd ( 562): type=1400 audit(0.0:15402): avc: denied { read } for comm="Binder:562_2" name="wakeup4" dev="sysfs" ino=47049 scontext=u:r:system_suspend:s0 tcontext=u:object_r:sysfs:s0 tclass=dir permissive=0
12-28 05:26:54.155 I/auditd ( 562): type=1400 audit(0.0:15403): avc: denied { read } for comm="Binder:562_2" name="wakeup76" dev="sysfs" ino=76616 scontext=u:r:system_suspend:s0 tcontext=u:object_r:sysfs:s0 tclass=dir permissive=0
12-28 05:26:54.155 I/auditd ( 562): type=1400 audit(0.0:15404): avc: denied { read } for comm="Binder:562_2" name="wakeup28" dev="sysfs" ino=53254 scontext=u:r:system_suspend:s0 tcontext=u:object_r:sysfs:s0 tclass=dir permissive=0
12-28 05:26:54.155 I/auditd ( 562): type=1400 audit(0.0:15405): avc: denied { read } for comm="Binder:562_2" name="wakeup56" dev="sysfs" ino=71639 scontext=u:r:system_suspend:s0 tcontext=u:object_r:sysfs:s0 tclass=dir permissive=0
12-28 05:26:54.155 I/auditd ( 562): type=1400 audit(0.0:15406): avc: denied { read } for comm="Binder:562_2" name="wakeup2" dev="sysfs" ino=46573 scontext=u:r:system_suspend:s0 tcontext=u:object_r:sysfs:s0 tclass=dir permissive=0
12-28 05:26:54.182 I/input_focus( 1508): [Focus request 1f91603 com.android.settings/com.android.settings.Settings,reason=UpdateInputWindows]
12-28 05:26:54.232 I/sysui_multi_action( 1508): [324,0,757,1090,758,12,806,com.android.settings,871,com.android.settings.Settings,1091,556]
12-28 05:26:54.237 I/sysui_multi_action( 1508): [319,227,321,225,322,556,325,13727,757,761,758,7,759,1,806,com.android.settings,871,com.android.settings.Settings,904,com.android.launcher3,905,0,945,235,1320,8,1321,5]
12-28 05:26:54.238 I/wm_activity_launch_time( 1508): [0,165464598,com.android.settings/.Settings,556]
12-28 05:26:54.248 I/input_focus( 1508): [Focus entering 1f91603 com.android.settings/com.android.settings.Settings (server),reason=Window became focusable. Previous reason: NOT_VISIBLE]
12-28 05:26:54.261 W/CarrierConfigManager(18317): Error getting config for subId -1 ICarrierConfigLoader is null
12-28 05:26:54.288 I/sysui_multi_action(18317): [757,746,758,1,833,0,1089,37]
12-28 05:26:54.289 D/TelephonyRegistry( 1508): listen oscl: mHasNotifySubscriptionInfoChangedOccurred==false no callback
12-28 05:26:54.293 D/TelephonyRegistry( 1508): listen oscl: mHasNotifySubscriptionInfoChangedOccurred==false no callback
12-28 05:26:54.299 I/sysui_multi_action(18317): [757,1729,758,4,854,isParalleledControllers:false,1089,48]
12-28 05:26:54.432 I/wm_stop_activity( 1508): [0,186653412,com.android.launcher3/.uioverrides.QuickstepLauncher]
12-28 05:26:54.450 I/wm_on_stop_called( 2857): [186653412,com.android.launcher3.uioverrides.QuickstepLauncher,STOP_ACTIVITY_ITEM]
12-28 05:26:54.888 I/input_interaction( 1508): Interaction with: 1f91603 com.android.settings/com.android.settings.Settings (server), edge-swipe (server), swipe-up (server), PointerEventDispatcher0 (server),
12-28 05:26:55.331 I/netstats_mobile_sample( 1508): [0,0,0,0,0,0,0,0,0,0,0,0,1672176415331]
12-28 05:26:55.331 I/netstats_wifi_sample( 1508): [6505875844,4891261,70515914,951726,6505875844,4891261,70515914,951726,6511172314,4944044,59379088,925109,1672176415331]
12-28 05:26:55.631 I/auditd ( 0): type=1400 audit(0.0:15501): avc: denied { kill } for comm="swapper/3" capability=5 scontext=u:r:kernel:s0 tcontext=u:r:kernel:s0 tclass=capability permissive=0
12-28 05:26:55.802 I/sysui_multi_action(18317): [757,830,758,4,833,0,854,top_level_about_device,1089,0]
12-28 05:26:55.928 I/sysui_multi_action(18317): [757,746,758,2,1089,1640]
12-28 05:26:55.994 I/sysui_multi_action(18317): [757,40,758,1,833,0,1089,47]
12-28 05:26:55.995 W/FeatureConnector(18317): [ImsConnector, 0] connect: not supported.
12-28 05:26:55.996 I/sysui_multi_action(18317): [757,1729,758,4,854,isParalleledControllers:false,1089,49]
12-28 05:26:56.343 I/liblog ( 1309): 28
12-28 05:26:56.521 I/sysui_multi_action(18317): [757,830,758,4,833,0,854,top_level_game,1089,0]
12-28 05:26:56.623 I/sysui_multi_action(18317): [757,40,758,2,1089,628]
12-28 05:26:56.631 I/auditd ( 0): type=1400 audit(0.0:15502): avc: denied { kill } for comm="swapper/3" capability=5 scontext=u:r:kernel:s0 tcontext=u:r:kernel:s0 tclass=capability permissive=0
12-28 05:26:56.648 I/sysui_multi_action(18317): [757,3000,758,1,833,0,1089,20]
12-28 05:26:56.649 I/sysui_multi_action(18317): [757,1729,758,4,854,isParalleledControllers:false,1089,20]
12-28 05:26:57.631 I/auditd ( 0): type=1400 audit(0.0:15503): avc: denied { kill } for comm="swapper/3" capability=5 scontext=u:r:kernel:s0 tcontext=u:r:kernel:s0 tclass=capability permissive=0
12-28 05:26:57.769 I/sysui_multi_action(18317): [757,830,758,4,833,0,854,top_level_system,1089,0]
12-28 05:26:57.873 I/sysui_multi_action(18317): [757,3000,758,2,1089,1223]
12-28 05:26:57.913 I/sysui_multi_action(18317): [757,744,758,1,833,0,1089,31]
12-28 05:26:57.922 I/sysui_multi_action(18317): [757,1729,758,4,854,isParalleledControllers:false,1089,40]
12-28 05:26:58.631 I/auditd ( 0): type=1400 audit(0.0:15504): avc: denied { kill } for comm="swapper/3" capability=5 scontext=u:r:kernel:s0 tcontext=u:r:kernel:s0 tclass=capability permissive=0
12-28 05:26:58.897 I/sysui_multi_action(18317): [757,830,758,4,833,0,854,top_level_game,1089,0]
12-28 05:26:59.000 I/sysui_multi_action(18317): [757,744,758,2,1089,1087]
12-28 05:26:59.019 I/sysui_multi_action(18317): [757,3000,758,1,833,0,1089,15]
12-28 05:26:59.020 I/sysui_multi_action(18317): [757,1729,758,4,854,isParalleledControllers:false,1089,16]
12-28 05:26:59.631 I/auditd ( 0): type=1400 audit(0.0:15505): avc: denied { kill } for comm="swapper/3" capability=5 scontext=u:r:kernel:s0 tcontext=u:r:kernel:s0 tclass=capability permissive=0
12-28 05:27:00.334 I/sysui_multi_action(18317): [757,830,758,4,833,0,854,game_setting_gpu,1089,0]
12-28 05:27:00.337 I/sysui_multi_action(18317): [757,3000,758,2,1089,1318]
12-28 05:27:00.370 I/sysui_multi_action(18317): [757,3000,758,1,833,0,1089,31]
12-28 05:27:00.370 I/sysui_multi_action(18317): [757,1729,758,4,854,isParalleledControllers:false,1089,32]
12-28 05:27:00.631 I/auditd ( 0): type=1400 audit(0.0:15506): avc: denied { kill } for comm="swapper/3" capability=5 scontext=u:r:kernel:s0 tcontext=u:r:kernel:s0 tclass=capability permissive=0
12-28 05:27:01.631 I/auditd ( 0): type=1400 audit(0.0:15507): avc: denied { kill } for comm="swapper/3" capability=5 scontext=u:r:kernel:s0 tcontext=u:r:kernel:s0 tclass=capability permissive=0
12-28 05:27:02.631 I/auditd ( 0): type=1400 audit(0.0:15508): avc: denied { kill } for comm="swapper/3" capability=5 scontext=u:r:kernel:s0 tcontext=u:r:kernel:s0 tclass=capability permissive=0
12-28 05:27:02.706 I/sysui_multi_action(18317): [757,830,758,4,833,0,854,game_setting_gpu_custom_dpi,1089,0]
12-28 05:27:02.716 I/input_focus( 1508): [Focus request 1fee7c4 PopupWindow:75e9284,reason=UpdateInputWindows]
12-28 05:27:02.735 I/input_focus( 1508): [Focus leaving 1f91603 com.android.settings/com.android.settings.Settings (server),reason=Waiting for window because NOT_VISIBLE]
12-28 05:27:02.752 I/input_focus( 1508): [Focus entering 1fee7c4 PopupWindow:75e9284 (server),reason=Window became focusable. Previous reason: NOT_VISIBLE]
12-28 05:27:03.631 I/auditd ( 0): type=1400 audit(0.0:15509): avc: denied { kill } for comm="swapper/3" capability=5 scontext=u:r:kernel:s0 tcontext=u:r:kernel:s0 tclass=capability permissive=0
12-28 05:27:03.897 I/input_interaction( 1508): Interaction with: 1fee7c4 PopupWindow:75e9284 (server), edge-swipe (server), swipe-up (server), PointerEventDispatcher0 (server),
12-28 05:27:04.045 I/input_focus( 1508): [Focus request 1f91603 com.android.settings/com.android.settings.Settings,reason=UpdateInputWindows]
12-28 05:27:04.083 I/input_focus( 1508): [Focus leaving 1fee7c4 PopupWindow:75e9284 (server),reason=NOT_FOCUSABLE]
12-28 05:27:04.083 I/input_focus( 1508): [Focus entering 1f91603 com.android.settings/com.android.settings.Settings (server),reason=setFocusedWindow]
12-28 05:27:04.101 I/am_pss ( 1508): [18317,1000,com.android.settings,181133312,166780928,54272,309071872,0,2,19]
12-28 05:27:04.631 I/auditd ( 0): type=1400 audit(0.0:15510): avc: denied { kill } for comm="swapper/3" capability=5 scontext=u:r:kernel:s0 tcontext=u:r:kernel:s0 tclass=capability permissive=0
12-28 05:27:05.003 I/force_gc( 2728): mem
12-28 05:27:05.631 I/auditd ( 0): type=1400 audit(0.0:15511): avc: denied { kill } for comm="swapper/3" capability=5 scontext=u:r:kernel:s0 tcontext=u:r:kernel:s0 tclass=capability permissive=0
12-28 05:27:06.142 I/netstats_mobile_sample( 1508): [0,0,0,0,0,0,0,0,0,0,0,0,1672176426142]
12-28 05:27:06.142 I/netstats_wifi_sample( 1508): [6505918807,4891359,70561466,951830,6505918807,4891359,70561466,951830,6511225079,4944205,59401864,925161,1672176426142]
12-28 05:27:06.631 I/auditd ( 0): type=1400 audit(0.0:15512): avc: denied { kill } for comm="swapper/3" capability=5 scontext=u:r:kernel:s0 tcontext=u:r:kernel:s0 tclass=capability permissive=0
12-28 05:27:07.631 I/auditd ( 0): type=1400 audit(0.0:15513): avc: denied { kill } for comm="swapper/3" capability=5 scontext=u:r:kernel:s0 tcontext=u:r:kernel:s0 tclass=capability permissive=0
12-28 05:27:08.631 I/auditd ( 0): type=1400 audit(0.0:15514): avc: denied { kill } for comm="swapper/3" capability=5 scontext=u:r:kernel:s0 tcontext=u:r:kernel:s0 tclass=capability permissive=0
12-28 05:27:09.642 I/am_uid_idle( 1508): 10093
12-28 05:27:10.631 I/auditd ( 0): type=1400 audit(0.0:15515): avc: denied { kill } for comm="swapper/3" capability=5 scontext=u:r:kernel:s0 tcontext=u:r:kernel:s0 tclass=capability permissive=0
12-28 05:27:11.144 I/force_gc( 2763): mem
12-28 05:27:11.631 I/auditd ( 0): type=1400 audit(0.0:15516): avc: denied { kill } for comm="swapper/3" capability=5 scontext=u:r:kernel:s0 tcontext=u:r:kernel:s0 tclass=capability permissive=0
12-28 05:27:12.631 I/auditd ( 0): type=1400 audit(0.0:15517): avc: denied { kill } for comm="swapper/3" capability=5 scontext=u:r:kernel:s0 tcontext=u:r:kernel:s0 tclass=capability permissive=0
12-28 05:27:13.631 I/auditd ( 0): type=1400 audit(0.0:15518): avc: denied { kill } for comm="swapper/3" capability=5 scontext=u:r:kernel:s0 tcontext=u:r:kernel:s0 tclass=capability permissive=0
12-28 05:27:13.671 I/am_pss ( 1508): [17587,10097,com.tencent.mm:push,123091968,40378368,54272,299565056,0,10,25]
12-28 05:27:14.631 I/auditd ( 0): type=1400 audit(0.0:15519): avc: denied { kill } for comm="swapper/3" capability=5 scontext=u:r:kernel:s0 tcontext=u:r:kernel:s0 tclass=capability permissive=0
12-28 05:27:15.631 I/auditd ( 0): type=1400 audit(0.0:15520): avc: denied { kill } for comm="swapper/3" capability=5 scontext=u:r:kernel:s0 tcontext=u:r:kernel:s0 tclass=capability permissive=0
12-28 05:27:16.631 I/auditd ( 0): type=1400 audit(0.0:15521): avc: denied { kill } for comm="swapper/3" capability=5 scontext=u:r:kernel:s0 tcontext=u:r:kernel:s0 tclass=capability permissive=0
12-28 05:27:17.334 I/input_interaction( 1508): Interaction with: 1f91603 com.android.settings/com.android.settings.Settings (server), edge-swipe (server), swipe-up (server), PointerEventDispatcher0 (server),
12-28 05:27:17.354 I/wm_task_moved( 1508): [1,0,0]
12-28 05:27:17.354 I/wm_task_moved( 1508): [1,0,5]
12-28 05:27:17.381 I/wm_on_restart_called( 2857): [186653412,com.android.launcher3.uioverrides.QuickstepLauncher,performRestartActivity]
12-28 05:27:17.398 I/wm_on_start_called( 2857): [186653412,com.android.launcher3.uioverrides.QuickstepLauncher,handleStartActivity]
12-28 05:27:17.419 I/sysui_multi_action( 1508): [319,10,322,58,325,13751,757,761,758,9,759,5,806,com.android.launcher3,871,com.android.launcher3.uioverrides.QuickstepLauncher,905,0,1320,4,1321,1]
12-28 05:27:17.428 I/view_enqueue_input_event(18317): [Motion - Cancel,com.android.settings/com.android.settings.Settings]
12-28 05:27:17.438 I/sysui_latency( 2857): [1,72]
12-28 05:27:17.441 I/input_interaction( 1508): Interaction with: edge-swipe (server), swipe-up (server), PointerEventDispatcher0 (server),
12-28 05:27:17.447 I/input_focus( 1508): [Focus request recents_animation_input_consumer,reason=UpdateInputWindows]
12-28 05:27:17.470 I/input_focus( 1508): [Focus leaving 1f91603 com.android.settings/com.android.settings.Settings (server),reason=NOT_FOCUSABLE]
12-28 05:27:17.470 I/input_focus( 1508): [Focus entering recents_animation_input_consumer (server),reason=setFocusedWindow]
12-28 05:27:17.601 I/commit_sys_config_file( 1508): [settings-1-0,6]
12-28 05:27:17.715 I/sysui_latency( 1508): [8,72]
12-28 05:27:17.806 I/commit_sys_config_file( 1508): [settings-1-0,6]
12-28 05:27:18.262 I/wm_task_moved( 1508): [1,1,6]
12-28 05:27:18.265 I/wm_task_moved( 1508): [10,1,2147483647]
12-28 05:27:18.265 I/wm_task_to_front( 1508): [0,10]
12-28 05:27:18.265 I/wm_focused_root_task( 1508): [0,0,1,62,RecentsAnimation.onAnimationFinished()]
12-28 05:27:18.265 I/wm_on_top_resumed_lost_called(18317): [165464598,com.android.settings.Settings,topStateChangedWhenResumed]
12-28 05:27:18.269 I/wm_set_resumed_activity( 1508): [0,com.android.launcher3/.uioverrides.QuickstepLauncher,RecentsAnimation.onAnimationFinished()]
12-28 05:27:18.269 I/wm_pause_activity( 1508): [0,165464598,com.android.settings/.Settings,userLeaving=true,pauseBackTasks]
12-28 05:27:18.270 I/wm_add_to_stopping( 1508): [0,165464598,com.android.settings/.Settings,makeInvisible]
12-28 05:27:18.270 I/wm_set_resumed_activity( 1508): [0,com.android.launcher3/.uioverrides.QuickstepLauncher,resumeTopActivityInnerLocked]
12-28 05:27:18.272 I/wm_resume_activity( 1508): [0,186653412,10,com.android.launcher3/.uioverrides.QuickstepLauncher]
12-28 05:27:18.277 I/input_focus( 1508): [Focus request 2711ce0 com.android.launcher3/com.android.launcher3.uioverrides.QuickstepLauncher,reason=UpdateInputWindows]
12-28 05:27:18.278 I/wm_on_resume_called( 2857): [186653412,com.android.launcher3.uioverrides.QuickstepLauncher,RESUME_ACTIVITY]
12-28 05:27:18.278 I/wm_on_top_resumed_gained_called( 2857): [186653412,com.android.launcher3.uioverrides.QuickstepLauncher,topStateChangedWhenResumed]
12-28 05:27:18.280 I/sysui_multi_action(18317): [757,35,758,2,1089,24135]
12-28 05:27:18.280 I/sysui_multi_action(18317): [757,3000,758,2,1089,17911]
12-28 05:27:18.281 I/wm_on_paused_called(18317): [165464598,com.android.settings.Settings,performPause]
12-28 05:27:18.288 I/wm_stop_activity( 1508): [0,165464598,com.android.settings/.Settings]
12-28 05:27:18.289 I/input_focus( 1508): [Focus leaving recents_animation_input_consumer (server),reason=NOT_VISIBLE]
12-28 05:27:18.289 I/input_focus( 1508): [Focus entering 2711ce0 com.android.launcher3/com.android.launcher3.uioverrides.QuickstepLauncher (server),reason=setFocusedWindow]
12-28 05:27:18.296 I/sysui_multi_action( 1508): [757,803,799,window_time_0,802,24]
12-28 05:27:18.297 I/sysui_multi_action( 1508): [757,803,799,window_time_0,802,0]
12-28 05:27:18.297 I/wm_on_stop_called(18317): [165464598,com.android.settings.Settings,STOP_ACTIVITY_ITEM]
12-28 05:27:18.324 I/am_pss ( 1508): [17763,10097,com.tencent.mm,269995008,183480320,48128,457818112,0,10,23]
12-28 05:27:18.330 I/am_pss ( 1508): [17222,10093,com.android.permissioncontroller,11592704,8691712,55296,95916032,0,19,5]
12-28 05:27:18.336 I/am_pss ( 1508): [17153,10064,com.android.calendar,7196672,4894720,55296,87101440,0,19,5]
12-28 05:27:18.343 I/am_pss ( 1508): [17127,10067,com.android.deskclock,8314880,5869568,55296,89579520,0,19,6]
12-28 05:27:18.349 I/am_pss ( 1508): [17114,10069,com.android.gallery3d,7885824,5525504,55296,88227840,0,19,5]
12-28 05:27:18.355 I/am_pss ( 1508): [17100,10084,com.android.music,7301120,4825088,55296,86061056,0,19,5]
12-28 05:27:18.363 I/am_pss ( 1508): [17099,10030,com.microsoft.emmx,42542080,37937152,54272,134463488,0,19,7]
12-28 05:27:18.631 I/auditd ( 0): type=1400 audit(0.0:15522): avc: denied { kill } for comm="swapper/1" capability=5 scontext=u:r:kernel:s0 tcontext=u:r:kernel:s0 tclass=capability permissive=0
12-28 05:27:18.711 I/input_interaction( 1508): Interaction with: 2711ce0 com.android.launcher3/com.android.launcher3.uioverrides.QuickstepLauncher (server), cd21bea com.android.systemui.ImageWallpaper (server), edge-swipe (server), swipe-up (server), PointerEventDispatcher0 (server),
12-28 05:27:18.834 I/wm_task_created( 1508): [63,-1]
12-28 05:27:18.837 I/wm_task_moved( 1508): [63,1,7]
12-28 05:27:18.837 I/wm_task_to_front( 1508): [0,63]
12-28 05:27:18.837 I/wm_create_task( 1508): [0,63]
12-28 05:27:18.837 I/wm_create_activity( 1508): [0,45104551,63,com.tencent.tmgp.sgame/.SGameActivity,android.intent.action.MAIN,NULL,NULL,270532608]
12-28 05:27:18.837 I/wm_task_moved( 1508): [63,1,7]
12-28 05:27:18.838 I/wm_pause_activity( 1508): [0,186653412,com.android.launcher3/.uioverrides.QuickstepLauncher,userLeaving=true,pauseBackTasks]
12-28 05:27:18.840 I/wm_on_top_resumed_lost_called( 2857): [186653412,com.android.launcher3.uioverrides.QuickstepLauncher,topStateChangedWhenResumed]
12-28 05:27:18.841 I/wm_on_paused_called( 2857): [186653412,com.android.launcher3.uioverrides.QuickstepLauncher,performPause]
12-28 05:27:18.842 I/wm_add_to_stopping( 1508): [0,186653412,com.android.launcher3/.uioverrides.QuickstepLauncher,makeInvisible]
12-28 05:27:18.842 I/am_uid_running( 1508): 10098
12-28 05:27:18.848 I/sysui_multi_action( 1508): [757,803,799,window_time_0,802,1]
12-28 05:27:18.848 I/am_stop_idle_service( 1508): [10098,com.tencent.tmgp.sgame/com.tencent.slugsdk.config.SlugConfigService]
12-28 05:27:18.851 I/am_proc_start( 1508): [0,18646,10098,com.tencent.tmgp.sgame,pre-top-activity,{com.tencent.tmgp.sgame/com.tencent.tmgp.sgame.SGameActivity}]
12-28 05:27:18.856 I/input_focus( 1508): [Focus leaving 2711ce0 com.android.launcher3/com.android.launcher3.uioverrides.QuickstepLauncher (server),reason=NO_WINDOW]
12-28 05:27:18.862 I/am_proc_bound( 1508): [0,18646,com.tencent.tmgp.sgame]
12-28 05:27:18.865 I/wm_restart_activity( 1508): [0,45104551,63,com.tencent.tmgp.sgame/.SGameActivity]
12-28 05:27:18.865 I/wm_set_resumed_activity( 1508): [0,com.tencent.tmgp.sgame/.SGameActivity,minimalResumeActivityLocked]
12-28 05:27:18.866 I/am_uid_active( 1508): 10098
12-28 05:27:18.900 I/am_proc_start( 1508): [0,18676,10098,com.tencent.tmgp.sgame:xg_vip_service,service,{com.tencent.tmgp.sgame/com.tencent.android.tpush.service.XGVipPushService}]
12-28 05:27:18.924 I/am_proc_bound( 1508): [0,18676,com.tencent.tmgp.sgame:xg_vip_service]
12-28 05:27:19.074 I/commit_sys_config_file( 1508): [settings-1-0,2]
12-28 05:27:19.214 I/wm_on_create_called(18646): [45104551,com.tencent.tmgp.sgame.SGameActivity,performCreate]
12-28 05:27:19.215 I/wm_on_start_called(18646): [45104551,com.tencent.tmgp.sgame.SGameActivity,handleStartActivity]
12-28 05:27:19.218 I/wm_on_resume_called(18646): [45104551,com.tencent.tmgp.sgame.SGameActivity,RESUME_ACTIVITY]
12-28 05:27:19.220 I/wm_on_top_resumed_gained_called(18646): [45104551,com.tencent.tmgp.sgame.SGameActivity,topStateChangedWhenResumed]
12-28 05:27:19.228 I/input_focus( 1508): [Focus request ccda747 com.tencent.tmgp.sgame/com.tencent.tmgp.sgame.SGameActivity,reason=UpdateInputWindows]
12-28 05:27:19.278 I/sysui_multi_action( 1508): [319,29,321,27,322,443,325,13753,757,761,758,7,759,1,806,com.tencent.tmgp.sgame,871,com.tencent.tmgp.sgame.SGameActivity,904,com.android.launcher3,905,0,945,32,1320,4,1321,4]
12-28 05:27:19.278 I/wm_activity_launch_time( 1508): [0,45104551,com.tencent.tmgp.sgame/.SGameActivity,443]
12-28 05:27:19.292 I/input_focus( 1508): [Focus entering ccda747 com.tencent.tmgp.sgame/com.tencent.tmgp.sgame.SGameActivity (server),reason=Window became focusable. Previous reason: NOT_VISIBLE]
12-28 05:27:19.383 I/auditd (18646): type=1400 audit(0.0:15523): avc: granted { execute } for comm="tbs_preinit" path="/data/user/0/com.tencent.tmgp.sgame/app_tbs_64/core_share/libwebp_base.so" dev="dm-10" ino=18339 scontext=u:r:untrusted_app_29:s0:c98,c256,c512,c768 tcontext=u:object_r:app_data_file:s0:c98,c256,c512,c768 tclass=file app=com.tencent.tmgp.sgame
12-28 05:27:19.396 I/wm_stop_activity( 1508): [0,186653412,com.android.launcher3/.uioverrides.QuickstepLauncher]
12-28 05:27:19.403 I/auditd (18646): type=1400 audit(0.0:15524): avc: granted { execute } for comm="logging-thread" path="/data/user/0/com.tencent.tmgp.sgame/app_tbs_64/core_share/libx5log.so" dev="dm-10" ino=18341 scontext=u:r:untrusted_app_29:s0:c98,c256,c512,c768 tcontext=u:object_r:app_data_file:s0:c98,c256,c512,c768 tclass=file app=com.tencent.tmgp.sgame
12-28 05:27:19.413 I/wm_on_stop_called( 2857): [186653412,com.android.launcher3.uioverrides.QuickstepLauncher,STOP_ACTIVITY_ITEM]
12-28 05:27:19.419 I/auditd (18646): type=1400 audit(0.0:15525): avc: granted { execute } for comm="TP-IoBound-3" path="/data/user/0/com.tencent.tmgp.sgame/app_tbs_64/core_share/libqb_keystore.so" dev="dm-10" ino=18331 scontext=u:r:untrusted_app_29:s0:c98,c256,c512,c768 tcontext=u:object_r:app_data_file:s0:c98,c256,c512,c768 tclass=file app=com.tencent.tmgp.sgame
12-28 05:27:19.431 I/auditd (18646): type=1400 audit(0.0:15526): avc: granted { execute } for comm="tbs_preinit" path="/data/user/0/com.tencent.tmgp.sgame/app_tbs_64/core_share/libmttwebview.so" dev="dm-10" ino=18259 scontext=u:r:untrusted_app_29:s0:c98,c256,c512,c768 tcontext=u:object_r:app_data_file:s0:c98,c256,c512,c768 tclass=file app=com.tencent.tmgp.sgame
12-28 05:27:19.455 I/auditd (18646): type=1400 audit(0.0:15527): avc: granted { execute } for comm="beacon-thread-1" path="/data/user/0/com.tencent.tmgp.sgame/app_tbs_64/core_share/libtbsbeaconid.so" dev="dm-10" ino=18334 scontext=u:r:untrusted_app_29:s0:c98,c256,c512,c768 tcontext=u:object_r:app_data_file:s0:c98,c256,c512,c768 tclass=file app=com.tencent.tmgp.sgame
12-28 05:27:19.455 I/auditd (18931): type=1400 audit(0.0:15528): avc: granted { execute } for comm="X5MemoryMonitor" name="libcmdsh.so" dev="dm-10" ino=18256 scontext=u:r:untrusted_app_29:s0:c98,c256,c512,c768 tcontext=u:object_r:app_data_file:s0:c98,c256,c512,c768 tclass=file app=com.tencent.tmgp.sgame
12-28 05:27:19.455 I/auditd (18931): type=1400 audit(0.0:15529): avc: denied { execute_no_trans } for comm="X5MemoryMonitor" path="/data/user/0/com.tencent.tmgp.sgame/app_tbs_64/core_share/libcmdsh.so" dev="dm-10" ino=18256 scontext=u:r:untrusted_app_29:s0:c98,c256,c512,c768 tcontext=u:object_r:app_data_file:s0:c98,c256,c512,c768 tclass=file permissive=0 app=com.tencent.tmgp.sgame
12-28 05:27:19.631 I/auditd ( 0): type=1400 audit(0.0:15530): avc: denied { kill } for comm="swapper/1" capability=5 scontext=u:r:kernel:s0 tcontext=u:r:kernel:s0 tclass=capability permissive=0
12-28 05:27:20.631 I/auditd ( 0): type=1400 audit(0.0:15531): avc: denied { kill } for comm="swapper/1" capability=5 scontext=u:r:kernel:s0 tcontext=u:r:kernel:s0 tclass=capability permissive=0
12-28 05:27:21.331 I/netstats_mobile_sample( 1508): [0,0,0,0,0,0,0,0,0,0,0,0,1672176441331]
12-28 05:27:21.331 I/netstats_wifi_sample( 1508): [6506042202,4891654,70646370,952126,6506042202,4891654,70646370,952126,6511368002,4944625,59457830,925389,1672176441331]
12-28 05:27:21.631 I/auditd ( 0): type=1400 audit(0.0:15532): avc: denied { kill } for comm="swapper/1" capability=5 scontext=u:r:kernel:s0 tcontext=u:r:kernel:s0 tclass=capability permissive=0
12-28 05:27:22.631 I/auditd ( 0): type=1400 audit(0.0:15533): avc: denied { kill } for comm="swapper/1" capability=5 scontext=u:r:kernel:s0 tcontext=u:r:kernel:s0 tclass=capability permissive=0
12-28 05:27:23.631 I/auditd ( 0): type=1400 audit(0.0:15534): avc: denied { kill } for comm="swapper/1" capability=5 scontext=u:r:kernel:s0 tcontext=u:r:kernel:s0 tclass=capability permissive=0
12-28 05:27:24.631 I/auditd ( 0): type=1400 audit(0.0:15535): avc: denied { kill } for comm="swapper/1" capability=5 scontext=u:r:kernel:s0 tcontext=u:r:kernel:s0 tclass=capability permissive=0
12-28 05:27:25.631 I/auditd ( 0): type=1400 audit(0.0:15536): avc: denied { kill } for comm="swapper/1" capability=5 scontext=u:r:kernel:s0 tcontext=u:r:kernel:s0 tclass=capability permissive=0
12-28 05:27:26.631 I/auditd ( 0): type=1400 audit(0.0:15537): avc: denied { kill } for comm="swapper/1" capability=5 scontext=u:r:kernel:s0 tcontext=u:r:kernel:s0 tclass=capability permissive=0
12-28 05:27:26.658 I/input_focus( 1508): [Focus request aa0ac5e com.tencent.tmgp.sgame/com.tencent.tmgp.sgame.SGameActivity,reason=UpdateInputWindows]
12-28 05:27:26.676 I/input_focus( 1508): [Focus entering aa0ac5e com.tencent.tmgp.sgame/com.tencent.tmgp.sgame.SGameActivity (server),reason=setFocusedWindow]
12-28 05:27:27.175 I/auditd (18646): type=1400 audit(0.0:15538): avc: denied { read } for comm="TuringFdTMFShar" name="version" dev="proc" ino=4026532247 scontext=u:r:untrusted_app_29:s0:c98,c256,c512,c768 tcontext=u:object_r:proc_version:s0 tclass=file permissive=0 app=com.tencent.tmgp.sgame
12-28 05:27:27.631 I/auditd ( 0): type=1400 audit(0.0:15539): avc: denied { kill } for comm="swapper/1" capability=5 scontext=u:r:kernel:s0 tcontext=u:r:kernel:s0 tclass=capability permissive=0
12-28 05:27:28.422 I/sqlite_mem_released( 3920): 0
12-28 05:27:28.422 I/force_gc( 3920): mem
12-28 05:27:28.631 I/auditd ( 0): type=1400 audit(0.0:15540): avc: denied { kill } for comm="swapper/1" capability=5 scontext=u:r:kernel:s0 tcontext=u:r:kernel:s0 tclass=capability permissive=0
12-28 05:27:29.221 I/am_pss ( 1508): [18646,10098,com.tencent.tmgp.sgame,579453952,549101568,48128,723857408,0,2,30]
12-28 05:27:29.631 I/auditd ( 0): type=1400 audit(0.0:15541): avc: denied { kill } for comm="swapper/1" capability=5 scontext=u:r:kernel:s0 tcontext=u:r:kernel:s0 tclass=capability permissive=0
12-28 05:27:30.631 I/auditd ( 0): type=1400 audit(0.0:15542): avc: denied { kill } for comm="swapper/1" capability=5 scontext=u:r:kernel:s0 tcontext=u:r:kernel:s0 tclass=capability permissive=0
12-28 05:27:31.631 I/auditd ( 0): type=1400 audit(0.0:15543): avc: denied { kill } for comm="swapper/1" capability=5 scontext=u:r:kernel:s0 tcontext=u:r:kernel:s0 tclass=capability permissive=0
