12-28 06:21:46.819 I/wm_on_resume_called(30620): [238673682,com.android.settings.Settings,RESUME_ACTIVITY]
12-28 06:21:46.819 I/sysui_multi_action(30620): [757,35,758,1,833,0,1089,0]
12-28 06:21:46.820 I/sysui_multi_action(30620): [757,3102,758,1,833,0,1089,0]
12-28 06:21:46.820 I/wm_on_top_resumed_gained_called(30620): [238673682,com.android.settings.Settings,topWhenResuming]
12-28 06:21:46.834 I/input_focus( 1508): [Focus request 6e85bb1 com.android.settings/com.android.settings.Settings,reason=UpdateInputWindows]
12-28 06:21:46.853 I/sysui_multi_action( 1508): [319,34,321,33,322,65,325,17021,757,761,758,9,759,4,806,com.android.settings,871,com.android.settings.Settings,904,com.android.launcher3,905,0,1320,8,1321,5]
12-28 06:21:46.861 I/input_focus( 1508): [Focus entering 6e85bb1 com.android.settings/com.android.settings.Settings (server),reason=Window became focusable. Previous reason: NOT_VISIBLE]
12-28 06:21:47.351 I/wm_stop_activity( 1508): [0,186653412,com.android.launcher3/.uioverrides.QuickstepLauncher]
12-28 06:21:47.379 I/wm_on_stop_called( 2857): [186653412,com.android.launcher3.uioverrides.QuickstepLauncher,STOP_ACTIVITY_ITEM]
12-28 06:21:47.631 I/auditd ( 0): type=1400 audit(0.0:18429): avc: denied { kill } for comm="swapper/0" capability=5 scontext=u:r:kernel:s0 tcontext=u:r:kernel:s0 tclass=capability permissive=0
12-28 06:21:48.045 I/input_interaction( 1508): Interaction with: 6e85bb1 com.android.settings/com.android.settings.Settings (server), edge-swipe (server), swipe-up (server), PointerEventDispatcher0 (server),
12-28 06:21:48.200 I/sysui_multi_action(30620): [757,830,758,4,833,0,854,game_settings_dnd_notification_switch,1089,0]
12-28 06:21:48.992 I/netstats_mobile_sample( 1508): [0,0,0,0,0,0,0,0,0,0,0,0,1672179708992]
12-28 06:21:48.992 I/netstats_wifi_sample( 1508): [6520527640,4924986,83806046,985429,6520527640,4924986,83806046,985429,6530205241,5005955,66331720,943990,1672179708992]
12-28 06:21:49.103 I/wm_task_moved( 1508): [1,0,0]
12-28 06:21:49.104 I/wm_task_moved( 1508): [1,0,6]
12-28 06:21:49.122 I/wm_on_restart_called( 2857): [186653412,com.android.launcher3.uioverrides.QuickstepLauncher,performRestartActivity]
12-28 06:21:49.123 I/am_pss ( 1508): [20466,10065,com.thundercomm.gamemode.provider,8677376,6234112,53248,90759168,0,3,7]
12-28 06:21:49.142 I/wm_on_start_called( 2857): [186653412,com.android.launcher3.uioverrides.QuickstepLauncher,handleStartActivity]
12-28 06:21:49.161 I/sysui_multi_action( 1508): [319,11,322,52,325,17023,757,761,758,9,759,5,806,com.android.launcher3,871,com.android.launcher3.uioverrides.QuickstepLauncher,905,0,1320,4,1321,1]
12-28 06:21:49.187 I/view_enqueue_input_event(30620): [Motion - Cancel,com.android.settings/com.android.settings.Settings]
12-28 06:21:49.196 I/input_interaction( 1508): Interaction with: edge-swipe (server), swipe-up (server), PointerEventDispatcher0 (server),
12-28 06:21:49.200 I/sysui_latency( 2857): [1,62]
12-28 06:21:49.214 I/input_focus( 1508): [Focus request recents_animation_input_consumer,reason=UpdateInputWindows]
12-28 06:21:49.234 I/input_focus( 1508): [Focus leaving 6e85bb1 com.android.settings/com.android.settings.Settings (server),reason=NOT_FOCUSABLE]
12-28 06:21:49.234 I/input_focus( 1508): [Focus entering recents_animation_input_consumer (server),reason=setFocusedWindow]
12-28 06:21:49.355 I/commit_sys_config_file( 1508): [settings-1-0,9]
12-28 06:21:49.456 I/sysui_latency( 1508): [8,63]
12-28 06:21:49.552 I/commit_sys_config_file( 1508): [settings-1-0,5]
12-28 06:21:49.990 I/wm_task_moved( 1508): [1,1,7]
12-28 06:21:49.992 I/wm_task_moved( 1508): [10,1,2147483647]
12-28 06:21:49.992 I/wm_task_to_front( 1508): [0,10]
12-28 06:21:49.992 I/wm_focused_root_task( 1508): [0,0,1,66,RecentsAnimation.onAnimationFinished()]
12-28 06:21:49.992 I/wm_set_resumed_activity( 1508): [0,com.android.launcher3/.uioverrides.QuickstepLauncher,RecentsAnimation.onAnimationFinished()]
12-28 06:21:49.993 I/wm_pause_activity( 1508): [0,238673682,com.android.settings/.Settings,userLeaving=true,pauseBackTasks]
12-28 06:21:49.993 I/wm_add_to_stopping( 1508): [0,238673682,com.android.settings/.Settings,makeInvisible]
12-28 06:21:49.994 I/wm_set_resumed_activity( 1508): [0,com.android.launcher3/.uioverrides.QuickstepLauncher,resumeTopActivityInnerLocked]
12-28 06:21:49.994 I/wm_resume_activity( 1508): [0,186653412,10,com.android.launcher3/.uioverrides.QuickstepLauncher]
12-28 06:21:49.995 I/wm_on_resume_called( 2857): [186653412,com.android.launcher3.uioverrides.QuickstepLauncher,RESUME_ACTIVITY]
12-28 06:21:50.002 I/wm_stop_activity( 1508): [0,238673682,com.android.settings/.Settings]
12-28 06:21:50.003 I/wm_on_top_resumed_lost_called(30620): [238673682,com.android.settings.Settings,topStateChangedWhenResumed]
12-28 06:21:50.003 I/input_focus( 1508): [Focus leaving recents_animation_input_consumer (server),reason=NOT_VISIBLE]
12-28 06:21:50.005 I/input_focus( 1508): [Focus request 2711ce0 com.android.launcher3/com.android.launcher3.uioverrides.QuickstepLauncher,reason=UpdateInputWindows]
12-28 06:21:50.009 I/wm_on_top_resumed_gained_called( 2857): [186653412,com.android.launcher3.uioverrides.QuickstepLauncher,topStateChangedWhenResumed]
12-28 06:21:50.010 I/sysui_multi_action( 1508): [757,803,799,window_time_0,802,3]
12-28 06:21:50.010 I/sysui_multi_action(30620): [757,35,758,2,1089,3190]
12-28 06:21:50.010 I/sysui_multi_action(30620): [757,3102,758,2,1089,3191]
12-28 06:21:50.010 I/wm_on_paused_called(30620): [238673682,com.android.settings.Settings,performPause]
12-28 06:21:50.011 I/sysui_multi_action( 1508): [757,803,799,window_time_0,802,0]
12-28 06:21:50.020 I/input_focus( 1508): [Focus entering 2711ce0 com.android.launcher3/com.android.launcher3.uioverrides.QuickstepLauncher (server),reason=setFocusedWindow]
12-28 06:21:50.028 I/wm_on_stop_called(30620): [238673682,com.android.settings.Settings,STOP_ACTIVITY_ITEM]
12-28 06:21:50.063 I/am_pss ( 1508): [30902,10098,com.tencent.tmgp.sgame,784787456,763752448,48128,920625152,0,16,42]
12-28 06:21:50.070 I/am_pss ( 1508): [30812,10098,com.tencent.tmgp.sgame:xg_vip_service,15647744,7659520,53248,109621248,0,10,6]
12-28 06:21:50.075 I/am_pss ( 1508): [21713,10064,com.android.calendar,7150592,4915200,54272,87285760,0,19,5]
12-28 06:21:50.081 I/am_pss ( 1508): [21699,10067,com.android.deskclock,8231936,5877760,54272,89595904,0,19,5]
12-28 06:21:50.087 I/am_pss ( 1508): [21685,10069,com.android.gallery3d,7768064,5500928,54272,88313856,0,19,5]
12-28 06:21:50.092 I/am_pss ( 1508): [21670,10084,com.android.music,7797760,5668864,54272,86106112,0,19,5]
12-28 06:21:50.100 I/am_pss ( 1508): [21669,10030,com.microsoft.emmx,42316800,38019072,53248,135024640,0,19,7]
12-28 06:21:50.788 I/input_interaction( 1508): Interaction with: 2711ce0 com.android.launcher3/com.android.launcher3.uioverrides.QuickstepLauncher (server), cd21bea com.android.systemui.ImageWallpaper (server), edge-swipe (server), swipe-up (server), PointerEventDispatcher0 (server),
12-28 06:21:50.916 I/wm_task_moved( 1508): [65,1,7]
12-28 06:21:50.916 I/wm_task_to_front( 1508): [0,65]
12-28 06:21:50.916 I/wm_focused_root_task( 1508): [0,0,65,1,bringingFoundTaskToFront]
12-28 06:21:50.917 I/wm_set_resumed_activity( 1508): [0,com.tencent.tmgp.sgame/.SGameActivity,bringingFoundTaskToFront]
12-28 06:21:50.917 I/wm_new_intent( 1508): [0,244495840,65,com.tencent.tmgp.sgame/.SGameActivity,android.intent.action.MAIN,NULL,NULL,270532608]
12-28 06:21:50.918 I/wm_pause_activity( 1508): [0,186653412,com.android.launcher3/.uioverrides.QuickstepLauncher,userLeaving=true,pauseBackTasks]
12-28 06:21:50.920 I/wm_on_top_resumed_lost_called( 2857): [186653412,com.android.launcher3.uioverrides.QuickstepLauncher,topStateChangedWhenResumed]
12-28 06:21:50.921 I/wm_on_paused_called( 2857): [186653412,com.android.launcher3.uioverrides.QuickstepLauncher,performPause]
12-28 06:21:50.922 I/wm_set_resumed_activity( 1508): [0,com.tencent.tmgp.sgame/.SGameActivity,resumeTopActivityInnerLocked]
12-28 06:21:50.922 I/wm_add_to_stopping( 1508): [0,186653412,com.android.launcher3/.uioverrides.QuickstepLauncher,makeInvisible]
12-28 06:21:50.923 I/wm_resume_activity( 1508): [0,244495840,65,com.tencent.tmgp.sgame/.SGameActivity]
12-28 06:21:50.927 I/sysui_multi_action( 1508): [757,803,799,window_time_0,802,1]
12-28 06:21:50.939 I/input_focus( 1508): [Focus leaving 2711ce0 com.android.launcher3/com.android.launcher3.uioverrides.QuickstepLauncher (server),reason=NO_WINDOW]
12-28 06:21:50.940 I/wm_on_restart_called(30902): [244495840,com.tencent.tmgp.sgame.SGameActivity,performRestartActivity]
12-28 06:21:50.941 I/wm_on_start_called(30902): [244495840,com.tencent.tmgp.sgame.SGameActivity,handleStartActivity]
12-28 06:21:50.945 I/wm_on_resume_called(30902): [244495840,com.tencent.tmgp.sgame.SGameActivity,RESUME_ACTIVITY]
12-28 06:21:50.945 I/wm_on_top_resumed_gained_called(30902): [244495840,com.tencent.tmgp.sgame.SGameActivity,topWhenResuming]
12-28 06:21:50.957 I/input_focus( 1508): [Focus request 4944e7a com.tencent.tmgp.sgame/com.tencent.tmgp.sgame.SGameActivity,reason=UpdateInputWindows]
12-28 06:21:50.964 I/sysui_multi_action( 1508): [319,13,321,12,322,47,325,17025,757,761,758,9,759,4,806,com.tencent.tmgp.sgame,871,com.tencent.tmgp.sgame.SGameActivity,904,com.android.launcher3,905,0,1320,4,1321,4]
12-28 06:21:50.973 I/input_focus( 1508): [Focus entering 4944e7a com.tencent.tmgp.sgame/com.tencent.tmgp.sgame.SGameActivity (server),reason=setFocusedWindow]
12-28 06:21:51.456 I/wm_stop_activity( 1508): [0,186653412,com.android.launcher3/.uioverrides.QuickstepLauncher]
12-28 06:21:51.474 I/wm_on_stop_called( 2857): [186653412,com.android.launcher3.uioverrides.QuickstepLauncher,STOP_ACTIVITY_ITEM]
12-28 06:21:51.631 I/auditd ( 0): type=1400 audit(0.0:18430): avc: denied { kill } for comm="swapper/3" capability=5 scontext=u:r:kernel:s0 tcontext=u:r:kernel:s0 tclass=capability permissive=0
12-28 06:21:52.631 I/auditd ( 0): type=1400 audit(0.0:18431): avc: denied { kill } for comm="swapper/3" capability=5 scontext=u:r:kernel:s0 tcontext=u:r:kernel:s0 tclass=capability permissive=0
12-28 06:21:53.631 I/auditd ( 0): type=1400 audit(0.0:18432): avc: denied { kill } for comm="swapper/3" capability=5 scontext=u:r:kernel:s0 tcontext=u:r:kernel:s0 tclass=capability permissive=0
12-28 06:21:54.631 I/auditd ( 0): type=1400 audit(0.0:18433): avc: denied { kill } for comm="swapper/3" capability=5 scontext=u:r:kernel:s0 tcontext=u:r:kernel:s0 tclass=capability permissive=0
12-28 06:21:55.631 I/auditd ( 0): type=1400 audit(0.0:18434): avc: denied { kill } for comm="swapper/3" capability=5 scontext=u:r:kernel:s0 tcontext=u:r:kernel:s0 tclass=capability permissive=0
12-28 06:21:56.631 I/auditd ( 0): type=1400 audit(0.0:18435): avc: denied { kill } for comm="swapper/3" capability=5 scontext=u:r:kernel:s0 tcontext=u:r:kernel:s0 tclass=capability permissive=0
12-28 06:21:59.631 I/auditd ( 0): type=1400 audit(0.0:18436): avc: denied { kill } for comm="swapper/5" capability=5 scontext=u:r:kernel:s0 tcontext=u:r:kernel:s0 tclass=capability permissive=0
12-28 06:22:00.631 I/auditd ( 0): type=1400 audit(0.0:18437): avc: denied { kill } for comm="swapper/5" capability=5 scontext=u:r:kernel:s0 tcontext=u:r:kernel:s0 tclass=capability permissive=0
12-28 06:22:01.631 I/auditd ( 0): type=1400 audit(0.0:18438): avc: denied { kill } for comm="swapper/5" capability=5 scontext=u:r:kernel:s0 tcontext=u:r:kernel:s0 tclass=capability permissive=0
12-28 06:22:02.631 I/auditd ( 0): type=1400 audit(0.0:18439): avc: denied { kill } for comm="swapper/5" capability=5 scontext=u:r:kernel:s0 tcontext=u:r:kernel:s0 tclass=capability permissive=0
12-28 06:22:03.631 I/auditd ( 0): type=1400 audit(0.0:18440): avc: denied { kill } for comm="swapper/5" capability=5 scontext=u:r:kernel:s0 tcontext=u:r:kernel:s0 tclass=capability permissive=0
12-28 06:22:04.631 I/auditd ( 0): type=1400 audit(0.0:18441): avc: denied { kill } for comm="swapper/5" capability=5 scontext=u:r:kernel:s0 tcontext=u:r:kernel:s0 tclass=capability permissive=0
12-28 06:22:05.631 I/auditd ( 0): type=1400 audit(0.0:18442): avc: denied { kill } for comm="swapper/5" capability=5 scontext=u:r:kernel:s0 tcontext=u:r:kernel:s0 tclass=capability permissive=0
12-28 06:22:06.631 I/auditd ( 0): type=1400 audit(0.0:18443): avc: denied { kill } for comm="swapper/5" capability=5 scontext=u:r:kernel:s0 tcontext=u:r:kernel:s0 tclass=capability permissive=0
12-28 06:22:07.631 I/auditd ( 0): type=1400 audit(0.0:18444): avc: denied { kill } for comm="swapper/5" capability=5 scontext=u:r:kernel:s0 tcontext=u:r:kernel:s0 tclass=capability permissive=0
12-28 06:22:08.631 I/auditd ( 0): type=1400 audit(0.0:18445): avc: denied { kill } for comm="swapper/5" capability=5 scontext=u:r:kernel:s0 tcontext=u:r:kernel:s0 tclass=capability permissive=0
12-28 06:22:09.631 I/auditd ( 0): type=1400 audit(0.0:18446): avc: denied { kill } for comm="swapper/5" capability=5 scontext=u:r:kernel:s0 tcontext=u:r:kernel:s0 tclass=capability permissive=0
12-28 06:22:10.631 I/auditd ( 0): type=1400 audit(0.0:18447): avc: denied { kill } for comm="swapper/5" capability=5 scontext=u:r:kernel:s0 tcontext=u:r:kernel:s0 tclass=capability permissive=0
12-28 06:22:11.631 I/auditd ( 0): type=1400 audit(0.0:18448): avc: denied { kill } for comm="swapper/5" capability=5 scontext=u:r:kernel:s0 tcontext=u:r:kernel:s0 tclass=capability permissive=0
12-28 06:22:11.882 I/netstats_mobile_sample( 1508): [0,0,0,0,0,0,0,0,0,0,0,0,1672179731882]
12-28 06:22:11.882 I/netstats_wifi_sample( 1508): [6520655706,4925290,83912876,985713,6520655706,4925290,83912876,985713,6530363025,5006450,66392374,944166,1672179731882]
12-28 06:22:12.631 I/auditd ( 0): type=1400 audit(0.0:18449): avc: denied { kill } for comm="swapper/5" capability=5 scontext=u:r:kernel:s0 tcontext=u:r:kernel:s0 tclass=capability permissive=0
12-28 06:22:14.631 I/auditd ( 0): type=1400 audit(0.0:18450): avc: denied { kill } for comm="swapper/2" capability=5 scontext=u:r:kernel:s0 tcontext=u:r:kernel:s0 tclass=capability permissive=0
12-28 06:22:15.631 I/auditd ( 0): type=1400 audit(0.0:18451): avc: denied { kill } for comm="swapper/2" capability=5 scontext=u:r:kernel:s0 tcontext=u:r:kernel:s0 tclass=capability permissive=0
12-28 06:22:16.631 I/auditd ( 0): type=1400 audit(0.0:18452): avc: denied { kill } for comm="swapper/2" capability=5 scontext=u:r:kernel:s0 tcontext=u:r:kernel:s0 tclass=capability permissive=0
12-28 06:22:17.631 I/auditd ( 0): type=1400 audit(0.0:18453): avc: denied { kill } for comm="swapper/2" capability=5 scontext=u:r:kernel:s0 tcontext=u:r:kernel:s0 tclass=capability permissive=0
12-28 06:22:19.631 I/auditd ( 0): type=1400 audit(0.0:18454): avc: denied { kill } for comm="swapper/2" capability=5 scontext=u:r:kernel:s0 tcontext=u:r:kernel:s0 tclass=capability permissive=0
12-28 06:22:20.631 I/auditd ( 0): type=1400 audit(0.0:18455): avc: denied { kill } for comm="swapper/2" capability=5 scontext=u:r:kernel:s0 tcontext=u:r:kernel:s0 tclass=capability permissive=0
12-28 06:22:23.631 I/auditd ( 0): type=1400 audit(0.0:18456): avc: denied { kill } for comm="swapper/2" capability=5 scontext=u:r:kernel:s0 tcontext=u:r:kernel:s0 tclass=capability permissive=0
12-28 06:22:24.631 I/auditd ( 0): type=1400 audit(0.0:18457): avc: denied { kill } for comm="swapper/2" capability=5 scontext=u:r:kernel:s0 tcontext=u:r:kernel:s0 tclass=capability permissive=0
12-28 06:22:26.631 I/auditd ( 735): type=1400 audit(0.0:18458): avc: denied { kill } for comm="crtc_commit:125" capability=5 scontext=u:r:kernel:s0 tcontext=u:r:kernel:s0 tclass=capability permissive=0
12-28 06:22:27.631 I/auditd ( 0): type=1400 audit(0.0:18459): avc: denied { kill } for comm="swapper/2" capability=5 scontext=u:r:kernel:s0 tcontext=u:r:kernel:s0 tclass=capability permissive=0
12-28 06:22:29.631 I/auditd ( 0): type=1400 audit(0.0:18460): avc: denied { kill } for comm="swapper/2" capability=5 scontext=u:r:kernel:s0 tcontext=u:r:kernel:s0 tclass=capability permissive=0
12-28 06:22:30.631 I/auditd ( 0): type=1400 audit(0.0:18461): avc: denied { kill } for comm="swapper/2" capability=5 scontext=u:r:kernel:s0 tcontext=u:r:kernel:s0 tclass=capability permissive=0
12-28 06:22:31.535 I/netstats_mobile_sample( 1508): [0,0,0,0,0,0,0,0,0,0,0,0,1672179751535]
12-28 06:22:31.536 I/netstats_wifi_sample( 1508): [6520748878,4925515,83983075,985890,6520748878,4925515,83983075,985890,6530483665,5006851,66427785,944261,1672179751535]
12-28 06:22:32.631 I/auditd ( 0): type=1400 audit(0.0:18462): avc: denied { kill } for comm="swapper/2" capability=5 scontext=u:r:kernel:s0 tcontext=u:r:kernel:s0 tclass=capability permissive=0
12-28 06:22:34.631 I/auditd ( 0): type=1400 audit(0.0:18463): avc: denied { kill } for comm="swapper/2" capability=5 scontext=u:r:kernel:s0 tcontext=u:r:kernel:s0 tclass=capability permissive=0
12-28 06:22:35.631 I/auditd ( 0): type=1400 audit(0.0:18464): avc: denied { kill } for comm="swapper/2" capability=5 scontext=u:r:kernel:s0 tcontext=u:r:kernel:s0 tclass=capability permissive=0
12-28 06:22:36.631 I/auditd ( 0): type=1400 audit(0.0:18465): avc: denied { kill } for comm="swapper/2" capability=5 scontext=u:r:kernel:s0 tcontext=u:r:kernel:s0 tclass=capability permissive=0
12-28 06:22:37.631 I/auditd ( 0): type=1400 audit(0.0:18466): avc: denied { kill } for comm="swapper/2" capability=5 scontext=u:r:kernel:s0 tcontext=u:r:kernel:s0 tclass=capability permissive=0
12-28 06:22:38.631 I/auditd ( 0): type=1400 audit(0.0:18467): avc: denied { kill } for comm="swapper/2" capability=5 scontext=u:r:kernel:s0 tcontext=u:r:kernel:s0 tclass=capability permissive=0
12-28 06:22:40.631 I/auditd ( 0): type=1400 audit(0.0:18468): avc: denied { kill } for comm="swapper/0" capability=5 scontext=u:r:kernel:s0 tcontext=u:r:kernel:s0 tclass=capability permissive=0
12-28 06:22:41.631 I/auditd ( 0): type=1400 audit(0.0:18469): avc: denied { kill } for comm="swapper/0" capability=5 scontext=u:r:kernel:s0 tcontext=u:r:kernel:s0 tclass=capability permissive=0
12-28 06:22:42.631 I/auditd ( 0): type=1400 audit(0.0:18470): avc: denied { kill } for comm="swapper/0" capability=5 scontext=u:r:kernel:s0 tcontext=u:r:kernel:s0 tclass=capability permissive=0
12-28 06:22:43.631 I/auditd ( 0): type=1400 audit(0.0:18471): avc: denied { kill } for comm="swapper/0" capability=5 scontext=u:r:kernel:s0 tcontext=u:r:kernel:s0 tclass=capability permissive=0
12-28 06:22:44.631 I/auditd ( 0): type=1400 audit(0.0:18472): avc: denied { kill } for comm="swapper/0" capability=5 scontext=u:r:kernel:s0 tcontext=u:r:kernel:s0 tclass=capability permissive=0
12-28 06:22:47.631 I/auditd (20437): type=1400 audit(0.0:18473): avc: denied { kill } for comm="kworker/u16:16" capability=5 scontext=u:r:kernel:s0 tcontext=u:r:kernel:s0 tclass=capability permissive=0
12-28 06:22:48.631 I/auditd (18940): type=1400 audit(0.0:18474): avc: denied { kill } for comm="kworker/u17:4" capability=5 scontext=u:r:kernel:s0 tcontext=u:r:kernel:s0 tclass=capability permissive=0
12-28 06:22:49.284 I/input_interaction( 1508): Interaction with: 2cac3a1 gamemode.floatview (server), edge-swipe (server), swipe-up (server), PointerEventDispatcher0 (server),
12-28 06:22:49.631 I/auditd ( 0): type=1400 audit(0.0:18475): avc: denied { kill } for comm="swapper/0" capability=5 scontext=u:r:kernel:s0 tcontext=u:r:kernel:s0 tclass=capability permissive=0
12-28 06:22:50.084 I/input_interaction( 1508): Interaction with: 3e8a4b9 gamemode.menuview (server), edge-swipe (server), swipe-up (server), PointerEventDispatcher0 (server),
12-28 06:22:50.440 I/input_interaction( 1508): Interaction with: 4944e7a com.tencent.tmgp.sgame/com.tencent.tmgp.sgame.SGameActivity (server), edge-swipe (server), swipe-up (server), PointerEventDispatcher0 (server),
12-28 06:22:50.631 I/auditd ( 0): type=1400 audit(0.0:18476): avc: denied { kill } for comm="swapper/0" capability=5 scontext=u:r:kernel:s0 tcontext=u:r:kernel:s0 tclass=capability permissive=0
12-28 06:22:51.070 I/netstats_mobile_sample( 1508): [0,0,0,0,0,0,0,0,0,0,0,0,1672179771070]
12-28 06:22:51.070 I/netstats_wifi_sample( 1508): [6520824011,4925690,84063847,986080,6520824011,4925690,84063847,986080,6530586462,5007204,66468231,944357,1672179771070]
12-28 06:22:51.631 I/auditd ( 0): type=1400 audit(0.0:18477): avc: denied { kill } for comm="swapper/0" capability=5 scontext=u:r:kernel:s0 tcontext=u:r:kernel:s0 tclass=capability permissive=0
12-28 06:22:52.631 I/auditd ( 0): type=1400 audit(0.0:18478): avc: denied { kill } for comm="swapper/0" capability=5 scontext=u:r:kernel:s0 tcontext=u:r:kernel:s0 tclass=capability permissive=0
12-28 06:22:54.631 I/auditd ( 0): type=1400 audit(0.0:18479): avc: denied { kill } for comm="swapper/0" capability=5 scontext=u:r:kernel:s0 tcontext=u:r:kernel:s0 tclass=capability permissive=0
12-28 06:22:55.631 I/auditd ( 0): type=1400 audit(0.0:18480): avc: denied { kill } for comm="swapper/0" capability=5 scontext=u:r:kernel:s0 tcontext=u:r:kernel:s0 tclass=capability permissive=0
12-28 06:22:56.631 I/auditd ( 0): type=1400 audit(0.0:18481): avc: denied { kill } for comm="swapper/0" capability=5 scontext=u:r:kernel:s0 tcontext=u:r:kernel:s0 tclass=capability permissive=0
12-28 06:23:01.631 I/auditd ( 0): type=1400 audit(0.0:18482): avc: denied { kill } for comm="swapper/2" capability=5 scontext=u:r:kernel:s0 tcontext=u:r:kernel:s0 tclass=capability permissive=0
12-28 06:23:02.631 I/auditd ( 0): type=1400 audit(0.0:18483): avc: denied { kill } for comm="swapper/2" capability=5 scontext=u:r:kernel:s0 tcontext=u:r:kernel:s0 tclass=capability permissive=0
12-28 06:23:03.631 I/auditd ( 0): type=1400 audit(0.0:18484): avc: denied { kill } for comm="swapper/2" capability=5 scontext=u:r:kernel:s0 tcontext=u:r:kernel:s0 tclass=capability permissive=0
12-28 06:23:04.631 I/auditd ( 0): type=1400 audit(0.0:18485): avc: denied { kill } for comm="swapper/2" capability=5 scontext=u:r:kernel:s0 tcontext=u:r:kernel:s0 tclass=capability permissive=0
12-28 06:23:05.631 I/auditd ( 0): type=1400 audit(0.0:18486): avc: denied { kill } for comm="swapper/2" capability=5 scontext=u:r:kernel:s0 tcontext=u:r:kernel:s0 tclass=capability permissive=0
12-28 06:23:06.631 I/auditd ( 0): type=1400 audit(0.0:18487): avc: denied { kill } for comm="swapper/2" capability=5 scontext=u:r:kernel:s0 tcontext=u:r:kernel:s0 tclass=capability permissive=0
12-28 06:23:07.631 I/auditd ( 0): type=1400 audit(0.0:18488): avc: denied { kill } for comm="swapper/2" capability=5 scontext=u:r:kernel:s0 tcontext=u:r:kernel:s0 tclass=capability permissive=0
12-28 06:23:08.631 I/auditd ( 0): type=1400 audit(0.0:18489): avc: denied { kill } for comm="swapper/2" capability=5 scontext=u:r:kernel:s0 tcontext=u:r:kernel:s0 tclass=capability permissive=0
12-28 06:23:09.631 I/auditd ( 0): type=1400 audit(0.0:18490): avc: denied { kill } for comm="swapper/2" capability=5 scontext=u:r:kernel:s0 tcontext=u:r:kernel:s0 tclass=capability permissive=0
12-28 06:23:10.464 I/netstats_mobile_sample( 1508): [0,0,0,0,0,0,0,0,0,0,0,0,1672179790463]
12-28 06:23:10.464 I/netstats_wifi_sample( 1508): [6520904507,4925877,84133143,986246,6520904507,4925877,84133143,986246,6530690566,5007543,66503051,944443,1672179790463]
12-28 06:23:11.631 I/auditd (25925): type=1400 audit(0.0:18491): avc: denied { kill } for comm="kworker/u16:8" capability=5 scontext=u:r:kernel:s0 tcontext=u:r:kernel:s0 tclass=capability permissive=0
12-28 06:23:12.631 I/auditd ( 0): type=1400 audit(0.0:18492): avc: denied { kill } for comm="swapper/2" capability=5 scontext=u:r:kernel:s0 tcontext=u:r:kernel:s0 tclass=capability permissive=0
12-28 06:23:13.631 I/auditd ( 0): type=1400 audit(0.0:18493): avc: denied { kill } for comm="swapper/2" capability=5 scontext=u:r:kernel:s0 tcontext=u:r:kernel:s0 tclass=capability permissive=0
12-28 06:23:15.631 I/auditd ( 0): type=1400 audit(0.0:18494): avc: denied { kill } for comm="swapper/2" capability=5 scontext=u:r:kernel:s0 tcontext=u:r:kernel:s0 tclass=capability permissive=0
12-28 06:23:17.631 I/auditd ( 0): type=1400 audit(0.0:18495): avc: denied { kill } for comm="swapper/2" capability=5 scontext=u:r:kernel:s0 tcontext=u:r:kernel:s0 tclass=capability permissive=0
12-28 06:23:18.631 I/auditd ( 0): type=1400 audit(0.0:18496): avc: denied { kill } for comm="swapper/2" capability=5 scontext=u:r:kernel:s0 tcontext=u:r:kernel:s0 tclass=capability permissive=0
12-28 06:23:19.631 I/auditd ( 0): type=1400 audit(0.0:18497): avc: denied { kill } for comm="swapper/2" capability=5 scontext=u:r:kernel:s0 tcontext=u:r:kernel:s0 tclass=capability permissive=0
12-28 06:23:20.631 I/auditd ( 0): type=1400 audit(0.0:18498): avc: denied { kill } for comm="swapper/2" capability=5 scontext=u:r:kernel:s0 tcontext=u:r:kernel:s0 tclass=capability permissive=0
12-28 06:23:21.631 I/auditd ( 0): type=1400 audit(0.0:18499): avc: denied { kill } for comm="swapper/2" capability=5 scontext=u:r:kernel:s0 tcontext=u:r:kernel:s0 tclass=capability permissive=0
12-28 06:23:22.631 I/auditd ( 64): type=1400 audit(0.0:18500): avc: denied { kill } for comm="rcuop/6" capability=5 scontext=u:r:kernel:s0 tcontext=u:r:kernel:s0 tclass=capability permissive=0
12-28 06:23:23.631 I/auditd (10268): type=1400 audit(0.0:18501): avc: denied { kill } for comm="kworker/u16:11" capability=5 scontext=u:r:kernel:s0 tcontext=u:r:kernel:s0 tclass=capability permissive=0
12-28 06:23:24.631 I/auditd ( 0): type=1400 audit(0.0:18502): avc: denied { kill } for comm="swapper/2" capability=5 scontext=u:r:kernel:s0 tcontext=u:r:kernel:s0 tclass=capability permissive=0
12-28 06:23:25.631 I/auditd ( 0): type=1400 audit(0.0:18503): avc: denied { kill } for comm="swapper/2" capability=5 scontext=u:r:kernel:s0 tcontext=u:r:kernel:s0 tclass=capability permissive=0
12-28 06:23:27.631 I/auditd ( 0): type=1400 audit(0.0:18504): avc: denied { kill } for comm="swapper/3" capability=5 scontext=u:r:kernel:s0 tcontext=u:r:kernel:s0 tclass=capability permissive=0
12-28 06:23:28.631 I/auditd ( 0): type=1400 audit(0.0:18505): avc: denied { kill } for comm="swapper/3" capability=5 scontext=u:r:kernel:s0 tcontext=u:r:kernel:s0 tclass=capability permissive=0
12-28 06:23:29.631 I/auditd ( 0): type=1400 audit(0.0:18506): avc: denied { kill } for comm="swapper/3" capability=5 scontext=u:r:kernel:s0 tcontext=u:r:kernel:s0 tclass=capability permissive=0
12-28 06:23:29.635 I/netstats_mobile_sample( 1508): [0,0,0,0,0,0,0,0,0,0,0,0,1672179809635]
12-28 06:23:29.635 I/netstats_wifi_sample( 1508): [6520978737,4926051,84213855,986435,6520978737,4926051,84213855,986435,6530792304,5007894,66543437,944538,1672179809635]
12-28 06:23:30.631 I/auditd ( 0): type=1400 audit(0.0:18507): avc: denied { kill } for comm="swapper/3" capability=5 scontext=u:r:kernel:s0 tcontext=u:r:kernel:s0 tclass=capability permissive=0
12-28 06:23:31.631 I/auditd ( 0): type=1400 audit(0.0:18508): avc: denied { kill } for comm="swapper/3" capability=5 scontext=u:r:kernel:s0 tcontext=u:r:kernel:s0 tclass=capability permissive=0
12-28 06:23:32.631 I/auditd ( 0): type=1400 audit(0.0:18509): avc: denied { kill } for comm="swapper/3" capability=5 scontext=u:r:kernel:s0 tcontext=u:r:kernel:s0 tclass=capability permissive=0
12-28 06:23:33.631 I/auditd (10268): type=1400 audit(0.0:18510): avc: denied { kill } for comm="kworker/u16:11" capability=5 scontext=u:r:kernel:s0 tcontext=u:r:kernel:s0 tclass=capability permissive=0
12-28 06:23:35.631 I/auditd ( 0): type=1400 audit(0.0:18511): avc: denied { kill } for comm="swapper/0" capability=5 scontext=u:r:kernel:s0 tcontext=u:r:kernel:s0 tclass=capability permissive=0
12-28 06:23:38.631 I/auditd ( 0): type=1400 audit(0.0:18512): avc: denied { kill } for comm="swapper/0" capability=5 scontext=u:r:kernel:s0 tcontext=u:r:kernel:s0 tclass=capability permissive=0
12-28 06:23:39.631 I/auditd (28503): type=1400 audit(0.0:18513): avc: denied { kill } for comm="kworker/u17:1" capability=5 scontext=u:r:kernel:s0 tcontext=u:r:kernel:s0 tclass=capability permissive=0
12-28 06:23:40.631 I/auditd ( 0): type=1400 audit(0.0:18514): avc: denied { kill } for comm="swapper/0" capability=5 scontext=u:r:kernel:s0 tcontext=u:r:kernel:s0 tclass=capability permissive=0
12-28 06:23:41.631 I/auditd ( 0): type=1400 audit(0.0:18515): avc: denied { kill } for comm="swapper/0" capability=5 scontext=u:r:kernel:s0 tcontext=u:r:kernel:s0 tclass=capability permissive=0
12-28 06:23:42.631 I/auditd ( 3990): type=1400 audit(0.0:18516): avc: denied { kill } for comm="kworker/u17:5" capability=5 scontext=u:r:kernel:s0 tcontext=u:r:kernel:s0 tclass=capability permissive=0
12-28 06:23:43.631 I/auditd ( 0): type=1400 audit(0.0:18517): avc: denied { kill } for comm="swapper/0" capability=5 scontext=u:r:kernel:s0 tcontext=u:r:kernel:s0 tclass=capability permissive=0
12-28 06:23:44.631 I/auditd ( 0): type=1400 audit(0.0:18518): avc: denied { kill } for comm="swapper/0" capability=5 scontext=u:r:kernel:s0 tcontext=u:r:kernel:s0 tclass=capability permissive=0
12-28 06:23:45.442 I/netstats_mobile_sample( 1508): [0,0,0,0,0,0,0,0,0,0,0,0,1672179825441]
12-28 06:23:45.442 I/netstats_wifi_sample( 1508): [6521042771,4926201,84272011,986576,6521042771,4926201,84272011,986576,6530877944,5008183,66572655,944611,1672179825441]
12-28 06:23:45.631 I/auditd ( 0): type=1400 audit(0.0:18519): avc: denied { kill } for comm="swapper/0" capability=5 scontext=u:r:kernel:s0 tcontext=u:r:kernel:s0 tclass=capability permissive=0
12-28 06:23:46.631 I/auditd ( 0): type=1400 audit(0.0:18520): avc: denied { kill } for comm="swapper/0" capability=5 scontext=u:r:kernel:s0 tcontext=u:r:kernel:s0 tclass=capability permissive=0
12-28 06:23:49.197 I/storage_state( 1508): [41217664-9172-527a-b3d5-edabb50a7d69,0,0,103230758912,118610538496]
12-28 06:23:49.393 I/netstats_mobile_sample( 1508): [0,0,0,0,0,0,0,0,0,0,0,0,1672179829393]
12-28 06:23:49.393 I/netstats_wifi_sample( 1508): [6521053169,4926232,84287468,986611,6521053169,4926232,84287468,986611,6530893352,5008250,66582262,944632,1672179829393]
12-28 06:23:50.631 I/auditd ( 0): type=1400 audit(0.0:18521): avc: denied { kill } for comm="swapper/3" capability=5 scontext=u:r:kernel:s0 tcontext=u:r:kernel:s0 tclass=capability permissive=0
12-28 06:23:51.631 I/auditd (25764): type=1400 audit(0.0:18522): avc: denied { kill } for comm="kworker/u17:0" capability=5 scontext=u:r:kernel:s0 tcontext=u:r:kernel:s0 tclass=capability permissive=0
12-28 06:23:51.819 I/service_manager_stats( 1508): [100,91,140703]
12-28 06:23:54.631 I/auditd ( 0): type=1400 audit(0.0:18523): avc: denied { kill } for comm="swapper/0" capability=5 scontext=u:r:kernel:s0 tcontext=u:r:kernel:s0 tclass=capability permissive=0
12-28 06:23:55.475 I/am_uid_idle( 1508): 10065
12-28 06:23:55.631 I/auditd ( 0): type=1400 audit(0.0:18524): avc: denied { kill } for comm="swapper/0" capability=5 scontext=u:r:kernel:s0 tcontext=u:r:kernel:s0 tclass=capability permissive=0
12-28 06:23:56.631 I/auditd ( 0): type=1400 audit(0.0:18525): avc: denied { kill } for comm="swapper/0" capability=5 scontext=u:r:kernel:s0 tcontext=u:r:kernel:s0 tclass=capability permissive=0
12-28 06:23:57.631 I/auditd ( 0): type=1400 audit(0.0:18526): avc: denied { kill } for comm="swapper/0" capability=5 scontext=u:r:kernel:s0 tcontext=u:r:kernel:s0 tclass=capability permissive=0
12-28 06:23:58.631 I/auditd ( 0): type=1400 audit(0.0:18527): avc: denied { kill } for comm="swapper/0" capability=5 scontext=u:r:kernel:s0 tcontext=u:r:kernel:s0 tclass=capability permissive=0
12-28 06:23:59.631 I/auditd (20435): type=1400 audit(0.0:18528): avc: denied { kill } for comm="kworker/u16:7" capability=5 scontext=u:r:kernel:s0 tcontext=u:r:kernel:s0 tclass=capability permissive=0
12-28 06:24:01.631 I/auditd ( 0): type=1400 audit(0.0:18529): avc: denied { kill } for comm="swapper/0" capability=5 scontext=u:r:kernel:s0 tcontext=u:r:kernel:s0 tclass=capability permissive=0
12-28 06:24:02.631 I/auditd ( 0): type=1400 audit(0.0:18530): avc: denied { kill } for comm="swapper/0" capability=5 scontext=u:r:kernel:s0 tcontext=u:r:kernel:s0 tclass=capability permissive=0
12-28 06:24:03.631 I/auditd ( 0): type=1400 audit(0.0:18531): avc: denied { kill } for comm="swapper/0" capability=5 scontext=u:r:kernel:s0 tcontext=u:r:kernel:s0 tclass=capability permissive=0
12-28 06:24:04.631 I/auditd ( 0): type=1400 audit(0.0:18532): avc: denied { kill } for comm="swapper/0" capability=5 scontext=u:r:kernel:s0 tcontext=u:r:kernel:s0 tclass=capability permissive=0
12-28 06:24:05.631 I/auditd ( 0): type=1400 audit(0.0:18533): avc: denied { kill } for comm="swapper/0" capability=5 scontext=u:r:kernel:s0 tcontext=u:r:kernel:s0 tclass=capability permissive=0
12-28 06:24:06.631 I/auditd ( 0): type=1400 audit(0.0:18534): avc: denied { kill } for comm="swapper/0" capability=5 scontext=u:r:kernel:s0 tcontext=u:r:kernel:s0 tclass=capability permissive=0
12-28 06:24:08.631 I/auditd ( 0): type=1400 audit(0.0:18535): avc: denied { kill } for comm="swapper/0" capability=5 scontext=u:r:kernel:s0 tcontext=u:r:kernel:s0 tclass=capability permissive=0
12-28 06:24:08.793 I/netstats_mobile_sample( 1508): [0,0,0,0,0,0,0,0,0,0,0,0,1672179848793]
12-28 06:24:08.793 I/netstats_wifi_sample( 1508): [6521134414,4926420,84370307,986813,6521134414,4926420,84370307,986813,6531003153,5008618,66624775,944740,1672179848793]
12-28 06:24:09.631 I/auditd ( 0): type=1400 audit(0.0:18536): avc: denied { kill } for comm="swapper/0" capability=5 scontext=u:r:kernel:s0 tcontext=u:r:kernel:s0 tclass=capability permissive=0
12-28 06:24:11.631 I/auditd ( 0): type=1400 audit(0.0:18537): avc: denied { kill } for comm="swapper/0" capability=5 scontext=u:r:kernel:s0 tcontext=u:r:kernel:s0 tclass=capability permissive=0
12-28 06:24:12.631 I/auditd ( 0): type=1400 audit(0.0:18538): avc: denied { kill } for comm="swapper/0" capability=5 scontext=u:r:kernel:s0 tcontext=u:r:kernel:s0 tclass=capability permissive=0
12-28 06:24:13.631 I/auditd ( 0): type=1400 audit(0.0:18539): avc: denied { kill } for comm="swapper/0" capability=5 scontext=u:r:kernel:s0 tcontext=u:r:kernel:s0 tclass=capability permissive=0
12-28 06:24:15.631 I/auditd ( 0): type=1400 audit(0.0:18540): avc: denied { kill } for comm="swapper/0" capability=5 scontext=u:r:kernel:s0 tcontext=u:r:kernel:s0 tclass=capability permissive=0
12-28 06:24:16.631 I/auditd ( 0): type=1400 audit(0.0:18541): avc: denied { kill } for comm="swapper/0" capability=5 scontext=u:r:kernel:s0 tcontext=u:r:kernel:s0 tclass=capability permissive=0
12-28 06:24:17.631 I/auditd ( 0): type=1400 audit(0.0:18542): avc: denied { kill } for comm="swapper/0" capability=5 scontext=u:r:kernel:s0 tcontext=u:r:kernel:s0 tclass=capability permissive=0
12-28 06:24:18.631 I/auditd ( 288): type=1400 audit(0.0:18543): avc: denied { kill } for comm="kgsl_worker_thr" capability=5 scontext=u:r:kernel:s0 tcontext=u:r:kernel:s0 tclass=capability permissive=0
12-28 06:24:20.631 I/auditd ( 0): type=1400 audit(0.0:18544): avc: denied { kill } for comm="swapper/0" capability=5 scontext=u:r:kernel:s0 tcontext=u:r:kernel:s0 tclass=capability permissive=0
12-28 06:24:22.631 I/auditd ( 0): type=1400 audit(0.0:18545): avc: denied { kill } for comm="swapper/0" capability=5 scontext=u:r:kernel:s0 tcontext=u:r:kernel:s0 tclass=capability permissive=0
12-28 06:24:24.631 I/auditd ( 0): type=1400 audit(0.0:18546): avc: denied { kill } for comm="swapper/0" capability=5 scontext=u:r:kernel:s0 tcontext=u:r:kernel:s0 tclass=capability permissive=0
12-28 06:24:26.631 I/auditd ( 0): type=1400 audit(0.0:18547): avc: denied { kill } for comm="swapper/2" capability=5 scontext=u:r:kernel:s0 tcontext=u:r:kernel:s0 tclass=capability permissive=0
12-28 06:24:28.380 I/netstats_mobile_sample( 1508): [0,0,0,0,0,0,0,0,0,0,0,0,1672179868380]
12-28 06:24:28.380 I/netstats_wifi_sample( 1508): [6521211935,4926601,84440323,986984,6521211935,4926601,84440323,986984,6531106180,5008963,66660003,944829,1672179868380]
12-28 06:24:31.313 I/wm_task_moved( 1508): [1,0,0]
12-28 06:24:31.313 I/wm_task_moved( 1508): [1,0,6]
12-28 06:24:31.324 I/wm_on_restart_called( 2857): [186653412,com.android.launcher3.uioverrides.QuickstepLauncher,performRestartActivity]
12-28 06:24:31.342 I/am_uid_active( 1508): 10065
12-28 06:24:31.356 I/wm_on_start_called( 2857): [186653412,com.android.launcher3.uioverrides.QuickstepLauncher,handleStartActivity]
12-28 06:24:31.357 I/view_enqueue_input_event(30902): [Motion - Cancel,com.tencent.tmgp.sgame/com.tencent.tmgp.sgame.SGameActivity]
12-28 06:24:31.358 I/input_focus( 1508): [Focus request recents_animation_input_consumer,reason=UpdateInputWindows]
12-28 06:24:31.368 I/input_interaction( 1508): Interaction with: edge-swipe (server), swipe-up (server), PointerEventDispatcher0 (server),
12-28 06:24:31.369 I/sysui_latency( 2857): [1,68]
12-28 06:24:31.378 I/input_focus( 1508): [Focus leaving 4944e7a com.tencent.tmgp.sgame/com.tencent.tmgp.sgame.SGameActivity (server),reason=NOT_FOCUSABLE]
12-28 06:24:31.378 I/input_focus( 1508): [Focus entering recents_animation_input_consumer (server),reason=setFocusedWindow]
12-28 06:24:31.381 I/sysui_multi_action( 1508): [319,10,322,63,325,17185,757,761,758,9,759,5,806,com.android.launcher3,871,com.android.launcher3.uioverrides.QuickstepLauncher,905,0,1320,4,1321,1]
12-28 06:24:31.569 I/commit_sys_config_file( 1508): [settings-1-0,15]
12-28 06:24:31.678 I/sysui_latency( 1508): [8,72]
12-28 06:24:32.065 I/wm_task_moved( 1508): [1,1,7]
12-28 06:24:32.065 I/wm_task_moved( 1508): [10,1,2147483647]
12-28 06:24:32.065 I/wm_task_to_front( 1508): [0,10]
12-28 06:24:32.065 I/wm_on_top_resumed_lost_called(30902): [244495840,com.tencent.tmgp.sgame.SGameActivity,topStateChangedWhenResumed]
12-28 06:24:32.065 I/wm_focused_root_task( 1508): [0,0,1,65,RecentsAnimation.onAnimationFinished()]
12-28 06:24:32.066 I/wm_set_resumed_activity( 1508): [0,com.android.launcher3/.uioverrides.QuickstepLauncher,RecentsAnimation.onAnimationFinished()]
12-28 06:24:32.067 I/wm_pause_activity( 1508): [0,244495840,com.tencent.tmgp.sgame/.SGameActivity,userLeaving=true,pauseBackTasks]
12-28 06:24:32.068 I/wm_add_to_stopping( 1508): [0,244495840,com.tencent.tmgp.sgame/.SGameActivity,makeInvisible]
12-28 06:24:32.068 I/wm_set_resumed_activity( 1508): [0,com.android.launcher3/.uioverrides.QuickstepLauncher,resumeTopActivityInnerLocked]
12-28 06:24:32.069 I/wm_resume_activity( 1508): [0,186653412,10,com.android.launcher3/.uioverrides.QuickstepLauncher]
12-28 06:24:32.070 I/wm_on_resume_called( 2857): [186653412,com.android.launcher3.uioverrides.QuickstepLauncher,RESUME_ACTIVITY]
12-28 06:24:32.076 I/input_focus( 1508): [Focus request 2711ce0 com.android.launcher3/com.android.launcher3.uioverrides.QuickstepLauncher,reason=UpdateInputWindows]
12-28 06:24:32.082 I/wm_on_top_resumed_gained_called( 2857): [186653412,com.android.launcher3.uioverrides.QuickstepLauncher,topStateChangedWhenResumed]
12-28 06:24:32.086 I/wm_stop_activity( 1508): [0,244495840,com.tencent.tmgp.sgame/.SGameActivity]
12-28 06:24:32.088 I/sysui_multi_action( 1508): [757,803,799,window_time_0,802,161]
12-28 06:24:32.089 I/sysui_multi_action( 1508): [757,803,799,window_time_0,802,0]
12-28 06:24:32.093 I/input_focus( 1508): [Focus leaving recents_animation_input_consumer (server),reason=NOT_VISIBLE]
12-28 06:24:32.097 I/input_focus( 1508): [Focus entering 2711ce0 com.android.launcher3/com.android.launcher3.uioverrides.QuickstepLauncher (server),reason=setFocusedWindow]
12-28 06:24:32.116 I/am_pss ( 1508): [30620,1000,com.android.settings,140433408,123899904,52224,260497408,0,15,15]
12-28 06:24:32.122 I/am_pss ( 1508): [21713,10064,com.android.calendar,7146496,4915200,54272,87228416,0,19,6]
12-28 06:24:32.129 I/am_pss ( 1508): [21699,10067,com.android.deskclock,8227840,5877760,54272,89538560,0,19,5]
12-28 06:24:32.135 I/am_pss ( 1508): [21685,10069,com.android.gallery3d,7763968,5500928,54272,88256512,0,19,6]
12-28 06:24:32.141 I/am_pss ( 1508): [21670,10084,com.android.music,7793664,5668864,54272,86048768,0,19,5]
12-28 06:24:32.149 I/am_pss ( 1508): [21669,10030,com.microsoft.emmx,41946112,37658624,53248,134582272,0,19,7]
12-28 06:24:32.480 I/input_interaction( 1508): Interaction with: 2711ce0 com.android.launcher3/com.android.launcher3.uioverrides.QuickstepLauncher (server), cd21bea com.android.systemui.ImageWallpaper (server), edge-swipe (server), swipe-up (server), PointerEventDispatcher0 (server),
12-28 06:24:32.535 I/wm_on_paused_called(30902): [244495840,com.tencent.tmgp.sgame.SGameActivity,performPause]
12-28 06:24:32.544 I/wm_on_stop_called(30902): [244495840,com.tencent.tmgp.sgame.SGameActivity,STOP_ACTIVITY_ITEM]
12-28 06:24:32.607 I/wm_task_moved( 1508): [66,1,7]
12-28 06:24:32.607 I/wm_task_to_front( 1508): [0,66]
12-28 06:24:32.608 I/wm_focused_root_task( 1508): [0,0,66,1,bringingFoundTaskToFront]
12-28 06:24:32.608 I/wm_set_resumed_activity( 1508): [0,com.android.settings/.Settings,bringingFoundTaskToFront]
12-28 06:24:32.609 I/wm_new_intent( 1508): [0,238673682,66,com.android.settings/.Settings,android.intent.action.MAIN,NULL,NULL,270532608]
12-28 06:24:32.610 I/wm_pause_activity( 1508): [0,186653412,com.android.launcher3/.uioverrides.QuickstepLauncher,userLeaving=true,pauseBackTasks]
12-28 06:24:32.616 I/wm_on_top_resumed_lost_called( 2857): [186653412,com.android.launcher3.uioverrides.QuickstepLauncher,topStateChangedWhenResumed]
12-28 06:24:32.621 I/wm_on_paused_called( 2857): [186653412,com.android.launcher3.uioverrides.QuickstepLauncher,performPause]
12-28 06:24:32.623 I/wm_set_resumed_activity( 1508): [0,com.android.settings/.Settings,resumeTopActivityInnerLocked]
12-28 06:24:32.624 I/wm_add_to_stopping( 1508): [0,186653412,com.android.launcher3/.uioverrides.QuickstepLauncher,makeInvisible]
12-28 06:24:32.624 I/wm_resume_activity( 1508): [0,238673682,66,com.android.settings/.Settings]
12-28 06:24:32.631 I/auditd ( 0): type=1400 audit(0.0:18548): avc: denied { kill } for comm="swapper/3" capability=5 scontext=u:r:kernel:s0 tcontext=u:r:kernel:s0 tclass=capability permissive=0
12-28 06:24:32.645 I/sysui_multi_action( 1508): [757,803,799,window_time_0,802,0]
12-28 06:24:32.646 I/wm_on_restart_called(30620): [238673682,com.android.settings.Settings,performRestartActivity]
12-28 06:24:32.646 I/input_focus( 1508): [Focus leaving 2711ce0 com.android.launcher3/com.android.launcher3.uioverrides.QuickstepLauncher (server),reason=NO_WINDOW]
12-28 06:24:32.647 I/wm_on_start_called(30620): [238673682,com.android.settings.Settings,handleStartActivity]
12-28 06:24:32.647 I/snet_event_log(30620): [120484087,-1,]
12-28 06:24:32.648 I/wm_on_resume_called(30620): [238673682,com.android.settings.Settings,RESUME_ACTIVITY]
12-28 06:24:32.648 I/sysui_multi_action(30620): [757,35,758,1,833,0,1089,0]
12-28 06:24:32.648 I/sysui_multi_action(30620): [757,3102,758,1,833,0,1089,0]
12-28 06:24:32.649 I/wm_on_top_resumed_gained_called(30620): [238673682,com.android.settings.Settings,topWhenResuming]
12-28 06:24:32.663 I/input_focus( 1508): [Focus request 6e85bb1 com.android.settings/com.android.settings.Settings,reason=UpdateInputWindows]
12-28 06:24:32.683 I/sysui_multi_action( 1508): [319,32,321,24,322,70,325,17186,757,761,758,9,759,4,806,com.android.settings,871,com.android.settings.Settings,904,com.android.launcher3,905,0,1320,8,1321,5]
12-28 06:24:32.693 I/input_focus( 1508): [Focus entering 6e85bb1 com.android.settings/com.android.settings.Settings (server),reason=Window became focusable. Previous reason: NOT_VISIBLE]
12-28 06:24:33.182 I/wm_stop_activity( 1508): [0,186653412,com.android.launcher3/.uioverrides.QuickstepLauncher]
12-28 06:24:33.219 I/wm_on_stop_called( 2857): [186653412,com.android.launcher3.uioverrides.QuickstepLauncher,STOP_ACTIVITY_ITEM]
12-28 06:24:33.631 I/auditd ( 0): type=1400 audit(0.0:18549): avc: denied { kill } for comm="swapper/3" capability=5 scontext=u:r:kernel:s0 tcontext=u:r:kernel:s0 tclass=capability permissive=0
12-28 06:24:34.289 I/input_interaction( 1508): Interaction with: 6e85bb1 com.android.settings/com.android.settings.Settings (server), edge-swipe (server), swipe-up (server), PointerEventDispatcher0 (server),
12-28 06:24:35.522 I/sysui_multi_action(30620): [757,3102,758,2,1089,2873]
12-28 06:24:35.538 I/sysui_multi_action(30620): [757,3100,758,1,833,0,1089,0]
12-28 06:24:35.631 I/auditd ( 0): type=1400 audit(0.0:18550): avc: denied { kill } for comm="swapper/3" capability=5 scontext=u:r:kernel:s0 tcontext=u:r:kernel:s0 tclass=capability permissive=0
12-28 06:24:36.631 I/auditd ( 0): type=1400 audit(0.0:18551): avc: denied { kill } for comm="swapper/3" capability=5 scontext=u:r:kernel:s0 tcontext=u:r:kernel:s0 tclass=capability permissive=0
12-28 06:24:37.631 I/auditd ( 0): type=1400 audit(0.0:18552): avc: denied { kill } for comm="swapper/3" capability=5 scontext=u:r:kernel:s0 tcontext=u:r:kernel:s0 tclass=capability permissive=0
12-28 06:24:38.631 I/auditd ( 0): type=1400 audit(0.0:18553): avc: denied { kill } for comm="swapper/3" capability=5 scontext=u:r:kernel:s0 tcontext=u:r:kernel:s0 tclass=capability permissive=0
12-28 06:24:39.631 I/auditd ( 0): type=1400 audit(0.0:18554): avc: denied { kill } for comm="swapper/3" capability=5 scontext=u:r:kernel:s0 tcontext=u:r:kernel:s0 tclass=capability permissive=0
12-28 06:24:40.631 I/auditd ( 0): type=1400 audit(0.0:18555): avc: denied { kill } for comm="swapper/3" capability=5 scontext=u:r:kernel:s0 tcontext=u:r:kernel:s0 tclass=capability permissive=0
12-28 06:24:41.631 I/auditd ( 0): type=1400 audit(0.0:18556): avc: denied { kill } for comm="swapper/3" capability=5 scontext=u:r:kernel:s0 tcontext=u:r:kernel:s0 tclass=capability permissive=0
12-28 06:24:42.631 I/auditd ( 0): type=1400 audit(0.0:18557): avc: denied { kill } for comm="swapper/3" capability=5 scontext=u:r:kernel:s0 tcontext=u:r:kernel:s0 tclass=capability permissive=0
12-28 06:24:43.631 I/auditd ( 0): type=1400 audit(0.0:18558): avc: denied { kill } for comm="swapper/3" capability=5 scontext=u:r:kernel:s0 tcontext=u:r:kernel:s0 tclass=capability permissive=0
12-28 06:24:45.631 I/auditd ( 0): type=1400 audit(0.0:18559): avc: denied { kill } for comm="swapper/3" capability=5 scontext=u:r:kernel:s0 tcontext=u:r:kernel:s0 tclass=capability permissive=0
12-28 06:24:46.631 I/auditd ( 0): type=1400 audit(0.0:18560): avc: denied { kill } for comm="swapper/3" capability=5 scontext=u:r:kernel:s0 tcontext=u:r:kernel:s0 tclass=capability permissive=0
12-28 06:24:47.631 I/auditd ( 0): type=1400 audit(0.0:18561): avc: denied { kill } for comm="swapper/3" capability=5 scontext=u:r:kernel:s0 tcontext=u:r:kernel:s0 tclass=capability permissive=0
12-28 06:24:48.631 I/auditd ( 0): type=1400 audit(0.0:18562): avc: denied { kill } for comm="swapper/3" capability=5 scontext=u:r:kernel:s0 tcontext=u:r:kernel:s0 tclass=capability permissive=0
12-28 06:24:49.631 I/auditd ( 0): type=1400 audit(0.0:18563): avc: denied { kill } for comm="swapper/3" capability=5 scontext=u:r:kernel:s0 tcontext=u:r:kernel:s0 tclass=capability permissive=0
12-28 06:24:50.631 I/auditd ( 0): type=1400 audit(0.0:18564): avc: denied { kill } for comm="swapper/3" capability=5 scontext=u:r:kernel:s0 tcontext=u:r:kernel:s0 tclass=capability permissive=0
12-28 06:24:51.631 I/auditd ( 0): type=1400 audit(0.0:18565): avc: denied { kill } for comm="swapper/3" capability=5 scontext=u:r:kernel:s0 tcontext=u:r:kernel:s0 tclass=capability permissive=0
12-28 06:24:52.631 I/auditd ( 0): type=1400 audit(0.0:18566): avc: denied { kill } for comm="swapper/3" capability=5 scontext=u:r:kernel:s0 tcontext=u:r:kernel:s0 tclass=capability permissive=0
12-28 06:24:53.631 I/auditd ( 0): type=1400 audit(0.0:18567): avc: denied { kill } for comm="swapper/3" capability=5 scontext=u:r:kernel:s0 tcontext=u:r:kernel:s0 tclass=capability permissive=0
12-28 06:24:54.631 I/auditd ( 0): type=1400 audit(0.0:18568): avc: denied { kill } for comm="swapper/3" capability=5 scontext=u:r:kernel:s0 tcontext=u:r:kernel:s0 tclass=capability permissive=0
12-28 06:24:55.631 I/auditd ( 0): type=1400 audit(0.0:18569): avc: denied { kill } for comm="swapper/3" capability=5 scontext=u:r:kernel:s0 tcontext=u:r:kernel:s0 tclass=capability permissive=0
12-28 06:24:56.562 I/netstats_mobile_sample( 1508): [0,0,0,0,0,0,0,0,0,0,0,0,1672179896562]
12-28 06:24:56.563 I/netstats_wifi_sample( 1508): [6521322582,4926861,84556803,987262,6521322582,4926861,84556803,987262,6531252603,5009453,66718919,944973,1672179896562]
12-28 06:24:56.631 I/auditd ( 0): type=1400 audit(0.0:18570): avc: denied { kill } for comm="swapper/3" capability=5 scontext=u:r:kernel:s0 tcontext=u:r:kernel:s0 tclass=capability permissive=0
12-28 06:24:57.631 I/auditd ( 0): type=1400 audit(0.0:18571): avc: denied { kill } for comm="swapper/3" capability=5 scontext=u:r:kernel:s0 tcontext=u:r:kernel:s0 tclass=capability permissive=0
12-28 06:24:58.631 I/auditd ( 0): type=1400 audit(0.0:18572): avc: denied { kill } for comm="swapper/3" capability=5 scontext=u:r:kernel:s0 tcontext=u:r:kernel:s0 tclass=capability permissive=0
12-28 06:24:59.631 I/auditd ( 0): type=1400 audit(0.0:18573): avc: denied { kill } for comm="swapper/3" capability=5 scontext=u:r:kernel:s0 tcontext=u:r:kernel:s0 tclass=capability permissive=0
12-28 06:25:00.631 I/auditd ( 0): type=1400 audit(0.0:18574): avc: denied { kill } for comm="swapper/3" capability=5 scontext=u:r:kernel:s0 tcontext=u:r:kernel:s0 tclass=capability permissive=0
12-28 06:25:01.631 I/auditd ( 0): type=1400 audit(0.0:18575): avc: denied { kill } for comm="swapper/3" capability=5 scontext=u:r:kernel:s0 tcontext=u:r:kernel:s0 tclass=capability permissive=0
12-28 06:25:02.631 I/auditd ( 0): type=1400 audit(0.0:18576): avc: denied { kill } for comm="swapper/3" capability=5 scontext=u:r:kernel:s0 tcontext=u:r:kernel:s0 tclass=capability permissive=0
12-28 06:25:03.631 I/auditd ( 0): type=1400 audit(0.0:18577): avc: denied { kill } for comm="swapper/3" capability=5 scontext=u:r:kernel:s0 tcontext=u:r:kernel:s0 tclass=capability permissive=0
