12-28 05:23:34.524 I/liblog (15122): 3
12-28 05:23:34.524 I/liblog (15122): 5
12-28 05:23:34.525 I/liblog (15122): 26
12-28 05:23:34.525 I/liblog (15122): 10
12-28 05:23:34.525 I/liblog (15122): 10
12-28 05:23:34.525 I/liblog (15122): 11
12-28 05:23:34.525 I/liblog (15122): 11
12-28 05:23:34.525 I/liblog (15122): 10
12-28 05:23:34.525 I/liblog (15122): 3
12-28 05:23:34.525 I/liblog (15122): 3
12-28 05:23:34.525 I/liblog (15122): 2
12-28 05:23:34.525 I/liblog (15122): 1
12-28 05:23:34.525 I/liblog (15122): 2
12-28 05:23:34.525 I/liblog (15122): 3
12-28 05:23:34.525 I/liblog (15122): 3
12-28 05:23:34.525 I/liblog (15122): 2
12-28 05:23:34.525 I/liblog (15122): 15
12-28 05:23:34.525 I/liblog (15122): 2
12-28 05:23:34.525 I/liblog (15122): 3
12-28 05:23:34.525 I/liblog (15122): 2
12-28 05:23:34.525 I/liblog (15122): 3
12-28 05:23:34.525 I/liblog (15122): 1
12-28 05:23:34.525 I/liblog (15122): 4
12-28 05:23:34.525 I/liblog (15122): 3
12-28 05:23:34.525 I/liblog (15122): 2
12-28 05:23:34.525 I/liblog (15122): 10
12-28 05:23:34.525 I/liblog (15122): 4
12-28 05:23:34.525 I/liblog (15122): 2
12-28 05:23:34.525 I/liblog (15122): 3
12-28 05:23:34.525 I/liblog (15122): 1
12-28 05:23:34.525 I/liblog (15122): 2
12-28 05:23:34.525 I/liblog (15122): 2
12-28 05:23:34.525 I/liblog (15122): 3
12-28 05:23:34.525 I/liblog (15122): 3
12-28 05:23:34.525 I/liblog (15122): 1
12-28 05:23:34.525 I/liblog (15122): 3
12-28 05:23:34.525 I/liblog (15122): 2
12-28 05:23:34.525 I/liblog (15122): 4
12-28 05:23:34.525 I/liblog (15122): 1
12-28 05:23:34.525 I/liblog (15122): 10
12-28 05:23:34.525 I/liblog (15122): 3
12-28 05:23:34.525 I/liblog (15122): 2
12-28 05:23:34.525 I/liblog (15122): 3
12-28 05:23:34.525 I/liblog (15122): 2
12-28 05:23:34.525 I/liblog (15122): 2
12-28 05:23:34.525 I/liblog (15122): 2
12-28 05:23:34.525 I/liblog (15122): 2
12-28 05:23:34.525 I/liblog (15122): 1
12-28 05:23:34.525 I/liblog (15122): 3
12-28 05:23:34.525 I/liblog (15122): 2
12-28 05:23:34.525 I/liblog (15122): 4
12-28 05:23:34.525 I/liblog (15122): 1
12-28 05:23:34.527 I/liblog (15122): 493
12-28 05:23:34.527 I/liblog (15122): 4
12-28 05:23:34.527 I/liblog (15122): 4
12-28 05:23:34.527 I/liblog (15122): 2
12-28 05:23:34.527 I/liblog (15122): 6
12-28 05:23:34.527 I/liblog (15122): 2
12-28 05:23:34.527 I/liblog (15122): 1
12-28 05:23:34.527 I/liblog (15122): 4
12-28 05:23:34.527 I/liblog (15122): 3
12-28 05:23:34.527 I/liblog (15122): 2
12-28 05:23:34.527 I/liblog (15122): 4
12-28 05:23:34.527 I/liblog (15122): 2
12-28 05:23:34.527 I/liblog (15122): 1
12-28 05:23:34.527 I/liblog (15122): 5
12-28 05:23:34.527 I/liblog (15122): 2
12-28 05:23:34.527 I/liblog (15122): 3
12-28 05:23:34.527 I/liblog (15122): 2
12-28 05:23:34.527 I/liblog (15122): 3
12-28 05:23:34.527 I/liblog (15122): 1
12-28 05:23:34.527 I/liblog (15122): 3
12-28 05:23:34.527 I/liblog (15122): 3
12-28 05:23:34.527 I/liblog (15122): 2
12-28 05:23:34.527 I/liblog (15122): 2
12-28 05:23:34.527 I/liblog (15122): 1
12-28 05:23:34.527 I/liblog (15122): 2
12-28 05:23:34.527 I/liblog (15122): 3
12-28 05:23:34.527 I/liblog (15122): 3
12-28 05:23:34.527 I/liblog (15122): 2
12-28 05:23:34.527 I/liblog (15122): 2
12-28 05:23:34.527 I/liblog (15122): 3
12-28 05:23:34.527 I/liblog (15122): 1
12-28 05:23:34.527 I/liblog (15122): 2
12-28 05:23:34.527 I/liblog (15122): 4
12-28 05:23:34.527 I/liblog (15122): 3
12-28 05:23:34.527 I/liblog (15122): 2
12-28 05:23:34.527 I/liblog (15122): 1
12-28 05:23:34.527 I/liblog (15122): 2
12-28 05:23:34.527 I/liblog (15122): 3
12-28 05:23:34.527 I/liblog (15122): 1
12-28 05:23:34.527 I/liblog (15122): 2
12-28 05:23:34.527 I/liblog (15122): 11
12-28 05:23:34.527 I/liblog (15122): 1
12-28 05:23:34.527 I/liblog (15122): 3
12-28 05:23:34.527 I/liblog (15122): 1
12-28 05:23:34.527 I/liblog (15122): 3
12-28 05:23:34.527 I/liblog (15122): 4
12-28 05:23:34.527 I/liblog (15122): 2
12-28 05:23:34.527 I/liblog (15122): 3
12-28 05:23:34.527 I/liblog (15122): 3
12-28 05:23:34.527 I/liblog (15122): 2
12-28 05:23:34.527 I/liblog (15122): 1
12-28 05:23:34.527 I/liblog (15122): 1
12-28 05:23:34.527 I/liblog (15122): 3
12-28 05:23:34.527 I/liblog (15122): 3
12-28 05:23:34.527 I/liblog (15122): 1
12-28 05:23:34.527 I/liblog (15122): 3
12-28 05:23:34.527 I/liblog (15122): 2
12-28 05:23:34.527 I/liblog (15122): 8
12-28 05:23:34.527 I/liblog (15122): 2
12-28 05:23:34.527 I/liblog (15122): 2
12-28 05:23:34.527 I/liblog (15122): 4
12-28 05:23:34.527 I/liblog (15122): 3
12-28 05:23:34.527 I/liblog (15122): 2
12-28 05:23:34.527 I/liblog (15122): 4
12-28 05:23:34.527 I/liblog (15122): 4
12-28 05:23:34.527 I/liblog (15122): 2
12-28 05:23:34.527 I/liblog (15122): 2
12-28 05:23:34.527 I/liblog (15122): 1
12-28 05:23:34.527 I/liblog (15122): 3
12-28 05:23:34.527 I/liblog (15122): 3
12-28 05:23:34.527 I/liblog (15122): 2
12-28 05:23:34.527 I/liblog (15122): 2
12-28 05:23:34.527 I/liblog (15122): 10
12-28 05:23:34.527 I/liblog (15122): 2
12-28 05:23:34.527 I/liblog (15122): 2
12-28 05:23:34.528 I/liblog (15122): 3
12-28 05:23:34.528 I/liblog (15122): 3
12-28 05:23:34.528 I/liblog (15122): 1
12-28 05:23:34.528 I/liblog (15122): 2
12-28 05:23:34.528 I/liblog (15122): 4
12-28 05:23:34.528 I/liblog (15122): 2
12-28 05:23:34.528 I/liblog (15122): 1
12-28 05:23:34.528 I/liblog (15122): 5
12-28 05:23:34.528 I/liblog (15122): 3
12-28 05:23:34.528 I/liblog (15122): 3
12-28 05:23:34.528 I/liblog (15122): 3
12-28 05:23:34.528 I/liblog (15122): 3
12-28 05:23:34.528 I/liblog (15122): 3
12-28 05:23:34.528 I/liblog (15122): 2
12-28 05:23:34.528 I/liblog (15122): 3
12-28 05:23:34.528 I/liblog (15122): 2
12-28 05:23:34.528 I/liblog (15122): 16
12-28 05:23:34.528 I/liblog (15122): 5
12-28 05:23:34.528 I/liblog (15122): 5
12-28 05:23:34.528 I/liblog (15122): 2
12-28 05:23:34.528 I/liblog (15122): 4
12-28 05:23:34.528 I/liblog (15122): 3
12-28 05:23:34.528 I/liblog (15122): 3
12-28 05:23:34.528 I/liblog (15122): 6
12-28 05:23:34.528 I/liblog (15122): 3
12-28 05:23:34.528 I/liblog (15122): 2
12-28 05:23:34.528 I/liblog (15122): 3
12-28 05:23:34.528 I/liblog (15122): 1
12-28 05:23:34.528 I/liblog (15122): 4
12-28 05:23:34.528 I/liblog (15122): 4
12-28 05:23:34.528 I/liblog (15122): 2
12-28 05:23:34.528 I/liblog (15122): 2
12-28 05:23:34.528 I/liblog (15122): 6
12-28 05:23:34.528 I/liblog (15122): 3
12-28 05:23:34.528 I/liblog (15122): 3
12-28 05:23:34.528 I/liblog (15122): 3
12-28 05:23:34.528 I/liblog (15122): 4
12-28 05:23:34.528 I/liblog (15122): 4
12-28 05:23:34.528 I/liblog (15122): 3
12-28 05:23:34.528 I/liblog (15122): 4
12-28 05:23:34.528 I/liblog (15122): 2
12-28 05:23:34.528 I/liblog (15122): 2
12-28 05:23:34.528 I/liblog (15122): 3
12-28 05:23:34.528 I/liblog (15122): 4
12-28 05:23:34.528 I/liblog (15122): 1
12-28 05:23:34.528 I/liblog (15122): 4
12-28 05:23:34.528 I/liblog (15122): 3
12-28 05:23:34.528 I/liblog (15122): 1
12-28 05:23:34.528 I/liblog (15122): 14
12-28 05:23:34.528 I/liblog (15122): 4
12-28 05:23:34.528 I/liblog (15122): 6
12-28 05:23:34.528 I/liblog (15122): 3
12-28 05:23:34.528 I/liblog (15122): 1
12-28 05:23:34.528 I/liblog (15122): 3
12-28 05:23:34.528 I/liblog (15122): 1
12-28 05:23:34.528 I/liblog (15122): 4
12-28 05:23:34.528 I/liblog (15122): 2
12-28 05:23:34.528 I/liblog (15122): 2
12-28 05:23:34.528 I/liblog (15122): 3
12-28 05:23:34.528 I/liblog (15122): 3
12-28 05:23:34.528 I/liblog (15122): 2
12-28 05:23:34.528 I/liblog (15122): 9
12-28 05:23:34.528 I/liblog (15122): 3
12-28 05:23:34.528 I/liblog (15122): 3
12-28 05:23:34.528 I/liblog (15122): 3
12-28 05:23:34.528 I/liblog (15122): 1
12-28 05:23:34.528 I/liblog (15122): 2
12-28 05:23:34.528 I/liblog (15122): 35
12-28 05:23:34.529 I/liblog (15122): 5
12-28 05:23:34.631 I/auditd ( 0): type=1400 audit(0.0:15112): avc: denied { kill } for comm="swapper/5" capability=5 scontext=u:r:kernel:s0 tcontext=u:r:kernel:s0 tclass=capability permissive=0
12-28 05:23:34.855 I/auditd (15199): type=1400 audit(0.0:15113): avc: denied { getattr } for comm="stat" path="/mnt/sdcard" dev="tmpfs" ino=12578 scontext=u:r:untrusted_app_29:s0:c98,c256,c512,c768 tcontext=u:object_r:mnt_sdcard_file:s0 tclass=lnk_file permissive=0 app=com.tencent.tmgp.sgame
12-28 05:23:34.859 I/auditd (15122): type=1400 audit(0.0:15114): avc: denied { getattr } for comm="pool-2-thread-2" path="/mnt/sdcard" dev="tmpfs" ino=12578 scontext=u:r:untrusted_app_29:s0:c98,c256,c512,c768 tcontext=u:object_r:mnt_sdcard_file:s0 tclass=lnk_file permissive=0 app=com.tencent.tmgp.sgame
12-28 05:23:34.859 I/auditd (15122): type=1400 audit(0.0:15115): avc: denied { getattr } for comm="pool-2-thread-2" path="/mnt/sdcard" dev="tmpfs" ino=12578 scontext=u:r:untrusted_app_29:s0:c98,c256,c512,c768 tcontext=u:object_r:mnt_sdcard_file:s0 tclass=lnk_file permissive=0 app=com.tencent.tmgp.sgame
12-28 05:23:35.192 I/am_proc_died( 1508): [0,14082,com.tencent.mm:appbrand1,905,19]
12-28 05:23:35.193 I/am_schedule_service_restart( 1508): [0,com.tencent.mm/.ipcinvoker.wx_extension.service.Appbrand1IPCService,1000]
12-28 05:23:35.206 I/am_proc_died( 1508): [0,14078,com.tencent.mm:appbrand0,100,19]
12-28 05:23:35.206 I/am_schedule_service_restart( 1508): [0,com.tencent.mm/.ipcinvoker.wx_extension.service.Appbrand0IPCService,1000]
12-28 05:23:35.240 I/am_proc_died( 1508): [0,14150,com.tencent.mm:tools,0,11]
12-28 05:23:35.240 I/am_broadcast_discard_app( 1508): [0,225706498,NULL,0,ResolveInfo{8bcf5a com.tencent.mm/.booter.MMReceivers$ToolsProcessReceiver m=0x0}]
12-28 05:23:35.631 I/auditd ( 0): type=1400 audit(0.0:15116): avc: denied { kill } for comm="swapper/5" capability=5 scontext=u:r:kernel:s0 tcontext=u:r:kernel:s0 tclass=capability permissive=0
12-28 05:23:36.066 I/netstats_mobile_sample( 1508): [0,0,0,0,0,0,0,0,0,0,0,0,1672176216066]
12-28 05:23:36.066 I/netstats_wifi_sample( 1508): [6488647234,4876855,69493246,947322,6488647234,4876855,69493246,947322,6493691565,4928003,58737476,921596,1672176216066]
12-28 05:23:36.631 I/auditd ( 0): type=1400 audit(0.0:15117): avc: denied { kill } for comm="swapper/5" capability=5 scontext=u:r:kernel:s0 tcontext=u:r:kernel:s0 tclass=capability permissive=0
12-28 05:23:37.236 I/netstats_mobile_sample( 1508): [0,0,0,0,0,0,0,0,0,0,0,0,1672176217236]
12-28 05:23:37.236 I/netstats_wifi_sample( 1508): [6502988708,4886920,69545155,947946,6502988708,4886920,69545155,947946,6508033080,4938069,58789437,922221,1672176217236]
12-28 05:23:37.631 I/auditd ( 0): type=1400 audit(0.0:15118): avc: denied { kill } for comm="swapper/5" capability=5 scontext=u:r:kernel:s0 tcontext=u:r:kernel:s0 tclass=capability permissive=0
12-28 05:23:37.907 I/auditd ( 4168): type=1400 audit(0.0:15119): avc: denied { read } for comm="Thread-158" name="cache" dev="dm-5" ino=16 scontext=u:r:untrusted_app_29:s0:c98,c256,c512,c768 tcontext=u:object_r:cache_file:s0 tclass=lnk_file permissive=0 app=com.tencent.tmgp.sgame
12-28 05:23:37.971 I/auditd ( 4168): type=1400 audit(0.0:15120): avc: denied { read } for comm="Thread-115" name="cache" dev="dm-5" ino=16 scontext=u:r:untrusted_app_29:s0:c98,c256,c512,c768 tcontext=u:object_r:cache_file:s0 tclass=lnk_file permissive=0 app=com.tencent.tmgp.sgame
12-28 05:23:38.631 I/auditd ( 0): type=1400 audit(0.0:15121): avc: denied { kill } for comm="swapper/5" capability=5 scontext=u:r:kernel:s0 tcontext=u:r:kernel:s0 tclass=capability permissive=0
12-28 05:23:40.631 I/auditd ( 0): type=1400 audit(0.0:15122): avc: denied { kill } for comm="swapper/1" capability=5 scontext=u:r:kernel:s0 tcontext=u:r:kernel:s0 tclass=capability permissive=0
12-28 05:23:41.631 I/auditd ( 0): type=1400 audit(0.0:15123): avc: denied { kill } for comm="swapper/1" capability=5 scontext=u:r:kernel:s0 tcontext=u:r:kernel:s0 tclass=capability permissive=0
12-28 05:23:42.631 I/auditd (29008): type=1400 audit(0.0:15124): avc: denied { kill } for comm="kworker/u17:2" capability=5 scontext=u:r:kernel:s0 tcontext=u:r:kernel:s0 tclass=capability permissive=0
12-28 05:23:43.419 I/storage_state( 1508): [41217664-9172-527a-b3d5-edabb50a7d69,0,0,103310917632,118610538496]
12-28 05:23:43.631 I/auditd ( 0): type=1400 audit(0.0:15125): avc: denied { kill } for comm="swapper/1" capability=5 scontext=u:r:kernel:s0 tcontext=u:r:kernel:s0 tclass=capability permissive=0
12-28 05:23:43.895 I/sqlite_mem_released( 3174): 0
12-28 05:23:43.896 I/force_gc( 3174): mem
12-28 05:23:44.462 I/netstats_mobile_sample( 1508): [0,0,0,0,0,0,0,0,0,0,0,0,1672176224461]
12-28 05:23:44.462 I/netstats_wifi_sample( 1508): [6504732039,4888347,69634676,948771,6504732039,4888347,69634676,948771,6509788175,4939571,58861720,923006,1672176224461]
12-28 05:23:44.631 I/auditd ( 0): type=1400 audit(0.0:15126): avc: denied { kill } for comm="swapper/1" capability=5 scontext=u:r:kernel:s0 tcontext=u:r:kernel:s0 tclass=capability permissive=0
12-28 05:23:45.389 I/am_proc_died( 1508): [0,14650,com.tencent.mm:support,905,19]
12-28 05:23:45.420 I/am_pss ( 1508): [11559,10096,com.ss.android.lark,304678912,246943744,233472,468185088,0,16,27]
12-28 05:23:45.434 I/am_pss ( 1508): [12061,10096,com.ss.android.lark:sandboxed_process1,95036416,45408256,313344,235761664,0,17,13]
12-28 05:23:45.447 I/am_pss ( 1508): [12489,10096,com.ss.android.lark:wschannel,62456832,21225472,163840,196661248,0,19,12]
12-28 05:23:45.631 I/auditd ( 0): type=1400 audit(0.0:15127): avc: denied { kill } for comm="swapper/1" capability=5 scontext=u:r:kernel:s0 tcontext=u:r:kernel:s0 tclass=capability permissive=0
12-28 05:23:46.631 I/auditd ( 0): type=1400 audit(0.0:15128): avc: denied { kill } for comm="swapper/1" capability=5 scontext=u:r:kernel:s0 tcontext=u:r:kernel:s0 tclass=capability permissive=0
12-28 05:23:47.631 I/auditd ( 0): type=1400 audit(0.0:15129): avc: denied { kill } for comm="swapper/1" capability=5 scontext=u:r:kernel:s0 tcontext=u:r:kernel:s0 tclass=capability permissive=0
12-28 05:23:48.631 I/auditd ( 0): type=1400 audit(0.0:15130): avc: denied { kill } for comm="swapper/1" capability=5 scontext=u:r:kernel:s0 tcontext=u:r:kernel:s0 tclass=capability permissive=0
12-28 05:23:49.789 I/netstats_mobile_sample( 1508): [0,0,0,0,0,0,0,0,0,0,0,0,1672176229789]
12-28 05:23:49.789 I/netstats_wifi_sample( 1508): [6504759285,4888464,69661238,948883,6504759285,4888464,69661238,948883,6509819321,4939713,58882432,923104,1672176229789]
12-28 05:23:51.631 I/auditd ( 0): type=1400 audit(0.0:15131): avc: denied { kill } for comm="swapper/1" capability=5 scontext=u:r:kernel:s0 tcontext=u:r:kernel:s0 tclass=capability permissive=0
12-28 05:23:53.631 I/auditd ( 0): type=1400 audit(0.0:15132): avc: denied { kill } for comm="swapper/1" capability=5 scontext=u:r:kernel:s0 tcontext=u:r:kernel:s0 tclass=capability permissive=0
12-28 05:23:54.631 I/auditd ( 0): type=1400 audit(0.0:15133): avc: denied { kill } for comm="swapper/1" capability=5 scontext=u:r:kernel:s0 tcontext=u:r:kernel:s0 tclass=capability permissive=0
12-28 05:23:54.803 I/sqlite_mem_released( 3351): 0
12-28 05:23:54.803 I/force_gc( 3351): mem
12-28 05:23:56.631 I/auditd ( 0): type=1400 audit(0.0:15134): avc: denied { kill } for comm="swapper/3" capability=5 scontext=u:r:kernel:s0 tcontext=u:r:kernel:s0 tclass=capability permissive=0
12-28 05:23:57.631 I/auditd ( 0): type=1400 audit(0.0:15135): avc: denied { kill } for comm="swapper/3" capability=5 scontext=u:r:kernel:s0 tcontext=u:r:kernel:s0 tclass=capability permissive=0
12-28 05:23:59.631 I/auditd ( 0): type=1400 audit(0.0:15136): avc: denied { kill } for comm="swapper/3" capability=5 scontext=u:r:kernel:s0 tcontext=u:r:kernel:s0 tclass=capability permissive=0
12-28 05:23:59.801 I/sqlite_mem_released( 3345): 0
12-28 05:23:59.801 I/force_gc( 3345): mem
12-28 05:24:01.631 I/auditd ( 0): type=1400 audit(0.0:15137): avc: denied { kill } for comm="swapper/0" capability=5 scontext=u:r:kernel:s0 tcontext=u:r:kernel:s0 tclass=capability permissive=0
12-28 05:24:02.631 I/auditd ( 0): type=1400 audit(0.0:15138): avc: denied { kill } for comm="swapper/0" capability=5 scontext=u:r:kernel:s0 tcontext=u:r:kernel:s0 tclass=capability permissive=0
12-28 05:24:03.631 I/auditd ( 0): type=1400 audit(0.0:15139): avc: denied { kill } for comm="swapper/0" capability=5 scontext=u:r:kernel:s0 tcontext=u:r:kernel:s0 tclass=capability permissive=0
12-28 05:24:05.009 I/sqlite_mem_released( 3399): 0
12-28 05:24:05.009 I/force_gc( 3399): mem
12-28 05:24:05.611 I/auditd ( 4168): type=1400 audit(0.0:15140): avc: denied { search } for comm="Thread-166" name="net" dev="sysfs" ino=46924 scontext=u:r:untrusted_app_29:s0:c98,c256,c512,c768 tcontext=u:object_r:sysfs_net:s0 tclass=dir permissive=0 app=com.tencent.tmgp.sgame
12-28 05:24:05.611 I/auditd ( 4168): type=1400 audit(0.0:15141): avc: denied { search } for comm="Thread-166" name="net" dev="sysfs" ino=46924 scontext=u:r:untrusted_app_29:s0:c98,c256,c512,c768 tcontext=u:object_r:sysfs_net:s0 tclass=dir permissive=0 app=com.tencent.tmgp.sgame
12-28 05:24:05.631 I/auditd ( 0): type=1400 audit(0.0:15142): avc: denied { kill } for comm="swapper/0" capability=5 scontext=u:r:kernel:s0 tcontext=u:r:kernel:s0 tclass=capability permissive=0
12-28 05:24:05.767 I/auditd ( 4168): type=1400 audit(0.0:15143): avc: denied { search } for comm="Thread-166" name="net" dev="sysfs" ino=46924 scontext=u:r:untrusted_app_29:s0:c98,c256,c512,c768 tcontext=u:object_r:sysfs_net:s0 tclass=dir permissive=0 app=com.tencent.tmgp.sgame
12-28 05:24:05.767 I/auditd ( 4168): type=1400 audit(0.0:15144): avc: denied { search } for comm="Thread-166" name="net" dev="sysfs" ino=46924 scontext=u:r:untrusted_app_29:s0:c98,c256,c512,c768 tcontext=u:object_r:sysfs_net:s0 tclass=dir permissive=0 app=com.tencent.tmgp.sgame
12-28 05:24:07.631 I/auditd ( 0): type=1400 audit(0.0:15145): avc: denied { kill } for comm="swapper/0" capability=5 scontext=u:r:kernel:s0 tcontext=u:r:kernel:s0 tclass=capability permissive=0
12-28 05:24:08.631 I/auditd ( 0): type=1400 audit(0.0:15146): avc: denied { kill } for comm="swapper/0" capability=5 scontext=u:r:kernel:s0 tcontext=u:r:kernel:s0 tclass=capability permissive=0
12-28 05:24:09.631 I/auditd ( 0): type=1400 audit(0.0:15147): avc: denied { kill } for comm="swapper/0" capability=5 scontext=u:r:kernel:s0 tcontext=u:r:kernel:s0 tclass=capability permissive=0
12-28 05:24:10.013 I/sqlite_mem_released( 3420): 0
12-28 05:24:10.013 I/force_gc( 3420): mem
12-28 05:24:11.631 I/auditd ( 0): type=1400 audit(0.0:15148): avc: denied { kill } for comm="swapper/0" capability=5 scontext=u:r:kernel:s0 tcontext=u:r:kernel:s0 tclass=capability permissive=0
12-28 05:24:13.631 I/auditd ( 0): type=1400 audit(0.0:15149): avc: denied { kill } for comm="swapper/0" capability=5 scontext=u:r:kernel:s0 tcontext=u:r:kernel:s0 tclass=capability permissive=0
12-28 05:24:14.631 I/auditd ( 0): type=1400 audit(0.0:15150): avc: denied { kill } for comm="swapper/0" capability=5 scontext=u:r:kernel:s0 tcontext=u:r:kernel:s0 tclass=capability permissive=0
12-28 05:24:15.014 I/sqlite_mem_released( 3452): 0
12-28 05:24:15.014 I/force_gc( 3452): mem
12-28 05:24:15.631 I/auditd ( 0): type=1400 audit(0.0:15151): avc: denied { kill } for comm="swapper/0" capability=5 scontext=u:r:kernel:s0 tcontext=u:r:kernel:s0 tclass=capability permissive=0
12-28 05:24:17.631 I/auditd ( 0): type=1400 audit(0.0:15152): avc: denied { kill } for comm="swapper/0" capability=5 scontext=u:r:kernel:s0 tcontext=u:r:kernel:s0 tclass=capability permissive=0
12-28 05:24:18.631 I/auditd ( 0): type=1400 audit(0.0:15153): avc: denied { kill } for comm="swapper/0" capability=5 scontext=u:r:kernel:s0 tcontext=u:r:kernel:s0 tclass=capability permissive=0
12-28 05:24:19.631 I/auditd ( 0): type=1400 audit(0.0:15154): avc: denied { kill } for comm="swapper/0" capability=5 scontext=u:r:kernel:s0 tcontext=u:r:kernel:s0 tclass=capability permissive=0
12-28 05:24:20.016 I/sqlite_mem_released( 3457): 0
12-28 05:24:20.017 I/force_gc( 3457): mem
12-28 05:24:20.631 I/auditd ( 0): type=1400 audit(0.0:15155): avc: denied { kill } for comm="swapper/0" capability=5 scontext=u:r:kernel:s0 tcontext=u:r:kernel:s0 tclass=capability permissive=0
12-28 05:24:21.631 I/auditd ( 0): type=1400 audit(0.0:15156): avc: denied { kill } for comm="swapper/0" capability=5 scontext=u:r:kernel:s0 tcontext=u:r:kernel:s0 tclass=capability permissive=0
12-28 05:24:24.309 I/am_uid_idle( 1508): 10097
12-28 05:24:24.631 I/auditd ( 0): type=1400 audit(0.0:15157): avc: denied { kill } for comm="swapper/2" capability=5 scontext=u:r:kernel:s0 tcontext=u:r:kernel:s0 tclass=capability permissive=0
12-28 05:24:24.937 I/netstats_mobile_sample( 1508): [0,0,0,0,0,0,0,0,0,0,0,0,1672176264936]
12-28 05:24:24.937 I/netstats_wifi_sample( 1508): [6504920789,4888990,69814000,949384,6504920789,4888990,69814000,949384,6510031657,4940556,58965930,923443,1672176264936]
12-28 05:24:25.631 I/auditd ( 0): type=1400 audit(0.0:15158): avc: denied { kill } for comm="swapper/2" capability=5 scontext=u:r:kernel:s0 tcontext=u:r:kernel:s0 tclass=capability permissive=0
12-28 05:24:25.688 I/am_uid_idle( 1508): 10065
12-28 05:24:26.631 I/auditd ( 0): type=1400 audit(0.0:15159): avc: denied { kill } for comm="swapper/2" capability=5 scontext=u:r:kernel:s0 tcontext=u:r:kernel:s0 tclass=capability permissive=0
12-28 05:24:27.631 I/auditd ( 0): type=1400 audit(0.0:15160): avc: denied { kill } for comm="swapper/2" capability=5 scontext=u:r:kernel:s0 tcontext=u:r:kernel:s0 tclass=capability permissive=0
12-28 05:24:28.631 I/auditd ( 0): type=1400 audit(0.0:15161): avc: denied { kill } for comm="swapper/2" capability=5 scontext=u:r:kernel:s0 tcontext=u:r:kernel:s0 tclass=capability permissive=0
12-28 05:24:29.948 I/sqlite_mem_released( 3549): 0
12-28 05:24:29.948 I/force_gc( 3549): mem
12-28 05:24:31.631 I/auditd ( 0): type=1400 audit(0.0:15162): avc: denied { kill } for comm="swapper/1" capability=5 scontext=u:r:kernel:s0 tcontext=u:r:kernel:s0 tclass=capability permissive=0
12-28 05:24:32.631 I/auditd ( 0): type=1400 audit(0.0:15163): avc: denied { kill } for comm="swapper/1" capability=5 scontext=u:r:kernel:s0 tcontext=u:r:kernel:s0 tclass=capability permissive=0
12-28 05:24:33.631 I/auditd ( 0): type=1400 audit(0.0:15164): avc: denied { kill } for comm="swapper/1" capability=5 scontext=u:r:kernel:s0 tcontext=u:r:kernel:s0 tclass=capability permissive=0
12-28 05:24:34.631 I/auditd ( 0): type=1400 audit(0.0:15165): avc: denied { kill } for comm="swapper/1" capability=5 scontext=u:r:kernel:s0 tcontext=u:r:kernel:s0 tclass=capability permissive=0
12-28 05:24:34.953 I/force_gc( 2843): mem
12-28 05:24:35.631 I/auditd ( 0): type=1400 audit(0.0:15166): avc: denied { kill } for comm="swapper/1" capability=5 scontext=u:r:kernel:s0 tcontext=u:r:kernel:s0 tclass=capability permissive=0
12-28 05:24:39.631 I/auditd ( 0): type=1400 audit(0.0:15167): avc: denied { kill } for comm="swapper/0" capability=5 scontext=u:r:kernel:s0 tcontext=u:r:kernel:s0 tclass=capability permissive=0
12-28 05:24:39.959 I/sqlite_mem_released( 3115): 0
12-28 05:24:39.960 I/force_gc( 3115): mem
12-28 05:24:40.631 I/auditd ( 0): type=1400 audit(0.0:15168): avc: denied { kill } for comm="swapper/0" capability=5 scontext=u:r:kernel:s0 tcontext=u:r:kernel:s0 tclass=capability permissive=0
12-28 05:24:41.631 I/auditd ( 0): type=1400 audit(0.0:15169): avc: denied { kill } for comm="swapper/0" capability=5 scontext=u:r:kernel:s0 tcontext=u:r:kernel:s0 tclass=capability permissive=0
12-28 05:24:42.631 I/auditd ( 0): type=1400 audit(0.0:15170): avc: denied { kill } for comm="swapper/0" capability=5 scontext=u:r:kernel:s0 tcontext=u:r:kernel:s0 tclass=capability permissive=0
12-28 05:24:43.631 I/auditd ( 0): type=1400 audit(0.0:15171): avc: denied { kill } for comm="swapper/0" capability=5 scontext=u:r:kernel:s0 tcontext=u:r:kernel:s0 tclass=capability permissive=0
12-28 05:24:44.962 I/sqlite_mem_released( 3490): 584240
12-28 05:24:44.963 I/force_gc( 3490): mem
12-28 05:24:45.631 I/auditd ( 0): type=1400 audit(0.0:15172): avc: denied { kill } for comm="swapper/2" capability=5 scontext=u:r:kernel:s0 tcontext=u:r:kernel:s0 tclass=capability permissive=0
12-28 05:24:46.631 I/auditd (24808): type=1400 audit(0.0:15173): avc: denied { kill } for comm="kworker/u16:1" capability=5 scontext=u:r:kernel:s0 tcontext=u:r:kernel:s0 tclass=capability permissive=0
12-28 05:24:47.631 I/auditd ( 0): type=1400 audit(0.0:15174): avc: denied { kill } for comm="swapper/2" capability=5 scontext=u:r:kernel:s0 tcontext=u:r:kernel:s0 tclass=capability permissive=0
12-28 05:24:48.631 I/auditd ( 0): type=1400 audit(0.0:15175): avc: denied { kill } for comm="swapper/2" capability=5 scontext=u:r:kernel:s0 tcontext=u:r:kernel:s0 tclass=capability permissive=0
12-28 05:24:49.631 I/auditd ( 0): type=1400 audit(0.0:15176): avc: denied { kill } for comm="swapper/2" capability=5 scontext=u:r:kernel:s0 tcontext=u:r:kernel:s0 tclass=capability permissive=0
12-28 05:24:49.966 I/sqlite_mem_released( 3989): 17440
12-28 05:24:49.966 I/force_gc( 3989): mem
12-28 05:24:51.631 I/auditd ( 0): type=1400 audit(0.0:15177): avc: denied { kill } for comm="swapper/2" capability=5 scontext=u:r:kernel:s0 tcontext=u:r:kernel:s0 tclass=capability permissive=0
12-28 05:24:52.631 I/auditd ( 0): type=1400 audit(0.0:15178): avc: denied { kill } for comm="swapper/2" capability=5 scontext=u:r:kernel:s0 tcontext=u:r:kernel:s0 tclass=capability permissive=0
12-28 05:24:53.631 I/auditd ( 0): type=1400 audit(0.0:15179): avc: denied { kill } for comm="swapper/2" capability=5 scontext=u:r:kernel:s0 tcontext=u:r:kernel:s0 tclass=capability permissive=0
12-28 05:24:54.710 I/input_interaction( 1508): Interaction with: 578aed8 gamemode.floatview (server), edge-swipe (server), swipe-up (server), PointerEventDispatcher0 (server),
12-28 05:24:55.631 I/auditd ( 0): type=1400 audit(0.0:15180): avc: denied { kill } for comm="swapper/2" capability=5 scontext=u:r:kernel:s0 tcontext=u:r:kernel:s0 tclass=capability permissive=0
12-28 05:24:56.631 I/auditd ( 0): type=1400 audit(0.0:15181): avc: denied { kill } for comm="swapper/2" capability=5 scontext=u:r:kernel:s0 tcontext=u:r:kernel:s0 tclass=capability permissive=0
12-28 05:24:58.631 I/auditd ( 0): type=1400 audit(0.0:15182): avc: denied { kill } for comm="swapper/2" capability=5 scontext=u:r:kernel:s0 tcontext=u:r:kernel:s0 tclass=capability permissive=0
12-28 05:24:59.631 I/auditd ( 0): type=1400 audit(0.0:15183): avc: denied { kill } for comm="swapper/2" capability=5 scontext=u:r:kernel:s0 tcontext=u:r:kernel:s0 tclass=capability permissive=0
12-28 05:25:00.631 I/auditd ( 0): type=1400 audit(0.0:15184): avc: denied { kill } for comm="swapper/2" capability=5 scontext=u:r:kernel:s0 tcontext=u:r:kernel:s0 tclass=capability permissive=0
12-28 05:25:01.631 I/auditd ( 0): type=1400 audit(0.0:15185): avc: denied { kill } for comm="swapper/2" capability=5 scontext=u:r:kernel:s0 tcontext=u:r:kernel:s0 tclass=capability permissive=0
12-28 05:25:02.631 I/auditd ( 0): type=1400 audit(0.0:15186): avc: denied { kill } for comm="swapper/2" capability=5 scontext=u:r:kernel:s0 tcontext=u:r:kernel:s0 tclass=capability permissive=0
12-28 05:25:03.612 I/input_interaction( 1508): Interaction with: e24a962 gamemode.menuview (server), edge-swipe (server), swipe-up (server), PointerEventDispatcher0 (server),
12-28 05:25:03.631 I/auditd ( 0): type=1400 audit(0.0:15187): avc: denied { kill } for comm="swapper/2" capability=5 scontext=u:r:kernel:s0 tcontext=u:r:kernel:s0 tclass=capability permissive=0
12-28 05:25:03.811 I/am_kill ( 1508): [0,11426,com.microsoft.emmx,900,kill background]
12-28 05:25:03.815 I/am_wtf ( 1508): [0,1508,system_server,-1,ProcessStats,Executing service ServiceState{45ade3f org.chromium.content.app.SandboxedProcessService0 pkg=com.microsoft.emmx proc=e22030c} without owner]
12-28 05:25:03.817 I/am_kill ( 1508): [0,12892,com.microsoft.emmx:sandboxed_process0:org.chromium.content.app.SandboxedProcessService0:1,0,isolated not needed]
12-28 05:25:03.817 I/am_wtf ( 1508): [0,1508,system_server,-1,ProcessStats,Binding service ServiceState{45ade3f org.chromium.content.app.SandboxedProcessService0 pkg=com.microsoft.emmx proc=e22030c} without owner]
12-28 05:25:03.818 I/am_wtf ( 1508): [0,1508,system_server,-1,ProcessStats,Starting service ServiceState{45ade3f org.chromium.content.app.SandboxedProcessService0 pkg=com.microsoft.emmx proc=e22030c} without owner]
12-28 05:25:03.820 I/am_kill ( 1508): [0,12222,com.microsoft.emmx:sandboxed_process0:org.chromium.content.app.SandboxedProcessService0:0,0,isolated not needed]
12-28 05:25:03.822 I/am_uid_stopped( 1508): 10030
12-28 05:25:03.822 I/am_kill ( 1508): [0,12829,com.microsoft.emmx:privileged_process0,0,kill background]
12-28 05:25:03.824 I/am_wtf ( 1508): [0,1508,system_server,-1,ProcessStats,Binding service ServiceState{45ade3f org.chromium.content.app.SandboxedProcessService0 pkg=com.microsoft.emmx proc=e22030c} without owner]
12-28 05:25:03.827 I/am_wtf ( 1508): [0,1508,system_server,-1,ProcessStats,Executing service ServiceState{45ade3f org.chromium.content.app.SandboxedProcessService0 pkg=com.microsoft.emmx proc=e22030c} without owner]
12-28 05:25:03.828 I/am_wtf ( 1508): [0,1508,system_server,-1,ProcessStats,Binding service ServiceState{45ade3f org.chromium.content.app.SandboxedProcessService0 pkg=com.microsoft.emmx proc=e22030c} without owner]
12-28 05:25:03.831 I/am_wtf ( 1508): [0,1508,system_server,-1,ProcessStats,Starting service ServiceState{45ade3f org.chromium.content.app.SandboxedProcessService0 pkg=com.microsoft.emmx proc=e22030c} without owner]
12-28 05:25:03.832 I/am_kill ( 1508): [0,11559,com.ss.android.lark,900,kill background]
12-28 05:25:03.836 I/am_kill ( 1508): [0,12061,com.ss.android.lark:sandboxed_process1,0,kill background]
12-28 05:25:03.837 I/am_uid_stopped( 1508): 10096
12-28 05:25:03.838 I/am_wtf ( 1508): [0,1508,system_server,-1,ProcessStats,Binding service ServiceState{45ade3f org.chromium.content.app.SandboxedProcessService0 pkg=com.microsoft.emmx proc=e22030c} without owner]
12-28 05:25:03.838 I/am_kill ( 1508): [0,12489,com.ss.android.lark:wschannel,915,kill background]
12-28 05:25:03.840 I/am_pss ( 1508): [15122,10098,com.tencent.tmgp.sgame:tgaPlugin,56541184,48992256,48128,162365440,0,3,9]
12-28 05:25:03.843 I/service_manager_stats( 1508): [100,70,103590]
12-28 05:25:03.845 I/am_kill ( 1508): [0,10991,com.tencent.mm:push,500,kill background]
12-28 05:25:03.847 I/am_schedule_service_restart( 1508): [0,com.tencent.mm/.ipcinvoker.wx_extension.service.PushProcessIPCService,1000]
12-28 05:25:03.847 I/am_schedule_service_restart( 1508): [0,com.tencent.mm/.booter.CoreService,11000]
12-28 05:25:03.847 I/am_schedule_service_restart( 1508): [0,com.tencent.mm/com.tencent.matrix.lifecycle.supervisor.SupervisorService,20999]
12-28 05:25:03.848 I/am_uid_stopped( 1508): 10097
12-28 05:25:03.848 I/am_kill ( 1508): [0,11132,com.tencent.mm,0,kill background]
12-28 05:25:03.852 I/am_pss ( 1508): [11456,10084,com.android.music,23999488,16130048,1800192,122716160,0,4,7]
12-28 05:25:03.854 I/am_kill ( 1508): [0,15092,com.tencent.tmgp.sgame:ingame_inner_slugsdk_config,500,kill background]
12-28 05:25:03.855 I/am_schedule_service_restart( 1508): [0,com.tencent.tmgp.sgame/com.tencent.slugsdk.config.SlugConfigService,30991]
12-28 05:25:03.859 I/am_uid_stopped( 1508): 10093
12-28 05:25:03.860 I/am_kill ( 1508): [0,12554,com.android.permissioncontroller,905,kill background]
12-28 05:25:03.862 I/am_uid_stopped( 1508): 10064
12-28 05:25:03.864 I/am_kill ( 1508): [0,11466,com.android.calendar,905,kill background]
12-28 05:25:03.870 I/am_uid_stopped( 1508): 10067
12-28 05:25:03.870 I/am_kill ( 1508): [0,11442,com.android.deskclock,905,kill background]
12-28 05:25:03.873 I/am_uid_stopped( 1508): 10069
12-28 05:25:03.873 I/am_kill ( 1508): [0,11429,com.android.gallery3d,905,kill background]
12-28 05:25:03.879 I/wm_finish_activity( 1508): [0,183506567,58,com.android.music/.VideoBrowserActivity,remove-task]
12-28 05:25:03.880 I/wm_destroy_activity( 1508): [0,183506567,58,com.android.music/.VideoBrowserActivity,finish-imm:finishIfPossible]
12-28 05:25:03.884 I/wm_on_destroy_called(11456): [183506567,com.android.music.VideoBrowserActivity,performDestroy]
12-28 05:25:03.886 I/wm_finish_activity( 1508): [0,21320569,59,com.android.music/.MusicBrowserActivity,remove-task]
12-28 05:25:03.886 I/wm_destroy_activity( 1508): [0,21320569,59,com.android.music/.MusicBrowserActivity,finish-imm:finishIfPossible]
12-28 05:25:03.897 I/wm_finish_activity( 1508): [0,239293408,57,com.microsoft.emmx/com.microsoft.ruby.Main,remove-task]
12-28 05:25:03.898 I/wm_destroy_activity( 1508): [0,239293408,57,com.microsoft.emmx/com.microsoft.ruby.Main,finish-imm:finishIfPossible]
12-28 05:25:03.899 I/wm_task_removed( 1508): [57,removeChild:removeChild last r=ActivityRecord{e4353e0 u0 com.microsoft.emmx/com.microsoft.ruby.Main t-1 f}} in t=Task{5792699 #57 type=standard A=10030:com.microsoft.emmx U=0 visible=false mode=fullscreen translucent=true sz=0}]
12-28 05:25:03.899 I/wm_task_removed( 1508): [57,removeChild]
12-28 05:25:03.902 I/sysui_multi_action( 1508): [757,803,799,window_time_0,802,105]
12-28 05:25:03.907 I/wm_on_destroy_called(11456): [21320569,com.android.music.MusicBrowserActivity,performDestroy]
12-28 05:25:03.908 I/wm_finish_activity( 1508): [0,221644904,53,com.hht.lebocast/.GuidanceActivity,remove-task]
12-28 05:25:03.909 I/wm_destroy_activity( 1508): [0,221644904,53,com.hht.lebocast/.GuidanceActivity,finish-imm:finishIfPossible]
12-28 05:25:03.911 I/wm_on_destroy_called( 3345): [221644904,com.hht.lebocast.GuidanceActivity,performDestroy]
12-28 05:25:03.912 I/wm_task_removed( 1508): [58,removeChild:removeChild last r=ActivityRecord{af01687 u0 com.android.music/.VideoBrowserActivity t-1 f}} in t=Task{e50e6d9 #58 type=standard A=10084:android.task.video U=0 visible=false mode=fullscreen translucent=true sz=0}]
12-28 05:25:03.912 I/wm_task_removed( 1508): [58,removeChild]
12-28 05:25:03.918 I/wm_finish_activity( 1508): [0,5408712,52,com.ss.android.lark/.main.app.MainActivity,remove-task]
12-28 05:25:03.918 I/wm_destroy_activity( 1508): [0,5408712,52,com.ss.android.lark/.main.app.MainActivity,finish-imm:finishIfPossible]
12-28 05:25:03.919 I/wm_task_removed( 1508): [52,removeChild:removeChild last r=ActivityRecord{5287c8 u0 com.ss.android.lark/.main.app.MainActivity t-1 f}} in t=Task{ad04a99 #52 type=standard A=10096:com.ss.android.lark U=0 visible=false mode=fullscreen translucent=true sz=0}]
12-28 05:25:03.919 I/wm_task_removed( 1508): [52,removeChild]
12-28 05:25:03.939 I/wm_task_removed( 1508): [59,removeChild:removeChild last r=ActivityRecord{1455379 u0 com.android.music/.MusicBrowserActivity t-1 f}} in t=Task{4e76c3b #59 type=standard A=10084:android.task.music U=0 visible=false mode=fullscreen translucent=true sz=0}]
12-28 05:25:03.939 I/wm_task_removed( 1508): [59,removeChild]
12-28 05:25:03.943 I/wm_task_removed( 1508): [53,removeChild:removeChild last r=ActivityRecord{d360868 u0 com.hht.lebocast/.GuidanceActivity t-1 f}} in t=Task{afd4503 #53 type=standard A=10089:com.hht.lebocast U=0 visible=false mode=fullscreen translucent=true sz=0}]
12-28 05:25:03.943 I/wm_task_removed( 1508): [53,removeChild]
12-28 05:25:03.945 I/am_uid_running( 1508): 10022
12-28 05:25:03.954 I/sysui_multi_action( 1508): [757,803,799,window_time_0,802,0]
12-28 05:25:03.955 I/sysui_multi_action( 1508): [757,803,799,window_time_0,802,0]
12-28 05:25:03.958 I/notification_cancel_all( 1508): [1000,1508,com.android.music,0,0,0,20,NULL]
12-28 05:25:03.958 I/sysui_multi_action( 1508): [757,856,758,2,806,com.android.music,857,Channel-music,858,2]
12-28 05:25:03.968 I/sysui_multi_action( 1508): [757,803,799,window_time_0,802,0]
12-28 05:25:03.970 I/sysui_multi_action( 1508): [757,803,799,window_time_0,802,0]
12-28 05:25:03.988 I/am_uid_stopped( 1508): 10084
12-28 05:25:03.989 I/am_kill ( 1508): [0,11456,com.android.music,905,kill all background]
12-28 05:25:03.992 I/am_low_memory( 1508): 37
12-28 05:25:03.993 I/am_proc_died( 1508): [0,12892,com.microsoft.emmx:sandboxed_process0:org.chromium.content.app.SandboxedProcessService0:1,0,10]
12-28 05:25:03.993 I/am_uid_stopped( 1508): 90001
12-28 05:25:04.000 I/am_proc_start( 1508): [0,16103,10022,com.android.musicfx,broadcast,{com.android.musicfx/com.android.musicfx.ControlPanelReceiver}]
12-28 05:25:04.027 I/am_proc_bound( 1508): [0,16103,com.android.musicfx]
12-28 05:25:04.037 I/am_uid_active( 1508): 10065
12-28 05:25:04.108 I/am_proc_died( 1508): [0,12222,com.microsoft.emmx:sandboxed_process0:org.chromium.content.app.SandboxedProcessService0:0,0,10]
12-28 05:25:04.109 I/am_uid_stopped( 1508): 90000
12-28 05:25:04.213 I/commit_sys_config_file( 1508): [notification-policy,13595131]
12-28 05:25:04.631 I/auditd ( 0): type=1400 audit(0.0:15188): avc: denied { kill } for comm="swapper/2" capability=5 scontext=u:r:kernel:s0 tcontext=u:r:kernel:s0 tclass=capability permissive=0
12-28 05:25:05.631 I/auditd ( 0): type=1400 audit(0.0:15189): avc: denied { kill } for comm="swapper/2" capability=5 scontext=u:r:kernel:s0 tcontext=u:r:kernel:s0 tclass=capability permissive=0
12-28 05:25:06.428 I/netstats_mobile_sample( 1508): [0,0,0,0,0,0,0,0,0,0,0,0,1672176306428]
12-28 05:25:06.428 I/netstats_wifi_sample( 1508): [6505092365,4889490,69990028,949955,6505092365,4889490,69990028,949955,6510256347,4941395,59061306,923826,1672176306428]
12-28 05:25:06.631 I/auditd ( 0): type=1400 audit(0.0:15190): avc: denied { kill } for comm="swapper/2" capability=5 scontext=u:r:kernel:s0 tcontext=u:r:kernel:s0 tclass=capability permissive=0
12-28 05:25:08.631 I/auditd ( 0): type=1400 audit(0.0:15191): avc: denied { kill } for comm="swapper/2" capability=5 scontext=u:r:kernel:s0 tcontext=u:r:kernel:s0 tclass=capability permissive=0
12-28 05:25:09.103 I/auditd ( 1508): type=1400 audit(0.0:15192): avc: denied { getpgid } for comm="ActivityManager" scontext=u:r:system_server:s0 tcontext=u:r:app_zygote:s0:c512,c768 tclass=process permissive=0
12-28 05:25:09.107 I/auditd ( 1508): type=1400 audit(0.0:15193): avc: denied { getpgid } for comm="ActivityManager" scontext=u:r:system_server:s0 tcontext=u:r:app_zygote:s0:c512,c768 tclass=process permissive=0
12-28 05:25:09.111 I/auditd ( 1508): type=1400 audit(0.0:15194): avc: denied { getpgid } for comm="ActivityManager" scontext=u:r:system_server:s0 tcontext=u:r:app_zygote:s0:c512,c768 tclass=process permissive=0
12-28 05:25:09.111 I/auditd ( 1508): type=1400 audit(0.0:15195): avc: denied { getpgid } for comm="ActivityManager" scontext=u:r:system_server:s0 tcontext=u:r:app_zygote:s0:c512,c768 tclass=process permissive=0
12-28 05:25:09.115 I/auditd ( 1508): type=1400 audit(0.0:15196): avc: denied { getpgid } for comm="ActivityManager" scontext=u:r:system_server:s0 tcontext=u:r:app_zygote:s0:c512,c768 tclass=process permissive=0
12-28 05:25:09.115 I/auditd ( 1508): type=1400 audit(0.0:15197): avc: denied { getpgid } for comm="ActivityManager" scontext=u:r:system_server:s0 tcontext=u:r:app_zygote:s0:c512,c768 tclass=process permissive=0
12-28 05:25:09.123 I/auditd ( 1508): type=1400 audit(0.0:15198): avc: denied { getpgid } for comm="ActivityManager" scontext=u:r:system_server:s0 tcontext=u:r:app_zygote:s0:c512,c768 tclass=process permissive=0
12-28 05:25:10.631 I/auditd (18940): type=1400 audit(0.0:15204): avc: denied { kill } for comm="kworker/u17:4" capability=5 scontext=u:r:kernel:s0 tcontext=u:r:kernel:s0 tclass=capability permissive=0
12-28 05:25:11.432 I/force_gc( 1508): mem
12-28 05:25:13.631 I/auditd ( 0): type=1400 audit(0.0:15205): avc: denied { kill } for comm="swapper/0" capability=5 scontext=u:r:kernel:s0 tcontext=u:r:kernel:s0 tclass=capability permissive=0
12-28 05:25:14.631 I/auditd ( 0): type=1400 audit(0.0:15206): avc: denied { kill } for comm="swapper/0" capability=5 scontext=u:r:kernel:s0 tcontext=u:r:kernel:s0 tclass=capability permissive=0
12-28 05:25:14.850 I/am_uid_running( 1508): 10097
12-28 05:25:14.859 I/am_proc_start( 1508): [0,16231,10097,com.tencent.mm:push,service,{com.tencent.mm/com.tencent.mm.booter.CoreService}]
12-28 05:25:14.883 I/am_proc_bound( 1508): [0,16231,com.tencent.mm:push]
12-28 05:25:15.631 I/auditd ( 0): type=1400 audit(0.0:15207): avc: denied { kill } for comm="swapper/0" capability=5 scontext=u:r:kernel:s0 tcontext=u:r:kernel:s0 tclass=capability permissive=0
12-28 05:25:16.434 I/sqlite_mem_released( 2379): 0
12-28 05:25:16.434 I/force_gc( 2379): mem
12-28 05:25:16.451 I/auditd (16231): type=1400 audit(0.0:15208): avc: denied { read } for comm="tencent.mm:push" name="anr" dev="dm-10" ino=34 scontext=u:r:untrusted_app_29:s0:c97,c256,c512,c768 tcontext=u:object_r:anr_data_file:s0 tclass=dir permissive=0 app=com.tencent.mm
12-28 05:25:17.411 I/auditd (16231): type=1400 audit(0.0:15209): avc: granted { execute } for comm="parallels-2" path="/data/user/0/com.tencent.mm/tinker/patch-8b9b3bb1/lib/lib/arm64-v8a/libxlabeffect.so" dev="dm-10" ino=12694 scontext=u:r:untrusted_app_29:s0:c97,c256,c512,c768 tcontext=u:object_r:app_data_file:s0:c97,c256,c512,c768 tclass=file app=com.tencent.mm
12-28 05:25:17.411 I/auditd (16231): type=1400 audit(0.0:15210): avc: granted { execute } for comm="parallels-2" path="/data/user/0/com.tencent.mm/tinker/patch-8b9b3bb1/lib/lib/arm64-v8a/libWeEffect.so" dev="dm-10" ino=12692 scontext=u:r:untrusted_app_29:s0:c97,c256,c512,c768 tcontext=u:object_r:app_data_file:s0:c97,c256,c512,c768 tclass=file app=com.tencent.mm
12-28 05:25:17.411 I/auditd (16231): type=1400 audit(0.0:15211): avc: granted { execute } for comm="parallels-2" path="/data/user/0/com.tencent.mm/tinker/patch-8b9b3bb1/lib/lib/arm64-v8a/libWeVision.so" dev="dm-10" ino=12691 scontext=u:r:untrusted_app_29:s0:c97,c256,c512,c768 tcontext=u:object_r:app_data_file:s0:c97,c256,c512,c768 tclass=file app=com.tencent.mm
12-28 05:25:17.563 I/auditd (16231): type=1400 audit(0.0:15212): avc: granted { execute } for comm="parallels-2" path="/data/user/0/com.tencent.mm/tinker/patch-8b9b3bb1/lib/lib/arm64-v8a/libxeffect_xlog.so" dev="dm-10" ino=12926 scontext=u:r:untrusted_app_29:s0:c97,c256,c512,c768 tcontext=u:object_r:app_data_file:s0:c97,c256,c512,c768 tclass=file app=com.tencent.mm
12-28 05:25:17.584 I/netstats_mobile_sample( 1508): [0,0,0,0,0,0,0,0,0,0,0,0,1672176317583]
12-28 05:25:17.584 I/netstats_wifi_sample( 1508): [6505135498,4889599,70037846,950082,6505135498,4889599,70037846,950082,6510313066,4941590,59086036,923899,1672176317583]
12-28 05:25:17.715 I/auditd (16231): type=1400 audit(0.0:15213): avc: denied { read } for comm="mars::16363" name="route" dev="proc" ino=4026532257 scontext=u:r:untrusted_app_29:s0:c97,c256,c512,c768 tcontext=u:object_r:proc_net:s0 tclass=file permissive=0 app=com.tencent.mm
12-28 05:25:17.814 I/am_proc_start( 1508): [0,16387,10097,com.tencent.mm,broadcast,{com.tencent.mm/com.tencent.mm.booter.NotifyReceiver}]
12-28 05:25:17.838 I/am_proc_bound( 1508): [0,16387,com.tencent.mm]
12-28 05:25:18.631 I/auditd ( 0): type=1400 audit(0.0:15225): avc: denied { kill } for comm="swapper/1" capability=5 scontext=u:r:kernel:s0 tcontext=u:r:kernel:s0 tclass=capability permissive=0
12-28 05:25:19.486 I/am_wtf ( 1508): [0,16387,com.tencent.mm,949501508,FirebaseApp,Remote stack trace:
12-28 05:25:19.486 I/am_wtf ( 1508): at com.android.server.content.ContentService.registerContentObserver(ContentService.java:357)
12-28 05:25:19.486 I/am_wtf ( 1508): at android.content.IContentService$Stub.onTransact(IContentService.java:484)
12-28 05:25:19.486 I/am_wtf ( 1508): at android.os.Binder.execTransactInternal(Binder.java:1179)
12-28 05:25:19.486 I/am_wtf ( 1508): at android.os.Binder.execTransact(Binder.java:1143)
12-28 05:25:19.486 I/am_wtf ( 1508): ]
12-28 05:25:20.007 I/auditd (16231): type=1400 audit(0.0:15226): avc: denied { read } for comm="mars::16411" name="route" dev="proc" ino=4026532257 scontext=u:r:untrusted_app_29:s0:c97,c256,c512,c768 tcontext=u:object_r:proc_net:s0 tclass=file permissive=0 app=com.tencent.mm
12-28 05:25:20.011 I/auditd (16231): type=1400 audit(0.0:15227): avc: granted { nlmsg_readpriv } for comm="mars::16411" scontext=u:r:untrusted_app_29:s0:c97,c256,c512,c768 tcontext=u:r:untrusted_app_29:s0:c97,c256,c512,c768 tclass=netlink_route_socket app=com.tencent.mm
12-28 05:25:20.011 I/auditd (16231): type=1400 audit(0.0:15228): avc: granted { nlmsg_readpriv } for comm="mars::16411" scontext=u:r:untrusted_app_29:s0:c97,c256,c512,c768 tcontext=u:r:untrusted_app_29:s0:c97,c256,c512,c768 tclass=netlink_route_socket app=com.tencent.mm
12-28 05:25:20.043 I/auditd (16500): type=1400 audit(0.0:15229): avc: granted { bind } for comm="ip" scontext=u:r:untrusted_app_29:s0:c97,c256,c512,c768 tcontext=u:r:untrusted_app_29:s0:c97,c256,c512,c768 tclass=netlink_route_socket app=com.tencent.mm
12-28 05:25:20.271 I/auditd (16387): type=1400 audit(0.0:15230): avc: denied { read } for comm="parallels-1" name="u:object_r:qemu_hw_prop:s0" dev="tmpfs" ino=3313 scontext=u:r:untrusted_app_29:s0:c97,c256,c512,c768 tcontext=u:object_r:qemu_hw_prop:s0 tclass=file permissive=0 app=com.tencent.mm
12-28 05:25:21.631 I/auditd ( 368): type=1400 audit(0.0:15231): avc: denied { kill } for comm="kworker/3:1H" capability=5 scontext=u:r:kernel:s0 tcontext=u:r:kernel:s0 tclass=capability permissive=0
12-28 05:25:21.849 I/commit_sys_config_file( 1508): [notification-policy,13612766]
12-28 05:25:22.899 I/auditd (16387): type=1400 audit(0.0:15232): avc: granted { execute } for comm="parallels-1" path="/data/user/0/com.tencent.mm/tinker/patch-8b9b3bb1/lib/lib/arm64-v8a/libWeEffect.so" dev="dm-10" ino=12692 scontext=u:r:untrusted_app_29:s0:c97,c256,c512,c768 tcontext=u:object_r:app_data_file:s0:c97,c256,c512,c768 tclass=file app=com.tencent.mm
12-28 05:25:22.899 I/auditd (16387): type=1400 audit(0.0:15233): avc: granted { execute } for comm="parallels-1" path="/data/user/0/com.tencent.mm/tinker/patch-8b9b3bb1/lib/lib/arm64-v8a/libxlabeffect.so" dev="dm-10" ino=12694 scontext=u:r:untrusted_app_29:s0:c97,c256,c512,c768 tcontext=u:object_r:app_data_file:s0:c97,c256,c512,c768 tclass=file app=com.tencent.mm
12-28 05:25:22.899 I/auditd (16387): type=1400 audit(0.0:15234): avc: granted { execute } for comm="parallels-1" path="/data/user/0/com.tencent.mm/tinker/patch-8b9b3bb1/lib/lib/arm64-v8a/libWeVision.so" dev="dm-10" ino=12691 scontext=u:r:untrusted_app_29:s0:c97,c256,c512,c768 tcontext=u:object_r:app_data_file:s0:c97,c256,c512,c768 tclass=file app=com.tencent.mm
12-28 05:25:23.071 I/auditd (16387): type=1400 audit(0.0:15235): avc: granted { execute } for comm="parallels-1" path="/data/user/0/com.tencent.mm/tinker/patch-8b9b3bb1/lib/lib/arm64-v8a/libxeffect_xlog.so" dev="dm-10" ino=12926 scontext=u:r:untrusted_app_29:s0:c97,c256,c512,c768 tcontext=u:object_r:app_data_file:s0:c97,c256,c512,c768 tclass=file app=com.tencent.mm
12-28 05:25:23.139 I/auditd (16387): type=1400 audit(0.0:15236): avc: granted { execute } for comm="flutter-worker-" path="/data/user/0/com.tencent.mm/tinker/patch-8b9b3bb1/lib/lib/arm64-v8a/libflutter.so" dev="dm-10" ino=12488 scontext=u:r:untrusted_app_29:s0:c97,c256,c512,c768 tcontext=u:object_r:app_data_file:s0:c97,c256,c512,c768 tclass=file app=com.tencent.mm
12-28 05:25:24.781 I/sysui_multi_action( 1508): [757,1717,758,1,759,0]
12-28 05:25:24.782 I/sysui_multi_action( 1508): [757,1717,758,2,759,0]
12-28 05:25:24.785 I/sysui_multi_action( 1508): [757,1717,758,3,759,0]
12-28 05:25:25.363 I/auditd (16231): type=1400 audit(0.0:15237): avc: denied { read } for comm="mars::16363" name="route" dev="proc" ino=4026532257 scontext=u:r:untrusted_app_29:s0:c97,c256,c512,c768 tcontext=u:object_r:proc_net:s0 tclass=file permissive=0 app=com.tencent.mm
12-28 05:25:25.363 I/auditd (16231): type=1400 audit(0.0:15238): avc: granted { nlmsg_readpriv } for comm="mars::16363" scontext=u:r:untrusted_app_29:s0:c97,c256,c512,c768 tcontext=u:r:untrusted_app_29:s0:c97,c256,c512,c768 tclass=netlink_route_socket app=com.tencent.mm
12-28 05:25:25.367 I/auditd (16231): type=1400 audit(0.0:15239): avc: granted { nlmsg_readpriv } for comm="mars::16363" scontext=u:r:untrusted_app_29:s0:c97,c256,c512,c768 tcontext=u:r:untrusted_app_29:s0:c97,c256,c512,c768 tclass=netlink_route_socket app=com.tencent.mm
12-28 05:25:25.459 I/auditd (16666): type=1400 audit(0.0:15240): avc: granted { bind } for comm="ip" scontext=u:r:untrusted_app_29:s0:c97,c256,c512,c768 tcontext=u:r:untrusted_app_29:s0:c97,c256,c512,c768 tclass=netlink_route_socket app=com.tencent.mm
12-28 05:25:25.739 I/auditd (16387): type=1400 audit(0.0:15241): avc: denied { getattr } for comm="Binder:16387_1" path="/proc/16387/net/dev" dev="proc" ino=4026532156 scontext=u:r:untrusted_app_29:s0:c97,c256,c512,c768 tcontext=u:object_r:proc_net:s0 tclass=file permissive=0 app=com.tencent.mm
12-28 05:25:25.791 I/auditd (16231): type=1400 audit(0.0:15242): avc: denied { read } for comm="mars::16669" name="route" dev="proc" ino=4026532257 scontext=u:r:untrusted_app_29:s0:c97,c256,c512,c768 tcontext=u:object_r:proc_net:s0 tclass=file permissive=0 app=com.tencent.mm
12-28 05:25:25.791 I/auditd (16231): type=1400 audit(0.0:15243): avc: granted { nlmsg_readpriv } for comm="mars::16669" scontext=u:r:untrusted_app_29:s0:c97,c256,c512,c768 tcontext=u:r:untrusted_app_29:s0:c97,c256,c512,c768 tclass=netlink_route_socket app=com.tencent.mm
12-28 05:25:25.791 I/auditd (16231): type=1400 audit(0.0:15244): avc: granted { nlmsg_readpriv } for comm="mars::16669" scontext=u:r:untrusted_app_29:s0:c97,c256,c512,c768 tcontext=u:r:untrusted_app_29:s0:c97,c256,c512,c768 tclass=netlink_route_socket app=com.tencent.mm
12-28 05:25:26.599 I/auditd (16696): type=1400 audit(0.0:15254): avc: granted { bind } for comm="ip" scontext=u:r:untrusted_app_29:s0:c97,c256,c512,c768 tcontext=u:r:untrusted_app_29:s0:c97,c256,c512,c768 tclass=netlink_route_socket app=com.tencent.mm
12-28 05:25:26.603 I/auditd (16387): type=1400 audit(0.0:15255): avc: denied { read } for comm="Binder:16387_1" name="route" dev="proc" ino=4026532257 scontext=u:r:untrusted_app_29:s0:c97,c256,c512,c768 tcontext=u:object_r:proc_net:s0 tclass=file permissive=0 app=com.tencent.mm
