12-28 05:22:10.894 I/am_proc_start( 1508): [0,12892,90001,com.microsoft.emmx:sandboxed_process0:org.chromium.content.app.SandboxedProcessService0:1,,{com.microsoft.emmx/org.chromium.content.app.SandboxedProcessService0:1}]
12-28 05:22:10.911 I/am_proc_bound( 1508): [0,12892,com.microsoft.emmx:sandboxed_process0:org.chromium.content.app.SandboxedProcessService0:1]
12-28 05:22:10.912 I/am_uid_active( 1508): 90001
12-28 05:22:10.945 I/auditd ( 500): avc: denied { find } for pid=12892 uid=90001 name=content_capture scontext=u:r:isolated_app:s0:c512,c768 tcontext=u:object_r:content_capture_service:s0 tclass=service_manager permissive=0
12-28 05:22:10.970 I/wm_destroy_activity( 1508): [0,239750001,55,com.microsoft.emmx/com.microsoft.edge.fre.MicrosoftFirstRunActivity,finish-imm:idle]
12-28 05:22:10.975 I/wm_activity_launch_time( 1508): [0,239293408,com.microsoft.emmx/com.microsoft.ruby.Main,535]
12-28 05:22:10.984 I/input_focus( 1508): [Focus entering 6438f41 com.microsoft.emmx/com.microsoft.ruby.Main (server),reason=Window became focusable. Previous reason: NOT_VISIBLE]
12-28 05:22:10.992 I/wm_on_stop_called(11426): [239750001,com.microsoft.edge.fre.MicrosoftFirstRunActivity,LIFECYCLER_STOP_ACTIVITY]
12-28 05:22:10.994 I/wm_on_destroy_called(11426): [239750001,com.microsoft.edge.fre.MicrosoftFirstRunActivity,performDestroy]
12-28 05:22:11.000 I/wm_task_removed( 1508): [55,removeChild:removeChild last r=ActivityRecord{e4a4b71 u0 com.microsoft.emmx/com.microsoft.edge.fre.MicrosoftFirstRunActivity t-1 f}} in t=Task{304bd56 #55 type=standard A=10030:com.microsoft.emmx U=0 visible=false mode=fullscreen translucent=true sz=0}]
12-28 05:22:11.000 I/wm_task_removed( 1508): [55,removeChild]
12-28 05:22:11.631 I/auditd ( 0): type=1400 audit(0.0:14988): avc: denied { kill } for comm="swapper/6" capability=5 scontext=u:r:kernel:s0 tcontext=u:r:kernel:s0 tclass=capability permissive=0
12-28 05:22:11.733 I/input_interaction( 1508): Interaction with: 6438f41 com.microsoft.emmx/com.microsoft.ruby.Main (server), edge-swipe (server), swipe-up (server), PointerEventDispatcher0 (server),
12-28 05:22:11.738 I/wm_task_moved( 1508): [1,0,0]
12-28 05:22:11.738 I/wm_task_moved( 1508): [1,0,8]
12-28 05:22:11.750 I/wm_on_restart_called( 2857): [186653412,com.android.launcher3.uioverrides.QuickstepLauncher,performRestartActivity]
12-28 05:22:11.765 I/wm_on_start_called( 2857): [186653412,com.android.launcher3.uioverrides.QuickstepLauncher,handleStartActivity]
12-28 05:22:11.782 I/sysui_multi_action( 1508): [319,2,322,41,325,13445,757,761,758,9,759,5,806,com.android.launcher3,871,com.android.launcher3.uioverrides.QuickstepLauncher,905,0,1320,4,1321,1]
12-28 05:22:11.786 I/view_enqueue_input_event(11426): [Motion - Cancel,com.microsoft.emmx/com.microsoft.ruby.Main]
12-28 05:22:11.794 I/sysui_latency( 2857): [1,43]
12-28 05:22:11.799 I/input_interaction( 1508): Interaction with: edge-swipe (server), swipe-up (server), PointerEventDispatcher0 (server),
12-28 05:22:11.801 I/input_focus( 1508): [Focus request recents_animation_input_consumer,reason=UpdateInputWindows]
12-28 05:22:11.837 I/input_focus( 1508): [Focus leaving 6438f41 com.microsoft.emmx/com.microsoft.ruby.Main (server),reason=NOT_FOCUSABLE]
12-28 05:22:11.838 I/input_focus( 1508): [Focus entering recents_animation_input_consumer (server),reason=setFocusedWindow]
12-28 05:22:11.840 I/netstats_mobile_sample( 1508): [0,0,0,0,0,0,0,0,0,0,0,0,1672176131840]
12-28 05:22:11.840 I/netstats_wifi_sample( 1508): [6458108351,4854111,68479695,939391,6458108351,4854111,68479695,939391,6463043567,4904576,57885593,914044,1672176131840]
12-28 05:22:11.966 I/commit_sys_config_file( 1508): [settings-1-0,1]
12-28 05:22:12.058 I/notification_cancel_all( 1508): [1000,1508,com.microsoft.emmx,0,0,0,20,NULL]
12-28 05:22:12.058 I/notification_cancel_all( 1508): [1000,1508,com.microsoft.emmx,0,0,0,20,NULL]
12-28 05:22:12.059 I/notification_cancel_all( 1508): [1000,1508,com.microsoft.emmx,0,0,0,20,NULL]
12-28 05:22:12.059 I/notification_cancel_all( 1508): [1000,1508,com.microsoft.emmx,0,0,0,20,NULL]
12-28 05:22:12.060 I/notification_cancel_all( 1508): [1000,1508,com.microsoft.emmx,0,0,0,20,NULL]
12-28 05:22:12.060 I/notification_cancel_all( 1508): [1000,1508,com.microsoft.emmx,0,0,0,20,NULL]
12-28 05:22:12.060 I/notification_cancel_all( 1508): [1000,1508,com.microsoft.emmx,0,0,0,20,NULL]
12-28 05:22:12.060 I/sysui_multi_action( 1508): [757,859,758,6,806,com.microsoft.emmx,860,news]
12-28 05:22:12.061 I/sysui_multi_action( 1508): [757,859,758,6,806,com.microsoft.emmx,860,general]
12-28 05:22:12.061 I/sysui_multi_action( 1508): [757,856,758,1,806,com.microsoft.emmx,857,downloads,858,2]
12-28 05:22:12.061 I/sysui_multi_action( 1508): [757,856,758,1,806,com.microsoft.emmx,857,daily_brief,858,3]
12-28 05:22:12.061 I/sysui_multi_action( 1508): [757,856,758,1,806,com.microsoft.emmx,857,browser,858,2]
12-28 05:22:12.062 I/sysui_multi_action( 1508): [757,856,758,1,806,com.microsoft.emmx,857,incognito,858,2]
12-28 05:22:12.062 I/sysui_multi_action( 1508): [757,856,758,1,806,com.microsoft.emmx,857,breaking_news,858,3]
12-28 05:22:12.062 I/sysui_multi_action( 1508): [757,856,758,1,806,com.microsoft.emmx,857,media,858,2]
12-28 05:22:12.063 I/sysui_multi_action( 1508): [757,856,758,1,806,com.microsoft.emmx,857,top_story,858,3]
12-28 05:22:12.080 I/sysui_latency( 1508): [8,45]
12-28 05:22:12.101 I/am_uid_running( 1508): 90002
12-28 05:22:12.107 I/am_proc_start( 1508): [0,12961,90002,com.microsoft.emmx:sandboxed_process0:org.chromium.content.app.SandboxedProcessService0:2,,{com.microsoft.emmx/org.chromium.content.app.SandboxedProcessService0:2}]
12-28 05:22:12.114 I/am_uid_running( 1508): 90003
12-28 05:22:12.121 I/am_proc_start( 1508): [0,12974,90003,com.microsoft.emmx:sandboxed_process0:org.chromium.content.app.SandboxedProcessService0:3,,{com.microsoft.emmx/org.chromium.content.app.SandboxedProcessService0:3}]
12-28 05:22:12.129 I/am_proc_bound( 1508): [0,12961,com.microsoft.emmx:sandboxed_process0:org.chromium.content.app.SandboxedProcessService0:2]
12-28 05:22:12.131 I/am_uid_active( 1508): 90002
12-28 05:22:12.138 I/am_proc_bound( 1508): [0,12974,com.microsoft.emmx:sandboxed_process0:org.chromium.content.app.SandboxedProcessService0:3]
12-28 05:22:12.139 I/am_uid_active( 1508): 90003
12-28 05:22:12.161 I/auditd ( 500): avc: denied { find } for pid=12974 uid=90003 name=content_capture scontext=u:r:isolated_app:s0:c512,c768 tcontext=u:object_r:content_capture_service:s0 tclass=service_manager permissive=0
12-28 05:22:12.161 I/auditd ( 500): avc: denied { find } for pid=12961 uid=90002 name=content_capture scontext=u:r:isolated_app:s0:c512,c768 tcontext=u:object_r:content_capture_service:s0 tclass=service_manager permissive=0
12-28 05:22:12.185 I/am_kill ( 1508): [0,12961,com.microsoft.emmx:sandboxed_process0:org.chromium.content.app.SandboxedProcessService0:2,0,isolated not needed]
12-28 05:22:12.205 I/am_kill ( 1508): [0,12974,com.microsoft.emmx:sandboxed_process0:org.chromium.content.app.SandboxedProcessService0:3,0,isolated not needed]
12-28 05:22:12.208 I/am_uid_running( 1508): 90004
12-28 05:22:12.217 I/am_uid_running( 1508): 90005
12-28 05:22:12.222 I/am_uid_running( 1508): 90006
12-28 05:22:12.226 I/am_proc_died( 1508): [0,12961,com.microsoft.emmx:sandboxed_process0:org.chromium.content.app.SandboxedProcessService0:2,0,10]
12-28 05:22:12.227 I/am_uid_stopped( 1508): 90002
12-28 05:22:12.232 I/am_proc_start( 1508): [0,13016,90004,com.microsoft.emmx:sandboxed_process0:org.chromium.content.app.SandboxedProcessService0:4,,{com.microsoft.emmx/org.chromium.content.app.SandboxedProcessService0:4}]
12-28 05:22:12.234 I/am_proc_died( 1508): [0,12974,com.microsoft.emmx:sandboxed_process0:org.chromium.content.app.SandboxedProcessService0:3,0,10]
12-28 05:22:12.235 I/am_uid_stopped( 1508): 90003
12-28 05:22:12.238 I/am_uid_running( 1508): 90007
12-28 05:22:12.243 I/am_pss ( 1508): [11466,10064,com.android.calendar,9679872,3448832,4387840,65421312,0,19,5]
12-28 05:22:12.244 I/am_proc_bound( 1508): [0,13016,com.microsoft.emmx:sandboxed_process0:org.chromium.content.app.SandboxedProcessService0:4]
12-28 05:22:12.245 I/am_uid_active( 1508): 90004
12-28 05:22:12.247 I/am_proc_start( 1508): [0,13029,90005,com.microsoft.emmx:sandboxed_process0:org.chromium.content.app.SandboxedProcessService0:5,,{com.microsoft.emmx/org.chromium.content.app.SandboxedProcessService0:5}]
12-28 05:22:12.250 I/am_pss ( 1508): [11456,10084,com.android.music,9594880,3678208,4368384,63991808,0,19,5]
12-28 05:22:12.256 I/am_proc_start( 1508): [0,13031,90006,com.microsoft.emmx:sandboxed_process0:org.chromium.content.app.SandboxedProcessService0:6,,{com.microsoft.emmx/org.chromium.content.app.SandboxedProcessService0:6}]
12-28 05:22:12.259 I/am_pss ( 1508): [11442,10067,com.android.deskclock,12866560,6938624,4341760,69918720,0,19,7]
12-28 05:22:12.262 I/am_proc_start( 1508): [0,13040,90007,com.microsoft.emmx:sandboxed_process0:org.chromium.content.app.SandboxedProcessService0:7,,{com.microsoft.emmx/org.chromium.content.app.SandboxedProcessService0:7}]
12-28 05:22:12.266 I/am_pss ( 1508): [11429,10069,com.android.gallery3d,10518528,4243456,4409344,66846720,0,19,6]
12-28 05:22:12.266 I/am_proc_bound( 1508): [0,13029,com.microsoft.emmx:sandboxed_process0:org.chromium.content.app.SandboxedProcessService0:5]
12-28 05:22:12.266 I/auditd ( 500): avc: denied { find } for pid=13016 uid=90004 name=content_capture scontext=u:r:isolated_app:s0:c512,c768 tcontext=u:object_r:content_capture_service:s0 tclass=service_manager permissive=0
12-28 05:22:12.268 I/am_uid_active( 1508): 90005
12-28 05:22:12.271 I/am_proc_bound( 1508): [0,13031,com.microsoft.emmx:sandboxed_process0:org.chromium.content.app.SandboxedProcessService0:6]
12-28 05:22:12.271 I/am_uid_active( 1508): 90006
12-28 05:22:12.282 I/am_proc_bound( 1508): [0,13040,com.microsoft.emmx:sandboxed_process0:org.chromium.content.app.SandboxedProcessService0:7]
12-28 05:22:12.285 I/am_uid_active( 1508): 90007
12-28 05:22:12.289 I/auditd ( 500): avc: denied { find } for pid=13029 uid=90005 name=content_capture scontext=u:r:isolated_app:s0:c512,c768 tcontext=u:object_r:content_capture_service:s0 tclass=service_manager permissive=0
12-28 05:22:12.300 I/auditd ( 500): avc: denied { find } for pid=13031 uid=90006 name=content_capture scontext=u:r:isolated_app:s0:c512,c768 tcontext=u:object_r:content_capture_service:s0 tclass=service_manager permissive=0
12-28 05:22:12.307 I/am_kill ( 1508): [0,13016,com.microsoft.emmx:sandboxed_process0:org.chromium.content.app.SandboxedProcessService0:4,0,isolated not needed]
12-28 05:22:12.308 I/auditd ( 500): avc: denied { find } for pid=13040 uid=90007 name=content_capture scontext=u:r:isolated_app:s0:c512,c768 tcontext=u:object_r:content_capture_service:s0 tclass=service_manager permissive=0
12-28 05:22:12.313 I/commit_sys_config_file( 1508): [notification-policy,13423231]
12-28 05:22:12.326 I/am_kill ( 1508): [0,13029,com.microsoft.emmx:sandboxed_process0:org.chromium.content.app.SandboxedProcessService0:5,0,isolated not needed]
12-28 05:22:12.332 I/am_kill ( 1508): [0,13031,com.microsoft.emmx:sandboxed_process0:org.chromium.content.app.SandboxedProcessService0:6,0,isolated not needed]
12-28 05:22:12.341 I/am_proc_died( 1508): [0,13016,com.microsoft.emmx:sandboxed_process0:org.chromium.content.app.SandboxedProcessService0:4,0,10]
12-28 05:22:12.341 I/am_uid_stopped( 1508): 90004
12-28 05:22:12.346 I/am_kill ( 1508): [0,13040,com.microsoft.emmx:sandboxed_process0:org.chromium.content.app.SandboxedProcessService0:7,0,isolated not needed]
12-28 05:22:12.353 I/am_proc_died( 1508): [0,13029,com.microsoft.emmx:sandboxed_process0:org.chromium.content.app.SandboxedProcessService0:5,0,10]
12-28 05:22:12.353 I/am_uid_stopped( 1508): 90005
12-28 05:22:12.366 I/am_proc_died( 1508): [0,13031,com.microsoft.emmx:sandboxed_process0:org.chromium.content.app.SandboxedProcessService0:6,0,10]
12-28 05:22:12.366 I/am_uid_stopped( 1508): 90006
12-28 05:22:12.376 I/am_proc_died( 1508): [0,13040,com.microsoft.emmx:sandboxed_process0:org.chromium.content.app.SandboxedProcessService0:7,0,10]
12-28 05:22:12.376 I/am_uid_stopped( 1508): 90007
12-28 05:22:12.575 I/wm_task_moved( 1508): [1,1,9]
12-28 05:22:12.578 I/wm_task_moved( 1508): [10,1,2147483647]
12-28 05:22:12.578 I/wm_task_to_front( 1508): [0,10]
12-28 05:22:12.578 I/wm_focused_root_task( 1508): [0,0,1,57,RecentsAnimation.onAnimationFinished()]
12-28 05:22:12.578 I/wm_set_resumed_activity( 1508): [0,com.android.launcher3/.uioverrides.QuickstepLauncher,RecentsAnimation.onAnimationFinished()]
12-28 05:22:12.579 I/wm_pause_activity( 1508): [0,239293408,com.microsoft.emmx/com.microsoft.ruby.Main,userLeaving=true,pauseBackTasks]
12-28 05:22:12.581 I/wm_add_to_stopping( 1508): [0,239293408,com.microsoft.emmx/com.microsoft.ruby.Main,makeInvisible]
12-28 05:22:12.584 I/input_focus( 1508): [Focus request 2711ce0 com.android.launcher3/com.android.launcher3.uioverrides.QuickstepLauncher,reason=UpdateInputWindows]
12-28 05:22:12.587 I/sysui_multi_action( 1508): [757,803,799,window_time_0,802,2]
12-28 05:22:12.587 I/wm_on_top_resumed_lost_called(11426): [239293408,com.microsoft.ruby.Main,topStateChangedWhenResumed]
12-28 05:22:12.588 I/input_focus( 1508): [Focus leaving recents_animation_input_consumer (server),reason=NOT_VISIBLE]
12-28 05:22:12.604 I/input_focus( 1508): [Focus entering 2711ce0 com.android.launcher3/com.android.launcher3.uioverrides.QuickstepLauncher (server),reason=setFocusedWindow]
12-28 05:22:12.616 I/wm_on_paused_called(11426): [239293408,com.microsoft.ruby.Main,performPause]
12-28 05:22:12.617 I/wm_set_resumed_activity( 1508): [0,com.android.launcher3/.uioverrides.QuickstepLauncher,resumeTopActivityInnerLocked]
12-28 05:22:12.621 I/wm_resume_activity( 1508): [0,186653412,10,com.android.launcher3/.uioverrides.QuickstepLauncher]
12-28 05:22:12.622 I/wm_on_resume_called( 2857): [186653412,com.android.launcher3.uioverrides.QuickstepLauncher,RESUME_ACTIVITY]
12-28 05:22:12.622 I/wm_on_top_resumed_gained_called( 2857): [186653412,com.android.launcher3.uioverrides.QuickstepLauncher,topWhenResuming]
12-28 05:22:12.625 I/wm_stop_activity( 1508): [0,239293408,com.microsoft.emmx/com.microsoft.ruby.Main]
12-28 05:22:12.628 I/sysui_multi_action( 1508): [757,803,799,window_time_0,802,0]
12-28 05:22:12.631 I/auditd ( 0): type=1400 audit(0.0:14989): avc: denied { kill } for comm="swapper/6" capability=5 scontext=u:r:kernel:s0 tcontext=u:r:kernel:s0 tclass=capability permissive=0
12-28 05:22:12.701 I/wm_on_stop_called(11426): [239293408,com.microsoft.ruby.Main,STOP_ACTIVITY_ITEM]
12-28 05:22:12.927 I/commit_sys_config_file( 1508): [settings-1-0,2]
12-28 05:22:12.953 I/am_uid_running( 1508): 90008
12-28 05:22:12.958 I/am_proc_start( 1508): [0,13113,90008,com.microsoft.emmx:sandboxed_process0:org.chromium.content.app.SandboxedProcessService0:8,,{com.microsoft.emmx/org.chromium.content.app.SandboxedProcessService0:8}]
12-28 05:22:12.964 I/am_proc_bound( 1508): [0,13113,com.microsoft.emmx:sandboxed_process0:org.chromium.content.app.SandboxedProcessService0:8]
12-28 05:22:12.999 I/auditd ( 500): avc: denied { find } for pid=13113 uid=90008 name=content_capture scontext=u:r:isolated_app:s0:c512,c768 tcontext=u:object_r:content_capture_service:s0 tclass=service_manager permissive=0
12-28 05:22:13.030 I/am_kill ( 1508): [0,13113,com.microsoft.emmx:sandboxed_process0:org.chromium.content.app.SandboxedProcessService0:8,0,isolated not needed]
12-28 05:22:13.046 I/am_proc_died( 1508): [0,13113,com.microsoft.emmx:sandboxed_process0:org.chromium.content.app.SandboxedProcessService0:8,0,10]
12-28 05:22:13.047 I/am_uid_stopped( 1508): 90008
12-28 05:22:13.488 I/netstats_mobile_sample( 1508): [0,0,0,0,0,0,0,0,0,0,0,0,1672176133488]
12-28 05:22:13.488 I/netstats_wifi_sample( 1508): [6464812467,4858794,68755968,942450,6464812467,4858794,68755968,942450,6469747407,4909253,58161866,917103,1672176133488]
12-28 05:22:13.631 I/auditd ( 0): type=1400 audit(0.0:14990): avc: denied { kill } for comm="swapper/6" capability=5 scontext=u:r:kernel:s0 tcontext=u:r:kernel:s0 tclass=capability permissive=0
12-28 05:22:14.353 I/input_interaction( 1508): Interaction with: 2711ce0 com.android.launcher3/com.android.launcher3.uioverrides.QuickstepLauncher (server), cd21bea com.android.systemui.ImageWallpaper (server), edge-swipe (server), swipe-up (server), PointerEventDispatcher0 (server),
12-28 05:22:14.466 I/wm_task_created( 1508): [58,-1]
12-28 05:22:14.469 I/wm_task_moved( 1508): [58,1,10]
12-28 05:22:14.469 I/wm_task_to_front( 1508): [0,58]
12-28 05:22:14.469 I/wm_create_task( 1508): [0,58]
12-28 05:22:14.469 I/wm_create_activity( 1508): [0,183506567,58,com.android.music/.VideoBrowserActivity,android.intent.action.MAIN,NULL,NULL,270532608]
12-28 05:22:14.469 I/wm_task_moved( 1508): [58,1,10]
12-28 05:22:14.470 I/wm_pause_activity( 1508): [0,186653412,com.android.launcher3/.uioverrides.QuickstepLauncher,userLeaving=true,pauseBackTasks]
12-28 05:22:14.472 I/wm_on_top_resumed_lost_called( 2857): [186653412,com.android.launcher3.uioverrides.QuickstepLauncher,topStateChangedWhenResumed]
12-28 05:22:14.473 I/wm_on_paused_called( 2857): [186653412,com.android.launcher3.uioverrides.QuickstepLauncher,performPause]
12-28 05:22:14.474 I/wm_add_to_stopping( 1508): [0,186653412,com.android.launcher3/.uioverrides.QuickstepLauncher,makeInvisible]
12-28 05:22:14.475 I/wm_restart_activity( 1508): [0,183506567,58,com.android.music/.VideoBrowserActivity]
12-28 05:22:14.475 I/wm_set_resumed_activity( 1508): [0,com.android.music/.VideoBrowserActivity,minimalResumeActivityLocked]
12-28 05:22:14.477 I/am_uid_active( 1508): 10084
12-28 05:22:14.482 I/sysui_multi_action( 1508): [757,803,799,window_time_0,802,2]
12-28 05:22:14.494 I/input_focus( 1508): [Focus leaving 2711ce0 com.android.launcher3/com.android.launcher3.uioverrides.QuickstepLauncher (server),reason=NO_WINDOW]
12-28 05:22:14.513 I/wm_on_create_called(11456): [183506567,com.android.music.VideoBrowserActivity,performCreate]
12-28 05:22:14.513 I/wm_on_start_called(11456): [183506567,com.android.music.VideoBrowserActivity,handleStartActivity]
12-28 05:22:14.514 I/wm_on_resume_called(11456): [183506567,com.android.music.VideoBrowserActivity,RESUME_ACTIVITY]
12-28 05:22:14.517 I/wm_on_top_resumed_gained_called(11456): [183506567,com.android.music.VideoBrowserActivity,topStateChangedWhenResumed]
12-28 05:22:14.520 I/input_focus( 1508): [Focus request 73bcc13 com.android.music/com.android.music.VideoBrowserActivity,reason=UpdateInputWindows]
12-28 05:22:14.546 I/sysui_multi_action( 1508): [319,22,321,20,322,80,325,13448,757,761,758,8,759,1,806,com.android.music,871,com.android.music.VideoBrowserActivity,904,com.android.launcher3,905,0,1320,4,1321,1]
12-28 05:22:14.546 I/wm_activity_launch_time( 1508): [0,183506567,com.android.music/.VideoBrowserActivity,80]
12-28 05:22:14.558 I/input_focus( 1508): [Focus entering 73bcc13 com.android.music/com.android.music.VideoBrowserActivity (server),reason=Window became focusable. Previous reason: NOT_VISIBLE]
12-28 05:22:14.631 I/auditd ( 0): type=1400 audit(0.0:14991): avc: denied { kill } for comm="swapper/6" capability=5 scontext=u:r:kernel:s0 tcontext=u:r:kernel:s0 tclass=capability permissive=0
12-28 05:22:15.010 I/wm_stop_activity( 1508): [0,186653412,com.android.launcher3/.uioverrides.QuickstepLauncher]
12-28 05:22:15.028 I/wm_on_stop_called( 2857): [186653412,com.android.launcher3.uioverrides.QuickstepLauncher,STOP_ACTIVITY_ITEM]
12-28 05:22:15.384 I/input_interaction( 1508): Interaction with: 73bcc13 com.android.music/com.android.music.VideoBrowserActivity (server), edge-swipe (server), swipe-up (server), PointerEventDispatcher0 (server),
12-28 05:22:15.389 I/wm_task_moved( 1508): [1,0,0]
12-28 05:22:15.389 I/wm_task_moved( 1508): [1,0,9]
12-28 05:22:15.392 I/wm_on_restart_called( 2857): [186653412,com.android.launcher3.uioverrides.QuickstepLauncher,performRestartActivity]
12-28 05:22:15.406 I/wm_on_start_called( 2857): [186653412,com.android.launcher3.uioverrides.QuickstepLauncher,handleStartActivity]
12-28 05:22:15.421 I/sysui_multi_action( 1508): [319,4,322,30,325,13449,757,761,758,9,759,5,806,com.android.launcher3,871,com.android.launcher3.uioverrides.QuickstepLauncher,905,0,1320,4,1321,1]
12-28 05:22:15.424 I/view_enqueue_input_event(11456): [Motion - Cancel,com.android.music/com.android.music.VideoBrowserActivity]
12-28 05:22:15.431 I/sysui_latency( 2857): [1,32]
12-28 05:22:15.436 I/input_focus( 1508): [Focus request recents_animation_input_consumer,reason=UpdateInputWindows]
12-28 05:22:15.436 I/input_interaction( 1508): Interaction with: edge-swipe (server), swipe-up (server), PointerEventDispatcher0 (server),
12-28 05:22:15.460 I/input_focus( 1508): [Focus leaving 73bcc13 com.android.music/com.android.music.VideoBrowserActivity (server),reason=NOT_FOCUSABLE]
12-28 05:22:15.460 I/input_focus( 1508): [Focus entering recents_animation_input_consumer (server),reason=setFocusedWindow]
12-28 05:22:15.607 I/commit_sys_config_file( 1508): [settings-1-0,2]
12-28 05:22:15.631 I/auditd ( 0): type=1400 audit(0.0:14992): avc: denied { kill } for comm="swapper/6" capability=5 scontext=u:r:kernel:s0 tcontext=u:r:kernel:s0 tclass=capability permissive=0
12-28 05:22:15.720 I/sysui_latency( 1508): [8,33]
12-28 05:22:16.088 I/sysui_multi_action( 1508): [757,1717,758,1,759,0]
12-28 05:22:16.088 I/sysui_multi_action( 1508): [757,1717,758,2,759,0]
12-28 05:22:16.088 I/sysui_multi_action( 1508): [757,1717,758,3,759,0]
12-28 05:22:16.264 I/wm_task_moved( 1508): [1,1,10]
12-28 05:22:16.265 I/wm_task_moved( 1508): [10,1,2147483647]
12-28 05:22:16.265 I/wm_task_to_front( 1508): [0,10]
12-28 05:22:16.265 I/wm_focused_root_task( 1508): [0,0,1,58,RecentsAnimation.onAnimationFinished()]
12-28 05:22:16.265 I/wm_set_resumed_activity( 1508): [0,com.android.launcher3/.uioverrides.QuickstepLauncher,RecentsAnimation.onAnimationFinished()]
12-28 05:22:16.266 I/wm_pause_activity( 1508): [0,183506567,com.android.music/.VideoBrowserActivity,userLeaving=true,pauseBackTasks]
12-28 05:22:16.267 I/wm_add_to_stopping( 1508): [0,183506567,com.android.music/.VideoBrowserActivity,makeInvisible]
12-28 05:22:16.267 I/wm_set_resumed_activity( 1508): [0,com.android.launcher3/.uioverrides.QuickstepLauncher,resumeTopActivityInnerLocked]
12-28 05:22:16.268 I/wm_resume_activity( 1508): [0,186653412,10,com.android.launcher3/.uioverrides.QuickstepLauncher]
12-28 05:22:16.268 I/wm_on_resume_called( 2857): [186653412,com.android.launcher3.uioverrides.QuickstepLauncher,RESUME_ACTIVITY]
12-28 05:22:16.271 I/input_focus( 1508): [Focus request 2711ce0 com.android.launcher3/com.android.launcher3.uioverrides.QuickstepLauncher,reason=UpdateInputWindows]
12-28 05:22:16.273 I/wm_stop_activity( 1508): [0,183506567,com.android.music/.VideoBrowserActivity]
12-28 05:22:16.273 I/sysui_multi_action( 1508): [757,803,799,window_time_0,802,2]
12-28 05:22:16.274 I/sysui_multi_action( 1508): [757,803,799,window_time_0,802,0]
12-28 05:22:16.278 I/input_interaction( 1508): Interaction with: recents_animation_input_consumer (server), edge-swipe (server), swipe-up (server), PointerEventDispatcher0 (server),
12-28 05:22:16.278 I/wm_on_top_resumed_lost_called(11456): [183506567,com.android.music.VideoBrowserActivity,topStateChangedWhenResumed]
12-28 05:22:16.279 I/wm_on_paused_called(11456): [183506567,com.android.music.VideoBrowserActivity,performPause]
12-28 05:22:16.279 I/wm_on_top_resumed_gained_called( 2857): [186653412,com.android.launcher3.uioverrides.QuickstepLauncher,topStateChangedWhenResumed]
12-28 05:22:16.279 I/input_focus( 1508): [Focus leaving recents_animation_input_consumer (server),reason=NOT_VISIBLE]
12-28 05:22:16.280 I/wm_on_stop_called(11456): [183506567,com.android.music.VideoBrowserActivity,STOP_ACTIVITY_ITEM]
12-28 05:22:16.295 I/input_focus( 1508): [Focus entering 2711ce0 com.android.launcher3/com.android.launcher3.uioverrides.QuickstepLauncher (server),reason=setFocusedWindow]
12-28 05:22:16.631 I/auditd ( 0): type=1400 audit(0.0:14993): avc: denied { kill } for comm="swapper/6" capability=5 scontext=u:r:kernel:s0 tcontext=u:r:kernel:s0 tclass=capability permissive=0
12-28 05:22:16.829 I/netstats_mobile_sample( 1508): [0,0,0,0,0,0,0,0,0,0,0,0,1672176136829]
12-28 05:22:16.829 I/netstats_wifi_sample( 1508): [6464952362,4858934,68794170,942581,6464952362,4858934,68794170,942581,6469893164,4909430,58194218,917220,1672176136829]
12-28 05:22:17.528 I/input_interaction( 1508): Interaction with: 2711ce0 com.android.launcher3/com.android.launcher3.uioverrides.QuickstepLauncher (server), cd21bea com.android.systemui.ImageWallpaper (server), edge-swipe (server), swipe-up (server), PointerEventDispatcher0 (server),
12-28 05:22:17.631 I/auditd ( 0): type=1400 audit(0.0:14994): avc: denied { kill } for comm="swapper/6" capability=5 scontext=u:r:kernel:s0 tcontext=u:r:kernel:s0 tclass=capability permissive=0
12-28 05:22:17.658 I/wm_task_created( 1508): [59,-1]
12-28 05:22:17.659 I/wm_task_moved( 1508): [59,1,11]
12-28 05:22:17.659 I/wm_task_to_front( 1508): [0,59]
12-28 05:22:17.659 I/wm_create_task( 1508): [0,59]
12-28 05:22:17.659 I/wm_create_activity( 1508): [0,21320569,59,com.android.music/.MusicBrowserActivity,android.intent.action.MAIN,NULL,NULL,270532608]
12-28 05:22:17.659 I/wm_task_moved( 1508): [59,1,11]
12-28 05:22:17.660 I/wm_pause_activity( 1508): [0,186653412,com.android.launcher3/.uioverrides.QuickstepLauncher,userLeaving=true,pauseBackTasks]
12-28 05:22:17.662 I/wm_on_top_resumed_lost_called( 2857): [186653412,com.android.launcher3.uioverrides.QuickstepLauncher,topStateChangedWhenResumed]
12-28 05:22:17.662 I/wm_on_paused_called( 2857): [186653412,com.android.launcher3.uioverrides.QuickstepLauncher,performPause]
12-28 05:22:17.664 I/wm_add_to_stopping( 1508): [0,186653412,com.android.launcher3/.uioverrides.QuickstepLauncher,makeInvisible]
12-28 05:22:17.664 I/wm_restart_activity( 1508): [0,21320569,59,com.android.music/.MusicBrowserActivity]
12-28 05:22:17.665 I/wm_set_resumed_activity( 1508): [0,com.android.music/.MusicBrowserActivity,minimalResumeActivityLocked]
12-28 05:22:17.669 I/sysui_multi_action( 1508): [757,803,799,window_time_0,802,1]
12-28 05:22:17.683 I/input_focus( 1508): [Focus leaving 2711ce0 com.android.launcher3/com.android.launcher3.uioverrides.QuickstepLauncher (server),reason=NO_WINDOW]
12-28 05:22:17.703 I/wm_on_create_called(11456): [21320569,com.android.music.MusicBrowserActivity,performCreate]
12-28 05:22:17.711 I/wm_on_start_called(11456): [21320569,com.android.music.MusicBrowserActivity,handleStartActivity]
12-28 05:22:17.711 I/wm_on_resume_called(11456): [21320569,com.android.music.MusicBrowserActivity,RESUME_ACTIVITY]
12-28 05:22:17.712 I/wm_on_top_resumed_gained_called(11456): [21320569,com.android.music.MusicBrowserActivity,topStateChangedWhenResumed]
12-28 05:22:17.727 I/sysui_multi_action( 1508): [757,856,758,1,806,com.android.music,857,Channel-music,858,2]
12-28 05:22:17.731 I/notification_enqueue( 1508): [10084,11456,com.android.music,1,NULL,0,Notification(channel=Channel-music shortcut=null contentView=null vibrate=null sound=null defaults=0x0 flags=0x0 color=0x00000000 category=transport actions=4 vis=PRIVATE),0]
12-28 05:22:17.732 I/notification_enqueue( 1508): [10084,11456,com.android.music,1,NULL,0,Notification(channel=Channel-music shortcut=null contentView=null vibrate=null sound=null defaults=0x0 flags=0x40 color=0x00000000 category=transport actions=4 vis=PRIVATE),0]
12-28 05:22:17.735 I/notification_enqueue( 1508): [10084,11456,com.android.music,1,NULL,0,Notification(channel=Channel-music shortcut=null contentView=null vibrate=null sound=null defaults=0x0 flags=0x40 color=0x00000000 category=transport actions=4 vis=PRIVATE),0]
12-28 05:22:17.736 I/notification_enqueue( 1508): [10084,11456,com.android.music,1,NULL,0,Notification(channel=Channel-music shortcut=null contentView=null vibrate=null sound=null defaults=0x0 flags=0x40 color=0x00000000 category=transport actions=4 vis=PRIVATE),0]
12-28 05:22:17.740 I/notification_enqueue( 1508): [10084,11456,com.android.music,1,NULL,0,Notification(channel=Channel-music shortcut=null contentView=null vibrate=null sound=null defaults=0x0 flags=0x40 color=0x00000000 category=transport actions=4 vis=PRIVATE),0]
12-28 05:22:17.745 I/notification_enqueue( 1508): [10084,11456,com.android.music,1,NULL,0,Notification(channel=Channel-music shortcut=null contentView=null vibrate=null sound=null defaults=0x0 flags=0x40 color=0x00000000 category=transport actions=4 vis=PRIVATE),0]
12-28 05:22:17.747 I/input_focus( 1508): [Focus request e36b15 com.android.music/com.android.music.MusicBrowserActivity,reason=UpdateInputWindows]
12-28 05:22:17.757 I/sysui_multi_action( 1508): [757,128,758,5,759,8,793,27,794,0,795,27,796,1,806,com.android.music,857,Channel-music,858,2,947,0,1500,27,1641,transport,1688,1,1745,1043716538]
12-28 05:22:17.757 I/sysui_multi_action( 1508): [319,17,321,15,322,99,325,13451,757,761,758,8,759,1,806,com.android.music,871,com.android.music.MusicBrowserActivity,904,com.android.launcher3,905,0,1320,4,1321,1]
12-28 05:22:17.757 I/notification_canceled( 1508): [0|com.android.music|1|null|10084,8,27,27,0,-1,-1,NULL]
12-28 05:22:17.757 I/wm_activity_launch_time( 1508): [0,21320569,com.android.music/.MusicBrowserActivity,99]
12-28 05:22:17.766 I/input_focus( 1508): [Focus entering e36b15 com.android.music/com.android.music.MusicBrowserActivity (server),reason=setFocusedWindow]
12-28 05:22:17.978 I/commit_sys_config_file( 1508): [notification-policy,13428896]
12-28 05:22:18.201 I/wm_stop_activity( 1508): [0,186653412,com.android.launcher3/.uioverrides.QuickstepLauncher]
12-28 05:22:18.219 I/wm_on_stop_called( 2857): [186653412,com.android.launcher3.uioverrides.QuickstepLauncher,STOP_ACTIVITY_ITEM]
12-28 05:22:18.631 I/auditd ( 0): type=1400 audit(0.0:14995): avc: denied { kill } for comm="swapper/6" capability=5 scontext=u:r:kernel:s0 tcontext=u:r:kernel:s0 tclass=capability permissive=0
12-28 05:22:18.782 I/input_interaction( 1508): Interaction with: e36b15 com.android.music/com.android.music.MusicBrowserActivity (server), edge-swipe (server), swipe-up (server), PointerEventDispatcher0 (server),
12-28 05:22:18.786 I/wm_task_moved( 1508): [1,0,0]
12-28 05:22:18.786 I/wm_task_moved( 1508): [1,0,10]
12-28 05:22:18.801 I/wm_on_restart_called( 2857): [186653412,com.android.launcher3.uioverrides.QuickstepLauncher,performRestartActivity]
12-28 05:22:18.817 I/wm_on_start_called( 2857): [186653412,com.android.launcher3.uioverrides.QuickstepLauncher,handleStartActivity]
12-28 05:22:18.829 I/sysui_multi_action( 1508): [319,3,322,40,325,13453,757,761,758,9,759,5,806,com.android.launcher3,871,com.android.launcher3.uioverrides.QuickstepLauncher,905,0,1320,4,1321,1]
12-28 05:22:18.877 I/view_enqueue_input_event(11456): [Motion - Cancel,com.android.music/com.android.music.MusicBrowserActivity]
12-28 05:22:18.888 I/sysui_latency( 2857): [1,41]
12-28 05:22:18.890 I/input_interaction( 1508): Interaction with: edge-swipe (server), swipe-up (server), PointerEventDispatcher0 (server),
12-28 05:22:18.898 I/input_focus( 1508): [Focus request recents_animation_input_consumer,reason=UpdateInputWindows]
12-28 05:22:18.918 I/input_focus( 1508): [Focus leaving e36b15 com.android.music/com.android.music.MusicBrowserActivity (server),reason=NOT_FOCUSABLE]
12-28 05:22:18.918 I/input_focus( 1508): [Focus entering recents_animation_input_consumer (server),reason=setFocusedWindow]
12-28 05:22:19.017 I/commit_sys_config_file( 1508): [settings-1-0,1]
12-28 05:22:19.127 I/sysui_latency( 1508): [8,43]
12-28 05:22:19.288 I/commit_sys_config_file( 1508): [settings-1-0,1]
12-28 05:22:19.631 I/auditd ( 0): type=1400 audit(0.0:14996): avc: denied { kill } for comm="swapper/6" capability=5 scontext=u:r:kernel:s0 tcontext=u:r:kernel:s0 tclass=capability permissive=0
12-28 05:22:19.727 I/wm_task_moved( 1508): [1,1,11]
12-28 05:22:19.728 I/wm_task_moved( 1508): [10,1,2147483647]
12-28 05:22:19.728 I/wm_task_to_front( 1508): [0,10]
12-28 05:22:19.729 I/wm_focused_root_task( 1508): [0,0,1,59,RecentsAnimation.onAnimationFinished()]
12-28 05:22:19.729 I/wm_set_resumed_activity( 1508): [0,com.android.launcher3/.uioverrides.QuickstepLauncher,RecentsAnimation.onAnimationFinished()]
12-28 05:22:19.729 I/wm_pause_activity( 1508): [0,21320569,com.android.music/.MusicBrowserActivity,userLeaving=true,pauseBackTasks]
12-28 05:22:19.730 I/wm_add_to_stopping( 1508): [0,21320569,com.android.music/.MusicBrowserActivity,makeInvisible]
12-28 05:22:19.731 I/wm_set_resumed_activity( 1508): [0,com.android.launcher3/.uioverrides.QuickstepLauncher,resumeTopActivityInnerLocked]
12-28 05:22:19.732 I/wm_resume_activity( 1508): [0,186653412,10,com.android.launcher3/.uioverrides.QuickstepLauncher]
12-28 05:22:19.734 I/wm_on_resume_called( 2857): [186653412,com.android.launcher3.uioverrides.QuickstepLauncher,RESUME_ACTIVITY]
12-28 05:22:19.738 I/input_focus( 1508): [Focus request 2711ce0 com.android.launcher3/com.android.launcher3.uioverrides.QuickstepLauncher,reason=UpdateInputWindows]
12-28 05:22:19.738 I/wm_on_top_resumed_lost_called(11456): [21320569,com.android.music.MusicBrowserActivity,topStateChangedWhenResumed]
12-28 05:22:19.742 I/wm_on_top_resumed_gained_called( 2857): [186653412,com.android.launcher3.uioverrides.QuickstepLauncher,topStateChangedWhenResumed]
12-28 05:22:19.742 I/wm_on_paused_called(11456): [21320569,com.android.music.MusicBrowserActivity,performPause]
12-28 05:22:19.745 I/wm_stop_activity( 1508): [0,21320569,com.android.music/.MusicBrowserActivity]
12-28 05:22:19.746 I/sysui_multi_action( 1508): [757,803,799,window_time_0,802,2]
12-28 05:22:19.749 I/sysui_multi_action( 1508): [757,803,799,window_time_0,802,0]
12-28 05:22:19.756 I/input_focus( 1508): [Focus leaving recents_animation_input_consumer (server),reason=NOT_VISIBLE]
12-28 05:22:19.756 I/input_focus( 1508): [Focus entering 2711ce0 com.android.launcher3/com.android.launcher3.uioverrides.QuickstepLauncher (server),reason=setFocusedWindow]
12-28 05:22:19.761 I/wm_on_stop_called(11456): [21320569,com.android.music.MusicBrowserActivity,STOP_ACTIVITY_ITEM]
12-28 05:22:20.631 I/auditd ( 0): type=1400 audit(0.0:14997): avc: denied { kill } for comm="swapper/6" capability=5 scontext=u:r:kernel:s0 tcontext=u:r:kernel:s0 tclass=capability permissive=0
12-28 05:22:21.051 I/commit_sys_config_file( 1508): [package-user-0,6]
12-28 05:22:21.631 I/auditd ( 0): type=1400 audit(0.0:14998): avc: denied { kill } for comm="swapper/2" capability=5 scontext=u:r:kernel:s0 tcontext=u:r:kernel:s0 tclass=capability permissive=0
12-28 05:22:21.942 I/service_manager_stats( 1508): [100,63,28541]
12-28 05:22:22.399 I/am_pss ( 1508): [12554,10093,com.android.permissioncontroller,12201984,9650176,50176,96665600,0,6,10]
12-28 05:22:22.634 I/am_pss ( 1508): [11559,10096,com.ss.android.lark,306446336,248086528,339968,469422080,0,10,43]
12-28 05:22:22.650 I/am_pss ( 1508): [12061,10096,com.ss.android.lark:sandboxed_process1,97530880,47595520,325632,238112768,0,10,15]
12-28 05:22:22.663 I/am_pss ( 1508): [12489,10096,com.ss.android.lark:wschannel,63773696,22228992,167936,197812224,0,10,12]
12-28 05:22:22.682 I/am_pss ( 1508): [10991,10097,com.tencent.mm:push,123246592,45993984,50176,300130304,0,10,18]
12-28 05:22:23.631 I/auditd ( 0): type=1400 audit(0.0:14999): avc: denied { kill } for comm="swapper/2" capability=5 scontext=u:r:kernel:s0 tcontext=u:r:kernel:s0 tclass=capability permissive=0
12-28 05:22:24.230 I/am_pss ( 1508): [11132,10097,com.tencent.mm,254315520,173969408,44032,442740736,0,10,31]
12-28 05:22:24.631 I/auditd ( 0): type=1400 audit(0.0:15000): avc: denied { kill } for comm="swapper/2" capability=5 scontext=u:r:kernel:s0 tcontext=u:r:kernel:s0 tclass=capability permissive=0
12-28 05:22:25.631 I/auditd ( 0): type=1400 audit(0.0:15001): avc: denied { kill } for comm="swapper/2" capability=5 scontext=u:r:kernel:s0 tcontext=u:r:kernel:s0 tclass=capability permissive=0
12-28 05:22:26.631 I/auditd ( 0): type=1400 audit(0.0:15002): avc: denied { kill } for comm="swapper/2" capability=5 scontext=u:r:kernel:s0 tcontext=u:r:kernel:s0 tclass=capability permissive=0
12-28 05:22:27.631 I/auditd ( 0): type=1400 audit(0.0:15003): avc: denied { kill } for comm="swapper/2" capability=5 scontext=u:r:kernel:s0 tcontext=u:r:kernel:s0 tclass=capability permissive=0
12-28 05:22:28.631 I/auditd ( 0): type=1400 audit(0.0:15004): avc: denied { kill } for comm="swapper/2" capability=5 scontext=u:r:kernel:s0 tcontext=u:r:kernel:s0 tclass=capability permissive=0
12-28 05:22:29.197 I/sqlite_mem_released( 2690): 0
12-28 05:22:29.198 I/force_gc( 2690): mem
12-28 05:22:29.631 I/auditd ( 0): type=1400 audit(0.0:15005): avc: denied { kill } for comm="swapper/2" capability=5 scontext=u:r:kernel:s0 tcontext=u:r:kernel:s0 tclass=capability permissive=0
12-28 05:22:30.631 I/auditd ( 0): type=1400 audit(0.0:15006): avc: denied { kill } for comm="swapper/2" capability=5 scontext=u:r:kernel:s0 tcontext=u:r:kernel:s0 tclass=capability permissive=0
12-28 05:22:31.631 I/auditd ( 0): type=1400 audit(0.0:15007): avc: denied { kill } for comm="swapper/2" capability=5 scontext=u:r:kernel:s0 tcontext=u:r:kernel:s0 tclass=capability permissive=0
12-28 05:22:32.631 I/auditd ( 0): type=1400 audit(0.0:15008): avc: denied { kill } for comm="swapper/2" capability=5 scontext=u:r:kernel:s0 tcontext=u:r:kernel:s0 tclass=capability permissive=0
12-28 05:22:33.631 I/auditd ( 0): type=1400 audit(0.0:15009): avc: denied { kill } for comm="swapper/2" capability=5 scontext=u:r:kernel:s0 tcontext=u:r:kernel:s0 tclass=capability permissive=0
12-28 05:22:34.201 I/sqlite_mem_released( 2721): 0
12-28 05:22:34.201 I/force_gc( 2721): mem
12-28 05:22:34.631 I/auditd ( 0): type=1400 audit(0.0:15010): avc: denied { kill } for comm="swapper/2" capability=5 scontext=u:r:kernel:s0 tcontext=u:r:kernel:s0 tclass=capability permissive=0
12-28 05:22:35.631 I/auditd ( 0): type=1400 audit(0.0:15011): avc: denied { kill } for comm="swapper/2" capability=5 scontext=u:r:kernel:s0 tcontext=u:r:kernel:s0 tclass=capability permissive=0
12-28 05:22:35.900 I/netstats_mobile_sample( 1508): [0,0,0,0,0,0,0,0,0,0,0,0,1672176155899]
12-28 05:22:35.900 I/netstats_wifi_sample( 1508): [6465110031,4859197,68911622,942899,6465110031,4859197,68911622,942899,6470078301,4909869,58271344,917444,1672176155899]
12-28 05:22:36.631 I/auditd ( 0): type=1400 audit(0.0:15012): avc: denied { kill } for comm="swapper/2" capability=5 scontext=u:r:kernel:s0 tcontext=u:r:kernel:s0 tclass=capability permissive=0
12-28 05:22:37.631 I/auditd ( 0): type=1400 audit(0.0:15013): avc: denied { kill } for comm="swapper/2" capability=5 scontext=u:r:kernel:s0 tcontext=u:r:kernel:s0 tclass=capability permissive=0
12-28 05:22:38.631 I/auditd ( 0): type=1400 audit(0.0:15014): avc: denied { kill } for comm="swapper/2" capability=5 scontext=u:r:kernel:s0 tcontext=u:r:kernel:s0 tclass=capability permissive=0
12-28 05:22:39.631 I/auditd ( 0): type=1400 audit(0.0:15015): avc: denied { kill } for comm="swapper/2" capability=5 scontext=u:r:kernel:s0 tcontext=u:r:kernel:s0 tclass=capability permissive=0
12-28 05:22:40.631 I/auditd ( 0): type=1400 audit(0.0:15016): avc: denied { kill } for comm="swapper/2" capability=5 scontext=u:r:kernel:s0 tcontext=u:r:kernel:s0 tclass=capability permissive=0
12-28 05:22:40.908 I/force_gc( 2728): mem
12-28 05:22:41.631 I/auditd ( 0): type=1400 audit(0.0:15017): avc: denied { kill } for comm="swapper/2" capability=5 scontext=u:r:kernel:s0 tcontext=u:r:kernel:s0 tclass=capability permissive=0
12-28 05:22:42.631 I/auditd ( 0): type=1400 audit(0.0:15018): avc: denied { kill } for comm="swapper/2" capability=5 scontext=u:r:kernel:s0 tcontext=u:r:kernel:s0 tclass=capability permissive=0
12-28 05:22:43.631 I/auditd ( 0): type=1400 audit(0.0:15019): avc: denied { kill } for comm="swapper/2" capability=5 scontext=u:r:kernel:s0 tcontext=u:r:kernel:s0 tclass=capability permissive=0
12-28 05:22:44.631 I/auditd ( 0): type=1400 audit(0.0:15020): avc: denied { kill } for comm="swapper/2" capability=5 scontext=u:r:kernel:s0 tcontext=u:r:kernel:s0 tclass=capability permissive=0
12-28 05:22:45.631 I/auditd ( 0): type=1400 audit(0.0:15021): avc: denied { kill } for comm="swapper/2" capability=5 scontext=u:r:kernel:s0 tcontext=u:r:kernel:s0 tclass=capability permissive=0
12-28 05:22:45.914 I/force_gc( 2763): mem
12-28 05:22:46.631 I/auditd (25928): type=1400 audit(0.0:15022): avc: denied { kill } for comm="kworker/u16:17" capability=5 scontext=u:r:kernel:s0 tcontext=u:r:kernel:s0 tclass=capability permissive=0
12-28 05:22:47.631 I/auditd ( 0): type=1400 audit(0.0:15023): avc: denied { kill } for comm="swapper/1" capability=5 scontext=u:r:kernel:s0 tcontext=u:r:kernel:s0 tclass=capability permissive=0
12-28 05:22:48.631 I/auditd ( 0): type=1400 audit(0.0:15024): avc: denied { kill } for comm="swapper/1" capability=5 scontext=u:r:kernel:s0 tcontext=u:r:kernel:s0 tclass=capability permissive=0
12-28 05:22:49.631 I/auditd ( 0): type=1400 audit(0.0:15025): avc: denied { kill } for comm="swapper/1" capability=5 scontext=u:r:kernel:s0 tcontext=u:r:kernel:s0 tclass=capability permissive=0
12-28 05:22:50.631 I/auditd ( 0): type=1400 audit(0.0:15026): avc: denied { kill } for comm="swapper/1" capability=5 scontext=u:r:kernel:s0 tcontext=u:r:kernel:s0 tclass=capability permissive=0
12-28 05:22:50.919 I/sqlite_mem_released( 3920): 0
12-28 05:22:50.920 I/force_gc( 3920): mem
12-28 05:22:51.631 I/auditd ( 0): type=1400 audit(0.0:15027): avc: denied { kill } for comm="swapper/1" capability=5 scontext=u:r:kernel:s0 tcontext=u:r:kernel:s0 tclass=capability permissive=0
12-28 05:22:52.631 I/auditd ( 0): type=1400 audit(0.0:15028): avc: denied { kill } for comm="swapper/1" capability=5 scontext=u:r:kernel:s0 tcontext=u:r:kernel:s0 tclass=capability permissive=0
12-28 05:22:53.631 I/auditd ( 0): type=1400 audit(0.0:15029): avc: denied { kill } for comm="swapper/1" capability=5 scontext=u:r:kernel:s0 tcontext=u:r:kernel:s0 tclass=capability permissive=0
12-28 05:22:54.374 I/am_uid_idle( 1508): 10096
12-28 05:22:54.374 I/am_stop_idle_service( 1508): [10096,com.ss.android.lark/.wschannel.WschannelLaunchService]
12-28 05:22:54.374 I/am_stop_idle_service( 1508): [10096,com.ss.android.lark/com.tt.miniapphost.placeholder.MiniappService5]
12-28 05:22:55.631 I/auditd ( 3223): type=1400 audit(0.0:15030): avc: denied { kill } for comm="irq/16-90b6400." capability=5 scontext=u:r:kernel:s0 tcontext=u:r:kernel:s0 tclass=capability permissive=0
12-28 05:22:56.442 I/input_interaction( 1508): Interaction with: 2711ce0 com.android.launcher3/com.android.launcher3.uioverrides.QuickstepLauncher (server), cd21bea com.android.systemui.ImageWallpaper (server), edge-swipe (server), swipe-up (server), PointerEventDispatcher0 (server),
12-28 05:22:56.563 I/wm_task_moved( 1508): [58,1,11]
12-28 05:22:56.563 I/wm_task_to_front( 1508): [0,58]
12-28 05:22:56.564 I/wm_focused_root_task( 1508): [0,0,58,1,bringingFoundTaskToFront]
12-28 05:22:56.564 I/wm_set_resumed_activity( 1508): [0,com.android.music/.VideoBrowserActivity,bringingFoundTaskToFront]
12-28 05:22:56.567 I/wm_pause_activity( 1508): [0,186653412,com.android.launcher3/.uioverrides.QuickstepLauncher,userLeaving=true,pauseBackTasks]
12-28 05:22:56.575 I/wm_on_top_resumed_lost_called( 2857): [186653412,com.android.launcher3.uioverrides.QuickstepLauncher,topStateChangedWhenResumed]
12-28 05:22:56.585 I/wm_on_paused_called( 2857): [186653412,com.android.launcher3.uioverrides.QuickstepLauncher,performPause]
12-28 05:22:56.588 I/wm_set_resumed_activity( 1508): [0,com.android.music/.VideoBrowserActivity,resumeTopActivityInnerLocked]
12-28 05:22:56.588 I/wm_add_to_stopping( 1508): [0,186653412,com.android.launcher3/.uioverrides.QuickstepLauncher,makeInvisible]
12-28 05:22:56.599 I/wm_resume_activity( 1508): [0,183506567,58,com.android.music/.VideoBrowserActivity]
12-28 05:22:56.604 I/am_pss ( 1508): [11456,10084,com.android.music,24965120,16998400,1774592,122986496,0,2,8]
12-28 05:22:56.613 I/sysui_multi_action( 1508): [757,803,799,window_time_0,802,37]
12-28 05:22:56.616 I/wm_on_restart_called(11456): [183506567,com.android.music.VideoBrowserActivity,performRestartActivity]
12-28 05:22:56.616 I/wm_on_start_called(11456): [183506567,com.android.music.VideoBrowserActivity,handleStartActivity]
12-28 05:22:56.616 I/wm_on_resume_called(11456): [183506567,com.android.music.VideoBrowserActivity,RESUME_ACTIVITY]
12-28 05:22:56.616 I/wm_on_top_resumed_gained_called(11456): [183506567,com.android.music.VideoBrowserActivity,topWhenResuming]
12-28 05:22:56.628 I/input_focus( 1508): [Focus request 73bcc13 com.android.music/com.android.music.VideoBrowserActivity,reason=UpdateInputWindows]
12-28 05:22:56.631 I/input_focus( 1508): [Focus leaving 2711ce0 com.android.launcher3/com.android.launcher3.uioverrides.QuickstepLauncher (server),reason=NO_WINDOW]
12-28 05:22:56.640 I/sysui_multi_action( 1508): [319,45,321,40,322,74,325,13490,757,761,758,9,759,4,806,com.android.music,871,com.android.music.VideoBrowserActivity,904,com.android.launcher3,905,0,1320,4,1321,1]
12-28 05:22:56.640 I/am_pss ( 1508): [11426,10030,com.microsoft.emmx,208244736,176263168,49152,390877184,0,16,19]
12-28 05:22:56.644 I/input_focus( 1508): [Focus entering 73bcc13 com.android.music/com.android.music.VideoBrowserActivity (server),reason=setFocusedWindow]
12-28 05:22:56.651 I/am_pss ( 1508): [12829,10030,com.microsoft.emmx:privileged_process0,56964096,33193984,49152,205942784,0,17,9]
12-28 05:22:56.663 I/am_pss ( 1508): [12892,90001,com.microsoft.emmx:sandboxed_process0:org.chromium.content.app.SandboxedProcessService0:1,80252928,46481408,52224,226918400,0,17,10]
12-28 05:22:56.672 I/am_pss ( 1508): [12222,90000,com.microsoft.emmx:sandboxed_process0:org.chromium.content.app.SandboxedProcessService0:0,36941824,8310784,52224,175611904,0,17,9]
12-28 05:22:56.679 I/am_pss ( 1508): [12554,10093,com.android.permissioncontroller,11723776,9179136,50176,96088064,0,19,5]
12-28 05:22:56.684 I/am_pss ( 1508): [11466,10064,com.android.calendar,10716160,4235264,4999168,65421312,0,19,4]
12-28 05:22:56.689 I/am_pss ( 1508): [11442,10067,com.android.deskclock,13526016,6938624,4937728,69918720,0,19,4]
12-28 05:22:56.695 I/am_pss ( 1508): [11429,10069,com.android.gallery3d,11643904,5095424,5024768,66846720,0,19,5]
12-28 05:22:57.149 I/wm_stop_activity( 1508): [0,186653412,com.android.launcher3/.uioverrides.QuickstepLauncher]
12-28 05:22:57.175 I/wm_on_stop_called( 2857): [186653412,com.android.launcher3.uioverrides.QuickstepLauncher,STOP_ACTIVITY_ITEM]
12-28 05:22:57.635 I/auditd ( 0): type=1400 audit(0.0:15031): avc: denied { kill } for comm="swapper/5" capability=5 scontext=u:r:kernel:s0 tcontext=u:r:kernel:s0 tclass=capability permissive=0
12-28 05:22:57.765 I/input_interaction( 1508): Interaction with: 73bcc13 com.android.music/com.android.music.VideoBrowserActivity (server), edge-swipe (server), swipe-up (server), PointerEventDispatcher0 (server),
12-28 05:22:57.786 I/wm_task_moved( 1508): [1,0,0]
12-28 05:22:57.787 I/wm_task_moved( 1508): [1,0,10]
12-28 05:22:57.795 I/wm_on_restart_called( 2857): [186653412,com.android.launcher3.uioverrides.QuickstepLauncher,performRestartActivity]
12-28 05:22:57.821 I/wm_on_start_called( 2857): [186653412,com.android.launcher3.uioverrides.QuickstepLauncher,handleStartActivity]
12-28 05:22:57.822 I/view_enqueue_input_event(11456): [Motion - Cancel,com.android.music/com.android.music.VideoBrowserActivity]
12-28 05:22:57.823 I/input_focus( 1508): [Focus request recents_animation_input_consumer,reason=UpdateInputWindows]
12-28 05:22:57.828 I/sysui_latency( 2857): [1,63]
12-28 05:22:57.829 I/input_focus( 1508): [Focus leaving 73bcc13 com.android.music/com.android.music.VideoBrowserActivity (server),reason=NOT_FOCUSABLE]
12-28 05:22:57.829 I/input_focus( 1508): [Focus entering recents_animation_input_consumer (server),reason=setFocusedWindow]
12-28 05:22:57.832 I/input_interaction( 1508): Interaction with: edge-swipe (server), swipe-up (server), PointerEventDispatcher0 (server),
12-28 05:22:57.838 I/sysui_multi_action( 1508): [319,8,322,46,325,13492,757,761,758,9,759,5,806,com.android.launcher3,871,com.android.launcher3.uioverrides.QuickstepLauncher,905,0,1320,4,1321,1]
12-28 05:22:58.023 I/commit_sys_config_file( 1508): [settings-1-0,4]
12-28 05:22:58.134 I/sysui_latency( 1508): [8,62]
12-28 05:22:58.655 I/wm_task_moved( 1508): [1,1,11]
12-28 05:22:58.655 I/wm_task_moved( 1508): [10,1,2147483647]
12-28 05:22:58.655 I/wm_task_to_front( 1508): [0,10]
12-28 05:22:58.656 I/wm_focused_root_task( 1508): [0,0,1,58,RecentsAnimation.onAnimationFinished()]
12-28 05:22:58.656 I/wm_on_top_resumed_lost_called(11456): [183506567,com.android.music.VideoBrowserActivity,topStateChangedWhenResumed]
12-28 05:22:58.656 I/wm_set_resumed_activity( 1508): [0,com.android.launcher3/.uioverrides.QuickstepLauncher,RecentsAnimation.onAnimationFinished()]
12-28 05:22:58.658 I/wm_pause_activity( 1508): [0,183506567,com.android.music/.VideoBrowserActivity,userLeaving=true,pauseBackTasks]
12-28 05:22:58.659 I/wm_add_to_stopping( 1508): [0,183506567,com.android.music/.VideoBrowserActivity,makeInvisible]
12-28 05:22:58.660 I/wm_set_resumed_activity( 1508): [0,com.android.launcher3/.uioverrides.QuickstepLauncher,resumeTopActivityInnerLocked]
12-28 05:22:58.664 I/wm_resume_activity( 1508): [0,186653412,10,com.android.launcher3/.uioverrides.QuickstepLauncher]
12-28 05:22:58.664 I/wm_on_resume_called( 2857): [186653412,com.android.launcher3.uioverrides.QuickstepLauncher,RESUME_ACTIVITY]
12-28 05:22:58.669 I/input_focus( 1508): [Focus request 2711ce0 com.android.launcher3/com.android.launcher3.uioverrides.QuickstepLauncher,reason=UpdateInputWindows]
12-28 05:22:58.670 I/wm_on_top_resumed_gained_called( 2857): [186653412,com.android.launcher3.uioverrides.QuickstepLauncher,topStateChangedWhenResumed]
