12-28 06:28:44.906 D/ACDB-LOADER( 799): ACDB -> send_asm_topology
12-28 06:28:44.906 D/ACDB-LOADER( 799): ACDB -> ACDB_CMD_GET_AUDPROC_STREAM_TOPOLOGY_ID
12-28 06:28:44.906 D/ACDB-LOADER( 799): ACDB -> send_adm_topology
12-28 06:28:44.906 D/ACDB-LOADER( 799): ACDB -> ACDB_CMD_GET_AUDPROC_COMMON_TOPOLOGY_ID
12-28 06:28:44.906 D/ACDB-LOADER( 799): ACDB -> send_audtable
12-28 06:28:44.906 D/ACDB-LOADER( 799): ACDB -> ACDB_CMD_GET_AUDPROC_INSTANCE_COMMON_TABLE_SIZE
12-28 06:28:44.906 D/ACDB-LOADER( 799): ACDB -> ACDB_CMD_GET_AUDPROC_INSTANCE_COMMON_TABLE
12-28 06:28:44.906 D/ACDB-LOADER( 799): ACDB -> AUDIO_SET_AUDPROC_CAL cal_type[11] acdb_id[15] app_type[69943]
12-28 06:28:44.906 D/ACDB-LOADER( 799): ACDB -> send_audvoltable
12-28 06:28:44.906 D/ACDB-LOADER( 799): ACDB -> ACDB_CMD_GET_AUDPROC_INSTANCE_GAIN_DEP_STEP_TABLE_SIZE
12-28 06:28:44.906 D/android.hardware.audio.service( 799): Failed to fetch the lookup information of the device 0000000F
12-28 06:28:44.906 D/ACDB-LOADER( 799): Error: ACDB_CMD_GET_AUDPROC_INSTANCE_GAIN_DEP_STEP_TABLE_SIZE Returned = -19
12-28 06:28:44.906 D/ACDB-LOADER( 799): ACDB -> ACDB_CMD_GET_AUDPROC_INSTANCE_GAIN_DEP_STEP_TABLE, vol index 0
12-28 06:28:44.906 D/android.hardware.audio.service( 799): Failed to fetch the lookup information of the device 0000000F
12-28 06:28:44.906 D/ACDB-LOADER( 799): Error: ACDB AudProc vol returned = -19
12-28 06:28:44.906 D/ACDB-LOADER( 799): ACDB -> AUDIO_SET_VOL_CAL cal type = 12
12-28 06:28:44.906 D/ACDB-LOADER( 799): ACDB -> ACDB_CMD_GET_AUDPROC_INSTANCE_STREAM_TABLE_SIZE
12-28 06:28:44.906 D/ACDB-LOADER( 799): ACDB -> send_audstrmtable
12-28 06:28:44.906 D/ACDB-LOADER( 799): ACDB -> ACDB_CMD_GET_AUDPROC_INSTANCE_STREAM_TABLE
12-28 06:28:44.906 D/ACDB-LOADER( 799): ACDB -> audstrm_cal->cal_type.cal_data.cal_size = 20
12-28 06:28:44.906 D/ACDB-LOADER( 799): ACDB -> send_afe_topology
12-28 06:28:44.906 D/ACDB-LOADER( 799): ACDB -> ACDB_CMD_GET_AFE_TOPOLOGY_ID
12-28 06:28:44.906 D/ACDB-LOADER( 799): ACDB -> GET_AFE_TOPOLOGY_ID for adcd_id 15, Topology Id 112fc
12-28 06:28:44.906 D/ACDB-LOADER( 799): ACDB -> send_afe_cal
12-28 06:28:44.906 D/ACDB-LOADER( 799): ACDB -> ACDB_CMD_GET_AFE_INSTANCE_COMMON_TABLE_SIZE
12-28 06:28:44.906 D/android.hardware.audio.service( 799): Failed to fetch the lookup information of the device 0000000F
12-28 06:28:44.906 D/ACDB-LOADER( 799): Error: ACDB_CMD_GET_AFE_INSTANCE_COMMON_TABLE_SIZE Returned = -19
12-28 06:28:44.906 D/ACDB-LOADER( 799): ACDB -> ACDB_CMD_GET_AFE_INSTANCE_COMMON_TABLE
12-28 06:28:44.906 D/android.hardware.audio.service( 799): Failed to fetch the lookup information of the device 0000000F
12-28 06:28:44.906 D/ACDB-LOADER( 799): Error: ACDB AFE returned = -19
12-28 06:28:44.906 D/ACDB-LOADER( 799): ACDB -> AUDIO_SET_AFE_CAL cal_type[16] acdb_id[15]
12-28 06:28:44.906 D/ACDB-LOADER( 799): ACDB -> send_hw_delay : acdb_id = 15 path = 0
12-28 06:28:44.906 D/ACDB-LOADER( 799): ACDB -> ACDB_AVSYNC_INFO: ACDB_CMD_GET_DEVICE_PROPERTY
12-28 06:28:44.906 D/msm8974_platform( 799): platform_split_snd_device: snd_device(2) num devices(0) new_snd_devices(0)
12-28 06:28:44.906 I/msm8974_platform( 799): platform_get_custom_mtmx_params: no matching param with id 0 ip_ch 2 op_ch 2 uc_id 12 snd_dev 2
12-28 06:28:44.906 D/audio_hw_primary( 799): enable_audio_route: apply mixer and update path: audio-ull-playback
12-28 06:28:44.906 D/audio_route( 799): Apply path: audio-ull-playback
12-28 06:28:44.907 D/audio_hw_primary( 799): select_devices: done
12-28 06:28:44.907 D/msm8974_platform( 799): platform_set_channel_map mixer_ctl_name:Playback Channel Map13
12-28 06:28:44.907 D/msm8974_platform( 799): platform_set_channel_map: set mapping(1 2 0 0 0 0 0 0) for channel:2
12-28 06:28:44.907 E/msm8974_platform( 799): platform_set_channel_map: Could not set ctl, error:-22 ch_count:2
01-05 08:30:20.949 I/ ( 0): snd_pcm_hw_constraint_integer failed
01-05 08:30:20.949 I/msm_pcm_open( 0): P buffer bytes minmax constraint ret 1
01-05 08:30:20.949 E/set_cps_config( 0): get_wsa_dev_num is NULL
01-05 08:30:20.956 I/__afe_port_start( 0): port id: 0xb000
01-05 08:30:20.956 I/afe_find_cal_topo_id_by_port( 0): port id: 0xb000, dev_acdb_id: 0
01-05 08:30:20.956 I/afe_find_cal_topo_id_by_port( 0): top_id:112fc acdb_id:15 afe_port:0xb000
01-05 08:30:20.956 I/afe_get_cal_topology_id( 0): port_id = 0xb000 acdb_id = 15 topology_id = 0x112fc cal_type_index=8 ret=0
01-05 08:30:20.956 E/afe_callback( 0): cmd = 0x100fa returned error = 0x2
01-05 08:30:20.956 E/afe_apr_send_pkt( 0): DSP returned error[ADSP_EBADPARAM]
01-05 08:30:20.956 E/afe_send_port_topology_id( 0): AFE set topology id enable for port 0xb000 failed -22
01-05 08:30:20.956 I/afe_send_port_topology_id( 0): AFE set topology id 0x112fc enable for port 0xb000 ret -22
01-05 08:30:20.956 I/send_afe_cal_type( 0): cal_index is 0
01-05 08:30:20.956 I/send_afe_cal_type( 0): dev_acdb_id[162] is 0
01-05 08:30:20.956 I/send_afe_cal_type( 0): Sending cal_index cal 0
01-05 08:30:20.956 E/send_afe_cal_type( 0): No cal sent for cal_index 0, port_id = 0xb000! ret -22
01-05 08:30:20.956 I/afe_send_hw_delay( 0): port_id 0xb000 rate 48000 delay_usec 474 status 0
12-28 06:28:44.914 E/audio_hw_primary( 799): pcm_open_prepare_helper: pcm_prepare returned -1
01-05 08:30:20.956 E/afe_callback( 0): cmd = 0x100fa returned error = 0x2
01-05 08:30:20.956 E/afe_apr_send_pkt( 0): DSP returned error[ADSP_EBADPARAM]
01-05 08:30:20.956 E/__afe_port_start( 0): AFE enable for port 0xb000 failed -22
01-05 08:30:20.956 E/msm-dai-cdc-dma-dev soc( 0): qcom,msm-dai-cdc-dma:qcom,msm-dai-wsa-cdc-dma-0-rx: fail to open AFE port 0xb000
01-05 08:30:20.956 E/msm-dai-cdc-dma-dev soc( 0): qcom,msm-dai-cdc-dma:qcom,msm-dai-wsa-cdc-dma-0-rx: ASoC: cpu DAI prepare error: -22
01-05 08:30:20.956 E/soc_pcm_prepare( 0): Issue stop stream for codec_dai due to op failure -22 = ret
01-05 08:30:20.957 E/WSA_CDC_DMA_RX_0( 0): ASoC: backend prepare failed -22
12-28 06:28:44.919 D/audio_hw_primary( 799): disable_audio_route: reset and update mixer path: audio-ull-playback
12-28 06:28:44.919 E/soundtrigger( 799): audio_extn_sound_trigger_update_stream_status: invalid input device 0x0, for event 2
12-28 06:28:44.919 D/soundtrigger( 799): audio_extn_sound_trigger_update_stream_status: uc_info->id 12 of type 0 for Event 2, with Raise=0
12-28 06:28:44.919 D/msm8974_platform( 799): platform_split_snd_device: snd_device(2) num devices(0) new_snd_devices(0)
12-28 06:28:44.919 I/msm8974_platform( 799): platform_get_custom_mtmx_params: no matching param with id 0 ip_ch 2 op_ch 2 uc_id 12 snd_dev 2
12-28 06:28:44.919 D/hardware_info( 799): hw_info_append_hw_type : device_name = speaker
12-28 06:28:44.919 D/audio_hw_primary( 799): disable_snd_device: snd_device(2: speaker)
12-28 06:28:44.919 D/msm8974_platform( 799): platform_split_snd_device: snd_device(2) num devices(0) new_snd_devices(0)
12-28 06:28:44.919 I/soundtrigger( 799): audio_extn_sound_trigger_update_device_status: device 0x2 of type 0 for Event 0, with Raise=0
12-28 06:28:44.940 I/OMX-VDEC-1080P( 1210): C2D: Start color convertion
12-28 06:28:44.941 W/C2DColorConvert( 1210): calcLumaAlign: unknown format (3) passed for luma alignment number.
12-28 06:28:44.957 I/mpu_uart( 646): [MSG-P:RECV]:No message received in 1000 ms
12-28 06:28:44.970 D/audio_hw_primary( 799): out_standby: enter: stream (0xec2064c0) usecase(12: audio-ull-playback)
12-28 06:28:44.970 D/audio_hw_primary( 799): out_standby: exit
12-28 06:28:44.973 D/audio_hw_primary( 799): start_output_stream: enter: stream(0xec2064c0)usecase(12: audio-ull-playback) devices(0x2) is_haptic_usecase(0)
12-28 06:28:44.973 D/audio_hw_primary( 799): select_devices for use case (audio-ull-playback)
12-28 06:28:44.973 I/msm8974_platform( 799): platform_check_and_set_codec_backend_cfg:becf: afe: bitwidth 16, samplerate 48000 channels 2, backend_idx 0 usecase = 12 device (speaker)
12-28 06:28:44.973 D/msm8974_platform( 799): platform_split_snd_device: snd_device(2) num devices(1) new_snd_devices(0)
12-28 06:28:44.973 I/msm8974_platform( 799): platform_check_and_set_codec_backend_cfg: new_snd_devices[0] is 2
12-28 06:28:44.973 I/msm8974_platform( 799): platform_check_codec_backend_cfg:becf: afe: bitwidth 16, samplerate 48000 channels 2, backend_idx 0 usecase = 12 device (speaker)
12-28 06:28:44.974 D/audio_hw_extn( 799): audio_extn_enable_hifi_filter: mixer_value set 0
12-28 06:28:44.974 D/msm8974_platform( 799): platform_check_codec_backend_cfg:becf: updated afe: bitwidth 16, samplerate 48000 channels 2,backend_idx 0 usecase = 12 device (speaker)
12-28 06:28:44.974 D/msm8974_platform( 799): platform_check_codec_backend_cfg:becf: afe: playback on codec device not supporting native playback set default Sample Rate(48k)
12-28 06:28:44.974 I/msm8974_platform( 799): platform_check_codec_backend_cfg:becf: afe: Codec selected backend: 0 updated bit width: 16 and sample rate: 48000
12-28 06:28:44.974 D/audio_hw_primary( 799): check_usecases_codec_backend:becf: force routing 0
12-28 06:28:44.974 E/msm8974_platform( 799): platform_check_backends_match: Invalid snd_device =
12-28 06:28:44.974 D/audio_hw_primary( 799): check_usecases_codec_backend:becf: (78) check_usecases curr device: speaker, usecase device: backends match 0
12-28 06:28:44.974 D/audio_hw_primary( 799): check_usecases_codec_backend:becf: check_usecases num.of Usecases to switch 0
12-28 06:28:44.974 D/hardware_info( 799): hw_info_append_hw_type : device_name = speaker
12-28 06:28:44.974 D/msm8974_platform( 799): platform_split_snd_device: snd_device(2) num devices(0) new_snd_devices(0)
12-28 06:28:44.974 D/audio_hw_primary( 799): enable_snd_device: snd_device(2: speaker)
12-28 06:28:44.974 D/msm8974_platform( 799): platform_get_island_cfg_on_device:island cfg status on snd_device = (speaker 0)
12-28 06:28:44.974 I/soundtrigger( 799): audio_extn_sound_trigger_update_device_status: device 0x2 of type 0 for Event 1, with Raise=0
12-28 06:28:44.974 D/audio_route( 799): Apply path: speaker
12-28 06:28:44.974 I/audio_hw_utils( 799): audio_extn_utils_update_stream_output_app_type_cfg Allowing 24 and above bits playback on speaker ONLY at default sampling rate
12-28 06:28:44.974 E/soundtrigger( 799): audio_extn_sound_trigger_update_stream_status: invalid input device 0x0, for event 3
12-28 06:28:44.974 D/soundtrigger( 799): audio_extn_sound_trigger_update_stream_status: uc_info->id 12 of type 0 for Event 3, with Raise=0
12-28 06:28:44.974 D/audio_hw_utils( 799): audio_extn_utils_send_app_type_cfg: usecase->out_snd_device speaker
12-28 06:28:44.975 D/msm8974_platform( 799): platform_split_snd_device: snd_device(2) num devices(0) new_snd_devices(0)
12-28 06:28:44.975 I/audio_hw_utils( 799): ULL doesnt need sending app type cfg, returning
12-28 06:28:44.975 D/msm8974_platform( 799): platform_split_snd_device: snd_device(2) num devices(1) new_snd_devices(0)
12-28 06:28:44.975 D/audio_hw_utils( 799): audio_extn_btsco_get_sample_rate:Not a BT SCO device, need not update sampling rate
12-28 06:28:44.975 D/ACDB-LOADER( 799): ACDB -> send_audio_cal, acdb_id = 15, path = 0, app id = 0x11137, sample rate = 48000, afe_sample_rate = 48000
12-28 06:28:44.975 D/ACDB-LOADER( 799): ACDB -> send_asm_topology
12-28 06:28:44.975 D/ACDB-LOADER( 799): ACDB -> ACDB_CMD_GET_AUDPROC_STREAM_TOPOLOGY_ID
12-28 06:28:44.975 D/ACDB-LOADER( 799): ACDB -> send_adm_topology
12-28 06:28:44.975 D/ACDB-LOADER( 799): ACDB -> ACDB_CMD_GET_AUDPROC_COMMON_TOPOLOGY_ID
12-28 06:28:44.975 D/ACDB-LOADER( 799): ACDB -> send_audtable
12-28 06:28:44.975 D/ACDB-LOADER( 799): ACDB -> ACDB_CMD_GET_AUDPROC_INSTANCE_COMMON_TABLE_SIZE
12-28 06:28:44.975 D/ACDB-LOADER( 799): ACDB -> ACDB_CMD_GET_AUDPROC_INSTANCE_COMMON_TABLE
12-28 06:28:44.975 D/ACDB-LOADER( 799): ACDB -> AUDIO_SET_AUDPROC_CAL cal_type[11] acdb_id[15] app_type[69943]
12-28 06:28:44.975 D/ACDB-LOADER( 799): ACDB -> send_audvoltable
12-28 06:28:44.975 D/ACDB-LOADER( 799): ACDB -> ACDB_CMD_GET_AUDPROC_INSTANCE_GAIN_DEP_STEP_TABLE_SIZE
12-28 06:28:44.975 D/android.hardware.audio.service( 799): Failed to fetch the lookup information of the device 0000000F
12-28 06:28:44.975 D/ACDB-LOADER( 799): Error: ACDB_CMD_GET_AUDPROC_INSTANCE_GAIN_DEP_STEP_TABLE_SIZE Returned = -19
12-28 06:28:44.975 D/ACDB-LOADER( 799): ACDB -> ACDB_CMD_GET_AUDPROC_INSTANCE_GAIN_DEP_STEP_TABLE, vol index 0
12-28 06:28:44.975 D/android.hardware.audio.service( 799): Failed to fetch the lookup information of the device 0000000F
12-28 06:28:44.975 D/ACDB-LOADER( 799): Error: ACDB AudProc vol returned = -19
12-28 06:28:44.975 D/ACDB-LOADER( 799): ACDB -> AUDIO_SET_VOL_CAL cal type = 12
12-28 06:28:44.975 D/ACDB-LOADER( 799): ACDB -> ACDB_CMD_GET_AUDPROC_INSTANCE_STREAM_TABLE_SIZE
12-28 06:28:44.975 D/ACDB-LOADER( 799): ACDB -> send_audstrmtable
12-28 06:28:44.975 D/ACDB-LOADER( 799): ACDB -> ACDB_CMD_GET_AUDPROC_INSTANCE_STREAM_TABLE
12-28 06:28:44.975 D/ACDB-LOADER( 799): ACDB -> audstrm_cal->cal_type.cal_data.cal_size = 20
12-28 06:28:44.975 D/ACDB-LOADER( 799): ACDB -> send_afe_topology
12-28 06:28:44.975 D/ACDB-LOADER( 799): ACDB -> ACDB_CMD_GET_AFE_TOPOLOGY_ID
12-28 06:28:44.975 D/ACDB-LOADER( 799): ACDB -> GET_AFE_TOPOLOGY_ID for adcd_id 15, Topology Id 112fc
12-28 06:28:44.975 D/ACDB-LOADER( 799): ACDB -> send_afe_cal
12-28 06:28:44.975 D/ACDB-LOADER( 799): ACDB -> ACDB_CMD_GET_AFE_INSTANCE_COMMON_TABLE_SIZE
12-28 06:28:44.975 D/android.hardware.audio.service( 799): Failed to fetch the lookup information of the device 0000000F
12-28 06:28:44.975 D/ACDB-LOADER( 799): Error: ACDB_CMD_GET_AFE_INSTANCE_COMMON_TABLE_SIZE Returned = -19
12-28 06:28:44.975 D/ACDB-LOADER( 799): ACDB -> ACDB_CMD_GET_AFE_INSTANCE_COMMON_TABLE
12-28 06:28:44.975 D/android.hardware.audio.service( 799): Failed to fetch the lookup information of the device 0000000F
12-28 06:28:44.975 D/ACDB-LOADER( 799): Error: ACDB AFE returned = -19
12-28 06:28:44.975 D/ACDB-LOADER( 799): ACDB -> AUDIO_SET_AFE_CAL cal_type[16] acdb_id[15]
12-28 06:28:44.975 D/ACDB-LOADER( 799): ACDB -> send_hw_delay : acdb_id = 15 path = 0
12-28 06:28:44.975 D/ACDB-LOADER( 799): ACDB -> ACDB_AVSYNC_INFO: ACDB_CMD_GET_DEVICE_PROPERTY
12-28 06:28:44.975 D/msm8974_platform( 799): platform_split_snd_device: snd_device(2) num devices(0) new_snd_devices(0)
12-28 06:28:44.975 I/msm8974_platform( 799): platform_get_custom_mtmx_params: no matching param with id 0 ip_ch 2 op_ch 2 uc_id 12 snd_dev 2
12-28 06:28:44.975 D/audio_hw_primary( 799): enable_audio_route: apply mixer and update path: audio-ull-playback
12-28 06:28:44.975 D/audio_route( 799): Apply path: audio-ull-playback
12-28 06:28:44.976 D/audio_hw_primary( 799): select_devices: done
12-28 06:28:44.976 D/msm8974_platform( 799): platform_set_channel_map mixer_ctl_name:Playback Channel Map13
12-28 06:28:44.976 D/msm8974_platform( 799): platform_set_channel_map: set mapping(1 2 0 0 0 0 0 0) for channel:2
12-28 06:28:44.976 E/msm8974_platform( 799): platform_set_channel_map: Could not set ctl, error:-22 ch_count:2
01-05 08:30:21.019 I/ ( 0): snd_pcm_hw_constraint_integer failed
01-05 08:30:21.019 I/msm_pcm_open( 0): P buffer bytes minmax constraint ret 1
01-05 08:30:21.019 E/set_cps_config( 0): get_wsa_dev_num is NULL
12-28 06:28:44.980 I/OMX-VDEC-1080P( 1210): C2D: Start color convertion
12-28 06:28:44.980 W/C2DColorConvert( 1210): calcLumaAlign: unknown format (3) passed for luma alignment number.
12-28 06:28:44.980 I/OMX-VDEC-1080P( 1210): C2D: Start color convertion
12-28 06:28:44.981 W/C2DColorConvert( 1210): calcLumaAlign: unknown format (3) passed for luma alignment number.
01-05 08:30:21.025 I/__afe_port_start( 0): port id: 0xb000
01-05 08:30:21.025 I/afe_find_cal_topo_id_by_port( 0): port id: 0xb000, dev_acdb_id: 0
01-05 08:30:21.025 I/afe_find_cal_topo_id_by_port( 0): top_id:112fc acdb_id:15 afe_port:0xb000
01-05 08:30:21.025 I/afe_get_cal_topology_id( 0): port_id = 0xb000 acdb_id = 15 topology_id = 0x112fc cal_type_index=8 ret=0
01-05 08:30:21.025 E/afe_callback( 0): cmd = 0x100fa returned error = 0x2
01-05 08:30:21.025 E/afe_apr_send_pkt( 0): DSP returned error[ADSP_EBADPARAM]
01-05 08:30:21.025 E/afe_send_port_topology_id( 0): AFE set topology id enable for port 0xb000 failed -22
01-05 08:30:21.025 I/afe_send_port_topology_id( 0): AFE set topology id 0x112fc enable for port 0xb000 ret -22
01-05 08:30:21.025 I/send_afe_cal_type( 0): cal_index is 0
01-05 08:30:21.025 I/send_afe_cal_type( 0): dev_acdb_id[162] is 0
01-05 08:30:21.025 I/send_afe_cal_type( 0): Sending cal_index cal 0
01-05 08:30:21.025 E/send_afe_cal_type( 0): No cal sent for cal_index 0, port_id = 0xb000! ret -22
01-05 08:30:21.025 I/afe_send_hw_delay( 0): port_id 0xb000 rate 48000 delay_usec 474 status 0
01-05 08:30:21.026 E/afe_callback( 0): cmd = 0x100fa returned error = 0x2
01-05 08:30:21.026 E/afe_apr_send_pkt( 0): DSP returned error[ADSP_EBADPARAM]
01-05 08:30:21.026 E/__afe_port_start( 0): AFE enable for port 0xb000 failed -22
01-05 08:30:21.026 E/msm-dai-cdc-dma-dev soc( 0): qcom,msm-dai-cdc-dma:qcom,msm-dai-wsa-cdc-dma-0-rx: fail to open AFE port 0xb000
01-05 08:30:21.026 E/msm-dai-cdc-dma-dev soc( 0): qcom,msm-dai-cdc-dma:qcom,msm-dai-wsa-cdc-dma-0-rx: ASoC: cpu DAI prepare error: -22
01-05 08:30:21.026 E/soc_pcm_prepare( 0): Issue stop stream for codec_dai due to op failure -22 = ret
12-28 06:28:44.984 E/audio_hw_primary( 799): pcm_open_prepare_helper: pcm_prepare returned -1
01-05 08:30:21.026 E/WSA_CDC_DMA_RX_0( 0): ASoC: backend prepare failed -22
12-28 06:28:44.989 D/audio_hw_primary( 799): disable_audio_route: reset and update mixer path: audio-ull-playback
12-28 06:28:44.989 E/soundtrigger( 799): audio_extn_sound_trigger_update_stream_status: invalid input device 0x0, for event 2
12-28 06:28:44.989 D/soundtrigger( 799): audio_extn_sound_trigger_update_stream_status: uc_info->id 12 of type 0 for Event 2, with Raise=0
12-28 06:28:44.989 D/msm8974_platform( 799): platform_split_snd_device: snd_device(2) num devices(0) new_snd_devices(0)
12-28 06:28:44.989 I/msm8974_platform( 799): platform_get_custom_mtmx_params: no matching param with id 0 ip_ch 2 op_ch 2 uc_id 12 snd_dev 2
12-28 06:28:44.989 D/hardware_info( 799): hw_info_append_hw_type : device_name = speaker
12-28 06:28:44.989 D/audio_hw_primary( 799): disable_snd_device: snd_device(2: speaker)
12-28 06:28:44.989 D/msm8974_platform( 799): platform_split_snd_device: snd_device(2) num devices(0) new_snd_devices(0)
12-28 06:28:44.989 I/soundtrigger( 799): audio_extn_sound_trigger_update_device_status: device 0x2 of type 0 for Event 0, with Raise=0
12-28 06:28:45.039 D/audio_hw_primary( 799): out_standby: enter: stream (0xec2064c0) usecase(12: audio-ull-playback)
12-28 06:28:45.039 D/audio_hw_primary( 799): out_standby: exit
12-28 06:28:45.043 D/audio_hw_primary( 799): start_output_stream: enter: stream(0xec2064c0)usecase(12: audio-ull-playback) devices(0x2) is_haptic_usecase(0)
12-28 06:28:45.043 D/audio_hw_primary( 799): select_devices for use case (audio-ull-playback)
12-28 06:28:45.043 I/msm8974_platform( 799): platform_check_and_set_codec_backend_cfg:becf: afe: bitwidth 16, samplerate 48000 channels 2, backend_idx 0 usecase = 12 device (speaker)
12-28 06:28:45.043 D/msm8974_platform( 799): platform_split_snd_device: snd_device(2) num devices(1) new_snd_devices(0)
12-28 06:28:45.043 I/msm8974_platform( 799): platform_check_and_set_codec_backend_cfg: new_snd_devices[0] is 2
12-28 06:28:45.043 I/msm8974_platform( 799): platform_check_codec_backend_cfg:becf: afe: bitwidth 16, samplerate 48000 channels 2, backend_idx 0 usecase = 12 device (speaker)
12-28 06:28:45.044 D/audio_hw_extn( 799): audio_extn_enable_hifi_filter: mixer_value set 0
12-28 06:28:45.044 D/msm8974_platform( 799): platform_check_codec_backend_cfg:becf: updated afe: bitwidth 16, samplerate 48000 channels 2,backend_idx 0 usecase = 12 device (speaker)
12-28 06:28:45.044 D/msm8974_platform( 799): platform_check_codec_backend_cfg:becf: afe: playback on codec device not supporting native playback set default Sample Rate(48k)
12-28 06:28:45.044 I/msm8974_platform( 799): platform_check_codec_backend_cfg:becf: afe: Codec selected backend: 0 updated bit width: 16 and sample rate: 48000
12-28 06:28:45.044 D/audio_hw_primary( 799): check_usecases_codec_backend:becf: force routing 0
12-28 06:28:45.044 E/msm8974_platform( 799): platform_check_backends_match: Invalid snd_device =
12-28 06:28:45.044 D/audio_hw_primary( 799): check_usecases_codec_backend:becf: (78) check_usecases curr device: speaker, usecase device: backends match 0
12-28 06:28:45.044 D/audio_hw_primary( 799): check_usecases_codec_backend:becf: check_usecases num.of Usecases to switch 0
12-28 06:28:45.044 D/hardware_info( 799): hw_info_append_hw_type : device_name = speaker
12-28 06:28:45.044 D/msm8974_platform( 799): platform_split_snd_device: snd_device(2) num devices(0) new_snd_devices(0)
12-28 06:28:45.044 D/audio_hw_primary( 799): enable_snd_device: snd_device(2: speaker)
12-28 06:28:45.044 D/msm8974_platform( 799): platform_get_island_cfg_on_device:island cfg status on snd_device = (speaker 0)
12-28 06:28:45.044 I/soundtrigger( 799): audio_extn_sound_trigger_update_device_status: device 0x2 of type 0 for Event 1, with Raise=0
12-28 06:28:45.044 D/audio_route( 799): Apply path: speaker
12-28 06:28:45.044 I/audio_hw_utils( 799): audio_extn_utils_update_stream_output_app_type_cfg Allowing 24 and above bits playback on speaker ONLY at default sampling rate
12-28 06:28:45.044 E/soundtrigger( 799): audio_extn_sound_trigger_update_stream_status: invalid input device 0x0, for event 3
12-28 06:28:45.044 D/soundtrigger( 799): audio_extn_sound_trigger_update_stream_status: uc_info->id 12 of type 0 for Event 3, with Raise=0
12-28 06:28:45.044 D/audio_hw_utils( 799): audio_extn_utils_send_app_type_cfg: usecase->out_snd_device speaker
12-28 06:28:45.044 D/msm8974_platform( 799): platform_split_snd_device: snd_device(2) num devices(0) new_snd_devices(0)
12-28 06:28:45.044 I/audio_hw_utils( 799): ULL doesnt need sending app type cfg, returning
12-28 06:28:45.044 D/msm8974_platform( 799): platform_split_snd_device: snd_device(2) num devices(1) new_snd_devices(0)
12-28 06:28:45.044 D/audio_hw_utils( 799): audio_extn_btsco_get_sample_rate:Not a BT SCO device, need not update sampling rate
12-28 06:28:45.044 D/ACDB-LOADER( 799): ACDB -> send_audio_cal, acdb_id = 15, path = 0, app id = 0x11137, sample rate = 48000, afe_sample_rate = 48000
12-28 06:28:45.044 D/ACDB-LOADER( 799): ACDB -> send_asm_topology
12-28 06:28:45.044 D/ACDB-LOADER( 799): ACDB -> ACDB_CMD_GET_AUDPROC_STREAM_TOPOLOGY_ID
12-28 06:28:45.044 D/ACDB-LOADER( 799): ACDB -> send_adm_topology
12-28 06:28:45.044 D/ACDB-LOADER( 799): ACDB -> ACDB_CMD_GET_AUDPROC_COMMON_TOPOLOGY_ID
12-28 06:28:45.044 D/ACDB-LOADER( 799): ACDB -> send_audtable
12-28 06:28:45.044 D/ACDB-LOADER( 799): ACDB -> ACDB_CMD_GET_AUDPROC_INSTANCE_COMMON_TABLE_SIZE
12-28 06:28:45.044 D/ACDB-LOADER( 799): ACDB -> ACDB_CMD_GET_AUDPROC_INSTANCE_COMMON_TABLE
12-28 06:28:45.044 D/ACDB-LOADER( 799): ACDB -> AUDIO_SET_AUDPROC_CAL cal_type[11] acdb_id[15] app_type[69943]
12-28 06:28:45.044 D/ACDB-LOADER( 799): ACDB -> send_audvoltable
12-28 06:28:45.044 D/ACDB-LOADER( 799): ACDB -> ACDB_CMD_GET_AUDPROC_INSTANCE_GAIN_DEP_STEP_TABLE_SIZE
12-28 06:28:45.044 D/android.hardware.audio.service( 799): Failed to fetch the lookup information of the device 0000000F
12-28 06:28:45.044 D/ACDB-LOADER( 799): Error: ACDB_CMD_GET_AUDPROC_INSTANCE_GAIN_DEP_STEP_TABLE_SIZE Returned = -19
12-28 06:28:45.044 D/ACDB-LOADER( 799): ACDB -> ACDB_CMD_GET_AUDPROC_INSTANCE_GAIN_DEP_STEP_TABLE, vol index 0
12-28 06:28:45.044 D/android.hardware.audio.service( 799): Failed to fetch the lookup information of the device 0000000F
12-28 06:28:45.044 D/ACDB-LOADER( 799): Error: ACDB AudProc vol returned = -19
12-28 06:28:45.044 D/ACDB-LOADER( 799): ACDB -> AUDIO_SET_VOL_CAL cal type = 12
12-28 06:28:45.044 D/ACDB-LOADER( 799): ACDB -> ACDB_CMD_GET_AUDPROC_INSTANCE_STREAM_TABLE_SIZE
12-28 06:28:45.044 D/ACDB-LOADER( 799): ACDB -> send_audstrmtable
12-28 06:28:45.044 D/ACDB-LOADER( 799): ACDB -> ACDB_CMD_GET_AUDPROC_INSTANCE_STREAM_TABLE
12-28 06:28:45.044 D/ACDB-LOADER( 799): ACDB -> audstrm_cal->cal_type.cal_data.cal_size = 20
12-28 06:28:45.044 D/ACDB-LOADER( 799): ACDB -> send_afe_topology
12-28 06:28:45.044 D/ACDB-LOADER( 799): ACDB -> ACDB_CMD_GET_AFE_TOPOLOGY_ID
12-28 06:28:45.044 D/ACDB-LOADER( 799): ACDB -> GET_AFE_TOPOLOGY_ID for adcd_id 15, Topology Id 112fc
12-28 06:28:45.045 D/ACDB-LOADER( 799): ACDB -> send_afe_cal
12-28 06:28:45.045 D/ACDB-LOADER( 799): ACDB -> ACDB_CMD_GET_AFE_INSTANCE_COMMON_TABLE_SIZE
12-28 06:28:45.045 D/android.hardware.audio.service( 799): Failed to fetch the lookup information of the device 0000000F
12-28 06:28:45.045 D/ACDB-LOADER( 799): Error: ACDB_CMD_GET_AFE_INSTANCE_COMMON_TABLE_SIZE Returned = -19
12-28 06:28:45.045 D/ACDB-LOADER( 799): ACDB -> ACDB_CMD_GET_AFE_INSTANCE_COMMON_TABLE
12-28 06:28:45.045 D/android.hardware.audio.service( 799): Failed to fetch the lookup information of the device 0000000F
12-28 06:28:45.045 D/ACDB-LOADER( 799): Error: ACDB AFE returned = -19
12-28 06:28:45.045 D/ACDB-LOADER( 799): ACDB -> AUDIO_SET_AFE_CAL cal_type[16] acdb_id[15]
12-28 06:28:45.045 D/ACDB-LOADER( 799): ACDB -> send_hw_delay : acdb_id = 15 path = 0
12-28 06:28:45.045 D/ACDB-LOADER( 799): ACDB -> ACDB_AVSYNC_INFO: ACDB_CMD_GET_DEVICE_PROPERTY
12-28 06:28:45.045 D/msm8974_platform( 799): platform_split_snd_device: snd_device(2) num devices(0) new_snd_devices(0)
12-28 06:28:45.045 I/msm8974_platform( 799): platform_get_custom_mtmx_params: no matching param with id 0 ip_ch 2 op_ch 2 uc_id 12 snd_dev 2
12-28 06:28:45.045 D/audio_hw_primary( 799): enable_audio_route: apply mixer and update path: audio-ull-playback
12-28 06:28:45.045 D/audio_route( 799): Apply path: audio-ull-playback
12-28 06:28:45.045 D/audio_hw_primary( 799): select_devices: done
12-28 06:28:45.045 D/msm8974_platform( 799): platform_set_channel_map mixer_ctl_name:Playback Channel Map13
12-28 06:28:45.045 D/msm8974_platform( 799): platform_set_channel_map: set mapping(1 2 0 0 0 0 0 0) for channel:2
12-28 06:28:45.045 E/msm8974_platform( 799): platform_set_channel_map: Could not set ctl, error:-22 ch_count:2
01-05 08:30:21.088 I/ ( 0): snd_pcm_hw_constraint_integer failed
01-05 08:30:21.088 I/msm_pcm_open( 0): P buffer bytes minmax constraint ret 1
01-05 08:30:21.088 E/set_cps_config( 0): get_wsa_dev_num is NULL
01-05 08:30:21.094 I/__afe_port_start( 0): port id: 0xb000
01-05 08:30:21.094 I/afe_find_cal_topo_id_by_port( 0): port id: 0xb000, dev_acdb_id: 0
01-05 08:30:21.094 I/afe_find_cal_topo_id_by_port( 0): top_id:112fc acdb_id:15 afe_port:0xb000
01-05 08:30:21.094 I/afe_get_cal_topology_id( 0): port_id = 0xb000 acdb_id = 15 topology_id = 0x112fc cal_type_index=8 ret=0
01-05 08:30:21.094 E/afe_callback( 0): cmd = 0x100fa returned error = 0x2
01-05 08:30:21.095 E/afe_apr_send_pkt( 0): DSP returned error[ADSP_EBADPARAM]
01-05 08:30:21.095 E/afe_send_port_topology_id( 0): AFE set topology id enable for port 0xb000 failed -22
01-05 08:30:21.095 I/afe_send_port_topology_id( 0): AFE set topology id 0x112fc enable for port 0xb000 ret -22
01-05 08:30:21.095 I/send_afe_cal_type( 0): cal_index is 0
01-05 08:30:21.095 I/send_afe_cal_type( 0): dev_acdb_id[162] is 0
01-05 08:30:21.095 I/send_afe_cal_type( 0): Sending cal_index cal 0
01-05 08:30:21.095 E/send_afe_cal_type( 0): No cal sent for cal_index 0, port_id = 0xb000! ret -22
01-05 08:30:21.095 I/afe_send_hw_delay( 0): port_id 0xb000 rate 48000 delay_usec 474 status 0
12-28 06:28:45.053 E/audio_hw_primary( 799): pcm_open_prepare_helper: pcm_prepare returned -1
01-05 08:30:21.095 E/afe_callback( 0): cmd = 0x100fa returned error = 0x2
01-05 08:30:21.095 E/afe_apr_send_pkt( 0): DSP returned error[ADSP_EBADPARAM]
01-05 08:30:21.095 E/__afe_port_start( 0): AFE enable for port 0xb000 failed -22
01-05 08:30:21.095 E/msm-dai-cdc-dma-dev soc( 0): qcom,msm-dai-cdc-dma:qcom,msm-dai-wsa-cdc-dma-0-rx: fail to open AFE port 0xb000
01-05 08:30:21.095 E/msm-dai-cdc-dma-dev soc( 0): qcom,msm-dai-cdc-dma:qcom,msm-dai-wsa-cdc-dma-0-rx: ASoC: cpu DAI prepare error: -22
01-05 08:30:21.095 E/soc_pcm_prepare( 0): Issue stop stream for codec_dai due to op failure -22 = ret
01-05 08:30:21.095 E/WSA_CDC_DMA_RX_0( 0): ASoC: backend prepare failed -22
12-28 06:28:45.058 D/audio_hw_primary( 799): disable_audio_route: reset and update mixer path: audio-ull-playback
12-28 06:28:45.058 E/soundtrigger( 799): audio_extn_sound_trigger_update_stream_status: invalid input device 0x0, for event 2
12-28 06:28:45.058 D/soundtrigger( 799): audio_extn_sound_trigger_update_stream_status: uc_info->id 12 of type 0 for Event 2, with Raise=0
12-28 06:28:45.058 D/msm8974_platform( 799): platform_split_snd_device: snd_device(2) num devices(0) new_snd_devices(0)
12-28 06:28:45.058 I/msm8974_platform( 799): platform_get_custom_mtmx_params: no matching param with id 0 ip_ch 2 op_ch 2 uc_id 12 snd_dev 2
12-28 06:28:45.058 D/hardware_info( 799): hw_info_append_hw_type : device_name = speaker
12-28 06:28:45.058 D/audio_hw_primary( 799): disable_snd_device: snd_device(2: speaker)
12-28 06:28:45.058 D/msm8974_platform( 799): platform_split_snd_device: snd_device(2) num devices(0) new_snd_devices(0)
12-28 06:28:45.058 I/soundtrigger( 799): audio_extn_sound_trigger_update_device_status: device 0x2 of type 0 for Event 0, with Raise=0
12-28 06:28:45.060 I/OMX-VDEC-1080P( 1210): C2D: Start color convertion
12-28 06:28:45.060 W/C2DColorConvert( 1210): calcLumaAlign: unknown format (3) passed for luma alignment number.
12-28 06:28:45.100 I/OMX-VDEC-1080P( 1210): C2D: Start color convertion
12-28 06:28:45.101 W/C2DColorConvert( 1210): calcLumaAlign: unknown format (3) passed for luma alignment number.
12-28 06:28:45.108 D/audio_hw_primary( 799): out_standby: enter: stream (0xec2064c0) usecase(12: audio-ull-playback)
12-28 06:28:45.109 D/audio_hw_primary( 799): out_standby: exit
12-28 06:28:45.112 D/audio_hw_primary( 799): start_output_stream: enter: stream(0xec2064c0)usecase(12: audio-ull-playback) devices(0x2) is_haptic_usecase(0)
12-28 06:28:45.112 D/audio_hw_primary( 799): select_devices for use case (audio-ull-playback)
12-28 06:28:45.112 I/msm8974_platform( 799): platform_check_and_set_codec_backend_cfg:becf: afe: bitwidth 16, samplerate 48000 channels 2, backend_idx 0 usecase = 12 device (speaker)
12-28 06:28:45.112 D/msm8974_platform( 799): platform_split_snd_device: snd_device(2) num devices(1) new_snd_devices(0)
12-28 06:28:45.112 I/msm8974_platform( 799): platform_check_and_set_codec_backend_cfg: new_snd_devices[0] is 2
12-28 06:28:45.112 I/msm8974_platform( 799): platform_check_codec_backend_cfg:becf: afe: bitwidth 16, samplerate 48000 channels 2, backend_idx 0 usecase = 12 device (speaker)
12-28 06:28:45.113 D/audio_hw_extn( 799): audio_extn_enable_hifi_filter: mixer_value set 0
12-28 06:28:45.113 D/msm8974_platform( 799): platform_check_codec_backend_cfg:becf: updated afe: bitwidth 16, samplerate 48000 channels 2,backend_idx 0 usecase = 12 device (speaker)
12-28 06:28:45.113 D/msm8974_platform( 799): platform_check_codec_backend_cfg:becf: afe: playback on codec device not supporting native playback set default Sample Rate(48k)
12-28 06:28:45.113 I/msm8974_platform( 799): platform_check_codec_backend_cfg:becf: afe: Codec selected backend: 0 updated bit width: 16 and sample rate: 48000
12-28 06:28:45.113 D/audio_hw_primary( 799): check_usecases_codec_backend:becf: force routing 0
12-28 06:28:45.113 E/msm8974_platform( 799): platform_check_backends_match: Invalid snd_device =
12-28 06:28:45.113 D/audio_hw_primary( 799): check_usecases_codec_backend:becf: (78) check_usecases curr device: speaker, usecase device: backends match 0
12-28 06:28:45.113 D/audio_hw_primary( 799): check_usecases_codec_backend:becf: check_usecases num.of Usecases to switch 0
12-28 06:28:45.113 D/hardware_info( 799): hw_info_append_hw_type : device_name = speaker
12-28 06:28:45.113 D/msm8974_platform( 799): platform_split_snd_device: snd_device(2) num devices(0) new_snd_devices(0)
12-28 06:28:45.113 D/audio_hw_primary( 799): enable_snd_device: snd_device(2: speaker)
12-28 06:28:45.113 D/msm8974_platform( 799): platform_get_island_cfg_on_device:island cfg status on snd_device = (speaker 0)
12-28 06:28:45.113 I/soundtrigger( 799): audio_extn_sound_trigger_update_device_status: device 0x2 of type 0 for Event 1, with Raise=0
12-28 06:28:45.113 D/audio_route( 799): Apply path: speaker
12-28 06:28:45.113 I/audio_hw_utils( 799): audio_extn_utils_update_stream_output_app_type_cfg Allowing 24 and above bits playback on speaker ONLY at default sampling rate
12-28 06:28:45.113 E/soundtrigger( 799): audio_extn_sound_trigger_update_stream_status: invalid input device 0x0, for event 3
12-28 06:28:45.113 D/soundtrigger( 799): audio_extn_sound_trigger_update_stream_status: uc_info->id 12 of type 0 for Event 3, with Raise=0
12-28 06:28:45.113 D/audio_hw_utils( 799): audio_extn_utils_send_app_type_cfg: usecase->out_snd_device speaker
12-28 06:28:45.113 D/msm8974_platform( 799): platform_split_snd_device: snd_device(2) num devices(0) new_snd_devices(0)
12-28 06:28:45.113 I/audio_hw_utils( 799): ULL doesnt need sending app type cfg, returning
12-28 06:28:45.113 D/msm8974_platform( 799): platform_split_snd_device: snd_device(2) num devices(1) new_snd_devices(0)
12-28 06:28:45.113 D/audio_hw_utils( 799): audio_extn_btsco_get_sample_rate:Not a BT SCO device, need not update sampling rate
12-28 06:28:45.113 D/ACDB-LOADER( 799): ACDB -> send_audio_cal, acdb_id = 15, path = 0, app id = 0x11137, sample rate = 48000, afe_sample_rate = 48000
12-28 06:28:45.113 D/ACDB-LOADER( 799): ACDB -> send_asm_topology
12-28 06:28:45.113 D/ACDB-LOADER( 799): ACDB -> ACDB_CMD_GET_AUDPROC_STREAM_TOPOLOGY_ID
12-28 06:28:45.113 D/ACDB-LOADER( 799): ACDB -> send_adm_topology
12-28 06:28:45.113 D/ACDB-LOADER( 799): ACDB -> ACDB_CMD_GET_AUDPROC_COMMON_TOPOLOGY_ID
12-28 06:28:45.113 D/ACDB-LOADER( 799): ACDB -> send_audtable
12-28 06:28:45.113 D/ACDB-LOADER( 799): ACDB -> ACDB_CMD_GET_AUDPROC_INSTANCE_COMMON_TABLE_SIZE
12-28 06:28:45.113 D/ACDB-LOADER( 799): ACDB -> ACDB_CMD_GET_AUDPROC_INSTANCE_COMMON_TABLE
12-28 06:28:45.113 D/ACDB-LOADER( 799): ACDB -> AUDIO_SET_AUDPROC_CAL cal_type[11] acdb_id[15] app_type[69943]
12-28 06:28:45.113 D/ACDB-LOADER( 799): ACDB -> send_audvoltable
12-28 06:28:45.114 D/ACDB-LOADER( 799): ACDB -> ACDB_CMD_GET_AUDPROC_INSTANCE_GAIN_DEP_STEP_TABLE_SIZE
12-28 06:28:45.114 D/android.hardware.audio.service( 799): Failed to fetch the lookup information of the device 0000000F
12-28 06:28:45.114 D/ACDB-LOADER( 799): Error: ACDB_CMD_GET_AUDPROC_INSTANCE_GAIN_DEP_STEP_TABLE_SIZE Returned = -19
12-28 06:28:45.114 D/ACDB-LOADER( 799): ACDB -> ACDB_CMD_GET_AUDPROC_INSTANCE_GAIN_DEP_STEP_TABLE, vol index 0
12-28 06:28:45.114 D/android.hardware.audio.service( 799): Failed to fetch the lookup information of the device 0000000F
12-28 06:28:45.114 D/ACDB-LOADER( 799): Error: ACDB AudProc vol returned = -19
12-28 06:28:45.114 D/ACDB-LOADER( 799): ACDB -> AUDIO_SET_VOL_CAL cal type = 12
12-28 06:28:45.114 D/ACDB-LOADER( 799): ACDB -> ACDB_CMD_GET_AUDPROC_INSTANCE_STREAM_TABLE_SIZE
12-28 06:28:45.114 D/ACDB-LOADER( 799): ACDB -> send_audstrmtable
12-28 06:28:45.114 D/ACDB-LOADER( 799): ACDB -> ACDB_CMD_GET_AUDPROC_INSTANCE_STREAM_TABLE
12-28 06:28:45.114 D/ACDB-LOADER( 799): ACDB -> audstrm_cal->cal_type.cal_data.cal_size = 20
12-28 06:28:45.114 D/ACDB-LOADER( 799): ACDB -> send_afe_topology
12-28 06:28:45.114 D/ACDB-LOADER( 799): ACDB -> ACDB_CMD_GET_AFE_TOPOLOGY_ID
12-28 06:28:45.114 D/ACDB-LOADER( 799): ACDB -> GET_AFE_TOPOLOGY_ID for adcd_id 15, Topology Id 112fc
12-28 06:28:45.114 D/ACDB-LOADER( 799): ACDB -> send_afe_cal
12-28 06:28:45.114 D/ACDB-LOADER( 799): ACDB -> ACDB_CMD_GET_AFE_INSTANCE_COMMON_TABLE_SIZE
12-28 06:28:45.114 D/android.hardware.audio.service( 799): Failed to fetch the lookup information of the device 0000000F
12-28 06:28:45.114 D/ACDB-LOADER( 799): Error: ACDB_CMD_GET_AFE_INSTANCE_COMMON_TABLE_SIZE Returned = -19
12-28 06:28:45.114 D/ACDB-LOADER( 799): ACDB -> ACDB_CMD_GET_AFE_INSTANCE_COMMON_TABLE
12-28 06:28:45.114 D/android.hardware.audio.service( 799): Failed to fetch the lookup information of the device 0000000F
12-28 06:28:45.114 D/ACDB-LOADER( 799): Error: ACDB AFE returned = -19
12-28 06:28:45.114 D/ACDB-LOADER( 799): ACDB -> AUDIO_SET_AFE_CAL cal_type[16] acdb_id[15]
12-28 06:28:45.114 D/ACDB-LOADER( 799): ACDB -> send_hw_delay : acdb_id = 15 path = 0
12-28 06:28:45.114 D/ACDB-LOADER( 799): ACDB -> ACDB_AVSYNC_INFO: ACDB_CMD_GET_DEVICE_PROPERTY
12-28 06:28:45.114 D/msm8974_platform( 799): platform_split_snd_device: snd_device(2) num devices(0) new_snd_devices(0)
12-28 06:28:45.114 I/msm8974_platform( 799): platform_get_custom_mtmx_params: no matching param with id 0 ip_ch 2 op_ch 2 uc_id 12 snd_dev 2
12-28 06:28:45.114 D/audio_hw_primary( 799): enable_audio_route: apply mixer and update path: audio-ull-playback
12-28 06:28:45.114 D/audio_route( 799): Apply path: audio-ull-playback
12-28 06:28:45.114 D/audio_hw_primary( 799): select_devices: done
12-28 06:28:45.114 D/msm8974_platform( 799): platform_set_channel_map mixer_ctl_name:Playback Channel Map13
12-28 06:28:45.115 D/msm8974_platform( 799): platform_set_channel_map: set mapping(1 2 0 0 0 0 0 0) for channel:2
12-28 06:28:45.115 E/msm8974_platform( 799): platform_set_channel_map: Could not set ctl, error:-22 ch_count:2
01-05 08:30:21.157 I/ ( 0): snd_pcm_hw_constraint_integer failed
01-05 08:30:21.157 I/msm_pcm_open( 0): P buffer bytes minmax constraint ret 1
01-05 08:30:21.157 E/set_cps_config( 0): get_wsa_dev_num is NULL
01-05 08:30:21.163 I/__afe_port_start( 0): port id: 0xb000
01-05 08:30:21.163 I/afe_find_cal_topo_id_by_port( 0): port id: 0xb000, dev_acdb_id: 0
01-05 08:30:21.163 I/afe_find_cal_topo_id_by_port( 0): top_id:112fc acdb_id:15 afe_port:0xb000
01-05 08:30:21.163 I/afe_get_cal_topology_id( 0): port_id = 0xb000 acdb_id = 15 topology_id = 0x112fc cal_type_index=8 ret=0
01-05 08:30:21.163 E/afe_callback( 0): cmd = 0x100fa returned error = 0x2
01-05 08:30:21.164 E/afe_apr_send_pkt( 0): DSP returned error[ADSP_EBADPARAM]
01-05 08:30:21.164 E/afe_send_port_topology_id( 0): AFE set topology id enable for port 0xb000 failed -22
01-05 08:30:21.164 I/afe_send_port_topology_id( 0): AFE set topology id 0x112fc enable for port 0xb000 ret -22
01-05 08:30:21.164 I/send_afe_cal_type( 0): cal_index is 0
01-05 08:30:21.164 I/send_afe_cal_type( 0): dev_acdb_id[162] is 0
01-05 08:30:21.164 I/send_afe_cal_type( 0): Sending cal_index cal 0
01-05 08:30:21.164 E/send_afe_cal_type( 0): No cal sent for cal_index 0, port_id = 0xb000! ret -22
01-05 08:30:21.164 I/afe_send_hw_delay( 0): port_id 0xb000 rate 48000 delay_usec 474 status 0
01-05 08:30:21.164 E/afe_callback( 0): cmd = 0x100fa returned error = 0x2
01-05 08:30:21.164 E/afe_apr_send_pkt( 0): DSP returned error[ADSP_EBADPARAM]
01-05 08:30:21.164 E/__afe_port_start( 0): AFE enable for port 0xb000 failed -22
01-05 08:30:21.164 E/msm-dai-cdc-dma-dev soc( 0): qcom,msm-dai-cdc-dma:qcom,msm-dai-wsa-cdc-dma-0-rx: fail to open AFE port 0xb000
01-05 08:30:21.164 E/msm-dai-cdc-dma-dev soc( 0): qcom,msm-dai-cdc-dma:qcom,msm-dai-wsa-cdc-dma-0-rx: ASoC: cpu DAI prepare error: -22
01-05 08:30:21.164 E/soc_pcm_prepare( 0): Issue stop stream for codec_dai due to op failure -22 = ret
12-28 06:28:45.122 E/audio_hw_primary( 799): pcm_open_prepare_helper: pcm_prepare returned -1
01-05 08:30:21.165 E/WSA_CDC_DMA_RX_0( 0): ASoC: backend prepare failed -22
12-28 06:28:45.127 D/audio_hw_primary( 799): disable_audio_route: reset and update mixer path: audio-ull-playback
12-28 06:28:45.127 E/soundtrigger( 799): audio_extn_sound_trigger_update_stream_status: invalid input device 0x0, for event 2
12-28 06:28:45.127 D/soundtrigger( 799): audio_extn_sound_trigger_update_stream_status: uc_info->id 12 of type 0 for Event 2, with Raise=0
12-28 06:28:45.127 D/msm8974_platform( 799): platform_split_snd_device: snd_device(2) num devices(0) new_snd_devices(0)
12-28 06:28:45.127 I/msm8974_platform( 799): platform_get_custom_mtmx_params: no matching param with id 0 ip_ch 2 op_ch 2 uc_id 12 snd_dev 2
12-28 06:28:45.127 D/hardware_info( 799): hw_info_append_hw_type : device_name = speaker
12-28 06:28:45.128 D/audio_hw_primary( 799): disable_snd_device: snd_device(2: speaker)
12-28 06:28:45.128 D/msm8974_platform( 799): platform_split_snd_device: snd_device(2) num devices(0) new_snd_devices(0)
12-28 06:28:45.128 I/soundtrigger( 799): audio_extn_sound_trigger_update_device_status: device 0x2 of type 0 for Event 0, with Raise=0
12-28 06:28:45.140 I/OMX-VDEC-1080P( 1210): C2D: Start color convertion
12-28 06:28:45.141 W/C2DColorConvert( 1210): calcLumaAlign: unknown format (3) passed for luma alignment number.
12-28 06:28:45.141 I/OMX-VDEC-1080P( 1210): C2D: Start color convertion
12-28 06:28:45.141 W/C2DColorConvert( 1210): calcLumaAlign: unknown format (3) passed for luma alignment number.
12-28 06:28:45.178 D/audio_hw_primary( 799): out_standby: enter: stream (0xec2064c0) usecase(12: audio-ull-playback)
12-28 06:28:45.178 D/audio_hw_primary( 799): out_standby: exit
12-28 06:28:45.181 D/audio_hw_primary( 799): start_output_stream: enter: stream(0xec2064c0)usecase(12: audio-ull-playback) devices(0x2) is_haptic_usecase(0)
12-28 06:28:45.181 D/audio_hw_primary( 799): select_devices for use case (audio-ull-playback)
12-28 06:28:45.181 I/msm8974_platform( 799): platform_check_and_set_codec_backend_cfg:becf: afe: bitwidth 16, samplerate 48000 channels 2, backend_idx 0 usecase = 12 device (speaker)
12-28 06:28:45.181 D/msm8974_platform( 799): platform_split_snd_device: snd_device(2) num devices(1) new_snd_devices(0)
12-28 06:28:45.181 I/msm8974_platform( 799): platform_check_and_set_codec_backend_cfg: new_snd_devices[0] is 2
12-28 06:28:45.181 I/msm8974_platform( 799): platform_check_codec_backend_cfg:becf: afe: bitwidth 16, samplerate 48000 channels 2, backend_idx 0 usecase = 12 device (speaker)
12-28 06:28:45.183 D/audio_hw_extn( 799): audio_extn_enable_hifi_filter: mixer_value set 0
12-28 06:28:45.183 D/msm8974_platform( 799): platform_check_codec_backend_cfg:becf: updated afe: bitwidth 16, samplerate 48000 channels 2,backend_idx 0 usecase = 12 device (speaker)
12-28 06:28:45.183 D/msm8974_platform( 799): platform_check_codec_backend_cfg:becf: afe: playback on codec device not supporting native playback set default Sample Rate(48k)
12-28 06:28:45.183 I/msm8974_platform( 799): platform_check_codec_backend_cfg:becf: afe: Codec selected backend: 0 updated bit width: 16 and sample rate: 48000
12-28 06:28:45.183 D/audio_hw_primary( 799): check_usecases_codec_backend:becf: force routing 0
12-28 06:28:45.183 E/msm8974_platform( 799): platform_check_backends_match: Invalid snd_device =
12-28 06:28:45.183 D/audio_hw_primary( 799): check_usecases_codec_backend:becf: (78) check_usecases curr device: speaker, usecase device: backends match 0
12-28 06:28:45.183 D/audio_hw_primary( 799): check_usecases_codec_backend:becf: check_usecases num.of Usecases to switch 0
12-28 06:28:45.183 D/hardware_info( 799): hw_info_append_hw_type : device_name = speaker
12-28 06:28:45.183 D/msm8974_platform( 799): platform_split_snd_device: snd_device(2) num devices(0) new_snd_devices(0)
12-28 06:28:45.183 D/audio_hw_primary( 799): enable_snd_device: snd_device(2: speaker)
12-28 06:28:45.183 D/msm8974_platform( 799): platform_get_island_cfg_on_device:island cfg status on snd_device = (speaker 0)
12-28 06:28:45.183 I/soundtrigger( 799): audio_extn_sound_trigger_update_device_status: device 0x2 of type 0 for Event 1, with Raise=0
12-28 06:28:45.183 D/audio_route( 799): Apply path: speaker
12-28 06:28:45.183 I/audio_hw_utils( 799): audio_extn_utils_update_stream_output_app_type_cfg Allowing 24 and above bits playback on speaker ONLY at default sampling rate
12-28 06:28:45.183 E/soundtrigger( 799): audio_extn_sound_trigger_update_stream_status: invalid input device 0x0, for event 3
12-28 06:28:45.183 D/soundtrigger( 799): audio_extn_sound_trigger_update_stream_status: uc_info->id 12 of type 0 for Event 3, with Raise=0
12-28 06:28:45.183 D/audio_hw_utils( 799): audio_extn_utils_send_app_type_cfg: usecase->out_snd_device speaker
12-28 06:28:45.183 D/msm8974_platform( 799): platform_split_snd_device: snd_device(2) num devices(0) new_snd_devices(0)
12-28 06:28:45.183 I/audio_hw_utils( 799): ULL doesnt need sending app type cfg, returning
12-28 06:28:45.183 D/msm8974_platform( 799): platform_split_snd_device: snd_device(2) num devices(1) new_snd_devices(0)
12-28 06:28:45.183 D/audio_hw_utils( 799): audio_extn_btsco_get_sample_rate:Not a BT SCO device, need not update sampling rate
12-28 06:28:45.183 D/ACDB-LOADER( 799): ACDB -> send_audio_cal, acdb_id = 15, path = 0, app id = 0x11137, sample rate = 48000, afe_sample_rate = 48000
12-28 06:28:45.183 D/ACDB-LOADER( 799): ACDB -> send_asm_topology
12-28 06:28:45.183 D/ACDB-LOADER( 799): ACDB -> ACDB_CMD_GET_AUDPROC_STREAM_TOPOLOGY_ID
12-28 06:28:45.183 D/ACDB-LOADER( 799): ACDB -> send_adm_topology
12-28 06:28:45.183 D/ACDB-LOADER( 799): ACDB -> ACDB_CMD_GET_AUDPROC_COMMON_TOPOLOGY_ID
12-28 06:28:45.183 D/ACDB-LOADER( 799): ACDB -> send_audtable
12-28 06:28:45.183 D/ACDB-LOADER( 799): ACDB -> ACDB_CMD_GET_AUDPROC_INSTANCE_COMMON_TABLE_SIZE
12-28 06:28:45.183 D/ACDB-LOADER( 799): ACDB -> ACDB_CMD_GET_AUDPROC_INSTANCE_COMMON_TABLE
12-28 06:28:45.183 D/ACDB-LOADER( 799): ACDB -> AUDIO_SET_AUDPROC_CAL cal_type[11] acdb_id[15] app_type[69943]
12-28 06:28:45.183 D/ACDB-LOADER( 799): ACDB -> send_audvoltable
12-28 06:28:45.183 D/ACDB-LOADER( 799): ACDB -> ACDB_CMD_GET_AUDPROC_INSTANCE_GAIN_DEP_STEP_TABLE_SIZE
12-28 06:28:45.183 D/android.hardware.audio.service( 799): Failed to fetch the lookup information of the device 0000000F
12-28 06:28:45.183 D/ACDB-LOADER( 799): Error: ACDB_CMD_GET_AUDPROC_INSTANCE_GAIN_DEP_STEP_TABLE_SIZE Returned = -19
12-28 06:28:45.183 D/ACDB-LOADER( 799): ACDB -> ACDB_CMD_GET_AUDPROC_INSTANCE_GAIN_DEP_STEP_TABLE, vol index 0
12-28 06:28:45.184 D/android.hardware.audio.service( 799): Failed to fetch the lookup information of the device 0000000F
12-28 06:28:45.184 D/ACDB-LOADER( 799): Error: ACDB AudProc vol returned = -19
12-28 06:28:45.184 D/ACDB-LOADER( 799): ACDB -> AUDIO_SET_VOL_CAL cal type = 12
12-28 06:28:45.184 D/ACDB-LOADER( 799): ACDB -> ACDB_CMD_GET_AUDPROC_INSTANCE_STREAM_TABLE_SIZE
12-28 06:28:45.184 D/ACDB-LOADER( 799): ACDB -> send_audstrmtable
12-28 06:28:45.184 D/ACDB-LOADER( 799): ACDB -> ACDB_CMD_GET_AUDPROC_INSTANCE_STREAM_TABLE
12-28 06:28:45.184 D/ACDB-LOADER( 799): ACDB -> audstrm_cal->cal_type.cal_data.cal_size = 20
12-28 06:28:45.184 D/ACDB-LOADER( 799): ACDB -> send_afe_topology
12-28 06:28:45.184 D/ACDB-LOADER( 799): ACDB -> ACDB_CMD_GET_AFE_TOPOLOGY_ID
12-28 06:28:45.184 D/ACDB-LOADER( 799): ACDB -> GET_AFE_TOPOLOGY_ID for adcd_id 15, Topology Id 112fc
12-28 06:28:45.184 D/ACDB-LOADER( 799): ACDB -> send_afe_cal
12-28 06:28:45.184 D/ACDB-LOADER( 799): ACDB -> ACDB_CMD_GET_AFE_INSTANCE_COMMON_TABLE_SIZE
12-28 06:28:45.184 D/android.hardware.audio.service( 799): Failed to fetch the lookup information of the device 0000000F
12-28 06:28:45.184 D/ACDB-LOADER( 799): Error: ACDB_CMD_GET_AFE_INSTANCE_COMMON_TABLE_SIZE Returned = -19
12-28 06:28:45.184 D/ACDB-LOADER( 799): ACDB -> ACDB_CMD_GET_AFE_INSTANCE_COMMON_TABLE
12-28 06:28:45.184 D/android.hardware.audio.service( 799): Failed to fetch the lookup information of the device 0000000F
12-28 06:28:45.184 D/ACDB-LOADER( 799): Error: ACDB AFE returned = -19
12-28 06:28:45.184 D/ACDB-LOADER( 799): ACDB -> AUDIO_SET_AFE_CAL cal_type[16] acdb_id[15]
12-28 06:28:45.184 D/ACDB-LOADER( 799): ACDB -> send_hw_delay : acdb_id = 15 path = 0
12-28 06:28:45.184 D/ACDB-LOADER( 799): ACDB -> ACDB_AVSYNC_INFO: ACDB_CMD_GET_DEVICE_PROPERTY
12-28 06:28:45.184 D/msm8974_platform( 799): platform_split_snd_device: snd_device(2) num devices(0) new_snd_devices(0)
12-28 06:28:45.184 I/msm8974_platform( 799): platform_get_custom_mtmx_params: no matching param with id 0 ip_ch 2 op_ch 2 uc_id 12 snd_dev 2
12-28 06:28:45.184 D/audio_hw_primary( 799): enable_audio_route: apply mixer and update path: audio-ull-playback
12-28 06:28:45.184 D/audio_route( 799): Apply path: audio-ull-playback
12-28 06:28:45.185 D/audio_hw_primary( 799): select_devices: done
12-28 06:28:45.185 D/msm8974_platform( 799): platform_set_channel_map mixer_ctl_name:Playback Channel Map13
12-28 06:28:45.185 D/msm8974_platform( 799): platform_set_channel_map: set mapping(1 2 0 0 0 0 0 0) for channel:2
12-28 06:28:45.185 E/msm8974_platform( 799): platform_set_channel_map: Could not set ctl, error:-22 ch_count:2
01-05 08:30:21.227 I/ ( 0): snd_pcm_hw_constraint_integer failed
01-05 08:30:21.227 I/msm_pcm_open( 0): P buffer bytes minmax constraint ret 1
01-05 08:30:21.227 E/set_cps_config( 0): get_wsa_dev_num is NULL
12-28 06:28:45.193 E/audio_hw_primary( 799): pcm_open_prepare_helper: pcm_prepare returned -1
01-05 08:30:21.234 I/__afe_port_start( 0): port id: 0xb000
01-05 08:30:21.234 I/afe_find_cal_topo_id_by_port( 0): port id: 0xb000, dev_acdb_id: 0
01-05 08:30:21.234 I/afe_find_cal_topo_id_by_port( 0): top_id:112fc acdb_id:15 afe_port:0xb000
01-05 08:30:21.234 I/afe_get_cal_topology_id( 0): port_id = 0xb000 acdb_id = 15 topology_id = 0x112fc cal_type_index=8 ret=0
01-05 08:30:21.234 E/afe_callback( 0): cmd = 0x100fa returned error = 0x2
01-05 08:30:21.234 E/afe_apr_send_pkt( 0): DSP returned error[ADSP_EBADPARAM]
01-05 08:30:21.234 E/afe_send_port_topology_id( 0): AFE set topology id enable for port 0xb000 failed -22
01-05 08:30:21.234 I/afe_send_port_topology_id( 0): AFE set topology id 0x112fc enable for port 0xb000 ret -22
01-05 08:30:21.234 I/send_afe_cal_type( 0): cal_index is 0
01-05 08:30:21.234 I/send_afe_cal_type( 0): dev_acdb_id[162] is 0
01-05 08:30:21.234 I/send_afe_cal_type( 0): Sending cal_index cal 0
