12-28 05:25:26.627 I/auditd (16387): type=1400 audit(0.0:15256): avc: denied { read } for comm="Binder:16387_1" name="version" dev="proc" ino=4026532247 scontext=u:r:untrusted_app_29:s0:c97,c256,c512,c768 tcontext=u:object_r:proc_version:s0 tclass=file permissive=0 app=com.tencent.mm
12-28 05:25:26.631 I/auditd ( 0): type=1400 audit(0.0:15257): avc: denied { kill } for comm="swapper/6" capability=5 scontext=u:r:kernel:s0 tcontext=u:r:kernel:s0 tclass=capability permissive=0
12-28 05:25:27.631 I/auditd ( 0): type=1400 audit(0.0:15258): avc: denied { kill } for comm="swapper/6" capability=5 scontext=u:r:kernel:s0 tcontext=u:r:kernel:s0 tclass=capability permissive=0
12-28 05:25:27.797 I/auditd ( 500): avc: denied { find } for pid=16387 uid=10097 name=authentication_service scontext=u:r:untrusted_app_29:s0:c97,c256,c512,c768 tcontext=u:object_r:default_android_service:s0 tclass=service_manager permissive=0
12-28 05:25:27.875 I/auditd (16387): type=1400 audit(0.0:15259): avc: denied { read } for comm="mars::16519" name="u:object_r:serialno_prop:s0" dev="tmpfs" ino=3325 scontext=u:r:untrusted_app_29:s0:c97,c256,c512,c768 tcontext=u:object_r:serialno_prop:s0 tclass=file permissive=0 app=com.tencent.mm
12-28 05:25:27.875 I/auditd (16387): type=1400 audit(0.0:15260): avc: denied { read } for comm="mars::16519" name="u:object_r:serialno_prop:s0" dev="tmpfs" ino=3325 scontext=u:r:untrusted_app_29:s0:c97,c256,c512,c768 tcontext=u:object_r:serialno_prop:s0 tclass=file permissive=0 app=com.tencent.mm
12-28 05:25:27.883 I/auditd (16387): type=1400 audit(0.0:15261): avc: denied { read } for comm="mars::16519" name="u:object_r:serialno_prop:s0" dev="tmpfs" ino=3325 scontext=u:r:untrusted_app_29:s0:c97,c256,c512,c768 tcontext=u:object_r:serialno_prop:s0 tclass=file permissive=0 app=com.tencent.mm
12-28 05:25:27.883 I/auditd (16387): type=1400 audit(0.0:15262): avc: denied { read } for comm="mars::16519" name="u:object_r:serialno_prop:s0" dev="tmpfs" ino=3325 scontext=u:r:untrusted_app_29:s0:c97,c256,c512,c768 tcontext=u:object_r:serialno_prop:s0 tclass=file permissive=0 app=com.tencent.mm
12-28 05:25:27.883 I/auditd (16387): type=1400 audit(0.0:15263): avc: denied { read } for comm="mars::16519" name="u:object_r:serialno_prop:s0" dev="tmpfs" ino=3325 scontext=u:r:untrusted_app_29:s0:c97,c256,c512,c768 tcontext=u:object_r:serialno_prop:s0 tclass=file permissive=0 app=com.tencent.mm
12-28 05:25:29.631 I/auditd ( 0): type=1400 audit(0.0:15274): avc: denied { kill } for comm="swapper/2" capability=5 scontext=u:r:kernel:s0 tcontext=u:r:kernel:s0 tclass=capability permissive=0
12-28 05:25:30.631 I/auditd ( 0): type=1400 audit(0.0:15275): avc: denied { kill } for comm="swapper/2" capability=5 scontext=u:r:kernel:s0 tcontext=u:r:kernel:s0 tclass=capability permissive=0
12-28 05:25:31.631 I/auditd (18940): type=1400 audit(0.0:15276): avc: denied { kill } for comm="kworker/u17:4" capability=5 scontext=u:r:kernel:s0 tcontext=u:r:kernel:s0 tclass=capability permissive=0
12-28 05:25:31.639 I/auditd (16231): type=1400 audit(0.0:15277): avc: denied { getattr } for comm="[GT]ColdPool#12" path="/proc/16231/net/dev" dev="proc" ino=4026532156 scontext=u:r:untrusted_app_29:s0:c97,c256,c512,c768 tcontext=u:object_r:proc_net:s0 tclass=file permissive=0 app=com.tencent.mm
12-28 05:25:34.631 I/auditd ( 0): type=1400 audit(0.0:15278): avc: denied { kill } for comm="swapper/3" capability=5 scontext=u:r:kernel:s0 tcontext=u:r:kernel:s0 tclass=capability permissive=0
12-28 05:25:34.865 I/am_proc_start( 1508): [0,16879,10098,com.tencent.tmgp.sgame:ingame_inner_slugsdk_config,service,{com.tencent.tmgp.sgame/com.tencent.slugsdk.config.SlugConfigService}]
12-28 05:25:34.891 I/am_proc_bound( 1508): [0,16879,com.tencent.tmgp.sgame:ingame_inner_slugsdk_config]
12-28 05:25:35.631 I/auditd ( 0): type=1400 audit(0.0:15279): avc: denied { kill } for comm="swapper/3" capability=5 scontext=u:r:kernel:s0 tcontext=u:r:kernel:s0 tclass=capability permissive=0
12-28 05:25:36.631 I/auditd ( 0): type=1400 audit(0.0:15280): avc: denied { kill } for comm="swapper/3" capability=5 scontext=u:r:kernel:s0 tcontext=u:r:kernel:s0 tclass=capability permissive=0
12-28 05:25:36.643 I/sqlite_mem_released( 2505): 0
12-28 05:25:36.644 I/force_gc( 2505): mem
12-28 05:25:37.593 I/am_pss ( 1508): [16231,10097,com.tencent.mm:push,129396736,48795648,59392,304771072,0,10,19]
12-28 05:25:38.631 I/auditd ( 0): type=1400 audit(0.0:15281): avc: denied { kill } for comm="swapper/2" capability=5 scontext=u:r:kernel:s0 tcontext=u:r:kernel:s0 tclass=capability permissive=0
12-28 05:25:39.631 I/auditd ( 0): type=1400 audit(0.0:15282): avc: denied { kill } for comm="swapper/2" capability=5 scontext=u:r:kernel:s0 tcontext=u:r:kernel:s0 tclass=capability permissive=0
12-28 05:25:41.631 I/auditd ( 0): type=1400 audit(0.0:15283): avc: denied { kill } for comm="swapper/2" capability=5 scontext=u:r:kernel:s0 tcontext=u:r:kernel:s0 tclass=capability permissive=0
12-28 05:25:42.580 I/force_gc( 2575): mem
12-28 05:25:42.631 I/auditd ( 0): type=1400 audit(0.0:15284): avc: denied { kill } for comm="swapper/2" capability=5 scontext=u:r:kernel:s0 tcontext=u:r:kernel:s0 tclass=capability permissive=0
12-28 05:25:43.631 I/auditd ( 0): type=1400 audit(0.0:15285): avc: denied { kill } for comm="swapper/2" capability=5 scontext=u:r:kernel:s0 tcontext=u:r:kernel:s0 tclass=capability permissive=0
12-28 05:25:45.233 I/input_interaction( 1508): Interaction with: 67591ed gamemode.floatview (server), edge-swipe (server), swipe-up (server), PointerEventDispatcher0 (server),
12-28 05:25:45.636 I/netstats_mobile_sample( 1508): [0,0,0,0,0,0,0,0,0,0,0,0,1672176345636]
12-28 05:25:45.636 I/netstats_wifi_sample( 1508): [6505312806,4890119,70189061,950622,6505312806,4890119,70189061,950622,6510518625,4942305,59185225,924317,1672176345636]
12-28 05:25:46.286 I/input_interaction( 1508): Interaction with: fd1e078 gamemode.menuview (server), edge-swipe (server), swipe-up (server), PointerEventDispatcher0 (server),
12-28 05:25:46.457 I/am_kill ( 1508): [0,16231,com.tencent.mm:push,500,kill background]
12-28 05:25:46.462 I/am_schedule_service_restart( 1508): [0,com.tencent.mm/.ipcinvoker.wx_extension.service.PushProcessIPCService,1000]
12-28 05:25:46.463 I/am_schedule_service_restart( 1508): [0,com.tencent.mm/.booter.CoreService,44000]
12-28 05:25:46.463 I/am_schedule_service_restart( 1508): [0,com.tencent.mm/com.tencent.matrix.lifecycle.supervisor.SupervisorService,83996]
12-28 05:25:46.465 I/am_uid_stopped( 1508): 10097
12-28 05:25:46.466 I/am_kill ( 1508): [0,16387,com.tencent.mm,0,kill background]
12-28 05:25:46.471 I/am_kill ( 1508): [0,16879,com.tencent.tmgp.sgame:ingame_inner_slugsdk_config,500,kill background]
12-28 05:25:46.472 I/am_schedule_service_restart( 1508): [0,com.tencent.tmgp.sgame/com.tencent.slugsdk.config.SlugConfigService,123964]
12-28 05:25:46.474 I/am_uid_stopped( 1508): 10022
12-28 05:25:46.474 I/am_kill ( 1508): [0,16103,com.android.musicfx,905,kill background]
12-28 05:25:46.535 I/am_low_memory( 1508): 35
12-28 05:25:46.635 I/am_pss ( 1508): [4168,10098,com.tencent.tmgp.sgame,1024329728,981139456,14128128,1139863552,0,2,50]
12-28 05:25:46.631 I/auditd ( 0): type=1400 audit(0.0:15286): avc: denied { kill } for comm="swapper/2" capability=5 scontext=u:r:kernel:s0 tcontext=u:r:kernel:s0 tclass=capability permissive=0
12-28 05:25:46.644 I/am_pss ( 1508): [15122,10098,com.tencent.tmgp.sgame:tgaPlugin,60639232,50331648,65536,162365440,0,3,9]
12-28 05:25:47.631 I/auditd ( 0): type=1400 audit(0.0:15287): avc: denied { kill } for comm="swapper/2" capability=5 scontext=u:r:kernel:s0 tcontext=u:r:kernel:s0 tclass=capability permissive=0
12-28 05:25:48.631 I/auditd ( 0): type=1400 audit(0.0:15288): avc: denied { kill } for comm="swapper/2" capability=5 scontext=u:r:kernel:s0 tcontext=u:r:kernel:s0 tclass=capability permissive=0
12-28 05:25:49.631 I/auditd ( 0): type=1400 audit(0.0:15289): avc: denied { kill } for comm="swapper/2" capability=5 scontext=u:r:kernel:s0 tcontext=u:r:kernel:s0 tclass=capability permissive=0
12-28 05:25:50.631 I/auditd ( 0): type=1400 audit(0.0:15290): avc: denied { kill } for comm="swapper/2" capability=5 scontext=u:r:kernel:s0 tcontext=u:r:kernel:s0 tclass=capability permissive=0
12-28 05:25:51.338 I/input_interaction( 1508): Interaction with: 62ea4e0 com.tencent.tmgp.sgame/com.tencent.tmgp.sgame.SGameActivity (server), edge-swipe (server), swipe-up (server), PointerEventDispatcher0 (server),
12-28 05:25:51.540 I/force_gc( 2594): mem
12-28 05:25:52.220 I/wm_task_moved( 1508): [1,0,0]
12-28 05:25:52.221 I/wm_task_moved( 1508): [1,0,5]
12-28 05:25:52.231 I/wm_on_restart_called( 2857): [186653412,com.android.launcher3.uioverrides.QuickstepLauncher,performRestartActivity]
12-28 05:25:52.247 I/wm_on_start_called( 2857): [186653412,com.android.launcher3.uioverrides.QuickstepLauncher,handleStartActivity]
12-28 05:25:52.250 I/view_enqueue_input_event( 4168): [Motion - Cancel,com.tencent.tmgp.sgame/com.tencent.tmgp.sgame.SGameActivity]
12-28 05:25:52.253 I/input_focus( 1508): [Focus request recents_animation_input_consumer,reason=UpdateInputWindows]
12-28 05:25:52.257 I/input_interaction( 1508): Interaction with: edge-swipe (server), swipe-up (server), PointerEventDispatcher0 (server),
12-28 05:25:52.273 I/sysui_latency( 2857): [1,70]
12-28 05:25:52.282 I/input_focus( 1508): [Focus leaving 62ea4e0 com.tencent.tmgp.sgame/com.tencent.tmgp.sgame.SGameActivity (server),reason=NOT_FOCUSABLE]
12-28 05:25:52.282 I/input_focus( 1508): [Focus entering recents_animation_input_consumer (server),reason=setFocusedWindow]
12-28 05:25:52.291 I/sysui_multi_action( 1508): [319,11,322,63,325,13666,757,761,758,9,759,5,806,com.android.launcher3,871,com.android.launcher3.uioverrides.QuickstepLauncher,905,0,1320,4,1321,1]
12-28 05:25:52.447 I/commit_sys_config_file( 1508): [settings-1-0,3]
12-28 05:25:52.584 I/sysui_latency( 1508): [8,76]
12-28 05:25:52.756 I/commit_sys_config_file( 1508): [settings-1-0,5]
12-28 05:25:53.088 I/wm_task_moved( 1508): [1,1,6]
12-28 05:25:53.089 I/wm_on_top_resumed_lost_called( 4168): [159006092,com.tencent.tmgp.sgame.SGameActivity,topStateChangedWhenResumed]
12-28 05:25:53.089 I/wm_task_moved( 1508): [10,1,2147483647]
12-28 05:25:53.089 I/wm_task_to_front( 1508): [0,10]
12-28 05:25:53.089 I/wm_focused_root_task( 1508): [0,0,1,40,RecentsAnimation.onAnimationFinished()]
12-28 05:25:53.090 I/wm_set_resumed_activity( 1508): [0,com.android.launcher3/.uioverrides.QuickstepLauncher,RecentsAnimation.onAnimationFinished()]
12-28 05:25:53.097 I/wm_pause_activity( 1508): [0,159006092,com.tencent.tmgp.sgame/.SGameActivity,userLeaving=true,pauseBackTasks]
12-28 05:25:53.098 I/wm_add_to_stopping( 1508): [0,159006092,com.tencent.tmgp.sgame/.SGameActivity,makeInvisible]
12-28 05:25:53.099 I/wm_set_resumed_activity( 1508): [0,com.android.launcher3/.uioverrides.QuickstepLauncher,resumeTopActivityInnerLocked]
12-28 05:25:53.106 I/wm_resume_activity( 1508): [0,186653412,10,com.android.launcher3/.uioverrides.QuickstepLauncher]
12-28 05:25:53.107 I/wm_on_resume_called( 2857): [186653412,com.android.launcher3.uioverrides.QuickstepLauncher,RESUME_ACTIVITY]
12-28 05:25:53.112 I/input_focus( 1508): [Focus request 2711ce0 com.android.launcher3/com.android.launcher3.uioverrides.QuickstepLauncher,reason=UpdateInputWindows]
12-28 05:25:53.118 I/input_focus( 1508): [Focus leaving recents_animation_input_consumer (server),reason=NOT_VISIBLE]
12-28 05:25:53.123 I/wm_on_top_resumed_gained_called( 2857): [186653412,com.android.launcher3.uioverrides.QuickstepLauncher,topStateChangedWhenResumed]
12-28 05:25:53.125 I/wm_stop_activity( 1508): [0,159006092,com.tencent.tmgp.sgame/.SGameActivity]
12-28 05:25:53.128 I/sysui_multi_action( 1508): [757,803,799,window_time_0,802,49]
12-28 05:25:53.129 I/sysui_multi_action( 1508): [757,803,799,window_time_0,802,0]
12-28 05:25:53.129 I/am_uid_running( 1508): 10030
12-28 05:25:53.130 I/am_uid_running( 1508): 10084
12-28 05:25:53.130 I/am_uid_running( 1508): 10069
12-28 05:25:53.131 I/am_uid_running( 1508): 10067
12-28 05:25:53.132 I/am_uid_running( 1508): 10064
12-28 05:25:53.136 I/input_focus( 1508): [Focus entering 2711ce0 com.android.launcher3/com.android.launcher3.uioverrides.QuickstepLauncher (server),reason=setFocusedWindow]
12-28 05:25:53.142 I/am_proc_start( 1508): [0,17099,10030,com.microsoft.emmx,NULL,]
12-28 05:25:53.152 I/am_proc_start( 1508): [0,17100,10084,com.android.music,NULL,]
12-28 05:25:53.162 I/am_proc_start( 1508): [0,17114,10069,com.android.gallery3d,NULL,]
12-28 05:25:53.166 I/am_proc_bound( 1508): [0,17099,com.microsoft.emmx]
12-28 05:25:53.170 I/am_proc_start( 1508): [0,17127,10067,com.android.deskclock,NULL,]
12-28 05:25:53.180 I/am_proc_bound( 1508): [0,17100,com.android.music]
12-28 05:25:53.185 I/am_proc_start( 1508): [0,17153,10064,com.android.calendar,NULL,]
12-28 05:25:53.186 I/am_proc_bound( 1508): [0,17114,com.android.gallery3d]
12-28 05:25:53.192 I/am_proc_bound( 1508): [0,17127,com.android.deskclock]
12-28 05:25:53.208 I/am_proc_bound( 1508): [0,17153,com.android.calendar]
12-28 05:25:53.422 I/commit_sys_config_file( 1508): [settings-1-0,2]
12-28 05:25:53.569 I/wm_on_paused_called( 4168): [159006092,com.tencent.tmgp.sgame.SGameActivity,performPause]
12-28 05:25:53.575 I/wm_on_stop_called( 4168): [159006092,com.tencent.tmgp.sgame.SGameActivity,STOP_ACTIVITY_ITEM]
12-28 05:25:53.631 I/auditd ( 0): type=1400 audit(0.0:15291): avc: denied { kill } for comm="swapper/1" capability=5 scontext=u:r:kernel:s0 tcontext=u:r:kernel:s0 tclass=capability permissive=0
12-28 05:25:54.486 I/am_uid_running( 1508): 10093
12-28 05:25:54.496 I/am_proc_start( 1508): [0,17222,10093,com.android.permissioncontroller,service,{com.android.permissioncontroller/com.android.permissioncontroller.role.service.RoleControllerServiceImpl}]
12-28 05:25:54.520 I/am_proc_bound( 1508): [0,17222,com.android.permissioncontroller]
12-28 05:25:54.523 I/am_uid_active( 1508): 10093
12-28 05:25:54.631 I/auditd ( 0): type=1400 audit(0.0:15292): avc: denied { kill } for comm="swapper/1" capability=5 scontext=u:r:kernel:s0 tcontext=u:r:kernel:s0 tclass=capability permissive=0
12-28 05:25:56.631 I/auditd ( 0): type=1400 audit(0.0:15293): avc: denied { kill } for comm="swapper/1" capability=5 scontext=u:r:kernel:s0 tcontext=u:r:kernel:s0 tclass=capability permissive=0
12-28 05:25:57.534 I/sysui_multi_action( 1508): [757,1717,758,1,759,0]
12-28 05:25:57.534 I/sysui_multi_action( 1508): [757,1717,758,2,759,0]
12-28 05:25:57.535 I/sysui_multi_action( 1508): [757,1717,758,3,759,0]
12-28 05:25:57.631 I/auditd ( 0): type=1400 audit(0.0:15294): avc: denied { kill } for comm="swapper/1" capability=5 scontext=u:r:kernel:s0 tcontext=u:r:kernel:s0 tclass=capability permissive=0
12-28 05:25:58.631 I/auditd ( 0): type=1400 audit(0.0:15295): avc: denied { kill } for comm="swapper/1" capability=5 scontext=u:r:kernel:s0 tcontext=u:r:kernel:s0 tclass=capability permissive=0
12-28 05:25:59.485 I/sqlite_mem_released( 2611): 0
12-28 05:25:59.485 I/force_gc( 2611): mem
12-28 05:25:59.631 I/auditd ( 0): type=1400 audit(0.0:15296): avc: denied { kill } for comm="swapper/1" capability=5 scontext=u:r:kernel:s0 tcontext=u:r:kernel:s0 tclass=capability permissive=0
12-28 05:26:00.631 I/auditd (29008): type=1400 audit(0.0:15297): avc: denied { kill } for comm="kworker/u17:2" capability=5 scontext=u:r:kernel:s0 tcontext=u:r:kernel:s0 tclass=capability permissive=0
12-28 05:26:01.631 I/auditd ( 0): type=1400 audit(0.0:15298): avc: denied { kill } for comm="swapper/1" capability=5 scontext=u:r:kernel:s0 tcontext=u:r:kernel:s0 tclass=capability permissive=0
12-28 05:26:03.526 I/commit_sys_config_file( 1508): [package-user-0,9]
12-28 05:26:03.631 I/auditd ( 0): type=1400 audit(0.0:15299): avc: denied { kill } for comm="swapper/1" capability=5 scontext=u:r:kernel:s0 tcontext=u:r:kernel:s0 tclass=capability permissive=0
12-28 05:26:05.005 I/sqlite_mem_released( 2602): 0
12-28 05:26:05.005 I/force_gc( 2602): mem
12-28 05:26:05.631 I/auditd ( 0): type=1400 audit(0.0:15300): avc: denied { kill } for comm="swapper/1" capability=5 scontext=u:r:kernel:s0 tcontext=u:r:kernel:s0 tclass=capability permissive=0
12-28 05:26:06.631 I/auditd ( 0): type=1400 audit(0.0:15301): avc: denied { kill } for comm="swapper/1" capability=5 scontext=u:r:kernel:s0 tcontext=u:r:kernel:s0 tclass=capability permissive=0
12-28 05:26:07.631 I/auditd ( 0): type=1400 audit(0.0:15302): avc: denied { kill } for comm="swapper/1" capability=5 scontext=u:r:kernel:s0 tcontext=u:r:kernel:s0 tclass=capability permissive=0
12-28 05:26:08.631 I/auditd (25926): type=1400 audit(0.0:15303): avc: denied { kill } for comm="kworker/u16:11" capability=5 scontext=u:r:kernel:s0 tcontext=u:r:kernel:s0 tclass=capability permissive=0
12-28 05:26:10.009 I/force_gc( 2622): mem
12-28 05:26:10.631 I/auditd ( 0): type=1400 audit(0.0:15304): avc: denied { kill } for comm="swapper/1" capability=5 scontext=u:r:kernel:s0 tcontext=u:r:kernel:s0 tclass=capability permissive=0
12-28 05:26:11.631 I/auditd (25926): type=1400 audit(0.0:15305): avc: denied { kill } for comm="kworker/u16:11" capability=5 scontext=u:r:kernel:s0 tcontext=u:r:kernel:s0 tclass=capability permissive=0
12-28 05:26:12.631 I/auditd ( 0): type=1400 audit(0.0:15306): avc: denied { kill } for comm="swapper/1" capability=5 scontext=u:r:kernel:s0 tcontext=u:r:kernel:s0 tclass=capability permissive=0
12-28 05:26:13.631 I/auditd ( 0): type=1400 audit(0.0:15307): avc: denied { kill } for comm="swapper/1" capability=5 scontext=u:r:kernel:s0 tcontext=u:r:kernel:s0 tclass=capability permissive=0
12-28 05:26:14.631 I/auditd ( 0): type=1400 audit(0.0:15308): avc: denied { kill } for comm="swapper/1" capability=5 scontext=u:r:kernel:s0 tcontext=u:r:kernel:s0 tclass=capability permissive=0
12-28 05:26:15.014 I/force_gc( 2625): mem
12-28 05:26:15.631 I/auditd ( 0): type=1400 audit(0.0:15309): avc: denied { kill } for comm="swapper/1" capability=5 scontext=u:r:kernel:s0 tcontext=u:r:kernel:s0 tclass=capability permissive=0
12-28 05:26:16.631 I/auditd ( 0): type=1400 audit(0.0:15310): avc: denied { kill } for comm="swapper/1" capability=5 scontext=u:r:kernel:s0 tcontext=u:r:kernel:s0 tclass=capability permissive=0
12-28 05:26:17.631 I/auditd ( 0): type=1400 audit(0.0:15311): avc: denied { kill } for comm="swapper/1" capability=5 scontext=u:r:kernel:s0 tcontext=u:r:kernel:s0 tclass=capability permissive=0
12-28 05:26:18.631 I/auditd ( 0): type=1400 audit(0.0:15312): avc: denied { kill } for comm="swapper/1" capability=5 scontext=u:r:kernel:s0 tcontext=u:r:kernel:s0 tclass=capability permissive=0
12-28 05:26:19.631 I/auditd ( 0): type=1400 audit(0.0:15313): avc: denied { kill } for comm="swapper/1" capability=5 scontext=u:r:kernel:s0 tcontext=u:r:kernel:s0 tclass=capability permissive=0
12-28 05:26:20.017 I/force_gc( 2629): mem
12-28 05:26:20.341 I/netstats_mobile_sample( 1508): [0,0,0,0,0,0,0,0,0,0,0,0,1672176380341]
12-28 05:26:20.341 I/netstats_wifi_sample( 1508): [6505680266,4890712,70343728,951145,6505680266,4890712,70343728,951145,6510933001,4943197,59270628,924678,1672176380341]
12-28 05:26:20.631 I/auditd ( 0): type=1400 audit(0.0:15314): avc: denied { kill } for comm="swapper/1" capability=5 scontext=u:r:kernel:s0 tcontext=u:r:kernel:s0 tclass=capability permissive=0
12-28 05:26:21.631 I/auditd ( 0): type=1400 audit(0.0:15315): avc: denied { kill } for comm="swapper/1" capability=5 scontext=u:r:kernel:s0 tcontext=u:r:kernel:s0 tclass=capability permissive=0
12-28 05:26:22.631 I/auditd ( 0): type=1400 audit(0.0:15316): avc: denied { kill } for comm="swapper/1" capability=5 scontext=u:r:kernel:s0 tcontext=u:r:kernel:s0 tclass=capability permissive=0
12-28 05:26:23.631 I/auditd ( 0): type=1400 audit(0.0:15317): avc: denied { kill } for comm="swapper/1" capability=5 scontext=u:r:kernel:s0 tcontext=u:r:kernel:s0 tclass=capability permissive=0
12-28 05:26:24.631 I/auditd ( 0): type=1400 audit(0.0:15318): avc: denied { kill } for comm="swapper/1" capability=5 scontext=u:r:kernel:s0 tcontext=u:r:kernel:s0 tclass=capability permissive=0
12-28 05:26:25.346 I/force_gc( 2664): mem
12-28 05:26:25.631 I/auditd ( 0): type=1400 audit(0.0:15319): avc: denied { kill } for comm="swapper/1" capability=5 scontext=u:r:kernel:s0 tcontext=u:r:kernel:s0 tclass=capability permissive=0
12-28 05:26:26.631 I/auditd ( 0): type=1400 audit(0.0:15320): avc: denied { kill } for comm="swapper/1" capability=5 scontext=u:r:kernel:s0 tcontext=u:r:kernel:s0 tclass=capability permissive=0
12-28 05:26:27.631 I/auditd ( 0): type=1400 audit(0.0:15321): avc: denied { kill } for comm="swapper/1" capability=5 scontext=u:r:kernel:s0 tcontext=u:r:kernel:s0 tclass=capability permissive=0
12-28 05:26:28.631 I/auditd ( 0): type=1400 audit(0.0:15322): avc: denied { kill } for comm="swapper/1" capability=5 scontext=u:r:kernel:s0 tcontext=u:r:kernel:s0 tclass=capability permissive=0
12-28 05:26:29.631 I/auditd ( 0): type=1400 audit(0.0:15323): avc: denied { kill } for comm="swapper/1" capability=5 scontext=u:r:kernel:s0 tcontext=u:r:kernel:s0 tclass=capability permissive=0
12-28 05:26:30.348 I/sqlite_mem_released( 2690): 0
12-28 05:26:30.348 I/force_gc( 2690): mem
12-28 05:26:30.464 I/am_uid_running( 1508): 10097
12-28 05:26:30.477 I/am_proc_start( 1508): [0,17587,10097,com.tencent.mm:push,service,{com.tencent.mm/com.tencent.mm.booter.CoreService}]
12-28 05:26:30.499 I/am_proc_bound( 1508): [0,17587,com.tencent.mm:push]
12-28 05:26:30.631 I/auditd ( 0): type=1400 audit(0.0:15324): avc: denied { kill } for comm="swapper/1" capability=5 scontext=u:r:kernel:s0 tcontext=u:r:kernel:s0 tclass=capability permissive=0
12-28 05:26:31.631 I/auditd ( 0): type=1400 audit(0.0:15325): avc: denied { kill } for comm="swapper/1" capability=5 scontext=u:r:kernel:s0 tcontext=u:r:kernel:s0 tclass=capability permissive=0
12-28 05:26:32.067 I/auditd (17587): type=1400 audit(0.0:15326): avc: denied { read } for comm="tencent.mm:push" name="anr" dev="dm-10" ino=34 scontext=u:r:untrusted_app_29:s0:c97,c256,c512,c768 tcontext=u:object_r:anr_data_file:s0 tclass=dir permissive=0 app=com.tencent.mm
12-28 05:26:32.939 I/auditd (17587): type=1400 audit(0.0:15327): avc: granted { execute } for comm="parallels-0" path="/data/user/0/com.tencent.mm/tinker/patch-8b9b3bb1/lib/lib/arm64-v8a/libWeEffect.so" dev="dm-10" ino=12692 scontext=u:r:untrusted_app_29:s0:c97,c256,c512,c768 tcontext=u:object_r:app_data_file:s0:c97,c256,c512,c768 tclass=file app=com.tencent.mm
12-28 05:26:32.939 I/auditd (17587): type=1400 audit(0.0:15328): avc: granted { execute } for comm="parallels-0" path="/data/user/0/com.tencent.mm/tinker/patch-8b9b3bb1/lib/lib/arm64-v8a/libxlabeffect.so" dev="dm-10" ino=12694 scontext=u:r:untrusted_app_29:s0:c97,c256,c512,c768 tcontext=u:object_r:app_data_file:s0:c97,c256,c512,c768 tclass=file app=com.tencent.mm
12-28 05:26:32.939 I/auditd (17587): type=1400 audit(0.0:15329): avc: granted { execute } for comm="parallels-0" path="/data/user/0/com.tencent.mm/tinker/patch-8b9b3bb1/lib/lib/arm64-v8a/libWeVision.so" dev="dm-10" ino=12691 scontext=u:r:untrusted_app_29:s0:c97,c256,c512,c768 tcontext=u:object_r:app_data_file:s0:c97,c256,c512,c768 tclass=file app=com.tencent.mm
12-28 05:26:33.055 I/auditd (17587): type=1400 audit(0.0:15330): avc: granted { execute } for comm="parallels-0" path="/data/user/0/com.tencent.mm/tinker/patch-8b9b3bb1/lib/lib/arm64-v8a/libxeffect_xlog.so" dev="dm-10" ino=12926 scontext=u:r:untrusted_app_29:s0:c97,c256,c512,c768 tcontext=u:object_r:app_data_file:s0:c97,c256,c512,c768 tclass=file app=com.tencent.mm
12-28 05:26:33.076 I/netstats_mobile_sample( 1508): [0,0,0,0,0,0,0,0,0,0,0,0,1672176393076]
12-28 05:26:33.076 I/netstats_wifi_sample( 1508): [6505724069,4890816,70390493,951255,6505724069,4890816,70390493,951255,6510992508,4943402,59294305,924734,1672176393076]
12-28 05:26:33.199 I/auditd (17587): type=1400 audit(0.0:15331): avc: denied { read } for comm="mars::17734" name="route" dev="proc" ino=4026532257 scontext=u:r:untrusted_app_29:s0:c97,c256,c512,c768 tcontext=u:object_r:proc_net:s0 tclass=file permissive=0 app=com.tencent.mm
12-28 05:26:33.219 I/auditd (17736): type=1400 audit(0.0:15332): avc: granted { bind } for comm="ip" scontext=u:r:untrusted_app_29:s0:c97,c256,c512,c768 tcontext=u:r:untrusted_app_29:s0:c97,c256,c512,c768 tclass=netlink_route_socket app=com.tencent.mm
12-28 05:26:33.227 I/auditd (17587): type=1400 audit(0.0:15333): avc: granted { nlmsg_readpriv } for comm="mars::17734" scontext=u:r:untrusted_app_29:s0:c97,c256,c512,c768 tcontext=u:r:untrusted_app_29:s0:c97,c256,c512,c768 tclass=netlink_route_socket app=com.tencent.mm
12-28 05:26:33.294 I/am_proc_start( 1508): [0,17763,10097,com.tencent.mm,broadcast,{com.tencent.mm/com.tencent.mm.booter.NotifyReceiver}]
12-28 05:26:33.320 I/am_proc_bound( 1508): [0,17763,com.tencent.mm]
12-28 05:26:34.929 I/am_wtf ( 1508): [0,17763,com.tencent.mm,949501508,FirebaseApp,Remote stack trace:
12-28 05:26:34.929 I/am_wtf ( 1508): at com.android.server.content.ContentService.registerContentObserver(ContentService.java:357)
12-28 05:26:34.929 I/am_wtf ( 1508): at android.content.IContentService$Stub.onTransact(IContentService.java:484)
12-28 05:26:34.929 I/am_wtf ( 1508): at android.os.Binder.execTransactInternal(Binder.java:1179)
12-28 05:26:34.929 I/am_wtf ( 1508): at android.os.Binder.execTransact(Binder.java:1143)
12-28 05:26:34.929 I/am_wtf ( 1508): ]
12-28 05:26:35.419 I/auditd (17587): type=1400 audit(0.0:15343): avc: denied { read } for comm="mars::17781" name="route" dev="proc" ino=4026532257 scontext=u:r:untrusted_app_29:s0:c97,c256,c512,c768 tcontext=u:object_r:proc_net:s0 tclass=file permissive=0 app=com.tencent.mm
12-28 05:26:35.419 I/auditd (17587): type=1400 audit(0.0:15344): avc: granted { nlmsg_readpriv } for comm="mars::17781" scontext=u:r:untrusted_app_29:s0:c97,c256,c512,c768 tcontext=u:r:untrusted_app_29:s0:c97,c256,c512,c768 tclass=netlink_route_socket app=com.tencent.mm
12-28 05:26:35.419 I/auditd (17587): type=1400 audit(0.0:15345): avc: granted { nlmsg_readpriv } for comm="mars::17781" scontext=u:r:untrusted_app_29:s0:c97,c256,c512,c768 tcontext=u:r:untrusted_app_29:s0:c97,c256,c512,c768 tclass=netlink_route_socket app=com.tencent.mm
12-28 05:26:35.439 I/auditd (17874): type=1400 audit(0.0:15346): avc: granted { bind } for comm="ip" scontext=u:r:untrusted_app_29:s0:c97,c256,c512,c768 tcontext=u:r:untrusted_app_29:s0:c97,c256,c512,c768 tclass=netlink_route_socket app=com.tencent.mm
12-28 05:26:35.599 I/auditd (17763): type=1400 audit(0.0:15347): avc: denied { read } for comm="parallels-0" name="u:object_r:qemu_hw_prop:s0" dev="tmpfs" ino=3313 scontext=u:r:untrusted_app_29:s0:c97,c256,c512,c768 tcontext=u:object_r:qemu_hw_prop:s0 tclass=file permissive=0 app=com.tencent.mm
12-28 05:26:36.976 I/commit_sys_config_file( 1508): [notification-policy,13687894]
12-28 05:26:37.635 I/auditd ( 0): type=1400 audit(0.0:15348): avc: denied { kill } for comm="swapper/4" capability=5 scontext=u:r:kernel:s0 tcontext=u:r:kernel:s0 tclass=capability permissive=0
12-28 05:26:37.903 I/auditd (17763): type=1400 audit(0.0:15349): avc: granted { execute } for comm="parallels-0" path="/data/user/0/com.tencent.mm/tinker/patch-8b9b3bb1/lib/lib/arm64-v8a/libWeEffect.so" dev="dm-10" ino=12692 scontext=u:r:untrusted_app_29:s0:c97,c256,c512,c768 tcontext=u:object_r:app_data_file:s0:c97,c256,c512,c768 tclass=file app=com.tencent.mm
12-28 05:26:37.903 I/auditd (17763): type=1400 audit(0.0:15350): avc: granted { execute } for comm="parallels-0" path="/data/user/0/com.tencent.mm/tinker/patch-8b9b3bb1/lib/lib/arm64-v8a/libxlabeffect.so" dev="dm-10" ino=12694 scontext=u:r:untrusted_app_29:s0:c97,c256,c512,c768 tcontext=u:object_r:app_data_file:s0:c97,c256,c512,c768 tclass=file app=com.tencent.mm
12-28 05:26:37.903 I/auditd (17763): type=1400 audit(0.0:15351): avc: granted { execute } for comm="parallels-0" path="/data/user/0/com.tencent.mm/tinker/patch-8b9b3bb1/lib/lib/arm64-v8a/libWeVision.so" dev="dm-10" ino=12691 scontext=u:r:untrusted_app_29:s0:c97,c256,c512,c768 tcontext=u:object_r:app_data_file:s0:c97,c256,c512,c768 tclass=file app=com.tencent.mm
12-28 05:26:37.942 I/service_manager_stats( 1508): [100,46,94100]
12-28 05:26:38.055 I/auditd (17763): type=1400 audit(0.0:15352): avc: granted { execute } for comm="flutter-worker-" path="/data/user/0/com.tencent.mm/tinker/patch-8b9b3bb1/lib/lib/arm64-v8a/libflutter.so" dev="dm-10" ino=12488 scontext=u:r:untrusted_app_29:s0:c97,c256,c512,c768 tcontext=u:object_r:app_data_file:s0:c97,c256,c512,c768 tclass=file app=com.tencent.mm
12-28 05:26:39.631 I/auditd ( 0): type=1400 audit(0.0:15355): avc: denied { kill } for comm="swapper/4" capability=5 scontext=u:r:kernel:s0 tcontext=u:r:kernel:s0 tclass=capability permissive=0
12-28 05:26:39.755 I/sysui_multi_action( 1508): [757,1717,758,1,759,0]
12-28 05:26:39.755 I/sysui_multi_action( 1508): [757,1717,758,2,759,0]
12-28 05:26:39.757 I/sysui_multi_action( 1508): [757,1717,758,3,759,0]
12-28 05:26:40.151 I/auditd (17587): type=1400 audit(0.0:15356): avc: denied { read } for comm="mars::17734" name="route" dev="proc" ino=4026532257 scontext=u:r:untrusted_app_29:s0:c97,c256,c512,c768 tcontext=u:object_r:proc_net:s0 tclass=file permissive=0 app=com.tencent.mm
12-28 05:26:40.151 I/auditd (17587): type=1400 audit(0.0:15357): avc: granted { nlmsg_readpriv } for comm="mars::17734" scontext=u:r:untrusted_app_29:s0:c97,c256,c512,c768 tcontext=u:r:untrusted_app_29:s0:c97,c256,c512,c768 tclass=netlink_route_socket app=com.tencent.mm
12-28 05:26:40.151 I/auditd (17587): type=1400 audit(0.0:15358): avc: granted { nlmsg_readpriv } for comm="mars::17734" scontext=u:r:untrusted_app_29:s0:c97,c256,c512,c768 tcontext=u:r:untrusted_app_29:s0:c97,c256,c512,c768 tclass=netlink_route_socket app=com.tencent.mm
12-28 05:26:40.227 I/auditd (18028): type=1400 audit(0.0:15359): avc: granted { bind } for comm="ip" scontext=u:r:untrusted_app_29:s0:c97,c256,c512,c768 tcontext=u:r:untrusted_app_29:s0:c97,c256,c512,c768 tclass=netlink_route_socket app=com.tencent.mm
12-28 05:26:41.083 I/auditd (18056): type=1400 audit(0.0:15373): avc: granted { bind } for comm="ip" scontext=u:r:untrusted_app_29:s0:c97,c256,c512,c768 tcontext=u:r:untrusted_app_29:s0:c97,c256,c512,c768 tclass=netlink_route_socket app=com.tencent.mm
12-28 05:26:41.087 I/auditd (17763): type=1400 audit(0.0:15374): avc: denied { read } for comm="Binder:17763_1" name="route" dev="proc" ino=4026532257 scontext=u:r:untrusted_app_29:s0:c97,c256,c512,c768 tcontext=u:object_r:proc_net:s0 tclass=file permissive=0 app=com.tencent.mm
12-28 05:26:41.111 I/auditd (17763): type=1400 audit(0.0:15375): avc: denied { read } for comm="Binder:17763_1" name="version" dev="proc" ino=4026532247 scontext=u:r:untrusted_app_29:s0:c97,c256,c512,c768 tcontext=u:object_r:proc_version:s0 tclass=file permissive=0 app=com.tencent.mm
12-28 05:26:41.319 I/auditd (17763): type=1400 audit(0.0:15376): avc: denied { getattr } for comm="Binder:17763_1" path="/proc/17763/net/dev" dev="proc" ino=4026532156 scontext=u:r:untrusted_app_29:s0:c97,c256,c512,c768 tcontext=u:object_r:proc_net:s0 tclass=file permissive=0 app=com.tencent.mm
12-28 05:26:41.635 I/auditd ( 0): type=1400 audit(0.0:15377): avc: denied { kill } for comm="swapper/4" capability=5 scontext=u:r:kernel:s0 tcontext=u:r:kernel:s0 tclass=capability permissive=0
12-28 05:26:42.467 I/auditd (17587): type=1400 audit(0.0:15379): avc: denied { read } for comm="mars::17734" name="route" dev="proc" ino=4026532257 scontext=u:r:untrusted_app_29:s0:c97,c256,c512,c768 tcontext=u:object_r:proc_net:s0 tclass=file permissive=0 app=com.tencent.mm
12-28 05:26:42.471 I/auditd (17587): type=1400 audit(0.0:15380): avc: granted { nlmsg_readpriv } for comm="mars::17734" scontext=u:r:untrusted_app_29:s0:c97,c256,c512,c768 tcontext=u:r:untrusted_app_29:s0:c97,c256,c512,c768 tclass=netlink_route_socket app=com.tencent.mm
12-28 05:26:42.471 I/auditd (17587): type=1400 audit(0.0:15381): avc: granted { nlmsg_readpriv } for comm="mars::17734" scontext=u:r:untrusted_app_29:s0:c97,c256,c512,c768 tcontext=u:r:untrusted_app_29:s0:c97,c256,c512,c768 tclass=netlink_route_socket app=com.tencent.mm
12-28 05:26:42.495 I/auditd (18094): type=1400 audit(0.0:15382): avc: granted { bind } for comm="ip" scontext=u:r:untrusted_app_29:s0:c97,c256,c512,c768 tcontext=u:r:untrusted_app_29:s0:c97,c256,c512,c768 tclass=netlink_route_socket app=com.tencent.mm
12-28 05:26:42.626 I/auditd ( 500): avc: denied { find } for pid=17763 uid=10097 name=authentication_service scontext=u:r:untrusted_app_29:s0:c97,c256,c512,c768 tcontext=u:object_r:default_android_service:s0 tclass=service_manager permissive=0
12-28 05:26:42.711 I/auditd (17587): type=1400 audit(0.0:15383): avc: denied { read } for comm="mars::18095" name="route" dev="proc" ino=4026532257 scontext=u:r:untrusted_app_29:s0:c97,c256,c512,c768 tcontext=u:object_r:proc_net:s0 tclass=file permissive=0 app=com.tencent.mm
12-28 05:26:43.631 I/auditd ( 0): type=1400 audit(0.0:15387): avc: denied { kill } for comm="swapper/3" capability=5 scontext=u:r:kernel:s0 tcontext=u:r:kernel:s0 tclass=capability permissive=0
12-28 05:26:44.631 I/auditd ( 0): type=1400 audit(0.0:15388): avc: denied { kill } for comm="swapper/3" capability=5 scontext=u:r:kernel:s0 tcontext=u:r:kernel:s0 tclass=capability permissive=0
12-28 05:26:45.548 I/sysui_multi_action( 1508): [757,1696,758,6,759,2]
12-28 05:26:45.553 I/am_wtf ( 1508): [0,1508,system_server,-1,DisplayDeviceConfig,requesting nits when no mapping exists.]
12-28 05:26:45.555 I/am_wtf ( 1508): [0,1508,system_server,-1,DisplayDeviceConfig,requesting nits when no mapping exists.]
12-28 05:26:45.569 I/am_wtf ( 1508): [0,1508,system_server,-1,DisplayDeviceConfig,requesting nits when no mapping exists.]
12-28 05:26:45.571 I/am_wtf ( 1508): [0,1508,system_server,-1,DisplayDeviceConfig,requesting nits when no mapping exists.]
12-28 05:26:45.586 I/am_wtf ( 1508): [0,1508,system_server,-1,DisplayDeviceConfig,requesting nits when no mapping exists.]
12-28 05:26:45.587 I/am_wtf ( 1508): [0,1508,system_server,-1,DisplayDeviceConfig,requesting nits when no mapping exists.]
12-28 05:26:45.593 I/am_wtf ( 1508): [0,1508,system_server,-1,DisplayDeviceConfig,requesting nits when no mapping exists.]
12-28 05:26:45.593 I/am_wtf ( 1508): [0,1508,system_server,-1,DisplayDeviceConfig,requesting nits when no mapping exists.]
12-28 05:26:45.609 I/am_wtf ( 1508): [0,1508,system_server,-1,DisplayDeviceConfig,requesting nits when no mapping exists.]
12-28 05:26:45.610 I/am_wtf ( 1508): [0,1508,system_server,-1,DisplayDeviceConfig,requesting nits when no mapping exists.]
12-28 05:26:45.626 I/am_wtf ( 1508): [0,1508,system_server,-1,DisplayDeviceConfig,requesting nits when no mapping exists.]
12-28 05:26:45.627 I/am_wtf ( 1508): [0,1508,system_server,-1,DisplayDeviceConfig,requesting nits when no mapping exists.]
12-28 05:26:45.631 I/auditd ( 0): type=1400 audit(0.0:15389): avc: denied { kill } for comm="swapper/3" capability=5 scontext=u:r:kernel:s0 tcontext=u:r:kernel:s0 tclass=capability permissive=0
12-28 05:26:45.647 I/am_wtf ( 1508): [0,1508,system_server,-1,DisplayDeviceConfig,requesting nits when no mapping exists.]
12-28 05:26:45.648 I/am_wtf ( 1508): [0,1508,system_server,-1,DisplayDeviceConfig,requesting nits when no mapping exists.]
12-28 05:26:45.660 I/am_wtf ( 1508): [0,1508,system_server,-1,DisplayDeviceConfig,requesting nits when no mapping exists.]
12-28 05:26:45.661 I/am_wtf ( 1508): [0,1508,system_server,-1,DisplayDeviceConfig,requesting nits when no mapping exists.]
12-28 05:26:45.677 I/am_wtf ( 1508): [0,1508,system_server,-1,DisplayDeviceConfig,requesting nits when no mapping exists.]
12-28 05:26:45.678 I/am_wtf ( 1508): [0,1508,system_server,-1,DisplayDeviceConfig,requesting nits when no mapping exists.]
12-28 05:26:45.693 I/am_wtf ( 1508): [0,1508,system_server,-1,DisplayDeviceConfig,requesting nits when no mapping exists.]
12-28 05:26:45.694 I/am_wtf ( 1508): [0,1508,system_server,-1,DisplayDeviceConfig,requesting nits when no mapping exists.]
12-28 05:26:45.710 I/am_wtf ( 1508): [0,1508,system_server,-1,DisplayDeviceConfig,requesting nits when no mapping exists.]
12-28 05:26:45.711 I/am_wtf ( 1508): [0,1508,system_server,-1,DisplayDeviceConfig,requesting nits when no mapping exists.]
12-28 05:26:45.728 I/am_wtf ( 1508): [0,1508,system_server,-1,DisplayDeviceConfig,requesting nits when no mapping exists.]
12-28 05:26:45.729 I/am_wtf ( 1508): [0,1508,system_server,-1,DisplayDeviceConfig,requesting nits when no mapping exists.]
12-28 05:26:45.744 I/am_wtf ( 1508): [0,1508,system_server,-1,DisplayDeviceConfig,requesting nits when no mapping exists.]
12-28 05:26:45.745 I/am_wtf ( 1508): [0,1508,system_server,-1,DisplayDeviceConfig,requesting nits when no mapping exists.]
12-28 05:26:45.760 I/am_wtf ( 1508): [0,1508,system_server,-1,DisplayDeviceConfig,requesting nits when no mapping exists.]
12-28 05:26:45.761 I/am_wtf ( 1508): [0,1508,system_server,-1,DisplayDeviceConfig,requesting nits when no mapping exists.]
12-28 05:26:45.778 I/am_wtf ( 1508): [0,1508,system_server,-1,DisplayDeviceConfig,requesting nits when no mapping exists.]
12-28 05:26:45.778 I/am_wtf ( 1508): [0,1508,system_server,-1,DisplayDeviceConfig,requesting nits when no mapping exists.]
12-28 05:26:45.794 I/am_wtf ( 1508): [0,1508,system_server,-1,DisplayDeviceConfig,requesting nits when no mapping exists.]
12-28 05:26:45.795 I/am_wtf ( 1508): [0,1508,system_server,-1,DisplayDeviceConfig,requesting nits when no mapping exists.]
12-28 05:26:45.810 I/am_wtf ( 1508): [0,1508,system_server,-1,DisplayDeviceConfig,requesting nits when no mapping exists.]
12-28 05:26:45.811 I/am_wtf ( 1508): [0,1508,system_server,-1,DisplayDeviceConfig,requesting nits when no mapping exists.]
12-28 05:26:45.828 I/am_wtf ( 1508): [0,1508,system_server,-1,DisplayDeviceConfig,requesting nits when no mapping exists.]
12-28 05:26:45.828 I/am_wtf ( 1508): [0,1508,system_server,-1,DisplayDeviceConfig,requesting nits when no mapping exists.]
12-28 05:26:45.845 I/am_wtf ( 1508): [0,1508,system_server,-1,DisplayDeviceConfig,requesting nits when no mapping exists.]
12-28 05:26:45.846 I/am_wtf ( 1508): [0,1508,system_server,-1,DisplayDeviceConfig,requesting nits when no mapping exists.]
12-28 05:26:45.861 I/am_wtf ( 1508): [0,1508,system_server,-1,DisplayDeviceConfig,requesting nits when no mapping exists.]
12-28 05:26:45.862 I/am_wtf ( 1508): [0,1508,system_server,-1,DisplayDeviceConfig,requesting nits when no mapping exists.]
12-28 05:26:45.877 I/am_wtf ( 1508): [0,1508,system_server,-1,DisplayDeviceConfig,requesting nits when no mapping exists.]
12-28 05:26:45.878 I/am_wtf ( 1508): [0,1508,system_server,-1,DisplayDeviceConfig,requesting nits when no mapping exists.]
12-28 05:26:45.894 I/am_wtf ( 1508): [0,1508,system_server,-1,DisplayDeviceConfig,requesting nits when no mapping exists.]
12-28 05:26:45.895 I/am_wtf ( 1508): [0,1508,system_server,-1,DisplayDeviceConfig,requesting nits when no mapping exists.]
12-28 05:26:45.913 I/am_wtf ( 1508): [0,1508,system_server,-1,DisplayDeviceConfig,requesting nits when no mapping exists.]
12-28 05:26:45.914 I/am_wtf ( 1508): [0,1508,system_server,-1,DisplayDeviceConfig,requesting nits when no mapping exists.]
12-28 05:26:45.928 I/am_wtf ( 1508): [0,1508,system_server,-1,DisplayDeviceConfig,requesting nits when no mapping exists.]
12-28 05:26:45.930 I/am_wtf ( 1508): [0,1508,system_server,-1,DisplayDeviceConfig,requesting nits when no mapping exists.]
12-28 05:26:45.945 I/am_wtf ( 1508): [0,1508,system_server,-1,DisplayDeviceConfig,requesting nits when no mapping exists.]
12-28 05:26:45.946 I/am_wtf ( 1508): [0,1508,system_server,-1,DisplayDeviceConfig,requesting nits when no mapping exists.]
12-28 05:26:45.961 I/am_wtf ( 1508): [0,1508,system_server,-1,DisplayDeviceConfig,requesting nits when no mapping exists.]
12-28 05:26:45.963 I/am_wtf ( 1508): [0,1508,system_server,-1,DisplayDeviceConfig,requesting nits when no mapping exists.]
12-28 05:26:45.978 I/am_wtf ( 1508): [0,1508,system_server,-1,DisplayDeviceConfig,requesting nits when no mapping exists.]
12-28 05:26:45.979 I/am_wtf ( 1508): [0,1508,system_server,-1,DisplayDeviceConfig,requesting nits when no mapping exists.]
12-28 05:26:45.994 I/am_wtf ( 1508): [0,1508,system_server,-1,DisplayDeviceConfig,requesting nits when no mapping exists.]
12-28 05:26:45.995 I/am_wtf ( 1508): [0,1508,system_server,-1,DisplayDeviceConfig,requesting nits when no mapping exists.]
12-28 05:26:46.011 I/am_wtf ( 1508): [0,1508,system_server,-1,DisplayDeviceConfig,requesting nits when no mapping exists.]
12-28 05:26:46.012 I/am_wtf ( 1508): [0,1508,system_server,-1,DisplayDeviceConfig,requesting nits when no mapping exists.]
12-28 05:26:46.028 I/am_wtf ( 1508): [0,1508,system_server,-1,DisplayDeviceConfig,requesting nits when no mapping exists.]
12-28 05:26:46.028 I/am_wtf ( 1508): [0,1508,system_server,-1,DisplayDeviceConfig,requesting nits when no mapping exists.]
12-28 05:26:46.044 I/am_wtf ( 1508): [0,1508,system_server,-1,DisplayDeviceConfig,requesting nits when no mapping exists.]
12-28 05:26:46.045 I/am_wtf ( 1508): [0,1508,system_server,-1,DisplayDeviceConfig,requesting nits when no mapping exists.]
12-28 05:26:46.061 I/am_wtf ( 1508): [0,1508,system_server,-1,DisplayDeviceConfig,requesting nits when no mapping exists.]
12-28 05:26:46.061 I/am_wtf ( 1508): [0,1508,system_server,-1,DisplayDeviceConfig,requesting nits when no mapping exists.]
12-28 05:26:46.079 I/am_wtf ( 1508): [0,1508,system_server,-1,DisplayDeviceConfig,requesting nits when no mapping exists.]
12-28 05:26:46.079 I/am_wtf ( 1508): [0,1508,system_server,-1,DisplayDeviceConfig,requesting nits when no mapping exists.]
12-28 05:26:46.095 I/am_wtf ( 1508): [0,1508,system_server,-1,DisplayDeviceConfig,requesting nits when no mapping exists.]
12-28 05:26:46.098 I/am_wtf ( 1508): [0,1508,system_server,-1,DisplayDeviceConfig,requesting nits when no mapping exists.]
12-28 05:26:46.111 I/am_wtf ( 1508): [0,1508,system_server,-1,DisplayDeviceConfig,requesting nits when no mapping exists.]
12-28 05:26:46.111 I/am_wtf ( 1508): [0,1508,system_server,-1,DisplayDeviceConfig,requesting nits when no mapping exists.]
12-28 05:26:46.128 I/am_wtf ( 1508): [0,1508,system_server,-1,DisplayDeviceConfig,requesting nits when no mapping exists.]
12-28 05:26:46.130 I/am_wtf ( 1508): [0,1508,system_server,-1,DisplayDeviceConfig,requesting nits when no mapping exists.]
12-28 05:26:46.145 I/am_wtf ( 1508): [0,1508,system_server,-1,DisplayDeviceConfig,requesting nits when no mapping exists.]
12-28 05:26:46.145 I/am_wtf ( 1508): [0,1508,system_server,-1,DisplayDeviceConfig,requesting nits when no mapping exists.]
12-28 05:26:46.161 I/am_wtf ( 1508): [0,1508,system_server,-1,DisplayDeviceConfig,requesting nits when no mapping exists.]
12-28 05:26:46.162 I/am_wtf ( 1508): [0,1508,system_server,-1,DisplayDeviceConfig,requesting nits when no mapping exists.]
12-28 05:26:46.178 I/am_wtf ( 1508): [0,1508,system_server,-1,DisplayDeviceConfig,requesting nits when no mapping exists.]
12-28 05:26:46.179 I/am_wtf ( 1508): [0,1508,system_server,-1,DisplayDeviceConfig,requesting nits when no mapping exists.]
12-28 05:26:46.196 I/am_wtf ( 1508): [0,1508,system_server,-1,DisplayDeviceConfig,requesting nits when no mapping exists.]
12-28 05:26:46.198 I/am_wtf ( 1508): [0,1508,system_server,-1,DisplayDeviceConfig,requesting nits when no mapping exists.]
12-28 05:26:46.211 I/am_wtf ( 1508): [0,1508,system_server,-1,DisplayDeviceConfig,requesting nits when no mapping exists.]
12-28 05:26:46.212 I/am_wtf ( 1508): [0,1508,system_server,-1,DisplayDeviceConfig,requesting nits when no mapping exists.]
12-28 05:26:46.228 I/am_wtf ( 1508): [0,1508,system_server,-1,DisplayDeviceConfig,requesting nits when no mapping exists.]
12-28 05:26:46.228 I/am_wtf ( 1508): [0,1508,system_server,-1,DisplayDeviceConfig,requesting nits when no mapping exists.]
12-28 05:26:46.245 I/am_wtf ( 1508): [0,1508,system_server,-1,DisplayDeviceConfig,requesting nits when no mapping exists.]
12-28 05:26:46.245 I/am_wtf ( 1508): [0,1508,system_server,-1,DisplayDeviceConfig,requesting nits when no mapping exists.]
12-28 05:26:46.261 I/am_wtf ( 1508): [0,1508,system_server,-1,DisplayDeviceConfig,requesting nits when no mapping exists.]
12-28 05:26:46.261 I/service_manager_stats( 1508): [100,53,8319]
12-28 05:26:46.261 I/am_wtf ( 1508): [0,1508,system_server,-1,DisplayDeviceConfig,requesting nits when no mapping exists.]
12-28 05:26:46.278 I/am_wtf ( 1508): [0,1508,system_server,-1,DisplayDeviceConfig,requesting nits when no mapping exists.]
12-28 05:26:46.278 I/am_wtf ( 1508): [0,1508,system_server,-1,DisplayDeviceConfig,requesting nits when no mapping exists.]
12-28 05:26:46.294 I/am_wtf ( 1508): [0,1508,system_server,-1,DisplayDeviceConfig,requesting nits when no mapping exists.]
12-28 05:26:46.295 I/am_wtf ( 1508): [0,1508,system_server,-1,DisplayDeviceConfig,requesting nits when no mapping exists.]
12-28 05:26:46.312 I/am_wtf ( 1508): [0,1508,system_server,-1,DisplayDeviceConfig,requesting nits when no mapping exists.]
12-28 05:26:46.312 I/am_wtf ( 1508): [0,1508,system_server,-1,DisplayDeviceConfig,requesting nits when no mapping exists.]
12-28 05:26:46.328 I/am_wtf ( 1508): [0,1508,system_server,-1,DisplayDeviceConfig,requesting nits when no mapping exists.]
12-28 05:26:46.329 I/am_wtf ( 1508): [0,1508,system_server,-1,DisplayDeviceConfig,requesting nits when no mapping exists.]
12-28 05:26:46.345 I/am_wtf ( 1508): [0,1508,system_server,-1,DisplayDeviceConfig,requesting nits when no mapping exists.]
12-28 05:26:46.346 I/am_wtf ( 1508): [0,1508,system_server,-1,DisplayDeviceConfig,requesting nits when no mapping exists.]
12-28 05:26:46.363 I/am_wtf ( 1508): [0,1508,system_server,-1,DisplayDeviceConfig,requesting nits when no mapping exists.]
12-28 05:26:46.364 I/am_wtf ( 1508): [0,1508,system_server,-1,DisplayDeviceConfig,requesting nits when no mapping exists.]
12-28 05:26:46.378 I/am_wtf ( 1508): [0,1508,system_server,-1,DisplayDeviceConfig,requesting nits when no mapping exists.]
12-28 05:26:46.379 I/am_wtf ( 1508): [0,1508,system_server,-1,DisplayDeviceConfig,requesting nits when no mapping exists.]
12-28 05:26:46.395 I/am_wtf ( 1508): [0,1508,system_server,-1,DisplayDeviceConfig,requesting nits when no mapping exists.]
12-28 05:26:46.396 I/am_wtf ( 1508): [0,1508,system_server,-1,DisplayDeviceConfig,requesting nits when no mapping exists.]
12-28 05:26:46.412 I/am_wtf ( 1508): [0,1508,system_server,-1,DisplayDeviceConfig,requesting nits when no mapping exists.]
12-28 05:26:46.413 I/am_wtf ( 1508): [0,1508,system_server,-1,DisplayDeviceConfig,requesting nits when no mapping exists.]
12-28 05:26:46.429 I/am_wtf ( 1508): [0,1508,system_server,-1,DisplayDeviceConfig,requesting nits when no mapping exists.]
12-28 05:26:46.429 I/am_wtf ( 1508): [0,1508,system_server,-1,DisplayDeviceConfig,requesting nits when no mapping exists.]
12-28 05:26:46.445 I/am_wtf ( 1508): [0,1508,system_server,-1,DisplayDeviceConfig,requesting nits when no mapping exists.]
12-28 05:26:46.447 I/am_wtf ( 1508): [0,1508,system_server,-1,DisplayDeviceConfig,requesting nits when no mapping exists.]
12-28 05:26:46.462 I/am_wtf ( 1508): [0,1508,system_server,-1,DisplayDeviceConfig,requesting nits when no mapping exists.]
12-28 05:26:46.463 I/am_wtf ( 1508): [0,1508,system_server,-1,DisplayDeviceConfig,requesting nits when no mapping exists.]
12-28 05:26:46.479 I/am_wtf ( 1508): [0,1508,system_server,-1,DisplayDeviceConfig,requesting nits when no mapping exists.]
12-28 05:26:46.480 I/am_wtf ( 1508): [0,1508,system_server,-1,DisplayDeviceConfig,requesting nits when no mapping exists.]
12-28 05:26:46.495 I/am_wtf ( 1508): [0,1508,system_server,-1,DisplayDeviceConfig,requesting nits when no mapping exists.]
12-28 05:26:46.496 I/am_wtf ( 1508): [0,1508,system_server,-1,DisplayDeviceConfig,requesting nits when no mapping exists.]
12-28 05:26:46.512 I/am_wtf ( 1508): [0,1508,system_server,-1,DisplayDeviceConfig,requesting nits when no mapping exists.]
12-28 05:26:46.512 I/am_wtf ( 1508): [0,1508,system_server,-1,DisplayDeviceConfig,requesting nits when no mapping exists.]
12-28 05:26:46.627 I/auditd (17763): type=1400 audit(0.0:15390): avc: denied { read } for comm="mars::17892" name="u:object_r:serialno_prop:s0" dev="tmpfs" ino=3325 scontext=u:r:untrusted_app_29:s0:c97,c256,c512,c768 tcontext=u:object_r:serialno_prop:s0 tclass=file permissive=0 app=com.tencent.mm
12-28 05:26:46.627 I/auditd (17763): type=1400 audit(0.0:15391): avc: denied { read } for comm="mars::17892" name="u:object_r:serialno_prop:s0" dev="tmpfs" ino=3325 scontext=u:r:untrusted_app_29:s0:c97,c256,c512,c768 tcontext=u:object_r:serialno_prop:s0 tclass=file permissive=0 app=com.tencent.mm
12-28 05:26:46.631 I/auditd (17763): type=1400 audit(0.0:15392): avc: denied { read } for comm="mars::17892" name="u:object_r:serialno_prop:s0" dev="tmpfs" ino=3325 scontext=u:r:untrusted_app_29:s0:c97,c256,c512,c768 tcontext=u:object_r:serialno_prop:s0 tclass=file permissive=0 app=com.tencent.mm
12-28 05:26:46.635 I/auditd (17763): type=1400 audit(0.0:15393): avc: denied { read } for comm="mars::17892" name="u:object_r:serialno_prop:s0" dev="tmpfs" ino=3325 scontext=u:r:untrusted_app_29:s0:c97,c256,c512,c768 tcontext=u:object_r:serialno_prop:s0 tclass=file permissive=0 app=com.tencent.mm
12-28 05:26:46.635 I/auditd (17763): type=1400 audit(0.0:15394): avc: denied { read } for comm="mars::17892" name="u:object_r:serialno_prop:s0" dev="tmpfs" ino=3325 scontext=u:r:untrusted_app_29:s0:c97,c256,c512,c768 tcontext=u:object_r:serialno_prop:s0 tclass=file permissive=0 app=com.tencent.mm
12-28 05:26:46.639 I/auditd (17763): type=1400 audit(0.0:15395): avc: denied { read } for comm="mars::17892" name="u:object_r:serialno_prop:s0" dev="tmpfs" ino=3325 scontext=u:r:untrusted_app_29:s0:c97,c256,c512,c768 tcontext=u:object_r:serialno_prop:s0 tclass=file permissive=0 app=com.tencent.mm
