12-28 06:28:43.716 D/audio_hw_primary( 799): check_usecases_codec_backend:becf: (78) check_usecases curr device: speaker, usecase device: backends match 0
12-28 06:28:43.716 D/audio_hw_primary( 799): check_usecases_codec_backend:becf: check_usecases num.of Usecases to switch 0
12-28 06:28:43.716 D/hardware_info( 799): hw_info_append_hw_type : device_name = speaker
12-28 06:28:43.716 D/msm8974_platform( 799): platform_split_snd_device: snd_device(2) num devices(0) new_snd_devices(0)
12-28 06:28:43.716 D/audio_hw_primary( 799): enable_snd_device: snd_device(2: speaker)
12-28 06:28:43.716 D/msm8974_platform( 799): platform_get_island_cfg_on_device:island cfg status on snd_device = (speaker 0)
12-28 06:28:43.717 I/soundtrigger( 799): audio_extn_sound_trigger_update_device_status: device 0x2 of type 0 for Event 1, with Raise=0
12-28 06:28:43.717 D/audio_route( 799): Apply path: speaker
12-28 06:28:43.717 I/audio_hw_utils( 799): audio_extn_utils_update_stream_output_app_type_cfg Allowing 24 and above bits playback on speaker ONLY at default sampling rate
12-28 06:28:43.717 E/soundtrigger( 799): audio_extn_sound_trigger_update_stream_status: invalid input device 0x0, for event 3
12-28 06:28:43.717 D/soundtrigger( 799): audio_extn_sound_trigger_update_stream_status: uc_info->id 12 of type 0 for Event 3, with Raise=0
12-28 06:28:43.717 D/audio_hw_utils( 799): audio_extn_utils_send_app_type_cfg: usecase->out_snd_device speaker
12-28 06:28:43.717 D/msm8974_platform( 799): platform_split_snd_device: snd_device(2) num devices(0) new_snd_devices(0)
12-28 06:28:43.717 I/audio_hw_utils( 799): ULL doesnt need sending app type cfg, returning
12-28 06:28:43.717 D/msm8974_platform( 799): platform_split_snd_device: snd_device(2) num devices(1) new_snd_devices(0)
12-28 06:28:43.717 D/audio_hw_utils( 799): audio_extn_btsco_get_sample_rate:Not a BT SCO device, need not update sampling rate
12-28 06:28:43.717 D/ACDB-LOADER( 799): ACDB -> send_audio_cal, acdb_id = 15, path = 0, app id = 0x11137, sample rate = 48000, afe_sample_rate = 48000
12-28 06:28:43.717 D/ACDB-LOADER( 799): ACDB -> send_asm_topology
12-28 06:28:43.717 D/ACDB-LOADER( 799): ACDB -> ACDB_CMD_GET_AUDPROC_STREAM_TOPOLOGY_ID
12-28 06:28:43.717 D/ACDB-LOADER( 799): ACDB -> send_adm_topology
12-28 06:28:43.717 D/ACDB-LOADER( 799): ACDB -> ACDB_CMD_GET_AUDPROC_COMMON_TOPOLOGY_ID
12-28 06:28:43.717 D/ACDB-LOADER( 799): ACDB -> send_audtable
12-28 06:28:43.717 D/ACDB-LOADER( 799): ACDB -> ACDB_CMD_GET_AUDPROC_INSTANCE_COMMON_TABLE_SIZE
12-28 06:28:43.717 D/ACDB-LOADER( 799): ACDB -> ACDB_CMD_GET_AUDPROC_INSTANCE_COMMON_TABLE
12-28 06:28:43.717 D/ACDB-LOADER( 799): ACDB -> AUDIO_SET_AUDPROC_CAL cal_type[11] acdb_id[15] app_type[69943]
12-28 06:28:43.717 D/ACDB-LOADER( 799): ACDB -> send_audvoltable
12-28 06:28:43.717 D/ACDB-LOADER( 799): ACDB -> ACDB_CMD_GET_AUDPROC_INSTANCE_GAIN_DEP_STEP_TABLE_SIZE
12-28 06:28:43.717 D/android.hardware.audio.service( 799): Failed to fetch the lookup information of the device 0000000F
12-28 06:28:43.717 D/ACDB-LOADER( 799): Error: ACDB_CMD_GET_AUDPROC_INSTANCE_GAIN_DEP_STEP_TABLE_SIZE Returned = -19
12-28 06:28:43.717 D/ACDB-LOADER( 799): ACDB -> ACDB_CMD_GET_AUDPROC_INSTANCE_GAIN_DEP_STEP_TABLE, vol index 0
12-28 06:28:43.717 D/android.hardware.audio.service( 799): Failed to fetch the lookup information of the device 0000000F
12-28 06:28:43.717 D/ACDB-LOADER( 799): Error: ACDB AudProc vol returned = -19
12-28 06:28:43.717 D/ACDB-LOADER( 799): ACDB -> AUDIO_SET_VOL_CAL cal type = 12
12-28 06:28:43.717 D/ACDB-LOADER( 799): ACDB -> ACDB_CMD_GET_AUDPROC_INSTANCE_STREAM_TABLE_SIZE
12-28 06:28:43.717 D/ACDB-LOADER( 799): ACDB -> send_audstrmtable
12-28 06:28:43.717 D/ACDB-LOADER( 799): ACDB -> ACDB_CMD_GET_AUDPROC_INSTANCE_STREAM_TABLE
12-28 06:28:43.717 D/ACDB-LOADER( 799): ACDB -> audstrm_cal->cal_type.cal_data.cal_size = 20
12-28 06:28:43.717 D/ACDB-LOADER( 799): ACDB -> send_afe_topology
12-28 06:28:43.717 D/ACDB-LOADER( 799): ACDB -> ACDB_CMD_GET_AFE_TOPOLOGY_ID
12-28 06:28:43.717 D/ACDB-LOADER( 799): ACDB -> GET_AFE_TOPOLOGY_ID for adcd_id 15, Topology Id 112fc
12-28 06:28:43.717 D/ACDB-LOADER( 799): ACDB -> send_afe_cal
12-28 06:28:43.717 D/ACDB-LOADER( 799): ACDB -> ACDB_CMD_GET_AFE_INSTANCE_COMMON_TABLE_SIZE
12-28 06:28:43.717 D/android.hardware.audio.service( 799): Failed to fetch the lookup information of the device 0000000F
12-28 06:28:43.717 D/ACDB-LOADER( 799): Error: ACDB_CMD_GET_AFE_INSTANCE_COMMON_TABLE_SIZE Returned = -19
12-28 06:28:43.717 D/ACDB-LOADER( 799): ACDB -> ACDB_CMD_GET_AFE_INSTANCE_COMMON_TABLE
12-28 06:28:43.717 D/android.hardware.audio.service( 799): Failed to fetch the lookup information of the device 0000000F
12-28 06:28:43.717 D/ACDB-LOADER( 799): Error: ACDB AFE returned = -19
12-28 06:28:43.717 D/ACDB-LOADER( 799): ACDB -> AUDIO_SET_AFE_CAL cal_type[16] acdb_id[15]
12-28 06:28:43.717 D/ACDB-LOADER( 799): ACDB -> send_hw_delay : acdb_id = 15 path = 0
12-28 06:28:43.717 D/ACDB-LOADER( 799): ACDB -> ACDB_AVSYNC_INFO: ACDB_CMD_GET_DEVICE_PROPERTY
12-28 06:28:43.717 D/msm8974_platform( 799): platform_split_snd_device: snd_device(2) num devices(0) new_snd_devices(0)
12-28 06:28:43.717 I/msm8974_platform( 799): platform_get_custom_mtmx_params: no matching param with id 0 ip_ch 2 op_ch 2 uc_id 12 snd_dev 2
12-28 06:28:43.717 D/audio_hw_primary( 799): enable_audio_route: apply mixer and update path: audio-ull-playback
12-28 06:28:43.718 D/audio_route( 799): Apply path: audio-ull-playback
12-28 06:28:43.718 D/audio_hw_primary( 799): select_devices: done
12-28 06:28:43.718 D/msm8974_platform( 799): platform_set_channel_map mixer_ctl_name:Playback Channel Map13
12-28 06:28:43.718 D/msm8974_platform( 799): platform_set_channel_map: set mapping(1 2 0 0 0 0 0 0) for channel:2
12-28 06:28:43.719 E/msm8974_platform( 799): platform_set_channel_map: Could not set ctl, error:-22 ch_count:2
01-05 08:30:19.761 I/ ( 0): snd_pcm_hw_constraint_integer failed
01-05 08:30:19.761 I/msm_pcm_open( 0): P buffer bytes minmax constraint ret 1
01-05 08:30:19.761 E/set_cps_config( 0): get_wsa_dev_num is NULL
01-05 08:30:19.767 I/__afe_port_start( 0): port id: 0xb000
01-05 08:30:19.767 I/afe_find_cal_topo_id_by_port( 0): port id: 0xb000, dev_acdb_id: 0
01-05 08:30:19.767 I/afe_find_cal_topo_id_by_port( 0): top_id:112fc acdb_id:15 afe_port:0xb000
01-05 08:30:19.767 I/afe_get_cal_topology_id( 0): port_id = 0xb000 acdb_id = 15 topology_id = 0x112fc cal_type_index=8 ret=0
01-05 08:30:19.768 E/afe_callback( 0): cmd = 0x100fa returned error = 0x2
01-05 08:30:19.768 E/afe_apr_send_pkt( 0): DSP returned error[ADSP_EBADPARAM]
01-05 08:30:19.768 E/afe_send_port_topology_id( 0): AFE set topology id enable for port 0xb000 failed -22
01-05 08:30:19.768 I/afe_send_port_topology_id( 0): AFE set topology id 0x112fc enable for port 0xb000 ret -22
01-05 08:30:19.768 I/send_afe_cal_type( 0): cal_index is 0
01-05 08:30:19.768 I/send_afe_cal_type( 0): dev_acdb_id[162] is 0
01-05 08:30:19.768 I/send_afe_cal_type( 0): Sending cal_index cal 0
01-05 08:30:19.768 E/send_afe_cal_type( 0): No cal sent for cal_index 0, port_id = 0xb000! ret -22
01-05 08:30:19.768 I/afe_send_hw_delay( 0): port_id 0xb000 rate 48000 delay_usec 474 status 0
01-05 08:30:19.768 E/afe_callback( 0): cmd = 0x100fa returned error = 0x2
12-28 06:28:43.726 E/audio_hw_primary( 799): pcm_open_prepare_helper: pcm_prepare returned -1
01-05 08:30:19.768 E/afe_apr_send_pkt( 0): DSP returned error[ADSP_EBADPARAM]
01-05 08:30:19.768 E/__afe_port_start( 0): AFE enable for port 0xb000 failed -22
01-05 08:30:19.768 E/msm-dai-cdc-dma-dev soc( 0): qcom,msm-dai-cdc-dma:qcom,msm-dai-wsa-cdc-dma-0-rx: fail to open AFE port 0xb000
01-05 08:30:19.768 E/msm-dai-cdc-dma-dev soc( 0): qcom,msm-dai-cdc-dma:qcom,msm-dai-wsa-cdc-dma-0-rx: ASoC: cpu DAI prepare error: -22
01-05 08:30:19.768 E/soc_pcm_prepare( 0): Issue stop stream for codec_dai due to op failure -22 = ret
01-05 08:30:19.768 E/WSA_CDC_DMA_RX_0( 0): ASoC: backend prepare failed -22
12-28 06:28:43.731 D/audio_hw_primary( 799): disable_audio_route: reset and update mixer path: audio-ull-playback
12-28 06:28:43.731 E/soundtrigger( 799): audio_extn_sound_trigger_update_stream_status: invalid input device 0x0, for event 2
12-28 06:28:43.731 D/soundtrigger( 799): audio_extn_sound_trigger_update_stream_status: uc_info->id 12 of type 0 for Event 2, with Raise=0
12-28 06:28:43.731 D/msm8974_platform( 799): platform_split_snd_device: snd_device(2) num devices(0) new_snd_devices(0)
12-28 06:28:43.731 I/msm8974_platform( 799): platform_get_custom_mtmx_params: no matching param with id 0 ip_ch 2 op_ch 2 uc_id 12 snd_dev 2
12-28 06:28:43.732 D/hardware_info( 799): hw_info_append_hw_type : device_name = speaker
12-28 06:28:43.732 D/audio_hw_primary( 799): disable_snd_device: snd_device(2: speaker)
12-28 06:28:43.732 D/msm8974_platform( 799): platform_split_snd_device: snd_device(2) num devices(0) new_snd_devices(0)
12-28 06:28:43.732 I/soundtrigger( 799): audio_extn_sound_trigger_update_device_status: device 0x2 of type 0 for Event 0, with Raise=0
12-28 06:28:43.740 I/OMX-VDEC-1080P( 1210): C2D: Start color convertion
12-28 06:28:43.740 W/C2DColorConvert( 1210): calcLumaAlign: unknown format (3) passed for luma alignment number.
12-28 06:28:43.740 I/OMX-VDEC-1080P( 1210): C2D: Start color convertion
12-28 06:28:43.741 W/C2DColorConvert( 1210): calcLumaAlign: unknown format (3) passed for luma alignment number.
12-28 06:28:43.776 I/mpu_uart( 646): [MSG-P:R]:recv sync frame timeout
12-28 06:28:43.782 D/audio_hw_primary( 799): out_standby: enter: stream (0xec2064c0) usecase(12: audio-ull-playback)
12-28 06:28:43.782 D/audio_hw_primary( 799): out_standby: exit
12-28 06:28:43.785 D/audio_hw_primary( 799): start_output_stream: enter: stream(0xec2064c0)usecase(12: audio-ull-playback) devices(0x2) is_haptic_usecase(0)
12-28 06:28:43.785 D/audio_hw_primary( 799): select_devices for use case (audio-ull-playback)
12-28 06:28:43.785 I/msm8974_platform( 799): platform_check_and_set_codec_backend_cfg:becf: afe: bitwidth 16, samplerate 48000 channels 2, backend_idx 0 usecase = 12 device (speaker)
12-28 06:28:43.785 D/msm8974_platform( 799): platform_split_snd_device: snd_device(2) num devices(1) new_snd_devices(0)
12-28 06:28:43.785 I/msm8974_platform( 799): platform_check_and_set_codec_backend_cfg: new_snd_devices[0] is 2
12-28 06:28:43.785 I/msm8974_platform( 799): platform_check_codec_backend_cfg:becf: afe: bitwidth 16, samplerate 48000 channels 2, backend_idx 0 usecase = 12 device (speaker)
12-28 06:28:43.786 D/audio_hw_extn( 799): audio_extn_enable_hifi_filter: mixer_value set 0
12-28 06:28:43.786 D/msm8974_platform( 799): platform_check_codec_backend_cfg:becf: updated afe: bitwidth 16, samplerate 48000 channels 2,backend_idx 0 usecase = 12 device (speaker)
12-28 06:28:43.786 D/msm8974_platform( 799): platform_check_codec_backend_cfg:becf: afe: playback on codec device not supporting native playback set default Sample Rate(48k)
12-28 06:28:43.786 I/msm8974_platform( 799): platform_check_codec_backend_cfg:becf: afe: Codec selected backend: 0 updated bit width: 16 and sample rate: 48000
12-28 06:28:43.786 D/audio_hw_primary( 799): check_usecases_codec_backend:becf: force routing 0
12-28 06:28:43.786 E/msm8974_platform( 799): platform_check_backends_match: Invalid snd_device =
12-28 06:28:43.786 D/audio_hw_primary( 799): check_usecases_codec_backend:becf: (78) check_usecases curr device: speaker, usecase device: backends match 0
12-28 06:28:43.786 D/audio_hw_primary( 799): check_usecases_codec_backend:becf: check_usecases num.of Usecases to switch 0
12-28 06:28:43.786 D/hardware_info( 799): hw_info_append_hw_type : device_name = speaker
12-28 06:28:43.786 D/msm8974_platform( 799): platform_split_snd_device: snd_device(2) num devices(0) new_snd_devices(0)
12-28 06:28:43.786 D/audio_hw_primary( 799): enable_snd_device: snd_device(2: speaker)
12-28 06:28:43.786 D/msm8974_platform( 799): platform_get_island_cfg_on_device:island cfg status on snd_device = (speaker 0)
12-28 06:28:43.786 I/soundtrigger( 799): audio_extn_sound_trigger_update_device_status: device 0x2 of type 0 for Event 1, with Raise=0
12-28 06:28:43.786 D/audio_route( 799): Apply path: speaker
12-28 06:28:43.786 I/audio_hw_utils( 799): audio_extn_utils_update_stream_output_app_type_cfg Allowing 24 and above bits playback on speaker ONLY at default sampling rate
12-28 06:28:43.786 E/soundtrigger( 799): audio_extn_sound_trigger_update_stream_status: invalid input device 0x0, for event 3
12-28 06:28:43.786 D/soundtrigger( 799): audio_extn_sound_trigger_update_stream_status: uc_info->id 12 of type 0 for Event 3, with Raise=0
12-28 06:28:43.786 D/audio_hw_utils( 799): audio_extn_utils_send_app_type_cfg: usecase->out_snd_device speaker
12-28 06:28:43.786 D/msm8974_platform( 799): platform_split_snd_device: snd_device(2) num devices(0) new_snd_devices(0)
12-28 06:28:43.786 I/audio_hw_utils( 799): ULL doesnt need sending app type cfg, returning
12-28 06:28:43.787 D/msm8974_platform( 799): platform_split_snd_device: snd_device(2) num devices(1) new_snd_devices(0)
12-28 06:28:43.787 D/audio_hw_utils( 799): audio_extn_btsco_get_sample_rate:Not a BT SCO device, need not update sampling rate
12-28 06:28:43.787 D/ACDB-LOADER( 799): ACDB -> send_audio_cal, acdb_id = 15, path = 0, app id = 0x11137, sample rate = 48000, afe_sample_rate = 48000
12-28 06:28:43.787 D/ACDB-LOADER( 799): ACDB -> send_asm_topology
12-28 06:28:43.787 D/ACDB-LOADER( 799): ACDB -> ACDB_CMD_GET_AUDPROC_STREAM_TOPOLOGY_ID
12-28 06:28:43.787 D/ACDB-LOADER( 799): ACDB -> send_adm_topology
12-28 06:28:43.787 D/ACDB-LOADER( 799): ACDB -> ACDB_CMD_GET_AUDPROC_COMMON_TOPOLOGY_ID
12-28 06:28:43.787 D/ACDB-LOADER( 799): ACDB -> send_audtable
12-28 06:28:43.787 D/ACDB-LOADER( 799): ACDB -> ACDB_CMD_GET_AUDPROC_INSTANCE_COMMON_TABLE_SIZE
12-28 06:28:43.787 D/ACDB-LOADER( 799): ACDB -> ACDB_CMD_GET_AUDPROC_INSTANCE_COMMON_TABLE
12-28 06:28:43.787 D/ACDB-LOADER( 799): ACDB -> AUDIO_SET_AUDPROC_CAL cal_type[11] acdb_id[15] app_type[69943]
12-28 06:28:43.787 D/ACDB-LOADER( 799): ACDB -> send_audvoltable
12-28 06:28:43.787 D/ACDB-LOADER( 799): ACDB -> ACDB_CMD_GET_AUDPROC_INSTANCE_GAIN_DEP_STEP_TABLE_SIZE
12-28 06:28:43.787 D/android.hardware.audio.service( 799): Failed to fetch the lookup information of the device 0000000F
12-28 06:28:43.787 D/ACDB-LOADER( 799): Error: ACDB_CMD_GET_AUDPROC_INSTANCE_GAIN_DEP_STEP_TABLE_SIZE Returned = -19
12-28 06:28:43.787 D/ACDB-LOADER( 799): ACDB -> ACDB_CMD_GET_AUDPROC_INSTANCE_GAIN_DEP_STEP_TABLE, vol index 0
12-28 06:28:43.787 D/android.hardware.audio.service( 799): Failed to fetch the lookup information of the device 0000000F
12-28 06:28:43.787 D/ACDB-LOADER( 799): Error: ACDB AudProc vol returned = -19
12-28 06:28:43.787 D/ACDB-LOADER( 799): ACDB -> AUDIO_SET_VOL_CAL cal type = 12
12-28 06:28:43.787 D/ACDB-LOADER( 799): ACDB -> ACDB_CMD_GET_AUDPROC_INSTANCE_STREAM_TABLE_SIZE
12-28 06:28:43.787 D/ACDB-LOADER( 799): ACDB -> send_audstrmtable
12-28 06:28:43.787 D/ACDB-LOADER( 799): ACDB -> ACDB_CMD_GET_AUDPROC_INSTANCE_STREAM_TABLE
12-28 06:28:43.787 D/ACDB-LOADER( 799): ACDB -> audstrm_cal->cal_type.cal_data.cal_size = 20
12-28 06:28:43.787 D/ACDB-LOADER( 799): ACDB -> send_afe_topology
12-28 06:28:43.787 D/ACDB-LOADER( 799): ACDB -> ACDB_CMD_GET_AFE_TOPOLOGY_ID
12-28 06:28:43.787 D/ACDB-LOADER( 799): ACDB -> GET_AFE_TOPOLOGY_ID for adcd_id 15, Topology Id 112fc
12-28 06:28:43.787 D/ACDB-LOADER( 799): ACDB -> send_afe_cal
12-28 06:28:43.787 D/ACDB-LOADER( 799): ACDB -> ACDB_CMD_GET_AFE_INSTANCE_COMMON_TABLE_SIZE
12-28 06:28:43.787 D/android.hardware.audio.service( 799): Failed to fetch the lookup information of the device 0000000F
12-28 06:28:43.787 D/ACDB-LOADER( 799): Error: ACDB_CMD_GET_AFE_INSTANCE_COMMON_TABLE_SIZE Returned = -19
12-28 06:28:43.787 D/ACDB-LOADER( 799): ACDB -> ACDB_CMD_GET_AFE_INSTANCE_COMMON_TABLE
12-28 06:28:43.787 D/android.hardware.audio.service( 799): Failed to fetch the lookup information of the device 0000000F
12-28 06:28:43.787 D/ACDB-LOADER( 799): Error: ACDB AFE returned = -19
12-28 06:28:43.787 D/ACDB-LOADER( 799): ACDB -> AUDIO_SET_AFE_CAL cal_type[16] acdb_id[15]
12-28 06:28:43.787 D/ACDB-LOADER( 799): ACDB -> send_hw_delay : acdb_id = 15 path = 0
12-28 06:28:43.787 D/ACDB-LOADER( 799): ACDB -> ACDB_AVSYNC_INFO: ACDB_CMD_GET_DEVICE_PROPERTY
12-28 06:28:43.787 D/msm8974_platform( 799): platform_split_snd_device: snd_device(2) num devices(0) new_snd_devices(0)
12-28 06:28:43.787 I/msm8974_platform( 799): platform_get_custom_mtmx_params: no matching param with id 0 ip_ch 2 op_ch 2 uc_id 12 snd_dev 2
12-28 06:28:43.787 D/audio_hw_primary( 799): enable_audio_route: apply mixer and update path: audio-ull-playback
12-28 06:28:43.787 D/audio_route( 799): Apply path: audio-ull-playback
12-28 06:28:43.788 D/audio_hw_primary( 799): select_devices: done
12-28 06:28:43.788 D/msm8974_platform( 799): platform_set_channel_map mixer_ctl_name:Playback Channel Map13
12-28 06:28:43.788 D/msm8974_platform( 799): platform_set_channel_map: set mapping(1 2 0 0 0 0 0 0) for channel:2
12-28 06:28:43.788 E/msm8974_platform( 799): platform_set_channel_map: Could not set ctl, error:-22 ch_count:2
01-05 08:30:19.830 I/ ( 0): snd_pcm_hw_constraint_integer failed
01-05 08:30:19.830 I/msm_pcm_open( 0): P buffer bytes minmax constraint ret 1
01-05 08:30:19.830 E/set_cps_config( 0): get_wsa_dev_num is NULL
01-05 08:30:19.837 I/__afe_port_start( 0): port id: 0xb000
01-05 08:30:19.837 I/afe_find_cal_topo_id_by_port( 0): port id: 0xb000, dev_acdb_id: 0
01-05 08:30:19.837 I/afe_find_cal_topo_id_by_port( 0): top_id:112fc acdb_id:15 afe_port:0xb000
01-05 08:30:19.837 I/afe_get_cal_topology_id( 0): port_id = 0xb000 acdb_id = 15 topology_id = 0x112fc cal_type_index=8 ret=0
01-05 08:30:19.837 E/afe_callback( 0): cmd = 0x100fa returned error = 0x2
01-05 08:30:19.837 E/afe_apr_send_pkt( 0): DSP returned error[ADSP_EBADPARAM]
01-05 08:30:19.837 E/afe_send_port_topology_id( 0): AFE set topology id enable for port 0xb000 failed -22
01-05 08:30:19.837 I/afe_send_port_topology_id( 0): AFE set topology id 0x112fc enable for port 0xb000 ret -22
01-05 08:30:19.837 I/send_afe_cal_type( 0): cal_index is 0
01-05 08:30:19.837 I/send_afe_cal_type( 0): dev_acdb_id[162] is 0
01-05 08:30:19.837 I/send_afe_cal_type( 0): Sending cal_index cal 0
01-05 08:30:19.837 E/send_afe_cal_type( 0): No cal sent for cal_index 0, port_id = 0xb000! ret -22
01-05 08:30:19.837 I/afe_send_hw_delay( 0): port_id 0xb000 rate 48000 delay_usec 474 status 0
01-05 08:30:19.838 E/afe_callback( 0): cmd = 0x100fa returned error = 0x2
01-05 08:30:19.838 E/afe_apr_send_pkt( 0): DSP returned error[ADSP_EBADPARAM]
12-28 06:28:43.796 E/audio_hw_primary( 799): pcm_open_prepare_helper: pcm_prepare returned -1
01-05 08:30:19.838 E/__afe_port_start( 0): AFE enable for port 0xb000 failed -22
01-05 08:30:19.838 E/msm-dai-cdc-dma-dev soc( 0): qcom,msm-dai-cdc-dma:qcom,msm-dai-wsa-cdc-dma-0-rx: fail to open AFE port 0xb000
01-05 08:30:19.838 E/msm-dai-cdc-dma-dev soc( 0): qcom,msm-dai-cdc-dma:qcom,msm-dai-wsa-cdc-dma-0-rx: ASoC: cpu DAI prepare error: -22
01-05 08:30:19.838 E/soc_pcm_prepare( 0): Issue stop stream for codec_dai due to op failure -22 = ret
01-05 08:30:19.838 E/WSA_CDC_DMA_RX_0( 0): ASoC: backend prepare failed -22
12-28 06:28:43.800 D/audio_hw_primary( 799): disable_audio_route: reset and update mixer path: audio-ull-playback
12-28 06:28:43.801 E/soundtrigger( 799): audio_extn_sound_trigger_update_stream_status: invalid input device 0x0, for event 2
12-28 06:28:43.801 D/soundtrigger( 799): audio_extn_sound_trigger_update_stream_status: uc_info->id 12 of type 0 for Event 2, with Raise=0
12-28 06:28:43.801 D/msm8974_platform( 799): platform_split_snd_device: snd_device(2) num devices(0) new_snd_devices(0)
12-28 06:28:43.801 I/msm8974_platform( 799): platform_get_custom_mtmx_params: no matching param with id 0 ip_ch 2 op_ch 2 uc_id 12 snd_dev 2
12-28 06:28:43.801 D/hardware_info( 799): hw_info_append_hw_type : device_name = speaker
12-28 06:28:43.801 D/audio_hw_primary( 799): disable_snd_device: snd_device(2: speaker)
12-28 06:28:43.801 D/msm8974_platform( 799): platform_split_snd_device: snd_device(2) num devices(0) new_snd_devices(0)
12-28 06:28:43.801 I/soundtrigger( 799): audio_extn_sound_trigger_update_device_status: device 0x2 of type 0 for Event 0, with Raise=0
12-28 06:28:43.820 I/OMX-VDEC-1080P( 1210): C2D: Start color convertion
12-28 06:28:43.820 W/C2DColorConvert( 1210): calcLumaAlign: unknown format (3) passed for luma alignment number.
12-28 06:28:43.851 D/audio_hw_primary( 799): out_standby: enter: stream (0xec2064c0) usecase(12: audio-ull-playback)
12-28 06:28:43.851 D/audio_hw_primary( 799): out_standby: exit
12-28 06:28:43.854 D/audio_hw_primary( 799): start_output_stream: enter: stream(0xec2064c0)usecase(12: audio-ull-playback) devices(0x2) is_haptic_usecase(0)
12-28 06:28:43.855 D/audio_hw_primary( 799): select_devices for use case (audio-ull-playback)
12-28 06:28:43.855 I/msm8974_platform( 799): platform_check_and_set_codec_backend_cfg:becf: afe: bitwidth 16, samplerate 48000 channels 2, backend_idx 0 usecase = 12 device (speaker)
12-28 06:28:43.855 D/msm8974_platform( 799): platform_split_snd_device: snd_device(2) num devices(1) new_snd_devices(0)
12-28 06:28:43.855 I/msm8974_platform( 799): platform_check_and_set_codec_backend_cfg: new_snd_devices[0] is 2
12-28 06:28:43.855 I/msm8974_platform( 799): platform_check_codec_backend_cfg:becf: afe: bitwidth 16, samplerate 48000 channels 2, backend_idx 0 usecase = 12 device (speaker)
12-28 06:28:43.856 D/audio_hw_extn( 799): audio_extn_enable_hifi_filter: mixer_value set 0
12-28 06:28:43.856 D/msm8974_platform( 799): platform_check_codec_backend_cfg:becf: updated afe: bitwidth 16, samplerate 48000 channels 2,backend_idx 0 usecase = 12 device (speaker)
12-28 06:28:43.856 D/msm8974_platform( 799): platform_check_codec_backend_cfg:becf: afe: playback on codec device not supporting native playback set default Sample Rate(48k)
12-28 06:28:43.856 I/msm8974_platform( 799): platform_check_codec_backend_cfg:becf: afe: Codec selected backend: 0 updated bit width: 16 and sample rate: 48000
12-28 06:28:43.856 D/audio_hw_primary( 799): check_usecases_codec_backend:becf: force routing 0
12-28 06:28:43.856 E/msm8974_platform( 799): platform_check_backends_match: Invalid snd_device =
12-28 06:28:43.856 D/audio_hw_primary( 799): check_usecases_codec_backend:becf: (78) check_usecases curr device: speaker, usecase device: backends match 0
12-28 06:28:43.856 D/audio_hw_primary( 799): check_usecases_codec_backend:becf: check_usecases num.of Usecases to switch 0
12-28 06:28:43.856 D/hardware_info( 799): hw_info_append_hw_type : device_name = speaker
12-28 06:28:43.856 D/msm8974_platform( 799): platform_split_snd_device: snd_device(2) num devices(0) new_snd_devices(0)
12-28 06:28:43.856 D/audio_hw_primary( 799): enable_snd_device: snd_device(2: speaker)
12-28 06:28:43.856 D/msm8974_platform( 799): platform_get_island_cfg_on_device:island cfg status on snd_device = (speaker 0)
12-28 06:28:43.856 I/soundtrigger( 799): audio_extn_sound_trigger_update_device_status: device 0x2 of type 0 for Event 1, with Raise=0
12-28 06:28:43.856 D/audio_route( 799): Apply path: speaker
12-28 06:28:43.856 I/audio_hw_utils( 799): audio_extn_utils_update_stream_output_app_type_cfg Allowing 24 and above bits playback on speaker ONLY at default sampling rate
12-28 06:28:43.856 E/soundtrigger( 799): audio_extn_sound_trigger_update_stream_status: invalid input device 0x0, for event 3
12-28 06:28:43.856 D/soundtrigger( 799): audio_extn_sound_trigger_update_stream_status: uc_info->id 12 of type 0 for Event 3, with Raise=0
12-28 06:28:43.856 D/audio_hw_utils( 799): audio_extn_utils_send_app_type_cfg: usecase->out_snd_device speaker
12-28 06:28:43.856 D/msm8974_platform( 799): platform_split_snd_device: snd_device(2) num devices(0) new_snd_devices(0)
12-28 06:28:43.856 I/audio_hw_utils( 799): ULL doesnt need sending app type cfg, returning
12-28 06:28:43.856 D/msm8974_platform( 799): platform_split_snd_device: snd_device(2) num devices(1) new_snd_devices(0)
12-28 06:28:43.856 D/audio_hw_utils( 799): audio_extn_btsco_get_sample_rate:Not a BT SCO device, need not update sampling rate
12-28 06:28:43.856 D/ACDB-LOADER( 799): ACDB -> send_audio_cal, acdb_id = 15, path = 0, app id = 0x11137, sample rate = 48000, afe_sample_rate = 48000
12-28 06:28:43.856 D/ACDB-LOADER( 799): ACDB -> send_asm_topology
12-28 06:28:43.856 D/ACDB-LOADER( 799): ACDB -> ACDB_CMD_GET_AUDPROC_STREAM_TOPOLOGY_ID
12-28 06:28:43.856 D/ACDB-LOADER( 799): ACDB -> send_adm_topology
12-28 06:28:43.856 D/ACDB-LOADER( 799): ACDB -> ACDB_CMD_GET_AUDPROC_COMMON_TOPOLOGY_ID
12-28 06:28:43.856 D/ACDB-LOADER( 799): ACDB -> send_audtable
12-28 06:28:43.856 D/ACDB-LOADER( 799): ACDB -> ACDB_CMD_GET_AUDPROC_INSTANCE_COMMON_TABLE_SIZE
12-28 06:28:43.856 D/ACDB-LOADER( 799): ACDB -> ACDB_CMD_GET_AUDPROC_INSTANCE_COMMON_TABLE
12-28 06:28:43.856 D/ACDB-LOADER( 799): ACDB -> AUDIO_SET_AUDPROC_CAL cal_type[11] acdb_id[15] app_type[69943]
12-28 06:28:43.856 D/ACDB-LOADER( 799): ACDB -> send_audvoltable
12-28 06:28:43.856 D/ACDB-LOADER( 799): ACDB -> ACDB_CMD_GET_AUDPROC_INSTANCE_GAIN_DEP_STEP_TABLE_SIZE
12-28 06:28:43.856 D/android.hardware.audio.service( 799): Failed to fetch the lookup information of the device 0000000F
12-28 06:28:43.856 D/ACDB-LOADER( 799): Error: ACDB_CMD_GET_AUDPROC_INSTANCE_GAIN_DEP_STEP_TABLE_SIZE Returned = -19
12-28 06:28:43.856 D/ACDB-LOADER( 799): ACDB -> ACDB_CMD_GET_AUDPROC_INSTANCE_GAIN_DEP_STEP_TABLE, vol index 0
12-28 06:28:43.856 D/android.hardware.audio.service( 799): Failed to fetch the lookup information of the device 0000000F
12-28 06:28:43.856 D/ACDB-LOADER( 799): Error: ACDB AudProc vol returned = -19
12-28 06:28:43.856 D/ACDB-LOADER( 799): ACDB -> AUDIO_SET_VOL_CAL cal type = 12
12-28 06:28:43.856 D/ACDB-LOADER( 799): ACDB -> ACDB_CMD_GET_AUDPROC_INSTANCE_STREAM_TABLE_SIZE
12-28 06:28:43.856 D/ACDB-LOADER( 799): ACDB -> send_audstrmtable
12-28 06:28:43.856 D/ACDB-LOADER( 799): ACDB -> ACDB_CMD_GET_AUDPROC_INSTANCE_STREAM_TABLE
12-28 06:28:43.856 D/ACDB-LOADER( 799): ACDB -> audstrm_cal->cal_type.cal_data.cal_size = 20
12-28 06:28:43.856 D/ACDB-LOADER( 799): ACDB -> send_afe_topology
12-28 06:28:43.856 D/ACDB-LOADER( 799): ACDB -> ACDB_CMD_GET_AFE_TOPOLOGY_ID
12-28 06:28:43.856 D/ACDB-LOADER( 799): ACDB -> GET_AFE_TOPOLOGY_ID for adcd_id 15, Topology Id 112fc
12-28 06:28:43.856 D/ACDB-LOADER( 799): ACDB -> send_afe_cal
12-28 06:28:43.856 D/ACDB-LOADER( 799): ACDB -> ACDB_CMD_GET_AFE_INSTANCE_COMMON_TABLE_SIZE
12-28 06:28:43.856 D/android.hardware.audio.service( 799): Failed to fetch the lookup information of the device 0000000F
12-28 06:28:43.856 D/ACDB-LOADER( 799): Error: ACDB_CMD_GET_AFE_INSTANCE_COMMON_TABLE_SIZE Returned = -19
12-28 06:28:43.856 D/ACDB-LOADER( 799): ACDB -> ACDB_CMD_GET_AFE_INSTANCE_COMMON_TABLE
12-28 06:28:43.856 D/android.hardware.audio.service( 799): Failed to fetch the lookup information of the device 0000000F
12-28 06:28:43.856 D/ACDB-LOADER( 799): Error: ACDB AFE returned = -19
12-28 06:28:43.856 D/ACDB-LOADER( 799): ACDB -> AUDIO_SET_AFE_CAL cal_type[16] acdb_id[15]
12-28 06:28:43.856 D/ACDB-LOADER( 799): ACDB -> send_hw_delay : acdb_id = 15 path = 0
12-28 06:28:43.856 D/ACDB-LOADER( 799): ACDB -> ACDB_AVSYNC_INFO: ACDB_CMD_GET_DEVICE_PROPERTY
12-28 06:28:43.856 D/msm8974_platform( 799): platform_split_snd_device: snd_device(2) num devices(0) new_snd_devices(0)
12-28 06:28:43.857 I/msm8974_platform( 799): platform_get_custom_mtmx_params: no matching param with id 0 ip_ch 2 op_ch 2 uc_id 12 snd_dev 2
12-28 06:28:43.857 D/audio_hw_primary( 799): enable_audio_route: apply mixer and update path: audio-ull-playback
12-28 06:28:43.857 D/audio_route( 799): Apply path: audio-ull-playback
12-28 06:28:43.857 D/audio_hw_primary( 799): select_devices: done
12-28 06:28:43.857 D/msm8974_platform( 799): platform_set_channel_map mixer_ctl_name:Playback Channel Map13
12-28 06:28:43.857 D/msm8974_platform( 799): platform_set_channel_map: set mapping(1 2 0 0 0 0 0 0) for channel:2
12-28 06:28:43.857 E/msm8974_platform( 799): platform_set_channel_map: Could not set ctl, error:-22 ch_count:2
01-05 08:30:19.900 I/ ( 0): snd_pcm_hw_constraint_integer failed
01-05 08:30:19.900 I/msm_pcm_open( 0): P buffer bytes minmax constraint ret 1
01-05 08:30:19.900 E/set_cps_config( 0): get_wsa_dev_num is NULL
12-28 06:28:43.860 I/OMX-VDEC-1080P( 1210): C2D: Start color convertion
12-28 06:28:43.861 W/C2DColorConvert( 1210): calcLumaAlign: unknown format (3) passed for luma alignment number.
12-28 06:28:43.866 E/audio_hw_primary( 799): pcm_open_prepare_helper: pcm_prepare returned -1
01-05 08:30:19.907 I/__afe_port_start( 0): port id: 0xb000
01-05 08:30:19.907 I/afe_find_cal_topo_id_by_port( 0): port id: 0xb000, dev_acdb_id: 0
01-05 08:30:19.907 I/afe_find_cal_topo_id_by_port( 0): top_id:112fc acdb_id:15 afe_port:0xb000
01-05 08:30:19.907 I/afe_get_cal_topology_id( 0): port_id = 0xb000 acdb_id = 15 topology_id = 0x112fc cal_type_index=8 ret=0
01-05 08:30:19.907 E/afe_callback( 0): cmd = 0x100fa returned error = 0x2
01-05 08:30:19.907 E/afe_apr_send_pkt( 0): DSP returned error[ADSP_EBADPARAM]
01-05 08:30:19.907 E/afe_send_port_topology_id( 0): AFE set topology id enable for port 0xb000 failed -22
01-05 08:30:19.907 I/afe_send_port_topology_id( 0): AFE set topology id 0x112fc enable for port 0xb000 ret -22
01-05 08:30:19.907 I/send_afe_cal_type( 0): cal_index is 0
01-05 08:30:19.907 I/send_afe_cal_type( 0): dev_acdb_id[162] is 0
01-05 08:30:19.907 I/send_afe_cal_type( 0): Sending cal_index cal 0
01-05 08:30:19.907 E/send_afe_cal_type( 0): No cal sent for cal_index 0, port_id = 0xb000! ret -22
01-05 08:30:19.907 I/afe_send_hw_delay( 0): port_id 0xb000 rate 48000 delay_usec 474 status 0
01-05 08:30:19.907 E/afe_callback( 0): cmd = 0x100fa returned error = 0x2
01-05 08:30:19.907 E/afe_apr_send_pkt( 0): DSP returned error[ADSP_EBADPARAM]
01-05 08:30:19.907 E/__afe_port_start( 0): AFE enable for port 0xb000 failed -22
01-05 08:30:19.907 E/msm-dai-cdc-dma-dev soc( 0): qcom,msm-dai-cdc-dma:qcom,msm-dai-wsa-cdc-dma-0-rx: fail to open AFE port 0xb000
01-05 08:30:19.907 E/msm-dai-cdc-dma-dev soc( 0): qcom,msm-dai-cdc-dma:qcom,msm-dai-wsa-cdc-dma-0-rx: ASoC: cpu DAI prepare error: -22
01-05 08:30:19.907 E/soc_pcm_prepare( 0): Issue stop stream for codec_dai due to op failure -22 = ret
01-05 08:30:19.908 E/WSA_CDC_DMA_RX_0( 0): ASoC: backend prepare failed -22
12-28 06:28:43.871 D/audio_hw_primary( 799): disable_audio_route: reset and update mixer path: audio-ull-playback
12-28 06:28:43.871 E/soundtrigger( 799): audio_extn_sound_trigger_update_stream_status: invalid input device 0x0, for event 2
12-28 06:28:43.871 D/soundtrigger( 799): audio_extn_sound_trigger_update_stream_status: uc_info->id 12 of type 0 for Event 2, with Raise=0
12-28 06:28:43.871 D/msm8974_platform( 799): platform_split_snd_device: snd_device(2) num devices(0) new_snd_devices(0)
12-28 06:28:43.871 I/msm8974_platform( 799): platform_get_custom_mtmx_params: no matching param with id 0 ip_ch 2 op_ch 2 uc_id 12 snd_dev 2
12-28 06:28:43.871 D/hardware_info( 799): hw_info_append_hw_type : device_name = speaker
12-28 06:28:43.871 D/audio_hw_primary( 799): disable_snd_device: snd_device(2: speaker)
12-28 06:28:43.871 D/msm8974_platform( 799): platform_split_snd_device: snd_device(2) num devices(0) new_snd_devices(0)
12-28 06:28:43.871 I/soundtrigger( 799): audio_extn_sound_trigger_update_device_status: device 0x2 of type 0 for Event 0, with Raise=0
12-28 06:28:43.877 D/WeGame-MSDK SettingDBHelperget(30902): Get wx_user_id_owanlskU5yhf7OKaSYRhdpiVznRM from SettingTable is
12-28 06:28:43.878 E/MSDK (30902): [58][A.E][20221228 +8.0 06:28:43.878][30902,26003][msdk_json.cpp,parseObject,248]:Parse json error! JsonStr :
12-28 06:28:43.878 E/MSDK (30902): [59][A.E][20221228 +8.0 06:28:43.878][30902,26003][msdk_wx_network.cpp,ParseLoginResponseData,202]:parse exten1 fail
12-28 06:28:43.878 W/WeGame-MSDK ConfigManagergetString(30902): No value Configed MSDK_DENIED_COLLECT_LIST
12-28 06:28:43.878 D/WeGame-MSDK PermissionCheckercheckPermission(30902): current Permission:0
12-28 06:28:43.879 D/WeGame-MSDK DeviceInfogetApn(30902): typeName:WIFI
12-28 06:28:43.881 D/WeGame-MSDK SettingDBHelperget(30902): Get wx_user_id_owanlskU5yhf7OKaSYRhdpiVznRM from SettingTable is
12-28 06:28:43.883 D/WeGame-MSDK WxLoginModelcreate(30902): 1
12-28 06:28:43.900 I/wm_stop_activity( 1508): [0,186653412,com.android.launcher3/.uioverrides.QuickstepLauncher]
12-28 06:28:43.900 I/OMX-VDEC-1080P( 1210): C2D: Start color convertion
12-28 06:28:43.902 W/C2DColorConvert( 1210): calcLumaAlign: unknown format (3) passed for luma alignment number.
12-28 06:28:43.902 I/OMX-VDEC-1080P( 1210): C2D: Start color convertion
12-28 06:28:43.902 W/C2DColorConvert( 1210): calcLumaAlign: unknown format (3) passed for luma alignment number.
12-28 06:28:43.917 D/StateManager( 2857): goToState: Normal
12-28 06:28:43.917 I/wm_on_stop_called( 2857): [186653412,com.android.launcher3.uioverrides.QuickstepLauncher,STOP_ACTIVITY_ITEM]
12-28 06:28:43.921 D/audio_hw_primary( 799): out_standby: enter: stream (0xec2064c0) usecase(12: audio-ull-playback)
12-28 06:28:43.921 D/audio_hw_primary( 799): out_standby: exit
12-28 06:28:43.925 D/audio_hw_primary( 799): start_output_stream: enter: stream(0xec2064c0)usecase(12: audio-ull-playback) devices(0x2) is_haptic_usecase(0)
12-28 06:28:43.925 D/audio_hw_primary( 799): select_devices for use case (audio-ull-playback)
12-28 06:28:43.925 I/msm8974_platform( 799): platform_check_and_set_codec_backend_cfg:becf: afe: bitwidth 16, samplerate 48000 channels 2, backend_idx 0 usecase = 12 device (speaker)
12-28 06:28:43.925 D/msm8974_platform( 799): platform_split_snd_device: snd_device(2) num devices(1) new_snd_devices(0)
12-28 06:28:43.925 I/msm8974_platform( 799): platform_check_and_set_codec_backend_cfg: new_snd_devices[0] is 2
12-28 06:28:43.925 I/msm8974_platform( 799): platform_check_codec_backend_cfg:becf: afe: bitwidth 16, samplerate 48000 channels 2, backend_idx 0 usecase = 12 device (speaker)
12-28 06:28:43.926 D/audio_hw_extn( 799): audio_extn_enable_hifi_filter: mixer_value set 0
12-28 06:28:43.926 D/msm8974_platform( 799): platform_check_codec_backend_cfg:becf: updated afe: bitwidth 16, samplerate 48000 channels 2,backend_idx 0 usecase = 12 device (speaker)
12-28 06:28:43.926 D/msm8974_platform( 799): platform_check_codec_backend_cfg:becf: afe: playback on codec device not supporting native playback set default Sample Rate(48k)
12-28 06:28:43.926 I/msm8974_platform( 799): platform_check_codec_backend_cfg:becf: afe: Codec selected backend: 0 updated bit width: 16 and sample rate: 48000
12-28 06:28:43.926 D/audio_hw_primary( 799): check_usecases_codec_backend:becf: force routing 0
12-28 06:28:43.926 E/msm8974_platform( 799): platform_check_backends_match: Invalid snd_device =
12-28 06:28:43.926 D/audio_hw_primary( 799): check_usecases_codec_backend:becf: (78) check_usecases curr device: speaker, usecase device: backends match 0
12-28 06:28:43.926 D/audio_hw_primary( 799): check_usecases_codec_backend:becf: check_usecases num.of Usecases to switch 0
12-28 06:28:43.926 D/hardware_info( 799): hw_info_append_hw_type : device_name = speaker
12-28 06:28:43.926 D/msm8974_platform( 799): platform_split_snd_device: snd_device(2) num devices(0) new_snd_devices(0)
12-28 06:28:43.926 D/audio_hw_primary( 799): enable_snd_device: snd_device(2: speaker)
12-28 06:28:43.926 D/msm8974_platform( 799): platform_get_island_cfg_on_device:island cfg status on snd_device = (speaker 0)
12-28 06:28:43.926 I/soundtrigger( 799): audio_extn_sound_trigger_update_device_status: device 0x2 of type 0 for Event 1, with Raise=0
12-28 06:28:43.926 D/audio_route( 799): Apply path: speaker
12-28 06:28:43.926 I/audio_hw_utils( 799): audio_extn_utils_update_stream_output_app_type_cfg Allowing 24 and above bits playback on speaker ONLY at default sampling rate
12-28 06:28:43.926 E/soundtrigger( 799): audio_extn_sound_trigger_update_stream_status: invalid input device 0x0, for event 3
12-28 06:28:43.926 D/soundtrigger( 799): audio_extn_sound_trigger_update_stream_status: uc_info->id 12 of type 0 for Event 3, with Raise=0
12-28 06:28:43.926 D/audio_hw_utils( 799): audio_extn_utils_send_app_type_cfg: usecase->out_snd_device speaker
12-28 06:28:43.926 D/msm8974_platform( 799): platform_split_snd_device: snd_device(2) num devices(0) new_snd_devices(0)
12-28 06:28:43.926 I/audio_hw_utils( 799): ULL doesnt need sending app type cfg, returning
12-28 06:28:43.926 D/msm8974_platform( 799): platform_split_snd_device: snd_device(2) num devices(1) new_snd_devices(0)
12-28 06:28:43.926 D/audio_hw_utils( 799): audio_extn_btsco_get_sample_rate:Not a BT SCO device, need not update sampling rate
12-28 06:28:43.926 D/ACDB-LOADER( 799): ACDB -> send_audio_cal, acdb_id = 15, path = 0, app id = 0x11137, sample rate = 48000, afe_sample_rate = 48000
12-28 06:28:43.926 D/ACDB-LOADER( 799): ACDB -> send_asm_topology
12-28 06:28:43.926 D/ACDB-LOADER( 799): ACDB -> ACDB_CMD_GET_AUDPROC_STREAM_TOPOLOGY_ID
12-28 06:28:43.926 D/ACDB-LOADER( 799): ACDB -> send_adm_topology
12-28 06:28:43.926 D/ACDB-LOADER( 799): ACDB -> ACDB_CMD_GET_AUDPROC_COMMON_TOPOLOGY_ID
12-28 06:28:43.926 D/ACDB-LOADER( 799): ACDB -> send_audtable
12-28 06:28:43.926 D/ACDB-LOADER( 799): ACDB -> ACDB_CMD_GET_AUDPROC_INSTANCE_COMMON_TABLE_SIZE
12-28 06:28:43.926 D/ACDB-LOADER( 799): ACDB -> ACDB_CMD_GET_AUDPROC_INSTANCE_COMMON_TABLE
12-28 06:28:43.926 D/ACDB-LOADER( 799): ACDB -> AUDIO_SET_AUDPROC_CAL cal_type[11] acdb_id[15] app_type[69943]
12-28 06:28:43.926 D/ACDB-LOADER( 799): ACDB -> send_audvoltable
12-28 06:28:43.926 D/ACDB-LOADER( 799): ACDB -> ACDB_CMD_GET_AUDPROC_INSTANCE_GAIN_DEP_STEP_TABLE_SIZE
12-28 06:28:43.927 D/android.hardware.audio.service( 799): Failed to fetch the lookup information of the device 0000000F
12-28 06:28:43.927 D/ACDB-LOADER( 799): Error: ACDB_CMD_GET_AUDPROC_INSTANCE_GAIN_DEP_STEP_TABLE_SIZE Returned = -19
12-28 06:28:43.927 D/ACDB-LOADER( 799): ACDB -> ACDB_CMD_GET_AUDPROC_INSTANCE_GAIN_DEP_STEP_TABLE, vol index 0
12-28 06:28:43.927 D/android.hardware.audio.service( 799): Failed to fetch the lookup information of the device 0000000F
12-28 06:28:43.927 D/ACDB-LOADER( 799): Error: ACDB AudProc vol returned = -19
12-28 06:28:43.927 D/ACDB-LOADER( 799): ACDB -> AUDIO_SET_VOL_CAL cal type = 12
12-28 06:28:43.927 D/ACDB-LOADER( 799): ACDB -> ACDB_CMD_GET_AUDPROC_INSTANCE_STREAM_TABLE_SIZE
12-28 06:28:43.927 D/ACDB-LOADER( 799): ACDB -> send_audstrmtable
12-28 06:28:43.927 D/ACDB-LOADER( 799): ACDB -> ACDB_CMD_GET_AUDPROC_INSTANCE_STREAM_TABLE
12-28 06:28:43.927 D/ACDB-LOADER( 799): ACDB -> audstrm_cal->cal_type.cal_data.cal_size = 20
12-28 06:28:43.927 D/ACDB-LOADER( 799): ACDB -> send_afe_topology
12-28 06:28:43.927 D/ACDB-LOADER( 799): ACDB -> ACDB_CMD_GET_AFE_TOPOLOGY_ID
12-28 06:28:43.927 D/ACDB-LOADER( 799): ACDB -> GET_AFE_TOPOLOGY_ID for adcd_id 15, Topology Id 112fc
12-28 06:28:43.927 D/ACDB-LOADER( 799): ACDB -> send_afe_cal
12-28 06:28:43.927 D/ACDB-LOADER( 799): ACDB -> ACDB_CMD_GET_AFE_INSTANCE_COMMON_TABLE_SIZE
12-28 06:28:43.927 D/android.hardware.audio.service( 799): Failed to fetch the lookup information of the device 0000000F
12-28 06:28:43.927 D/ACDB-LOADER( 799): Error: ACDB_CMD_GET_AFE_INSTANCE_COMMON_TABLE_SIZE Returned = -19
12-28 06:28:43.927 D/ACDB-LOADER( 799): ACDB -> ACDB_CMD_GET_AFE_INSTANCE_COMMON_TABLE
12-28 06:28:43.927 D/android.hardware.audio.service( 799): Failed to fetch the lookup information of the device 0000000F
12-28 06:28:43.927 D/ACDB-LOADER( 799): Error: ACDB AFE returned = -19
12-28 06:28:43.927 D/ACDB-LOADER( 799): ACDB -> AUDIO_SET_AFE_CAL cal_type[16] acdb_id[15]
12-28 06:28:43.927 D/ACDB-LOADER( 799): ACDB -> send_hw_delay : acdb_id = 15 path = 0
12-28 06:28:43.927 D/ACDB-LOADER( 799): ACDB -> ACDB_AVSYNC_INFO: ACDB_CMD_GET_DEVICE_PROPERTY
12-28 06:28:43.927 D/msm8974_platform( 799): platform_split_snd_device: snd_device(2) num devices(0) new_snd_devices(0)
12-28 06:28:43.927 I/msm8974_platform( 799): platform_get_custom_mtmx_params: no matching param with id 0 ip_ch 2 op_ch 2 uc_id 12 snd_dev 2
12-28 06:28:43.927 D/audio_hw_primary( 799): enable_audio_route: apply mixer and update path: audio-ull-playback
12-28 06:28:43.927 D/audio_route( 799): Apply path: audio-ull-playback
12-28 06:28:43.928 D/audio_hw_primary( 799): select_devices: done
12-28 06:28:43.928 D/msm8974_platform( 799): platform_set_channel_map mixer_ctl_name:Playback Channel Map13
12-28 06:28:43.928 D/msm8974_platform( 799): platform_set_channel_map: set mapping(1 2 0 0 0 0 0 0) for channel:2
12-28 06:28:43.928 E/msm8974_platform( 799): platform_set_channel_map: Could not set ctl, error:-22 ch_count:2
12-28 06:28:43.931 I/GameMode_ActivityMonitoringService( 2843): onForegroundActivitiesChanged uid 10075 pid 2857 fg false
01-05 08:30:19.970 I/ ( 0): snd_pcm_hw_constraint_integer failed
01-05 08:30:19.970 I/msm_pcm_open( 0): P buffer bytes minmax constraint ret 1
01-05 08:30:19.970 E/set_cps_config( 0): get_wsa_dev_num is NULL
12-28 06:28:43.932 I/GameMode_ActivityMonitoringService( 2843): Updating top task to: TaskInfoContainer [topActivity=ComponentInfo{com.tencent.tmgp.sgame/com.tencent.tmgp.sgame.SGameActivity}, taskId=65, stackId=65, userId=0, displayId=0, position=7
12-28 06:28:43.932 I/GameMode_ActivityMonitoringService( 2843): Notifying about top task: TaskInfoContainer [topActivity=ComponentInfo{com.tencent.tmgp.sgame/com.tencent.tmgp.sgame.SGameActivity}, taskId=65, stackId=65, userId=0, displayId=0, position=7
12-28 06:28:43.932 E/GameMode_ActivityMonitoringService( 2843): onActivityLaunch:com.tencent.tmgp.sgame
12-28 06:28:43.932 V/GameMode_GameTypeUtils( 2843): judge isGame:com.tencent.tmgp.sgame
12-28 06:28:43.932 V/GameMode_GpuUtils( 2843): fps:60
12-28 06:28:43.933 D/GameMode_GameModeActionUtils( 2843): Show GameMode entry by service!
12-28 06:28:43.933 W/ContextImpl( 2843): Calling a method in the system process without a qualified user: android.app.ContextImpl.startService:1816 android.content.ContextWrapper.startService:774 com.thundercomm.gamemode.ingame.services.GameModeActionUtils.startGameModeService:99 com.thundercomm.gamemode.ingame.services.GameModeActionUtils.startGameModeEntry:22 com.thundercomm.gamemode.ingame.services.ActivityMonitoringService$1.onActivityLaunch:127
12-28 06:28:43.934 D/GameMode_GameModeService( 2843): type=show_entry
12-28 06:28:43.934 D/GameModeIF_GameModeSettings( 2843): getUriFor setting_content_uri_root = content://com.thundercomm.gamemode.api/gamemode_settings , name = gamemode_isgaming
12-28 06:28:43.934 I/GameModeConfig( 1508): Current uri is uri = content://com.thundercomm.gamemode.api/gamemode_settings/gamemode_isgaming
12-28 06:28:43.934 D/GameModeIF_GameModeSettings( 1508): getUriFor setting_content_uri_root = content://com.thundercomm.gamemode.api/gamemode_settings , name = gamemode_isgaming
12-28 06:28:43.934 D/GameMode_GameSettingsObserver( 2843): Game Data change!!!! uri = content://com.thundercomm.gamemode.api/gamemode_settings/gamemode_isgaming
12-28 06:28:43.934 D/GameModeIF_GameModeSettings( 2843): getUriFor setting_content_uri_root = content://com.thundercomm.gamemode.api/gamemode_settings , name = gamemode_isgaming
12-28 06:28:43.934 D/GameModeIF_GameModeSettings( 2843): gamemode_isgaming set to 1
01-05 08:30:19.977 I/__afe_port_start( 0): port id: 0xb000
01-05 08:30:19.977 I/afe_find_cal_topo_id_by_port( 0): port id: 0xb000, dev_acdb_id: 0
01-05 08:30:19.977 I/afe_find_cal_topo_id_by_port( 0): top_id:112fc acdb_id:15 afe_port:0xb000
01-05 08:30:19.977 I/afe_get_cal_topology_id( 0): port_id = 0xb000 acdb_id = 15 topology_id = 0x112fc cal_type_index=8 ret=0
01-05 08:30:19.977 E/afe_callback( 0): cmd = 0x100fa returned error = 0x2
01-05 08:30:19.977 E/afe_apr_send_pkt( 0): DSP returned error[ADSP_EBADPARAM]
01-05 08:30:19.977 E/afe_send_port_topology_id( 0): AFE set topology id enable for port 0xb000 failed -22
01-05 08:30:19.977 I/afe_send_port_topology_id( 0): AFE set topology id 0x112fc enable for port 0xb000 ret -22
01-05 08:30:19.977 I/send_afe_cal_type( 0): cal_index is 0
01-05 08:30:19.977 I/send_afe_cal_type( 0): dev_acdb_id[162] is 0
01-05 08:30:19.977 I/send_afe_cal_type( 0): Sending cal_index cal 0
01-05 08:30:19.977 I/afe_send_hw_delay( 0): port_id 0xb000 rate 48000 delay_usec 474 status 0
12-28 06:28:43.935 I/GameModeConfig( 1508): isDisableNotification = true
12-28 06:28:43.935 I/GameModeConfig( 1508): isGameModeOn = true
12-28 06:28:43.935 I/GameModeConfig( 1508): isGaming = true
12-28 06:28:43.935 I/GameModeConfig( 1508): isDisableNotification = true
12-28 06:28:43.935 D/AF::TrackHandle( 988): OpPlayAudio: track:74 usage:2 not muted
12-28 06:28:43.936 D/AF::TrackHandle( 988): OpPlayAudio: track:100 usage:1 not muted
12-28 06:28:43.936 D/AF::TrackHandle( 988): OpPlayAudio: track:74 usage:2 not muted
12-28 06:28:43.936 D/AF::TrackHandle( 988): OpPlayAudio: track:100 usage:1 not muted
12-28 06:28:43.936 D/AF::TrackHandle( 988): OpPlayAudio: track:74 usage:2 not muted
12-28 06:28:43.936 D/AF::TrackHandle( 988): OpPlayAudio: track:100 usage:1 not muted
01-05 08:30:19.978 E/afe_callback( 0): cmd = 0x100fa returned error = 0x2
01-05 08:30:19.978 E/afe_apr_send_pkt( 0): DSP returned error[ADSP_EBADPARAM]
12-28 06:28:43.936 D/AF::TrackHandle( 988): OpPlayAudio: track:100 usage:1 not muted
01-05 08:30:19.978 E/__afe_port_start( 0): AFE enable for port 0xb000 failed -22
01-05 08:30:19.978 E/msm-dai-cdc-dma-dev soc( 0): qcom,msm-dai-cdc-dma:qcom,msm-dai-wsa-cdc-dma-0-rx: fail to open AFE port 0xb000
12-28 06:28:43.936 D/AF::TrackHandle( 988): OpPlayAudio: track:100 usage:1 not muted
01-05 08:30:19.978 E/msm-dai-cdc-dma-dev soc( 0): qcom,msm-dai-cdc-dma:qcom,msm-dai-wsa-cdc-dma-0-rx: ASoC: cpu DAI prepare error: -22
01-05 08:30:19.978 E/soc_pcm_prepare( 0): Issue stop stream for codec_dai due to op failure -22 = ret
12-28 06:28:43.936 D/AF::TrackHandle( 988): OpPlayAudio: track:100 usage:1 not muted
12-28 06:28:43.936 E/audio_hw_primary( 799): pcm_open_prepare_helper: pcm_prepare returned -1
12-28 06:28:43.936 D/AF::TrackHandle( 988): OpPlayAudio: track:100 usage:1 not muted
12-28 06:28:43.936 D/GameMode_GameModeService( 2843): updateGlobalSettings = gamemode_isgaming
12-28 06:28:43.936 D/AF::TrackHandle( 988): OpPlayAudio: track:100 usage:1 not muted
01-05 08:30:19.979 E/WSA_CDC_DMA_RX_0( 0): ASoC: backend prepare failed -22
12-28 06:28:43.936 D/AF::TrackHandle( 988): OpPlayAudio: track:74 usage:2 not muted
12-28 06:28:43.937 D/AF::TrackHandle( 988): OpPlayAudio: track:100 usage:1 not muted
12-28 06:28:43.937 D/AF::TrackHandle( 988): OpPlayAudio: track:74 usage:2 not muted
12-28 06:28:43.937 D/AF::TrackHandle( 988): OpPlayAudio: track:100 usage:1 not muted
12-28 06:28:43.937 D/AF::TrackHandle( 988): OpPlayAudio: track:100 usage:1 not muted
12-28 06:28:43.937 D/AF::TrackHandle( 988): OpPlayAudio: track:74 usage:2 not muted
12-28 06:28:43.937 D/AF::TrackHandle( 988): OpPlayAudio: track:74 usage:2 not muted
12-28 06:28:43.937 D/AF::TrackHandle( 988): OpPlayAudio: track:74 usage:2 not muted
12-28 06:28:43.937 D/AF::TrackHandle( 988): OpPlayAudio: track:100 usage:1 not muted
12-28 06:28:43.937 D/AF::TrackHandle( 988): OpPlayAudio: track:100 usage:1 not muted
12-28 06:28:43.937 D/AF::TrackHandle( 988): OpPlayAudio: track:100 usage:1 not muted
12-28 06:28:43.937 D/AF::TrackHandle( 988): OpPlayAudio: track:100 usage:1 not muted
12-28 06:28:43.937 D/AF::TrackHandle( 988): OpPlayAudio: track:100 usage:1 not muted
12-28 06:28:43.938 D/AF::TrackHandle( 988): OpPlayAudio: track:74 usage:2 not muted
12-28 06:28:43.938 D/AF::TrackHandle( 988): OpPlayAudio: track:74 usage:2 not muted
12-28 06:28:43.938 D/AF::TrackHandle( 988): OpPlayAudio: track:74 usage:2 not muted
12-28 06:28:43.938 D/AF::TrackHandle( 988): OpPlayAudio: track:74 usage:2 not muted
12-28 06:28:43.938 D/AF::TrackHandle( 988): OpPlayAudio: track:74 usage:2 not muted
12-28 06:28:43.938 D/AF::TrackHandle( 988): OpPlayAudio: track:74 usage:2 not muted
12-28 06:28:43.938 D/AF::TrackHandle( 988): OpPlayAudio: track:74 usage:2 not muted
12-28 06:28:43.939 D/AF::TrackHandle( 988): OpPlayAudio: track:74 usage:2 not muted
12-28 06:28:43.941 D/audio_hw_primary( 799): disable_audio_route: reset and update mixer path: audio-ull-playback
12-28 06:28:43.941 E/soundtrigger( 799): audio_extn_sound_trigger_update_stream_status: invalid input device 0x0, for event 2
12-28 06:28:43.941 D/soundtrigger( 799): audio_extn_sound_trigger_update_stream_status: uc_info->id 12 of type 0 for Event 2, with Raise=0
12-28 06:28:43.941 D/msm8974_platform( 799): platform_split_snd_device: snd_device(2) num devices(0) new_snd_devices(0)
12-28 06:28:43.941 I/msm8974_platform( 799): platform_get_custom_mtmx_params: no matching param with id 0 ip_ch 2 op_ch 2 uc_id 12 snd_dev 2
12-28 06:28:43.941 D/hardware_info( 799): hw_info_append_hw_type : device_name = speaker
12-28 06:28:43.941 D/audio_hw_primary( 799): disable_snd_device: snd_device(2: speaker)
12-28 06:28:43.942 D/msm8974_platform( 799): platform_split_snd_device: snd_device(2) num devices(0) new_snd_devices(0)
12-28 06:28:43.942 I/soundtrigger( 799): audio_extn_sound_trigger_update_device_status: device 0x2 of type 0 for Event 0, with Raise=0
12-28 06:28:43.957 I/mpu_uart( 646): [MSG-P:RECV]:No message received in 1000 ms
12-28 06:28:43.963 W/Choreographer( 1508): Frame time is 0.289825 ms in the future! Check that graphics HAL is generating vsync timestamps using the correct timebase.
12-28 06:28:43.963 W/Choreographer( 2857): Frame time is 0.266752 ms in the future! Check that graphics HAL is generating vsync timestamps using the correct timebase.
12-28 06:28:43.980 I/OMX-VDEC-1080P( 1210): C2D: Start color convertion
