12-28 06:26:36.631 I/auditd ( 0): type=1400 audit(0.0:18661): avc: denied { kill } for comm="swapper/0" capability=5 scontext=u:r:kernel:s0 tcontext=u:r:kernel:s0 tclass=capability permissive=0
12-28 06:26:37.631 I/auditd ( 0): type=1400 audit(0.0:18662): avc: denied { kill } for comm="swapper/0" capability=5 scontext=u:r:kernel:s0 tcontext=u:r:kernel:s0 tclass=capability permissive=0
12-28 06:26:38.631 I/auditd ( 0): type=1400 audit(0.0:18663): avc: denied { kill } for comm="swapper/0" capability=5 scontext=u:r:kernel:s0 tcontext=u:r:kernel:s0 tclass=capability permissive=0
12-28 06:26:39.631 I/auditd ( 0): type=1400 audit(0.0:18664): avc: denied { kill } for comm="swapper/0" capability=5 scontext=u:r:kernel:s0 tcontext=u:r:kernel:s0 tclass=capability permissive=0
12-28 06:26:40.631 I/auditd ( 0): type=1400 audit(0.0:18665): avc: denied { kill } for comm="swapper/0" capability=5 scontext=u:r:kernel:s0 tcontext=u:r:kernel:s0 tclass=capability permissive=0
12-28 06:26:41.631 I/auditd ( 0): type=1400 audit(0.0:18666): avc: denied { kill } for comm="swapper/0" capability=5 scontext=u:r:kernel:s0 tcontext=u:r:kernel:s0 tclass=capability permissive=0
12-28 06:26:42.631 I/auditd ( 0): type=1400 audit(0.0:18667): avc: denied { kill } for comm="swapper/0" capability=5 scontext=u:r:kernel:s0 tcontext=u:r:kernel:s0 tclass=capability permissive=0
12-28 06:26:43.631 I/auditd ( 0): type=1400 audit(0.0:18668): avc: denied { kill } for comm="swapper/0" capability=5 scontext=u:r:kernel:s0 tcontext=u:r:kernel:s0 tclass=capability permissive=0
12-28 06:26:44.631 I/auditd ( 0): type=1400 audit(0.0:18669): avc: denied { kill } for comm="swapper/0" capability=5 scontext=u:r:kernel:s0 tcontext=u:r:kernel:s0 tclass=capability permissive=0
12-28 06:26:45.631 I/auditd ( 0): type=1400 audit(0.0:18670): avc: denied { kill } for comm="swapper/0" capability=5 scontext=u:r:kernel:s0 tcontext=u:r:kernel:s0 tclass=capability permissive=0
12-28 06:26:46.631 I/auditd ( 0): type=1400 audit(0.0:18671): avc: denied { kill } for comm="swapper/0" capability=5 scontext=u:r:kernel:s0 tcontext=u:r:kernel:s0 tclass=capability permissive=0
12-28 06:26:47.631 I/auditd ( 0): type=1400 audit(0.0:18672): avc: denied { kill } for comm="swapper/0" capability=5 scontext=u:r:kernel:s0 tcontext=u:r:kernel:s0 tclass=capability permissive=0
12-28 06:26:47.803 I/netstats_mobile_sample( 1508): [0,0,0,0,0,0,0,0,0,0,0,0,1672180007802]
12-28 06:26:47.803 I/netstats_wifi_sample( 1508): [6521810266,4927982,84988014,988319,6521810266,4927982,84988014,988319,6531885991,5011511,66936488,945530,1672180007802]
12-28 06:26:48.631 I/auditd ( 0): type=1400 audit(0.0:18673): avc: denied { kill } for comm="swapper/0" capability=5 scontext=u:r:kernel:s0 tcontext=u:r:kernel:s0 tclass=capability permissive=0
12-28 06:26:49.631 I/auditd ( 0): type=1400 audit(0.0:18674): avc: denied { kill } for comm="swapper/0" capability=5 scontext=u:r:kernel:s0 tcontext=u:r:kernel:s0 tclass=capability permissive=0
12-28 06:26:50.631 I/auditd ( 0): type=1400 audit(0.0:18675): avc: denied { kill } for comm="swapper/0" capability=5 scontext=u:r:kernel:s0 tcontext=u:r:kernel:s0 tclass=capability permissive=0
12-28 06:26:51.631 I/auditd ( 0): type=1400 audit(0.0:18676): avc: denied { kill } for comm="swapper/0" capability=5 scontext=u:r:kernel:s0 tcontext=u:r:kernel:s0 tclass=capability permissive=0
12-28 06:26:52.631 I/auditd ( 0): type=1400 audit(0.0:18677): avc: denied { kill } for comm="swapper/0" capability=5 scontext=u:r:kernel:s0 tcontext=u:r:kernel:s0 tclass=capability permissive=0
12-28 06:26:53.631 I/auditd ( 0): type=1400 audit(0.0:18678): avc: denied { kill } for comm="swapper/0" capability=5 scontext=u:r:kernel:s0 tcontext=u:r:kernel:s0 tclass=capability permissive=0
12-28 06:26:54.631 I/auditd ( 0): type=1400 audit(0.0:18679): avc: denied { kill } for comm="swapper/0" capability=5 scontext=u:r:kernel:s0 tcontext=u:r:kernel:s0 tclass=capability permissive=0
12-28 06:26:55.631 I/auditd ( 0): type=1400 audit(0.0:18680): avc: denied { kill } for comm="swapper/0" capability=5 scontext=u:r:kernel:s0 tcontext=u:r:kernel:s0 tclass=capability permissive=0
12-28 06:26:56.287 I/am_uid_active( 1508): 10098
12-28 06:26:56.321 I/am_pss ( 1508): [24552,10050,com.thundercomm.screensaver,59428864,51945472,52224,167301120,0,2,12]
12-28 06:26:56.631 I/auditd ( 0): type=1400 audit(0.0:18681): avc: denied { kill } for comm="swapper/0" capability=5 scontext=u:r:kernel:s0 tcontext=u:r:kernel:s0 tclass=capability permissive=0
12-28 06:26:57.299 I/netstats_mobile_sample( 1508): [0,0,0,0,0,0,0,0,0,0,0,0,1672180017299]
12-28 06:26:57.300 I/netstats_wifi_sample( 1508): [6521847889,4928068,85022567,988400,6521847889,4928068,85022567,988400,6531935574,5011674,66953803,945571,1672180017299]
12-28 06:26:57.631 I/auditd (20435): type=1400 audit(0.0:18682): avc: denied { kill } for comm="kworker/u16:7" capability=5 scontext=u:r:kernel:s0 tcontext=u:r:kernel:s0 tclass=capability permissive=0
12-28 06:26:58.631 I/auditd ( 0): type=1400 audit(0.0:18683): avc: denied { kill } for comm="swapper/0" capability=5 scontext=u:r:kernel:s0 tcontext=u:r:kernel:s0 tclass=capability permissive=0
12-28 06:26:59.631 I/auditd ( 0): type=1400 audit(0.0:18684): avc: denied { kill } for comm="swapper/0" capability=5 scontext=u:r:kernel:s0 tcontext=u:r:kernel:s0 tclass=capability permissive=0
12-28 06:27:00.631 I/auditd ( 0): type=1400 audit(0.0:18685): avc: denied { kill } for comm="swapper/0" capability=5 scontext=u:r:kernel:s0 tcontext=u:r:kernel:s0 tclass=capability permissive=0
12-28 06:27:01.631 I/auditd ( 735): type=1400 audit(0.0:18686): avc: denied { kill } for comm="crtc_commit:125" capability=5 scontext=u:r:kernel:s0 tcontext=u:r:kernel:s0 tclass=capability permissive=0
12-28 06:27:03.631 I/auditd ( 0): type=1400 audit(0.0:18687): avc: denied { kill } for comm="swapper/0" capability=5 scontext=u:r:kernel:s0 tcontext=u:r:kernel:s0 tclass=capability permissive=0
12-28 06:27:04.631 I/auditd ( 0): type=1400 audit(0.0:18688): avc: denied { kill } for comm="swapper/0" capability=5 scontext=u:r:kernel:s0 tcontext=u:r:kernel:s0 tclass=capability permissive=0
12-28 06:27:05.631 I/auditd ( 0): type=1400 audit(0.0:18689): avc: denied { kill } for comm="swapper/0" capability=5 scontext=u:r:kernel:s0 tcontext=u:r:kernel:s0 tclass=capability permissive=0
12-28 06:27:06.631 I/auditd ( 0): type=1400 audit(0.0:18690): avc: denied { kill } for comm="swapper/0" capability=5 scontext=u:r:kernel:s0 tcontext=u:r:kernel:s0 tclass=capability permissive=0
12-28 06:27:07.313 I/am_pss ( 1508): [24552,10050,com.thundercomm.screensaver,60992512,53497856,52224,168964096,0,2,14]
12-28 06:27:07.631 I/auditd ( 0): type=1400 audit(0.0:18691): avc: denied { kill } for comm="swapper/0" capability=5 scontext=u:r:kernel:s0 tcontext=u:r:kernel:s0 tclass=capability permissive=0
12-28 06:27:08.631 I/auditd ( 0): type=1400 audit(0.0:18692): avc: denied { kill } for comm="swapper/0" capability=5 scontext=u:r:kernel:s0 tcontext=u:r:kernel:s0 tclass=capability permissive=0
12-28 06:27:09.631 I/auditd ( 0): type=1400 audit(0.0:18693): avc: denied { kill } for comm="swapper/0" capability=5 scontext=u:r:kernel:s0 tcontext=u:r:kernel:s0 tclass=capability permissive=0
12-28 06:27:10.631 I/auditd ( 0): type=1400 audit(0.0:18694): avc: denied { kill } for comm="swapper/0" capability=5 scontext=u:r:kernel:s0 tcontext=u:r:kernel:s0 tclass=capability permissive=0
12-28 06:27:11.631 I/auditd ( 0): type=1400 audit(0.0:18695): avc: denied { kill } for comm="swapper/0" capability=5 scontext=u:r:kernel:s0 tcontext=u:r:kernel:s0 tclass=capability permissive=0
12-28 06:27:12.631 I/auditd ( 0): type=1400 audit(0.0:18696): avc: denied { kill } for comm="swapper/0" capability=5 scontext=u:r:kernel:s0 tcontext=u:r:kernel:s0 tclass=capability permissive=0
12-28 06:27:13.631 I/auditd (21090): type=1400 audit(0.0:18697): avc: denied { kill } for comm="kworker/u17:2" capability=5 scontext=u:r:kernel:s0 tcontext=u:r:kernel:s0 tclass=capability permissive=0
12-28 06:27:15.631 I/auditd ( 0): type=1400 audit(0.0:18698): avc: denied { kill } for comm="swapper/0" capability=5 scontext=u:r:kernel:s0 tcontext=u:r:kernel:s0 tclass=capability permissive=0
12-28 06:27:16.631 I/auditd ( 0): type=1400 audit(0.0:18699): avc: denied { kill } for comm="swapper/0" capability=5 scontext=u:r:kernel:s0 tcontext=u:r:kernel:s0 tclass=capability permissive=0
12-28 06:27:17.631 I/auditd ( 0): type=1400 audit(0.0:18700): avc: denied { kill } for comm="swapper/0" capability=5 scontext=u:r:kernel:s0 tcontext=u:r:kernel:s0 tclass=capability permissive=0
12-28 06:27:18.027 I/netstats_mobile_sample( 1508): [0,0,0,0,0,0,0,0,0,0,0,0,1672180038027]
12-28 06:27:18.027 I/netstats_wifi_sample( 1508): [6521929417,4928260,85103639,988595,6521929417,4928260,85103639,988595,6532046612,5012056,66994549,945672,1672180038027]
12-28 06:27:18.033 I/service_manager_stats( 1508): [100,23,61256]
12-28 06:27:18.631 I/auditd ( 0): type=1400 audit(0.0:18701): avc: denied { kill } for comm="swapper/0" capability=5 scontext=u:r:kernel:s0 tcontext=u:r:kernel:s0 tclass=capability permissive=0
12-28 06:27:19.631 I/auditd ( 0): type=1400 audit(0.0:18702): avc: denied { kill } for comm="swapper/0" capability=5 scontext=u:r:kernel:s0 tcontext=u:r:kernel:s0 tclass=capability permissive=0
12-28 06:27:20.631 I/auditd ( 0): type=1400 audit(0.0:18703): avc: denied { kill } for comm="swapper/0" capability=5 scontext=u:r:kernel:s0 tcontext=u:r:kernel:s0 tclass=capability permissive=0
12-28 06:27:21.631 I/auditd ( 0): type=1400 audit(0.0:18704): avc: denied { kill } for comm="swapper/0" capability=5 scontext=u:r:kernel:s0 tcontext=u:r:kernel:s0 tclass=capability permissive=0
12-28 06:27:22.631 I/auditd ( 0): type=1400 audit(0.0:18705): avc: denied { kill } for comm="swapper/0" capability=5 scontext=u:r:kernel:s0 tcontext=u:r:kernel:s0 tclass=capability permissive=0
12-28 06:27:23.070 I/am_uid_idle( 1508): 10065
12-28 06:27:24.631 I/auditd ( 0): type=1400 audit(0.0:18706): avc: denied { kill } for comm="swapper/0" capability=5 scontext=u:r:kernel:s0 tcontext=u:r:kernel:s0 tclass=capability permissive=0
12-28 06:27:25.631 I/auditd ( 0): type=1400 audit(0.0:18707): avc: denied { kill } for comm="swapper/0" capability=5 scontext=u:r:kernel:s0 tcontext=u:r:kernel:s0 tclass=capability permissive=0
12-28 06:27:26.631 I/auditd ( 0): type=1400 audit(0.0:18708): avc: denied { kill } for comm="swapper/0" capability=5 scontext=u:r:kernel:s0 tcontext=u:r:kernel:s0 tclass=capability permissive=0
12-28 06:27:27.631 I/auditd ( 0): type=1400 audit(0.0:18709): avc: denied { kill } for comm="swapper/0" capability=5 scontext=u:r:kernel:s0 tcontext=u:r:kernel:s0 tclass=capability permissive=0
12-28 06:27:28.631 I/auditd ( 0): type=1400 audit(0.0:18710): avc: denied { kill } for comm="swapper/0" capability=5 scontext=u:r:kernel:s0 tcontext=u:r:kernel:s0 tclass=capability permissive=0
12-28 06:27:30.631 I/auditd ( 0): type=1400 audit(0.0:18711): avc: denied { kill } for comm="swapper/0" capability=5 scontext=u:r:kernel:s0 tcontext=u:r:kernel:s0 tclass=capability permissive=0
12-28 06:27:32.631 I/auditd ( 0): type=1400 audit(0.0:18712): avc: denied { kill } for comm="swapper/0" capability=5 scontext=u:r:kernel:s0 tcontext=u:r:kernel:s0 tclass=capability permissive=0
12-28 06:27:33.246 I/netstats_mobile_sample( 1508): [0,0,0,0,0,0,0,0,0,0,0,0,1672180053246]
12-28 06:27:33.246 I/netstats_wifi_sample( 1508): [6521977931,4928377,85162378,988735,6521977931,4928377,85162378,988735,6532118734,5012325,67024350,945744,1672180053246]
12-28 06:27:33.631 I/auditd ( 0): type=1400 audit(0.0:18713): avc: denied { kill } for comm="swapper/0" capability=5 scontext=u:r:kernel:s0 tcontext=u:r:kernel:s0 tclass=capability permissive=0
12-28 06:27:34.631 I/auditd ( 0): type=1400 audit(0.0:18714): avc: denied { kill } for comm="swapper/0" capability=5 scontext=u:r:kernel:s0 tcontext=u:r:kernel:s0 tclass=capability permissive=0
12-28 06:27:35.631 I/auditd ( 0): type=1400 audit(0.0:18715): avc: denied { kill } for comm="swapper/0" capability=5 scontext=u:r:kernel:s0 tcontext=u:r:kernel:s0 tclass=capability permissive=0
12-28 06:27:36.631 I/auditd ( 0): type=1400 audit(0.0:18716): avc: denied { kill } for comm="swapper/0" capability=5 scontext=u:r:kernel:s0 tcontext=u:r:kernel:s0 tclass=capability permissive=0
12-28 06:27:37.631 I/auditd ( 0): type=1400 audit(0.0:18717): avc: denied { kill } for comm="swapper/0" capability=5 scontext=u:r:kernel:s0 tcontext=u:r:kernel:s0 tclass=capability permissive=0
12-28 06:27:38.631 I/auditd ( 0): type=1400 audit(0.0:18718): avc: denied { kill } for comm="swapper/0" capability=5 scontext=u:r:kernel:s0 tcontext=u:r:kernel:s0 tclass=capability permissive=0
12-28 06:27:39.631 I/auditd ( 0): type=1400 audit(0.0:18719): avc: denied { kill } for comm="swapper/0" capability=5 scontext=u:r:kernel:s0 tcontext=u:r:kernel:s0 tclass=capability permissive=0
12-28 06:27:41.631 I/auditd ( 0): type=1400 audit(0.0:18720): avc: denied { kill } for comm="swapper/0" capability=5 scontext=u:r:kernel:s0 tcontext=u:r:kernel:s0 tclass=capability permissive=0
12-28 06:27:42.631 I/auditd ( 0): type=1400 audit(0.0:18721): avc: denied { kill } for comm="swapper/0" capability=5 scontext=u:r:kernel:s0 tcontext=u:r:kernel:s0 tclass=capability permissive=0
12-28 06:27:43.631 I/auditd ( 0): type=1400 audit(0.0:18722): avc: denied { kill } for comm="swapper/0" capability=5 scontext=u:r:kernel:s0 tcontext=u:r:kernel:s0 tclass=capability permissive=0
12-28 06:27:44.631 I/auditd ( 0): type=1400 audit(0.0:18723): avc: denied { kill } for comm="swapper/0" capability=5 scontext=u:r:kernel:s0 tcontext=u:r:kernel:s0 tclass=capability permissive=0
12-28 06:27:45.631 I/auditd ( 0): type=1400 audit(0.0:18724): avc: denied { kill } for comm="swapper/0" capability=5 scontext=u:r:kernel:s0 tcontext=u:r:kernel:s0 tclass=capability permissive=0
12-28 06:27:46.191 I/input_interaction( 1508): Interaction with: 5e730e6 com.thundercomm.screensaver/android.service.dreams.DreamActivity (server), edge-swipe (server), swipe-up (server), PointerEventDispatcher0 (server),
12-28 06:27:46.195 I/wm_finish_activity( 1508): [0,199945225,67,com.thundercomm.screensaver/android.service.dreams.DreamActivity,finish-activity]
12-28 06:27:46.195 I/wm_task_moved( 1508): [66,1,7]
12-28 06:27:46.195 I/wm_task_to_front( 1508): [0,66]
12-28 06:27:46.196 I/wm_focused_root_task( 1508): [0,0,66,67,finish-top adjustFocusToNextFocusableTask]
12-28 06:27:46.197 I/wm_pause_activity( 1508): [0,199945225,com.thundercomm.screensaver/android.service.dreams.DreamActivity,userLeaving=false,finish]
12-28 06:27:46.205 I/sysui_multi_action( 1508): [757,803,799,window_time_0,802,90]
12-28 06:27:46.207 I/wm_on_top_resumed_lost_called(24552): [199945225,android.service.dreams.DreamActivity,topStateChangedWhenResumed]
12-28 06:27:46.207 I/wm_on_paused_called(24552): [199945225,android.service.dreams.DreamActivity,performPause]
12-28 06:27:46.208 I/wm_add_to_stopping( 1508): [0,199945225,com.thundercomm.screensaver/android.service.dreams.DreamActivity,completeFinishing]
12-28 06:27:46.211 I/wm_set_resumed_activity( 1508): [0,com.android.settings/.Settings,resumeTopActivityInnerLocked]
12-28 06:27:46.213 I/wm_resume_activity( 1508): [0,238673682,66,com.android.settings/.Settings]
12-28 06:27:46.220 I/sysui_multi_action( 1508): [757,803,799,window_time_0,802,0]
12-28 06:27:46.227 I/wm_on_restart_called(30620): [238673682,com.android.settings.Settings,performRestartActivity]
12-28 06:27:46.228 I/wm_on_start_called(30620): [238673682,com.android.settings.Settings,handleStartActivity]
12-28 06:27:46.229 I/snet_event_log(30620): [120484087,-1,]
12-28 06:27:46.229 I/wm_on_resume_called(30620): [238673682,com.android.settings.Settings,RESUME_ACTIVITY]
12-28 06:27:46.229 I/sysui_multi_action(30620): [757,35,758,1,833,0,1089,0]
12-28 06:27:46.230 I/sysui_multi_action(30620): [757,3101,758,1,833,0,1089,0]
12-28 06:27:46.231 I/wm_on_top_resumed_gained_called(30620): [238673682,com.android.settings.Settings,topWhenResuming]
12-28 06:27:46.235 I/view_enqueue_input_event(24552): [Motion - Cancel,com.thundercomm.screensaver/android.service.dreams.DreamActivity]
12-28 06:27:46.237 I/input_focus( 1508): [Focus leaving 5e730e6 com.thundercomm.screensaver/android.service.dreams.DreamActivity (server),reason=NO_WINDOW]
12-28 06:27:46.237 I/am_pss ( 1508): [30812,10098,com.tencent.tmgp.sgame:xg_vip_service,15509504,7622656,52224,109506560,0,17,7]
12-28 06:27:46.240 I/input_focus( 1508): [Focus request 6e85bb1 com.android.settings/com.android.settings.Settings,reason=UpdateInputWindows]
12-28 06:27:46.241 I/input_interaction( 1508): Interaction with: edge-swipe (server), swipe-up (server), PointerEventDispatcher0 (server),
12-28 06:27:46.249 I/am_uid_active( 1508): 10065
12-28 06:27:46.261 I/input_focus( 1508): [Focus entering 6e85bb1 com.android.settings/com.android.settings.Settings (server),reason=setFocusedWindow]
12-28 06:27:46.275 I/auditd ( 562): type=1400 audit(0.0:18725): avc: denied { read } for comm="Binder:562_2" name="wakeup58" dev="sysfs" ino=71711 scontext=u:r:system_suspend:s0 tcontext=u:object_r:sysfs:s0 tclass=dir permissive=0
12-28 06:27:46.275 I/auditd ( 562): type=1400 audit(0.0:18726): avc: denied { read } for comm="Binder:562_2" name="wakeup48" dev="sysfs" ino=67402 scontext=u:r:system_suspend:s0 tcontext=u:object_r:sysfs:s0 tclass=dir permissive=0
12-28 06:27:46.275 I/auditd ( 562): type=1400 audit(0.0:18727): avc: denied { read } for comm="Binder:562_2" name="wakeup4" dev="sysfs" ino=47049 scontext=u:r:system_suspend:s0 tcontext=u:object_r:sysfs:s0 tclass=dir permissive=0
12-28 06:27:46.275 I/auditd ( 562): type=1400 audit(0.0:18728): avc: denied { read } for comm="Binder:562_2" name="wakeup76" dev="sysfs" ino=76616 scontext=u:r:system_suspend:s0 tcontext=u:object_r:sysfs:s0 tclass=dir permissive=0
12-28 06:27:46.279 I/auditd ( 562): type=1400 audit(0.0:18729): avc: denied { read } for comm="Binder:562_2" name="wakeup28" dev="sysfs" ino=53254 scontext=u:r:system_suspend:s0 tcontext=u:object_r:sysfs:s0 tclass=dir permissive=0
12-28 06:27:46.279 I/auditd ( 562): type=1400 audit(0.0:18730): avc: denied { read } for comm="Binder:562_2" name="wakeup56" dev="sysfs" ino=71639 scontext=u:r:system_suspend:s0 tcontext=u:object_r:sysfs:s0 tclass=dir permissive=0
12-28 06:27:46.279 I/auditd ( 562): type=1400 audit(0.0:18731): avc: denied { read } for comm="Binder:562_2" name="wakeup2" dev="sysfs" ino=46573 scontext=u:r:system_suspend:s0 tcontext=u:object_r:sysfs:s0 tclass=dir permissive=0
12-28 06:27:46.283 I/auditd ( 562): type=1400 audit(0.0:18732): avc: denied { read } for comm="Binder:562_2" name="wakeup36" dev="sysfs" ino=62478 scontext=u:r:system_suspend:s0 tcontext=u:object_r:sysfs:s0 tclass=dir permissive=0
12-28 06:27:46.767 I/wm_destroy_activity( 1508): [0,199945225,67,com.thundercomm.screensaver/android.service.dreams.DreamActivity,finish-imm:idle]
12-28 06:27:46.786 I/wm_on_stop_called(24552): [199945225,android.service.dreams.DreamActivity,LIFECYCLER_STOP_ACTIVITY]
12-28 06:27:46.788 I/wm_on_destroy_called(24552): [199945225,android.service.dreams.DreamActivity,performDestroy]
12-28 06:27:46.792 I/sysui_multi_action( 1508): [757,222,758,2]
12-28 06:27:46.792 I/sysui_multi_action( 1508): [757,804,799,dreaming_minutes,801,1,802,1]
12-28 06:27:46.805 I/wm_task_removed( 1508): [67,removeChild:removeChild last r=ActivityRecord{beaec09 u0 com.thundercomm.screensaver/android.service.dreams.DreamActivity t-1 f}} in t=Task{694c704 #67 type=dream A=10050:android:com.thundercomm.screensaver/dream U=0 visible=false mode=fullscreen translucent=true sz=0}]
12-28 06:27:46.805 I/wm_task_removed( 1508): [67,removeChild]
12-28 06:27:48.045 I/netstats_mobile_sample( 1508): [0,0,0,0,0,0,0,0,0,0,0,0,1672180068045]
12-28 06:27:48.045 I/netstats_wifi_sample( 1508): [6522052957,4928547,85220654,988879,6522052957,4928547,85220654,988879,6532213364,5012621,67053688,945820,1672180068045]
12-28 06:27:48.631 I/auditd ( 0): type=1400 audit(0.0:18826): avc: denied { kill } for comm="swapper/2" capability=5 scontext=u:r:kernel:s0 tcontext=u:r:kernel:s0 tclass=capability permissive=0
12-28 06:27:50.631 I/auditd ( 0): type=1400 audit(0.0:18827): avc: denied { kill } for comm="swapper/2" capability=5 scontext=u:r:kernel:s0 tcontext=u:r:kernel:s0 tclass=capability permissive=0
12-28 06:27:51.631 I/auditd ( 0): type=1400 audit(0.0:18828): avc: denied { kill } for comm="swapper/2" capability=5 scontext=u:r:kernel:s0 tcontext=u:r:kernel:s0 tclass=capability permissive=0
12-28 06:27:52.631 I/auditd ( 0): type=1400 audit(0.0:18829): avc: denied { kill } for comm="swapper/2" capability=5 scontext=u:r:kernel:s0 tcontext=u:r:kernel:s0 tclass=capability permissive=0
12-28 06:27:53.376 I/input_interaction( 1508): Interaction with: 6e85bb1 com.android.settings/com.android.settings.Settings (server), edge-swipe (server), swipe-up (server), PointerEventDispatcher0 (server),
12-28 06:27:53.390 I/wm_task_moved( 1508): [1,0,0]
12-28 06:27:53.398 I/wm_task_moved( 1508): [1,0,6]
12-28 06:27:53.420 I/wm_on_restart_called( 2857): [186653412,com.android.launcher3.uioverrides.QuickstepLauncher,performRestartActivity]
12-28 06:27:53.447 I/wm_on_start_called( 2857): [186653412,com.android.launcher3.uioverrides.QuickstepLauncher,handleStartActivity]
12-28 06:27:53.464 I/sysui_multi_action( 1508): [319,16,322,68,325,17387,757,761,758,9,759,5,806,com.android.launcher3,871,com.android.launcher3.uioverrides.QuickstepLauncher,905,0,1320,4,1321,1]
12-28 06:27:53.470 I/view_enqueue_input_event(30620): [Motion - Cancel,com.android.settings/com.android.settings.Settings]
12-28 06:27:53.481 I/sysui_latency( 2857): [1,78]
12-28 06:27:53.483 I/input_interaction( 1508): Interaction with: edge-swipe (server), swipe-up (server), PointerEventDispatcher0 (server),
12-28 06:27:53.495 I/input_focus( 1508): [Focus request recents_animation_input_consumer,reason=UpdateInputWindows]
12-28 06:27:53.528 I/input_focus( 1508): [Focus leaving 6e85bb1 com.android.settings/com.android.settings.Settings (server),reason=NOT_FOCUSABLE]
12-28 06:27:53.528 I/input_focus( 1508): [Focus entering recents_animation_input_consumer (server),reason=setFocusedWindow]
12-28 06:27:53.631 I/auditd ( 0): type=1400 audit(0.0:18830): avc: denied { kill } for comm="swapper/2" capability=5 scontext=u:r:kernel:s0 tcontext=u:r:kernel:s0 tclass=capability permissive=0
12-28 06:27:53.654 I/commit_sys_config_file( 1508): [settings-1-0,9]
12-28 06:27:53.760 I/sysui_latency( 1508): [8,77]
12-28 06:27:54.232 I/wm_task_moved( 1508): [1,1,7]
12-28 06:27:54.234 I/wm_task_moved( 1508): [10,1,2147483647]
12-28 06:27:54.234 I/wm_task_to_front( 1508): [0,10]
12-28 06:27:54.234 I/wm_focused_root_task( 1508): [0,0,1,66,RecentsAnimation.onAnimationFinished()]
12-28 06:27:54.234 I/wm_on_top_resumed_lost_called(30620): [238673682,com.android.settings.Settings,topStateChangedWhenResumed]
12-28 06:27:54.234 I/wm_set_resumed_activity( 1508): [0,com.android.launcher3/.uioverrides.QuickstepLauncher,RecentsAnimation.onAnimationFinished()]
12-28 06:27:54.235 I/wm_pause_activity( 1508): [0,238673682,com.android.settings/.Settings,userLeaving=true,pauseBackTasks]
12-28 06:27:54.236 I/wm_add_to_stopping( 1508): [0,238673682,com.android.settings/.Settings,makeInvisible]
12-28 06:27:54.236 I/wm_set_resumed_activity( 1508): [0,com.android.launcher3/.uioverrides.QuickstepLauncher,resumeTopActivityInnerLocked]
12-28 06:27:54.237 I/wm_resume_activity( 1508): [0,186653412,10,com.android.launcher3/.uioverrides.QuickstepLauncher]
12-28 06:27:54.238 I/wm_on_resume_called( 2857): [186653412,com.android.launcher3.uioverrides.QuickstepLauncher,RESUME_ACTIVITY]
12-28 06:27:54.246 I/input_focus( 1508): [Focus leaving recents_animation_input_consumer (server),reason=NOT_VISIBLE]
12-28 06:27:54.246 I/input_focus( 1508): [Focus request 2711ce0 com.android.launcher3/com.android.launcher3.uioverrides.QuickstepLauncher,reason=UpdateInputWindows]
12-28 06:27:54.247 I/wm_on_top_resumed_gained_called( 2857): [186653412,com.android.launcher3.uioverrides.QuickstepLauncher,topStateChangedWhenResumed]
12-28 06:27:54.248 I/sysui_multi_action(30620): [757,35,758,2,1089,8018]
12-28 06:27:54.249 I/sysui_multi_action(30620): [757,3101,758,2,1089,8019]
12-28 06:27:54.249 I/wm_on_paused_called(30620): [238673682,com.android.settings.Settings,performPause]
12-28 06:27:54.253 I/wm_stop_activity( 1508): [0,238673682,com.android.settings/.Settings]
12-28 06:27:54.256 I/sysui_multi_action( 1508): [757,803,799,window_time_0,802,8]
12-28 06:27:54.257 I/sysui_multi_action( 1508): [757,803,799,window_time_0,802,0]
12-28 06:27:54.262 I/input_focus( 1508): [Focus entering 2711ce0 com.android.launcher3/com.android.launcher3.uioverrides.QuickstepLauncher (server),reason=setFocusedWindow]
12-28 06:27:54.280 I/wm_on_stop_called(30620): [238673682,com.android.settings.Settings,STOP_ACTIVITY_ITEM]
12-28 06:27:54.635 I/auditd ( 0): type=1400 audit(0.0:18831): avc: denied { kill } for comm="swapper/2" capability=5 scontext=u:r:kernel:s0 tcontext=u:r:kernel:s0 tclass=capability permissive=0
12-28 06:27:54.817 I/input_interaction( 1508): Interaction with: 2711ce0 com.android.launcher3/com.android.launcher3.uioverrides.QuickstepLauncher (server), cd21bea com.android.systemui.ImageWallpaper (server), edge-swipe (server), swipe-up (server), PointerEventDispatcher0 (server),
12-28 06:27:55.039 I/sysui_multi_action( 1508): [757,127,758,1]
12-28 06:27:55.039 I/sysui_multi_action( 1508): [757,804,799,note_load,801,2,802,1]
12-28 06:27:55.040 I/notification_panel_revealed( 1508): 2
12-28 06:27:55.059 I/input_focus( 1508): [Focus request 82776c NotificationShade,reason=UpdateInputWindows]
12-28 06:27:55.071 I/sysui_multi_action( 1508): [757,128,758,1,793,8815563,794,0,795,8815563,796,26,798,0,806,android,857,DEVELOPER_IMPORTANT,858,4,947,0,1395,2,1500,8815358,1688,1]
12-28 06:27:55.071 I/sysui_multi_action( 1508): [757,804,799,note_freshness,801,8815563,802,1]
12-28 06:27:55.071 I/notification_visibility( 1508): [-1|android|26|null|1000,1,8815563,8815563,0,0]
12-28 06:27:55.071 I/sysui_multi_action( 1508): [757,128,758,1,793,17364083,794,0,795,17364083,796,32,798,1,806,android,857,USB,858,1,947,0,1395,2,1500,17363871,1688,1]
12-28 06:27:55.071 I/sysui_multi_action( 1508): [757,804,799,note_freshness,801,17364083,802,1]
12-28 06:27:55.071 I/notification_visibility( 1508): [-1|android|32|null|1000,1,17364083,17364083,0,1]
12-28 06:27:55.082 I/input_focus( 1508): [Focus leaving 2711ce0 com.android.launcher3/com.android.launcher3.uioverrides.QuickstepLauncher (server),reason=setFocusedWindow]
12-28 06:27:55.083 I/input_focus( 1508): [Focus entering 82776c NotificationShade (server),reason=setFocusedWindow]
12-28 06:27:55.089 I/input_interaction( 1508): Interaction with: 2711ce0 com.android.launcher3/com.android.launcher3.uioverrides.QuickstepLauncher (server), cd21bea com.android.systemui.ImageWallpaper (server), 82776c NotificationShade (server), edge-swipe (server), swipe-up (server), PointerEventDispatcher0 (server),
12-28 06:27:55.090 I/view_enqueue_input_event( 2857): [Motion - Cancel,com.android.launcher3/com.android.launcher3.uioverrides.QuickstepLauncher]
12-28 06:27:55.091 I/sysui_multi_action( 2379): [757,803,799,panel_open,802,1]
12-28 06:27:55.091 I/sysui_multi_action( 2379): [757,1328,758,4,1326,40,1327,81,1329,0]
12-28 06:27:55.102 I/input_interaction( 1508): Interaction with: cd21bea com.android.systemui.ImageWallpaper (server), 82776c NotificationShade (server), edge-swipe (server), swipe-up (server), PointerEventDispatcher0 (server),
12-28 06:27:55.400 I/sysui_multi_action( 2379): [757,111,758,1]
12-28 06:27:55.402 I/sysui_multi_action( 2379): [757,126,758,1,759,126,927,0,928,1,1593,0]
12-28 06:27:55.402 I/sysui_multi_action( 2379): [757,113,758,1,759,113,927,1,928,1,1593,0]
12-28 06:27:55.403 I/sysui_multi_action( 2379): [757,0,758,1,759,0,927,2,928,0,1593,0]
12-28 06:27:55.403 I/sysui_multi_action( 2379): [757,0,758,1,759,0,927,3,928,0,1593,0]
12-28 06:27:55.404 I/sysui_multi_action( 2379): [757,491,758,1,759,491,927,4,928,0,1311,-1,1593,0]
12-28 06:27:55.404 I/sysui_multi_action( 2379): [757,0,758,1,759,0,927,5,928,0,1593,0]
12-28 06:27:55.405 I/sysui_multi_action( 2379): [757,111,758,1]
12-28 06:27:55.406 I/sysui_multi_action( 2379): [757,126,758,1,759,126,927,0,928,1,1593,0]
12-28 06:27:55.406 I/sysui_multi_action( 2379): [757,113,758,1,759,113,927,1,928,1,1593,0]
12-28 06:27:55.406 I/sysui_multi_action( 2379): [757,0,758,1,759,0,927,2,928,0,1593,0]
12-28 06:27:55.406 I/sysui_multi_action( 2379): [757,0,758,1,759,0,927,3,928,0,1593,0]
12-28 06:27:56.316 I/am_uid_idle( 1508): 10098
12-28 06:27:56.320 I/input_interaction( 1508): Interaction with: 82776c NotificationShade (server), edge-swipe (server), swipe-up (server), PointerEventDispatcher0 (server),
12-28 06:27:56.772 I/sysui_multi_action( 2379): [757,111,758,2]
12-28 06:27:56.773 I/sysui_multi_action( 2379): [757,111,758,2]
12-28 06:27:56.774 I/notification_enqueue( 1508): [10080,2379,com.android.systemui,2048,NULL,0,Notification(channel=updateNotification shortcut=null contentView=null vibrate=null sound=null defaults=0x0 flags=0x0 color=0x00000000 vis=PRIVATE),1]
12-28 06:27:56.986 I/input_focus( 1508): [Focus request 2711ce0 com.android.launcher3/com.android.launcher3.uioverrides.QuickstepLauncher,reason=UpdateInputWindows]
12-28 06:27:56.990 I/sysui_multi_action( 1508): [757,128,758,2,793,8817482,794,1919,795,8817482,796,26,798,0,806,android,857,DEVELOPER_IMPORTANT,858,4,947,0,1395,2,1500,8817277,1688,1]
12-28 06:27:56.990 I/notification_visibility( 1508): [-1|android|26|null|1000,0,8817482,8817482,0,0]
12-28 06:27:56.990 I/sysui_multi_action( 1508): [757,128,758,2,793,17366002,794,1919,795,17366002,796,32,798,1,806,android,857,USB,858,1,947,0,1395,2,1500,17365790,1688,1]
12-28 06:27:56.990 I/notification_visibility( 1508): [-1|android|32|null|1000,0,17366002,17366002,0,1]
12-28 06:27:56.991 I/sysui_multi_action( 1508): [757,127,758,2]
12-28 06:27:56.991 I/notification_panel_hidden( 1508):
12-28 06:27:57.003 I/input_focus( 1508): [Focus leaving 82776c NotificationShade (server),reason=NO_WINDOW]
12-28 06:27:57.003 I/input_focus( 1508): [Focus entering 2711ce0 com.android.launcher3/com.android.launcher3.uioverrides.QuickstepLauncher (server),reason=setFocusedWindow]
12-28 06:27:57.631 I/auditd ( 0): type=1400 audit(0.0:18832): avc: denied { kill } for comm="swapper/2" capability=5 scontext=u:r:kernel:s0 tcontext=u:r:kernel:s0 tclass=capability permissive=0
12-28 06:27:58.631 I/auditd ( 0): type=1400 audit(0.0:18833): avc: denied { kill } for comm="swapper/2" capability=5 scontext=u:r:kernel:s0 tcontext=u:r:kernel:s0 tclass=capability permissive=0
12-28 06:27:59.631 I/auditd ( 0): type=1400 audit(0.0:18834): avc: denied { kill } for comm="swapper/2" capability=5 scontext=u:r:kernel:s0 tcontext=u:r:kernel:s0 tclass=capability permissive=0
12-28 06:28:00.631 I/auditd ( 0): type=1400 audit(0.0:18835): avc: denied { kill } for comm="swapper/2" capability=5 scontext=u:r:kernel:s0 tcontext=u:r:kernel:s0 tclass=capability permissive=0
12-28 06:28:01.631 I/auditd ( 0): type=1400 audit(0.0:18836): avc: denied { kill } for comm="swapper/2" capability=5 scontext=u:r:kernel:s0 tcontext=u:r:kernel:s0 tclass=capability permissive=0
12-28 06:28:02.631 I/auditd ( 0): type=1400 audit(0.0:18837): avc: denied { kill } for comm="swapper/2" capability=5 scontext=u:r:kernel:s0 tcontext=u:r:kernel:s0 tclass=capability permissive=0
12-28 06:28:03.631 I/auditd ( 0): type=1400 audit(0.0:18838): avc: denied { kill } for comm="swapper/2" capability=5 scontext=u:r:kernel:s0 tcontext=u:r:kernel:s0 tclass=capability permissive=0
12-28 06:28:04.631 I/auditd ( 0): type=1400 audit(0.0:18839): avc: denied { kill } for comm="swapper/2" capability=5 scontext=u:r:kernel:s0 tcontext=u:r:kernel:s0 tclass=capability permissive=0
12-28 06:28:05.631 I/auditd ( 0): type=1400 audit(0.0:18840): avc: denied { kill } for comm="swapper/2" capability=5 scontext=u:r:kernel:s0 tcontext=u:r:kernel:s0 tclass=capability permissive=0
12-28 06:28:06.631 I/auditd ( 0): type=1400 audit(0.0:18841): avc: denied { kill } for comm="swapper/2" capability=5 scontext=u:r:kernel:s0 tcontext=u:r:kernel:s0 tclass=capability permissive=0
12-28 06:28:07.480 I/am_pss ( 1508): [30812,10098,com.tencent.tmgp.sgame:xg_vip_service,15970304,8081408,52224,109965312,0,17,12] --------- beginning of kernel
01-05 08:29:43.625 D/ ( 0): mv2112_read_status
01-05 08:29:43.626 D/mv2112_update_link( 0): 3.0x901(1G): 0x80
01-05 08:29:43.626 D/mv2112_update_link( 0): 3.0x8109(100M): 0x8
01-05 08:29:43.626 D/mv2112_update_link( 0): link 0x0
01-05 08:29:43.626 D/mv2112_read_status( 0): autoneg is disabled
12-28 06:28:07.631 I/auditd ( 0): type=1400 audit(0.0:18842): avc: denied { kill } for comm="swapper/2" capability=5 scontext=u:r:kernel:s0 tcontext=u:r:kernel:s0 tclass=capability permissive=0 --------- beginning of main
12-28 06:28:07.631 W/swapper/2( 0): type=1400 audit(0.0:18842): avc: denied { kill } for capability=5 scontext=u:r:kernel:s0 tcontext=u:r:kernel:s0 tclass=capability permissive=0
12-28 06:28:07.749 I/mpu_uart( 646): [MSG-P:R]:recv sync frame timeout
12-28 06:28:07.946 I/mpu_uart( 646): [MSG-P:RECV]:No message received in 1000 ms
01-05 08:29:44.650 D/ ( 0): mv2112_read_status
01-05 08:29:44.650 D/mv2112_update_link( 0): 3.0x901(1G): 0x80
01-05 08:29:44.650 D/mv2112_update_link( 0): 3.0x8109(100M): 0x8
01-05 08:29:44.650 D/mv2112_update_link( 0): link 0x0
01-05 08:29:44.650 D/mv2112_read_status( 0): autoneg is disabled
12-28 06:28:08.631 I/auditd ( 0): type=1400 audit(0.0:18843): avc: denied { kill } for comm="swapper/2" capability=5 scontext=u:r:kernel:s0 tcontext=u:r:kernel:s0 tclass=capability permissive=0
12-28 06:28:08.631 W/swapper/2( 0): type=1400 audit(0.0:18843): avc: denied { kill } for capability=5 scontext=u:r:kernel:s0 tcontext=u:r:kernel:s0 tclass=capability permissive=0
12-28 06:28:08.947 I/mpu_uart( 646): [MSG-P:RECV]:No message received in 1000 ms
12-28 06:28:09.631 I/auditd ( 0): type=1400 audit(0.0:18844): avc: denied { kill } for comm="swapper/2" capability=5 scontext=u:r:kernel:s0 tcontext=u:r:kernel:s0 tclass=capability permissive=0
12-28 06:28:09.631 W/swapper/2( 0): type=1400 audit(0.0:18844): avc: denied { kill } for capability=5 scontext=u:r:kernel:s0 tcontext=u:r:kernel:s0 tclass=capability permissive=0
01-05 08:29:45.677 D/ ( 0): mv2112_read_status
01-05 08:29:45.678 D/mv2112_update_link( 0): 3.0x901(1G): 0x80
01-05 08:29:45.678 D/mv2112_update_link( 0): 3.0x8109(100M): 0x8
01-05 08:29:45.678 D/mv2112_update_link( 0): link 0x0
01-05 08:29:45.678 D/mv2112_read_status( 0): autoneg is disabled
12-28 06:28:09.947 I/mpu_uart( 646): [MSG-P:RECV]:No message received in 1000 ms
12-28 06:28:10.631 I/auditd ( 0): type=1400 audit(0.0:18845): avc: denied { kill } for comm="swapper/2" capability=5 scontext=u:r:kernel:s0 tcontext=u:r:kernel:s0 tclass=capability permissive=0
12-28 06:28:10.631 W/swapper/2( 0): type=1400 audit(0.0:18845): avc: denied { kill } for capability=5 scontext=u:r:kernel:s0 tcontext=u:r:kernel:s0 tclass=capability permissive=0
01-05 08:29:46.697 D/ ( 0): mv2112_read_status
01-05 08:29:46.698 D/mv2112_update_link( 0): 3.0x901(1G): 0x80
01-05 08:29:46.698 D/mv2112_update_link( 0): 3.0x8109(100M): 0x8
01-05 08:29:46.698 D/mv2112_update_link( 0): link 0x0
01-05 08:29:46.698 D/mv2112_read_status( 0): autoneg is disabled
12-28 06:28:10.750 I/mpu_uart( 646): [MSG-P:R]:recv sync frame timeout
12-28 06:28:10.947 I/mpu_uart( 646): [MSG-P:RECV]:No message received in 1000 ms
12-28 06:28:11.631 I/auditd ( 0): type=1400 audit(0.0:18846): avc: denied { kill } for comm="swapper/2" capability=5 scontext=u:r:kernel:s0 tcontext=u:r:kernel:s0 tclass=capability permissive=0
12-28 06:28:11.631 W/swapper/2( 0): type=1400 audit(0.0:18846): avc: denied { kill } for capability=5 scontext=u:r:kernel:s0 tcontext=u:r:kernel:s0 tclass=capability permissive=0
01-05 08:29:47.722 D/ ( 0): mv2112_read_status
01-05 08:29:47.722 D/mv2112_update_link( 0): 3.0x901(1G): 0x80
01-05 08:29:47.722 D/mv2112_update_link( 0): 3.0x8109(100M): 0x8
01-05 08:29:47.722 D/mv2112_update_link( 0): link 0x0
01-05 08:29:47.722 D/mv2112_read_status( 0): autoneg is disabled
12-28 06:28:11.948 I/mpu_uart( 646): [MSG-P:RECV]:No message received in 1000 ms
12-28 06:28:12.631 I/auditd ( 0): type=1400 audit(0.0:18847): avc: denied { kill } for comm="swapper/2" capability=5 scontext=u:r:kernel:s0 tcontext=u:r:kernel:s0 tclass=capability permissive=0
12-28 06:28:12.631 W/swapper/2( 0): type=1400 audit(0.0:18847): avc: denied { kill } for capability=5 scontext=u:r:kernel:s0 tcontext=u:r:kernel:s0 tclass=capability permissive=0
01-05 08:29:48.745 D/ ( 0): mv2112_read_status
01-05 08:29:48.746 D/mv2112_update_link( 0): 3.0x901(1G): 0x80
01-05 08:29:48.746 D/mv2112_update_link( 0): 3.0x8109(100M): 0x8
01-05 08:29:48.746 D/mv2112_update_link( 0): link 0x0
01-05 08:29:48.746 D/mv2112_read_status( 0): autoneg is disabled
12-28 06:28:12.948 I/mpu_uart( 646): [MSG-P:RECV]:No message received in 1000 ms
12-28 06:28:13.631 I/auditd ( 0): type=1400 audit(0.0:18848): avc: denied { kill } for comm="swapper/2" capability=5 scontext=u:r:kernel:s0 tcontext=u:r:kernel:s0 tclass=capability permissive=0
12-28 06:28:13.631 W/swapper/2( 0): type=1400 audit(0.0:18848): avc: denied { kill } for capability=5 scontext=u:r:kernel:s0 tcontext=u:r:kernel:s0 tclass=capability permissive=0
01-05 08:29:49.769 D/ ( 0): mv2112_read_status
01-05 08:29:49.770 D/mv2112_update_link( 0): 3.0x901(1G): 0x80
01-05 08:29:49.770 D/mv2112_update_link( 0): 3.0x8109(100M): 0x8
01-05 08:29:49.770 D/mv2112_update_link( 0): link 0x0
01-05 08:29:49.770 D/mv2112_read_status( 0): autoneg is disabled
12-28 06:28:13.753 I/mpu_uart( 646): [MSG-P:R]:recv sync frame timeout
12-28 06:28:13.948 I/mpu_uart( 646): [MSG-P:RECV]:No message received in 1000 ms
12-28 06:28:14.631 I/auditd ( 0): type=1400 audit(0.0:18849): avc: denied { kill } for comm="swapper/2" capability=5 scontext=u:r:kernel:s0 tcontext=u:r:kernel:s0 tclass=capability permissive=0
12-28 06:28:14.631 W/swapper/2( 0): type=1400 audit(0.0:18849): avc: denied { kill } for capability=5 scontext=u:r:kernel:s0 tcontext=u:r:kernel:s0 tclass=capability permissive=0
01-05 08:29:50.793 D/ ( 0): mv2112_read_status
01-05 08:29:50.794 D/mv2112_update_link( 0): 3.0x901(1G): 0x80
01-05 08:29:50.794 D/mv2112_update_link( 0): 3.0x8109(100M): 0x8
01-05 08:29:50.794 D/mv2112_update_link( 0): link 0x0
01-05 08:29:50.794 D/mv2112_read_status( 0): autoneg is disabled
12-28 06:28:14.949 I/mpu_uart( 646): [MSG-P:RECV]:No message received in 1000 ms
12-28 06:28:15.631 I/auditd ( 0): type=1400 audit(0.0:18850): avc: denied { kill } for comm="swapper/2" capability=5 scontext=u:r:kernel:s0 tcontext=u:r:kernel:s0 tclass=capability permissive=0
12-28 06:28:15.631 W/swapper/2( 0): type=1400 audit(0.0:18850): avc: denied { kill } for capability=5 scontext=u:r:kernel:s0 tcontext=u:r:kernel:s0 tclass=capability permissive=0
01-05 08:29:51.817 D/ ( 0): mv2112_read_status
01-05 08:29:51.818 D/mv2112_update_link( 0): 3.0x901(1G): 0x80
01-05 08:29:51.818 D/mv2112_update_link( 0): 3.0x8109(100M): 0x8
01-05 08:29:51.818 D/mv2112_update_link( 0): link 0x0
01-05 08:29:51.818 D/mv2112_read_status( 0): autoneg is disabled
12-28 06:28:15.949 I/mpu_uart( 646): [MSG-P:RECV]:No message received in 1000 ms
12-28 06:28:16.756 I/mpu_uart( 646): [MSG-P:R]:recv sync frame timeout
01-05 08:29:52.841 D/ ( 0): mv2112_read_status
01-05 08:29:52.842 D/mv2112_update_link( 0): 3.0x901(1G): 0x80
01-05 08:29:52.842 D/mv2112_update_link( 0): 3.0x8109(100M): 0x8
01-05 08:29:52.842 D/mv2112_update_link( 0): link 0x0
01-05 08:29:52.842 D/mv2112_read_status( 0): autoneg is disabled
12-28 06:28:16.949 I/mpu_uart( 646): [MSG-P:RECV]:No message received in 1000 ms
12-28 06:28:17.631 I/auditd ( 0): type=1400 audit(0.0:18851): avc: denied { kill } for comm="swapper/2" capability=5 scontext=u:r:kernel:s0 tcontext=u:r:kernel:s0 tclass=capability permissive=0
12-28 06:28:17.631 W/swapper/2( 0): type=1400 audit(0.0:18851): avc: denied { kill } for capability=5 scontext=u:r:kernel:s0 tcontext=u:r:kernel:s0 tclass=capability permissive=0
01-05 08:29:53.866 D/ ( 0): mv2112_read_status
01-05 08:29:53.866 D/mv2112_update_link( 0): 3.0x901(1G): 0x80
01-05 08:29:53.866 D/mv2112_update_link( 0): 3.0x8109(100M): 0x8
01-05 08:29:53.866 D/mv2112_update_link( 0): link 0x0
01-05 08:29:53.866 D/mv2112_read_status( 0): autoneg is disabled
12-28 06:28:17.949 I/mpu_uart( 646): [MSG-P:RECV]:No message received in 1000 ms
12-28 06:28:18.357 W/BestClock( 1508): java.time.DateTimeException: Missing NTP fix
12-28 06:28:18.372 W/BestClock( 1508): java.time.DateTimeException: Missing NTP fix
12-28 06:28:18.373 I/netstats_mobile_sample( 1508): [0,0,0,0,0,0,0,0,0,0,0,0,1672180098372]
12-28 06:28:18.373 I/netstats_wifi_sample( 1508): [6522171408,4928830,85338556,989171,6522171408,4928830,85338556,989171,6532369669,5013146,67114026,945978,1672180098372]
12-28 06:28:18.377 W/BestClock( 1508): java.time.DateTimeException: Missing NTP fix
12-28 06:28:18.377 W/BestClock( 1508): java.time.DateTimeException: Missing NTP fix
12-28 06:28:18.631 I/auditd ( 0): type=1400 audit(0.0:18852): avc: denied { kill } for comm="swapper/2" capability=5 scontext=u:r:kernel:s0 tcontext=u:r:kernel:s0 tclass=capability permissive=0
12-28 06:28:18.631 W/swapper/2( 0): type=1400 audit(0.0:18852): avc: denied { kill } for capability=5 scontext=u:r:kernel:s0 tcontext=u:r:kernel:s0 tclass=capability permissive=0
01-05 08:29:54.889 D/ ( 0): mv2112_read_status
01-05 08:29:54.890 D/mv2112_update_link( 0): 3.0x901(1G): 0x80
01-05 08:29:54.890 D/mv2112_update_link( 0): 3.0x8109(100M): 0x8
01-05 08:29:54.890 D/mv2112_update_link( 0): link 0x0
01-05 08:29:54.890 D/mv2112_read_status( 0): autoneg is disabled
12-28 06:28:18.950 I/mpu_uart( 646): [MSG-P:RECV]:No message received in 1000 ms
12-28 06:28:19.759 I/mpu_uart( 646): [MSG-P:R]:recv sync frame timeout
01-05 08:29:55.913 D/ ( 0): mv2112_read_status
01-05 08:29:55.914 D/mv2112_update_link( 0): 3.0x901(1G): 0x80
01-05 08:29:55.914 D/mv2112_update_link( 0): 3.0x8109(100M): 0x8
01-05 08:29:55.914 D/mv2112_update_link( 0): link 0x0
01-05 08:29:55.914 D/mv2112_read_status( 0): autoneg is disabled
12-28 06:28:19.950 I/mpu_uart( 646): [MSG-P:RECV]:No message received in 1000 ms
12-28 06:28:20.631 I/auditd ( 0): type=1400 audit(0.0:18853): avc: denied { kill } for comm="swapper/2" capability=5 scontext=u:r:kernel:s0 tcontext=u:r:kernel:s0 tclass=capability permissive=0
12-28 06:28:20.631 W/swapper/2( 0): type=1400 audit(0.0:18853): avc: denied { kill } for capability=5 scontext=u:r:kernel:s0 tcontext=u:r:kernel:s0 tclass=capability permissive=0
01-05 08:29:56.937 D/ ( 0): mv2112_read_status
01-05 08:29:56.938 D/mv2112_update_link( 0): 3.0x901(1G): 0x80
01-05 08:29:56.938 D/mv2112_update_link( 0): 3.0x8109(100M): 0x8
01-05 08:29:56.938 D/mv2112_update_link( 0): link 0x0
01-05 08:29:56.938 D/mv2112_read_status( 0): autoneg is disabled
12-28 06:28:20.951 I/mpu_uart( 646): [MSG-P:RECV]:No message received in 1000 ms
12-28 06:28:21.631 I/auditd ( 0): type=1400 audit(0.0:18854): avc: denied { kill } for comm="swapper/2" capability=5 scontext=u:r:kernel:s0 tcontext=u:r:kernel:s0 tclass=capability permissive=0
12-28 06:28:21.631 W/swapper/2( 0): type=1400 audit(0.0:18854): avc: denied { kill } for capability=5 scontext=u:r:kernel:s0 tcontext=u:r:kernel:s0 tclass=capability permissive=0
01-05 08:29:57.962 D/ ( 0): mv2112_read_status
01-05 08:29:57.962 D/mv2112_update_link( 0): 3.0x901(1G): 0x80
01-05 08:29:57.962 D/mv2112_update_link( 0): 3.0x8109(100M): 0x8
01-05 08:29:57.962 D/mv2112_update_link( 0): link 0x0
01-05 08:29:57.962 D/mv2112_read_status( 0): autoneg is disabled
12-28 06:28:21.951 I/mpu_uart( 646): [MSG-P:RECV]:No message received in 1000 ms
12-28 06:28:22.631 I/auditd (28503): type=1400 audit(0.0:18855): avc: denied { kill } for comm="kworker/u17:1" capability=5 scontext=u:r:kernel:s0 tcontext=u:r:kernel:s0 tclass=capability permissive=0
12-28 06:28:22.631 W/kworker/u17:1(28503): type=1400 audit(0.0:18855): avc: denied { kill } for capability=5 scontext=u:r:kernel:s0 tcontext=u:r:kernel:s0 tclass=capability permissive=0
12-28 06:28:22.760 I/mpu_uart( 646): [MSG-P:R]:recv sync frame timeout
01-05 08:29:58.985 D/ ( 0): mv2112_read_status
01-05 08:29:58.986 D/mv2112_update_link( 0): 3.0x901(1G): 0x80
01-05 08:29:58.986 D/mv2112_update_link( 0): 3.0x8109(100M): 0x8
01-05 08:29:58.986 D/mv2112_update_link( 0): link 0x0
01-05 08:29:58.986 D/mv2112_read_status( 0): autoneg is disabled
12-28 06:28:22.951 I/mpu_uart( 646): [MSG-P:RECV]:No message received in 1000 ms
12-28 06:28:23.631 I/auditd ( 0): type=1400 audit(0.0:18856): avc: denied { kill } for comm="swapper/2" capability=5 scontext=u:r:kernel:s0 tcontext=u:r:kernel:s0 tclass=capability permissive=0
12-28 06:28:23.631 W/swapper/2( 0): type=1400 audit(0.0:18856): avc: denied { kill } for capability=5 scontext=u:r:kernel:s0 tcontext=u:r:kernel:s0 tclass=capability permissive=0
12-28 06:28:23.952 I/mpu_uart( 646): [MSG-P:RECV]:No message received in 1000 ms
01-05 08:30:00.009 D/ ( 0): mv2112_read_status
01-05 08:30:00.010 D/mv2112_update_link( 0): 3.0x901(1G): 0x80
01-05 08:30:00.010 D/mv2112_update_link( 0): 3.0x8109(100M): 0x8
01-05 08:30:00.010 D/mv2112_update_link( 0): link 0x0
01-05 08:30:00.010 D/mv2112_read_status( 0): autoneg is disabled
12-28 06:28:24.631 I/auditd ( 0): type=1400 audit(0.0:18857): avc: denied { kill } for comm="swapper/2" capability=5 scontext=u:r:kernel:s0 tcontext=u:r:kernel:s0 tclass=capability permissive=0
12-28 06:28:24.631 W/swapper/2( 0): type=1400 audit(0.0:18857): avc: denied { kill } for capability=5 scontext=u:r:kernel:s0 tcontext=u:r:kernel:s0 tclass=capability permissive=0
12-28 06:28:24.952 I/mpu_uart( 646): [MSG-P:RECV]:No message received in 1000 ms
01-05 08:30:01.034 D/ ( 0): mv2112_read_status
01-05 08:30:01.034 D/mv2112_update_link( 0): 3.0x901(1G): 0x80
01-05 08:30:01.034 D/mv2112_update_link( 0): 3.0x8109(100M): 0x8
01-05 08:30:01.034 D/mv2112_update_link( 0): link 0x0
01-05 08:30:01.034 D/mv2112_read_status( 0): autoneg is disabled
12-28 06:28:25.631 I/auditd ( 0): type=1400 audit(0.0:18858): avc: denied { kill } for comm="swapper/2" capability=5 scontext=u:r:kernel:s0 tcontext=u:r:kernel:s0 tclass=capability permissive=0
12-28 06:28:25.631 W/swapper/2( 0): type=1400 audit(0.0:18858): avc: denied { kill } for capability=5 scontext=u:r:kernel:s0 tcontext=u:r:kernel:s0 tclass=capability permissive=0
12-28 06:28:25.763 I/mpu_uart( 646): [MSG-P:R]:recv sync frame timeout
12-28 06:28:25.952 I/mpu_uart( 646): [MSG-P:RECV]:No message received in 1000 ms
01-05 08:30:02.057 D/ ( 0): mv2112_read_status
01-05 08:30:02.058 D/mv2112_update_link( 0): 3.0x901(1G): 0x80
01-05 08:30:02.058 D/mv2112_update_link( 0): 3.0x8109(100M): 0x8
01-05 08:30:02.058 D/mv2112_update_link( 0): link 0x0
01-05 08:30:02.058 D/mv2112_read_status( 0): autoneg is disabled
12-28 06:28:26.631 I/auditd ( 0): type=1400 audit(0.0:18859): avc: denied { kill } for comm="swapper/2" capability=5 scontext=u:r:kernel:s0 tcontext=u:r:kernel:s0 tclass=capability permissive=0
12-28 06:28:26.631 W/swapper/2( 0): type=1400 audit(0.0:18859): avc: denied { kill } for capability=5 scontext=u:r:kernel:s0 tcontext=u:r:kernel:s0 tclass=capability permissive=0
12-28 06:28:26.952 I/mpu_uart( 646): [MSG-P:RECV]:No message received in 1000 ms
01-05 08:30:03.082 D/ ( 0): mv2112_read_status
01-05 08:30:03.082 D/mv2112_update_link( 0): 3.0x901(1G): 0x80
01-05 08:30:03.082 D/mv2112_update_link( 0): 3.0x8109(100M): 0x8
01-05 08:30:03.082 D/mv2112_update_link( 0): link 0x0
01-05 08:30:03.082 D/mv2112_read_status( 0): autoneg is disabled
12-28 06:28:27.631 I/auditd ( 0): type=1400 audit(0.0:18860): avc: denied { kill } for comm="swapper/2" capability=5 scontext=u:r:kernel:s0 tcontext=u:r:kernel:s0 tclass=capability permissive=0
12-28 06:28:27.631 W/swapper/2( 0): type=1400 audit(0.0:18860): avc: denied { kill } for capability=5 scontext=u:r:kernel:s0 tcontext=u:r:kernel:s0 tclass=capability permissive=0
12-28 06:28:27.953 I/mpu_uart( 646): [MSG-P:RECV]:No message received in 1000 ms
01-05 08:30:04.105 D/ ( 0): mv2112_read_status
01-05 08:30:04.106 D/mv2112_update_link( 0): 3.0x901(1G): 0x80
01-05 08:30:04.106 D/mv2112_update_link( 0): 3.0x8109(100M): 0x8
01-05 08:30:04.106 D/mv2112_update_link( 0): link 0x0
01-05 08:30:04.106 D/mv2112_read_status( 0): autoneg is disabled
12-28 06:28:28.631 I/auditd ( 0): type=1400 audit(0.0:18861): avc: denied { kill } for comm="swapper/2" capability=5 scontext=u:r:kernel:s0 tcontext=u:r:kernel:s0 tclass=capability permissive=0
12-28 06:28:28.631 W/swapper/2( 0): type=1400 audit(0.0:18861): avc: denied { kill } for capability=5 scontext=u:r:kernel:s0 tcontext=u:r:kernel:s0 tclass=capability permissive=0
12-28 06:28:28.766 I/mpu_uart( 646): [MSG-P:R]:recv sync frame timeout
12-28 06:28:28.953 I/mpu_uart( 646): [MSG-P:RECV]:No message received in 1000 ms
01-05 08:30:05.129 D/ ( 0): mv2112_read_status
01-05 08:30:05.130 D/mv2112_update_link( 0): 3.0x901(1G): 0x80
01-05 08:30:05.130 D/mv2112_update_link( 0): 3.0x8109(100M): 0x8
01-05 08:30:05.130 D/mv2112_update_link( 0): link 0x0
01-05 08:30:05.130 D/mv2112_read_status( 0): autoneg is disabled
12-28 06:28:29.631 I/auditd ( 0): type=1400 audit(0.0:18862): avc: denied { kill } for comm="swapper/2" capability=5 scontext=u:r:kernel:s0 tcontext=u:r:kernel:s0 tclass=capability permissive=0
12-28 06:28:29.631 W/swapper/2( 0): type=1400 audit(0.0:18862): avc: denied { kill } for capability=5 scontext=u:r:kernel:s0 tcontext=u:r:kernel:s0 tclass=capability permissive=0
12-28 06:28:29.953 I/mpu_uart( 646): [MSG-P:RECV]:No message received in 1000 ms
01-05 08:30:06.154 D/ ( 0): mv2112_read_status
01-05 08:30:06.154 D/mv2112_update_link( 0): 3.0x901(1G): 0x80
