12-28 05:18:21.430 I/wm_pause_activity( 1508): [0,242218382,com.android.music/com.codeaurora.music.custom.PermissionActivity,userLeaving=true,resumeTopActivityInnerLocked]
12-28 05:18:21.431 I/wm_on_create_called( 7550): [242218382,com.codeaurora.music.custom.PermissionActivity,performCreate]
12-28 05:18:21.437 I/wm_on_start_called( 7550): [242218382,com.codeaurora.music.custom.PermissionActivity,handleStartActivity]
12-28 05:18:21.438 I/wm_on_resume_called( 7550): [242218382,com.codeaurora.music.custom.PermissionActivity,RESUME_ACTIVITY]
12-28 05:18:21.442 I/wm_on_paused_called( 7550): [242218382,com.codeaurora.music.custom.PermissionActivity,performPause]
12-28 05:18:21.443 I/wm_restart_activity( 1508): [0,145674677,46,com.android.permissioncontroller/.permission.ui.GrantPermissionsActivity]
12-28 05:18:21.444 I/wm_set_resumed_activity( 1508): [0,com.android.permissioncontroller/.permission.ui.GrantPermissionsActivity,minimalResumeActivityLocked]
12-28 05:18:21.445 I/sysui_multi_action( 1508): [757,803,799,window_time_0,802,0]
12-28 05:18:21.498 I/wm_on_create_called( 7116): [145674677,com.android.permissioncontroller.permission.ui.GrantPermissionsActivity,performCreate]
12-28 05:18:21.498 I/wm_on_start_called( 7116): [145674677,com.android.permissioncontroller.permission.ui.GrantPermissionsActivity,handleStartActivity]
12-28 05:18:21.499 I/wm_on_resume_called( 7116): [145674677,com.android.permissioncontroller.permission.ui.GrantPermissionsActivity,RESUME_ACTIVITY]
12-28 05:18:21.523 I/input_focus( 1508): [Focus request f89225 com.android.permissioncontroller/com.android.permissioncontroller.permission.ui.GrantPermissionsActivity,reason=UpdateInputWindows]
12-28 05:18:21.532 I/input_focus( 1508): [Focus entering f89225 com.android.permissioncontroller/com.android.permissioncontroller.permission.ui.GrantPermissionsActivity (server),reason=setFocusedWindow]
12-28 05:18:21.631 I/auditd ( 0): type=1400 audit(0.0:14563): avc: denied { kill } for comm="swapper/7" capability=5 scontext=u:r:kernel:s0 tcontext=u:r:kernel:s0 tclass=capability permissive=0
12-28 05:18:21.704 I/sysui_multi_action( 1508): [757,1717,758,1,759,0]
12-28 05:18:21.704 I/sysui_multi_action( 1508): [757,1717,758,2,759,0]
12-28 05:18:21.704 I/sysui_multi_action( 1508): [757,1717,758,3,759,0]
12-28 05:18:21.859 I/wm_on_top_resumed_gained_called( 7116): [145674677,com.android.permissioncontroller.permission.ui.GrantPermissionsActivity,topStateChangedWhenResumed]
12-28 05:18:21.898 I/wm_stop_activity( 1508): [0,186653412,com.android.launcher3/.uioverrides.QuickstepLauncher]
12-28 05:18:21.899 I/wm_on_stop_called( 2857): [186653412,com.android.launcher3.uioverrides.QuickstepLauncher,STOP_ACTIVITY_ITEM]
12-28 05:18:22.023 I/auditd ( 6497): type=1400 audit(0.0:14564): avc: denied { read } for comm="mars::7528" name="route" dev="proc" ino=4026532257 scontext=u:r:untrusted_app_29:s0:c97,c256,c512,c768 tcontext=u:object_r:proc_net:s0 tclass=file permissive=0 app=com.tencent.mm
12-28 05:18:22.023 I/auditd ( 6497): type=1400 audit(0.0:14565): avc: granted { nlmsg_readpriv } for comm="mars::7528" scontext=u:r:untrusted_app_29:s0:c97,c256,c512,c768 tcontext=u:r:untrusted_app_29:s0:c97,c256,c512,c768 tclass=netlink_route_socket app=com.tencent.mm
12-28 05:18:22.023 I/auditd ( 6497): type=1400 audit(0.0:14566): avc: granted { nlmsg_readpriv } for comm="mars::7528" scontext=u:r:untrusted_app_29:s0:c97,c256,c512,c768 tcontext=u:r:untrusted_app_29:s0:c97,c256,c512,c768 tclass=netlink_route_socket app=com.tencent.mm
12-28 05:18:22.300 I/input_interaction( 1508): Interaction with: f89225 com.android.permissioncontroller/com.android.permissioncontroller.permission.ui.GrantPermissionsActivity (server), edge-swipe (server), swipe-up (server), PointerEventDispatcher0 (server),
12-28 05:18:22.364 I/am_mem_factor( 1508): [0,1]
12-28 05:18:22.395 I/service_manager_slow( 7318): [77,thermalservice]
12-28 05:18:22.498 I/sysui_multi_action( 1508): [757,1243,758,4,806,com.android.music,1241,android.permission.READ_PHONE_STATE]
12-28 05:18:22.499 I/snet_event_log( 7116): [individual_permissions_requested,10084,com.android.music:com.android.music:;android.permission.READ_PHONE_STATE|false|768]
12-28 05:18:22.500 I/wm_finish_activity( 1508): [0,145674677,46,com.android.permissioncontroller/.permission.ui.GrantPermissionsActivity,app-request]
12-28 05:18:22.506 I/wm_pause_activity( 1508): [0,145674677,com.android.permissioncontroller/.permission.ui.GrantPermissionsActivity,userLeaving=false,finish]
12-28 05:18:22.508 I/sysui_multi_action( 1508): [757,1144,758,8,806,com.android.permissioncontroller,871,com.android.permissioncontroller.permission.ui.GrantPermissionsActivity]
12-28 05:18:22.518 I/input_focus( 1508): [Focus leaving f89225 com.android.permissioncontroller/com.android.permissioncontroller.permission.ui.GrantPermissionsActivity (server),reason=NO_WINDOW]
12-28 05:18:22.528 I/wm_on_top_resumed_lost_called( 7116): [145674677,com.android.permissioncontroller.permission.ui.GrantPermissionsActivity,topStateChangedWhenResumed]
12-28 05:18:22.529 I/wm_on_paused_called( 7116): [145674677,com.android.permissioncontroller.permission.ui.GrantPermissionsActivity,performPause]
12-28 05:18:22.530 I/wm_set_resumed_activity( 1508): [0,com.android.music/com.codeaurora.music.custom.PermissionActivity,resumeTopActivityInnerLocked]
12-28 05:18:22.531 I/wm_resume_activity( 1508): [0,242218382,46,com.android.music/com.codeaurora.music.custom.PermissionActivity]
12-28 05:18:22.538 I/input_focus( 1508): [Focus request 894826d com.android.music/com.codeaurora.music.custom.PermissionActivity,reason=UpdateInputWindows]
12-28 05:18:22.538 I/sysui_multi_action( 1508): [757,803,799,window_time_0,802,1]
12-28 05:18:22.543 I/wm_task_moved( 1508): [46,1,10]
12-28 05:18:22.543 I/wm_set_resumed_activity( 1508): [0,com.android.music/com.codeaurora.music.custom.PermissionActivity,positionChildAt]
12-28 05:18:22.543 I/wm_create_activity( 1508): [0,171338660,46,com.android.music/.MusicBrowserActivity,android.intent.action.MAIN,NULL,NULL,270532608]
12-28 05:18:22.544 I/wm_pause_activity( 1508): [0,242218382,com.android.music/com.codeaurora.music.custom.PermissionActivity,userLeaving=true,resumeTopActivityInnerLocked]
12-28 05:18:22.546 I/wm_finish_activity( 1508): [0,242218382,46,com.android.music/com.codeaurora.music.custom.PermissionActivity,app-request]
12-28 05:18:22.546 I/wm_on_activity_result_called( 7550): [242218382,com.codeaurora.music.custom.PermissionActivity,ACTIVITY_RESULT]
12-28 05:18:22.547 I/wm_add_to_stopping( 1508): [0,242218382,com.android.music/com.codeaurora.music.custom.PermissionActivity,completeFinishing]
12-28 05:18:22.549 I/wm_restart_activity( 1508): [0,171338660,46,com.android.music/.MusicBrowserActivity]
12-28 05:18:22.551 I/wm_set_resumed_activity( 1508): [0,com.android.music/.MusicBrowserActivity,minimalResumeActivityLocked]
12-28 05:18:22.551 I/input_focus( 1508): [Focus entering 894826d com.android.music/com.codeaurora.music.custom.PermissionActivity (server),reason=setFocusedWindow]
12-28 05:18:22.555 I/sysui_multi_action( 1508): [757,803,799,window_time_0,802,0]
12-28 05:18:22.584 I/input_focus( 1508): [Focus leaving 894826d com.android.music/com.codeaurora.music.custom.PermissionActivity (server),reason=NO_WINDOW]
12-28 05:18:22.602 I/wm_on_create_called( 7550): [171338660,com.android.music.MusicBrowserActivity,performCreate]
12-28 05:18:22.612 I/wm_on_start_called( 7550): [171338660,com.android.music.MusicBrowserActivity,handleStartActivity]
12-28 05:18:22.613 I/wm_on_resume_called( 7550): [171338660,com.android.music.MusicBrowserActivity,RESUME_ACTIVITY]
12-28 05:18:22.614 I/wm_on_top_resumed_gained_called( 7550): [171338660,com.android.music.MusicBrowserActivity,topStateChangedWhenResumed]
12-28 05:18:22.637 I/sysui_multi_action( 1508): [757,856,758,1,806,com.android.music,857,Channel-music,858,2]
12-28 05:18:22.642 I/notification_enqueue( 1508): [10084,7550,com.android.music,1,NULL,0,Notification(channel=Channel-music shortcut=null contentView=null vibrate=null sound=null defaults=0x0 flags=0x0 color=0x00000000 category=transport actions=4 vis=PRIVATE),0]
12-28 05:18:22.643 I/notification_enqueue( 1508): [10084,7550,com.android.music,1,NULL,0,Notification(channel=Channel-music shortcut=null contentView=null vibrate=null sound=null defaults=0x0 flags=0x40 color=0x00000000 category=transport actions=4 vis=PRIVATE),0]
12-28 05:18:22.646 I/notification_enqueue( 1508): [10084,7550,com.android.music,1,NULL,0,Notification(channel=Channel-music shortcut=null contentView=null vibrate=null sound=null defaults=0x0 flags=0x40 color=0x00000000 category=transport actions=4 vis=PRIVATE),0]
12-28 05:18:22.646 I/notification_enqueue( 1508): [10084,7550,com.android.music,1,NULL,0,Notification(channel=Channel-music shortcut=null contentView=null vibrate=null sound=null defaults=0x0 flags=0x40 color=0x00000000 category=transport actions=4 vis=PRIVATE),0]
12-28 05:18:22.652 I/notification_enqueue( 1508): [10084,7550,com.android.music,1,NULL,0,Notification(channel=Channel-music shortcut=null contentView=null vibrate=null sound=null defaults=0x0 flags=0x40 color=0x00000000 category=transport actions=4 vis=PRIVATE),0]
12-28 05:18:22.653 I/notification_enqueue( 1508): [10084,7550,com.android.music,1,NULL,0,Notification(channel=Channel-music shortcut=null contentView=null vibrate=null sound=null defaults=0x0 flags=0x40 color=0x00000000 category=transport actions=4 vis=PRIVATE),0]
12-28 05:18:22.656 I/input_focus( 1508): [Focus request d788c04 com.android.music/com.android.music.MusicBrowserActivity,reason=UpdateInputWindows]
12-28 05:18:22.672 I/wm_activity_launch_time( 1508): [0,171338660,com.android.music/.MusicBrowserActivity,131]
12-28 05:18:22.677 I/sysui_multi_action( 1508): [757,128,758,5,759,8,793,36,794,0,795,36,796,1,806,com.android.music,857,Channel-music,858,2,947,0,1500,36,1641,transport,1688,1,1745,1043716538]
12-28 05:18:22.677 I/notification_canceled( 1508): [0|com.android.music|1|null|10084,8,36,36,0,-1,-1,NULL]
12-28 05:18:22.685 I/input_focus( 1508): [Focus entering d788c04 com.android.music/com.android.music.MusicBrowserActivity (server),reason=setFocusedWindow]
12-28 05:18:22.686 I/wm_destroy_activity( 1508): [0,145674677,46,com.android.permissioncontroller/.permission.ui.GrantPermissionsActivity,finish-idle]
12-28 05:18:22.716 I/wm_on_stop_called( 7116): [145674677,com.android.permissioncontroller.permission.ui.GrantPermissionsActivity,LIFECYCLER_STOP_ACTIVITY]
12-28 05:18:22.716 I/wm_on_destroy_called( 7116): [145674677,com.android.permissioncontroller.permission.ui.GrantPermissionsActivity,performDestroy]
12-28 05:18:22.889 I/commit_sys_config_file( 1508): [notification-policy,13193807]
12-28 05:18:23.069 I/wm_destroy_activity( 1508): [0,242218382,46,com.android.music/com.codeaurora.music.custom.PermissionActivity,finish-imm:idle]
12-28 05:18:23.087 I/wm_on_stop_called( 7550): [242218382,com.codeaurora.music.custom.PermissionActivity,LIFECYCLER_STOP_ACTIVITY]
12-28 05:18:23.087 I/wm_on_destroy_called( 7550): [242218382,com.codeaurora.music.custom.PermissionActivity,performDestroy]
12-28 05:18:23.489 I/input_interaction( 1508): Interaction with: d788c04 com.android.music/com.android.music.MusicBrowserActivity (server), edge-swipe (server), swipe-up (server), PointerEventDispatcher0 (server),
12-28 05:18:23.494 I/wm_task_moved( 1508): [1,0,0]
12-28 05:18:23.494 I/wm_task_moved( 1508): [1,0,9]
12-28 05:18:23.502 I/wm_on_restart_called( 2857): [186653412,com.android.launcher3.uioverrides.QuickstepLauncher,performRestartActivity]
12-28 05:18:23.518 I/wm_on_start_called( 2857): [186653412,com.android.launcher3.uioverrides.QuickstepLauncher,handleStartActivity]
12-28 05:18:23.530 I/sysui_multi_action( 1508): [319,3,322,33,325,13217,757,761,758,9,759,5,806,com.android.launcher3,871,com.android.launcher3.uioverrides.QuickstepLauncher,905,0,1320,4,1321,1]
12-28 05:18:23.582 I/view_enqueue_input_event( 7550): [Motion - Cancel,com.android.music/com.android.music.MusicBrowserActivity]
12-28 05:18:23.593 I/sysui_latency( 2857): [1,34]
12-28 05:18:23.596 I/input_interaction( 1508): Interaction with: edge-swipe (server), swipe-up (server), PointerEventDispatcher0 (server),
12-28 05:18:23.603 I/input_focus( 1508): [Focus request recents_animation_input_consumer,reason=UpdateInputWindows]
12-28 05:18:23.636 I/input_focus( 1508): [Focus leaving d788c04 com.android.music/com.android.music.MusicBrowserActivity (server),reason=NOT_FOCUSABLE]
12-28 05:18:23.636 I/input_focus( 1508): [Focus entering recents_animation_input_consumer (server),reason=setFocusedWindow]
12-28 05:18:23.631 I/auditd ( 0): type=1400 audit(0.0:14568): avc: denied { kill } for comm="swapper/6" capability=5 scontext=u:r:kernel:s0 tcontext=u:r:kernel:s0 tclass=capability permissive=0
12-28 05:18:23.718 I/commit_sys_config_file( 1508): [settings-1-0,1]
12-28 05:18:23.899 I/am_meminfo( 1508): [2415456256,929710080,9891840,448032768,650624000]
12-28 05:18:23.967 I/commit_sys_config_file( 1508): [settings-1-0,2]
12-28 05:18:23.982 I/notification_cancel_all( 1508): [10096,5768,com.ss.android.lark,0,0,64,9,NULL]
12-28 05:18:24.007 I/am_pss ( 1508): [7550,10084,com.android.music,54194176,47652864,52224,170778624,1,2,7]
12-28 05:18:24.029 I/am_pss ( 1508): [7079,90000,com.microsoft.emmx:sandboxed_process0:org.chromium.content.app.SandboxedProcessService0:0,17371136,3756032,1605632,104636416,1,19,5]
12-28 05:18:24.081 I/am_pss ( 1508): [6214,10097,com.tencent.mm,286548992,224210944,46080,545312768,1,10,22]
12-28 05:18:24.106 I/am_pss ( 1508): [6960,10097,com.tencent.mm:appbrand1,143338496,85299200,53248,384630784,1,17,16]
12-28 05:18:24.325 I/am_pss ( 1508): [5768,10096,com.ss.android.lark,320405504,260968448,98304,483598336,1,10,21]
12-28 05:18:24.339 I/am_pss ( 1508): [6235,10096,com.ss.android.lark:sandboxed_process1,99547136,47788032,222208,241094656,1,10,11]
12-28 05:18:24.390 I/am_pss ( 1508): [4168,10098,com.tencent.tmgp.sgame,747789312,716894208,14102528,855089152,1,16,36]
12-28 05:18:24.397 I/am_pss ( 1508): [4205,10098,com.tencent.tmgp.sgame:xg_vip_service,15107072,6746112,776192,107180032,1,10,5]
12-28 05:18:24.404 I/am_pss ( 1508): [2362,1002,com.android.bluetooth,32211968,29229056,53248,121221120,1,0,7]
12-28 05:18:24.417 I/am_pss ( 1508): [3783,10036,com.baidu.input,92785664,83243008,52224,212054016,1,7,10]
12-28 05:18:24.424 I/wm_task_moved( 1508): [1,1,10]
12-28 05:18:24.425 I/wm_task_moved( 1508): [10,1,2147483647]
12-28 05:18:24.425 I/wm_task_to_front( 1508): [0,10]
12-28 05:18:24.425 I/wm_focused_root_task( 1508): [0,0,1,46,RecentsAnimation.onAnimationFinished()]
12-28 05:18:24.425 I/wm_on_top_resumed_lost_called( 7550): [171338660,com.android.music.MusicBrowserActivity,topStateChangedWhenResumed]
12-28 05:18:24.426 I/wm_set_resumed_activity( 1508): [0,com.android.launcher3/.uioverrides.QuickstepLauncher,RecentsAnimation.onAnimationFinished()]
12-28 05:18:24.426 I/wm_pause_activity( 1508): [0,171338660,com.android.music/.MusicBrowserActivity,userLeaving=true,pauseBackTasks]
12-28 05:18:24.427 I/wm_add_to_stopping( 1508): [0,171338660,com.android.music/.MusicBrowserActivity,makeInvisible]
12-28 05:18:24.427 I/wm_set_resumed_activity( 1508): [0,com.android.launcher3/.uioverrides.QuickstepLauncher,resumeTopActivityInnerLocked]
12-28 05:18:24.429 I/wm_resume_activity( 1508): [0,186653412,10,com.android.launcher3/.uioverrides.QuickstepLauncher]
12-28 05:18:24.429 I/wm_on_resume_called( 2857): [186653412,com.android.launcher3.uioverrides.QuickstepLauncher,RESUME_ACTIVITY]
12-28 05:18:24.433 I/am_pss ( 1508): [6497,10097,com.tencent.mm:push,94967808,46931968,53248,309547008,1,10,15]
12-28 05:18:24.434 I/input_focus( 1508): [Focus request 2711ce0 com.android.launcher3/com.android.launcher3.uioverrides.QuickstepLauncher,reason=UpdateInputWindows]
12-28 05:18:24.435 I/wm_stop_activity( 1508): [0,171338660,com.android.music/.MusicBrowserActivity]
12-28 05:18:24.436 I/wm_on_paused_called( 7550): [171338660,com.android.music.MusicBrowserActivity,performPause]
12-28 05:18:24.437 I/sysui_multi_action( 1508): [757,803,799,window_time_0,802,2]
12-28 05:18:24.438 I/sysui_multi_action( 1508): [757,803,799,window_time_0,802,0]
12-28 05:18:24.440 I/input_focus( 1508): [Focus leaving recents_animation_input_consumer (server),reason=NOT_VISIBLE]
12-28 05:18:24.441 I/wm_on_stop_called( 7550): [171338660,com.android.music.MusicBrowserActivity,STOP_ACTIVITY_ITEM]
12-28 05:18:24.443 I/wm_on_top_resumed_gained_called( 2857): [186653412,com.android.launcher3.uioverrides.QuickstepLauncher,topStateChangedWhenResumed]
12-28 05:18:24.456 I/input_focus( 1508): [Focus entering 2711ce0 com.android.launcher3/com.android.launcher3.uioverrides.QuickstepLauncher (server),reason=setFocusedWindow]
12-28 05:18:24.465 I/am_pss ( 1508): [6706,10097,com.tencent.mm:appbrand0,264833024,207351808,53248,507064320,1,17,27]
12-28 05:18:24.477 I/am_pss ( 1508): [7318,10096,com.ss.android.lark:wschannel,63885312,22233088,95232,196415488,1,10,11]
12-28 05:18:24.484 I/am_pss ( 1508): [3490,10094,com.android.providers.media.module,22449152,19603456,53248,109486080,1,0,7]
12-28 05:18:24.496 I/am_pss ( 1508): [6777,10030,com.microsoft.emmx,66885632,42168320,52224,211492864,1,19,10]
12-28 05:18:24.502 I/am_pss ( 1508): [3989,10065,com.thundercomm.gamemode.provider,8474624,6103040,54272,91148288,1,5,4]
12-28 05:18:24.505 I/input_interaction( 1508): Interaction with: 2711ce0 com.android.launcher3/com.android.launcher3.uioverrides.QuickstepLauncher (server), cd21bea com.android.systemui.ImageWallpaper (server), edge-swipe (server), swipe-up (server), PointerEventDispatcher0 (server),
12-28 05:18:24.509 I/am_pss ( 1508): [3115,10095,android.ext.services,15347712,12935168,54272,97681408,1,5,6]
12-28 05:18:24.518 I/am_pss ( 1508): [2843,1000,com.thundercomm.gamemode,30921728,21385216,5110784,121917440,1,10,7]
12-28 05:18:24.525 I/am_pss ( 1508): [3549,10073,com.qualcomm.location.XT,6096896,4194304,54272,83308544,1,6,5]
12-28 05:18:24.531 I/am_pss ( 1508): [3457,10085,com.qualcomm.qti.workloadclassifier,9498624,7360512,54272,89595904,1,0,5]
12-28 05:18:24.537 I/am_pss ( 1508): [3452,10082,com.qualcomm.qti.qccnetstat,5807104,3952640,54272,81862656,1,0,5]
12-28 05:18:24.544 I/am_pss ( 1508): [3420,10079,com.qualcomm.qti.services.systemhelper:systemhelper_service,5913600,4046848,54272,81825792,1,0,5]
12-28 05:18:24.551 I/am_pss ( 1508): [3399,10054,.pasr,5501952,3670016,54272,80289792,1,0,5]
12-28 05:18:24.558 I/am_pss ( 1508): [3345,10089,com.hht.lebocast,22592512,14360576,108544,79192064,1,0,6]
12-28 05:18:24.563 I/am_pss ( 1508): [3351,10059,ts.car.uart,5573632,3710976,54272,80666624,1,0,4]
12-28 05:18:24.568 I/am_pss ( 1508): [3174,10077,com.qualcomm.location,8424448,5996544,54272,91111424,1,0,5]
12-28 05:18:24.574 I/am_pss ( 1508): [2827,1000,com.qualcomm.qti.qdma,15951872,13398016,53248,102633472,1,0,5]
12-28 05:18:24.580 I/am_pss ( 1508): [3920,10062,com.qualcomm.qti.devicestatisticsservice,5454848,3629056,54272,79929344,1,0,5]
12-28 05:18:24.585 I/am_pss ( 1508): [2763,1000,com.thundercomm.tcservice,6625280,4575232,54272,86212608,1,0,4]
12-28 05:18:24.591 I/am_pss ( 1508): [2728,1000,com.thundercomm.remotecontrolservice,6035456,4120576,54272,82984960,1,0,5]
12-28 05:18:24.597 I/am_pss ( 1508): [2721,1068,com.android.se,5808128,3907584,54272,82960384,1,0,5]
12-28 05:18:24.602 I/am_pss ( 1508): [2690,10083,com.qti.qualcomm.mstatssystemservice,5495808,3633152,54272,81465344,1,0,4]
12-28 05:18:24.607 I/am_pss ( 1508): [2664,1000,vendor.qti.qesdk.sysservice,5571584,3670016,54272,82587648,1,0,5]
12-28 05:18:24.615 I/am_pss ( 1508): [2629,1000,com.thundercomm.tcsetupwizard,42460160,38522880,53248,143450112,1,0,6]
12-28 05:18:24.620 I/am_pss ( 1508): [2625,1000,com.tc.logclient,6601728,4665344,54272,85225472,1,0,5]
12-28 05:18:24.625 I/am_pss ( 1508): [2622,1000,com.thundercomm.tchttpserver,6181888,4276224,54272,83529728,1,0,5]
12-28 05:18:24.630 I/am_pss ( 1508): [2602,1001,.dataservices,7489536,5402624,54272,87076864,1,0,4]
12-28 05:18:24.635 I/am_pss ( 1508): [2611,10055,.qtidataservices,5701632,3817472,54272,82333696,1,0,4]
12-28 05:18:24.641 I/am_pss ( 1508): [2594,1000,com.thundercomm.microsettings,17414144,11743232,54272,106426368,1,0,5]
12-28 05:18:24.646 I/wm_task_created( 1508): [47,-1]
12-28 05:18:24.647 I/am_pss ( 1508): [2575,1000,com.thundercomm.microservice,6063104,4169728,54272,83263488,1,0,6]
12-28 05:18:24.649 I/wm_task_moved( 1508): [47,1,11]
12-28 05:18:24.649 I/wm_task_to_front( 1508): [0,47]
12-28 05:18:24.649 I/wm_create_task( 1508): [0,47]
12-28 05:18:24.649 I/wm_create_activity( 1508): [0,205857623,47,com.android.gallery3d/.app.GalleryActivity,android.intent.action.MAIN,NULL,NULL,270532608]
12-28 05:18:24.649 I/wm_task_moved( 1508): [47,1,11]
12-28 05:18:24.650 I/wm_pause_activity( 1508): [0,186653412,com.android.launcher3/.uioverrides.QuickstepLauncher,userLeaving=true,pauseBackTasks]
12-28 05:18:24.652 I/wm_on_top_resumed_lost_called( 2857): [186653412,com.android.launcher3.uioverrides.QuickstepLauncher,topStateChangedWhenResumed]
12-28 05:18:24.652 I/am_uid_running( 1508): 10069
12-28 05:18:24.653 I/wm_on_paused_called( 2857): [186653412,com.android.launcher3.uioverrides.QuickstepLauncher,performPause]
12-28 05:18:24.654 I/am_pss ( 1508): [2505,1073,com.android.networkstack.process,12087296,9629696,53248,96485376,1,0,6]
12-28 05:18:24.654 I/wm_add_to_stopping( 1508): [0,186653412,com.android.launcher3/.uioverrides.QuickstepLauncher,makeInvisible]
12-28 05:18:24.657 I/sysui_multi_action( 1508): [757,803,799,window_time_0,802,0]
12-28 05:18:24.659 I/am_proc_start( 1508): [0,7771,10069,com.android.gallery3d,pre-top-activity,{com.android.gallery3d/com.android.gallery3d.app.GalleryActivity}]
12-28 05:18:24.669 I/am_proc_bound( 1508): [0,7771,com.android.gallery3d]
12-28 05:18:24.670 I/am_pss ( 1508): [2379,10080,com.android.systemui,171892736,162512896,50176,292265984,1,0,13]
12-28 05:18:24.672 I/input_focus( 1508): [Focus leaving 2711ce0 com.android.launcher3/com.android.launcher3.uioverrides.QuickstepLauncher (server),reason=NO_WINDOW]
12-28 05:18:24.673 I/wm_restart_activity( 1508): [0,205857623,47,com.android.gallery3d/.app.GalleryActivity]
12-28 05:18:24.674 I/wm_set_resumed_activity( 1508): [0,com.android.gallery3d/.app.GalleryActivity,minimalResumeActivityLocked]
12-28 05:18:24.675 I/am_uid_active( 1508): 10069
12-28 05:18:24.695 I/am_pss ( 1508): [1508,1000,system,193668096,116936704,49152,468676608,1,0,21]
12-28 05:18:24.748 I/wm_on_create_called( 7771): [205857623,com.android.gallery3d.app.GalleryActivity,performCreate]
12-28 05:18:24.750 I/wm_on_start_called( 7771): [205857623,com.android.gallery3d.app.GalleryActivity,handleStartActivity]
12-28 05:18:24.753 I/wm_on_resume_called( 7771): [205857623,com.android.gallery3d.app.GalleryActivity,RESUME_ACTIVITY]
12-28 05:18:24.761 I/wm_on_top_resumed_gained_called( 7771): [205857623,com.android.gallery3d.app.GalleryActivity,topStateChangedWhenResumed]
12-28 05:18:24.777 I/input_focus( 1508): [Focus request ffabe27 com.android.gallery3d/com.android.gallery3d.app.GalleryActivity,reason=UpdateInputWindows]
12-28 05:18:24.849 I/sysui_multi_action( 1508): [319,36,321,34,322,204,325,13218,757,761,758,7,759,1,806,com.android.gallery3d,871,com.android.gallery3d.app.GalleryActivity,904,com.android.launcher3,905,0,945,26,1320,4,1321,1]
12-28 05:18:24.849 I/wm_activity_launch_time( 1508): [0,205857623,com.android.gallery3d/.app.GalleryActivity,204]
12-28 05:18:24.857 I/input_focus( 1508): [Focus entering ffabe27 com.android.gallery3d/com.android.gallery3d.app.GalleryActivity (server),reason=Window became focusable. Previous reason: NOT_VISIBLE]
12-28 05:18:25.208 I/wm_stop_activity( 1508): [0,186653412,com.android.launcher3/.uioverrides.QuickstepLauncher]
12-28 05:18:25.232 I/wm_on_stop_called( 2857): [186653412,com.android.launcher3.uioverrides.QuickstepLauncher,STOP_ACTIVITY_ITEM]
12-28 05:18:25.631 I/auditd ( 0): type=1400 audit(0.0:14569): avc: denied { kill } for comm="swapper/7" capability=5 scontext=u:r:kernel:s0 tcontext=u:r:kernel:s0 tclass=capability permissive=0
12-28 05:18:25.659 I/input_interaction( 1508): Interaction with: ffabe27 com.android.gallery3d/com.android.gallery3d.app.GalleryActivity (server), edge-swipe (server), swipe-up (server), PointerEventDispatcher0 (server),
12-28 05:18:25.664 I/wm_task_moved( 1508): [1,0,0]
12-28 05:18:25.664 I/wm_task_moved( 1508): [1,0,10]
12-28 05:18:25.674 I/wm_on_restart_called( 2857): [186653412,com.android.launcher3.uioverrides.QuickstepLauncher,performRestartActivity]
12-28 05:18:25.691 I/wm_on_start_called( 2857): [186653412,com.android.launcher3.uioverrides.QuickstepLauncher,handleStartActivity]
12-28 05:18:25.705 I/sysui_multi_action( 1508): [319,3,322,38,325,13219,757,761,758,9,759,5,806,com.android.launcher3,871,com.android.launcher3.uioverrides.QuickstepLauncher,905,0,1320,4,1321,1]
12-28 05:18:25.713 I/view_enqueue_input_event( 7771): [Motion - Cancel,com.android.gallery3d/com.android.gallery3d.app.GalleryActivity]
12-28 05:18:25.718 I/sysui_latency( 2857): [1,37]
12-28 05:18:25.722 I/input_focus( 1508): [Focus request recents_animation_input_consumer,reason=UpdateInputWindows]
12-28 05:18:25.725 I/input_interaction( 1508): Interaction with: edge-swipe (server), swipe-up (server), PointerEventDispatcher0 (server),
12-28 05:18:25.741 I/input_focus( 1508): [Focus leaving ffabe27 com.android.gallery3d/com.android.gallery3d.app.GalleryActivity (server),reason=NOT_FOCUSABLE]
12-28 05:18:25.741 I/input_focus( 1508): [Focus entering recents_animation_input_consumer (server),reason=setFocusedWindow]
12-28 05:18:25.890 I/commit_sys_config_file( 1508): [settings-1-0,0]
12-28 05:18:26.004 I/sysui_latency( 1508): [8,41]
12-28 05:18:26.515 I/wm_task_moved( 1508): [1,1,11]
12-28 05:18:26.516 I/wm_task_moved( 1508): [10,1,2147483647]
12-28 05:18:26.516 I/wm_task_to_front( 1508): [0,10]
12-28 05:18:26.516 I/wm_on_top_resumed_lost_called( 7771): [205857623,com.android.gallery3d.app.GalleryActivity,topStateChangedWhenResumed]
12-28 05:18:26.516 I/wm_focused_root_task( 1508): [0,0,1,47,RecentsAnimation.onAnimationFinished()]
12-28 05:18:26.517 I/wm_set_resumed_activity( 1508): [0,com.android.launcher3/.uioverrides.QuickstepLauncher,RecentsAnimation.onAnimationFinished()]
12-28 05:18:26.517 I/wm_pause_activity( 1508): [0,205857623,com.android.gallery3d/.app.GalleryActivity,userLeaving=true,pauseBackTasks]
12-28 05:18:26.517 I/wm_add_to_stopping( 1508): [0,205857623,com.android.gallery3d/.app.GalleryActivity,makeInvisible]
12-28 05:18:26.518 I/wm_set_resumed_activity( 1508): [0,com.android.launcher3/.uioverrides.QuickstepLauncher,resumeTopActivityInnerLocked]
12-28 05:18:26.518 I/wm_resume_activity( 1508): [0,186653412,10,com.android.launcher3/.uioverrides.QuickstepLauncher]
12-28 05:18:26.518 I/wm_on_resume_called( 2857): [186653412,com.android.launcher3.uioverrides.QuickstepLauncher,RESUME_ACTIVITY]
12-28 05:18:26.522 I/input_focus( 1508): [Focus request 2711ce0 com.android.launcher3/com.android.launcher3.uioverrides.QuickstepLauncher,reason=UpdateInputWindows]
12-28 05:18:26.524 I/wm_on_paused_called( 7771): [205857623,com.android.gallery3d.app.GalleryActivity,performPause]
12-28 05:18:26.524 I/wm_stop_activity( 1508): [0,205857623,com.android.gallery3d/.app.GalleryActivity]
12-28 05:18:26.525 I/sysui_multi_action( 1508): [757,803,799,window_time_0,802,2]
12-28 05:18:26.526 I/wm_on_top_resumed_gained_called( 2857): [186653412,com.android.launcher3.uioverrides.QuickstepLauncher,topStateChangedWhenResumed]
12-28 05:18:26.527 I/input_focus( 1508): [Focus leaving recents_animation_input_consumer (server),reason=NOT_VISIBLE]
12-28 05:18:26.531 I/sysui_multi_action( 1508): [757,803,799,window_time_0,802,0]
12-28 05:18:26.539 I/wm_on_stop_called( 7771): [205857623,com.android.gallery3d.app.GalleryActivity,STOP_ACTIVITY_ITEM]
12-28 05:18:26.544 I/input_focus( 1508): [Focus entering 2711ce0 com.android.launcher3/com.android.launcher3.uioverrides.QuickstepLauncher (server),reason=setFocusedWindow]
12-28 05:18:26.631 I/auditd ( 0): type=1400 audit(0.0:14570): avc: denied { kill } for comm="swapper/7" capability=5 scontext=u:r:kernel:s0 tcontext=u:r:kernel:s0 tclass=capability permissive=0
12-28 05:18:26.676 I/input_interaction( 1508): Interaction with: 2711ce0 com.android.launcher3/com.android.launcher3.uioverrides.QuickstepLauncher (server), cd21bea com.android.systemui.ImageWallpaper (server), edge-swipe (server), swipe-up (server), PointerEventDispatcher0 (server),
12-28 05:18:26.842 I/commit_sys_config_file( 1508): [package-user-0,1]
12-28 05:18:27.048 I/commit_sys_config_file( 1508): [settings-1-0,2]
12-28 05:18:27.062 I/service_manager_stats( 1508): [100,85,10771]
12-28 05:18:27.595 I/netstats_mobile_sample( 1508): [0,0,0,0,0,0,0,0,0,0,0,0,1672175907595]
12-28 05:18:27.595 I/netstats_wifi_sample( 1508): [6452428179,4847231,67097456,933713,6452428179,4847231,67097456,933713,6457079457,4895870,56936176,909378,1672175907595]
12-28 05:18:27.631 I/auditd ( 0): type=1400 audit(0.0:14571): avc: denied { kill } for comm="swapper/7" capability=5 scontext=u:r:kernel:s0 tcontext=u:r:kernel:s0 tclass=capability permissive=0
12-28 05:18:27.743 I/wm_task_created( 1508): [48,-1]
12-28 05:18:27.747 I/wm_task_moved( 1508): [48,1,12]
12-28 05:18:27.747 I/wm_task_to_front( 1508): [0,48]
12-28 05:18:27.747 I/wm_create_task( 1508): [0,48]
12-28 05:18:27.747 I/wm_create_activity( 1508): [0,221218641,48,com.android.deskclock/.DeskClock,android.intent.action.MAIN,NULL,NULL,270532608]
12-28 05:18:27.747 I/wm_task_moved( 1508): [48,1,12]
12-28 05:18:27.748 I/wm_pause_activity( 1508): [0,186653412,com.android.launcher3/.uioverrides.QuickstepLauncher,userLeaving=true,pauseBackTasks]
12-28 05:18:27.751 I/am_uid_running( 1508): 10067
12-28 05:18:27.753 I/wm_on_top_resumed_lost_called( 2857): [186653412,com.android.launcher3.uioverrides.QuickstepLauncher,topStateChangedWhenResumed]
12-28 05:18:27.753 I/wm_on_paused_called( 2857): [186653412,com.android.launcher3.uioverrides.QuickstepLauncher,performPause]
12-28 05:18:27.755 I/wm_add_to_stopping( 1508): [0,186653412,com.android.launcher3/.uioverrides.QuickstepLauncher,makeInvisible]
12-28 05:18:27.757 I/am_proc_start( 1508): [0,7916,10067,com.android.deskclock,pre-top-activity,{com.android.deskclock/com.android.deskclock.DeskClock}]
12-28 05:18:27.757 I/sysui_multi_action( 1508): [757,803,799,window_time_0,802,1]
12-28 05:18:27.769 I/am_proc_bound( 1508): [0,7916,com.android.deskclock]
12-28 05:18:27.777 I/wm_restart_activity( 1508): [0,221218641,48,com.android.deskclock/.DeskClock]
12-28 05:18:27.778 I/wm_set_resumed_activity( 1508): [0,com.android.deskclock/.DeskClock,minimalResumeActivityLocked]
12-28 05:18:27.778 I/am_uid_active( 1508): 10067
12-28 05:18:27.782 I/input_focus( 1508): [Focus leaving 2711ce0 com.android.launcher3/com.android.launcher3.uioverrides.QuickstepLauncher (server),reason=NO_WINDOW]
12-28 05:18:27.854 I/wm_on_create_called( 7916): [221218641,com.android.deskclock.DeskClock,performCreate]
12-28 05:18:27.855 I/wm_on_start_called( 7916): [221218641,com.android.deskclock.DeskClock,handleStartActivity]
12-28 05:18:27.856 I/wm_on_resume_called( 7916): [221218641,com.android.deskclock.DeskClock,RESUME_ACTIVITY]
12-28 05:18:27.860 I/wm_on_top_resumed_gained_called( 7916): [221218641,com.android.deskclock.DeskClock,topStateChangedWhenResumed]
12-28 05:18:27.958 I/input_focus( 1508): [Focus request 67299e com.android.deskclock/com.android.deskclock.DeskClock,reason=UpdateInputWindows]
12-28 05:18:28.023 I/sysui_multi_action( 1508): [319,35,321,33,322,285,325,13221,757,761,758,7,759,1,806,com.android.deskclock,871,com.android.deskclock.DeskClock,904,com.android.launcher3,905,0,945,40,1320,4,1321,1]
12-28 05:18:28.023 I/wm_activity_launch_time( 1508): [0,221218641,com.android.deskclock/.DeskClock,285]
12-28 05:18:28.030 I/input_focus( 1508): [Focus entering 67299e com.android.deskclock/com.android.deskclock.DeskClock (server),reason=Window became focusable. Previous reason: NOT_VISIBLE]
12-28 05:18:28.298 I/wm_stop_activity( 1508): [0,186653412,com.android.launcher3/.uioverrides.QuickstepLauncher]
12-28 05:18:28.316 I/wm_on_stop_called( 2857): [186653412,com.android.launcher3.uioverrides.QuickstepLauncher,STOP_ACTIVITY_ITEM]
12-28 05:18:28.631 I/auditd ( 0): type=1400 audit(0.0:14572): avc: denied { kill } for comm="swapper/7" capability=5 scontext=u:r:kernel:s0 tcontext=u:r:kernel:s0 tclass=capability permissive=0
12-28 05:18:28.680 I/input_interaction( 1508): Interaction with: 67299e com.android.deskclock/com.android.deskclock.DeskClock (server), edge-swipe (server), swipe-up (server), PointerEventDispatcher0 (server),
12-28 05:18:28.685 I/wm_task_moved( 1508): [1,0,0]
12-28 05:18:28.685 I/wm_task_moved( 1508): [1,0,11]
12-28 05:18:28.698 I/wm_on_restart_called( 2857): [186653412,com.android.launcher3.uioverrides.QuickstepLauncher,performRestartActivity]
12-28 05:18:28.717 I/wm_on_start_called( 2857): [186653412,com.android.launcher3.uioverrides.QuickstepLauncher,handleStartActivity]
12-28 05:18:28.732 I/sysui_latency( 2857): [1,43]
12-28 05:18:28.733 I/input_interaction( 1508): Interaction with: edge-swipe (server), swipe-up (server), PointerEventDispatcher0 (server),
12-28 05:18:28.736 I/view_enqueue_input_event( 7916): [Motion - Cancel,com.android.deskclock/com.android.deskclock.DeskClock]
12-28 05:18:28.741 I/sysui_multi_action( 1508): [319,3,322,53,325,13222,757,761,758,9,759,5,806,com.android.launcher3,871,com.android.launcher3.uioverrides.QuickstepLauncher,905,0,1320,4,1321,1]
12-28 05:18:28.742 I/input_focus( 1508): [Focus request recents_animation_input_consumer,reason=UpdateInputWindows]
12-28 05:18:28.765 I/input_focus( 1508): [Focus leaving 67299e com.android.deskclock/com.android.deskclock.DeskClock (server),reason=NOT_FOCUSABLE]
12-28 05:18:28.765 I/input_focus( 1508): [Focus entering recents_animation_input_consumer (server),reason=setFocusedWindow]
12-28 05:18:28.901 I/commit_sys_config_file( 1508): [settings-1-0,1]
12-28 05:18:29.039 I/sysui_latency( 1508): [8,57]
12-28 05:18:29.502 I/wm_task_moved( 1508): [1,1,12]
12-28 05:18:29.503 I/wm_task_moved( 1508): [10,1,2147483647]
12-28 05:18:29.503 I/wm_task_to_front( 1508): [0,10]
12-28 05:18:29.503 I/wm_focused_root_task( 1508): [0,0,1,48,RecentsAnimation.onAnimationFinished()]
12-28 05:18:29.503 I/wm_on_top_resumed_lost_called( 7916): [221218641,com.android.deskclock.DeskClock,topStateChangedWhenResumed]
12-28 05:18:29.503 I/wm_set_resumed_activity( 1508): [0,com.android.launcher3/.uioverrides.QuickstepLauncher,RecentsAnimation.onAnimationFinished()]
12-28 05:18:29.504 I/wm_pause_activity( 1508): [0,221218641,com.android.deskclock/.DeskClock,userLeaving=true,pauseBackTasks]
12-28 05:18:29.505 I/wm_add_to_stopping( 1508): [0,221218641,com.android.deskclock/.DeskClock,makeInvisible]
12-28 05:18:29.505 I/wm_set_resumed_activity( 1508): [0,com.android.launcher3/.uioverrides.QuickstepLauncher,resumeTopActivityInnerLocked]
12-28 05:18:29.506 I/wm_resume_activity( 1508): [0,186653412,10,com.android.launcher3/.uioverrides.QuickstepLauncher]
12-28 05:18:29.507 I/wm_on_resume_called( 2857): [186653412,com.android.launcher3.uioverrides.QuickstepLauncher,RESUME_ACTIVITY]
12-28 05:18:29.510 I/input_focus( 1508): [Focus request 2711ce0 com.android.launcher3/com.android.launcher3.uioverrides.QuickstepLauncher,reason=UpdateInputWindows]
12-28 05:18:29.511 I/wm_on_top_resumed_gained_called( 2857): [186653412,com.android.launcher3.uioverrides.QuickstepLauncher,topStateChangedWhenResumed]
12-28 05:18:29.511 I/wm_on_paused_called( 7916): [221218641,com.android.deskclock.DeskClock,performPause]
12-28 05:18:29.512 I/wm_stop_activity( 1508): [0,221218641,com.android.deskclock/.DeskClock]
12-28 05:18:29.513 I/sysui_multi_action( 1508): [757,803,799,window_time_0,802,2]
12-28 05:18:29.513 I/sysui_multi_action( 1508): [757,803,799,window_time_0,802,0]
12-28 05:18:29.517 I/input_focus( 1508): [Focus leaving recents_animation_input_consumer (server),reason=NOT_VISIBLE]
12-28 05:18:29.525 I/wm_on_stop_called( 7916): [221218641,com.android.deskclock.DeskClock,STOP_ACTIVITY_ITEM]
12-28 05:18:29.533 I/input_focus( 1508): [Focus entering 2711ce0 com.android.launcher3/com.android.launcher3.uioverrides.QuickstepLauncher (server),reason=setFocusedWindow]
12-28 05:18:29.631 I/auditd ( 0): type=1400 audit(0.0:14573): avc: denied { kill } for comm="swapper/7" capability=5 scontext=u:r:kernel:s0 tcontext=u:r:kernel:s0 tclass=capability permissive=0
12-28 05:18:30.165 I/input_interaction( 1508): Interaction with: 2711ce0 com.android.launcher3/com.android.launcher3.uioverrides.QuickstepLauncher (server), cd21bea com.android.systemui.ImageWallpaper (server), edge-swipe (server), swipe-up (server), PointerEventDispatcher0 (server),
12-28 05:18:30.250 I/view_enqueue_input_event( 2857): [Motion - Cancel,com.android.launcher3/com.android.launcher3.uioverrides.QuickstepLauncher]
12-28 05:18:30.258 I/input_interaction( 1508): Interaction with: edge-swipe (server), swipe-up (server), PointerEventDispatcher0 (server),
12-28 05:18:30.438 I/commit_sys_config_file( 1508): [settings-1-0,1]
12-28 05:18:30.631 I/auditd ( 0): type=1400 audit(0.0:14574): avc: denied { kill } for comm="swapper/7" capability=5 scontext=u:r:kernel:s0 tcontext=u:r:kernel:s0 tclass=capability permissive=0
12-28 05:18:30.847 I/commit_sys_config_file( 1508): [settings-1-0,2]
12-28 05:18:31.619 I/auditd ( 6497): type=1400 audit(0.0:14575): avc: denied { getattr } for comm="[GT]ColdPool#8" path="/proc/6497/net/dev" dev="proc" ino=4026532156 scontext=u:r:untrusted_app_29:s0:c97,c256,c512,c768 tcontext=u:object_r:proc_net:s0 tclass=file permissive=0 app=com.tencent.mm
12-28 05:18:31.631 I/auditd ( 0): type=1400 audit(0.0:14576): avc: denied { kill } for comm="swapper/7" capability=5 scontext=u:r:kernel:s0 tcontext=u:r:kernel:s0 tclass=capability permissive=0
12-28 05:18:32.539 I/commit_sys_config_file( 1508): [package-user-0,1]
12-28 05:18:32.539 I/commit_sys_config_file( 1508): [package,12]
12-28 05:18:32.631 I/auditd ( 0): type=1400 audit(0.0:14577): avc: denied { kill } for comm="swapper/7" capability=5 scontext=u:r:kernel:s0 tcontext=u:r:kernel:s0 tclass=capability permissive=0
12-28 05:18:32.916 I/input_interaction( 1508): Interaction with: 2711ce0 com.android.launcher3/com.android.launcher3.uioverrides.QuickstepLauncher (server), cd21bea com.android.systemui.ImageWallpaper (server), edge-swipe (server), swipe-up (server), PointerEventDispatcher0 (server),
12-28 05:18:33.631 I/auditd ( 0): type=1400 audit(0.0:14578): avc: denied { kill } for comm="swapper/7" capability=5 scontext=u:r:kernel:s0 tcontext=u:r:kernel:s0 tclass=capability permissive=0
12-28 05:18:34.187 I/am_proc_died( 1508): [0,6960,com.tencent.mm:appbrand1,900,17]
12-28 05:18:34.188 I/am_schedule_service_restart( 1508): [0,com.tencent.mm/.ipcinvoker.wx_extension.service.Appbrand1IPCService,1000]
12-28 05:18:34.196 I/am_pss ( 1508): [7550,10084,com.android.music,22951936,16793600,52224,137637888,0,4,6]
12-28 05:18:34.200 I/am_proc_died( 1508): [0,6706,com.tencent.mm:appbrand0,920,17]
12-28 05:18:34.200 I/am_schedule_service_restart( 1508): [0,com.tencent.mm/.ipcinvoker.wx_extension.service.Appbrand0IPCService,1000]
12-28 05:18:34.235 I/commit_sys_config_file( 1508): [settings-1-0,1]
12-28 05:18:34.631 I/auditd ( 0): type=1400 audit(0.0:14579): avc: denied { kill } for comm="swapper/7" capability=5 scontext=u:r:kernel:s0 tcontext=u:r:kernel:s0 tclass=capability permissive=0
12-28 05:18:34.750 I/wm_task_created( 1508): [49,-1]
12-28 05:18:34.753 I/wm_task_moved( 1508): [49,1,13]
12-28 05:18:34.753 I/wm_task_to_front( 1508): [0,49]
12-28 05:18:34.753 I/wm_create_task( 1508): [0,49]
12-28 05:18:34.753 I/wm_create_activity( 1508): [0,225276059,49,com.android.calendar/.AllInOneActivity,android.intent.action.MAIN,NULL,NULL,270532608]
12-28 05:18:34.753 I/wm_task_moved( 1508): [49,1,13]
12-28 05:18:34.754 I/wm_pause_activity( 1508): [0,186653412,com.android.launcher3/.uioverrides.QuickstepLauncher,userLeaving=true,pauseBackTasks]
12-28 05:18:34.756 I/am_uid_running( 1508): 10064
12-28 05:18:34.757 I/wm_on_top_resumed_lost_called( 2857): [186653412,com.android.launcher3.uioverrides.QuickstepLauncher,topStateChangedWhenResumed]
12-28 05:18:34.757 I/wm_on_paused_called( 2857): [186653412,com.android.launcher3.uioverrides.QuickstepLauncher,performPause]
12-28 05:18:34.759 I/wm_add_to_stopping( 1508): [0,186653412,com.android.launcher3/.uioverrides.QuickstepLauncher,makeInvisible]
12-28 05:18:34.761 I/sysui_multi_action( 1508): [757,803,799,window_time_0,802,6]
12-28 05:18:34.764 I/am_proc_start( 1508): [0,8040,10064,com.android.calendar,pre-top-activity,{com.android.calendar/com.android.calendar.AllInOneActivity}]
12-28 05:18:34.775 I/am_proc_bound( 1508): [0,8040,com.android.calendar]
12-28 05:18:34.777 I/wm_restart_activity( 1508): [0,225276059,49,com.android.calendar/.AllInOneActivity]
12-28 05:18:34.778 I/wm_set_resumed_activity( 1508): [0,com.android.calendar/.AllInOneActivity,minimalResumeActivityLocked]
12-28 05:18:34.778 I/am_uid_active( 1508): 10064
12-28 05:18:34.781 I/input_focus( 1508): [Focus leaving 2711ce0 com.android.launcher3/com.android.launcher3.uioverrides.QuickstepLauncher (server),reason=NO_WINDOW]
12-28 05:18:34.808 I/am_uid_running( 1508): 10025
12-28 05:18:34.813 I/am_proc_start( 1508): [0,8075,10025,com.android.providers.calendar,content provider,{com.android.providers.calendar/com.android.providers.calendar.CalendarProvider2}]
12-28 05:18:34.819 I/wm_on_create_called( 8040): [225276059,com.android.calendar.AllInOneActivity,performCreate]
12-28 05:18:34.824 I/am_proc_bound( 1508): [0,8075,com.android.providers.calendar]
12-28 05:18:34.825 I/am_uid_active( 1508): 10025
12-28 05:18:34.835 I/wm_on_start_called( 8040): [225276059,com.android.calendar.AllInOneActivity,handleStartActivity]
12-28 05:18:34.836 I/wm_on_resume_called( 8040): [225276059,com.android.calendar.AllInOneActivity,RESUME_ACTIVITY]
12-28 05:18:34.841 I/wm_on_top_resumed_gained_called( 8040): [225276059,com.android.calendar.AllInOneActivity,topStateChangedWhenResumed]
12-28 05:18:34.851 I/input_focus( 1508): [Focus request 5685698 com.android.calendar/com.android.calendar.AllInOneActivity,reason=UpdateInputWindows]
12-28 05:18:34.907 I/sysui_multi_action( 1508): [319,22,321,20,322,156,325,13228,757,761,758,7,759,1,806,com.android.calendar,871,com.android.calendar.AllInOneActivity,904,com.android.launcher3,905,0,945,27,1320,4,1321,1]
12-28 05:18:34.908 I/wm_activity_launch_time( 1508): [0,225276059,com.android.calendar/.AllInOneActivity,156]
12-28 05:18:34.914 I/input_focus( 1508): [Focus entering 5685698 com.android.calendar/com.android.calendar.AllInOneActivity (server),reason=Window became focusable. Previous reason: NOT_VISIBLE]
12-28 05:18:35.298 I/wm_stop_activity( 1508): [0,186653412,com.android.launcher3/.uioverrides.QuickstepLauncher]
12-28 05:18:35.316 I/wm_on_stop_called( 2857): [186653412,com.android.launcher3.uioverrides.QuickstepLauncher,STOP_ACTIVITY_ITEM]
12-28 05:18:35.638 I/input_interaction( 1508): Interaction with: 5685698 com.android.calendar/com.android.calendar.AllInOneActivity (server), edge-swipe (server), swipe-up (server), PointerEventDispatcher0 (server),
12-28 05:18:35.643 I/wm_task_moved( 1508): [1,0,0]
12-28 05:18:35.643 I/wm_task_moved( 1508): [1,0,12]
12-28 05:18:35.648 I/wm_on_restart_called( 2857): [186653412,com.android.launcher3.uioverrides.QuickstepLauncher,performRestartActivity]
12-28 05:18:35.667 I/wm_on_start_called( 2857): [186653412,com.android.launcher3.uioverrides.QuickstepLauncher,handleStartActivity]
12-28 05:18:35.677 I/sysui_multi_action( 1508): [319,3,322,31,325,13229,757,761,758,9,759,5,806,com.android.launcher3,871,com.android.launcher3.uioverrides.QuickstepLauncher,905,0,1320,4,1321,1]
12-28 05:18:35.705 I/view_enqueue_input_event( 8040): [Motion - Cancel,com.android.calendar/com.android.calendar.AllInOneActivity]
12-28 05:18:35.718 I/input_interaction( 1508): Interaction with: edge-swipe (server), swipe-up (server), PointerEventDispatcher0 (server),
12-28 05:18:35.719 I/sysui_latency( 2857): [1,34]
12-28 05:18:35.731 I/input_focus( 1508): [Focus request recents_animation_input_consumer,reason=UpdateInputWindows]
12-28 05:18:35.766 I/input_focus( 1508): [Focus leaving 5685698 com.android.calendar/com.android.calendar.AllInOneActivity (server),reason=NOT_FOCUSABLE]
12-28 05:18:35.766 I/input_focus( 1508): [Focus entering recents_animation_input_consumer (server),reason=setFocusedWindow]
12-28 05:18:35.852 I/commit_sys_config_file( 1508): [settings-1-0,1]
12-28 05:18:35.976 I/sysui_latency( 1508): [8,35]
12-28 05:18:36.519 I/wm_task_moved( 1508): [1,1,13]
12-28 05:18:36.520 I/wm_task_moved( 1508): [10,1,2147483647]
12-28 05:18:36.520 I/wm_task_to_front( 1508): [0,10]
12-28 05:18:36.520 I/wm_focused_root_task( 1508): [0,0,1,49,RecentsAnimation.onAnimationFinished()]
12-28 05:18:36.520 I/wm_on_top_resumed_lost_called( 8040): [225276059,com.android.calendar.AllInOneActivity,topStateChangedWhenResumed]
12-28 05:18:36.521 I/wm_set_resumed_activity( 1508): [0,com.android.launcher3/.uioverrides.QuickstepLauncher,RecentsAnimation.onAnimationFinished()]
12-28 05:18:36.521 I/wm_pause_activity( 1508): [0,225276059,com.android.calendar/.AllInOneActivity,userLeaving=true,pauseBackTasks]
12-28 05:18:36.522 I/wm_add_to_stopping( 1508): [0,225276059,com.android.calendar/.AllInOneActivity,makeInvisible]
12-28 05:18:36.522 I/wm_set_resumed_activity( 1508): [0,com.android.launcher3/.uioverrides.QuickstepLauncher,resumeTopActivityInnerLocked]
12-28 05:18:36.524 I/wm_resume_activity( 1508): [0,186653412,10,com.android.launcher3/.uioverrides.QuickstepLauncher]
12-28 05:18:36.524 I/wm_on_resume_called( 2857): [186653412,com.android.launcher3.uioverrides.QuickstepLauncher,RESUME_ACTIVITY]
12-28 05:18:36.527 I/input_focus( 1508): [Focus request 2711ce0 com.android.launcher3/com.android.launcher3.uioverrides.QuickstepLauncher,reason=UpdateInputWindows]
12-28 05:18:36.529 I/wm_on_paused_called( 8040): [225276059,com.android.calendar.AllInOneActivity,performPause]
12-28 05:18:36.529 I/wm_stop_activity( 1508): [0,225276059,com.android.calendar/.AllInOneActivity]
12-28 05:18:36.530 I/sysui_multi_action( 1508): [757,803,799,window_time_0,802,1]
12-28 05:18:36.530 I/wm_on_top_resumed_gained_called( 2857): [186653412,com.android.launcher3.uioverrides.QuickstepLauncher,topStateChangedWhenResumed]
12-28 05:18:36.530 I/sysui_multi_action( 1508): [757,803,799,window_time_0,802,0]
12-28 05:18:36.534 I/input_focus( 1508): [Focus leaving recents_animation_input_consumer (server),reason=NOT_VISIBLE]
12-28 05:18:36.540 I/wm_on_stop_called( 8040): [225276059,com.android.calendar.AllInOneActivity,STOP_ACTIVITY_ITEM]
12-28 05:18:36.550 I/input_focus( 1508): [Focus entering 2711ce0 com.android.launcher3/com.android.launcher3.uioverrides.QuickstepLauncher (server),reason=setFocusedWindow]
12-28 05:18:36.631 I/auditd ( 0): type=1400 audit(0.0:14580): avc: denied { kill } for comm="swapper/7" capability=5 scontext=u:r:kernel:s0 tcontext=u:r:kernel:s0 tclass=capability permissive=0
12-28 05:18:36.804 I/input_interaction( 1508): Interaction with: 2711ce0 com.android.launcher3/com.android.launcher3.uioverrides.QuickstepLauncher (server), cd21bea com.android.systemui.ImageWallpaper (server), edge-swipe (server), swipe-up (server), PointerEventDispatcher0 (server),
12-28 05:18:37.193 I/commit_sys_config_file( 1508): [settings-1-0,12]
12-28 05:18:37.635 I/auditd ( 0): type=1400 audit(0.0:14581): avc: denied { kill } for comm="swapper/7" capability=5 scontext=u:r:kernel:s0 tcontext=u:r:kernel:s0 tclass=capability permissive=0
12-28 05:18:37.863 I/wm_task_created( 1508): [50,-1]
12-28 05:18:37.866 I/wm_task_moved( 1508): [50,1,14]
12-28 05:18:37.867 I/wm_task_to_front( 1508): [0,50]
12-28 05:18:37.867 I/wm_create_task( 1508): [0,50]
12-28 05:18:37.867 I/wm_create_activity( 1508): [0,105877393,50,com.android.documentsui/.LauncherActivity,android.intent.action.MAIN,NULL,NULL,270532608]
12-28 05:18:37.867 I/wm_task_moved( 1508): [50,1,14]
12-28 05:18:37.868 I/wm_pause_activity( 1508): [0,186653412,com.android.launcher3/.uioverrides.QuickstepLauncher,userLeaving=true,pauseBackTasks]
12-28 05:18:37.870 I/am_uid_running( 1508): 10020
12-28 05:18:37.871 I/wm_on_top_resumed_lost_called( 2857): [186653412,com.android.launcher3.uioverrides.QuickstepLauncher,topStateChangedWhenResumed]
12-28 05:18:37.871 I/wm_on_paused_called( 2857): [186653412,com.android.launcher3.uioverrides.QuickstepLauncher,performPause]
12-28 05:18:37.874 I/sysui_multi_action( 1508): [757,803,799,window_time_0,802,2]
12-28 05:18:37.876 I/am_proc_start( 1508): [0,8171,10020,com.android.documentsui,pre-top-activity,{com.android.documentsui/com.android.documentsui.LauncherActivity}]
12-28 05:18:37.886 I/am_proc_bound( 1508): [0,8171,com.android.documentsui]
12-28 05:18:37.888 I/wm_restart_activity( 1508): [0,105877393,50,com.android.documentsui/.LauncherActivity]
12-28 05:18:37.888 I/wm_set_resumed_activity( 1508): [0,com.android.documentsui/.LauncherActivity,minimalResumeActivityLocked]
12-28 05:18:37.890 I/am_uid_active( 1508): 10020
12-28 05:18:37.934 I/wm_task_created( 1508): [51,-1]
12-28 05:18:37.935 I/wm_task_moved( 1508): [51,1,15]
12-28 05:18:37.935 I/wm_task_to_front( 1508): [0,51]
12-28 05:18:37.935 I/wm_create_task( 1508): [0,51]
12-28 05:18:37.935 I/wm_create_activity( 1508): [0,8923761,51,com.android.documentsui/.files.FilesActivity,NULL,NULL,//com.android.documentsui.launchControl,271056896]
12-28 05:18:37.935 I/wm_task_moved( 1508): [51,1,15]
12-28 05:18:37.936 I/wm_pause_activity( 1508): [0,105877393,com.android.documentsui/.LauncherActivity,userLeaving=true,pauseBackTasks]
12-28 05:18:37.939 I/wm_finish_activity( 1508): [0,105877393,50,com.android.documentsui/.LauncherActivity,app-request]
