12-28 06:28:45.812 D/ACDB-LOADER( 799): ACDB -> send_afe_cal
12-28 06:28:45.813 D/ACDB-LOADER( 799): ACDB -> ACDB_CMD_GET_AFE_INSTANCE_COMMON_TABLE_SIZE
12-28 06:28:45.813 D/android.hardware.audio.service( 799): Failed to fetch the lookup information of the device 0000000F
12-28 06:28:45.813 D/ACDB-LOADER( 799): Error: ACDB_CMD_GET_AFE_INSTANCE_COMMON_TABLE_SIZE Returned = -19
12-28 06:28:45.813 D/ACDB-LOADER( 799): ACDB -> ACDB_CMD_GET_AFE_INSTANCE_COMMON_TABLE
12-28 06:28:45.813 D/android.hardware.audio.service( 799): Failed to fetch the lookup information of the device 0000000F
12-28 06:28:45.813 D/ACDB-LOADER( 799): Error: ACDB AFE returned = -19
12-28 06:28:45.813 D/ACDB-LOADER( 799): ACDB -> AUDIO_SET_AFE_CAL cal_type[16] acdb_id[15]
12-28 06:28:45.813 D/ACDB-LOADER( 799): ACDB -> send_hw_delay : acdb_id = 15 path = 0
12-28 06:28:45.813 D/ACDB-LOADER( 799): ACDB -> ACDB_AVSYNC_INFO: ACDB_CMD_GET_DEVICE_PROPERTY
12-28 06:28:45.813 D/msm8974_platform( 799): platform_split_snd_device: snd_device(2) num devices(0) new_snd_devices(0)
12-28 06:28:45.813 I/msm8974_platform( 799): platform_get_custom_mtmx_params: no matching param with id 0 ip_ch 2 op_ch 2 uc_id 12 snd_dev 2
12-28 06:28:45.813 D/audio_hw_primary( 799): enable_audio_route: apply mixer and update path: audio-ull-playback
12-28 06:28:45.813 D/audio_route( 799): Apply path: audio-ull-playback
12-28 06:28:45.814 D/audio_hw_primary( 799): select_devices: done
12-28 06:28:45.814 D/msm8974_platform( 799): platform_set_channel_map mixer_ctl_name:Playback Channel Map13
12-28 06:28:45.814 D/msm8974_platform( 799): platform_set_channel_map: set mapping(1 2 0 0 0 0 0 0) for channel:2
12-28 06:28:45.814 E/msm8974_platform( 799): platform_set_channel_map: Could not set ctl, error:-22 ch_count:2
01-05 08:30:21.856 I/ ( 0): snd_pcm_hw_constraint_integer failed
01-05 08:30:21.856 I/msm_pcm_open( 0): P buffer bytes minmax constraint ret 1
01-05 08:30:21.856 E/set_cps_config( 0): get_wsa_dev_num is NULL
12-28 06:28:45.820 I/OMX-VDEC-1080P( 1210): C2D: Start color convertion
01-05 08:30:21.863 I/__afe_port_start( 0): port id: 0xb000
01-05 08:30:21.863 I/afe_find_cal_topo_id_by_port( 0): port id: 0xb000, dev_acdb_id: 0
01-05 08:30:21.863 I/afe_find_cal_topo_id_by_port( 0): top_id:112fc acdb_id:15 afe_port:0xb000
01-05 08:30:21.863 I/afe_get_cal_topology_id( 0): port_id = 0xb000 acdb_id = 15 topology_id = 0x112fc cal_type_index=8 ret=0
01-05 08:30:21.863 E/afe_callback( 0): cmd = 0x100fa returned error = 0x2
01-05 08:30:21.863 E/afe_apr_send_pkt( 0): DSP returned error[ADSP_EBADPARAM]
01-05 08:30:21.863 E/afe_send_port_topology_id( 0): AFE set topology id enable for port 0xb000 failed -22
01-05 08:30:21.863 I/afe_send_port_topology_id( 0): AFE set topology id 0x112fc enable for port 0xb000 ret -22
01-05 08:30:21.863 I/send_afe_cal_type( 0): cal_index is 0
01-05 08:30:21.863 I/send_afe_cal_type( 0): dev_acdb_id[162] is 0
01-05 08:30:21.863 I/send_afe_cal_type( 0): Sending cal_index cal 0
01-05 08:30:21.863 E/send_afe_cal_type( 0): No cal sent for cal_index 0, port_id = 0xb000! ret -22
01-05 08:30:21.863 I/afe_send_hw_delay( 0): port_id 0xb000 rate 48000 delay_usec 474 status 0
01-05 08:30:21.864 E/afe_callback( 0): cmd = 0x100fa returned error = 0x2
01-05 08:30:21.864 E/afe_apr_send_pkt( 0): DSP returned error[ADSP_EBADPARAM]
01-05 08:30:21.864 E/__afe_port_start( 0): AFE enable for port 0xb000 failed -22
12-28 06:28:45.822 E/audio_hw_primary( 799): pcm_open_prepare_helper: pcm_prepare returned -1
01-05 08:30:21.864 E/msm-dai-cdc-dma-dev soc( 0): qcom,msm-dai-cdc-dma:qcom,msm-dai-wsa-cdc-dma-0-rx: fail to open AFE port 0xb000
01-05 08:30:21.864 E/msm-dai-cdc-dma-dev soc( 0): qcom,msm-dai-cdc-dma:qcom,msm-dai-wsa-cdc-dma-0-rx: ASoC: cpu DAI prepare error: -22
01-05 08:30:21.864 E/soc_pcm_prepare( 0): Issue stop stream for codec_dai due to op failure -22 = ret
01-05 08:30:21.864 E/WSA_CDC_DMA_RX_0( 0): ASoC: backend prepare failed -22
12-28 06:28:45.823 W/C2DColorConvert( 1210): calcLumaAlign: unknown format (3) passed for luma alignment number.
12-28 06:28:45.826 D/audio_hw_primary( 799): disable_audio_route: reset and update mixer path: audio-ull-playback
12-28 06:28:45.826 E/soundtrigger( 799): audio_extn_sound_trigger_update_stream_status: invalid input device 0x0, for event 2
12-28 06:28:45.826 D/soundtrigger( 799): audio_extn_sound_trigger_update_stream_status: uc_info->id 12 of type 0 for Event 2, with Raise=0
12-28 06:28:45.826 D/msm8974_platform( 799): platform_split_snd_device: snd_device(2) num devices(0) new_snd_devices(0)
12-28 06:28:45.826 I/msm8974_platform( 799): platform_get_custom_mtmx_params: no matching param with id 0 ip_ch 2 op_ch 2 uc_id 12 snd_dev 2
12-28 06:28:45.826 D/hardware_info( 799): hw_info_append_hw_type : device_name = speaker
12-28 06:28:45.826 D/audio_hw_primary( 799): disable_snd_device: snd_device(2: speaker)
12-28 06:28:45.826 D/msm8974_platform( 799): platform_split_snd_device: snd_device(2) num devices(0) new_snd_devices(0)
12-28 06:28:45.826 I/soundtrigger( 799): audio_extn_sound_trigger_update_device_status: device 0x2 of type 0 for Event 0, with Raise=0
12-28 06:28:45.860 I/OMX-VDEC-1080P( 1210): C2D: Start color convertion
12-28 06:28:45.860 W/C2DColorConvert( 1210): calcLumaAlign: unknown format (3) passed for luma alignment number.
12-28 06:28:45.860 I/OMX-VDEC-1080P( 1210): C2D: Start color convertion
12-28 06:28:45.861 W/C2DColorConvert( 1210): calcLumaAlign: unknown format (3) passed for luma alignment number.
12-28 06:28:45.877 D/audio_hw_primary( 799): out_standby: enter: stream (0xec2064c0) usecase(12: audio-ull-playback)
12-28 06:28:45.877 D/audio_hw_primary( 799): out_standby: exit
12-28 06:28:45.880 D/audio_hw_primary( 799): start_output_stream: enter: stream(0xec2064c0)usecase(12: audio-ull-playback) devices(0x2) is_haptic_usecase(0)
12-28 06:28:45.880 D/audio_hw_primary( 799): select_devices for use case (audio-ull-playback)
12-28 06:28:45.880 I/msm8974_platform( 799): platform_check_and_set_codec_backend_cfg:becf: afe: bitwidth 16, samplerate 48000 channels 2, backend_idx 0 usecase = 12 device (speaker)
12-28 06:28:45.880 D/msm8974_platform( 799): platform_split_snd_device: snd_device(2) num devices(1) new_snd_devices(0)
12-28 06:28:45.880 I/msm8974_platform( 799): platform_check_and_set_codec_backend_cfg: new_snd_devices[0] is 2
12-28 06:28:45.880 I/msm8974_platform( 799): platform_check_codec_backend_cfg:becf: afe: bitwidth 16, samplerate 48000 channels 2, backend_idx 0 usecase = 12 device (speaker)
12-28 06:28:45.881 D/audio_hw_extn( 799): audio_extn_enable_hifi_filter: mixer_value set 0
12-28 06:28:45.881 D/msm8974_platform( 799): platform_check_codec_backend_cfg:becf: updated afe: bitwidth 16, samplerate 48000 channels 2,backend_idx 0 usecase = 12 device (speaker)
12-28 06:28:45.881 D/msm8974_platform( 799): platform_check_codec_backend_cfg:becf: afe: playback on codec device not supporting native playback set default Sample Rate(48k)
12-28 06:28:45.881 I/msm8974_platform( 799): platform_check_codec_backend_cfg:becf: afe: Codec selected backend: 0 updated bit width: 16 and sample rate: 48000
12-28 06:28:45.881 D/audio_hw_primary( 799): check_usecases_codec_backend:becf: force routing 0
12-28 06:28:45.881 E/msm8974_platform( 799): platform_check_backends_match: Invalid snd_device =
12-28 06:28:45.881 D/audio_hw_primary( 799): check_usecases_codec_backend:becf: (78) check_usecases curr device: speaker, usecase device: backends match 0
12-28 06:28:45.881 D/audio_hw_primary( 799): check_usecases_codec_backend:becf: check_usecases num.of Usecases to switch 0
12-28 06:28:45.881 D/hardware_info( 799): hw_info_append_hw_type : device_name = speaker
12-28 06:28:45.881 D/msm8974_platform( 799): platform_split_snd_device: snd_device(2) num devices(0) new_snd_devices(0)
12-28 06:28:45.881 D/audio_hw_primary( 799): enable_snd_device: snd_device(2: speaker)
12-28 06:28:45.881 D/msm8974_platform( 799): platform_get_island_cfg_on_device:island cfg status on snd_device = (speaker 0)
12-28 06:28:45.881 I/soundtrigger( 799): audio_extn_sound_trigger_update_device_status: device 0x2 of type 0 for Event 1, with Raise=0
12-28 06:28:45.881 D/audio_route( 799): Apply path: speaker
12-28 06:28:45.881 I/audio_hw_utils( 799): audio_extn_utils_update_stream_output_app_type_cfg Allowing 24 and above bits playback on speaker ONLY at default sampling rate
12-28 06:28:45.881 E/soundtrigger( 799): audio_extn_sound_trigger_update_stream_status: invalid input device 0x0, for event 3
12-28 06:28:45.881 D/soundtrigger( 799): audio_extn_sound_trigger_update_stream_status: uc_info->id 12 of type 0 for Event 3, with Raise=0
12-28 06:28:45.881 D/audio_hw_utils( 799): audio_extn_utils_send_app_type_cfg: usecase->out_snd_device speaker
12-28 06:28:45.881 D/msm8974_platform( 799): platform_split_snd_device: snd_device(2) num devices(0) new_snd_devices(0)
12-28 06:28:45.881 I/audio_hw_utils( 799): ULL doesnt need sending app type cfg, returning
12-28 06:28:45.881 D/msm8974_platform( 799): platform_split_snd_device: snd_device(2) num devices(1) new_snd_devices(0)
12-28 06:28:45.881 D/audio_hw_utils( 799): audio_extn_btsco_get_sample_rate:Not a BT SCO device, need not update sampling rate
12-28 06:28:45.881 D/ACDB-LOADER( 799): ACDB -> send_audio_cal, acdb_id = 15, path = 0, app id = 0x11137, sample rate = 48000, afe_sample_rate = 48000
12-28 06:28:45.881 D/ACDB-LOADER( 799): ACDB -> send_asm_topology
12-28 06:28:45.881 D/ACDB-LOADER( 799): ACDB -> ACDB_CMD_GET_AUDPROC_STREAM_TOPOLOGY_ID
12-28 06:28:45.881 D/ACDB-LOADER( 799): ACDB -> send_adm_topology
12-28 06:28:45.881 D/ACDB-LOADER( 799): ACDB -> ACDB_CMD_GET_AUDPROC_COMMON_TOPOLOGY_ID
12-28 06:28:45.882 D/ACDB-LOADER( 799): ACDB -> send_audtable
12-28 06:28:45.882 D/ACDB-LOADER( 799): ACDB -> ACDB_CMD_GET_AUDPROC_INSTANCE_COMMON_TABLE_SIZE
12-28 06:28:45.882 D/ACDB-LOADER( 799): ACDB -> ACDB_CMD_GET_AUDPROC_INSTANCE_COMMON_TABLE
12-28 06:28:45.882 D/ACDB-LOADER( 799): ACDB -> AUDIO_SET_AUDPROC_CAL cal_type[11] acdb_id[15] app_type[69943]
12-28 06:28:45.882 D/ACDB-LOADER( 799): ACDB -> send_audvoltable
12-28 06:28:45.882 D/ACDB-LOADER( 799): ACDB -> ACDB_CMD_GET_AUDPROC_INSTANCE_GAIN_DEP_STEP_TABLE_SIZE
12-28 06:28:45.882 D/android.hardware.audio.service( 799): Failed to fetch the lookup information of the device 0000000F
12-28 06:28:45.882 D/ACDB-LOADER( 799): Error: ACDB_CMD_GET_AUDPROC_INSTANCE_GAIN_DEP_STEP_TABLE_SIZE Returned = -19
12-28 06:28:45.882 D/ACDB-LOADER( 799): ACDB -> ACDB_CMD_GET_AUDPROC_INSTANCE_GAIN_DEP_STEP_TABLE, vol index 0
12-28 06:28:45.882 D/android.hardware.audio.service( 799): Failed to fetch the lookup information of the device 0000000F
12-28 06:28:45.882 D/ACDB-LOADER( 799): Error: ACDB AudProc vol returned = -19
12-28 06:28:45.882 D/ACDB-LOADER( 799): ACDB -> AUDIO_SET_VOL_CAL cal type = 12
12-28 06:28:45.882 D/ACDB-LOADER( 799): ACDB -> ACDB_CMD_GET_AUDPROC_INSTANCE_STREAM_TABLE_SIZE
12-28 06:28:45.882 D/ACDB-LOADER( 799): ACDB -> send_audstrmtable
12-28 06:28:45.882 D/ACDB-LOADER( 799): ACDB -> ACDB_CMD_GET_AUDPROC_INSTANCE_STREAM_TABLE
12-28 06:28:45.882 D/ACDB-LOADER( 799): ACDB -> audstrm_cal->cal_type.cal_data.cal_size = 20
12-28 06:28:45.882 D/ACDB-LOADER( 799): ACDB -> send_afe_topology
12-28 06:28:45.882 D/ACDB-LOADER( 799): ACDB -> ACDB_CMD_GET_AFE_TOPOLOGY_ID
12-28 06:28:45.882 D/ACDB-LOADER( 799): ACDB -> GET_AFE_TOPOLOGY_ID for adcd_id 15, Topology Id 112fc
12-28 06:28:45.882 D/ACDB-LOADER( 799): ACDB -> send_afe_cal
12-28 06:28:45.882 D/ACDB-LOADER( 799): ACDB -> ACDB_CMD_GET_AFE_INSTANCE_COMMON_TABLE_SIZE
12-28 06:28:45.882 D/android.hardware.audio.service( 799): Failed to fetch the lookup information of the device 0000000F
12-28 06:28:45.882 D/ACDB-LOADER( 799): Error: ACDB_CMD_GET_AFE_INSTANCE_COMMON_TABLE_SIZE Returned = -19
12-28 06:28:45.882 D/ACDB-LOADER( 799): ACDB -> ACDB_CMD_GET_AFE_INSTANCE_COMMON_TABLE
12-28 06:28:45.882 D/android.hardware.audio.service( 799): Failed to fetch the lookup information of the device 0000000F
12-28 06:28:45.882 D/ACDB-LOADER( 799): Error: ACDB AFE returned = -19
12-28 06:28:45.882 D/ACDB-LOADER( 799): ACDB -> AUDIO_SET_AFE_CAL cal_type[16] acdb_id[15]
12-28 06:28:45.882 D/ACDB-LOADER( 799): ACDB -> send_hw_delay : acdb_id = 15 path = 0
12-28 06:28:45.882 D/ACDB-LOADER( 799): ACDB -> ACDB_AVSYNC_INFO: ACDB_CMD_GET_DEVICE_PROPERTY
12-28 06:28:45.882 D/msm8974_platform( 799): platform_split_snd_device: snd_device(2) num devices(0) new_snd_devices(0)
12-28 06:28:45.882 I/msm8974_platform( 799): platform_get_custom_mtmx_params: no matching param with id 0 ip_ch 2 op_ch 2 uc_id 12 snd_dev 2
12-28 06:28:45.882 D/audio_hw_primary( 799): enable_audio_route: apply mixer and update path: audio-ull-playback
12-28 06:28:45.882 D/audio_route( 799): Apply path: audio-ull-playback
12-28 06:28:45.882 D/audio_hw_primary( 799): select_devices: done
12-28 06:28:45.883 D/msm8974_platform( 799): platform_set_channel_map mixer_ctl_name:Playback Channel Map13
12-28 06:28:45.883 D/msm8974_platform( 799): platform_set_channel_map: set mapping(1 2 0 0 0 0 0 0) for channel:2
12-28 06:28:45.883 E/msm8974_platform( 799): platform_set_channel_map: Could not set ctl, error:-22 ch_count:2
01-05 08:30:21.925 I/ ( 0): snd_pcm_hw_constraint_integer failed
01-05 08:30:21.925 I/msm_pcm_open( 0): P buffer bytes minmax constraint ret 1
01-05 08:30:21.925 E/set_cps_config( 0): get_wsa_dev_num is NULL
01-05 08:30:21.931 I/__afe_port_start( 0): port id: 0xb000
01-05 08:30:21.931 I/afe_find_cal_topo_id_by_port( 0): port id: 0xb000, dev_acdb_id: 0
01-05 08:30:21.931 I/afe_find_cal_topo_id_by_port( 0): top_id:112fc acdb_id:15 afe_port:0xb000
01-05 08:30:21.931 I/afe_get_cal_topology_id( 0): port_id = 0xb000 acdb_id = 15 topology_id = 0x112fc cal_type_index=8 ret=0
01-05 08:30:21.932 E/afe_callback( 0): cmd = 0x100fa returned error = 0x2
01-05 08:30:21.932 E/afe_apr_send_pkt( 0): DSP returned error[ADSP_EBADPARAM]
01-05 08:30:21.932 E/afe_send_port_topology_id( 0): AFE set topology id enable for port 0xb000 failed -22
01-05 08:30:21.932 I/afe_send_port_topology_id( 0): AFE set topology id 0x112fc enable for port 0xb000 ret -22
01-05 08:30:21.932 I/send_afe_cal_type( 0): cal_index is 0
01-05 08:30:21.932 I/send_afe_cal_type( 0): dev_acdb_id[162] is 0
01-05 08:30:21.932 I/send_afe_cal_type( 0): Sending cal_index cal 0
01-05 08:30:21.932 E/send_afe_cal_type( 0): No cal sent for cal_index 0, port_id = 0xb000! ret -22
01-05 08:30:21.932 I/afe_send_hw_delay( 0): port_id 0xb000 rate 48000 delay_usec 474 status 0
01-05 08:30:21.932 E/afe_callback( 0): cmd = 0x100fa returned error = 0x2
01-05 08:30:21.932 E/afe_apr_send_pkt( 0): DSP returned error[ADSP_EBADPARAM]
01-05 08:30:21.932 E/__afe_port_start( 0): AFE enable for port 0xb000 failed -22
01-05 08:30:21.932 E/msm-dai-cdc-dma-dev soc( 0): qcom,msm-dai-cdc-dma:qcom,msm-dai-wsa-cdc-dma-0-rx: fail to open AFE port 0xb000
01-05 08:30:21.932 E/msm-dai-cdc-dma-dev soc( 0): qcom,msm-dai-cdc-dma:qcom,msm-dai-wsa-cdc-dma-0-rx: ASoC: cpu DAI prepare error: -22
01-05 08:30:21.932 E/soc_pcm_prepare( 0): Issue stop stream for codec_dai due to op failure -22 = ret
01-05 08:30:21.932 E/WSA_CDC_DMA_RX_0( 0): ASoC: backend prepare failed -22
12-28 06:28:45.890 E/audio_hw_primary( 799): pcm_open_prepare_helper: pcm_prepare returned -1
12-28 06:28:45.895 D/audio_hw_primary( 799): disable_audio_route: reset and update mixer path: audio-ull-playback
12-28 06:28:45.896 E/soundtrigger( 799): audio_extn_sound_trigger_update_stream_status: invalid input device 0x0, for event 2
12-28 06:28:45.896 D/soundtrigger( 799): audio_extn_sound_trigger_update_stream_status: uc_info->id 12 of type 0 for Event 2, with Raise=0
12-28 06:28:45.896 D/msm8974_platform( 799): platform_split_snd_device: snd_device(2) num devices(0) new_snd_devices(0)
12-28 06:28:45.896 I/msm8974_platform( 799): platform_get_custom_mtmx_params: no matching param with id 0 ip_ch 2 op_ch 2 uc_id 12 snd_dev 2
12-28 06:28:45.896 D/hardware_info( 799): hw_info_append_hw_type : device_name = speaker
12-28 06:28:45.896 D/audio_hw_primary( 799): disable_snd_device: snd_device(2: speaker)
12-28 06:28:45.896 D/msm8974_platform( 799): platform_split_snd_device: snd_device(2) num devices(0) new_snd_devices(0)
12-28 06:28:45.896 I/soundtrigger( 799): audio_extn_sound_trigger_update_device_status: device 0x2 of type 0 for Event 0, with Raise=0
12-28 06:28:45.940 I/OMX-VDEC-1080P( 1210): C2D: Start color convertion
12-28 06:28:45.940 W/C2DColorConvert( 1210): calcLumaAlign: unknown format (3) passed for luma alignment number.
12-28 06:28:45.946 D/audio_hw_primary( 799): out_standby: enter: stream (0xec2064c0) usecase(12: audio-ull-playback)
12-28 06:28:45.946 D/audio_hw_primary( 799): out_standby: exit
12-28 06:28:45.949 D/audio_hw_primary( 799): start_output_stream: enter: stream(0xec2064c0)usecase(12: audio-ull-playback) devices(0x2) is_haptic_usecase(0)
12-28 06:28:45.949 D/audio_hw_primary( 799): select_devices for use case (audio-ull-playback)
12-28 06:28:45.950 I/msm8974_platform( 799): platform_check_and_set_codec_backend_cfg:becf: afe: bitwidth 16, samplerate 48000 channels 2, backend_idx 0 usecase = 12 device (speaker)
12-28 06:28:45.950 D/msm8974_platform( 799): platform_split_snd_device: snd_device(2) num devices(1) new_snd_devices(0)
12-28 06:28:45.950 I/msm8974_platform( 799): platform_check_and_set_codec_backend_cfg: new_snd_devices[0] is 2
12-28 06:28:45.950 I/msm8974_platform( 799): platform_check_codec_backend_cfg:becf: afe: bitwidth 16, samplerate 48000 channels 2, backend_idx 0 usecase = 12 device (speaker)
12-28 06:28:45.951 D/audio_hw_extn( 799): audio_extn_enable_hifi_filter: mixer_value set 0
12-28 06:28:45.951 D/msm8974_platform( 799): platform_check_codec_backend_cfg:becf: updated afe: bitwidth 16, samplerate 48000 channels 2,backend_idx 0 usecase = 12 device (speaker)
12-28 06:28:45.951 D/msm8974_platform( 799): platform_check_codec_backend_cfg:becf: afe: playback on codec device not supporting native playback set default Sample Rate(48k)
12-28 06:28:45.951 I/msm8974_platform( 799): platform_check_codec_backend_cfg:becf: afe: Codec selected backend: 0 updated bit width: 16 and sample rate: 48000
12-28 06:28:45.951 D/audio_hw_primary( 799): check_usecases_codec_backend:becf: force routing 0
12-28 06:28:45.951 E/msm8974_platform( 799): platform_check_backends_match: Invalid snd_device =
12-28 06:28:45.951 D/audio_hw_primary( 799): check_usecases_codec_backend:becf: (78) check_usecases curr device: speaker, usecase device: backends match 0
12-28 06:28:45.951 D/audio_hw_primary( 799): check_usecases_codec_backend:becf: check_usecases num.of Usecases to switch 0
12-28 06:28:45.951 D/hardware_info( 799): hw_info_append_hw_type : device_name = speaker
12-28 06:28:45.951 D/msm8974_platform( 799): platform_split_snd_device: snd_device(2) num devices(0) new_snd_devices(0)
12-28 06:28:45.951 D/audio_hw_primary( 799): enable_snd_device: snd_device(2: speaker)
12-28 06:28:45.951 D/msm8974_platform( 799): platform_get_island_cfg_on_device:island cfg status on snd_device = (speaker 0)
12-28 06:28:45.951 I/soundtrigger( 799): audio_extn_sound_trigger_update_device_status: device 0x2 of type 0 for Event 1, with Raise=0
12-28 06:28:45.951 D/audio_route( 799): Apply path: speaker
12-28 06:28:45.951 I/audio_hw_utils( 799): audio_extn_utils_update_stream_output_app_type_cfg Allowing 24 and above bits playback on speaker ONLY at default sampling rate
12-28 06:28:45.951 E/soundtrigger( 799): audio_extn_sound_trigger_update_stream_status: invalid input device 0x0, for event 3
12-28 06:28:45.951 D/soundtrigger( 799): audio_extn_sound_trigger_update_stream_status: uc_info->id 12 of type 0 for Event 3, with Raise=0
12-28 06:28:45.951 D/audio_hw_utils( 799): audio_extn_utils_send_app_type_cfg: usecase->out_snd_device speaker
12-28 06:28:45.951 D/msm8974_platform( 799): platform_split_snd_device: snd_device(2) num devices(0) new_snd_devices(0)
12-28 06:28:45.951 I/audio_hw_utils( 799): ULL doesnt need sending app type cfg, returning
12-28 06:28:45.951 D/msm8974_platform( 799): platform_split_snd_device: snd_device(2) num devices(1) new_snd_devices(0)
12-28 06:28:45.951 D/audio_hw_utils( 799): audio_extn_btsco_get_sample_rate:Not a BT SCO device, need not update sampling rate
12-28 06:28:45.951 D/ACDB-LOADER( 799): ACDB -> send_audio_cal, acdb_id = 15, path = 0, app id = 0x11137, sample rate = 48000, afe_sample_rate = 48000
12-28 06:28:45.951 D/ACDB-LOADER( 799): ACDB -> send_asm_topology
12-28 06:28:45.951 D/ACDB-LOADER( 799): ACDB -> ACDB_CMD_GET_AUDPROC_STREAM_TOPOLOGY_ID
12-28 06:28:45.951 D/ACDB-LOADER( 799): ACDB -> send_adm_topology
12-28 06:28:45.951 D/ACDB-LOADER( 799): ACDB -> ACDB_CMD_GET_AUDPROC_COMMON_TOPOLOGY_ID
12-28 06:28:45.952 D/ACDB-LOADER( 799): ACDB -> send_audtable
12-28 06:28:45.952 D/ACDB-LOADER( 799): ACDB -> ACDB_CMD_GET_AUDPROC_INSTANCE_COMMON_TABLE_SIZE
12-28 06:28:45.952 D/ACDB-LOADER( 799): ACDB -> ACDB_CMD_GET_AUDPROC_INSTANCE_COMMON_TABLE
12-28 06:28:45.952 D/ACDB-LOADER( 799): ACDB -> AUDIO_SET_AUDPROC_CAL cal_type[11] acdb_id[15] app_type[69943]
12-28 06:28:45.952 D/ACDB-LOADER( 799): ACDB -> send_audvoltable
12-28 06:28:45.952 D/ACDB-LOADER( 799): ACDB -> ACDB_CMD_GET_AUDPROC_INSTANCE_GAIN_DEP_STEP_TABLE_SIZE
12-28 06:28:45.952 D/android.hardware.audio.service( 799): Failed to fetch the lookup information of the device 0000000F
12-28 06:28:45.952 D/ACDB-LOADER( 799): Error: ACDB_CMD_GET_AUDPROC_INSTANCE_GAIN_DEP_STEP_TABLE_SIZE Returned = -19
12-28 06:28:45.952 D/ACDB-LOADER( 799): ACDB -> ACDB_CMD_GET_AUDPROC_INSTANCE_GAIN_DEP_STEP_TABLE, vol index 0
12-28 06:28:45.952 D/android.hardware.audio.service( 799): Failed to fetch the lookup information of the device 0000000F
12-28 06:28:45.952 D/ACDB-LOADER( 799): Error: ACDB AudProc vol returned = -19
12-28 06:28:45.952 D/ACDB-LOADER( 799): ACDB -> AUDIO_SET_VOL_CAL cal type = 12
12-28 06:28:45.952 D/ACDB-LOADER( 799): ACDB -> ACDB_CMD_GET_AUDPROC_INSTANCE_STREAM_TABLE_SIZE
12-28 06:28:45.952 D/ACDB-LOADER( 799): ACDB -> send_audstrmtable
12-28 06:28:45.952 D/ACDB-LOADER( 799): ACDB -> ACDB_CMD_GET_AUDPROC_INSTANCE_STREAM_TABLE
12-28 06:28:45.952 D/ACDB-LOADER( 799): ACDB -> audstrm_cal->cal_type.cal_data.cal_size = 20
12-28 06:28:45.952 D/ACDB-LOADER( 799): ACDB -> send_afe_topology
12-28 06:28:45.952 D/ACDB-LOADER( 799): ACDB -> ACDB_CMD_GET_AFE_TOPOLOGY_ID
12-28 06:28:45.952 D/ACDB-LOADER( 799): ACDB -> GET_AFE_TOPOLOGY_ID for adcd_id 15, Topology Id 112fc
12-28 06:28:45.952 D/ACDB-LOADER( 799): ACDB -> send_afe_cal
12-28 06:28:45.952 D/ACDB-LOADER( 799): ACDB -> ACDB_CMD_GET_AFE_INSTANCE_COMMON_TABLE_SIZE
12-28 06:28:45.952 D/android.hardware.audio.service( 799): Failed to fetch the lookup information of the device 0000000F
12-28 06:28:45.952 D/ACDB-LOADER( 799): Error: ACDB_CMD_GET_AFE_INSTANCE_COMMON_TABLE_SIZE Returned = -19
12-28 06:28:45.952 D/ACDB-LOADER( 799): ACDB -> ACDB_CMD_GET_AFE_INSTANCE_COMMON_TABLE
12-28 06:28:45.952 D/android.hardware.audio.service( 799): Failed to fetch the lookup information of the device 0000000F
12-28 06:28:45.952 D/ACDB-LOADER( 799): Error: ACDB AFE returned = -19
12-28 06:28:45.952 D/ACDB-LOADER( 799): ACDB -> AUDIO_SET_AFE_CAL cal_type[16] acdb_id[15]
12-28 06:28:45.952 D/ACDB-LOADER( 799): ACDB -> send_hw_delay : acdb_id = 15 path = 0
12-28 06:28:45.952 D/ACDB-LOADER( 799): ACDB -> ACDB_AVSYNC_INFO: ACDB_CMD_GET_DEVICE_PROPERTY
12-28 06:28:45.952 D/msm8974_platform( 799): platform_split_snd_device: snd_device(2) num devices(0) new_snd_devices(0)
12-28 06:28:45.952 I/msm8974_platform( 799): platform_get_custom_mtmx_params: no matching param with id 0 ip_ch 2 op_ch 2 uc_id 12 snd_dev 2
12-28 06:28:45.952 D/audio_hw_primary( 799): enable_audio_route: apply mixer and update path: audio-ull-playback
12-28 06:28:45.952 D/audio_route( 799): Apply path: audio-ull-playback
12-28 06:28:45.953 D/audio_hw_primary( 799): select_devices: done
12-28 06:28:45.953 D/msm8974_platform( 799): platform_set_channel_map mixer_ctl_name:Playback Channel Map13
12-28 06:28:45.953 D/msm8974_platform( 799): platform_set_channel_map: set mapping(1 2 0 0 0 0 0 0) for channel:2
12-28 06:28:45.953 E/msm8974_platform( 799): platform_set_channel_map: Could not set ctl, error:-22 ch_count:2
01-05 08:30:21.996 I/ ( 0): snd_pcm_hw_constraint_integer failed
01-05 08:30:21.996 I/msm_pcm_open( 0): P buffer bytes minmax constraint ret 1
01-05 08:30:21.996 E/set_cps_config( 0): get_wsa_dev_num is NULL
12-28 06:28:45.958 I/mpu_uart( 646): [MSG-P:RECV]:No message received in 1000 ms
12-28 06:28:45.961 E/audio_hw_primary( 799): pcm_open_prepare_helper: pcm_prepare returned -1
01-05 08:30:22.002 I/__afe_port_start( 0): port id: 0xb000
01-05 08:30:22.002 I/afe_find_cal_topo_id_by_port( 0): port id: 0xb000, dev_acdb_id: 0
01-05 08:30:22.002 I/afe_find_cal_topo_id_by_port( 0): top_id:112fc acdb_id:15 afe_port:0xb000
01-05 08:30:22.002 I/afe_get_cal_topology_id( 0): port_id = 0xb000 acdb_id = 15 topology_id = 0x112fc cal_type_index=8 ret=0
01-05 08:30:22.002 E/afe_callback( 0): cmd = 0x100fa returned error = 0x2
01-05 08:30:22.002 E/afe_apr_send_pkt( 0): DSP returned error[ADSP_EBADPARAM]
01-05 08:30:22.002 E/afe_send_port_topology_id( 0): AFE set topology id enable for port 0xb000 failed -22
01-05 08:30:22.002 I/afe_send_port_topology_id( 0): AFE set topology id 0x112fc enable for port 0xb000 ret -22
01-05 08:30:22.002 I/send_afe_cal_type( 0): cal_index is 0
01-05 08:30:22.002 I/send_afe_cal_type( 0): dev_acdb_id[162] is 0
01-05 08:30:22.002 I/send_afe_cal_type( 0): Sending cal_index cal 0
01-05 08:30:22.002 E/send_afe_cal_type( 0): No cal sent for cal_index 0, port_id = 0xb000! ret -22
01-05 08:30:22.002 I/afe_send_hw_delay( 0): port_id 0xb000 rate 48000 delay_usec 474 status 0
01-05 08:30:22.003 E/afe_callback( 0): cmd = 0x100fa returned error = 0x2
01-05 08:30:22.003 E/afe_apr_send_pkt( 0): DSP returned error[ADSP_EBADPARAM]
01-05 08:30:22.003 E/__afe_port_start( 0): AFE enable for port 0xb000 failed -22
01-05 08:30:22.003 E/msm-dai-cdc-dma-dev soc( 0): qcom,msm-dai-cdc-dma:qcom,msm-dai-wsa-cdc-dma-0-rx: fail to open AFE port 0xb000
01-05 08:30:22.003 E/msm-dai-cdc-dma-dev soc( 0): qcom,msm-dai-cdc-dma:qcom,msm-dai-wsa-cdc-dma-0-rx: ASoC: cpu DAI prepare error: -22
01-05 08:30:22.003 E/soc_pcm_prepare( 0): Issue stop stream for codec_dai due to op failure -22 = ret
01-05 08:30:22.003 E/WSA_CDC_DMA_RX_0( 0): ASoC: backend prepare failed -22
12-28 06:28:45.966 D/audio_hw_primary( 799): disable_audio_route: reset and update mixer path: audio-ull-playback
12-28 06:28:45.966 E/soundtrigger( 799): audio_extn_sound_trigger_update_stream_status: invalid input device 0x0, for event 2
12-28 06:28:45.966 D/soundtrigger( 799): audio_extn_sound_trigger_update_stream_status: uc_info->id 12 of type 0 for Event 2, with Raise=0
12-28 06:28:45.966 D/msm8974_platform( 799): platform_split_snd_device: snd_device(2) num devices(0) new_snd_devices(0)
12-28 06:28:45.966 I/msm8974_platform( 799): platform_get_custom_mtmx_params: no matching param with id 0 ip_ch 2 op_ch 2 uc_id 12 snd_dev 2
12-28 06:28:45.966 D/hardware_info( 799): hw_info_append_hw_type : device_name = speaker
12-28 06:28:45.966 D/audio_hw_primary( 799): disable_snd_device: snd_device(2: speaker)
12-28 06:28:45.966 D/msm8974_platform( 799): platform_split_snd_device: snd_device(2) num devices(0) new_snd_devices(0)
12-28 06:28:45.966 I/soundtrigger( 799): audio_extn_sound_trigger_update_device_status: device 0x2 of type 0 for Event 0, with Raise=0
12-28 06:28:45.980 I/OMX-VDEC-1080P( 1210): C2D: Start color convertion
12-28 06:28:45.980 W/C2DColorConvert( 1210): calcLumaAlign: unknown format (3) passed for luma alignment number.
12-28 06:28:46.016 D/audio_hw_primary( 799): out_standby: enter: stream (0xec2064c0) usecase(12: audio-ull-playback)
12-28 06:28:46.016 D/audio_hw_primary( 799): out_standby: exit
12-28 06:28:46.019 D/audio_hw_primary( 799): start_output_stream: enter: stream(0xec2064c0)usecase(12: audio-ull-playback) devices(0x2) is_haptic_usecase(0)
12-28 06:28:46.020 D/audio_hw_primary( 799): select_devices for use case (audio-ull-playback)
12-28 06:28:46.020 I/OMX-VDEC-1080P( 1210): C2D: Start color convertion
12-28 06:28:46.020 I/msm8974_platform( 799): platform_check_and_set_codec_backend_cfg:becf: afe: bitwidth 16, samplerate 48000 channels 2, backend_idx 0 usecase = 12 device (speaker)
12-28 06:28:46.020 D/msm8974_platform( 799): platform_split_snd_device: snd_device(2) num devices(1) new_snd_devices(0)
12-28 06:28:46.020 I/msm8974_platform( 799): platform_check_and_set_codec_backend_cfg: new_snd_devices[0] is 2
12-28 06:28:46.020 I/msm8974_platform( 799): platform_check_codec_backend_cfg:becf: afe: bitwidth 16, samplerate 48000 channels 2, backend_idx 0 usecase = 12 device (speaker)
12-28 06:28:46.021 D/audio_hw_extn( 799): audio_extn_enable_hifi_filter: mixer_value set 0
12-28 06:28:46.021 D/msm8974_platform( 799): platform_check_codec_backend_cfg:becf: updated afe: bitwidth 16, samplerate 48000 channels 2,backend_idx 0 usecase = 12 device (speaker)
12-28 06:28:46.021 D/msm8974_platform( 799): platform_check_codec_backend_cfg:becf: afe: playback on codec device not supporting native playback set default Sample Rate(48k)
12-28 06:28:46.021 I/msm8974_platform( 799): platform_check_codec_backend_cfg:becf: afe: Codec selected backend: 0 updated bit width: 16 and sample rate: 48000
12-28 06:28:46.021 D/audio_hw_primary( 799): check_usecases_codec_backend:becf: force routing 0
12-28 06:28:46.021 E/msm8974_platform( 799): platform_check_backends_match: Invalid snd_device =
12-28 06:28:46.021 D/audio_hw_primary( 799): check_usecases_codec_backend:becf: (78) check_usecases curr device: speaker, usecase device: backends match 0
12-28 06:28:46.021 D/audio_hw_primary( 799): check_usecases_codec_backend:becf: check_usecases num.of Usecases to switch 0
12-28 06:28:46.021 D/hardware_info( 799): hw_info_append_hw_type : device_name = speaker
12-28 06:28:46.021 D/msm8974_platform( 799): platform_split_snd_device: snd_device(2) num devices(0) new_snd_devices(0)
12-28 06:28:46.021 D/audio_hw_primary( 799): enable_snd_device: snd_device(2: speaker)
12-28 06:28:46.021 D/msm8974_platform( 799): platform_get_island_cfg_on_device:island cfg status on snd_device = (speaker 0)
12-28 06:28:46.021 I/soundtrigger( 799): audio_extn_sound_trigger_update_device_status: device 0x2 of type 0 for Event 1, with Raise=0
12-28 06:28:46.021 D/audio_route( 799): Apply path: speaker
12-28 06:28:46.021 I/audio_hw_utils( 799): audio_extn_utils_update_stream_output_app_type_cfg Allowing 24 and above bits playback on speaker ONLY at default sampling rate
12-28 06:28:46.021 E/soundtrigger( 799): audio_extn_sound_trigger_update_stream_status: invalid input device 0x0, for event 3
12-28 06:28:46.021 D/soundtrigger( 799): audio_extn_sound_trigger_update_stream_status: uc_info->id 12 of type 0 for Event 3, with Raise=0
12-28 06:28:46.021 D/audio_hw_utils( 799): audio_extn_utils_send_app_type_cfg: usecase->out_snd_device speaker
12-28 06:28:46.021 D/msm8974_platform( 799): platform_split_snd_device: snd_device(2) num devices(0) new_snd_devices(0)
12-28 06:28:46.021 I/audio_hw_utils( 799): ULL doesnt need sending app type cfg, returning
12-28 06:28:46.021 D/msm8974_platform( 799): platform_split_snd_device: snd_device(2) num devices(1) new_snd_devices(0)
12-28 06:28:46.021 D/audio_hw_utils( 799): audio_extn_btsco_get_sample_rate:Not a BT SCO device, need not update sampling rate
12-28 06:28:46.021 D/ACDB-LOADER( 799): ACDB -> send_audio_cal, acdb_id = 15, path = 0, app id = 0x11137, sample rate = 48000, afe_sample_rate = 48000
12-28 06:28:46.021 D/ACDB-LOADER( 799): ACDB -> send_asm_topology
12-28 06:28:46.021 D/ACDB-LOADER( 799): ACDB -> ACDB_CMD_GET_AUDPROC_STREAM_TOPOLOGY_ID
12-28 06:28:46.021 D/ACDB-LOADER( 799): ACDB -> send_adm_topology
12-28 06:28:46.021 D/ACDB-LOADER( 799): ACDB -> ACDB_CMD_GET_AUDPROC_COMMON_TOPOLOGY_ID
12-28 06:28:46.021 D/ACDB-LOADER( 799): ACDB -> send_audtable
12-28 06:28:46.021 D/ACDB-LOADER( 799): ACDB -> ACDB_CMD_GET_AUDPROC_INSTANCE_COMMON_TABLE_SIZE
12-28 06:28:46.022 D/ACDB-LOADER( 799): ACDB -> ACDB_CMD_GET_AUDPROC_INSTANCE_COMMON_TABLE
12-28 06:28:46.022 D/ACDB-LOADER( 799): ACDB -> AUDIO_SET_AUDPROC_CAL cal_type[11] acdb_id[15] app_type[69943]
12-28 06:28:46.022 D/ACDB-LOADER( 799): ACDB -> send_audvoltable
12-28 06:28:46.022 D/ACDB-LOADER( 799): ACDB -> ACDB_CMD_GET_AUDPROC_INSTANCE_GAIN_DEP_STEP_TABLE_SIZE
12-28 06:28:46.022 D/android.hardware.audio.service( 799): Failed to fetch the lookup information of the device 0000000F
12-28 06:28:46.022 D/ACDB-LOADER( 799): Error: ACDB_CMD_GET_AUDPROC_INSTANCE_GAIN_DEP_STEP_TABLE_SIZE Returned = -19
12-28 06:28:46.022 D/ACDB-LOADER( 799): ACDB -> ACDB_CMD_GET_AUDPROC_INSTANCE_GAIN_DEP_STEP_TABLE, vol index 0
12-28 06:28:46.022 D/android.hardware.audio.service( 799): Failed to fetch the lookup information of the device 0000000F
12-28 06:28:46.022 D/ACDB-LOADER( 799): Error: ACDB AudProc vol returned = -19
12-28 06:28:46.022 D/ACDB-LOADER( 799): ACDB -> AUDIO_SET_VOL_CAL cal type = 12
12-28 06:28:46.022 D/ACDB-LOADER( 799): ACDB -> ACDB_CMD_GET_AUDPROC_INSTANCE_STREAM_TABLE_SIZE
12-28 06:28:46.022 D/ACDB-LOADER( 799): ACDB -> send_audstrmtable
12-28 06:28:46.022 D/ACDB-LOADER( 799): ACDB -> ACDB_CMD_GET_AUDPROC_INSTANCE_STREAM_TABLE
12-28 06:28:46.022 D/ACDB-LOADER( 799): ACDB -> audstrm_cal->cal_type.cal_data.cal_size = 20
12-28 06:28:46.022 D/ACDB-LOADER( 799): ACDB -> send_afe_topology
12-28 06:28:46.022 D/ACDB-LOADER( 799): ACDB -> ACDB_CMD_GET_AFE_TOPOLOGY_ID
12-28 06:28:46.022 D/ACDB-LOADER( 799): ACDB -> GET_AFE_TOPOLOGY_ID for adcd_id 15, Topology Id 112fc
12-28 06:28:46.022 D/ACDB-LOADER( 799): ACDB -> send_afe_cal
12-28 06:28:46.022 D/ACDB-LOADER( 799): ACDB -> ACDB_CMD_GET_AFE_INSTANCE_COMMON_TABLE_SIZE
12-28 06:28:46.022 D/android.hardware.audio.service( 799): Failed to fetch the lookup information of the device 0000000F
12-28 06:28:46.022 D/ACDB-LOADER( 799): Error: ACDB_CMD_GET_AFE_INSTANCE_COMMON_TABLE_SIZE Returned = -19
12-28 06:28:46.022 D/ACDB-LOADER( 799): ACDB -> ACDB_CMD_GET_AFE_INSTANCE_COMMON_TABLE
12-28 06:28:46.022 D/android.hardware.audio.service( 799): Failed to fetch the lookup information of the device 0000000F
12-28 06:28:46.022 D/ACDB-LOADER( 799): Error: ACDB AFE returned = -19
12-28 06:28:46.022 D/ACDB-LOADER( 799): ACDB -> AUDIO_SET_AFE_CAL cal_type[16] acdb_id[15]
12-28 06:28:46.022 D/ACDB-LOADER( 799): ACDB -> send_hw_delay : acdb_id = 15 path = 0
12-28 06:28:46.022 D/ACDB-LOADER( 799): ACDB -> ACDB_AVSYNC_INFO: ACDB_CMD_GET_DEVICE_PROPERTY
12-28 06:28:46.022 D/msm8974_platform( 799): platform_split_snd_device: snd_device(2) num devices(0) new_snd_devices(0)
12-28 06:28:46.022 I/msm8974_platform( 799): platform_get_custom_mtmx_params: no matching param with id 0 ip_ch 2 op_ch 2 uc_id 12 snd_dev 2
12-28 06:28:46.022 D/audio_hw_primary( 799): enable_audio_route: apply mixer and update path: audio-ull-playback
12-28 06:28:46.022 D/audio_route( 799): Apply path: audio-ull-playback
12-28 06:28:46.023 D/audio_hw_primary( 799): select_devices: done
12-28 06:28:46.023 D/msm8974_platform( 799): platform_set_channel_map mixer_ctl_name:Playback Channel Map13
12-28 06:28:46.023 D/msm8974_platform( 799): platform_set_channel_map: set mapping(1 2 0 0 0 0 0 0) for channel:2
12-28 06:28:46.023 E/msm8974_platform( 799): platform_set_channel_map: Could not set ctl, error:-22 ch_count:2
01-05 08:30:22.065 I/ ( 0): snd_pcm_hw_constraint_integer failed
12-28 06:28:46.023 W/C2DColorConvert( 1210): calcLumaAlign: unknown format (3) passed for luma alignment number.
01-05 08:30:22.065 I/msm_pcm_open( 0): P buffer bytes minmax constraint ret 1
12-28 06:28:46.023 I/OMX-VDEC-1080P( 1210): C2D: Start color convertion
01-05 08:30:22.066 E/set_cps_config( 0): get_wsa_dev_num is NULL
12-28 06:28:46.024 W/C2DColorConvert( 1210): calcLumaAlign: unknown format (3) passed for luma alignment number.
01-05 08:30:22.072 I/__afe_port_start( 0): port id: 0xb000
01-05 08:30:22.072 I/afe_find_cal_topo_id_by_port( 0): port id: 0xb000, dev_acdb_id: 0
01-05 08:30:22.072 I/afe_find_cal_topo_id_by_port( 0): top_id:112fc acdb_id:15 afe_port:0xb000
01-05 08:30:22.072 I/afe_get_cal_topology_id( 0): port_id = 0xb000 acdb_id = 15 topology_id = 0x112fc cal_type_index=8 ret=0
01-05 08:30:22.072 E/afe_callback( 0): cmd = 0x100fa returned error = 0x2
01-05 08:30:22.072 E/afe_apr_send_pkt( 0): DSP returned error[ADSP_EBADPARAM]
01-05 08:30:22.072 E/afe_send_port_topology_id( 0): AFE set topology id enable for port 0xb000 failed -22
01-05 08:30:22.072 I/afe_send_port_topology_id( 0): AFE set topology id 0x112fc enable for port 0xb000 ret -22
01-05 08:30:22.072 I/send_afe_cal_type( 0): cal_index is 0
01-05 08:30:22.072 I/send_afe_cal_type( 0): dev_acdb_id[162] is 0
01-05 08:30:22.072 I/send_afe_cal_type( 0): Sending cal_index cal 0
01-05 08:30:22.072 E/send_afe_cal_type( 0): No cal sent for cal_index 0, port_id = 0xb000! ret -22
01-05 08:30:22.072 I/afe_send_hw_delay( 0): port_id 0xb000 rate 48000 delay_usec 474 status 0
01-05 08:30:22.073 E/afe_callback( 0): cmd = 0x100fa returned error = 0x2
12-28 06:28:46.030 E/audio_hw_primary( 799): pcm_open_prepare_helper: pcm_prepare returned -1
01-05 08:30:22.073 E/afe_apr_send_pkt( 0): DSP returned error[ADSP_EBADPARAM]
01-05 08:30:22.073 E/__afe_port_start( 0): AFE enable for port 0xb000 failed -22
01-05 08:30:22.073 E/msm-dai-cdc-dma-dev soc( 0): qcom,msm-dai-cdc-dma:qcom,msm-dai-wsa-cdc-dma-0-rx: fail to open AFE port 0xb000
01-05 08:30:22.073 E/msm-dai-cdc-dma-dev soc( 0): qcom,msm-dai-cdc-dma:qcom,msm-dai-wsa-cdc-dma-0-rx: ASoC: cpu DAI prepare error: -22
01-05 08:30:22.073 E/soc_pcm_prepare( 0): Issue stop stream for codec_dai due to op failure -22 = ret
01-05 08:30:22.073 E/WSA_CDC_DMA_RX_0( 0): ASoC: backend prepare failed -22
12-28 06:28:46.035 D/audio_hw_primary( 799): disable_audio_route: reset and update mixer path: audio-ull-playback
12-28 06:28:46.035 E/soundtrigger( 799): audio_extn_sound_trigger_update_stream_status: invalid input device 0x0, for event 2
12-28 06:28:46.035 D/soundtrigger( 799): audio_extn_sound_trigger_update_stream_status: uc_info->id 12 of type 0 for Event 2, with Raise=0
12-28 06:28:46.035 D/msm8974_platform( 799): platform_split_snd_device: snd_device(2) num devices(0) new_snd_devices(0)
12-28 06:28:46.035 I/msm8974_platform( 799): platform_get_custom_mtmx_params: no matching param with id 0 ip_ch 2 op_ch 2 uc_id 12 snd_dev 2
12-28 06:28:46.035 D/hardware_info( 799): hw_info_append_hw_type : device_name = speaker
12-28 06:28:46.035 D/audio_hw_primary( 799): disable_snd_device: snd_device(2: speaker)
12-28 06:28:46.035 D/msm8974_platform( 799): platform_split_snd_device: snd_device(2) num devices(0) new_snd_devices(0)
12-28 06:28:46.035 I/soundtrigger( 799): audio_extn_sound_trigger_update_device_status: device 0x2 of type 0 for Event 0, with Raise=0
12-28 06:28:46.086 D/audio_hw_primary( 799): out_standby: enter: stream (0xec2064c0) usecase(12: audio-ull-playback)
12-28 06:28:46.086 D/audio_hw_primary( 799): out_standby: exit
12-28 06:28:46.089 D/audio_hw_primary( 799): start_output_stream: enter: stream(0xec2064c0)usecase(12: audio-ull-playback) devices(0x2) is_haptic_usecase(0)
12-28 06:28:46.089 D/audio_hw_primary( 799): select_devices for use case (audio-ull-playback)
12-28 06:28:46.089 I/msm8974_platform( 799): platform_check_and_set_codec_backend_cfg:becf: afe: bitwidth 16, samplerate 48000 channels 2, backend_idx 0 usecase = 12 device (speaker)
12-28 06:28:46.089 D/msm8974_platform( 799): platform_split_snd_device: snd_device(2) num devices(1) new_snd_devices(0)
12-28 06:28:46.089 I/msm8974_platform( 799): platform_check_and_set_codec_backend_cfg: new_snd_devices[0] is 2
12-28 06:28:46.089 I/msm8974_platform( 799): platform_check_codec_backend_cfg:becf: afe: bitwidth 16, samplerate 48000 channels 2, backend_idx 0 usecase = 12 device (speaker)
12-28 06:28:46.091 D/audio_hw_extn( 799): audio_extn_enable_hifi_filter: mixer_value set 0
12-28 06:28:46.091 D/msm8974_platform( 799): platform_check_codec_backend_cfg:becf: updated afe: bitwidth 16, samplerate 48000 channels 2,backend_idx 0 usecase = 12 device (speaker)
12-28 06:28:46.091 D/msm8974_platform( 799): platform_check_codec_backend_cfg:becf: afe: playback on codec device not supporting native playback set default Sample Rate(48k)
12-28 06:28:46.091 I/msm8974_platform( 799): platform_check_codec_backend_cfg:becf: afe: Codec selected backend: 0 updated bit width: 16 and sample rate: 48000
12-28 06:28:46.091 D/audio_hw_primary( 799): check_usecases_codec_backend:becf: force routing 0
12-28 06:28:46.091 E/msm8974_platform( 799): platform_check_backends_match: Invalid snd_device =
12-28 06:28:46.091 D/audio_hw_primary( 799): check_usecases_codec_backend:becf: (78) check_usecases curr device: speaker, usecase device: backends match 0
12-28 06:28:46.091 D/audio_hw_primary( 799): check_usecases_codec_backend:becf: check_usecases num.of Usecases to switch 0
12-28 06:28:46.091 D/hardware_info( 799): hw_info_append_hw_type : device_name = speaker
12-28 06:28:46.091 D/msm8974_platform( 799): platform_split_snd_device: snd_device(2) num devices(0) new_snd_devices(0)
12-28 06:28:46.091 D/audio_hw_primary( 799): enable_snd_device: snd_device(2: speaker)
12-28 06:28:46.091 D/msm8974_platform( 799): platform_get_island_cfg_on_device:island cfg status on snd_device = (speaker 0)
12-28 06:28:46.091 I/soundtrigger( 799): audio_extn_sound_trigger_update_device_status: device 0x2 of type 0 for Event 1, with Raise=0
12-28 06:28:46.091 D/audio_route( 799): Apply path: speaker
12-28 06:28:46.091 I/audio_hw_utils( 799): audio_extn_utils_update_stream_output_app_type_cfg Allowing 24 and above bits playback on speaker ONLY at default sampling rate
12-28 06:28:46.091 E/soundtrigger( 799): audio_extn_sound_trigger_update_stream_status: invalid input device 0x0, for event 3
12-28 06:28:46.091 D/soundtrigger( 799): audio_extn_sound_trigger_update_stream_status: uc_info->id 12 of type 0 for Event 3, with Raise=0
12-28 06:28:46.091 D/audio_hw_utils( 799): audio_extn_utils_send_app_type_cfg: usecase->out_snd_device speaker
12-28 06:28:46.091 D/msm8974_platform( 799): platform_split_snd_device: snd_device(2) num devices(0) new_snd_devices(0)
12-28 06:28:46.091 I/audio_hw_utils( 799): ULL doesnt need sending app type cfg, returning
12-28 06:28:46.091 D/msm8974_platform( 799): platform_split_snd_device: snd_device(2) num devices(1) new_snd_devices(0)
12-28 06:28:46.091 D/audio_hw_utils( 799): audio_extn_btsco_get_sample_rate:Not a BT SCO device, need not update sampling rate
12-28 06:28:46.091 D/ACDB-LOADER( 799): ACDB -> send_audio_cal, acdb_id = 15, path = 0, app id = 0x11137, sample rate = 48000, afe_sample_rate = 48000
12-28 06:28:46.091 D/ACDB-LOADER( 799): ACDB -> send_asm_topology
12-28 06:28:46.091 D/ACDB-LOADER( 799): ACDB -> ACDB_CMD_GET_AUDPROC_STREAM_TOPOLOGY_ID
12-28 06:28:46.091 D/ACDB-LOADER( 799): ACDB -> send_adm_topology
12-28 06:28:46.091 D/ACDB-LOADER( 799): ACDB -> ACDB_CMD_GET_AUDPROC_COMMON_TOPOLOGY_ID
12-28 06:28:46.091 D/ACDB-LOADER( 799): ACDB -> send_audtable
12-28 06:28:46.091 D/ACDB-LOADER( 799): ACDB -> ACDB_CMD_GET_AUDPROC_INSTANCE_COMMON_TABLE_SIZE
12-28 06:28:46.091 D/ACDB-LOADER( 799): ACDB -> ACDB_CMD_GET_AUDPROC_INSTANCE_COMMON_TABLE
12-28 06:28:46.091 D/ACDB-LOADER( 799): ACDB -> AUDIO_SET_AUDPROC_CAL cal_type[11] acdb_id[15] app_type[69943]
12-28 06:28:46.091 D/ACDB-LOADER( 799): ACDB -> send_audvoltable
12-28 06:28:46.091 D/ACDB-LOADER( 799): ACDB -> ACDB_CMD_GET_AUDPROC_INSTANCE_GAIN_DEP_STEP_TABLE_SIZE
12-28 06:28:46.091 D/android.hardware.audio.service( 799): Failed to fetch the lookup information of the device 0000000F
12-28 06:28:46.091 D/ACDB-LOADER( 799): Error: ACDB_CMD_GET_AUDPROC_INSTANCE_GAIN_DEP_STEP_TABLE_SIZE Returned = -19
12-28 06:28:46.091 D/ACDB-LOADER( 799): ACDB -> ACDB_CMD_GET_AUDPROC_INSTANCE_GAIN_DEP_STEP_TABLE, vol index 0
12-28 06:28:46.091 D/android.hardware.audio.service( 799): Failed to fetch the lookup information of the device 0000000F
01-05 08:30:22.135 I/ ( 0): snd_pcm_hw_constraint_integer failed
12-28 06:28:46.092 D/ACDB-LOADER( 799): Error: ACDB AudProc vol returned = -19
01-05 08:30:22.135 I/msm_pcm_open( 0): P buffer bytes minmax constraint ret 1
01-05 08:30:22.135 E/set_cps_config( 0): get_wsa_dev_num is NULL
12-28 06:28:46.092 D/ACDB-LOADER( 799): ACDB -> send_audstrmtable
12-28 06:28:46.092 D/ACDB-LOADER( 799): ACDB -> ACDB_CMD_GET_AUDPROC_INSTANCE_STREAM_TABLE
12-28 06:28:46.092 D/ACDB-LOADER( 799): ACDB -> audstrm_cal->cal_type.cal_data.cal_size = 20
12-28 06:28:46.092 D/ACDB-LOADER( 799): ACDB -> send_afe_topology
12-28 06:28:46.092 D/ACDB-LOADER( 799): ACDB -> ACDB_CMD_GET_AFE_TOPOLOGY_ID
12-28 06:28:46.092 D/ACDB-LOADER( 799): ACDB -> GET_AFE_TOPOLOGY_ID for adcd_id 15, Topology Id 112fc
12-28 06:28:46.092 D/ACDB-LOADER( 799): ACDB -> send_afe_cal
12-28 06:28:46.092 D/ACDB-LOADER( 799): ACDB -> ACDB_CMD_GET_AFE_INSTANCE_COMMON_TABLE_SIZE
12-28 06:28:46.092 D/android.hardware.audio.service( 799): Failed to fetch the lookup information of the device 0000000F
12-28 06:28:46.092 D/ACDB-LOADER( 799): Error: ACDB_CMD_GET_AFE_INSTANCE_COMMON_TABLE_SIZE Returned = -19
12-28 06:28:46.092 D/ACDB-LOADER( 799): ACDB -> ACDB_CMD_GET_AFE_INSTANCE_COMMON_TABLE
12-28 06:28:46.092 D/android.hardware.audio.service( 799): Failed to fetch the lookup information of the device 0000000F
12-28 06:28:46.092 D/ACDB-LOADER( 799): Error: ACDB AFE returned = -19
12-28 06:28:46.092 D/ACDB-LOADER( 799): ACDB -> AUDIO_SET_AFE_CAL cal_type[16] acdb_id[15]
12-28 06:28:46.092 D/ACDB-LOADER( 799): ACDB -> send_hw_delay : acdb_id = 15 path = 0
12-28 06:28:46.092 D/ACDB-LOADER( 799): ACDB -> ACDB_AVSYNC_INFO: ACDB_CMD_GET_DEVICE_PROPERTY
12-28 06:28:46.092 D/msm8974_platform( 799): platform_split_snd_device: snd_device(2) num devices(0) new_snd_devices(0)
12-28 06:28:46.092 I/msm8974_platform( 799): platform_get_custom_mtmx_params: no matching param with id 0 ip_ch 2 op_ch 2 uc_id 12 snd_dev 2
12-28 06:28:46.092 D/audio_hw_primary( 799): enable_audio_route: apply mixer and update path: audio-ull-playback
12-28 06:28:46.092 D/audio_route( 799): Apply path: audio-ull-playback
12-28 06:28:46.092 D/audio_hw_primary( 799): select_devices: done
12-28 06:28:46.093 D/msm8974_platform( 799): platform_set_channel_map mixer_ctl_name:Playback Channel Map13
12-28 06:28:46.093 D/msm8974_platform( 799): platform_set_channel_map: set mapping(1 2 0 0 0 0 0 0) for channel:2
12-28 06:28:46.093 E/msm8974_platform( 799): platform_set_channel_map: Could not set ctl, error:-22 ch_count:2
01-05 08:30:22.142 I/__afe_port_start( 0): port id: 0xb000
01-05 08:30:22.142 I/afe_find_cal_topo_id_by_port( 0): port id: 0xb000, dev_acdb_id: 0
01-05 08:30:22.142 I/afe_find_cal_topo_id_by_port( 0): top_id:112fc acdb_id:15 afe_port:0xb000
01-05 08:30:22.142 I/afe_get_cal_topology_id( 0): port_id = 0xb000 acdb_id = 15 topology_id = 0x112fc cal_type_index=8 ret=0
12-28 06:28:46.100 I/OMX-VDEC-1080P( 1210): C2D: Start color convertion
01-05 08:30:22.142 E/afe_callback( 0): cmd = 0x100fa returned error = 0x2
01-05 08:30:22.142 E/afe_apr_send_pkt( 0): DSP returned error[ADSP_EBADPARAM]
01-05 08:30:22.142 E/afe_send_port_topology_id( 0): AFE set topology id enable for port 0xb000 failed -22
01-05 08:30:22.142 I/afe_send_port_topology_id( 0): AFE set topology id 0x112fc enable for port 0xb000 ret -22
01-05 08:30:22.142 I/send_afe_cal_type( 0): cal_index is 0
01-05 08:30:22.142 I/send_afe_cal_type( 0): dev_acdb_id[162] is 0
01-05 08:30:22.142 I/send_afe_cal_type( 0): Sending cal_index cal 0
01-05 08:30:22.142 E/send_afe_cal_type( 0): No cal sent for cal_index 0, port_id = 0xb000! ret -22
01-05 08:30:22.142 I/afe_send_hw_delay( 0): port_id 0xb000 rate 48000 delay_usec 474 status 0
01-05 08:30:22.142 E/afe_callback( 0): cmd = 0x100fa returned error = 0x2
01-05 08:30:22.142 E/afe_apr_send_pkt( 0): DSP returned error[ADSP_EBADPARAM]
01-05 08:30:22.142 E/__afe_port_start( 0): AFE enable for port 0xb000 failed -22
01-05 08:30:22.142 E/msm-dai-cdc-dma-dev soc( 0): qcom,msm-dai-cdc-dma:qcom,msm-dai-wsa-cdc-dma-0-rx: fail to open AFE port 0xb000
01-05 08:30:22.142 E/msm-dai-cdc-dma-dev soc( 0): qcom,msm-dai-cdc-dma:qcom,msm-dai-wsa-cdc-dma-0-rx: ASoC: cpu DAI prepare error: -22
01-05 08:30:22.142 E/soc_pcm_prepare( 0): Issue stop stream for codec_dai due to op failure -22 = ret
12-28 06:28:46.100 W/C2DColorConvert( 1210): calcLumaAlign: unknown format (3) passed for luma alignment number.
12-28 06:28:46.100 E/audio_hw_primary( 799): pcm_open_prepare_helper: pcm_prepare returned -1
01-05 08:30:22.143 E/WSA_CDC_DMA_RX_0( 0): ASoC: backend prepare failed -22
12-28 06:28:46.105 D/audio_hw_primary( 799): disable_audio_route: reset and update mixer path: audio-ull-playback
12-28 06:28:46.106 E/soundtrigger( 799): audio_extn_sound_trigger_update_stream_status: invalid input device 0x0, for event 2
12-28 06:28:46.106 D/soundtrigger( 799): audio_extn_sound_trigger_update_stream_status: uc_info->id 12 of type 0 for Event 2, with Raise=0
12-28 06:28:46.106 D/msm8974_platform( 799): platform_split_snd_device: snd_device(2) num devices(0) new_snd_devices(0)
12-28 06:28:46.106 I/msm8974_platform( 799): platform_get_custom_mtmx_params: no matching param with id 0 ip_ch 2 op_ch 2 uc_id 12 snd_dev 2
12-28 06:28:46.106 D/hardware_info( 799): hw_info_append_hw_type : device_name = speaker
12-28 06:28:46.106 D/audio_hw_primary( 799): disable_snd_device: snd_device(2: speaker)
12-28 06:28:46.106 D/msm8974_platform( 799): platform_split_snd_device: snd_device(2) num devices(0) new_snd_devices(0)
12-28 06:28:46.106 I/soundtrigger( 799): audio_extn_sound_trigger_update_device_status: device 0x2 of type 0 for Event 0, with Raise=0
12-28 06:28:46.140 I/OMX-VDEC-1080P( 1210): C2D: Start color convertion
