12-28 05:44:48.002 I/wm_on_top_resumed_gained_called(30902): [244495840,com.tencent.tmgp.sgame.SGameActivity,topStateChangedWhenResumed]
12-28 05:44:48.016 I/input_focus( 1508): [Focus request 3ca93b3 com.tencent.tmgp.sgame/com.tencent.tmgp.sgame.SGameActivity,reason=UpdateInputWindows]
12-28 05:44:48.055 I/sysui_multi_action( 1508): [319,27,321,25,322,391,325,14801,757,761,758,8,759,1,806,com.tencent.tmgp.sgame,871,com.tencent.tmgp.sgame.SGameActivity,904,com.android.launcher3,905,0,1320,4,1321,4]
12-28 05:44:48.056 I/wm_activity_launch_time( 1508): [0,244495840,com.tencent.tmgp.sgame/.SGameActivity,391]
12-28 05:44:48.063 I/input_focus( 1508): [Focus entering 3ca93b3 com.tencent.tmgp.sgame/com.tencent.tmgp.sgame.SGameActivity (server),reason=Window became focusable. Previous reason: NOT_VISIBLE]
12-28 05:44:48.159 I/auditd (30902): type=1400 audit(0.0:16513): avc: granted { execute } for comm="tbs_preinit" path="/data/user/0/com.tencent.tmgp.sgame/app_tbs_64/core_share/libwebp_base.so" dev="dm-10" ino=18339 scontext=u:r:untrusted_app_29:s0:c98,c256,c512,c768 tcontext=u:object_r:app_data_file:s0:c98,c256,c512,c768 tclass=file app=com.tencent.tmgp.sgame
12-28 05:44:48.175 I/auditd (30902): type=1400 audit(0.0:16514): avc: granted { execute } for comm="logging-thread" path="/data/user/0/com.tencent.tmgp.sgame/app_tbs_64/core_share/libx5log.so" dev="dm-10" ino=18341 scontext=u:r:untrusted_app_29:s0:c98,c256,c512,c768 tcontext=u:object_r:app_data_file:s0:c98,c256,c512,c768 tclass=file app=com.tencent.tmgp.sgame
12-28 05:44:48.199 I/auditd (30902): type=1400 audit(0.0:16515): avc: granted { execute } for comm="tbs_preinit" path="/data/user/0/com.tencent.tmgp.sgame/app_tbs_64/core_share/libmttwebview.so" dev="dm-10" ino=18259 scontext=u:r:untrusted_app_29:s0:c98,c256,c512,c768 tcontext=u:object_r:app_data_file:s0:c98,c256,c512,c768 tclass=file app=com.tencent.tmgp.sgame
12-28 05:44:48.211 I/auditd (30902): type=1400 audit(0.0:16516): avc: granted { execute } for comm="TP-IoBound-3" path="/data/user/0/com.tencent.tmgp.sgame/app_tbs_64/core_share/libqb_keystore.so" dev="dm-10" ino=18331 scontext=u:r:untrusted_app_29:s0:c98,c256,c512,c768 tcontext=u:object_r:app_data_file:s0:c98,c256,c512,c768 tclass=file app=com.tencent.tmgp.sgame
12-28 05:44:48.234 I/wm_stop_activity( 1508): [0,186653412,com.android.launcher3/.uioverrides.QuickstepLauncher]
12-28 05:44:48.254 I/wm_on_stop_called( 2857): [186653412,com.android.launcher3.uioverrides.QuickstepLauncher,STOP_ACTIVITY_ITEM]
12-28 05:44:51.631 I/auditd ( 0): type=1400 audit(0.0:16521): avc: denied { kill } for comm="swapper/4" capability=5 scontext=u:r:kernel:s0 tcontext=u:r:kernel:s0 tclass=capability permissive=0
12-28 05:44:51.707 I/netstats_mobile_sample( 1508): [0,0,0,0,0,0,0,0,0,0,0,0,1672177491707]
12-28 05:44:51.707 I/netstats_wifi_sample( 1508): [6511479891,4903896,75160637,964493,6511479891,4903896,75160637,964493,6518192068,4965794,61951741,933030,1672177491707]
12-28 05:44:52.631 I/auditd ( 0): type=1400 audit(0.0:16522): avc: denied { kill } for comm="swapper/4" capability=5 scontext=u:r:kernel:s0 tcontext=u:r:kernel:s0 tclass=capability permissive=0
12-28 05:44:53.631 I/auditd ( 0): type=1400 audit(0.0:16523): avc: denied { kill } for comm="swapper/4" capability=5 scontext=u:r:kernel:s0 tcontext=u:r:kernel:s0 tclass=capability permissive=0
12-28 05:44:55.437 I/input_focus( 1508): [Focus request 4944e7a com.tencent.tmgp.sgame/com.tencent.tmgp.sgame.SGameActivity,reason=UpdateInputWindows]
12-28 05:44:55.447 I/input_focus( 1508): [Focus entering 4944e7a com.tencent.tmgp.sgame/com.tencent.tmgp.sgame.SGameActivity (server),reason=setFocusedWindow]
12-28 05:44:56.631 I/auditd ( 0): type=1400 audit(0.0:16524): avc: denied { kill } for comm="swapper/4" capability=5 scontext=u:r:kernel:s0 tcontext=u:r:kernel:s0 tclass=capability permissive=0
12-28 05:44:58.631 I/auditd ( 0): type=1400 audit(0.0:16525): avc: denied { kill } for comm="swapper/5" capability=5 scontext=u:r:kernel:s0 tcontext=u:r:kernel:s0 tclass=capability permissive=0
12-28 05:44:59.631 I/auditd ( 0): type=1400 audit(0.0:16526): avc: denied { kill } for comm="swapper/5" capability=5 scontext=u:r:kernel:s0 tcontext=u:r:kernel:s0 tclass=capability permissive=0
12-28 05:45:00.631 I/auditd ( 0): type=1400 audit(0.0:16527): avc: denied { kill } for comm="swapper/5" capability=5 scontext=u:r:kernel:s0 tcontext=u:r:kernel:s0 tclass=capability permissive=0
12-28 05:45:00.791 I/auditd (30902): type=1400 audit(0.0:16528): avc: denied { read } for comm="Thread-92" name="cache" dev="dm-5" ino=16 scontext=u:r:untrusted_app_29:s0:c98,c256,c512,c768 tcontext=u:object_r:cache_file:s0 tclass=lnk_file permissive=0 app=com.tencent.tmgp.sgame
12-28 05:45:00.791 I/auditd (30902): type=1400 audit(0.0:16529): avc: denied { read } for comm="Thread-92" name="cache" dev="dm-5" ino=16 scontext=u:r:untrusted_app_29:s0:c98,c256,c512,c768 tcontext=u:object_r:cache_file:s0 tclass=lnk_file permissive=0 app=com.tencent.tmgp.sgame
12-28 05:45:01.631 I/auditd ( 0): type=1400 audit(0.0:16530): avc: denied { kill } for comm="swapper/5" capability=5 scontext=u:r:kernel:s0 tcontext=u:r:kernel:s0 tclass=capability permissive=0
12-28 05:45:02.041 I/am_pss ( 1508): [30902,10098,com.tencent.tmgp.sgame,761634816,729853952,49152,908566528,0,2,37]
12-28 05:45:02.631 I/auditd ( 0): type=1400 audit(0.0:16531): avc: denied { kill } for comm="swapper/5" capability=5 scontext=u:r:kernel:s0 tcontext=u:r:kernel:s0 tclass=capability permissive=0
12-28 05:45:03.631 I/auditd ( 0): type=1400 audit(0.0:16532): avc: denied { kill } for comm="swapper/5" capability=5 scontext=u:r:kernel:s0 tcontext=u:r:kernel:s0 tclass=capability permissive=0
12-28 05:45:05.631 I/auditd ( 0): type=1400 audit(0.0:16533): avc: denied { kill } for comm="swapper/4" capability=5 scontext=u:r:kernel:s0 tcontext=u:r:kernel:s0 tclass=capability permissive=0
12-28 05:45:06.631 I/auditd ( 0): type=1400 audit(0.0:16534): avc: denied { kill } for comm="swapper/4" capability=5 scontext=u:r:kernel:s0 tcontext=u:r:kernel:s0 tclass=capability permissive=0
12-28 05:45:07.130 I/force_gc( 2622): mem
12-28 05:45:07.631 I/auditd ( 0): type=1400 audit(0.0:16535): avc: denied { kill } for comm="swapper/4" capability=5 scontext=u:r:kernel:s0 tcontext=u:r:kernel:s0 tclass=capability permissive=0
12-28 05:45:08.631 I/auditd ( 0): type=1400 audit(0.0:16536): avc: denied { kill } for comm="swapper/4" capability=5 scontext=u:r:kernel:s0 tcontext=u:r:kernel:s0 tclass=capability permissive=0
12-28 05:45:09.631 I/auditd ( 0): type=1400 audit(0.0:16537): avc: denied { kill } for comm="swapper/4" capability=5 scontext=u:r:kernel:s0 tcontext=u:r:kernel:s0 tclass=capability permissive=0
12-28 05:45:10.164 I/input_interaction( 1508): Interaction with: 4944e7a com.tencent.tmgp.sgame/com.tencent.tmgp.sgame.SGameActivity (server), edge-swipe (server), swipe-up (server), PointerEventDispatcher0 (server),
12-28 05:45:11.095 I/wm_task_moved( 1508): [1,0,0]
12-28 05:45:11.095 I/wm_task_moved( 1508): [1,0,5]
12-28 05:45:11.100 I/wm_on_restart_called( 2857): [186653412,com.android.launcher3.uioverrides.QuickstepLauncher,performRestartActivity]
12-28 05:45:11.115 I/wm_on_start_called( 2857): [186653412,com.android.launcher3.uioverrides.QuickstepLauncher,handleStartActivity]
12-28 05:45:11.140 I/sysui_multi_action( 1508): [319,10,322,36,325,14825,757,761,758,9,759,5,806,com.android.launcher3,871,com.android.launcher3.uioverrides.QuickstepLauncher,905,0,1320,4,1321,1]
12-28 05:45:11.208 I/view_enqueue_input_event(30902): [Motion - Cancel,com.tencent.tmgp.sgame/com.tencent.tmgp.sgame.SGameActivity]
12-28 05:45:11.218 I/input_interaction( 1508): Interaction with: edge-swipe (server), swipe-up (server), PointerEventDispatcher0 (server),
12-28 05:45:11.235 I/sysui_latency( 2857): [1,51]
12-28 05:45:11.250 I/input_focus( 1508): [Focus request recents_animation_input_consumer,reason=UpdateInputWindows]
12-28 05:45:11.285 I/input_focus( 1508): [Focus leaving 4944e7a com.tencent.tmgp.sgame/com.tencent.tmgp.sgame.SGameActivity (server),reason=NOT_FOCUSABLE]
12-28 05:45:11.285 I/input_focus( 1508): [Focus entering recents_animation_input_consumer (server),reason=setFocusedWindow]
12-28 05:45:11.322 I/commit_sys_config_file( 1508): [settings-1-0,9]
12-28 05:45:11.432 I/sysui_latency( 1508): [8,51]
12-28 05:45:11.587 I/commit_sys_config_file( 1508): [settings-1-0,6]
12-28 05:45:11.631 I/auditd ( 0): type=1400 audit(0.0:16538): avc: denied { kill } for comm="swapper/1" capability=5 scontext=u:r:kernel:s0 tcontext=u:r:kernel:s0 tclass=capability permissive=0
12-28 05:45:11.972 I/wm_task_moved( 1508): [1,1,6]
12-28 05:45:11.974 I/wm_task_moved( 1508): [10,1,2147483647]
12-28 05:45:11.974 I/wm_task_to_front( 1508): [0,10]
12-28 05:45:11.974 I/wm_focused_root_task( 1508): [0,0,1,65,RecentsAnimation.onAnimationFinished()]
12-28 05:45:11.974 I/wm_on_top_resumed_lost_called(30902): [244495840,com.tencent.tmgp.sgame.SGameActivity,topStateChangedWhenResumed]
12-28 05:45:11.975 I/wm_set_resumed_activity( 1508): [0,com.android.launcher3/.uioverrides.QuickstepLauncher,RecentsAnimation.onAnimationFinished()]
12-28 05:45:11.976 I/wm_pause_activity( 1508): [0,244495840,com.tencent.tmgp.sgame/.SGameActivity,userLeaving=true,pauseBackTasks]
12-28 05:45:11.976 I/wm_add_to_stopping( 1508): [0,244495840,com.tencent.tmgp.sgame/.SGameActivity,makeInvisible]
12-28 05:45:11.976 I/wm_set_resumed_activity( 1508): [0,com.android.launcher3/.uioverrides.QuickstepLauncher,resumeTopActivityInnerLocked]
12-28 05:45:11.982 I/wm_resume_activity( 1508): [0,186653412,10,com.android.launcher3/.uioverrides.QuickstepLauncher]
12-28 05:45:11.982 I/wm_on_resume_called( 2857): [186653412,com.android.launcher3.uioverrides.QuickstepLauncher,RESUME_ACTIVITY]
12-28 05:45:11.991 I/input_focus( 1508): [Focus request 2711ce0 com.android.launcher3/com.android.launcher3.uioverrides.QuickstepLauncher,reason=UpdateInputWindows]
12-28 05:45:11.992 I/wm_on_top_resumed_gained_called( 2857): [186653412,com.android.launcher3.uioverrides.QuickstepLauncher,topStateChangedWhenResumed]
12-28 05:45:11.997 I/wm_stop_activity( 1508): [0,244495840,com.tencent.tmgp.sgame/.SGameActivity]
12-28 05:45:11.999 I/sysui_multi_action( 1508): [757,803,799,window_time_0,802,25]
12-28 05:45:11.999 I/sysui_multi_action( 1508): [757,803,799,window_time_0,802,0]
12-28 05:45:12.005 I/input_focus( 1508): [Focus leaving recents_animation_input_consumer (server),reason=NOT_VISIBLE]
12-28 05:45:12.005 I/input_focus( 1508): [Focus entering 2711ce0 com.android.launcher3/com.android.launcher3.uioverrides.QuickstepLauncher (server),reason=setFocusedWindow]
12-28 05:45:12.014 I/am_pss ( 1508): [30620,1000,com.android.settings,25973760,16281600,55296,114069504,0,19,7]
12-28 05:45:12.030 I/am_pss ( 1508): [30690,10064,com.android.calendar,7204864,4898816,55296,87220224,0,19,5]
12-28 05:45:12.037 I/am_pss ( 1508): [30668,10067,com.android.deskclock,8316928,5869568,55296,89731072,0,19,5]
12-28 05:45:12.043 I/am_pss ( 1508): [30628,10069,com.android.gallery3d,7900160,5533696,55296,88465408,0,19,5]
12-28 05:45:12.050 I/am_pss ( 1508): [30621,10030,com.microsoft.emmx,41606144,37089280,55296,134127616,0,19,6]
12-28 05:45:12.056 I/am_pss ( 1508): [30619,10084,com.android.music,7848960,5632000,55296,86233088,0,19,5]
12-28 05:45:12.306 I/commit_sys_config_file( 1508): [settings-1-0,6]
12-28 05:45:12.502 I/wm_on_paused_called(30902): [244495840,com.tencent.tmgp.sgame.SGameActivity,performPause]
12-28 05:45:12.508 I/wm_on_stop_called(30902): [244495840,com.tencent.tmgp.sgame.SGameActivity,STOP_ACTIVITY_ITEM]
12-28 05:45:12.631 I/auditd ( 0): type=1400 audit(0.0:16539): avc: denied { kill } for comm="swapper/1" capability=5 scontext=u:r:kernel:s0 tcontext=u:r:kernel:s0 tclass=capability permissive=0
12-28 05:45:13.631 I/auditd ( 0): type=1400 audit(0.0:16540): avc: denied { kill } for comm="swapper/1" capability=5 scontext=u:r:kernel:s0 tcontext=u:r:kernel:s0 tclass=capability permissive=0
12-28 05:45:13.754 I/input_interaction( 1508): Interaction with: 2711ce0 com.android.launcher3/com.android.launcher3.uioverrides.QuickstepLauncher (server), cd21bea com.android.systemui.ImageWallpaper (server), edge-swipe (server), swipe-up (server), PointerEventDispatcher0 (server),
12-28 05:45:13.867 I/wm_task_created( 1508): [66,-1]
12-28 05:45:13.869 I/wm_task_moved( 1508): [66,1,7]
12-28 05:45:13.869 I/wm_task_to_front( 1508): [0,66]
12-28 05:45:13.869 I/wm_create_task( 1508): [0,66]
12-28 05:45:13.869 I/wm_create_activity( 1508): [0,238673682,66,com.android.settings/.Settings,android.intent.action.MAIN,NULL,NULL,270532608]
12-28 05:45:13.869 I/wm_task_moved( 1508): [66,1,7]
12-28 05:45:13.870 I/wm_pause_activity( 1508): [0,186653412,com.android.launcher3/.uioverrides.QuickstepLauncher,userLeaving=true,pauseBackTasks]
12-28 05:45:13.872 I/wm_on_top_resumed_lost_called( 2857): [186653412,com.android.launcher3.uioverrides.QuickstepLauncher,topStateChangedWhenResumed]
12-28 05:45:13.872 I/wm_on_paused_called( 2857): [186653412,com.android.launcher3.uioverrides.QuickstepLauncher,performPause]
12-28 05:45:13.874 I/wm_add_to_stopping( 1508): [0,186653412,com.android.launcher3/.uioverrides.QuickstepLauncher,makeInvisible]
12-28 05:45:13.875 I/wm_restart_activity( 1508): [0,238673682,66,com.android.settings/.Settings]
12-28 05:45:13.876 I/wm_set_resumed_activity( 1508): [0,com.android.settings/.Settings,minimalResumeActivityLocked]
12-28 05:45:13.880 I/sysui_multi_action( 1508): [757,803,799,window_time_0,802,2]
12-28 05:45:13.890 I/input_focus( 1508): [Focus leaving 2711ce0 com.android.launcher3/com.android.launcher3.uioverrides.QuickstepLauncher (server),reason=NO_WINDOW]
12-28 05:45:13.996 I/am_uid_running( 1508): 10086
12-28 05:45:14.000 I/wm_on_create_called(30620): [238673682,com.android.settings.Settings,performCreate]
12-28 05:45:14.002 I/am_proc_start( 1508): [0,32215,10086,com.qualcomm.qti.qccauthmgr,content provider,{com.qualcomm.qti.qccauthmgr/com.qualcomm.qti.qccauthmgr.providers.SMQContentProvider}]
12-28 05:45:14.012 I/am_proc_bound( 1508): [0,32215,com.qualcomm.qti.qccauthmgr]
12-28 05:45:14.014 I/am_uid_active( 1508): 10086
12-28 05:45:14.034 I/wm_on_start_called(30620): [238673682,com.android.settings.Settings,handleStartActivity]
12-28 05:45:14.034 I/snet_event_log(30620): [120484087,-1,]
12-28 05:45:14.035 I/wm_on_resume_called(30620): [238673682,com.android.settings.Settings,RESUME_ACTIVITY]
12-28 05:45:14.036 I/sysui_multi_action(30620): [757,35,758,1,833,0,1089,34]
12-28 05:45:14.039 I/service_manager_stats( 1508): [100,84,84314]
12-28 05:45:14.043 I/sysui_multi_action(30620): [757,1729,758,4,854,isParalleledControllers:false,1089,41]
12-28 05:45:14.049 I/wm_on_top_resumed_gained_called(30620): [238673682,com.android.settings.Settings,topStateChangedWhenResumed]
12-28 05:45:14.047 I/auditd ( 562): type=1400 audit(0.0:16541): avc: denied { read } for comm="Binder:562_2" name="wakeup58" dev="sysfs" ino=71711 scontext=u:r:system_suspend:s0 tcontext=u:object_r:sysfs:s0 tclass=dir permissive=0
12-28 05:45:14.047 I/auditd ( 562): type=1400 audit(0.0:16542): avc: denied { read } for comm="Binder:562_2" name="wakeup48" dev="sysfs" ino=67402 scontext=u:r:system_suspend:s0 tcontext=u:object_r:sysfs:s0 tclass=dir permissive=0
12-28 05:45:14.047 I/auditd ( 562): type=1400 audit(0.0:16543): avc: denied { read } for comm="Binder:562_2" name="wakeup4" dev="sysfs" ino=47049 scontext=u:r:system_suspend:s0 tcontext=u:object_r:sysfs:s0 tclass=dir permissive=0
12-28 05:45:14.047 I/auditd ( 562): type=1400 audit(0.0:16544): avc: denied { read } for comm="Binder:562_2" name="wakeup76" dev="sysfs" ino=76616 scontext=u:r:system_suspend:s0 tcontext=u:object_r:sysfs:s0 tclass=dir permissive=0
12-28 05:45:14.047 I/auditd ( 562): type=1400 audit(0.0:16545): avc: denied { read } for comm="Binder:562_2" name="wakeup28" dev="sysfs" ino=53254 scontext=u:r:system_suspend:s0 tcontext=u:object_r:sysfs:s0 tclass=dir permissive=0
12-28 05:45:14.075 I/input_focus( 1508): [Focus request 6e85bb1 com.android.settings/com.android.settings.Settings,reason=UpdateInputWindows]
12-28 05:45:14.118 I/sysui_multi_action( 1508): [324,1,757,1090,758,12,806,com.android.settings,871,com.android.settings.Settings,1091,256]
12-28 05:45:14.122 I/sysui_multi_action( 1508): [319,35,321,32,322,256,325,14828,757,761,758,8,759,1,806,com.android.settings,871,com.android.settings.Settings,904,com.android.launcher3,905,0,1320,8,1321,5]
12-28 05:45:14.123 I/wm_activity_launch_time( 1508): [0,238673682,com.android.settings/.Settings,256]
12-28 05:45:14.125 I/input_focus( 1508): [Focus entering 6e85bb1 com.android.settings/com.android.settings.Settings (server),reason=Window became focusable. Previous reason: NOT_VISIBLE]
12-28 05:45:14.148 W/CarrierConfigManager(30620): Error getting config for subId -1 ICarrierConfigLoader is null
12-28 05:45:14.171 I/sysui_multi_action(30620): [757,746,758,1,833,0,1089,30]
12-28 05:45:14.172 D/TelephonyRegistry( 1508): listen oscl: mHasNotifySubscriptionInfoChangedOccurred==false no callback
12-28 05:45:14.177 D/TelephonyRegistry( 1508): listen oscl: mHasNotifySubscriptionInfoChangedOccurred==false no callback
12-28 05:45:14.185 I/sysui_multi_action(30620): [757,1729,758,4,854,isParalleledControllers:false,1089,43]
12-28 05:45:14.425 I/wm_stop_activity( 1508): [0,186653412,com.android.launcher3/.uioverrides.QuickstepLauncher]
12-28 05:45:14.434 I/wm_on_stop_called( 2857): [186653412,com.android.launcher3.uioverrides.QuickstepLauncher,STOP_ACTIVITY_ITEM]
12-28 05:45:15.248 I/netstats_mobile_sample( 1508): [0,0,0,0,0,0,0,0,0,0,0,0,1672177515248]
12-28 05:45:15.248 I/netstats_wifi_sample( 1508): [6511674876,4904347,75288186,964941,6511674876,4904347,75288186,964941,6518420619,4966461,62033114,933370,1672177515248]
12-28 05:45:15.502 I/input_interaction( 1508): Interaction with: 6e85bb1 com.android.settings/com.android.settings.Settings (server), edge-swipe (server), swipe-up (server), PointerEventDispatcher0 (server),
12-28 05:45:15.631 I/auditd ( 0): type=1400 audit(0.0:16642): avc: denied { kill } for comm="swapper/1" capability=5 scontext=u:r:kernel:s0 tcontext=u:r:kernel:s0 tclass=capability permissive=0
12-28 05:45:16.090 I/liblog ( 1309): 34
12-28 05:45:16.631 I/auditd ( 0): type=1400 audit(0.0:16643): avc: denied { kill } for comm="swapper/1" capability=5 scontext=u:r:kernel:s0 tcontext=u:r:kernel:s0 tclass=capability permissive=0
12-28 05:45:16.690 I/sysui_multi_action(30620): [757,830,758,4,833,0,854,top_level_game,1089,0]
12-28 05:45:16.798 I/sysui_multi_action(30620): [757,746,758,2,1089,2626]
12-28 05:45:16.824 I/sysui_multi_action(30620): [757,3000,758,1,833,0,1089,13]
12-28 05:45:16.824 I/sysui_multi_action(30620): [757,1729,758,4,854,isParalleledControllers:false,1089,14]
12-28 05:45:17.631 I/auditd ( 0): type=1400 audit(0.0:16644): avc: denied { kill } for comm="swapper/1" capability=5 scontext=u:r:kernel:s0 tcontext=u:r:kernel:s0 tclass=capability permissive=0
12-28 05:45:17.992 I/sysui_multi_action(30620): [757,830,758,4,833,0,854,game_setting_gpu,1089,0]
12-28 05:45:17.996 I/sysui_multi_action(30620): [757,3000,758,2,1089,1172]
12-28 05:45:18.026 I/sysui_multi_action(30620): [757,3000,758,1,833,0,1089,28]
12-28 05:45:18.026 I/sysui_multi_action(30620): [757,1729,758,4,854,isParalleledControllers:false,1089,29]
12-28 05:45:18.631 I/auditd (28503): type=1400 audit(0.0:16645): avc: denied { kill } for comm="kworker/u17:1" capability=5 scontext=u:r:kernel:s0 tcontext=u:r:kernel:s0 tclass=capability permissive=0
12-28 05:45:19.631 I/auditd ( 0): type=1400 audit(0.0:16646): avc: denied { kill } for comm="swapper/1" capability=5 scontext=u:r:kernel:s0 tcontext=u:r:kernel:s0 tclass=capability permissive=0
12-28 05:45:19.827 I/sysui_multi_action(30620): [757,830,758,4,833,0,854,game_setting_gpu_custom_fps,1089,0]
12-28 05:45:19.834 I/input_focus( 1508): [Focus request eff3f66 PopupWindow:a14e4fb,reason=UpdateInputWindows]
12-28 05:45:19.856 I/input_focus( 1508): [Focus leaving 6e85bb1 com.android.settings/com.android.settings.Settings (server),reason=Waiting for window because NOT_VISIBLE]
12-28 05:45:19.873 I/input_focus( 1508): [Focus entering eff3f66 PopupWindow:a14e4fb (server),reason=Window became focusable. Previous reason: NOT_VISIBLE]
12-28 05:45:20.631 I/auditd ( 0): type=1400 audit(0.0:16647): avc: denied { kill } for comm="swapper/1" capability=5 scontext=u:r:kernel:s0 tcontext=u:r:kernel:s0 tclass=capability permissive=0
12-28 05:45:20.646 I/input_interaction( 1508): Interaction with: eff3f66 PopupWindow:a14e4fb (server), edge-swipe (server), swipe-up (server), PointerEventDispatcher0 (server),
12-28 05:45:20.815 I/input_focus( 1508): [Focus request 6e85bb1 com.android.settings/com.android.settings.Settings,reason=UpdateInputWindows]
12-28 05:45:20.842 I/input_focus( 1508): [Focus leaving eff3f66 PopupWindow:a14e4fb (server),reason=NOT_FOCUSABLE]
12-28 05:45:20.843 I/input_focus( 1508): [Focus entering 6e85bb1 com.android.settings/com.android.settings.Settings (server),reason=setFocusedWindow]
12-28 05:45:21.112 I/force_gc( 2625): mem
12-28 05:45:21.631 I/auditd ( 0): type=1400 audit(0.0:16648): avc: denied { kill } for comm="swapper/1" capability=5 scontext=u:r:kernel:s0 tcontext=u:r:kernel:s0 tclass=capability permissive=0
12-28 05:45:21.659 I/input_interaction( 1508): Interaction with: 6e85bb1 com.android.settings/com.android.settings.Settings (server), edge-swipe (server), swipe-up (server), PointerEventDispatcher0 (server),
12-28 05:45:21.678 I/wm_task_moved( 1508): [1,0,0]
12-28 05:45:21.678 I/wm_task_moved( 1508): [1,0,6]
12-28 05:45:21.702 I/view_enqueue_input_event(30620): [Motion - Cancel,com.android.settings/com.android.settings.Settings]
12-28 05:45:21.703 I/wm_on_restart_called( 2857): [186653412,com.android.launcher3.uioverrides.QuickstepLauncher,performRestartActivity]
12-28 05:45:21.705 I/input_focus( 1508): [Focus request recents_animation_input_consumer,reason=UpdateInputWindows]
12-28 05:45:21.713 I/input_interaction( 1508): Interaction with: edge-swipe (server), swipe-up (server), PointerEventDispatcher0 (server),
12-28 05:45:21.726 I/input_focus( 1508): [Focus leaving 6e85bb1 com.android.settings/com.android.settings.Settings (server),reason=NOT_FOCUSABLE]
12-28 05:45:21.726 I/input_focus( 1508): [Focus entering recents_animation_input_consumer (server),reason=setFocusedWindow]
12-28 05:45:21.735 I/wm_on_start_called( 2857): [186653412,com.android.launcher3.uioverrides.QuickstepLauncher,handleStartActivity]
12-28 05:45:21.742 I/sysui_latency( 2857): [1,83]
12-28 05:45:21.765 I/sysui_multi_action( 1508): [319,9,322,76,325,14835,757,761,758,9,759,5,806,com.android.launcher3,871,com.android.launcher3.uioverrides.QuickstepLauncher,905,0,1320,4,1321,1]
12-28 05:45:21.937 I/commit_sys_config_file( 1508): [settings-1-0,3]
12-28 05:45:22.056 I/sysui_latency( 1508): [8,90]
12-28 05:45:22.517 I/wm_task_moved( 1508): [1,1,7]
12-28 05:45:22.518 I/wm_focused_root_task( 1508): [0,0,1,66,RecentsAnimation.onAnimationFinished()]
12-28 05:45:22.520 I/wm_pause_activity( 1508): [0,238673682,com.android.settings/.Settings,userLeaving=false,pauseBackTasks]
12-28 05:45:22.521 I/wm_set_resumed_activity( 1508): [0,com.android.launcher3/.uioverrides.QuickstepLauncher,resumeTopActivityInnerLocked]
12-28 05:45:22.522 I/wm_resume_activity( 1508): [0,186653412,10,com.android.launcher3/.uioverrides.QuickstepLauncher]
12-28 05:45:22.523 I/wm_add_to_stopping( 1508): [0,238673682,com.android.settings/.Settings,makeInvisible]
12-28 05:45:22.525 I/wm_on_resume_called( 2857): [186653412,com.android.launcher3.uioverrides.QuickstepLauncher,RESUME_ACTIVITY]
12-28 05:45:22.529 I/input_focus( 1508): [Focus request 2711ce0 com.android.launcher3/com.android.launcher3.uioverrides.QuickstepLauncher,reason=UpdateInputWindows]
12-28 05:45:22.529 I/wm_on_top_resumed_lost_called(30620): [238673682,com.android.settings.Settings,topStateChangedWhenResumed]
12-28 05:45:22.533 I/sysui_multi_action( 1508): [757,803,799,window_time_0,802,8]
12-28 05:45:22.536 I/sysui_multi_action(30620): [757,35,758,2,1089,8499]
12-28 05:45:22.536 I/wm_stop_activity( 1508): [0,238673682,com.android.settings/.Settings]
12-28 05:45:22.536 I/sysui_multi_action(30620): [757,3000,758,2,1089,4511]
12-28 05:45:22.536 I/wm_on_paused_called(30620): [238673682,com.android.settings.Settings,performPause]
12-28 05:45:22.537 I/sysui_multi_action( 1508): [757,803,799,window_time_0,802,0]
12-28 05:45:22.545 I/input_focus( 1508): [Focus leaving recents_animation_input_consumer (server),reason=NOT_VISIBLE]
12-28 05:45:22.545 I/input_focus( 1508): [Focus entering 2711ce0 com.android.launcher3/com.android.launcher3.uioverrides.QuickstepLauncher (server),reason=setFocusedWindow]
12-28 05:45:22.560 I/wm_on_stop_called(30620): [238673682,com.android.settings.Settings,STOP_ACTIVITY_ITEM]
12-28 05:45:22.614 I/wm_on_top_resumed_gained_called( 2857): [186653412,com.android.launcher3.uioverrides.QuickstepLauncher,topStateChangedWhenResumed]
12-28 05:45:22.631 I/auditd ( 0): type=1400 audit(0.0:16649): avc: denied { kill } for comm="swapper/1" capability=5 scontext=u:r:kernel:s0 tcontext=u:r:kernel:s0 tclass=capability permissive=0
12-28 05:45:22.758 I/commit_sys_config_file( 1508): [settings-1-0,4]
12-28 05:45:23.087 I/input_interaction( 1508): Interaction with: 2711ce0 com.android.launcher3/com.android.launcher3.uioverrides.QuickstepLauncher (server), cd21bea com.android.systemui.ImageWallpaper (server), edge-swipe (server), swipe-up (server), PointerEventDispatcher0 (server),
12-28 05:45:23.198 I/wm_task_moved( 1508): [1,1,7]
12-28 05:45:23.199 I/wm_set_resumed_activity( 1508): [0,com.android.launcher3/.uioverrides.QuickstepLauncher,positionChildAt]
12-28 05:45:23.199 I/wm_task_moved( 1508): [65,1,7]
12-28 05:45:23.199 I/wm_task_to_front( 1508): [0,65]
12-28 05:45:23.200 I/wm_focused_root_task( 1508): [0,0,65,1,moveTaskToFront findTaskToMoveToFront]
12-28 05:45:23.200 I/wm_set_resumed_activity( 1508): [0,com.tencent.tmgp.sgame/.SGameActivity,moveTaskToFront findTaskToMoveToFront]
12-28 05:45:23.202 I/wm_pause_activity( 1508): [0,186653412,com.android.launcher3/.uioverrides.QuickstepLauncher,userLeaving=true,pauseBackTasks]
12-28 05:45:23.209 I/wm_on_top_resumed_lost_called( 2857): [186653412,com.android.launcher3.uioverrides.QuickstepLauncher,topStateChangedWhenResumed]
12-28 05:45:23.210 I/wm_on_paused_called( 2857): [186653412,com.android.launcher3.uioverrides.QuickstepLauncher,performPause]
12-28 05:45:23.213 I/wm_set_resumed_activity( 1508): [0,com.tencent.tmgp.sgame/.SGameActivity,resumeTopActivityInnerLocked]
12-28 05:45:23.213 I/wm_add_to_stopping( 1508): [0,186653412,com.android.launcher3/.uioverrides.QuickstepLauncher,makeInvisible]
12-28 05:45:23.214 I/wm_resume_activity( 1508): [0,244495840,65,com.tencent.tmgp.sgame/.SGameActivity]
12-28 05:45:23.225 I/sysui_multi_action( 1508): [757,803,799,window_time_0,802,1]
12-28 05:45:23.230 I/input_focus( 1508): [Focus leaving 2711ce0 com.android.launcher3/com.android.launcher3.uioverrides.QuickstepLauncher (server),reason=NO_WINDOW]
12-28 05:45:23.236 I/wm_on_restart_called(30902): [244495840,com.tencent.tmgp.sgame.SGameActivity,performRestartActivity]
12-28 05:45:23.236 I/wm_on_start_called(30902): [244495840,com.tencent.tmgp.sgame.SGameActivity,handleStartActivity]
12-28 05:45:23.240 I/wm_on_resume_called(30902): [244495840,com.tencent.tmgp.sgame.SGameActivity,RESUME_ACTIVITY]
12-28 05:45:23.240 I/wm_on_top_resumed_gained_called(30902): [244495840,com.tencent.tmgp.sgame.SGameActivity,topWhenResuming]
12-28 05:45:23.252 I/input_focus( 1508): [Focus request 4944e7a com.tencent.tmgp.sgame/com.tencent.tmgp.sgame.SGameActivity,reason=UpdateInputWindows]
12-28 05:45:23.263 I/sysui_multi_action( 1508): [319,30,321,28,322,59,325,14837,757,761,758,9,759,4,806,com.tencent.tmgp.sgame,871,com.tencent.tmgp.sgame.SGameActivity,904,com.android.launcher3,905,0,1320,4,1321,4]
12-28 05:45:23.264 I/input_focus( 1508): [Focus entering 4944e7a com.tencent.tmgp.sgame/com.tencent.tmgp.sgame.SGameActivity (server),reason=setFocusedWindow]
12-28 05:45:23.583 I/wm_stop_activity( 1508): [0,186653412,com.android.launcher3/.uioverrides.QuickstepLauncher]
12-28 05:45:23.635 I/wm_on_stop_called( 2857): [186653412,com.android.launcher3.uioverrides.QuickstepLauncher,STOP_ACTIVITY_ITEM]
12-28 05:45:27.631 I/auditd ( 0): type=1400 audit(0.0:16650): avc: denied { kill } for comm="swapper/0" capability=5 scontext=u:r:kernel:s0 tcontext=u:r:kernel:s0 tclass=capability permissive=0
12-28 05:45:28.589 I/force_gc( 2629): mem
12-28 05:45:30.631 I/auditd ( 0): type=1400 audit(0.0:16651): avc: denied { kill } for comm="swapper/0" capability=5 scontext=u:r:kernel:s0 tcontext=u:r:kernel:s0 tclass=capability permissive=0
12-28 05:45:31.631 I/auditd ( 0): type=1400 audit(0.0:16652): avc: denied { kill } for comm="swapper/0" capability=5 scontext=u:r:kernel:s0 tcontext=u:r:kernel:s0 tclass=capability permissive=0
12-28 05:45:33.592 I/force_gc( 2664): mem
12-28 05:45:34.631 I/auditd ( 0): type=1400 audit(0.0:16653): avc: denied { kill } for comm="swapper/0" capability=5 scontext=u:r:kernel:s0 tcontext=u:r:kernel:s0 tclass=capability permissive=0
12-28 05:45:35.631 I/auditd ( 0): type=1400 audit(0.0:16654): avc: denied { kill } for comm="swapper/0" capability=5 scontext=u:r:kernel:s0 tcontext=u:r:kernel:s0 tclass=capability permissive=0
12-28 05:45:36.631 I/auditd ( 0): type=1400 audit(0.0:16655): avc: denied { kill } for comm="swapper/0" capability=5 scontext=u:r:kernel:s0 tcontext=u:r:kernel:s0 tclass=capability permissive=0
12-28 05:45:37.631 I/auditd ( 0): type=1400 audit(0.0:16656): avc: denied { kill } for comm="swapper/0" capability=5 scontext=u:r:kernel:s0 tcontext=u:r:kernel:s0 tclass=capability permissive=0
12-28 05:45:38.597 I/sqlite_mem_released( 2690): 0
12-28 05:45:38.597 I/force_gc( 2690): mem
12-28 05:45:38.631 I/auditd ( 0): type=1400 audit(0.0:16657): avc: denied { kill } for comm="swapper/0" capability=5 scontext=u:r:kernel:s0 tcontext=u:r:kernel:s0 tclass=capability permissive=0
12-28 05:45:39.631 I/auditd ( 0): type=1400 audit(0.0:16658): avc: denied { kill } for comm="swapper/0" capability=5 scontext=u:r:kernel:s0 tcontext=u:r:kernel:s0 tclass=capability permissive=0
12-28 05:45:40.631 I/auditd ( 0): type=1400 audit(0.0:16659): avc: denied { kill } for comm="swapper/0" capability=5 scontext=u:r:kernel:s0 tcontext=u:r:kernel:s0 tclass=capability permissive=0
12-28 05:45:41.631 I/auditd ( 0): type=1400 audit(0.0:16660): avc: denied { kill } for comm="swapper/0" capability=5 scontext=u:r:kernel:s0 tcontext=u:r:kernel:s0 tclass=capability permissive=0
12-28 05:45:43.601 I/sqlite_mem_released( 2721): 0
12-28 05:45:43.601 I/force_gc( 2721): mem
12-28 05:45:43.631 I/auditd ( 0): type=1400 audit(0.0:16661): avc: denied { kill } for comm="swapper/0" capability=5 scontext=u:r:kernel:s0 tcontext=u:r:kernel:s0 tclass=capability permissive=0
12-28 05:45:44.548 I/netstats_mobile_sample( 1508): [0,0,0,0,0,0,0,0,0,0,0,0,1672177544548]
12-28 05:45:44.548 I/netstats_wifi_sample( 1508): [6511799678,4904640,75405089,965221,6511799678,4904640,75405089,965221,6518582731,4966994,62092453,933516,1672177544548]
12-28 05:45:44.631 I/auditd ( 0): type=1400 audit(0.0:16662): avc: denied { kill } for comm="swapper/0" capability=5 scontext=u:r:kernel:s0 tcontext=u:r:kernel:s0 tclass=capability permissive=0
12-28 05:45:45.492 I/storage_state( 1508): [41217664-9172-527a-b3d5-edabb50a7d69,0,0,103397134336,118610538496]
12-28 05:45:45.631 I/auditd (18940): type=1400 audit(0.0:16663): avc: denied { kill } for comm="kworker/u17:4" capability=5 scontext=u:r:kernel:s0 tcontext=u:r:kernel:s0 tclass=capability permissive=0
12-28 05:45:47.631 I/auditd ( 0): type=1400 audit(0.0:16664): avc: denied { kill } for comm="swapper/0" capability=5 scontext=u:r:kernel:s0 tcontext=u:r:kernel:s0 tclass=capability permissive=0
12-28 05:45:48.631 I/auditd ( 0): type=1400 audit(0.0:16665): avc: denied { kill } for comm="swapper/0" capability=5 scontext=u:r:kernel:s0 tcontext=u:r:kernel:s0 tclass=capability permissive=0
12-28 05:45:49.553 I/force_gc( 2728): mem
12-28 05:45:49.631 I/auditd ( 0): type=1400 audit(0.0:16666): avc: denied { kill } for comm="swapper/0" capability=5 scontext=u:r:kernel:s0 tcontext=u:r:kernel:s0 tclass=capability permissive=0
12-28 05:45:50.631 I/auditd ( 0): type=1400 audit(0.0:16667): avc: denied { kill } for comm="swapper/0" capability=5 scontext=u:r:kernel:s0 tcontext=u:r:kernel:s0 tclass=capability permissive=0
12-28 05:45:51.631 I/auditd ( 0): type=1400 audit(0.0:16668): avc: denied { kill } for comm="swapper/0" capability=5 scontext=u:r:kernel:s0 tcontext=u:r:kernel:s0 tclass=capability permissive=0
12-28 05:45:52.631 I/auditd ( 0): type=1400 audit(0.0:16669): avc: denied { kill } for comm="swapper/0" capability=5 scontext=u:r:kernel:s0 tcontext=u:r:kernel:s0 tclass=capability permissive=0
12-28 05:45:53.631 I/auditd ( 0): type=1400 audit(0.0:16670): avc: denied { kill } for comm="swapper/0" capability=5 scontext=u:r:kernel:s0 tcontext=u:r:kernel:s0 tclass=capability permissive=0
12-28 05:45:54.554 I/force_gc( 2763): mem
12-28 05:45:54.631 I/auditd ( 0): type=1400 audit(0.0:16671): avc: denied { kill } for comm="swapper/0" capability=5 scontext=u:r:kernel:s0 tcontext=u:r:kernel:s0 tclass=capability permissive=0
12-28 05:45:55.631 I/auditd ( 735): type=1400 audit(0.0:16672): avc: denied { kill } for comm="crtc_commit:125" capability=5 scontext=u:r:kernel:s0 tcontext=u:r:kernel:s0 tclass=capability permissive=0
12-28 05:45:56.631 I/auditd ( 0): type=1400 audit(0.0:16673): avc: denied { kill } for comm="swapper/0" capability=5 scontext=u:r:kernel:s0 tcontext=u:r:kernel:s0 tclass=capability permissive=0
12-28 05:45:57.631 I/auditd ( 0): type=1400 audit(0.0:16674): avc: denied { kill } for comm="swapper/0" capability=5 scontext=u:r:kernel:s0 tcontext=u:r:kernel:s0 tclass=capability permissive=0
12-28 05:45:58.631 I/auditd ( 0): type=1400 audit(0.0:16675): avc: denied { kill } for comm="swapper/0" capability=5 scontext=u:r:kernel:s0 tcontext=u:r:kernel:s0 tclass=capability permissive=0
12-28 05:45:59.557 I/sqlite_mem_released( 3920): 0
12-28 05:45:59.557 I/force_gc( 3920): mem
12-28 05:46:00.631 I/auditd ( 0): type=1400 audit(0.0:16676): avc: denied { kill } for comm="swapper/0" capability=5 scontext=u:r:kernel:s0 tcontext=u:r:kernel:s0 tclass=capability permissive=0
12-28 05:46:01.631 I/auditd ( 0): type=1400 audit(0.0:16677): avc: denied { kill } for comm="swapper/0" capability=5 scontext=u:r:kernel:s0 tcontext=u:r:kernel:s0 tclass=capability permissive=0
12-28 05:46:02.631 I/auditd ( 0): type=1400 audit(0.0:16678): avc: denied { kill } for comm="swapper/0" capability=5 scontext=u:r:kernel:s0 tcontext=u:r:kernel:s0 tclass=capability permissive=0
12-28 05:46:03.631 I/auditd ( 0): type=1400 audit(0.0:16679): avc: denied { kill } for comm="swapper/0" capability=5 scontext=u:r:kernel:s0 tcontext=u:r:kernel:s0 tclass=capability permissive=0
12-28 05:46:04.631 I/auditd ( 0): type=1400 audit(0.0:16680): avc: denied { kill } for comm="swapper/0" capability=5 scontext=u:r:kernel:s0 tcontext=u:r:kernel:s0 tclass=capability permissive=0
12-28 05:46:05.012 I/force_gc( 2827): mem
12-28 05:46:05.631 I/auditd ( 0): type=1400 audit(0.0:16681): avc: denied { kill } for comm="swapper/0" capability=5 scontext=u:r:kernel:s0 tcontext=u:r:kernel:s0 tclass=capability permissive=0
12-28 05:46:07.631 I/auditd ( 0): type=1400 audit(0.0:16682): avc: denied { kill } for comm="swapper/0" capability=5 scontext=u:r:kernel:s0 tcontext=u:r:kernel:s0 tclass=capability permissive=0
12-28 05:46:08.631 I/auditd ( 0): type=1400 audit(0.0:16683): avc: denied { kill } for comm="swapper/0" capability=5 scontext=u:r:kernel:s0 tcontext=u:r:kernel:s0 tclass=capability permissive=0
12-28 05:46:08.783 I/netstats_mobile_sample( 1508): [0,0,0,0,0,0,0,0,0,0,0,0,1672177568783]
12-28 05:46:08.783 I/netstats_wifi_sample( 1508): [6511898648,4904876,75497781,965445,6511898648,4904876,75497781,965445,6518713109,4967432,62138969,933632,1672177568783]
12-28 05:46:09.631 I/auditd ( 0): type=1400 audit(0.0:16684): avc: denied { kill } for comm="swapper/0" capability=5 scontext=u:r:kernel:s0 tcontext=u:r:kernel:s0 tclass=capability permissive=0
12-28 05:46:10.631 I/auditd ( 0): type=1400 audit(0.0:16685): avc: denied { kill } for comm="swapper/0" capability=5 scontext=u:r:kernel:s0 tcontext=u:r:kernel:s0 tclass=capability permissive=0
12-28 05:46:11.631 I/auditd ( 0): type=1400 audit(0.0:16686): avc: denied { kill } for comm="swapper/0" capability=5 scontext=u:r:kernel:s0 tcontext=u:r:kernel:s0 tclass=capability permissive=0
12-28 05:46:12.631 I/auditd ( 0): type=1400 audit(0.0:16687): avc: denied { kill } for comm="swapper/0" capability=5 scontext=u:r:kernel:s0 tcontext=u:r:kernel:s0 tclass=capability permissive=0
12-28 05:46:13.631 I/auditd ( 0): type=1400 audit(0.0:16688): avc: denied { kill } for comm="swapper/0" capability=5 scontext=u:r:kernel:s0 tcontext=u:r:kernel:s0 tclass=capability permissive=0
12-28 05:46:13.790 I/sqlite_mem_released( 3174): 0
12-28 05:46:13.791 I/force_gc( 3174): mem
12-28 05:46:14.631 I/auditd ( 0): type=1400 audit(0.0:16689): avc: denied { kill } for comm="swapper/0" capability=5 scontext=u:r:kernel:s0 tcontext=u:r:kernel:s0 tclass=capability permissive=0
12-28 05:46:16.631 I/auditd ( 0): type=1400 audit(0.0:16690): avc: denied { kill } for comm="swapper/0" capability=5 scontext=u:r:kernel:s0 tcontext=u:r:kernel:s0 tclass=capability permissive=0
12-28 05:46:17.631 I/auditd ( 0): type=1400 audit(0.0:16691): avc: denied { kill } for comm="swapper/0" capability=5 scontext=u:r:kernel:s0 tcontext=u:r:kernel:s0 tclass=capability permissive=0
12-28 05:46:18.631 I/auditd ( 0): type=1400 audit(0.0:16692): avc: denied { kill } for comm="swapper/0" capability=5 scontext=u:r:kernel:s0 tcontext=u:r:kernel:s0 tclass=capability permissive=0
12-28 05:46:18.795 I/sqlite_mem_released( 3351): 0
12-28 05:46:18.795 I/force_gc( 3351): mem
12-28 05:46:20.038 I/am_uid_idle( 1508): 10086
12-28 05:46:20.631 I/auditd ( 0): type=1400 audit(0.0:16693): avc: denied { kill } for comm="swapper/0" capability=5 scontext=u:r:kernel:s0 tcontext=u:r:kernel:s0 tclass=capability permissive=0
12-28 05:46:23.631 I/auditd ( 0): type=1400 audit(0.0:16694): avc: denied { kill } for comm="swapper/0" capability=5 scontext=u:r:kernel:s0 tcontext=u:r:kernel:s0 tclass=capability permissive=0
12-28 05:46:23.800 I/sqlite_mem_released( 3345): 0
12-28 05:46:23.800 I/force_gc( 3345): mem
12-28 05:46:24.631 I/auditd ( 0): type=1400 audit(0.0:16695): avc: denied { kill } for comm="swapper/0" capability=5 scontext=u:r:kernel:s0 tcontext=u:r:kernel:s0 tclass=capability permissive=0
12-28 05:46:26.631 I/auditd ( 0): type=1400 audit(0.0:16696): avc: denied { kill } for comm="swapper/0" capability=5 scontext=u:r:kernel:s0 tcontext=u:r:kernel:s0 tclass=capability permissive=0
12-28 05:46:27.631 I/auditd ( 288): type=1400 audit(0.0:16697): avc: denied { kill } for comm="kgsl_worker_thr" capability=5 scontext=u:r:kernel:s0 tcontext=u:r:kernel:s0 tclass=capability permissive=0
12-28 05:46:28.802 I/sqlite_mem_released( 3399): 0
12-28 05:46:28.802 I/force_gc( 3399): mem
12-28 05:46:29.631 I/auditd ( 0): type=1400 audit(0.0:16698): avc: denied { kill } for comm="swapper/3" capability=5 scontext=u:r:kernel:s0 tcontext=u:r:kernel:s0 tclass=capability permissive=0
12-28 05:46:29.682 I/am_uid_idle( 1508): 10065
12-28 05:46:30.102 I/netstats_mobile_sample( 1508): [0,0,0,0,0,0,0,0,0,0,0,0,1672177590102]
12-28 05:46:30.102 I/netstats_wifi_sample( 1508): [6511976501,4905061,75578905,965642,6511976501,4905061,75578905,965642,6518814466,4967768,62179767,933735,1672177590102]
12-28 05:46:30.631 I/auditd ( 0): type=1400 audit(0.0:16699): avc: denied { kill } for comm="swapper/3" capability=5 scontext=u:r:kernel:s0 tcontext=u:r:kernel:s0 tclass=capability permissive=0
12-28 05:46:32.631 I/auditd ( 0): type=1400 audit(0.0:16700): avc: denied { kill } for comm="swapper/2" capability=5 scontext=u:r:kernel:s0 tcontext=u:r:kernel:s0 tclass=capability permissive=0
12-28 05:46:33.631 I/auditd ( 0): type=1400 audit(0.0:16701): avc: denied { kill } for comm="swapper/2" capability=5 scontext=u:r:kernel:s0 tcontext=u:r:kernel:s0 tclass=capability permissive=0
12-28 05:46:34.631 I/auditd ( 0): type=1400 audit(0.0:16702): avc: denied { kill } for comm="swapper/2" capability=5 scontext=u:r:kernel:s0 tcontext=u:r:kernel:s0 tclass=capability permissive=0
12-28 05:46:35.111 I/sqlite_mem_released( 3420): 0
12-28 05:46:35.111 I/force_gc( 3420): mem
12-28 05:46:35.631 I/auditd ( 0): type=1400 audit(0.0:16703): avc: denied { kill } for comm="swapper/2" capability=5 scontext=u:r:kernel:s0 tcontext=u:r:kernel:s0 tclass=capability permissive=0
12-28 05:46:36.631 I/auditd ( 0): type=1400 audit(0.0:16704): avc: denied { kill } for comm="swapper/2" capability=5 scontext=u:r:kernel:s0 tcontext=u:r:kernel:s0 tclass=capability permissive=0
12-28 05:46:37.631 I/auditd ( 0): type=1400 audit(0.0:16705): avc: denied { kill } for comm="swapper/2" capability=5 scontext=u:r:kernel:s0 tcontext=u:r:kernel:s0 tclass=capability permissive=0
12-28 05:46:38.631 I/auditd ( 0): type=1400 audit(0.0:16706): avc: denied { kill } for comm="swapper/2" capability=5 scontext=u:r:kernel:s0 tcontext=u:r:kernel:s0 tclass=capability permissive=0
12-28 05:46:39.631 I/auditd ( 0): type=1400 audit(0.0:16707): avc: denied { kill } for comm="swapper/2" capability=5 scontext=u:r:kernel:s0 tcontext=u:r:kernel:s0 tclass=capability permissive=0
12-28 05:46:40.115 I/sqlite_mem_released( 3452): 0
12-28 05:46:40.115 I/force_gc( 3452): mem
12-28 05:46:41.631 I/auditd ( 0): type=1400 audit(0.0:16708): avc: denied { kill } for comm="swapper/2" capability=5 scontext=u:r:kernel:s0 tcontext=u:r:kernel:s0 tclass=capability permissive=0
12-28 05:46:42.631 I/auditd ( 0): type=1400 audit(0.0:16709): avc: denied { kill } for comm="swapper/2" capability=5 scontext=u:r:kernel:s0 tcontext=u:r:kernel:s0 tclass=capability permissive=0
12-28 05:46:44.631 I/auditd ( 0): type=1400 audit(0.0:16710): avc: denied { kill } for comm="swapper/0" capability=5 scontext=u:r:kernel:s0 tcontext=u:r:kernel:s0 tclass=capability permissive=0
12-28 05:46:45.121 I/sqlite_mem_released( 3457): 0
12-28 05:46:45.121 I/force_gc( 3457): mem
12-28 05:46:45.631 I/auditd ( 0): type=1400 audit(0.0:16711): avc: denied { kill } for comm="swapper/0" capability=5 scontext=u:r:kernel:s0 tcontext=u:r:kernel:s0 tclass=capability permissive=0
12-28 05:46:49.558 I/netstats_mobile_sample( 1508): [0,0,0,0,0,0,0,0,0,0,0,0,1672177609558]
12-28 05:46:49.559 I/netstats_wifi_sample( 1508): [6512056225,4905244,75648661,965809,6512056225,4905244,75648661,965809,6518918006,4968104,62214735,933820,1672177609558]
12-28 05:46:49.631 I/auditd ( 0): type=1400 audit(0.0:16712): avc: denied { kill } for comm="swapper/0" capability=5 scontext=u:r:kernel:s0 tcontext=u:r:kernel:s0 tclass=capability permissive=0
12-28 05:46:51.631 I/auditd ( 0): type=1400 audit(0.0:16713): avc: denied { kill } for comm="swapper/3" capability=5 scontext=u:r:kernel:s0 tcontext=u:r:kernel:s0 tclass=capability permissive=0
12-28 05:46:52.631 I/auditd ( 0): type=1400 audit(0.0:16714): avc: denied { kill } for comm="swapper/3" capability=5 scontext=u:r:kernel:s0 tcontext=u:r:kernel:s0 tclass=capability permissive=0
12-28 05:46:54.488 I/am_pss ( 1508): [30902,10098,com.tencent.tmgp.sgame,794833920,763817984,48128,940109824,0,2,49]
12-28 05:46:54.569 I/sqlite_mem_released( 3549): 0
12-28 05:46:54.569 I/force_gc( 3549): mem
12-28 05:46:55.631 I/auditd ( 0): type=1400 audit(0.0:16715): avc: denied { kill } for comm="swapper/3" capability=5 scontext=u:r:kernel:s0 tcontext=u:r:kernel:s0 tclass=capability permissive=0
12-28 05:46:56.631 I/auditd ( 0): type=1400 audit(0.0:16716): avc: denied { kill } for comm="swapper/3" capability=5 scontext=u:r:kernel:s0 tcontext=u:r:kernel:s0 tclass=capability permissive=0
12-28 05:46:57.631 I/auditd ( 0): type=1400 audit(0.0:16717): avc: denied { kill } for comm="swapper/3" capability=5 scontext=u:r:kernel:s0 tcontext=u:r:kernel:s0 tclass=capability permissive=0
12-28 05:46:58.631 I/auditd ( 0): type=1400 audit(0.0:16718): avc: denied { kill } for comm="swapper/3" capability=5 scontext=u:r:kernel:s0 tcontext=u:r:kernel:s0 tclass=capability permissive=0
12-28 05:46:59.631 I/auditd ( 0): type=1400 audit(0.0:16719): avc: denied { kill } for comm="swapper/3" capability=5 scontext=u:r:kernel:s0 tcontext=u:r:kernel:s0 tclass=capability permissive=0
12-28 05:47:02.631 I/auditd ( 0): type=1400 audit(0.0:16720): avc: denied { kill } for comm="swapper/3" capability=5 scontext=u:r:kernel:s0 tcontext=u:r:kernel:s0 tclass=capability permissive=0
12-28 05:47:04.631 I/auditd ( 0): type=1400 audit(0.0:16721): avc: denied { kill } for comm="swapper/3" capability=5 scontext=u:r:kernel:s0 tcontext=u:r:kernel:s0 tclass=capability permissive=0
12-28 05:47:05.011 I/force_gc( 2843): mem
12-28 05:47:05.631 I/auditd ( 0): type=1400 audit(0.0:16722): avc: denied { kill } for comm="swapper/3" capability=5 scontext=u:r:kernel:s0 tcontext=u:r:kernel:s0 tclass=capability permissive=0
12-28 05:47:07.631 I/auditd ( 0): type=1400 audit(0.0:16723): avc: denied { kill } for comm="swapper/3" capability=5 scontext=u:r:kernel:s0 tcontext=u:r:kernel:s0 tclass=capability permissive=0
12-28 05:47:08.631 I/auditd ( 0): type=1400 audit(0.0:16724): avc: denied { kill } for comm="swapper/3" capability=5 scontext=u:r:kernel:s0 tcontext=u:r:kernel:s0 tclass=capability permissive=0
12-28 05:47:09.088 I/netstats_mobile_sample( 1508): [0,0,0,0,0,0,0,0,0,0,0,0,1672177629088]
12-28 05:47:09.088 I/netstats_wifi_sample( 1508): [6512139116,4905436,75729433,965999,6512139116,4905436,75729433,965999,6519026403,4968460,62255181,933916,1672177629088]
12-28 05:47:09.631 I/auditd ( 0): type=1400 audit(0.0:16725): avc: denied { kill } for comm="swapper/3" capability=5 scontext=u:r:kernel:s0 tcontext=u:r:kernel:s0 tclass=capability permissive=0
12-28 05:47:11.631 I/auditd ( 0): type=1400 audit(0.0:16726): avc: denied { kill } for comm="swapper/2" capability=5 scontext=u:r:kernel:s0 tcontext=u:r:kernel:s0 tclass=capability permissive=0
12-28 05:47:12.631 I/auditd ( 0): type=1400 audit(0.0:16727): avc: denied { kill } for comm="swapper/2" capability=5 scontext=u:r:kernel:s0 tcontext=u:r:kernel:s0 tclass=capability permissive=0
12-28 05:47:13.631 I/auditd ( 0): type=1400 audit(0.0:16728): avc: denied { kill } for comm="swapper/2" capability=5 scontext=u:r:kernel:s0 tcontext=u:r:kernel:s0 tclass=capability permissive=0
12-28 05:47:14.102 I/sqlite_mem_released( 3115): 0
12-28 05:47:14.102 I/force_gc( 3115): mem
12-28 05:47:15.631 I/auditd ( 0): type=1400 audit(0.0:16729): avc: denied { kill } for comm="swapper/2" capability=5 scontext=u:r:kernel:s0 tcontext=u:r:kernel:s0 tclass=capability permissive=0
12-28 05:47:16.631 I/auditd ( 0): type=1400 audit(0.0:16730): avc: denied { kill } for comm="swapper/2" capability=5 scontext=u:r:kernel:s0 tcontext=u:r:kernel:s0 tclass=capability permissive=0
12-28 05:47:18.631 I/auditd ( 0): type=1400 audit(0.0:16731): avc: denied { kill } for comm="swapper/2" capability=5 scontext=u:r:kernel:s0 tcontext=u:r:kernel:s0 tclass=capability permissive=0
12-28 05:47:19.104 I/sqlite_mem_released( 2362): 0
12-28 05:47:19.104 I/force_gc( 2362): mem
12-28 05:47:20.631 I/auditd ( 0): type=1400 audit(0.0:16732): avc: denied { kill } for comm="swapper/2" capability=5 scontext=u:r:kernel:s0 tcontext=u:r:kernel:s0 tclass=capability permissive=0
12-28 05:47:23.631 I/auditd ( 0): type=1400 audit(0.0:16733): avc: denied { kill } for comm="swapper/2" capability=5 scontext=u:r:kernel:s0 tcontext=u:r:kernel:s0 tclass=capability permissive=0
12-28 05:47:24.109 I/sqlite_mem_released( 3490): 0
12-28 05:47:24.110 I/force_gc( 3490): mem
12-28 05:47:24.631 I/auditd ( 0): type=1400 audit(0.0:16734): avc: denied { kill } for comm="swapper/2" capability=5 scontext=u:r:kernel:s0 tcontext=u:r:kernel:s0 tclass=capability permissive=0
12-28 05:47:25.631 I/auditd ( 0): type=1400 audit(0.0:16735): avc: denied { kill } for comm="swapper/2" capability=5 scontext=u:r:kernel:s0 tcontext=u:r:kernel:s0 tclass=capability permissive=0
12-28 05:47:26.631 I/auditd ( 0): type=1400 audit(0.0:16736): avc: denied { kill } for comm="swapper/2" capability=5 scontext=u:r:kernel:s0 tcontext=u:r:kernel:s0 tclass=capability permissive=0
12-28 05:47:27.011 I/netstats_mobile_sample( 1508): [0,0,0,0,0,0,0,0,0,0,0,0,1672177647011]
12-28 05:47:27.012 I/netstats_wifi_sample( 1508): [6512216128,4905615,75799326,966168,6512216128,4905615,75799326,966168,6519128921,4968803,62290286,934003,1672177647011]
12-28 05:47:28.742 I/netstats_mobile_sample( 1508): [0,0,0,0,0,0,0,0,0,0,0,0,1672177648742]
12-28 05:47:28.742 I/netstats_wifi_sample( 1508): [6512222378,4905631,75799366,966169,6512222378,4905631,75799366,966169,6519137173,4968832,62290326,934004,1672177648742]
12-28 05:47:29.631 I/auditd ( 0): type=1400 audit(0.0:16737): avc: denied { kill } for comm="swapper/2" capability=5 scontext=u:r:kernel:s0 tcontext=u:r:kernel:s0 tclass=capability permissive=0
12-28 05:47:30.631 I/auditd ( 0): type=1400 audit(0.0:16738): avc: denied { kill } for comm="swapper/2" capability=5 scontext=u:r:kernel:s0 tcontext=u:r:kernel:s0 tclass=capability permissive=0
12-28 05:47:31.631 I/auditd ( 0): type=1400 audit(0.0:16739): avc: denied { kill } for comm="swapper/2" capability=5 scontext=u:r:kernel:s0 tcontext=u:r:kernel:s0 tclass=capability permissive=0
12-28 05:47:32.631 I/auditd ( 0): type=1400 audit(0.0:16740): avc: denied { kill } for comm="swapper/2" capability=5 scontext=u:r:kernel:s0 tcontext=u:r:kernel:s0 tclass=capability permissive=0
12-28 05:47:33.631 I/auditd ( 0): type=1400 audit(0.0:16741): avc: denied { kill } for comm="swapper/2" capability=5 scontext=u:r:kernel:s0 tcontext=u:r:kernel:s0 tclass=capability permissive=0
12-28 05:47:33.749 I/sqlite_mem_released( 3989): 13080
