12-28 06:28:43.982 W/C2DColorConvert( 1210): calcLumaAlign: unknown format (3) passed for luma alignment number.
12-28 06:28:43.992 D/audio_hw_primary( 799): out_standby: enter: stream (0xec2064c0) usecase(12: audio-ull-playback)
12-28 06:28:43.992 D/audio_hw_primary( 799): out_standby: exit
12-28 06:28:43.995 D/audio_hw_primary( 799): start_output_stream: enter: stream(0xec2064c0)usecase(12: audio-ull-playback) devices(0x2) is_haptic_usecase(0)
12-28 06:28:43.995 D/audio_hw_primary( 799): select_devices for use case (audio-ull-playback)
12-28 06:28:43.995 I/msm8974_platform( 799): platform_check_and_set_codec_backend_cfg:becf: afe: bitwidth 16, samplerate 48000 channels 2, backend_idx 0 usecase = 12 device (speaker)
12-28 06:28:43.995 D/msm8974_platform( 799): platform_split_snd_device: snd_device(2) num devices(1) new_snd_devices(0)
12-28 06:28:43.995 I/msm8974_platform( 799): platform_check_and_set_codec_backend_cfg: new_snd_devices[0] is 2
12-28 06:28:43.995 I/msm8974_platform( 799): platform_check_codec_backend_cfg:becf: afe: bitwidth 16, samplerate 48000 channels 2, backend_idx 0 usecase = 12 device (speaker)
12-28 06:28:43.996 D/audio_hw_extn( 799): audio_extn_enable_hifi_filter: mixer_value set 0
12-28 06:28:43.996 D/msm8974_platform( 799): platform_check_codec_backend_cfg:becf: updated afe: bitwidth 16, samplerate 48000 channels 2,backend_idx 0 usecase = 12 device (speaker)
12-28 06:28:43.996 D/msm8974_platform( 799): platform_check_codec_backend_cfg:becf: afe: playback on codec device not supporting native playback set default Sample Rate(48k)
12-28 06:28:43.996 I/msm8974_platform( 799): platform_check_codec_backend_cfg:becf: afe: Codec selected backend: 0 updated bit width: 16 and sample rate: 48000
12-28 06:28:43.996 D/audio_hw_primary( 799): check_usecases_codec_backend:becf: force routing 0
12-28 06:28:43.996 E/msm8974_platform( 799): platform_check_backends_match: Invalid snd_device =
12-28 06:28:43.996 D/audio_hw_primary( 799): check_usecases_codec_backend:becf: (78) check_usecases curr device: speaker, usecase device: backends match 0
12-28 06:28:43.996 D/audio_hw_primary( 799): check_usecases_codec_backend:becf: check_usecases num.of Usecases to switch 0
12-28 06:28:43.997 D/hardware_info( 799): hw_info_append_hw_type : device_name = speaker
12-28 06:28:43.997 D/msm8974_platform( 799): platform_split_snd_device: snd_device(2) num devices(0) new_snd_devices(0)
12-28 06:28:43.997 D/audio_hw_primary( 799): enable_snd_device: snd_device(2: speaker)
12-28 06:28:43.997 D/msm8974_platform( 799): platform_get_island_cfg_on_device:island cfg status on snd_device = (speaker 0)
12-28 06:28:43.997 I/soundtrigger( 799): audio_extn_sound_trigger_update_device_status: device 0x2 of type 0 for Event 1, with Raise=0
12-28 06:28:43.997 D/audio_route( 799): Apply path: speaker
12-28 06:28:43.997 I/audio_hw_utils( 799): audio_extn_utils_update_stream_output_app_type_cfg Allowing 24 and above bits playback on speaker ONLY at default sampling rate
12-28 06:28:43.997 E/soundtrigger( 799): audio_extn_sound_trigger_update_stream_status: invalid input device 0x0, for event 3
12-28 06:28:43.997 D/soundtrigger( 799): audio_extn_sound_trigger_update_stream_status: uc_info->id 12 of type 0 for Event 3, with Raise=0
12-28 06:28:43.997 D/audio_hw_utils( 799): audio_extn_utils_send_app_type_cfg: usecase->out_snd_device speaker
12-28 06:28:43.997 D/msm8974_platform( 799): platform_split_snd_device: snd_device(2) num devices(0) new_snd_devices(0)
12-28 06:28:43.997 I/audio_hw_utils( 799): ULL doesnt need sending app type cfg, returning
12-28 06:28:43.997 D/msm8974_platform( 799): platform_split_snd_device: snd_device(2) num devices(1) new_snd_devices(0)
12-28 06:28:43.997 D/audio_hw_utils( 799): audio_extn_btsco_get_sample_rate:Not a BT SCO device, need not update sampling rate
12-28 06:28:43.997 D/ACDB-LOADER( 799): ACDB -> send_audio_cal, acdb_id = 15, path = 0, app id = 0x11137, sample rate = 48000, afe_sample_rate = 48000
12-28 06:28:43.997 D/ACDB-LOADER( 799): ACDB -> send_asm_topology
12-28 06:28:43.997 D/ACDB-LOADER( 799): ACDB -> ACDB_CMD_GET_AUDPROC_STREAM_TOPOLOGY_ID
12-28 06:28:43.997 D/ACDB-LOADER( 799): ACDB -> send_adm_topology
12-28 06:28:43.997 D/ACDB-LOADER( 799): ACDB -> ACDB_CMD_GET_AUDPROC_COMMON_TOPOLOGY_ID
12-28 06:28:43.997 D/ACDB-LOADER( 799): ACDB -> send_audtable
12-28 06:28:43.997 D/ACDB-LOADER( 799): ACDB -> ACDB_CMD_GET_AUDPROC_INSTANCE_COMMON_TABLE_SIZE
12-28 06:28:43.997 D/ACDB-LOADER( 799): ACDB -> ACDB_CMD_GET_AUDPROC_INSTANCE_COMMON_TABLE
12-28 06:28:43.997 D/ACDB-LOADER( 799): ACDB -> AUDIO_SET_AUDPROC_CAL cal_type[11] acdb_id[15] app_type[69943]
12-28 06:28:43.997 D/ACDB-LOADER( 799): ACDB -> send_audvoltable
12-28 06:28:43.997 D/ACDB-LOADER( 799): ACDB -> ACDB_CMD_GET_AUDPROC_INSTANCE_GAIN_DEP_STEP_TABLE_SIZE
12-28 06:28:43.997 D/android.hardware.audio.service( 799): Failed to fetch the lookup information of the device 0000000F
12-28 06:28:43.997 D/ACDB-LOADER( 799): Error: ACDB_CMD_GET_AUDPROC_INSTANCE_GAIN_DEP_STEP_TABLE_SIZE Returned = -19
12-28 06:28:43.997 D/ACDB-LOADER( 799): ACDB -> ACDB_CMD_GET_AUDPROC_INSTANCE_GAIN_DEP_STEP_TABLE, vol index 0
12-28 06:28:43.997 D/android.hardware.audio.service( 799): Failed to fetch the lookup information of the device 0000000F
12-28 06:28:43.997 D/ACDB-LOADER( 799): Error: ACDB AudProc vol returned = -19
12-28 06:28:43.997 D/ACDB-LOADER( 799): ACDB -> AUDIO_SET_VOL_CAL cal type = 12
12-28 06:28:43.997 D/ACDB-LOADER( 799): ACDB -> ACDB_CMD_GET_AUDPROC_INSTANCE_STREAM_TABLE_SIZE
12-28 06:28:43.997 D/ACDB-LOADER( 799): ACDB -> send_audstrmtable
12-28 06:28:43.997 D/ACDB-LOADER( 799): ACDB -> ACDB_CMD_GET_AUDPROC_INSTANCE_STREAM_TABLE
12-28 06:28:43.997 D/ACDB-LOADER( 799): ACDB -> audstrm_cal->cal_type.cal_data.cal_size = 20
12-28 06:28:43.997 D/ACDB-LOADER( 799): ACDB -> send_afe_topology
12-28 06:28:43.997 D/ACDB-LOADER( 799): ACDB -> ACDB_CMD_GET_AFE_TOPOLOGY_ID
12-28 06:28:43.997 D/ACDB-LOADER( 799): ACDB -> GET_AFE_TOPOLOGY_ID for adcd_id 15, Topology Id 112fc
12-28 06:28:43.997 D/ACDB-LOADER( 799): ACDB -> send_afe_cal
12-28 06:28:43.997 D/ACDB-LOADER( 799): ACDB -> ACDB_CMD_GET_AFE_INSTANCE_COMMON_TABLE_SIZE
12-28 06:28:43.997 D/android.hardware.audio.service( 799): Failed to fetch the lookup information of the device 0000000F
12-28 06:28:43.997 D/ACDB-LOADER( 799): Error: ACDB_CMD_GET_AFE_INSTANCE_COMMON_TABLE_SIZE Returned = -19
12-28 06:28:43.997 D/ACDB-LOADER( 799): ACDB -> ACDB_CMD_GET_AFE_INSTANCE_COMMON_TABLE
12-28 06:28:43.997 D/android.hardware.audio.service( 799): Failed to fetch the lookup information of the device 0000000F
12-28 06:28:43.997 D/ACDB-LOADER( 799): Error: ACDB AFE returned = -19
12-28 06:28:43.997 D/ACDB-LOADER( 799): ACDB -> AUDIO_SET_AFE_CAL cal_type[16] acdb_id[15]
12-28 06:28:43.997 D/ACDB-LOADER( 799): ACDB -> send_hw_delay : acdb_id = 15 path = 0
12-28 06:28:43.997 D/ACDB-LOADER( 799): ACDB -> ACDB_AVSYNC_INFO: ACDB_CMD_GET_DEVICE_PROPERTY
12-28 06:28:43.997 D/msm8974_platform( 799): platform_split_snd_device: snd_device(2) num devices(0) new_snd_devices(0)
12-28 06:28:43.997 I/msm8974_platform( 799): platform_get_custom_mtmx_params: no matching param with id 0 ip_ch 2 op_ch 2 uc_id 12 snd_dev 2
12-28 06:28:43.997 D/audio_hw_primary( 799): enable_audio_route: apply mixer and update path: audio-ull-playback
12-28 06:28:43.997 D/audio_route( 799): Apply path: audio-ull-playback
12-28 06:28:43.998 D/audio_hw_primary( 799): select_devices: done
12-28 06:28:43.998 D/msm8974_platform( 799): platform_set_channel_map mixer_ctl_name:Playback Channel Map13
12-28 06:28:43.998 D/msm8974_platform( 799): platform_set_channel_map: set mapping(1 2 0 0 0 0 0 0) for channel:2
12-28 06:28:43.998 E/msm8974_platform( 799): platform_set_channel_map: Could not set ctl, error:-22 ch_count:2
01-05 08:30:20.041 I/ ( 0): snd_pcm_hw_constraint_integer failed
01-05 08:30:20.041 I/msm_pcm_open( 0): P buffer bytes minmax constraint ret 1
01-05 08:30:20.041 E/set_cps_config( 0): get_wsa_dev_num is NULL
01-05 08:30:20.047 I/__afe_port_start( 0): port id: 0xb000
01-05 08:30:20.047 I/afe_find_cal_topo_id_by_port( 0): port id: 0xb000, dev_acdb_id: 0
01-05 08:30:20.047 I/afe_find_cal_topo_id_by_port( 0): top_id:112fc acdb_id:15 afe_port:0xb000
01-05 08:30:20.047 I/afe_get_cal_topology_id( 0): port_id = 0xb000 acdb_id = 15 topology_id = 0x112fc cal_type_index=8 ret=0
01-05 08:30:20.047 E/afe_callback( 0): cmd = 0x100fa returned error = 0x2
01-05 08:30:20.047 E/afe_apr_send_pkt( 0): DSP returned error[ADSP_EBADPARAM]
01-05 08:30:20.047 E/afe_send_port_topology_id( 0): AFE set topology id enable for port 0xb000 failed -22
01-05 08:30:20.047 I/afe_send_port_topology_id( 0): AFE set topology id 0x112fc enable for port 0xb000 ret -22
01-05 08:30:20.047 I/send_afe_cal_type( 0): cal_index is 0
01-05 08:30:20.047 I/send_afe_cal_type( 0): dev_acdb_id[162] is 0
01-05 08:30:20.047 I/send_afe_cal_type( 0): Sending cal_index cal 0
01-05 08:30:20.047 E/send_afe_cal_type( 0): No cal sent for cal_index 0, port_id = 0xb000! ret -22
01-05 08:30:20.048 I/afe_send_hw_delay( 0): port_id 0xb000 rate 48000 delay_usec 474 status 0
01-05 08:30:20.048 E/afe_callback( 0): cmd = 0x100fa returned error = 0x2
01-05 08:30:20.048 E/afe_apr_send_pkt( 0): DSP returned error[ADSP_EBADPARAM]
01-05 08:30:20.048 E/__afe_port_start( 0): AFE enable for port 0xb000 failed -22
01-05 08:30:20.048 E/msm-dai-cdc-dma-dev soc( 0): qcom,msm-dai-cdc-dma:qcom,msm-dai-wsa-cdc-dma-0-rx: fail to open AFE port 0xb000
01-05 08:30:20.048 E/msm-dai-cdc-dma-dev soc( 0): qcom,msm-dai-cdc-dma:qcom,msm-dai-wsa-cdc-dma-0-rx: ASoC: cpu DAI prepare error: -22
01-05 08:30:20.048 E/soc_pcm_prepare( 0): Issue stop stream for codec_dai due to op failure -22 = ret
01-05 08:30:20.048 E/WSA_CDC_DMA_RX_0( 0): ASoC: backend prepare failed -22
12-28 06:28:44.010 D/audio_hw_primary( 799): disable_audio_route: reset and update mixer path: audio-ull-playback
12-28 06:28:44.011 E/soundtrigger( 799): audio_extn_sound_trigger_update_stream_status: invalid input device 0x0, for event 2
12-28 06:28:44.011 D/soundtrigger( 799): audio_extn_sound_trigger_update_stream_status: uc_info->id 12 of type 0 for Event 2, with Raise=0
12-28 06:28:44.011 D/msm8974_platform( 799): platform_split_snd_device: snd_device(2) num devices(0) new_snd_devices(0)
12-28 06:28:44.011 I/msm8974_platform( 799): platform_get_custom_mtmx_params: no matching param with id 0 ip_ch 2 op_ch 2 uc_id 12 snd_dev 2
12-28 06:28:44.011 D/hardware_info( 799): hw_info_append_hw_type : device_name = speaker
12-28 06:28:44.011 D/audio_hw_primary( 799): disable_snd_device: snd_device(2: speaker)
12-28 06:28:44.011 D/msm8974_platform( 799): platform_split_snd_device: snd_device(2) num devices(0) new_snd_devices(0)
12-28 06:28:44.011 I/soundtrigger( 799): audio_extn_sound_trigger_update_device_status: device 0x2 of type 0 for Event 0, with Raise=0
12-28 06:28:44.020 I/OMX-VDEC-1080P( 1210): C2D: Start color convertion
12-28 06:28:44.020 W/C2DColorConvert( 1210): calcLumaAlign: unknown format (3) passed for luma alignment number.
12-28 06:28:44.060 I/OMX-VDEC-1080P( 1210): C2D: Start color convertion
12-28 06:28:44.060 W/C2DColorConvert( 1210): calcLumaAlign: unknown format (3) passed for luma alignment number.
12-28 06:28:44.060 I/OMX-VDEC-1080P( 1210): C2D: Start color convertion
12-28 06:28:44.061 W/C2DColorConvert( 1210): calcLumaAlign: unknown format (3) passed for luma alignment number.
12-28 06:28:44.061 D/audio_hw_primary( 799): out_standby: enter: stream (0xec2064c0) usecase(12: audio-ull-playback)
12-28 06:28:44.061 D/audio_hw_primary( 799): out_standby: exit
12-28 06:28:44.064 D/audio_hw_primary( 799): start_output_stream: enter: stream(0xec2064c0)usecase(12: audio-ull-playback) devices(0x2) is_haptic_usecase(0)
12-28 06:28:44.064 D/audio_hw_primary( 799): select_devices for use case (audio-ull-playback)
12-28 06:28:44.064 I/msm8974_platform( 799): platform_check_and_set_codec_backend_cfg:becf: afe: bitwidth 16, samplerate 48000 channels 2, backend_idx 0 usecase = 12 device (speaker)
12-28 06:28:44.064 D/msm8974_platform( 799): platform_split_snd_device: snd_device(2) num devices(1) new_snd_devices(0)
12-28 06:28:44.064 I/msm8974_platform( 799): platform_check_and_set_codec_backend_cfg: new_snd_devices[0] is 2
12-28 06:28:44.064 I/msm8974_platform( 799): platform_check_codec_backend_cfg:becf: afe: bitwidth 16, samplerate 48000 channels 2, backend_idx 0 usecase = 12 device (speaker)
12-28 06:28:44.065 D/audio_hw_extn( 799): audio_extn_enable_hifi_filter: mixer_value set 0
12-28 06:28:44.065 D/msm8974_platform( 799): platform_check_codec_backend_cfg:becf: updated afe: bitwidth 16, samplerate 48000 channels 2,backend_idx 0 usecase = 12 device (speaker)
12-28 06:28:44.066 D/msm8974_platform( 799): platform_check_codec_backend_cfg:becf: afe: playback on codec device not supporting native playback set default Sample Rate(48k)
12-28 06:28:44.066 I/msm8974_platform( 799): platform_check_codec_backend_cfg:becf: afe: Codec selected backend: 0 updated bit width: 16 and sample rate: 48000
12-28 06:28:44.066 D/audio_hw_primary( 799): check_usecases_codec_backend:becf: force routing 0
12-28 06:28:44.066 E/msm8974_platform( 799): platform_check_backends_match: Invalid snd_device =
12-28 06:28:44.066 D/audio_hw_primary( 799): check_usecases_codec_backend:becf: (78) check_usecases curr device: speaker, usecase device: backends match 0
12-28 06:28:44.066 D/audio_hw_primary( 799): check_usecases_codec_backend:becf: check_usecases num.of Usecases to switch 0
12-28 06:28:44.066 D/hardware_info( 799): hw_info_append_hw_type : device_name = speaker
12-28 06:28:44.066 D/msm8974_platform( 799): platform_split_snd_device: snd_device(2) num devices(0) new_snd_devices(0)
12-28 06:28:44.066 D/audio_hw_primary( 799): enable_snd_device: snd_device(2: speaker)
12-28 06:28:44.066 D/msm8974_platform( 799): platform_get_island_cfg_on_device:island cfg status on snd_device = (speaker 0)
12-28 06:28:44.066 I/soundtrigger( 799): audio_extn_sound_trigger_update_device_status: device 0x2 of type 0 for Event 1, with Raise=0
12-28 06:28:44.066 D/audio_route( 799): Apply path: speaker
12-28 06:28:44.066 I/audio_hw_utils( 799): audio_extn_utils_update_stream_output_app_type_cfg Allowing 24 and above bits playback on speaker ONLY at default sampling rate
12-28 06:28:44.066 E/soundtrigger( 799): audio_extn_sound_trigger_update_stream_status: invalid input device 0x0, for event 3
12-28 06:28:44.066 D/soundtrigger( 799): audio_extn_sound_trigger_update_stream_status: uc_info->id 12 of type 0 for Event 3, with Raise=0
12-28 06:28:44.066 D/audio_hw_utils( 799): audio_extn_utils_send_app_type_cfg: usecase->out_snd_device speaker
12-28 06:28:44.066 D/msm8974_platform( 799): platform_split_snd_device: snd_device(2) num devices(0) new_snd_devices(0)
12-28 06:28:44.066 I/audio_hw_utils( 799): ULL doesnt need sending app type cfg, returning
12-28 06:28:44.066 D/msm8974_platform( 799): platform_split_snd_device: snd_device(2) num devices(1) new_snd_devices(0)
12-28 06:28:44.066 D/audio_hw_utils( 799): audio_extn_btsco_get_sample_rate:Not a BT SCO device, need not update sampling rate
12-28 06:28:44.066 D/ACDB-LOADER( 799): ACDB -> send_audio_cal, acdb_id = 15, path = 0, app id = 0x11137, sample rate = 48000, afe_sample_rate = 48000
12-28 06:28:44.066 D/ACDB-LOADER( 799): ACDB -> send_asm_topology
12-28 06:28:44.066 D/ACDB-LOADER( 799): ACDB -> ACDB_CMD_GET_AUDPROC_STREAM_TOPOLOGY_ID
12-28 06:28:44.066 D/ACDB-LOADER( 799): ACDB -> send_adm_topology
12-28 06:28:44.066 D/ACDB-LOADER( 799): ACDB -> ACDB_CMD_GET_AUDPROC_COMMON_TOPOLOGY_ID
12-28 06:28:44.066 D/ACDB-LOADER( 799): ACDB -> send_audtable
12-28 06:28:44.066 D/ACDB-LOADER( 799): ACDB -> ACDB_CMD_GET_AUDPROC_INSTANCE_COMMON_TABLE_SIZE
12-28 06:28:44.066 D/ACDB-LOADER( 799): ACDB -> ACDB_CMD_GET_AUDPROC_INSTANCE_COMMON_TABLE
12-28 06:28:44.066 D/ACDB-LOADER( 799): ACDB -> AUDIO_SET_AUDPROC_CAL cal_type[11] acdb_id[15] app_type[69943]
12-28 06:28:44.066 D/ACDB-LOADER( 799): ACDB -> send_audvoltable
12-28 06:28:44.066 D/ACDB-LOADER( 799): ACDB -> ACDB_CMD_GET_AUDPROC_INSTANCE_GAIN_DEP_STEP_TABLE_SIZE
12-28 06:28:44.066 D/android.hardware.audio.service( 799): Failed to fetch the lookup information of the device 0000000F
12-28 06:28:44.066 D/ACDB-LOADER( 799): Error: ACDB_CMD_GET_AUDPROC_INSTANCE_GAIN_DEP_STEP_TABLE_SIZE Returned = -19
12-28 06:28:44.066 D/ACDB-LOADER( 799): ACDB -> ACDB_CMD_GET_AUDPROC_INSTANCE_GAIN_DEP_STEP_TABLE, vol index 0
12-28 06:28:44.066 D/android.hardware.audio.service( 799): Failed to fetch the lookup information of the device 0000000F
12-28 06:28:44.066 D/ACDB-LOADER( 799): Error: ACDB AudProc vol returned = -19
12-28 06:28:44.066 D/ACDB-LOADER( 799): ACDB -> AUDIO_SET_VOL_CAL cal type = 12
12-28 06:28:44.066 D/ACDB-LOADER( 799): ACDB -> ACDB_CMD_GET_AUDPROC_INSTANCE_STREAM_TABLE_SIZE
12-28 06:28:44.066 D/ACDB-LOADER( 799): ACDB -> send_audstrmtable
12-28 06:28:44.066 D/ACDB-LOADER( 799): ACDB -> ACDB_CMD_GET_AUDPROC_INSTANCE_STREAM_TABLE
12-28 06:28:44.066 D/ACDB-LOADER( 799): ACDB -> audstrm_cal->cal_type.cal_data.cal_size = 20
12-28 06:28:44.066 D/ACDB-LOADER( 799): ACDB -> send_afe_topology
12-28 06:28:44.066 D/ACDB-LOADER( 799): ACDB -> ACDB_CMD_GET_AFE_TOPOLOGY_ID
12-28 06:28:44.066 D/ACDB-LOADER( 799): ACDB -> GET_AFE_TOPOLOGY_ID for adcd_id 15, Topology Id 112fc
12-28 06:28:44.066 D/ACDB-LOADER( 799): ACDB -> send_afe_cal
12-28 06:28:44.066 D/ACDB-LOADER( 799): ACDB -> ACDB_CMD_GET_AFE_INSTANCE_COMMON_TABLE_SIZE
12-28 06:28:44.066 D/android.hardware.audio.service( 799): Failed to fetch the lookup information of the device 0000000F
12-28 06:28:44.066 D/ACDB-LOADER( 799): Error: ACDB_CMD_GET_AFE_INSTANCE_COMMON_TABLE_SIZE Returned = -19
12-28 06:28:44.066 D/ACDB-LOADER( 799): ACDB -> ACDB_CMD_GET_AFE_INSTANCE_COMMON_TABLE
12-28 06:28:44.066 D/android.hardware.audio.service( 799): Failed to fetch the lookup information of the device 0000000F
12-28 06:28:44.066 D/ACDB-LOADER( 799): Error: ACDB AFE returned = -19
12-28 06:28:44.066 D/ACDB-LOADER( 799): ACDB -> AUDIO_SET_AFE_CAL cal_type[16] acdb_id[15]
12-28 06:28:44.066 D/ACDB-LOADER( 799): ACDB -> send_hw_delay : acdb_id = 15 path = 0
12-28 06:28:44.066 D/ACDB-LOADER( 799): ACDB -> ACDB_AVSYNC_INFO: ACDB_CMD_GET_DEVICE_PROPERTY
12-28 06:28:44.066 D/msm8974_platform( 799): platform_split_snd_device: snd_device(2) num devices(0) new_snd_devices(0)
12-28 06:28:44.066 I/msm8974_platform( 799): platform_get_custom_mtmx_params: no matching param with id 0 ip_ch 2 op_ch 2 uc_id 12 snd_dev 2
12-28 06:28:44.066 D/audio_hw_primary( 799): enable_audio_route: apply mixer and update path: audio-ull-playback
12-28 06:28:44.066 D/audio_route( 799): Apply path: audio-ull-playback
12-28 06:28:44.067 D/audio_hw_primary( 799): select_devices: done
12-28 06:28:44.067 D/msm8974_platform( 799): platform_set_channel_map mixer_ctl_name:Playback Channel Map13
12-28 06:28:44.067 D/msm8974_platform( 799): platform_set_channel_map: set mapping(1 2 0 0 0 0 0 0) for channel:2
12-28 06:28:44.067 E/msm8974_platform( 799): platform_set_channel_map: Could not set ctl, error:-22 ch_count:2
01-05 08:30:20.110 I/ ( 0): snd_pcm_hw_constraint_integer failed
01-05 08:30:20.110 I/msm_pcm_open( 0): P buffer bytes minmax constraint ret 1
01-05 08:30:20.110 E/set_cps_config( 0): get_wsa_dev_num is NULL
01-05 08:30:20.116 I/__afe_port_start( 0): port id: 0xb000
01-05 08:30:20.116 I/afe_find_cal_topo_id_by_port( 0): port id: 0xb000, dev_acdb_id: 0
01-05 08:30:20.116 I/afe_find_cal_topo_id_by_port( 0): top_id:112fc acdb_id:15 afe_port:0xb000
01-05 08:30:20.116 I/afe_get_cal_topology_id( 0): port_id = 0xb000 acdb_id = 15 topology_id = 0x112fc cal_type_index=8 ret=0
01-05 08:30:20.116 E/afe_callback( 0): cmd = 0x100fa returned error = 0x2
01-05 08:30:20.116 E/afe_apr_send_pkt( 0): DSP returned error[ADSP_EBADPARAM]
01-05 08:30:20.116 E/afe_send_port_topology_id( 0): AFE set topology id enable for port 0xb000 failed -22
01-05 08:30:20.116 I/afe_send_port_topology_id( 0): AFE set topology id 0x112fc enable for port 0xb000 ret -22
01-05 08:30:20.116 I/send_afe_cal_type( 0): cal_index is 0
01-05 08:30:20.116 I/send_afe_cal_type( 0): dev_acdb_id[162] is 0
01-05 08:30:20.116 I/send_afe_cal_type( 0): Sending cal_index cal 0
01-05 08:30:20.116 E/send_afe_cal_type( 0): No cal sent for cal_index 0, port_id = 0xb000! ret -22
01-05 08:30:20.116 I/afe_send_hw_delay( 0): port_id 0xb000 rate 48000 delay_usec 474 status 0
01-05 08:30:20.117 E/afe_callback( 0): cmd = 0x100fa returned error = 0x2
01-05 08:30:20.117 E/afe_apr_send_pkt( 0): DSP returned error[ADSP_EBADPARAM]
01-05 08:30:20.117 E/__afe_port_start( 0): AFE enable for port 0xb000 failed -22
01-05 08:30:20.117 E/msm-dai-cdc-dma-dev soc( 0): qcom,msm-dai-cdc-dma:qcom,msm-dai-wsa-cdc-dma-0-rx: fail to open AFE port 0xb000
01-05 08:30:20.117 E/msm-dai-cdc-dma-dev soc( 0): qcom,msm-dai-cdc-dma:qcom,msm-dai-wsa-cdc-dma-0-rx: ASoC: cpu DAI prepare error: -22
01-05 08:30:20.117 E/soc_pcm_prepare( 0): Issue stop stream for codec_dai due to op failure -22 = ret
12-28 06:28:44.075 E/audio_hw_primary( 799): pcm_open_prepare_helper: pcm_prepare returned -1
01-05 08:30:20.117 E/WSA_CDC_DMA_RX_0( 0): ASoC: backend prepare failed -22
12-28 06:28:44.079 D/audio_hw_primary( 799): disable_audio_route: reset and update mixer path: audio-ull-playback
12-28 06:28:44.080 E/soundtrigger( 799): audio_extn_sound_trigger_update_stream_status: invalid input device 0x0, for event 2
12-28 06:28:44.080 D/soundtrigger( 799): audio_extn_sound_trigger_update_stream_status: uc_info->id 12 of type 0 for Event 2, with Raise=0
12-28 06:28:44.080 D/msm8974_platform( 799): platform_split_snd_device: snd_device(2) num devices(0) new_snd_devices(0)
12-28 06:28:44.080 I/msm8974_platform( 799): platform_get_custom_mtmx_params: no matching param with id 0 ip_ch 2 op_ch 2 uc_id 12 snd_dev 2
12-28 06:28:44.080 D/hardware_info( 799): hw_info_append_hw_type : device_name = speaker
12-28 06:28:44.080 D/audio_hw_primary( 799): disable_snd_device: snd_device(2: speaker)
12-28 06:28:44.080 D/msm8974_platform( 799): platform_split_snd_device: snd_device(2) num devices(0) new_snd_devices(0)
12-28 06:28:44.080 I/soundtrigger( 799): audio_extn_sound_trigger_update_device_status: device 0x2 of type 0 for Event 0, with Raise=0
12-28 06:28:44.130 D/audio_hw_primary( 799): out_standby: enter: stream (0xec2064c0) usecase(12: audio-ull-playback)
12-28 06:28:44.130 D/audio_hw_primary( 799): out_standby: exit
12-28 06:28:44.133 D/audio_hw_primary( 799): start_output_stream: enter: stream(0xec2064c0)usecase(12: audio-ull-playback) devices(0x2) is_haptic_usecase(0)
12-28 06:28:44.133 D/audio_hw_primary( 799): select_devices for use case (audio-ull-playback)
12-28 06:28:44.133 I/msm8974_platform( 799): platform_check_and_set_codec_backend_cfg:becf: afe: bitwidth 16, samplerate 48000 channels 2, backend_idx 0 usecase = 12 device (speaker)
12-28 06:28:44.134 D/msm8974_platform( 799): platform_split_snd_device: snd_device(2) num devices(1) new_snd_devices(0)
12-28 06:28:44.134 I/msm8974_platform( 799): platform_check_and_set_codec_backend_cfg: new_snd_devices[0] is 2
12-28 06:28:44.134 I/msm8974_platform( 799): platform_check_codec_backend_cfg:becf: afe: bitwidth 16, samplerate 48000 channels 2, backend_idx 0 usecase = 12 device (speaker)
12-28 06:28:44.135 D/audio_hw_extn( 799): audio_extn_enable_hifi_filter: mixer_value set 0
12-28 06:28:44.135 D/msm8974_platform( 799): platform_check_codec_backend_cfg:becf: updated afe: bitwidth 16, samplerate 48000 channels 2,backend_idx 0 usecase = 12 device (speaker)
12-28 06:28:44.135 D/msm8974_platform( 799): platform_check_codec_backend_cfg:becf: afe: playback on codec device not supporting native playback set default Sample Rate(48k)
12-28 06:28:44.135 I/msm8974_platform( 799): platform_check_codec_backend_cfg:becf: afe: Codec selected backend: 0 updated bit width: 16 and sample rate: 48000
12-28 06:28:44.135 D/audio_hw_primary( 799): check_usecases_codec_backend:becf: force routing 0
12-28 06:28:44.135 E/msm8974_platform( 799): platform_check_backends_match: Invalid snd_device =
12-28 06:28:44.135 D/audio_hw_primary( 799): check_usecases_codec_backend:becf: (78) check_usecases curr device: speaker, usecase device: backends match 0
12-28 06:28:44.135 D/audio_hw_primary( 799): check_usecases_codec_backend:becf: check_usecases num.of Usecases to switch 0
12-28 06:28:44.135 D/hardware_info( 799): hw_info_append_hw_type : device_name = speaker
12-28 06:28:44.135 D/msm8974_platform( 799): platform_split_snd_device: snd_device(2) num devices(0) new_snd_devices(0)
12-28 06:28:44.135 D/audio_hw_primary( 799): enable_snd_device: snd_device(2: speaker)
12-28 06:28:44.135 D/msm8974_platform( 799): platform_get_island_cfg_on_device:island cfg status on snd_device = (speaker 0)
12-28 06:28:44.135 I/soundtrigger( 799): audio_extn_sound_trigger_update_device_status: device 0x2 of type 0 for Event 1, with Raise=0
12-28 06:28:44.135 D/audio_route( 799): Apply path: speaker
12-28 06:28:44.135 I/audio_hw_utils( 799): audio_extn_utils_update_stream_output_app_type_cfg Allowing 24 and above bits playback on speaker ONLY at default sampling rate
12-28 06:28:44.135 E/soundtrigger( 799): audio_extn_sound_trigger_update_stream_status: invalid input device 0x0, for event 3
12-28 06:28:44.135 D/soundtrigger( 799): audio_extn_sound_trigger_update_stream_status: uc_info->id 12 of type 0 for Event 3, with Raise=0
12-28 06:28:44.135 D/audio_hw_utils( 799): audio_extn_utils_send_app_type_cfg: usecase->out_snd_device speaker
12-28 06:28:44.135 D/msm8974_platform( 799): platform_split_snd_device: snd_device(2) num devices(0) new_snd_devices(0)
12-28 06:28:44.135 I/audio_hw_utils( 799): ULL doesnt need sending app type cfg, returning
12-28 06:28:44.135 D/msm8974_platform( 799): platform_split_snd_device: snd_device(2) num devices(1) new_snd_devices(0)
12-28 06:28:44.135 D/audio_hw_utils( 799): audio_extn_btsco_get_sample_rate:Not a BT SCO device, need not update sampling rate
12-28 06:28:44.135 D/ACDB-LOADER( 799): ACDB -> send_audio_cal, acdb_id = 15, path = 0, app id = 0x11137, sample rate = 48000, afe_sample_rate = 48000
12-28 06:28:44.135 D/ACDB-LOADER( 799): ACDB -> send_asm_topology
12-28 06:28:44.135 D/ACDB-LOADER( 799): ACDB -> ACDB_CMD_GET_AUDPROC_STREAM_TOPOLOGY_ID
12-28 06:28:44.135 D/ACDB-LOADER( 799): ACDB -> send_adm_topology
12-28 06:28:44.135 D/ACDB-LOADER( 799): ACDB -> ACDB_CMD_GET_AUDPROC_COMMON_TOPOLOGY_ID
12-28 06:28:44.135 D/ACDB-LOADER( 799): ACDB -> send_audtable
12-28 06:28:44.135 D/ACDB-LOADER( 799): ACDB -> ACDB_CMD_GET_AUDPROC_INSTANCE_COMMON_TABLE_SIZE
12-28 06:28:44.135 D/ACDB-LOADER( 799): ACDB -> ACDB_CMD_GET_AUDPROC_INSTANCE_COMMON_TABLE
12-28 06:28:44.135 D/ACDB-LOADER( 799): ACDB -> AUDIO_SET_AUDPROC_CAL cal_type[11] acdb_id[15] app_type[69943]
12-28 06:28:44.135 D/ACDB-LOADER( 799): ACDB -> send_audvoltable
12-28 06:28:44.135 D/ACDB-LOADER( 799): ACDB -> ACDB_CMD_GET_AUDPROC_INSTANCE_GAIN_DEP_STEP_TABLE_SIZE
12-28 06:28:44.135 D/android.hardware.audio.service( 799): Failed to fetch the lookup information of the device 0000000F
12-28 06:28:44.136 D/ACDB-LOADER( 799): Error: ACDB_CMD_GET_AUDPROC_INSTANCE_GAIN_DEP_STEP_TABLE_SIZE Returned = -19
12-28 06:28:44.136 D/ACDB-LOADER( 799): ACDB -> ACDB_CMD_GET_AUDPROC_INSTANCE_GAIN_DEP_STEP_TABLE, vol index 0
12-28 06:28:44.136 D/android.hardware.audio.service( 799): Failed to fetch the lookup information of the device 0000000F
12-28 06:28:44.136 D/ACDB-LOADER( 799): Error: ACDB AudProc vol returned = -19
12-28 06:28:44.136 D/ACDB-LOADER( 799): ACDB -> AUDIO_SET_VOL_CAL cal type = 12
12-28 06:28:44.136 D/ACDB-LOADER( 799): ACDB -> ACDB_CMD_GET_AUDPROC_INSTANCE_STREAM_TABLE_SIZE
12-28 06:28:44.136 D/ACDB-LOADER( 799): ACDB -> send_audstrmtable
12-28 06:28:44.136 D/ACDB-LOADER( 799): ACDB -> ACDB_CMD_GET_AUDPROC_INSTANCE_STREAM_TABLE
12-28 06:28:44.136 D/ACDB-LOADER( 799): ACDB -> audstrm_cal->cal_type.cal_data.cal_size = 20
12-28 06:28:44.136 D/ACDB-LOADER( 799): ACDB -> send_afe_topology
12-28 06:28:44.136 D/ACDB-LOADER( 799): ACDB -> ACDB_CMD_GET_AFE_TOPOLOGY_ID
12-28 06:28:44.136 D/ACDB-LOADER( 799): ACDB -> GET_AFE_TOPOLOGY_ID for adcd_id 15, Topology Id 112fc
12-28 06:28:44.136 D/ACDB-LOADER( 799): ACDB -> send_afe_cal
12-28 06:28:44.136 D/ACDB-LOADER( 799): ACDB -> ACDB_CMD_GET_AFE_INSTANCE_COMMON_TABLE_SIZE
12-28 06:28:44.136 D/android.hardware.audio.service( 799): Failed to fetch the lookup information of the device 0000000F
12-28 06:28:44.136 D/ACDB-LOADER( 799): Error: ACDB_CMD_GET_AFE_INSTANCE_COMMON_TABLE_SIZE Returned = -19
12-28 06:28:44.136 D/ACDB-LOADER( 799): ACDB -> ACDB_CMD_GET_AFE_INSTANCE_COMMON_TABLE
12-28 06:28:44.136 D/android.hardware.audio.service( 799): Failed to fetch the lookup information of the device 0000000F
12-28 06:28:44.136 D/ACDB-LOADER( 799): Error: ACDB AFE returned = -19
12-28 06:28:44.136 D/ACDB-LOADER( 799): ACDB -> AUDIO_SET_AFE_CAL cal_type[16] acdb_id[15]
12-28 06:28:44.136 D/ACDB-LOADER( 799): ACDB -> send_hw_delay : acdb_id = 15 path = 0
12-28 06:28:44.136 D/ACDB-LOADER( 799): ACDB -> ACDB_AVSYNC_INFO: ACDB_CMD_GET_DEVICE_PROPERTY
12-28 06:28:44.136 D/msm8974_platform( 799): platform_split_snd_device: snd_device(2) num devices(0) new_snd_devices(0)
12-28 06:28:44.136 I/msm8974_platform( 799): platform_get_custom_mtmx_params: no matching param with id 0 ip_ch 2 op_ch 2 uc_id 12 snd_dev 2
12-28 06:28:44.136 D/audio_hw_primary( 799): enable_audio_route: apply mixer and update path: audio-ull-playback
12-28 06:28:44.136 D/audio_route( 799): Apply path: audio-ull-playback
12-28 06:28:44.137 D/audio_hw_primary( 799): select_devices: done
12-28 06:28:44.137 D/msm8974_platform( 799): platform_set_channel_map mixer_ctl_name:Playback Channel Map13
12-28 06:28:44.137 D/msm8974_platform( 799): platform_set_channel_map: set mapping(1 2 0 0 0 0 0 0) for channel:2
12-28 06:28:44.137 E/msm8974_platform( 799): platform_set_channel_map: Could not set ctl, error:-22 ch_count:2
01-05 08:30:20.179 I/ ( 0): snd_pcm_hw_constraint_integer failed
01-05 08:30:20.179 I/msm_pcm_open( 0): P buffer bytes minmax constraint ret 1
01-05 08:30:20.179 E/set_cps_config( 0): get_wsa_dev_num is NULL
12-28 06:28:44.140 I/OMX-VDEC-1080P( 1210): C2D: Start color convertion
12-28 06:28:44.140 W/C2DColorConvert( 1210): calcLumaAlign: unknown format (3) passed for luma alignment number.
12-28 06:28:44.145 E/audio_hw_primary( 799): pcm_open_prepare_helper: pcm_prepare returned -1
01-05 08:30:20.186 I/__afe_port_start( 0): port id: 0xb000
01-05 08:30:20.186 I/afe_find_cal_topo_id_by_port( 0): port id: 0xb000, dev_acdb_id: 0
01-05 08:30:20.186 I/afe_find_cal_topo_id_by_port( 0): top_id:112fc acdb_id:15 afe_port:0xb000
01-05 08:30:20.186 I/afe_get_cal_topology_id( 0): port_id = 0xb000 acdb_id = 15 topology_id = 0x112fc cal_type_index=8 ret=0
01-05 08:30:20.186 E/afe_callback( 0): cmd = 0x100fa returned error = 0x2
01-05 08:30:20.186 E/afe_apr_send_pkt( 0): DSP returned error[ADSP_EBADPARAM]
01-05 08:30:20.186 E/afe_send_port_topology_id( 0): AFE set topology id enable for port 0xb000 failed -22
01-05 08:30:20.186 I/afe_send_port_topology_id( 0): AFE set topology id 0x112fc enable for port 0xb000 ret -22
01-05 08:30:20.186 I/send_afe_cal_type( 0): cal_index is 0
01-05 08:30:20.186 I/send_afe_cal_type( 0): dev_acdb_id[162] is 0
01-05 08:30:20.186 I/send_afe_cal_type( 0): Sending cal_index cal 0
01-05 08:30:20.186 E/send_afe_cal_type( 0): No cal sent for cal_index 0, port_id = 0xb000! ret -22
01-05 08:30:20.186 I/afe_send_hw_delay( 0): port_id 0xb000 rate 48000 delay_usec 474 status 0
01-05 08:30:20.186 E/afe_callback( 0): cmd = 0x100fa returned error = 0x2
01-05 08:30:20.186 E/afe_apr_send_pkt( 0): DSP returned error[ADSP_EBADPARAM]
01-05 08:30:20.186 E/__afe_port_start( 0): AFE enable for port 0xb000 failed -22
01-05 08:30:20.186 E/msm-dai-cdc-dma-dev soc( 0): qcom,msm-dai-cdc-dma:qcom,msm-dai-wsa-cdc-dma-0-rx: fail to open AFE port 0xb000
01-05 08:30:20.186 E/msm-dai-cdc-dma-dev soc( 0): qcom,msm-dai-cdc-dma:qcom,msm-dai-wsa-cdc-dma-0-rx: ASoC: cpu DAI prepare error: -22
01-05 08:30:20.186 E/soc_pcm_prepare( 0): Issue stop stream for codec_dai due to op failure -22 = ret
01-05 08:30:20.187 E/WSA_CDC_DMA_RX_0( 0): ASoC: backend prepare failed -22
12-28 06:28:44.149 D/audio_hw_primary( 799): disable_audio_route: reset and update mixer path: audio-ull-playback
12-28 06:28:44.150 E/soundtrigger( 799): audio_extn_sound_trigger_update_stream_status: invalid input device 0x0, for event 2
12-28 06:28:44.150 D/soundtrigger( 799): audio_extn_sound_trigger_update_stream_status: uc_info->id 12 of type 0 for Event 2, with Raise=0
12-28 06:28:44.150 D/msm8974_platform( 799): platform_split_snd_device: snd_device(2) num devices(0) new_snd_devices(0)
12-28 06:28:44.150 I/msm8974_platform( 799): platform_get_custom_mtmx_params: no matching param with id 0 ip_ch 2 op_ch 2 uc_id 12 snd_dev 2
12-28 06:28:44.150 D/hardware_info( 799): hw_info_append_hw_type : device_name = speaker
12-28 06:28:44.150 D/audio_hw_primary( 799): disable_snd_device: snd_device(2: speaker)
12-28 06:28:44.150 D/msm8974_platform( 799): platform_split_snd_device: snd_device(2) num devices(0) new_snd_devices(0)
12-28 06:28:44.150 I/soundtrigger( 799): audio_extn_sound_trigger_update_device_status: device 0x2 of type 0 for Event 0, with Raise=0
12-28 06:28:44.180 I/OMX-VDEC-1080P( 1210): C2D: Start color convertion
12-28 06:28:44.182 W/C2DColorConvert( 1210): calcLumaAlign: unknown format (3) passed for luma alignment number.
12-28 06:28:44.200 D/audio_hw_primary( 799): out_standby: enter: stream (0xec2064c0) usecase(12: audio-ull-playback)
12-28 06:28:44.200 D/audio_hw_primary( 799): out_standby: exit
12-28 06:28:44.203 D/audio_hw_primary( 799): start_output_stream: enter: stream(0xec2064c0)usecase(12: audio-ull-playback) devices(0x2) is_haptic_usecase(0)
12-28 06:28:44.203 D/audio_hw_primary( 799): select_devices for use case (audio-ull-playback)
12-28 06:28:44.203 I/msm8974_platform( 799): platform_check_and_set_codec_backend_cfg:becf: afe: bitwidth 16, samplerate 48000 channels 2, backend_idx 0 usecase = 12 device (speaker)
12-28 06:28:44.203 D/msm8974_platform( 799): platform_split_snd_device: snd_device(2) num devices(1) new_snd_devices(0)
12-28 06:28:44.204 I/msm8974_platform( 799): platform_check_and_set_codec_backend_cfg: new_snd_devices[0] is 2
12-28 06:28:44.204 I/msm8974_platform( 799): platform_check_codec_backend_cfg:becf: afe: bitwidth 16, samplerate 48000 channels 2, backend_idx 0 usecase = 12 device (speaker)
12-28 06:28:44.205 D/audio_hw_extn( 799): audio_extn_enable_hifi_filter: mixer_value set 0
12-28 06:28:44.205 D/msm8974_platform( 799): platform_check_codec_backend_cfg:becf: updated afe: bitwidth 16, samplerate 48000 channels 2,backend_idx 0 usecase = 12 device (speaker)
12-28 06:28:44.205 D/msm8974_platform( 799): platform_check_codec_backend_cfg:becf: afe: playback on codec device not supporting native playback set default Sample Rate(48k)
12-28 06:28:44.205 I/msm8974_platform( 799): platform_check_codec_backend_cfg:becf: afe: Codec selected backend: 0 updated bit width: 16 and sample rate: 48000
12-28 06:28:44.205 D/audio_hw_primary( 799): check_usecases_codec_backend:becf: force routing 0
12-28 06:28:44.205 E/msm8974_platform( 799): platform_check_backends_match: Invalid snd_device =
12-28 06:28:44.205 D/audio_hw_primary( 799): check_usecases_codec_backend:becf: (78) check_usecases curr device: speaker, usecase device: backends match 0
12-28 06:28:44.205 D/audio_hw_primary( 799): check_usecases_codec_backend:becf: check_usecases num.of Usecases to switch 0
12-28 06:28:44.205 D/hardware_info( 799): hw_info_append_hw_type : device_name = speaker
12-28 06:28:44.205 D/msm8974_platform( 799): platform_split_snd_device: snd_device(2) num devices(0) new_snd_devices(0)
12-28 06:28:44.205 D/audio_hw_primary( 799): enable_snd_device: snd_device(2: speaker)
12-28 06:28:44.205 D/msm8974_platform( 799): platform_get_island_cfg_on_device:island cfg status on snd_device = (speaker 0)
12-28 06:28:44.205 I/soundtrigger( 799): audio_extn_sound_trigger_update_device_status: device 0x2 of type 0 for Event 1, with Raise=0
12-28 06:28:44.205 D/audio_route( 799): Apply path: speaker
12-28 06:28:44.205 I/audio_hw_utils( 799): audio_extn_utils_update_stream_output_app_type_cfg Allowing 24 and above bits playback on speaker ONLY at default sampling rate
12-28 06:28:44.205 E/soundtrigger( 799): audio_extn_sound_trigger_update_stream_status: invalid input device 0x0, for event 3
12-28 06:28:44.205 D/soundtrigger( 799): audio_extn_sound_trigger_update_stream_status: uc_info->id 12 of type 0 for Event 3, with Raise=0
12-28 06:28:44.205 D/audio_hw_utils( 799): audio_extn_utils_send_app_type_cfg: usecase->out_snd_device speaker
12-28 06:28:44.205 D/msm8974_platform( 799): platform_split_snd_device: snd_device(2) num devices(0) new_snd_devices(0)
12-28 06:28:44.205 I/audio_hw_utils( 799): ULL doesnt need sending app type cfg, returning
12-28 06:28:44.205 D/msm8974_platform( 799): platform_split_snd_device: snd_device(2) num devices(1) new_snd_devices(0)
12-28 06:28:44.205 D/audio_hw_utils( 799): audio_extn_btsco_get_sample_rate:Not a BT SCO device, need not update sampling rate
12-28 06:28:44.205 D/ACDB-LOADER( 799): ACDB -> send_audio_cal, acdb_id = 15, path = 0, app id = 0x11137, sample rate = 48000, afe_sample_rate = 48000
12-28 06:28:44.205 D/ACDB-LOADER( 799): ACDB -> send_asm_topology
12-28 06:28:44.205 D/ACDB-LOADER( 799): ACDB -> ACDB_CMD_GET_AUDPROC_STREAM_TOPOLOGY_ID
12-28 06:28:44.205 D/ACDB-LOADER( 799): ACDB -> send_adm_topology
12-28 06:28:44.205 D/ACDB-LOADER( 799): ACDB -> ACDB_CMD_GET_AUDPROC_COMMON_TOPOLOGY_ID
12-28 06:28:44.205 D/ACDB-LOADER( 799): ACDB -> send_audtable
12-28 06:28:44.205 D/ACDB-LOADER( 799): ACDB -> ACDB_CMD_GET_AUDPROC_INSTANCE_COMMON_TABLE_SIZE
12-28 06:28:44.205 D/ACDB-LOADER( 799): ACDB -> ACDB_CMD_GET_AUDPROC_INSTANCE_COMMON_TABLE
12-28 06:28:44.205 D/ACDB-LOADER( 799): ACDB -> AUDIO_SET_AUDPROC_CAL cal_type[11] acdb_id[15] app_type[69943]
12-28 06:28:44.205 D/ACDB-LOADER( 799): ACDB -> send_audvoltable
12-28 06:28:44.205 D/ACDB-LOADER( 799): ACDB -> ACDB_CMD_GET_AUDPROC_INSTANCE_GAIN_DEP_STEP_TABLE_SIZE
12-28 06:28:44.205 D/android.hardware.audio.service( 799): Failed to fetch the lookup information of the device 0000000F
12-28 06:28:44.205 D/ACDB-LOADER( 799): Error: ACDB_CMD_GET_AUDPROC_INSTANCE_GAIN_DEP_STEP_TABLE_SIZE Returned = -19
12-28 06:28:44.205 D/ACDB-LOADER( 799): ACDB -> ACDB_CMD_GET_AUDPROC_INSTANCE_GAIN_DEP_STEP_TABLE, vol index 0
12-28 06:28:44.205 D/android.hardware.audio.service( 799): Failed to fetch the lookup information of the device 0000000F
12-28 06:28:44.205 D/ACDB-LOADER( 799): Error: ACDB AudProc vol returned = -19
12-28 06:28:44.205 D/ACDB-LOADER( 799): ACDB -> AUDIO_SET_VOL_CAL cal type = 12
12-28 06:28:44.205 D/ACDB-LOADER( 799): ACDB -> ACDB_CMD_GET_AUDPROC_INSTANCE_STREAM_TABLE_SIZE
12-28 06:28:44.205 D/ACDB-LOADER( 799): ACDB -> send_audstrmtable
12-28 06:28:44.205 D/ACDB-LOADER( 799): ACDB -> ACDB_CMD_GET_AUDPROC_INSTANCE_STREAM_TABLE
12-28 06:28:44.205 D/ACDB-LOADER( 799): ACDB -> audstrm_cal->cal_type.cal_data.cal_size = 20
12-28 06:28:44.205 D/ACDB-LOADER( 799): ACDB -> send_afe_topology
12-28 06:28:44.205 D/ACDB-LOADER( 799): ACDB -> ACDB_CMD_GET_AFE_TOPOLOGY_ID
12-28 06:28:44.205 D/ACDB-LOADER( 799): ACDB -> GET_AFE_TOPOLOGY_ID for adcd_id 15, Topology Id 112fc
12-28 06:28:44.205 D/ACDB-LOADER( 799): ACDB -> send_afe_cal
12-28 06:28:44.205 D/ACDB-LOADER( 799): ACDB -> ACDB_CMD_GET_AFE_INSTANCE_COMMON_TABLE_SIZE
12-28 06:28:44.205 D/android.hardware.audio.service( 799): Failed to fetch the lookup information of the device 0000000F
12-28 06:28:44.205 D/ACDB-LOADER( 799): Error: ACDB_CMD_GET_AFE_INSTANCE_COMMON_TABLE_SIZE Returned = -19
12-28 06:28:44.206 D/ACDB-LOADER( 799): ACDB -> ACDB_CMD_GET_AFE_INSTANCE_COMMON_TABLE
12-28 06:28:44.206 D/android.hardware.audio.service( 799): Failed to fetch the lookup information of the device 0000000F
12-28 06:28:44.206 D/ACDB-LOADER( 799): Error: ACDB AFE returned = -19
12-28 06:28:44.206 D/ACDB-LOADER( 799): ACDB -> AUDIO_SET_AFE_CAL cal_type[16] acdb_id[15]
12-28 06:28:44.206 D/ACDB-LOADER( 799): ACDB -> send_hw_delay : acdb_id = 15 path = 0
12-28 06:28:44.206 D/ACDB-LOADER( 799): ACDB -> ACDB_AVSYNC_INFO: ACDB_CMD_GET_DEVICE_PROPERTY
12-28 06:28:44.206 D/msm8974_platform( 799): platform_split_snd_device: snd_device(2) num devices(0) new_snd_devices(0)
12-28 06:28:44.206 I/msm8974_platform( 799): platform_get_custom_mtmx_params: no matching param with id 0 ip_ch 2 op_ch 2 uc_id 12 snd_dev 2
12-28 06:28:44.206 D/audio_hw_primary( 799): enable_audio_route: apply mixer and update path: audio-ull-playback
12-28 06:28:44.206 D/audio_route( 799): Apply path: audio-ull-playback
12-28 06:28:44.206 D/audio_hw_primary( 799): select_devices: done
12-28 06:28:44.206 D/msm8974_platform( 799): platform_set_channel_map mixer_ctl_name:Playback Channel Map13
12-28 06:28:44.207 D/msm8974_platform( 799): platform_set_channel_map: set mapping(1 2 0 0 0 0 0 0) for channel:2
12-28 06:28:44.207 E/msm8974_platform( 799): platform_set_channel_map: Could not set ctl, error:-22 ch_count:2
01-05 08:30:20.249 I/ ( 0): snd_pcm_hw_constraint_integer failed
01-05 08:30:20.249 I/msm_pcm_open( 0): P buffer bytes minmax constraint ret 1
01-05 08:30:20.249 E/set_cps_config( 0): get_wsa_dev_num is NULL
01-05 08:30:20.256 I/__afe_port_start( 0): port id: 0xb000
01-05 08:30:20.256 I/afe_find_cal_topo_id_by_port( 0): port id: 0xb000, dev_acdb_id: 0
01-05 08:30:20.256 I/afe_find_cal_topo_id_by_port( 0): top_id:112fc acdb_id:15 afe_port:0xb000
01-05 08:30:20.256 I/afe_get_cal_topology_id( 0): port_id = 0xb000 acdb_id = 15 topology_id = 0x112fc cal_type_index=8 ret=0
01-05 08:30:20.256 E/afe_callback( 0): cmd = 0x100fa returned error = 0x2
01-05 08:30:20.256 E/afe_apr_send_pkt( 0): DSP returned error[ADSP_EBADPARAM]
01-05 08:30:20.256 E/afe_send_port_topology_id( 0): AFE set topology id enable for port 0xb000 failed -22
01-05 08:30:20.256 I/afe_send_port_topology_id( 0): AFE set topology id 0x112fc enable for port 0xb000 ret -22
01-05 08:30:20.256 I/send_afe_cal_type( 0): cal_index is 0
01-05 08:30:20.256 I/send_afe_cal_type( 0): dev_acdb_id[162] is 0
01-05 08:30:20.256 I/send_afe_cal_type( 0): Sending cal_index cal 0
01-05 08:30:20.256 E/send_afe_cal_type( 0): No cal sent for cal_index 0, port_id = 0xb000! ret -22
12-28 06:28:44.215 E/audio_hw_primary( 799): pcm_open_prepare_helper: pcm_prepare returned -1
01-05 08:30:20.256 I/afe_send_hw_delay( 0): port_id 0xb000 rate 48000 delay_usec 474 status 0
01-05 08:30:20.257 E/afe_callback( 0): cmd = 0x100fa returned error = 0x2
01-05 08:30:20.257 E/afe_apr_send_pkt( 0): DSP returned error[ADSP_EBADPARAM]
01-05 08:30:20.257 E/__afe_port_start( 0): AFE enable for port 0xb000 failed -22
01-05 08:30:20.257 E/msm-dai-cdc-dma-dev soc( 0): qcom,msm-dai-cdc-dma:qcom,msm-dai-wsa-cdc-dma-0-rx: fail to open AFE port 0xb000
01-05 08:30:20.257 E/msm-dai-cdc-dma-dev soc( 0): qcom,msm-dai-cdc-dma:qcom,msm-dai-wsa-cdc-dma-0-rx: ASoC: cpu DAI prepare error: -22
01-05 08:30:20.257 E/soc_pcm_prepare( 0): Issue stop stream for codec_dai due to op failure -22 = ret
01-05 08:30:20.257 E/WSA_CDC_DMA_RX_0( 0): ASoC: backend prepare failed -22
12-28 06:28:44.219 D/audio_hw_primary( 799): disable_audio_route: reset and update mixer path: audio-ull-playback
12-28 06:28:44.220 E/soundtrigger( 799): audio_extn_sound_trigger_update_stream_status: invalid input device 0x0, for event 2
12-28 06:28:44.220 D/soundtrigger( 799): audio_extn_sound_trigger_update_stream_status: uc_info->id 12 of type 0 for Event 2, with Raise=0
12-28 06:28:44.220 D/msm8974_platform( 799): platform_split_snd_device: snd_device(2) num devices(0) new_snd_devices(0)
12-28 06:28:44.220 I/OMX-VDEC-1080P( 1210): C2D: Start color convertion
12-28 06:28:44.220 I/msm8974_platform( 799): platform_get_custom_mtmx_params: no matching param with id 0 ip_ch 2 op_ch 2 uc_id 12 snd_dev 2
12-28 06:28:44.220 D/hardware_info( 799): hw_info_append_hw_type : device_name = speaker
12-28 06:28:44.220 D/audio_hw_primary( 799): disable_snd_device: snd_device(2: speaker)
12-28 06:28:44.220 D/msm8974_platform( 799): platform_split_snd_device: snd_device(2) num devices(0) new_snd_devices(0)
12-28 06:28:44.220 I/soundtrigger( 799): audio_extn_sound_trigger_update_device_status: device 0x2 of type 0 for Event 0, with Raise=0
12-28 06:28:44.221 W/C2DColorConvert( 1210): calcLumaAlign: unknown format (3) passed for luma alignment number.
12-28 06:28:44.221 I/OMX-VDEC-1080P( 1210): C2D: Start color convertion
12-28 06:28:44.221 W/C2DColorConvert( 1210): calcLumaAlign: unknown format (3) passed for luma alignment number.
12-28 06:28:44.270 D/audio_hw_primary( 799): out_standby: enter: stream (0xec2064c0) usecase(12: audio-ull-playback)
12-28 06:28:44.270 D/audio_hw_primary( 799): out_standby: exit
12-28 06:28:44.273 D/audio_hw_primary( 799): start_output_stream: enter: stream(0xec2064c0)usecase(12: audio-ull-playback) devices(0x2) is_haptic_usecase(0)
12-28 06:28:44.274 D/audio_hw_primary( 799): select_devices for use case (audio-ull-playback)
12-28 06:28:44.274 I/msm8974_platform( 799): platform_check_and_set_codec_backend_cfg:becf: afe: bitwidth 16, samplerate 48000 channels 2, backend_idx 0 usecase = 12 device (speaker)
12-28 06:28:44.274 D/msm8974_platform( 799): platform_split_snd_device: snd_device(2) num devices(1) new_snd_devices(0)
12-28 06:28:44.274 I/msm8974_platform( 799): platform_check_and_set_codec_backend_cfg: new_snd_devices[0] is 2
12-28 06:28:44.274 I/msm8974_platform( 799): platform_check_codec_backend_cfg:becf: afe: bitwidth 16, samplerate 48000 channels 2, backend_idx 0 usecase = 12 device (speaker)
12-28 06:28:44.275 D/audio_hw_extn( 799): audio_extn_enable_hifi_filter: mixer_value set 0
12-28 06:28:44.275 D/msm8974_platform( 799): platform_check_codec_backend_cfg:becf: updated afe: bitwidth 16, samplerate 48000 channels 2,backend_idx 0 usecase = 12 device (speaker)
12-28 06:28:44.275 D/msm8974_platform( 799): platform_check_codec_backend_cfg:becf: afe: playback on codec device not supporting native playback set default Sample Rate(48k)
12-28 06:28:44.275 I/msm8974_platform( 799): platform_check_codec_backend_cfg:becf: afe: Codec selected backend: 0 updated bit width: 16 and sample rate: 48000
12-28 06:28:44.275 D/audio_hw_primary( 799): check_usecases_codec_backend:becf: force routing 0
12-28 06:28:44.275 E/msm8974_platform( 799): platform_check_backends_match: Invalid snd_device =
12-28 06:28:44.275 D/audio_hw_primary( 799): check_usecases_codec_backend:becf: (78) check_usecases curr device: speaker, usecase device: backends match 0
12-28 06:28:44.275 D/audio_hw_primary( 799): check_usecases_codec_backend:becf: check_usecases num.of Usecases to switch 0
12-28 06:28:44.275 D/hardware_info( 799): hw_info_append_hw_type : device_name = speaker
12-28 06:28:44.275 D/msm8974_platform( 799): platform_split_snd_device: snd_device(2) num devices(0) new_snd_devices(0)
12-28 06:28:44.275 D/audio_hw_primary( 799): enable_snd_device: snd_device(2: speaker)
12-28 06:28:44.275 D/msm8974_platform( 799): platform_get_island_cfg_on_device:island cfg status on snd_device = (speaker 0)
12-28 06:28:44.275 I/soundtrigger( 799): audio_extn_sound_trigger_update_device_status: device 0x2 of type 0 for Event 1, with Raise=0
12-28 06:28:44.275 D/audio_route( 799): Apply path: speaker
12-28 06:28:44.275 I/audio_hw_utils( 799): audio_extn_utils_update_stream_output_app_type_cfg Allowing 24 and above bits playback on speaker ONLY at default sampling rate
12-28 06:28:44.275 E/soundtrigger( 799): audio_extn_sound_trigger_update_stream_status: invalid input device 0x0, for event 3
12-28 06:28:44.275 D/soundtrigger( 799): audio_extn_sound_trigger_update_stream_status: uc_info->id 12 of type 0 for Event 3, with Raise=0
12-28 06:28:44.275 D/audio_hw_utils( 799): audio_extn_utils_send_app_type_cfg: usecase->out_snd_device speaker
12-28 06:28:44.275 D/msm8974_platform( 799): platform_split_snd_device: snd_device(2) num devices(0) new_snd_devices(0)
12-28 06:28:44.275 I/audio_hw_utils( 799): ULL doesnt need sending app type cfg, returning
12-28 06:28:44.275 D/msm8974_platform( 799): platform_split_snd_device: snd_device(2) num devices(1) new_snd_devices(0)
12-28 06:28:44.275 D/audio_hw_utils( 799): audio_extn_btsco_get_sample_rate:Not a BT SCO device, need not update sampling rate
12-28 06:28:44.275 D/ACDB-LOADER( 799): ACDB -> send_audio_cal, acdb_id = 15, path = 0, app id = 0x11137, sample rate = 48000, afe_sample_rate = 48000
12-28 06:28:44.275 D/ACDB-LOADER( 799): ACDB -> send_asm_topology
12-28 06:28:44.275 D/ACDB-LOADER( 799): ACDB -> ACDB_CMD_GET_AUDPROC_STREAM_TOPOLOGY_ID
12-28 06:28:44.275 D/ACDB-LOADER( 799): ACDB -> send_adm_topology
12-28 06:28:44.275 D/ACDB-LOADER( 799): ACDB -> ACDB_CMD_GET_AUDPROC_COMMON_TOPOLOGY_ID
12-28 06:28:44.275 D/ACDB-LOADER( 799): ACDB -> send_audtable
12-28 06:28:44.275 D/ACDB-LOADER( 799): ACDB -> ACDB_CMD_GET_AUDPROC_INSTANCE_COMMON_TABLE_SIZE
12-28 06:28:44.275 D/ACDB-LOADER( 799): ACDB -> ACDB_CMD_GET_AUDPROC_INSTANCE_COMMON_TABLE
12-28 06:28:44.275 D/ACDB-LOADER( 799): ACDB -> AUDIO_SET_AUDPROC_CAL cal_type[11] acdb_id[15] app_type[69943]
12-28 06:28:44.275 D/ACDB-LOADER( 799): ACDB -> send_audvoltable
12-28 06:28:44.275 D/ACDB-LOADER( 799): ACDB -> ACDB_CMD_GET_AUDPROC_INSTANCE_GAIN_DEP_STEP_TABLE_SIZE
12-28 06:28:44.275 D/android.hardware.audio.service( 799): Failed to fetch the lookup information of the device 0000000F
12-28 06:28:44.276 D/ACDB-LOADER( 799): Error: ACDB_CMD_GET_AUDPROC_INSTANCE_GAIN_DEP_STEP_TABLE_SIZE Returned = -19
12-28 06:28:44.276 D/ACDB-LOADER( 799): ACDB -> ACDB_CMD_GET_AUDPROC_INSTANCE_GAIN_DEP_STEP_TABLE, vol index 0
12-28 06:28:44.276 D/android.hardware.audio.service( 799): Failed to fetch the lookup information of the device 0000000F
