12-28 06:28:43.456 D/PlatformConfig( 1210): getInstance: Enter
12-28 06:28:43.456 D/PlatformConfig( 1210): getInt32 Config name: vidc_dec_log_out value: 0
12-28 06:28:43.456 D/PlatformConfig( 1210): getInstance: Enter
12-28 06:28:43.456 D/PlatformConfig( 1210): getInt32 Config name: vidc_dec_sec_prefetch_size_internal value: 209715200
12-28 06:28:43.456 D/PlatformConfig( 1210): getInstance: Enter
12-28 06:28:43.456 D/PlatformConfig( 1210): getInt32 Config name: vidc_dec_sec_prefetch_size_output value: 13434880
12-28 06:28:43.456 D/PlatformConfig( 1210): getInstance: Enter
12-28 06:28:43.456 D/PlatformConfig( 1210): getInt32 Config name: vidc_perf_control_enable value: 0
12-28 06:28:43.456 D/PlatformConfig( 1210): getInstance: Enter
12-28 06:28:43.456 D/PlatformConfig( 1210): getInt32 Config name: vidc_dec_thumbnail_yuv_output value: 0
12-28 06:28:43.456 D/PlatformConfig( 1210): getInstance: Enter
12-28 06:28:43.456 D/PlatformConfig( 1210): getInt32: Returning default
12-28 06:28:43.456 D/PlatformConfig( 1210): getInstance: Enter
12-28 06:28:43.456 D/PlatformConfig( 1210): getInt32 Config name: vidc_dec_output_rate value: 120
12-28 06:28:43.456 I/OMX-VDEC-1080P( 1210): component_init: OMX.qcom.video.decoder.avc : fd=7
12-28 06:28:43.456 E/OMX-VDEC-1080P( 1210): Unsupported output color format for c2d (2141391876)
12-28 06:28:43.456 E/OMX-VDEC-1080P( 1210): Setting color format failed
01-05 08:30:19.498 I/msm_vidc( 0): high: 00000001: ....d: Opening video instance: 0000000000000000, 1
01-05 08:30:19.498 I/msm_vidc( 0): err : 00000001: ....d: Failed to create debugfs for msm_vidc
12-28 06:28:43.458 D/PlatformConfig( 1210): getInstance: Enter
12-28 06:28:43.458 D/PlatformConfig( 1210): getInt32: Returning default
12-28 06:28:43.458 D/PlatformConfig( 1210): getInstance: Enter
12-28 06:28:43.458 D/PlatformConfig( 1210): getInt32: Returning default
12-28 06:28:43.459 I/OMX-VDEC-1080P( 1210): omx_vdec::component_init() success : fd=7
12-28 06:28:43.460 E/OMX-VDEC-1080P( 1210): Extension: OMX.google.android.index.storeANWBufferInMetadata not implemented
12-28 06:28:43.460 E/OMX-VDEC-1080P( 1210): Extension: OMX.google.android.index.configureVideoTunnelMode not implemented
12-28 06:28:43.460 E/OMX-VDEC-1080P( 1210): Extension: OMX.google.android.index.useAndroidNativeBuffer is supported
12-28 06:28:43.460 E/OMX-VDEC-1080P( 1210): get_parameter: unknown param 7f000046
12-28 06:28:43.460 E/OMXNodeInstance( 1210): getParameter(0xe00c0014:qcom.decoder.avc, ??(0x7f000046)) ERROR: UnsupportedIndex(0x8000101a)
12-28 06:28:43.460 I/ExtendedACodec(30902): setupVideoDecoder()
12-28 06:28:43.460 I/OMX-VDEC-1080P( 1210): C2D: Set Resolution, Interlace(false) Conversion(0XB -> 0X3) src(1280X720) dest(1280X720)
12-28 06:28:43.461 I/ExtendedACodec(30902): Decoder will be in frame by frame mode
12-28 06:28:43.461 E/OMX-VDEC-1080P( 1210): Setparameter: unknown param 2130706434
12-28 06:28:43.461 E/OMX-VDEC-1080P( 1210): set_parameter: Error: 0x8000101a, setting param 0x7f000002
12-28 06:28:43.461 E/OMXNodeInstance( 1210): setParameter(0xe00c0014:qcom.decoder.avc, ??(0x7f000002)) ERROR: UnsupportedIndex(0x8000101a)
12-28 06:28:43.462 W/ExtendedACodec(30902): Failed to set frame packing format on component
12-28 06:28:43.462 E/OMXNodeInstance( 1210): getParameter(0xe00c0014:qcom.decoder.avc, ??(0x7f000044)) ERROR: UnsupportedSetting(0x80001019)
12-28 06:28:43.468 I/GameMode_ActivityMonitoringService( 2843): onTaskStackChanged
12-28 06:28:43.470 I/GameMode_ActivityMonitoringService( 2843): Updating top task to: TaskInfoContainer [topActivity=ComponentInfo{com.tencent.tmgp.sgame/com.tencent.tmgp.sgame.SGameActivity}, taskId=65, stackId=65, userId=0, displayId=0, position=7
12-28 06:28:43.470 I/GameMode_ActivityMonitoringService( 2843): Notifying about top task: TaskInfoContainer [topActivity=ComponentInfo{com.tencent.tmgp.sgame/com.tencent.tmgp.sgame.SGameActivity}, taskId=65, stackId=65, userId=0, displayId=0, position=7
12-28 06:28:43.470 E/GameMode_ActivityMonitoringService( 2843): onActivityLaunch:com.tencent.tmgp.sgame
12-28 06:28:43.470 V/GameMode_GameTypeUtils( 2843): judge isGame:com.tencent.tmgp.sgame
12-28 06:28:43.470 V/GameMode_GpuUtils( 2843): fps:60
12-28 06:28:43.471 W/ResourceManagerService( 1188): Ignoring request to add new resource entry with value <= 0
12-28 06:28:43.471 D/GameMode_GameModeActionUtils( 2843): Show GameMode entry by service!
12-28 06:28:43.472 I/PANDORAMEDIA(30902): reconfigure_codec_l:new ndk_codec: 0x7322cd18b0
12-28 06:28:43.472 I/PANDORAMEDIA(30902): VideoCodec: MediaCodec,
12-28 06:28:43.472 W/ContextImpl( 2843): Calling a method in the system process without a qualified user: android.app.ContextImpl.startService:1816 android.content.ContextWrapper.startService:774 com.thundercomm.gamemode.ingame.services.GameModeActionUtils.startGameModeService:99 com.thundercomm.gamemode.ingame.services.GameModeActionUtils.startGameModeEntry:22 com.thundercomm.gamemode.ingame.services.ActivityMonitoringService$1.onActivityLaunch:127
12-28 06:28:43.472 W/PANDORAMEDIA(30902): fps: 25.000000 (normal)
12-28 06:28:43.472 W/PANDORAMEDIA(30902): fps: 25.000000 (normal)
12-28 06:28:43.472 I/PANDORAMEDIA(30902): SDL_RunThread: [26032] ff_video_decode_thread
12-28 06:28:43.472 D/PANDORAMEDIA(30902): ijkmp_get_msg: FFP_MSG_PREPARED
12-28 06:28:43.472 D/GameModeIF_GameModeSettings( 2843): getUriFor setting_content_uri_root = content://com.thundercomm.gamemode.api/gamemode_settings , name = gamemode_isgaming
12-28 06:28:43.473 D/GameMode_GameModeService( 2843): type=show_entry
12-28 06:28:43.474 I/GameModeConfig( 1508): Current uri is uri = content://com.thundercomm.gamemode.api/gamemode_settings/gamemode_isgaming
12-28 06:28:43.474 D/GameModeIF_GameModeSettings( 1508): getUriFor setting_content_uri_root = content://com.thundercomm.gamemode.api/gamemode_settings , name = gamemode_isgaming
12-28 06:28:43.474 D/GameMode_GameSettingsObserver( 2843): Game Data change!!!! uri = content://com.thundercomm.gamemode.api/gamemode_settings/gamemode_isgaming
12-28 06:28:43.474 D/GameModeIF_GameModeSettings( 2843): getUriFor setting_content_uri_root = content://com.thundercomm.gamemode.api/gamemode_settings , name = gamemode_isgaming
12-28 06:28:43.474 I/PANDORAMEDIA(30902): SDL_RunThread: [26033] mediacodec_input_thread
12-28 06:28:43.474 D/GameModeIF_GameModeSettings( 2843): gamemode_isgaming set to 1
12-28 06:28:43.475 I/GameModeConfig( 1508): isGameModeOn = true
12-28 06:28:43.475 I/GameModeConfig( 1508): isGaming = true
12-28 06:28:43.475 I/GameModeConfig( 1508): isDisableNotification = true
12-28 06:28:43.475 I/GameModeConfig( 1508): isGameModeOn = true
12-28 06:28:43.475 I/GameModeConfig( 1508): isGaming = true
12-28 06:28:43.475 I/GameModeConfig( 1508): isDisableNotification = true
12-28 06:28:43.475 D/AF::TrackHandle( 988): OpPlayAudio: track:100 usage:1 not muted
12-28 06:28:43.475 D/AF::TrackHandle( 988): OpPlayAudio: track:74 usage:2 not muted
12-28 06:28:43.475 D/AF::TrackHandle( 988): OpPlayAudio: track:100 usage:1 not muted
12-28 06:28:43.475 D/AF::TrackHandle( 988): OpPlayAudio: track:74 usage:2 not muted
12-28 06:28:43.475 D/AF::TrackHandle( 988): OpPlayAudio: track:74 usage:2 not muted
12-28 06:28:43.475 D/AF::TrackHandle( 988): OpPlayAudio: track:100 usage:1 not muted
12-28 06:28:43.475 D/AF::TrackHandle( 988): OpPlayAudio: track:100 usage:1 not muted
12-28 06:28:43.475 D/AF::TrackHandle( 988): OpPlayAudio: track:100 usage:1 not muted
12-28 06:28:43.476 D/AF::TrackHandle( 988): OpPlayAudio: track:100 usage:1 not muted
12-28 06:28:43.476 D/AF::TrackHandle( 988): OpPlayAudio: track:100 usage:1 not muted
12-28 06:28:43.476 D/AF::TrackHandle( 988): OpPlayAudio: track:100 usage:1 not muted
12-28 06:28:43.476 D/AF::TrackHandle( 988): OpPlayAudio: track:100 usage:1 not muted
12-28 06:28:43.476 D/AF::TrackHandle( 988): OpPlayAudio: track:100 usage:1 not muted
12-28 06:28:43.476 D/AF::TrackHandle( 988): OpPlayAudio: track:100 usage:1 not muted
12-28 06:28:43.476 D/AF::TrackHandle( 988): OpPlayAudio: track:100 usage:1 not muted
12-28 06:28:43.476 D/AF::TrackHandle( 988): OpPlayAudio: track:100 usage:1 not muted
12-28 06:28:43.476 D/AF::TrackHandle( 988): OpPlayAudio: track:100 usage:1 not muted
12-28 06:28:43.477 D/AF::TrackHandle( 988): OpPlayAudio: track:74 usage:2 not muted
12-28 06:28:43.477 D/AF::TrackHandle( 988): OpPlayAudio: track:100 usage:1 not muted
12-28 06:28:43.477 D/AF::TrackHandle( 988): OpPlayAudio: track:74 usage:2 not muted
12-28 06:28:43.477 D/GameMode_GameModeService( 2843): updateGlobalSettings = gamemode_isgaming
12-28 06:28:43.477 D/AF::TrackHandle( 988): OpPlayAudio: track:100 usage:1 not muted
12-28 06:28:43.477 D/AF::TrackHandle( 988): OpPlayAudio: track:74 usage:2 not muted
12-28 06:28:43.477 D/AF::TrackHandle( 988): OpPlayAudio: track:74 usage:2 not muted
12-28 06:28:43.477 D/AF::TrackHandle( 988): OpPlayAudio: track:74 usage:2 not muted
12-28 06:28:43.477 D/AF::TrackHandle( 988): OpPlayAudio: track:74 usage:2 not muted
12-28 06:28:43.478 D/AF::TrackHandle( 988): OpPlayAudio: track:74 usage:2 not muted
12-28 06:28:43.478 D/AF::TrackHandle( 988): OpPlayAudio: track:74 usage:2 not muted
12-28 06:28:43.478 D/AF::TrackHandle( 988): OpPlayAudio: track:74 usage:2 not muted
12-28 06:28:43.478 D/AF::TrackHandle( 988): OpPlayAudio: track:74 usage:2 not muted
12-28 06:28:43.478 D/AF::TrackHandle( 988): OpPlayAudio: track:74 usage:2 not muted
12-28 06:28:43.478 D/AF::TrackHandle( 988): OpPlayAudio: track:74 usage:2 not muted
12-28 06:28:43.478 D/AF::TrackHandle( 988): OpPlayAudio: track:74 usage:2 not muted
12-28 06:28:43.487 I/OMX-VDEC-1080P( 1210): C2D: Start color convertion
12-28 06:28:43.488 W/C2DColorConvert( 1210): calcLumaAlign: unknown format (3) passed for luma alignment number.
12-28 06:28:43.488 I/OMX-VDEC-1080P( 1210): C2D: Start color convertion
12-28 06:28:43.488 E/OMXNodeInstance( 1210): getParameter(0xe00c0014:qcom.decoder.avc, ??(0x7f000044)) ERROR: UnsupportedSetting(0x80001019)
12-28 06:28:43.489 W/C2DColorConvert( 1210): calcLumaAlign: unknown format (3) passed for luma alignment number.
12-28 06:28:43.489 I/PANDORAMEDIA(30902): AMEDIACODEC__INFO_OUTPUT_FORMAT_CHANGED
12-28 06:28:43.489 I/PANDORAMEDIA(30902): width-height: (1280 x 720)
12-28 06:28:43.489 I/PANDORAMEDIA(30902): stride: (1280)
12-28 06:28:43.489 I/PANDORAMEDIA(30902): crop: (0, 0, 0, 0)
12-28 06:28:43.490 E/OMX-VDEC-1080P( 1210): Extension: OMX.QTI.index.config.video.getdsmode not implemented
12-28 06:28:43.490 D/PANDORAMEDIA(30902): SDL_VoutFFmpeg_CreateOverlay(w=1280, h=720, fmt=RV32(0x32335652, dp=0x72f2c364d0)
12-28 06:28:43.490 D/PANDORAMEDIA(30902): Video: first frame decoded
12-28 06:28:43.490 I/OMX-VDEC-1080P( 1210): C2D: Start color convertion
12-28 06:28:43.491 D/PANDORAMEDIA(30902): SDL_VoutFFmpeg_CreateOverlay(w=1280, h=720, fmt=RV32(0x32335652, dp=0x72f2c364d0)
12-28 06:28:43.493 W/C2DColorConvert( 1210): calcLumaAlign: unknown format (3) passed for luma alignment number.
12-28 06:28:43.493 I/OMX-VDEC-1080P( 1210): C2D: Start color convertion
12-28 06:28:43.493 W/C2DColorConvert( 1210): calcLumaAlign: unknown format (3) passed for luma alignment number.
12-28 06:28:43.493 I/OMX-VDEC-1080P( 1210): C2D: Start color convertion
12-28 06:28:43.494 W/C2DColorConvert( 1210): calcLumaAlign: unknown format (3) passed for luma alignment number.
12-28 06:28:43.494 I/OMX-VDEC-1080P( 1210): C2D: Start color convertion
12-28 06:28:43.494 W/C2DColorConvert( 1210): calcLumaAlign: unknown format (3) passed for luma alignment number.
12-28 06:28:43.494 I/OMX-VDEC-1080P( 1210): C2D: Start color convertion
12-28 06:28:43.495 W/C2DColorConvert( 1210): calcLumaAlign: unknown format (3) passed for luma alignment number.
12-28 06:28:43.495 I/OMX-VDEC-1080P( 1210): C2D: Start color convertion
12-28 06:28:43.497 W/C2DColorConvert( 1210): calcLumaAlign: unknown format (3) passed for luma alignment number.
12-28 06:28:43.497 I/OMX-VDEC-1080P( 1210): C2D: Start color convertion
12-28 06:28:43.497 D/PANDORAMEDIA(30902): SDL_VoutFFmpeg_CreateOverlay(w=1280, h=720, fmt=RV32(0x32335652, dp=0x72f2c364d0)
12-28 06:28:43.498 W/C2DColorConvert( 1210): calcLumaAlign: unknown format (3) passed for luma alignment number.
12-28 06:28:43.498 I/OMX-VDEC-1080P( 1210): C2D: Start color convertion
12-28 06:28:43.498 W/C2DColorConvert( 1210): calcLumaAlign: unknown format (3) passed for luma alignment number.
12-28 06:28:43.498 I/OMX-VDEC-1080P( 1210): C2D: Start color convertion
12-28 06:28:43.499 W/C2DColorConvert( 1210): calcLumaAlign: unknown format (3) passed for luma alignment number.
12-28 06:28:43.499 I/OMX-VDEC-1080P( 1210): C2D: Start color convertion
12-28 06:28:43.501 W/C2DColorConvert( 1210): calcLumaAlign: unknown format (3) passed for luma alignment number.
12-28 06:28:43.501 I/OMX-VDEC-1080P( 1210): C2D: Start color convertion
12-28 06:28:43.501 W/C2DColorConvert( 1210): calcLumaAlign: unknown format (3) passed for luma alignment number.
12-28 06:28:43.501 I/OMX-VDEC-1080P( 1210): C2D: Start color convertion
12-28 06:28:43.501 W/C2DColorConvert( 1210): calcLumaAlign: unknown format (3) passed for luma alignment number.
12-28 06:28:43.501 D/audio_hw_primary( 799): out_standby: enter: stream (0xec2064c0) usecase(12: audio-ull-playback)
12-28 06:28:43.502 D/audio_hw_primary( 799): out_standby: exit
12-28 06:28:43.505 D/audio_hw_primary( 799): start_output_stream: enter: stream(0xec2064c0)usecase(12: audio-ull-playback) devices(0x2) is_haptic_usecase(0)
12-28 06:28:43.505 D/audio_hw_primary( 799): select_devices for use case (audio-ull-playback)
12-28 06:28:43.505 I/msm8974_platform( 799): platform_check_and_set_codec_backend_cfg:becf: afe: bitwidth 16, samplerate 48000 channels 2, backend_idx 0 usecase = 12 device (speaker)
12-28 06:28:43.505 D/msm8974_platform( 799): platform_split_snd_device: snd_device(2) num devices(1) new_snd_devices(0)
12-28 06:28:43.505 I/msm8974_platform( 799): platform_check_and_set_codec_backend_cfg: new_snd_devices[0] is 2
12-28 06:28:43.505 I/msm8974_platform( 799): platform_check_codec_backend_cfg:becf: afe: bitwidth 16, samplerate 48000 channels 2, backend_idx 0 usecase = 12 device (speaker)
12-28 06:28:43.506 D/IL2CPP (30902): WalkStack, base address = 0x7187e82000.
12-28 06:28:43.506 I/Unity (30902): SGame VideoPlayer OnVideoPlayerBegin 5001PDR_ASSIGN_FIRST_TEXTURE, url = /storage/emulated/0/Android/data/com.tencent.tmgp.sgame/files/SplashRuntime/Video/LoginBg53.mp4, form = Form_Splash_New (Filename: .\artifacts/generated/Android/runtime/DebugBindings.gen.cpp Line: 51)
12-28 06:28:43.506 D/IL2CPP (30902): WalkStack, base address = 0x7187e82000.
12-28 06:28:43.506 I/Unity (30902): SGame VideoPlayer EnterPlayingState, url = /storage/emulated/0/Android/data/com.tencent.tmgp.sgame/files/SplashRuntime/Video/LoginBg53.mp4, form = Form_Splash_New (Filename: .\artifacts/generated/Android/runtime/DebugBindings.gen.cpp Line: 51)
12-28 06:28:43.506 I/OMX-VDEC-1080P( 1210): C2D: Start color convertion
12-28 06:28:43.507 D/audio_hw_extn( 799): audio_extn_enable_hifi_filter: mixer_value set 0
12-28 06:28:43.507 D/msm8974_platform( 799): platform_check_codec_backend_cfg:becf: updated afe: bitwidth 16, samplerate 48000 channels 2,backend_idx 0 usecase = 12 device (speaker)
12-28 06:28:43.507 D/msm8974_platform( 799): platform_check_codec_backend_cfg:becf: afe: playback on codec device not supporting native playback set default Sample Rate(48k)
12-28 06:28:43.507 I/msm8974_platform( 799): platform_check_codec_backend_cfg:becf: afe: Codec selected backend: 0 updated bit width: 16 and sample rate: 48000
12-28 06:28:43.507 D/audio_hw_primary( 799): check_usecases_codec_backend:becf: force routing 0
12-28 06:28:43.507 E/msm8974_platform( 799): platform_check_backends_match: Invalid snd_device =
12-28 06:28:43.507 D/audio_hw_primary( 799): check_usecases_codec_backend:becf: (78) check_usecases curr device: speaker, usecase device: backends match 0
12-28 06:28:43.507 D/audio_hw_primary( 799): check_usecases_codec_backend:becf: check_usecases num.of Usecases to switch 0
12-28 06:28:43.507 D/hardware_info( 799): hw_info_append_hw_type : device_name = speaker
12-28 06:28:43.507 D/msm8974_platform( 799): platform_split_snd_device: snd_device(2) num devices(0) new_snd_devices(0)
12-28 06:28:43.507 D/audio_hw_primary( 799): enable_snd_device: snd_device(2: speaker)
12-28 06:28:43.507 D/msm8974_platform( 799): platform_get_island_cfg_on_device:island cfg status on snd_device = (speaker 0)
12-28 06:28:43.507 I/soundtrigger( 799): audio_extn_sound_trigger_update_device_status: device 0x2 of type 0 for Event 1, with Raise=0
12-28 06:28:43.508 D/audio_route( 799): Apply path: speaker
12-28 06:28:43.508 I/audio_hw_utils( 799): audio_extn_utils_update_stream_output_app_type_cfg Allowing 24 and above bits playback on speaker ONLY at default sampling rate
12-28 06:28:43.508 E/soundtrigger( 799): audio_extn_sound_trigger_update_stream_status: invalid input device 0x0, for event 3
12-28 06:28:43.508 D/soundtrigger( 799): audio_extn_sound_trigger_update_stream_status: uc_info->id 12 of type 0 for Event 3, with Raise=0
12-28 06:28:43.508 D/audio_hw_utils( 799): audio_extn_utils_send_app_type_cfg: usecase->out_snd_device speaker
12-28 06:28:43.508 D/msm8974_platform( 799): platform_split_snd_device: snd_device(2) num devices(0) new_snd_devices(0)
12-28 06:28:43.508 I/audio_hw_utils( 799): ULL doesnt need sending app type cfg, returning
12-28 06:28:43.508 D/msm8974_platform( 799): platform_split_snd_device: snd_device(2) num devices(1) new_snd_devices(0)
12-28 06:28:43.508 D/audio_hw_utils( 799): audio_extn_btsco_get_sample_rate:Not a BT SCO device, need not update sampling rate
12-28 06:28:43.508 D/ACDB-LOADER( 799): ACDB -> send_audio_cal, acdb_id = 15, path = 0, app id = 0x11137, sample rate = 48000, afe_sample_rate = 48000
12-28 06:28:43.508 D/ACDB-LOADER( 799): ACDB -> send_asm_topology
12-28 06:28:43.508 D/ACDB-LOADER( 799): ACDB -> ACDB_CMD_GET_AUDPROC_STREAM_TOPOLOGY_ID
12-28 06:28:43.508 D/ACDB-LOADER( 799): ACDB -> send_adm_topology
12-28 06:28:43.508 D/ACDB-LOADER( 799): ACDB -> ACDB_CMD_GET_AUDPROC_COMMON_TOPOLOGY_ID
12-28 06:28:43.508 D/ACDB-LOADER( 799): ACDB -> send_audtable
12-28 06:28:43.508 D/ACDB-LOADER( 799): ACDB -> ACDB_CMD_GET_AUDPROC_INSTANCE_COMMON_TABLE_SIZE
12-28 06:28:43.508 D/ACDB-LOADER( 799): ACDB -> ACDB_CMD_GET_AUDPROC_INSTANCE_COMMON_TABLE
12-28 06:28:43.508 D/ACDB-LOADER( 799): ACDB -> AUDIO_SET_AUDPROC_CAL cal_type[11] acdb_id[15] app_type[69943]
12-28 06:28:43.508 D/ACDB-LOADER( 799): ACDB -> send_audvoltable
12-28 06:28:43.508 D/ACDB-LOADER( 799): ACDB -> ACDB_CMD_GET_AUDPROC_INSTANCE_GAIN_DEP_STEP_TABLE_SIZE
12-28 06:28:43.508 D/android.hardware.audio.service( 799): Failed to fetch the lookup information of the device 0000000F
12-28 06:28:43.508 D/ACDB-LOADER( 799): Error: ACDB_CMD_GET_AUDPROC_INSTANCE_GAIN_DEP_STEP_TABLE_SIZE Returned = -19
12-28 06:28:43.508 D/ACDB-LOADER( 799): ACDB -> ACDB_CMD_GET_AUDPROC_INSTANCE_GAIN_DEP_STEP_TABLE, vol index 0
12-28 06:28:43.508 D/android.hardware.audio.service( 799): Failed to fetch the lookup information of the device 0000000F
12-28 06:28:43.508 D/ACDB-LOADER( 799): Error: ACDB AudProc vol returned = -19
12-28 06:28:43.508 D/ACDB-LOADER( 799): ACDB -> AUDIO_SET_VOL_CAL cal type = 12
12-28 06:28:43.508 D/ACDB-LOADER( 799): ACDB -> ACDB_CMD_GET_AUDPROC_INSTANCE_STREAM_TABLE_SIZE
12-28 06:28:43.508 D/ACDB-LOADER( 799): ACDB -> send_audstrmtable
12-28 06:28:43.508 D/ACDB-LOADER( 799): ACDB -> ACDB_CMD_GET_AUDPROC_INSTANCE_STREAM_TABLE
12-28 06:28:43.508 D/ACDB-LOADER( 799): ACDB -> audstrm_cal->cal_type.cal_data.cal_size = 20
12-28 06:28:43.508 D/ACDB-LOADER( 799): ACDB -> send_afe_topology
12-28 06:28:43.508 D/ACDB-LOADER( 799): ACDB -> ACDB_CMD_GET_AFE_TOPOLOGY_ID
12-28 06:28:43.508 D/ACDB-LOADER( 799): ACDB -> GET_AFE_TOPOLOGY_ID for adcd_id 15, Topology Id 112fc
12-28 06:28:43.508 D/ACDB-LOADER( 799): ACDB -> send_afe_cal
12-28 06:28:43.508 D/ACDB-LOADER( 799): ACDB -> ACDB_CMD_GET_AFE_INSTANCE_COMMON_TABLE_SIZE
12-28 06:28:43.508 D/android.hardware.audio.service( 799): Failed to fetch the lookup information of the device 0000000F
12-28 06:28:43.508 D/ACDB-LOADER( 799): Error: ACDB_CMD_GET_AFE_INSTANCE_COMMON_TABLE_SIZE Returned = -19
12-28 06:28:43.508 D/ACDB-LOADER( 799): ACDB -> ACDB_CMD_GET_AFE_INSTANCE_COMMON_TABLE
12-28 06:28:43.508 D/android.hardware.audio.service( 799): Failed to fetch the lookup information of the device 0000000F
12-28 06:28:43.508 D/ACDB-LOADER( 799): Error: ACDB AFE returned = -19
12-28 06:28:43.508 D/ACDB-LOADER( 799): ACDB -> AUDIO_SET_AFE_CAL cal_type[16] acdb_id[15]
12-28 06:28:43.508 D/ACDB-LOADER( 799): ACDB -> send_hw_delay : acdb_id = 15 path = 0
12-28 06:28:43.508 D/ACDB-LOADER( 799): ACDB -> ACDB_AVSYNC_INFO: ACDB_CMD_GET_DEVICE_PROPERTY
12-28 06:28:43.508 D/msm8974_platform( 799): platform_split_snd_device: snd_device(2) num devices(0) new_snd_devices(0)
12-28 06:28:43.508 I/msm8974_platform( 799): platform_get_custom_mtmx_params: no matching param with id 0 ip_ch 2 op_ch 2 uc_id 12 snd_dev 2
12-28 06:28:43.508 D/audio_hw_primary( 799): enable_audio_route: apply mixer and update path: audio-ull-playback
12-28 06:28:43.508 D/audio_route( 799): Apply path: audio-ull-playback
12-28 06:28:43.509 W/C2DColorConvert( 1210): calcLumaAlign: unknown format (3) passed for luma alignment number.
12-28 06:28:43.509 D/audio_hw_primary( 799): select_devices: done
12-28 06:28:43.509 D/msm8974_platform( 799): platform_set_channel_map mixer_ctl_name:Playback Channel Map13
12-28 06:28:43.509 D/msm8974_platform( 799): platform_set_channel_map: set mapping(1 2 0 0 0 0 0 0) for channel:2
12-28 06:28:43.509 E/msm8974_platform( 799): platform_set_channel_map: Could not set ctl, error:-22 ch_count:2
01-05 08:30:19.552 I/ ( 0): snd_pcm_hw_constraint_integer failed
01-05 08:30:19.552 I/msm_pcm_open( 0): P buffer bytes minmax constraint ret 1
01-05 08:30:19.552 E/set_cps_config( 0): get_wsa_dev_num is NULL
12-28 06:28:43.513 W/InputManager-JNI( 1508): Input channel object 'ec1c617 SnapshotStartingWindow for taskId=65 (client)' was disposed without first being removed with the input manager!
01-05 08:30:19.558 I/__afe_port_start( 0): port id: 0xb000
01-05 08:30:19.558 I/afe_find_cal_topo_id_by_port( 0): port id: 0xb000, dev_acdb_id: 0
01-05 08:30:19.558 I/afe_find_cal_topo_id_by_port( 0): top_id:112fc acdb_id:15 afe_port:0xb000
01-05 08:30:19.558 I/afe_get_cal_topology_id( 0): port_id = 0xb000 acdb_id = 15 topology_id = 0x112fc cal_type_index=8 ret=0
01-05 08:30:19.558 E/afe_callback( 0): cmd = 0x100fa returned error = 0x2
01-05 08:30:19.558 E/afe_apr_send_pkt( 0): DSP returned error[ADSP_EBADPARAM]
01-05 08:30:19.558 E/afe_send_port_topology_id( 0): AFE set topology id enable for port 0xb000 failed -22
01-05 08:30:19.558 I/afe_send_port_topology_id( 0): AFE set topology id 0x112fc enable for port 0xb000 ret -22
01-05 08:30:19.558 I/send_afe_cal_type( 0): cal_index is 0
01-05 08:30:19.558 I/send_afe_cal_type( 0): dev_acdb_id[162] is 0
01-05 08:30:19.558 I/send_afe_cal_type( 0): Sending cal_index cal 0
01-05 08:30:19.558 E/send_afe_cal_type( 0): No cal sent for cal_index 0, port_id = 0xb000! ret -22
01-05 08:30:19.558 I/afe_send_hw_delay( 0): port_id 0xb000 rate 48000 delay_usec 474 status 0
01-05 08:30:19.559 E/afe_callback( 0): cmd = 0x100fa returned error = 0x2
01-05 08:30:19.559 E/afe_apr_send_pkt( 0): DSP returned error[ADSP_EBADPARAM]
01-05 08:30:19.559 E/__afe_port_start( 0): AFE enable for port 0xb000 failed -22
01-05 08:30:19.559 E/msm-dai-cdc-dma-dev soc( 0): qcom,msm-dai-cdc-dma:qcom,msm-dai-wsa-cdc-dma-0-rx: fail to open AFE port 0xb000
01-05 08:30:19.559 E/msm-dai-cdc-dma-dev soc( 0): qcom,msm-dai-cdc-dma:qcom,msm-dai-wsa-cdc-dma-0-rx: ASoC: cpu DAI prepare error: -22
01-05 08:30:19.559 E/soc_pcm_prepare( 0): Issue stop stream for codec_dai due to op failure -22 = ret
12-28 06:28:43.517 E/audio_hw_primary( 799): pcm_open_prepare_helper: pcm_prepare returned -1
01-05 08:30:19.559 E/WSA_CDC_DMA_RX_0( 0): ASoC: backend prepare failed -22
12-28 06:28:43.522 D/audio_hw_primary( 799): disable_audio_route: reset and update mixer path: audio-ull-playback
12-28 06:28:43.522 E/soundtrigger( 799): audio_extn_sound_trigger_update_stream_status: invalid input device 0x0, for event 2
12-28 06:28:43.522 D/soundtrigger( 799): audio_extn_sound_trigger_update_stream_status: uc_info->id 12 of type 0 for Event 2, with Raise=0
12-28 06:28:43.522 D/msm8974_platform( 799): platform_split_snd_device: snd_device(2) num devices(0) new_snd_devices(0)
12-28 06:28:43.522 I/msm8974_platform( 799): platform_get_custom_mtmx_params: no matching param with id 0 ip_ch 2 op_ch 2 uc_id 12 snd_dev 2
12-28 06:28:43.522 D/hardware_info( 799): hw_info_append_hw_type : device_name = speaker
12-28 06:28:43.522 D/audio_hw_primary( 799): disable_snd_device: snd_device(2: speaker)
12-28 06:28:43.522 D/msm8974_platform( 799): platform_split_snd_device: snd_device(2) num devices(0) new_snd_devices(0)
12-28 06:28:43.522 I/soundtrigger( 799): audio_extn_sound_trigger_update_device_status: device 0x2 of type 0 for Event 0, with Raise=0
12-28 06:28:43.540 I/OMX-VDEC-1080P( 1210): C2D: Start color convertion
12-28 06:28:43.541 W/C2DColorConvert( 1210): calcLumaAlign: unknown format (3) passed for luma alignment number.
12-28 06:28:43.572 D/audio_hw_primary( 799): out_standby: enter: stream (0xec2064c0) usecase(12: audio-ull-playback)
12-28 06:28:43.572 D/audio_hw_primary( 799): out_standby: exit
12-28 06:28:43.575 D/audio_hw_primary( 799): start_output_stream: enter: stream(0xec2064c0)usecase(12: audio-ull-playback) devices(0x2) is_haptic_usecase(0)
12-28 06:28:43.576 D/audio_hw_primary( 799): select_devices for use case (audio-ull-playback)
12-28 06:28:43.576 I/msm8974_platform( 799): platform_check_and_set_codec_backend_cfg:becf: afe: bitwidth 16, samplerate 48000 channels 2, backend_idx 0 usecase = 12 device (speaker)
12-28 06:28:43.576 D/msm8974_platform( 799): platform_split_snd_device: snd_device(2) num devices(1) new_snd_devices(0)
12-28 06:28:43.576 I/msm8974_platform( 799): platform_check_and_set_codec_backend_cfg: new_snd_devices[0] is 2
12-28 06:28:43.576 I/msm8974_platform( 799): platform_check_codec_backend_cfg:becf: afe: bitwidth 16, samplerate 48000 channels 2, backend_idx 0 usecase = 12 device (speaker)
12-28 06:28:43.577 D/audio_hw_extn( 799): audio_extn_enable_hifi_filter: mixer_value set 0
12-28 06:28:43.577 D/msm8974_platform( 799): platform_check_codec_backend_cfg:becf: updated afe: bitwidth 16, samplerate 48000 channels 2,backend_idx 0 usecase = 12 device (speaker)
12-28 06:28:43.577 D/msm8974_platform( 799): platform_check_codec_backend_cfg:becf: afe: playback on codec device not supporting native playback set default Sample Rate(48k)
12-28 06:28:43.577 I/msm8974_platform( 799): platform_check_codec_backend_cfg:becf: afe: Codec selected backend: 0 updated bit width: 16 and sample rate: 48000
12-28 06:28:43.577 D/audio_hw_primary( 799): check_usecases_codec_backend:becf: force routing 0
12-28 06:28:43.577 E/msm8974_platform( 799): platform_check_backends_match: Invalid snd_device =
12-28 06:28:43.577 D/audio_hw_primary( 799): check_usecases_codec_backend:becf: (78) check_usecases curr device: speaker, usecase device: backends match 0
12-28 06:28:43.577 D/audio_hw_primary( 799): check_usecases_codec_backend:becf: check_usecases num.of Usecases to switch 0
12-28 06:28:43.577 D/hardware_info( 799): hw_info_append_hw_type : device_name = speaker
12-28 06:28:43.577 D/msm8974_platform( 799): platform_split_snd_device: snd_device(2) num devices(0) new_snd_devices(0)
12-28 06:28:43.577 D/audio_hw_primary( 799): enable_snd_device: snd_device(2: speaker)
12-28 06:28:43.577 D/msm8974_platform( 799): platform_get_island_cfg_on_device:island cfg status on snd_device = (speaker 0)
12-28 06:28:43.577 I/soundtrigger( 799): audio_extn_sound_trigger_update_device_status: device 0x2 of type 0 for Event 1, with Raise=0
12-28 06:28:43.577 D/audio_route( 799): Apply path: speaker
12-28 06:28:43.577 I/audio_hw_utils( 799): audio_extn_utils_update_stream_output_app_type_cfg Allowing 24 and above bits playback on speaker ONLY at default sampling rate
12-28 06:28:43.577 E/soundtrigger( 799): audio_extn_sound_trigger_update_stream_status: invalid input device 0x0, for event 3
12-28 06:28:43.577 D/soundtrigger( 799): audio_extn_sound_trigger_update_stream_status: uc_info->id 12 of type 0 for Event 3, with Raise=0
12-28 06:28:43.577 D/audio_hw_utils( 799): audio_extn_utils_send_app_type_cfg: usecase->out_snd_device speaker
12-28 06:28:43.577 D/msm8974_platform( 799): platform_split_snd_device: snd_device(2) num devices(0) new_snd_devices(0)
12-28 06:28:43.577 I/audio_hw_utils( 799): ULL doesnt need sending app type cfg, returning
12-28 06:28:43.577 D/msm8974_platform( 799): platform_split_snd_device: snd_device(2) num devices(1) new_snd_devices(0)
12-28 06:28:43.577 D/audio_hw_utils( 799): audio_extn_btsco_get_sample_rate:Not a BT SCO device, need not update sampling rate
12-28 06:28:43.577 D/ACDB-LOADER( 799): ACDB -> send_audio_cal, acdb_id = 15, path = 0, app id = 0x11137, sample rate = 48000, afe_sample_rate = 48000
12-28 06:28:43.577 D/ACDB-LOADER( 799): ACDB -> send_asm_topology
12-28 06:28:43.577 D/ACDB-LOADER( 799): ACDB -> ACDB_CMD_GET_AUDPROC_STREAM_TOPOLOGY_ID
12-28 06:28:43.577 D/ACDB-LOADER( 799): ACDB -> send_adm_topology
12-28 06:28:43.577 D/ACDB-LOADER( 799): ACDB -> ACDB_CMD_GET_AUDPROC_COMMON_TOPOLOGY_ID
12-28 06:28:43.577 D/ACDB-LOADER( 799): ACDB -> send_audtable
12-28 06:28:43.577 D/ACDB-LOADER( 799): ACDB -> ACDB_CMD_GET_AUDPROC_INSTANCE_COMMON_TABLE_SIZE
12-28 06:28:43.577 D/ACDB-LOADER( 799): ACDB -> ACDB_CMD_GET_AUDPROC_INSTANCE_COMMON_TABLE
12-28 06:28:43.577 D/ACDB-LOADER( 799): ACDB -> AUDIO_SET_AUDPROC_CAL cal_type[11] acdb_id[15] app_type[69943]
12-28 06:28:43.577 D/ACDB-LOADER( 799): ACDB -> send_audvoltable
12-28 06:28:43.577 D/ACDB-LOADER( 799): ACDB -> ACDB_CMD_GET_AUDPROC_INSTANCE_GAIN_DEP_STEP_TABLE_SIZE
12-28 06:28:43.577 D/android.hardware.audio.service( 799): Failed to fetch the lookup information of the device 0000000F
12-28 06:28:43.577 D/ACDB-LOADER( 799): Error: ACDB_CMD_GET_AUDPROC_INSTANCE_GAIN_DEP_STEP_TABLE_SIZE Returned = -19
12-28 06:28:43.577 D/ACDB-LOADER( 799): ACDB -> ACDB_CMD_GET_AUDPROC_INSTANCE_GAIN_DEP_STEP_TABLE, vol index 0
12-28 06:28:43.577 D/android.hardware.audio.service( 799): Failed to fetch the lookup information of the device 0000000F
12-28 06:28:43.577 D/ACDB-LOADER( 799): Error: ACDB AudProc vol returned = -19
12-28 06:28:43.577 D/ACDB-LOADER( 799): ACDB -> AUDIO_SET_VOL_CAL cal type = 12
12-28 06:28:43.577 D/ACDB-LOADER( 799): ACDB -> ACDB_CMD_GET_AUDPROC_INSTANCE_STREAM_TABLE_SIZE
12-28 06:28:43.577 D/ACDB-LOADER( 799): ACDB -> send_audstrmtable
12-28 06:28:43.577 D/ACDB-LOADER( 799): ACDB -> ACDB_CMD_GET_AUDPROC_INSTANCE_STREAM_TABLE
12-28 06:28:43.577 D/ACDB-LOADER( 799): ACDB -> audstrm_cal->cal_type.cal_data.cal_size = 20
12-28 06:28:43.577 D/ACDB-LOADER( 799): ACDB -> send_afe_topology
12-28 06:28:43.577 D/ACDB-LOADER( 799): ACDB -> ACDB_CMD_GET_AFE_TOPOLOGY_ID
12-28 06:28:43.577 D/ACDB-LOADER( 799): ACDB -> GET_AFE_TOPOLOGY_ID for adcd_id 15, Topology Id 112fc
12-28 06:28:43.577 D/ACDB-LOADER( 799): ACDB -> send_afe_cal
12-28 06:28:43.577 D/ACDB-LOADER( 799): ACDB -> ACDB_CMD_GET_AFE_INSTANCE_COMMON_TABLE_SIZE
12-28 06:28:43.577 D/android.hardware.audio.service( 799): Failed to fetch the lookup information of the device 0000000F
12-28 06:28:43.577 D/ACDB-LOADER( 799): Error: ACDB_CMD_GET_AFE_INSTANCE_COMMON_TABLE_SIZE Returned = -19
12-28 06:28:43.577 D/ACDB-LOADER( 799): ACDB -> ACDB_CMD_GET_AFE_INSTANCE_COMMON_TABLE
12-28 06:28:43.577 D/android.hardware.audio.service( 799): Failed to fetch the lookup information of the device 0000000F
12-28 06:28:43.577 D/ACDB-LOADER( 799): Error: ACDB AFE returned = -19
12-28 06:28:43.577 D/ACDB-LOADER( 799): ACDB -> AUDIO_SET_AFE_CAL cal_type[16] acdb_id[15]
12-28 06:28:43.577 D/ACDB-LOADER( 799): ACDB -> send_hw_delay : acdb_id = 15 path = 0
12-28 06:28:43.577 D/ACDB-LOADER( 799): ACDB -> ACDB_AVSYNC_INFO: ACDB_CMD_GET_DEVICE_PROPERTY
12-28 06:28:43.578 D/msm8974_platform( 799): platform_split_snd_device: snd_device(2) num devices(0) new_snd_devices(0)
12-28 06:28:43.578 I/msm8974_platform( 799): platform_get_custom_mtmx_params: no matching param with id 0 ip_ch 2 op_ch 2 uc_id 12 snd_dev 2
12-28 06:28:43.578 D/audio_hw_primary( 799): enable_audio_route: apply mixer and update path: audio-ull-playback
12-28 06:28:43.578 D/audio_route( 799): Apply path: audio-ull-playback
12-28 06:28:43.578 D/audio_hw_primary( 799): select_devices: done
12-28 06:28:43.578 D/msm8974_platform( 799): platform_set_channel_map mixer_ctl_name:Playback Channel Map13
12-28 06:28:43.578 D/msm8974_platform( 799): platform_set_channel_map: set mapping(1 2 0 0 0 0 0 0) for channel:2
12-28 06:28:43.578 E/msm8974_platform( 799): platform_set_channel_map: Could not set ctl, error:-22 ch_count:2
01-05 08:30:19.621 I/ ( 0): snd_pcm_hw_constraint_integer failed
01-05 08:30:19.621 I/msm_pcm_open( 0): P buffer bytes minmax constraint ret 1
01-05 08:30:19.621 E/set_cps_config( 0): get_wsa_dev_num is NULL
12-28 06:28:43.581 I/OMX-VDEC-1080P( 1210): C2D: Start color convertion
12-28 06:28:43.582 W/C2DColorConvert( 1210): calcLumaAlign: unknown format (3) passed for luma alignment number.
12-28 06:28:43.582 I/OMX-VDEC-1080P( 1210): C2D: Start color convertion
12-28 06:28:43.582 W/C2DColorConvert( 1210): calcLumaAlign: unknown format (3) passed for luma alignment number.
12-28 06:28:43.587 E/audio_hw_primary( 799): pcm_open_prepare_helper: pcm_prepare returned -1
01-05 08:30:19.628 I/__afe_port_start( 0): port id: 0xb000
01-05 08:30:19.628 I/afe_find_cal_topo_id_by_port( 0): port id: 0xb000, dev_acdb_id: 0
01-05 08:30:19.628 I/afe_find_cal_topo_id_by_port( 0): top_id:112fc acdb_id:15 afe_port:0xb000
01-05 08:30:19.628 I/afe_get_cal_topology_id( 0): port_id = 0xb000 acdb_id = 15 topology_id = 0x112fc cal_type_index=8 ret=0
01-05 08:30:19.628 E/afe_callback( 0): cmd = 0x100fa returned error = 0x2
01-05 08:30:19.628 E/afe_apr_send_pkt( 0): DSP returned error[ADSP_EBADPARAM]
01-05 08:30:19.628 E/afe_send_port_topology_id( 0): AFE set topology id enable for port 0xb000 failed -22
01-05 08:30:19.628 I/afe_send_port_topology_id( 0): AFE set topology id 0x112fc enable for port 0xb000 ret -22
01-05 08:30:19.628 I/send_afe_cal_type( 0): cal_index is 0
01-05 08:30:19.628 I/send_afe_cal_type( 0): dev_acdb_id[162] is 0
01-05 08:30:19.628 I/send_afe_cal_type( 0): Sending cal_index cal 0
01-05 08:30:19.628 E/send_afe_cal_type( 0): No cal sent for cal_index 0, port_id = 0xb000! ret -22
01-05 08:30:19.628 I/afe_send_hw_delay( 0): port_id 0xb000 rate 48000 delay_usec 474 status 0
01-05 08:30:19.628 E/afe_callback( 0): cmd = 0x100fa returned error = 0x2
01-05 08:30:19.628 E/afe_apr_send_pkt( 0): DSP returned error[ADSP_EBADPARAM]
01-05 08:30:19.628 E/__afe_port_start( 0): AFE enable for port 0xb000 failed -22
01-05 08:30:19.628 E/msm-dai-cdc-dma-dev soc( 0): qcom,msm-dai-cdc-dma:qcom,msm-dai-wsa-cdc-dma-0-rx: fail to open AFE port 0xb000
01-05 08:30:19.628 E/msm-dai-cdc-dma-dev soc( 0): qcom,msm-dai-cdc-dma:qcom,msm-dai-wsa-cdc-dma-0-rx: ASoC: cpu DAI prepare error: -22
01-05 08:30:19.628 E/soc_pcm_prepare( 0): Issue stop stream for codec_dai due to op failure -22 = ret
01-05 08:30:19.629 E/WSA_CDC_DMA_RX_0( 0): ASoC: backend prepare failed -22
12-28 06:28:43.591 D/audio_hw_primary( 799): disable_audio_route: reset and update mixer path: audio-ull-playback
12-28 06:28:43.592 E/soundtrigger( 799): audio_extn_sound_trigger_update_stream_status: invalid input device 0x0, for event 2
12-28 06:28:43.592 D/soundtrigger( 799): audio_extn_sound_trigger_update_stream_status: uc_info->id 12 of type 0 for Event 2, with Raise=0
12-28 06:28:43.592 D/msm8974_platform( 799): platform_split_snd_device: snd_device(2) num devices(0) new_snd_devices(0)
12-28 06:28:43.592 I/msm8974_platform( 799): platform_get_custom_mtmx_params: no matching param with id 0 ip_ch 2 op_ch 2 uc_id 12 snd_dev 2
12-28 06:28:43.592 D/hardware_info( 799): hw_info_append_hw_type : device_name = speaker
12-28 06:28:43.592 D/audio_hw_primary( 799): disable_snd_device: snd_device(2: speaker)
12-28 06:28:43.592 D/msm8974_platform( 799): platform_split_snd_device: snd_device(2) num devices(0) new_snd_devices(0)
12-28 06:28:43.592 I/soundtrigger( 799): audio_extn_sound_trigger_update_device_status: device 0x2 of type 0 for Event 0, with Raise=0
12-28 06:28:43.631 I/auditd ( 0): type=1400 audit(0.0:18872): avc: denied { kill } for comm="swapper/2" capability=5 scontext=u:r:kernel:s0 tcontext=u:r:kernel:s0 tclass=capability permissive=0
12-28 06:28:43.631 W/swapper/2( 0): type=1400 audit(0.0:18872): avc: denied { kill } for capability=5 scontext=u:r:kernel:s0 tcontext=u:r:kernel:s0 tclass=capability permissive=0
12-28 06:28:43.642 D/audio_hw_primary( 799): out_standby: enter: stream (0xec2064c0) usecase(12: audio-ull-playback)
12-28 06:28:43.642 D/audio_hw_primary( 799): out_standby: exit
12-28 06:28:43.645 D/audio_hw_primary( 799): start_output_stream: enter: stream(0xec2064c0)usecase(12: audio-ull-playback) devices(0x2) is_haptic_usecase(0)
12-28 06:28:43.645 D/audio_hw_primary( 799): select_devices for use case (audio-ull-playback)
12-28 06:28:43.645 I/msm8974_platform( 799): platform_check_and_set_codec_backend_cfg:becf: afe: bitwidth 16, samplerate 48000 channels 2, backend_idx 0 usecase = 12 device (speaker)
12-28 06:28:43.645 D/msm8974_platform( 799): platform_split_snd_device: snd_device(2) num devices(1) new_snd_devices(0)
12-28 06:28:43.645 I/msm8974_platform( 799): platform_check_and_set_codec_backend_cfg: new_snd_devices[0] is 2
12-28 06:28:43.645 I/msm8974_platform( 799): platform_check_codec_backend_cfg:becf: afe: bitwidth 16, samplerate 48000 channels 2, backend_idx 0 usecase = 12 device (speaker)
12-28 06:28:43.647 D/audio_hw_extn( 799): audio_extn_enable_hifi_filter: mixer_value set 0
12-28 06:28:43.647 D/msm8974_platform( 799): platform_check_codec_backend_cfg:becf: updated afe: bitwidth 16, samplerate 48000 channels 2,backend_idx 0 usecase = 12 device (speaker)
12-28 06:28:43.647 D/msm8974_platform( 799): platform_check_codec_backend_cfg:becf: afe: playback on codec device not supporting native playback set default Sample Rate(48k)
12-28 06:28:43.647 I/msm8974_platform( 799): platform_check_codec_backend_cfg:becf: afe: Codec selected backend: 0 updated bit width: 16 and sample rate: 48000
12-28 06:28:43.647 D/audio_hw_primary( 799): check_usecases_codec_backend:becf: force routing 0
12-28 06:28:43.647 E/msm8974_platform( 799): platform_check_backends_match: Invalid snd_device =
12-28 06:28:43.647 D/audio_hw_primary( 799): check_usecases_codec_backend:becf: (78) check_usecases curr device: speaker, usecase device: backends match 0
12-28 06:28:43.647 D/audio_hw_primary( 799): check_usecases_codec_backend:becf: check_usecases num.of Usecases to switch 0
12-28 06:28:43.647 D/hardware_info( 799): hw_info_append_hw_type : device_name = speaker
12-28 06:28:43.647 D/msm8974_platform( 799): platform_split_snd_device: snd_device(2) num devices(0) new_snd_devices(0)
12-28 06:28:43.647 D/audio_hw_primary( 799): enable_snd_device: snd_device(2: speaker)
12-28 06:28:43.647 D/msm8974_platform( 799): platform_get_island_cfg_on_device:island cfg status on snd_device = (speaker 0)
12-28 06:28:43.647 I/soundtrigger( 799): audio_extn_sound_trigger_update_device_status: device 0x2 of type 0 for Event 1, with Raise=0
12-28 06:28:43.647 D/audio_route( 799): Apply path: speaker
12-28 06:28:43.647 I/audio_hw_utils( 799): audio_extn_utils_update_stream_output_app_type_cfg Allowing 24 and above bits playback on speaker ONLY at default sampling rate
12-28 06:28:43.647 E/soundtrigger( 799): audio_extn_sound_trigger_update_stream_status: invalid input device 0x0, for event 3
12-28 06:28:43.647 D/soundtrigger( 799): audio_extn_sound_trigger_update_stream_status: uc_info->id 12 of type 0 for Event 3, with Raise=0
12-28 06:28:43.647 D/audio_hw_utils( 799): audio_extn_utils_send_app_type_cfg: usecase->out_snd_device speaker
12-28 06:28:43.647 D/msm8974_platform( 799): platform_split_snd_device: snd_device(2) num devices(0) new_snd_devices(0)
12-28 06:28:43.647 I/audio_hw_utils( 799): ULL doesnt need sending app type cfg, returning
12-28 06:28:43.647 D/msm8974_platform( 799): platform_split_snd_device: snd_device(2) num devices(1) new_snd_devices(0)
12-28 06:28:43.647 D/audio_hw_utils( 799): audio_extn_btsco_get_sample_rate:Not a BT SCO device, need not update sampling rate
12-28 06:28:43.647 D/ACDB-LOADER( 799): ACDB -> send_audio_cal, acdb_id = 15, path = 0, app id = 0x11137, sample rate = 48000, afe_sample_rate = 48000
12-28 06:28:43.647 D/ACDB-LOADER( 799): ACDB -> send_asm_topology
12-28 06:28:43.647 D/ACDB-LOADER( 799): ACDB -> ACDB_CMD_GET_AUDPROC_STREAM_TOPOLOGY_ID
12-28 06:28:43.647 D/ACDB-LOADER( 799): ACDB -> send_adm_topology
12-28 06:28:43.647 D/ACDB-LOADER( 799): ACDB -> ACDB_CMD_GET_AUDPROC_COMMON_TOPOLOGY_ID
12-28 06:28:43.647 D/ACDB-LOADER( 799): ACDB -> send_audtable
12-28 06:28:43.647 D/ACDB-LOADER( 799): ACDB -> ACDB_CMD_GET_AUDPROC_INSTANCE_COMMON_TABLE_SIZE
12-28 06:28:43.647 D/ACDB-LOADER( 799): ACDB -> ACDB_CMD_GET_AUDPROC_INSTANCE_COMMON_TABLE
12-28 06:28:43.647 D/ACDB-LOADER( 799): ACDB -> AUDIO_SET_AUDPROC_CAL cal_type[11] acdb_id[15] app_type[69943]
12-28 06:28:43.647 D/ACDB-LOADER( 799): ACDB -> send_audvoltable
12-28 06:28:43.647 D/ACDB-LOADER( 799): ACDB -> ACDB_CMD_GET_AUDPROC_INSTANCE_GAIN_DEP_STEP_TABLE_SIZE
12-28 06:28:43.647 D/android.hardware.audio.service( 799): Failed to fetch the lookup information of the device 0000000F
12-28 06:28:43.647 D/ACDB-LOADER( 799): Error: ACDB_CMD_GET_AUDPROC_INSTANCE_GAIN_DEP_STEP_TABLE_SIZE Returned = -19
12-28 06:28:43.647 D/ACDB-LOADER( 799): ACDB -> ACDB_CMD_GET_AUDPROC_INSTANCE_GAIN_DEP_STEP_TABLE, vol index 0
12-28 06:28:43.647 D/android.hardware.audio.service( 799): Failed to fetch the lookup information of the device 0000000F
12-28 06:28:43.647 D/ACDB-LOADER( 799): Error: ACDB AudProc vol returned = -19
12-28 06:28:43.647 D/ACDB-LOADER( 799): ACDB -> AUDIO_SET_VOL_CAL cal type = 12
12-28 06:28:43.647 D/ACDB-LOADER( 799): ACDB -> ACDB_CMD_GET_AUDPROC_INSTANCE_STREAM_TABLE_SIZE
12-28 06:28:43.647 D/ACDB-LOADER( 799): ACDB -> send_audstrmtable
12-28 06:28:43.647 D/ACDB-LOADER( 799): ACDB -> ACDB_CMD_GET_AUDPROC_INSTANCE_STREAM_TABLE
12-28 06:28:43.647 D/ACDB-LOADER( 799): ACDB -> audstrm_cal->cal_type.cal_data.cal_size = 20
12-28 06:28:43.647 D/ACDB-LOADER( 799): ACDB -> send_afe_topology
12-28 06:28:43.647 D/ACDB-LOADER( 799): ACDB -> ACDB_CMD_GET_AFE_TOPOLOGY_ID
12-28 06:28:43.647 D/ACDB-LOADER( 799): ACDB -> GET_AFE_TOPOLOGY_ID for adcd_id 15, Topology Id 112fc
12-28 06:28:43.647 D/ACDB-LOADER( 799): ACDB -> send_afe_cal
12-28 06:28:43.647 D/ACDB-LOADER( 799): ACDB -> ACDB_CMD_GET_AFE_INSTANCE_COMMON_TABLE_SIZE
12-28 06:28:43.647 D/android.hardware.audio.service( 799): Failed to fetch the lookup information of the device 0000000F
12-28 06:28:43.647 D/ACDB-LOADER( 799): Error: ACDB_CMD_GET_AFE_INSTANCE_COMMON_TABLE_SIZE Returned = -19
12-28 06:28:43.648 D/ACDB-LOADER( 799): ACDB -> ACDB_CMD_GET_AFE_INSTANCE_COMMON_TABLE
12-28 06:28:43.648 D/android.hardware.audio.service( 799): Failed to fetch the lookup information of the device 0000000F
12-28 06:28:43.648 D/ACDB-LOADER( 799): Error: ACDB AFE returned = -19
12-28 06:28:43.648 D/ACDB-LOADER( 799): ACDB -> AUDIO_SET_AFE_CAL cal_type[16] acdb_id[15]
12-28 06:28:43.648 D/ACDB-LOADER( 799): ACDB -> send_hw_delay : acdb_id = 15 path = 0
12-28 06:28:43.648 D/ACDB-LOADER( 799): ACDB -> ACDB_AVSYNC_INFO: ACDB_CMD_GET_DEVICE_PROPERTY
12-28 06:28:43.648 D/msm8974_platform( 799): platform_split_snd_device: snd_device(2) num devices(0) new_snd_devices(0)
12-28 06:28:43.648 I/msm8974_platform( 799): platform_get_custom_mtmx_params: no matching param with id 0 ip_ch 2 op_ch 2 uc_id 12 snd_dev 2
12-28 06:28:43.648 D/audio_hw_primary( 799): enable_audio_route: apply mixer and update path: audio-ull-playback
12-28 06:28:43.648 D/audio_route( 799): Apply path: audio-ull-playback
12-28 06:28:43.648 D/audio_hw_primary( 799): select_devices: done
12-28 06:28:43.648 D/msm8974_platform( 799): platform_set_channel_map mixer_ctl_name:Playback Channel Map13
12-28 06:28:43.648 D/msm8974_platform( 799): platform_set_channel_map: set mapping(1 2 0 0 0 0 0 0) for channel:2
12-28 06:28:43.648 E/msm8974_platform( 799): platform_set_channel_map: Could not set ctl, error:-22 ch_count:2
01-05 08:30:19.691 I/ ( 0): snd_pcm_hw_constraint_integer failed
01-05 08:30:19.691 I/msm_pcm_open( 0): P buffer bytes minmax constraint ret 1
01-05 08:30:19.691 E/set_cps_config( 0): get_wsa_dev_num is NULL
01-05 08:30:19.697 I/__afe_port_start( 0): port id: 0xb000
01-05 08:30:19.697 I/afe_find_cal_topo_id_by_port( 0): port id: 0xb000, dev_acdb_id: 0
01-05 08:30:19.697 I/afe_find_cal_topo_id_by_port( 0): top_id:112fc acdb_id:15 afe_port:0xb000
01-05 08:30:19.697 I/afe_get_cal_topology_id( 0): port_id = 0xb000 acdb_id = 15 topology_id = 0x112fc cal_type_index=8 ret=0
01-05 08:30:19.697 E/afe_callback( 0): cmd = 0x100fa returned error = 0x2
01-05 08:30:19.697 E/afe_apr_send_pkt( 0): DSP returned error[ADSP_EBADPARAM]
01-05 08:30:19.698 E/afe_send_port_topology_id( 0): AFE set topology id enable for port 0xb000 failed -22
01-05 08:30:19.698 I/afe_send_port_topology_id( 0): AFE set topology id 0x112fc enable for port 0xb000 ret -22
01-05 08:30:19.698 I/send_afe_cal_type( 0): cal_index is 0
01-05 08:30:19.698 I/send_afe_cal_type( 0): dev_acdb_id[162] is 0
01-05 08:30:19.698 I/send_afe_cal_type( 0): Sending cal_index cal 0
01-05 08:30:19.698 E/send_afe_cal_type( 0): No cal sent for cal_index 0, port_id = 0xb000! ret -22
01-05 08:30:19.698 I/afe_send_hw_delay( 0): port_id 0xb000 rate 48000 delay_usec 474 status 0
01-05 08:30:19.698 E/afe_callback( 0): cmd = 0x100fa returned error = 0x2
01-05 08:30:19.698 E/afe_apr_send_pkt( 0): DSP returned error[ADSP_EBADPARAM]
01-05 08:30:19.698 E/__afe_port_start( 0): AFE enable for port 0xb000 failed -22
01-05 08:30:19.698 E/msm-dai-cdc-dma-dev soc( 0): qcom,msm-dai-cdc-dma:qcom,msm-dai-wsa-cdc-dma-0-rx: fail to open AFE port 0xb000
01-05 08:30:19.698 E/msm-dai-cdc-dma-dev soc( 0): qcom,msm-dai-cdc-dma:qcom,msm-dai-wsa-cdc-dma-0-rx: ASoC: cpu DAI prepare error: -22
01-05 08:30:19.698 E/soc_pcm_prepare( 0): Issue stop stream for codec_dai due to op failure -22 = ret
12-28 06:28:43.656 E/audio_hw_primary( 799): pcm_open_prepare_helper: pcm_prepare returned -1
01-05 08:30:19.698 E/WSA_CDC_DMA_RX_0( 0): ASoC: backend prepare failed -22
12-28 06:28:43.660 I/OMX-VDEC-1080P( 1210): C2D: Start color convertion
12-28 06:28:43.660 W/C2DColorConvert( 1210): calcLumaAlign: unknown format (3) passed for luma alignment number.
12-28 06:28:43.661 D/audio_hw_primary( 799): disable_audio_route: reset and update mixer path: audio-ull-playback
12-28 06:28:43.661 E/soundtrigger( 799): audio_extn_sound_trigger_update_stream_status: invalid input device 0x0, for event 2
12-28 06:28:43.661 D/soundtrigger( 799): audio_extn_sound_trigger_update_stream_status: uc_info->id 12 of type 0 for Event 2, with Raise=0
12-28 06:28:43.661 D/msm8974_platform( 799): platform_split_snd_device: snd_device(2) num devices(0) new_snd_devices(0)
12-28 06:28:43.661 I/msm8974_platform( 799): platform_get_custom_mtmx_params: no matching param with id 0 ip_ch 2 op_ch 2 uc_id 12 snd_dev 2
12-28 06:28:43.661 D/hardware_info( 799): hw_info_append_hw_type : device_name = speaker
12-28 06:28:43.661 D/audio_hw_primary( 799): disable_snd_device: snd_device(2: speaker)
12-28 06:28:43.661 D/msm8974_platform( 799): platform_split_snd_device: snd_device(2) num devices(0) new_snd_devices(0)
12-28 06:28:43.661 I/soundtrigger( 799): audio_extn_sound_trigger_update_device_status: device 0x2 of type 0 for Event 0, with Raise=0
12-28 06:28:43.700 I/OMX-VDEC-1080P( 1210): C2D: Start color convertion
12-28 06:28:43.704 W/C2DColorConvert( 1210): calcLumaAlign: unknown format (3) passed for luma alignment number.
12-28 06:28:43.711 D/audio_hw_primary( 799): out_standby: enter: stream (0xec2064c0) usecase(12: audio-ull-playback)
12-28 06:28:43.711 D/audio_hw_primary( 799): out_standby: exit
12-28 06:28:43.715 D/audio_hw_primary( 799): start_output_stream: enter: stream(0xec2064c0)usecase(12: audio-ull-playback) devices(0x2) is_haptic_usecase(0)
12-28 06:28:43.715 D/audio_hw_primary( 799): select_devices for use case (audio-ull-playback)
12-28 06:28:43.715 I/msm8974_platform( 799): platform_check_and_set_codec_backend_cfg:becf: afe: bitwidth 16, samplerate 48000 channels 2, backend_idx 0 usecase = 12 device (speaker)
12-28 06:28:43.715 D/msm8974_platform( 799): platform_split_snd_device: snd_device(2) num devices(1) new_snd_devices(0)
12-28 06:28:43.715 I/msm8974_platform( 799): platform_check_and_set_codec_backend_cfg: new_snd_devices[0] is 2
12-28 06:28:43.715 I/msm8974_platform( 799): platform_check_codec_backend_cfg:becf: afe: bitwidth 16, samplerate 48000 channels 2, backend_idx 0 usecase = 12 device (speaker)
12-28 06:28:43.716 D/audio_hw_extn( 799): audio_extn_enable_hifi_filter: mixer_value set 0
12-28 06:28:43.716 D/msm8974_platform( 799): platform_check_codec_backend_cfg:becf: updated afe: bitwidth 16, samplerate 48000 channels 2,backend_idx 0 usecase = 12 device (speaker)
12-28 06:28:43.716 D/msm8974_platform( 799): platform_check_codec_backend_cfg:becf: afe: playback on codec device not supporting native playback set default Sample Rate(48k)
12-28 06:28:43.716 I/msm8974_platform( 799): platform_check_codec_backend_cfg:becf: afe: Codec selected backend: 0 updated bit width: 16 and sample rate: 48000
12-28 06:28:43.716 D/audio_hw_primary( 799): check_usecases_codec_backend:becf: force routing 0
12-28 06:28:43.716 E/msm8974_platform( 799): platform_check_backends_match: Invalid snd_device =
