12-28 05:18:11.290 I/input_focus( 1508): [Focus entering ab8bab8 com.ss.android.lark/com.ss.android.lark.main.app.MainActivity (server),reason=Window became focusable. Previous reason: NOT_VISIBLE]
12-28 05:18:11.296 I/wm_stop_activity( 1508): [0,186653412,com.android.launcher3/.uioverrides.QuickstepLauncher]
12-28 05:18:11.298 I/wm_on_stop_called( 2857): [186653412,com.android.launcher3.uioverrides.QuickstepLauncher,STOP_ACTIVITY_ITEM]
12-28 05:18:11.941 I/input_interaction( 1508): Interaction with: Letterbox_left_ActivityRecord{389d761 u0 com.ss.android.lark/.main.app.MainActivity t41} (server), edge-swipe (server), swipe-up (server), PointerEventDispatcher0 (server),
12-28 05:18:11.950 I/wm_task_moved( 1508): [1,0,0]
12-28 05:18:11.951 I/wm_task_moved( 1508): [1,0,6]
12-28 05:18:11.959 I/wm_on_restart_called( 2857): [186653412,com.android.launcher3.uioverrides.QuickstepLauncher,performRestartActivity]
12-28 05:18:11.982 I/wm_on_start_called( 2857): [186653412,com.android.launcher3.uioverrides.QuickstepLauncher,handleStartActivity]
12-28 05:18:11.998 I/sysui_latency( 2857): [1,48]
12-28 05:18:11.998 I/input_focus( 1508): [Focus request recents_animation_input_consumer,reason=UpdateInputWindows]
12-28 05:18:12.004 I/sysui_multi_action( 1508): [319,4,322,50,325,13206,757,761,758,9,759,5,806,com.android.launcher3,871,com.android.launcher3.uioverrides.QuickstepLauncher,905,0,1320,4,1321,1]
12-28 05:18:12.006 I/input_interaction( 1508): Interaction with: edge-swipe (server), swipe-up (server), PointerEventDispatcher0 (server),
12-28 05:18:12.009 I/input_focus( 1508): [Focus leaving ab8bab8 com.ss.android.lark/com.ss.android.lark.main.app.MainActivity (server),reason=NOT_FOCUSABLE]
12-28 05:18:12.009 I/input_focus( 1508): [Focus entering recents_animation_input_consumer (server),reason=setFocusedWindow]
12-28 05:18:12.011 I/auditd ( 5768): type=1400 audit(0.0:14498): avc: granted { execute } for comm="TuringVerifyThr" path="/data/data/com.ss.android.lark/files/webview_bytedance/5cf95b7bc7d19c6f2e67a8aa26c02ea8_md5/libwebviewbytedance.so" dev="dm-10" ino=10098 scontext=u:r:untrusted_app:s0:c96,c256,c512,c768 tcontext=u:object_r:app_data_file:s0:c96,c256,c512,c768 tclass=file app=com.ss.android.lark
12-28 05:18:12.180 I/commit_sys_config_file( 1508): [settings-1-0,1]
12-28 05:18:12.301 I/sysui_latency( 1508): [8,56]
12-28 05:18:12.398 I/commit_sys_config_file( 1508): [settings-1-0,6]
12-28 05:18:12.806 I/input_interaction( 1508): Interaction with: recents_animation_input_consumer (server), edge-swipe (server), swipe-up (server), PointerEventDispatcher0 (server),
12-28 05:18:12.839 I/wm_task_moved( 1508): [1,1,7]
12-28 05:18:12.841 I/wm_task_moved( 1508): [10,1,2147483647]
12-28 05:18:12.841 I/wm_task_to_front( 1508): [0,10]
12-28 05:18:12.841 I/wm_focused_root_task( 1508): [0,0,1,41,RecentsAnimation.onAnimationFinished()]
12-28 05:18:12.841 I/wm_set_resumed_activity( 1508): [0,com.android.launcher3/.uioverrides.QuickstepLauncher,RecentsAnimation.onAnimationFinished()]
12-28 05:18:12.842 I/wm_pause_activity( 1508): [0,59365217,com.ss.android.lark/.main.app.MainActivity,userLeaving=true,pauseBackTasks]
12-28 05:18:12.842 I/wm_add_to_stopping( 1508): [0,59365217,com.ss.android.lark/.main.app.MainActivity,makeInvisible]
12-28 05:18:12.842 I/wm_set_resumed_activity( 1508): [0,com.android.launcher3/.uioverrides.QuickstepLauncher,resumeTopActivityInnerLocked]
12-28 05:18:12.843 I/wm_resume_activity( 1508): [0,186653412,10,com.android.launcher3/.uioverrides.QuickstepLauncher]
12-28 05:18:12.847 I/wm_on_top_resumed_lost_called( 5768): [59365217,com.ss.android.lark.main.app.MainActivity,topStateChangedWhenResumed]
12-28 05:18:12.847 I/wm_on_resume_called( 2857): [186653412,com.android.launcher3.uioverrides.QuickstepLauncher,RESUME_ACTIVITY]
12-28 05:18:12.849 I/input_focus( 1508): [Focus request 2711ce0 com.android.launcher3/com.android.launcher3.uioverrides.QuickstepLauncher,reason=UpdateInputWindows]
12-28 05:18:12.851 I/wm_stop_activity( 1508): [0,59365217,com.ss.android.lark/.main.app.MainActivity]
12-28 05:18:12.854 I/wm_on_top_resumed_gained_called( 2857): [186653412,com.android.launcher3.uioverrides.QuickstepLauncher,topStateChangedWhenResumed]
12-28 05:18:12.856 I/sysui_multi_action( 1508): [757,803,799,window_time_0,802,3]
12-28 05:18:12.857 I/sysui_multi_action( 1508): [757,803,799,window_time_0,802,0]
12-28 05:18:12.861 I/input_focus( 1508): [Focus leaving recents_animation_input_consumer (server),reason=NOT_VISIBLE]
12-28 05:18:12.861 I/input_focus( 1508): [Focus entering 2711ce0 com.android.launcher3/com.android.launcher3.uioverrides.QuickstepLauncher (server),reason=setFocusedWindow]
12-28 05:18:12.864 I/wm_on_paused_called( 5768): [59365217,com.ss.android.lark.main.app.MainActivity,performPause]
12-28 05:18:12.926 I/wm_on_stop_called( 5768): [59365217,com.ss.android.lark.main.app.MainActivity,STOP_ACTIVITY_ITEM]
12-28 05:18:12.991 I/wm_task_created( 1508): [42,-1]
12-28 05:18:12.995 I/wm_task_moved( 1508): [42,1,8]
12-28 05:18:12.995 I/wm_task_to_front( 1508): [0,42]
12-28 05:18:12.995 I/wm_create_task( 1508): [0,42]
12-28 05:18:12.995 I/wm_create_activity( 1508): [0,68953494,42,com.tencent.mm/.ui.LauncherUI,android.intent.action.MAIN,NULL,NULL,270532608]
12-28 05:18:12.995 I/wm_task_moved( 1508): [42,1,8]
12-28 05:18:12.996 I/wm_pause_activity( 1508): [0,186653412,com.android.launcher3/.uioverrides.QuickstepLauncher,userLeaving=true,pauseBackTasks]
12-28 05:18:12.999 I/wm_on_top_resumed_lost_called( 2857): [186653412,com.android.launcher3.uioverrides.QuickstepLauncher,topStateChangedWhenResumed]
12-28 05:18:12.999 I/wm_on_paused_called( 2857): [186653412,com.android.launcher3.uioverrides.QuickstepLauncher,performPause]
12-28 05:18:13.000 I/wm_add_to_stopping( 1508): [0,186653412,com.android.launcher3/.uioverrides.QuickstepLauncher,makeInvisible]
12-28 05:18:13.003 I/am_uid_running( 1508): 10097
12-28 05:18:13.004 I/sysui_multi_action( 1508): [757,803,799,window_time_0,802,0]
12-28 05:18:13.009 I/am_proc_start( 1508): [0,6214,10097,com.tencent.mm,pre-top-activity,{com.tencent.mm/com.tencent.mm.ui.LauncherUI}]
12-28 05:18:13.028 I/input_focus( 1508): [Focus leaving 2711ce0 com.android.launcher3/com.android.launcher3.uioverrides.QuickstepLauncher (server),reason=NO_WINDOW]
12-28 05:18:13.031 I/am_proc_bound( 1508): [0,6214,com.tencent.mm]
12-28 05:18:13.033 I/wm_restart_activity( 1508): [0,68953494,42,com.tencent.mm/.ui.LauncherUI]
12-28 05:18:13.033 I/wm_set_resumed_activity( 1508): [0,com.tencent.mm/.ui.LauncherUI,minimalResumeActivityLocked]
12-28 05:18:13.034 I/am_uid_active( 1508): 10097
12-28 05:18:13.056 I/am_proc_start( 1508): [0,6235,10096,com.ss.android.lark:sandboxed_process1,service,{com.ss.android.lark/com.bytedance.org.chromium.content.app.SandboxedProcessService0}]
12-28 05:18:13.068 I/am_proc_bound( 1508): [0,6235,com.ss.android.lark:sandboxed_process1]
12-28 05:18:13.067 I/auditd ( 5768): type=1400 audit(0.0:14499): avc: denied { read } for comm="CZL-MRL" name="u:object_r:serialno_prop:s0" dev="tmpfs" ino=3325 scontext=u:r:untrusted_app:s0:c96,c256,c512,c768 tcontext=u:object_r:serialno_prop:s0 tclass=file permissive=0 app=com.ss.android.lark
12-28 05:18:13.193 I/netstats_mobile_sample( 1508): [0,0,0,0,0,0,0,0,0,0,0,0,1672175893193]
12-28 05:18:13.193 I/netstats_wifi_sample( 1508): [6451363438,4845933,66935853,932825,6451363438,4845933,66935853,932825,6455995856,4894464,56803511,908558,1672175893193]
12-28 05:18:13.215 I/auditd ( 5768): type=1400 audit(0.0:14500): avc: denied { search } for comm="CZL-MRL" name="net" dev="sysfs" ino=46923 scontext=u:r:untrusted_app:s0:c96,c256,c512,c768 tcontext=u:object_r:sysfs_net:s0 tclass=dir permissive=0 app=com.ss.android.lark
12-28 05:18:13.223 I/auditd ( 5768): type=1400 audit(0.0:14501): avc: denied { read } for comm="CZL-MRL" name="arp" dev="proc" ino=4026532254 scontext=u:r:untrusted_app:s0:c96,c256,c512,c768 tcontext=u:object_r:proc_net:s0 tclass=file permissive=0 app=com.ss.android.lark
12-28 05:18:13.663 I/am_wtf ( 1508): [0,6214,com.tencent.mm,949501508,FirebaseApp,Remote stack trace:
12-28 05:18:13.663 I/am_wtf ( 1508): at com.android.server.content.ContentService.registerContentObserver(ContentService.java:357)
12-28 05:18:13.663 I/am_wtf ( 1508): at android.content.IContentService$Stub.onTransact(IContentService.java:484)
12-28 05:18:13.663 I/am_wtf ( 1508): at android.os.Binder.execTransactInternal(Binder.java:1179)
12-28 05:18:13.663 I/am_wtf ( 1508): at android.os.Binder.execTransact(Binder.java:1143)
12-28 05:18:13.663 I/am_wtf ( 1508): ]
12-28 05:18:13.719 I/wm_task_moved( 1508): [42,1,8]
12-28 05:18:13.719 I/wm_set_resumed_activity( 1508): [0,com.tencent.mm/.ui.LauncherUI,positionChildAt]
12-28 05:18:13.719 I/wm_create_activity( 1508): [0,173534430,42,com.tencent.mm/.app.WeChatSplashActivity,NULL,NULL,NULL,0]
12-28 05:18:13.720 I/wm_pause_activity( 1508): [0,68953494,com.tencent.mm/.ui.LauncherUI,userLeaving=true,resumeTopActivityInnerLocked]
12-28 05:18:13.722 I/wm_on_create_called( 6214): [68953494,com.tencent.mm.ui.LauncherUI,performCreate]
12-28 05:18:13.726 I/wm_on_start_called( 6214): [68953494,com.tencent.mm.ui.LauncherUI,handleStartActivity]
12-28 05:18:13.727 I/wm_on_resume_called( 6214): [68953494,com.tencent.mm.ui.LauncherUI,RESUME_ACTIVITY]
12-28 05:18:13.733 I/wm_on_top_resumed_gained_called( 6214): [68953494,com.tencent.mm.ui.LauncherUI,topStateChangedWhenResumed]
12-28 05:18:13.751 I/auditd ( 6235): type=1400 audit(0.0:14502): avc: granted { execute } for comm="dboxed_process1" path="/data/data/com.ss.android.lark/files/webview_bytedance/5cf95b7bc7d19c6f2e67a8aa26c02ea8_md5/libwebviewbytedance.so" dev="dm-10" ino=10098 scontext=u:r:untrusted_app:s0:c96,c256,c512,c768 tcontext=u:object_r:app_data_file:s0:c96,c256,c512,c768 tclass=file app=com.ss.android.lark
12-28 05:18:13.793 I/input_focus( 1508): [Focus request 826fd51 com.tencent.mm/com.tencent.mm.ui.LauncherUI,reason=UpdateInputWindows]
12-28 05:18:13.833 I/wm_on_top_resumed_lost_called( 6214): [68953494,com.tencent.mm.ui.LauncherUI,topStateChangedWhenResumed]
12-28 05:18:13.839 I/wm_on_paused_called( 6214): [68953494,com.tencent.mm.ui.LauncherUI,performPause]
12-28 05:18:13.840 I/wm_add_to_stopping( 1508): [0,68953494,com.tencent.mm/.ui.LauncherUI,makeInvisible]
12-28 05:18:13.841 I/wm_restart_activity( 1508): [0,173534430,42,com.tencent.mm/.app.WeChatSplashActivity]
12-28 05:18:13.842 I/wm_set_resumed_activity( 1508): [0,com.tencent.mm/.app.WeChatSplashActivity,minimalResumeActivityLocked]
12-28 05:18:13.847 I/wm_stop_activity( 1508): [0,68953494,com.tencent.mm/.ui.LauncherUI]
12-28 05:18:13.847 I/wm_stop_activity( 1508): [0,186653412,com.android.launcher3/.uioverrides.QuickstepLauncher]
12-28 05:18:13.847 I/input_focus( 1508): [Focus entering 826fd51 com.tencent.mm/com.tencent.mm.ui.LauncherUI (server),reason=Window became focusable. Previous reason: NOT_VISIBLE]
12-28 05:18:13.849 I/wm_on_stop_called( 2857): [186653412,com.android.launcher3.uioverrides.QuickstepLauncher,STOP_ACTIVITY_ITEM]
12-28 05:18:13.849 I/sysui_multi_action( 1508): [757,803,799,window_time_0,802,1]
12-28 05:18:13.861 I/wm_on_create_called( 6214): [173534430,com.tencent.mm.app.WeChatSplashActivity,performCreate]
12-28 05:18:13.863 I/input_focus( 1508): [Focus leaving 826fd51 com.tencent.mm/com.tencent.mm.ui.LauncherUI (server),reason=NO_WINDOW]
12-28 05:18:13.887 I/wm_on_start_called( 6214): [173534430,com.tencent.mm.app.WeChatSplashActivity,handleStartActivity]
12-28 05:18:13.888 I/wm_on_resume_called( 6214): [173534430,com.tencent.mm.app.WeChatSplashActivity,RESUME_ACTIVITY]
12-28 05:18:13.893 I/input_focus( 1508): [Focus request 44b789f com.tencent.mm/com.tencent.mm.app.WeChatSplashActivity,reason=UpdateInputWindows]
12-28 05:18:13.855 I/auditd ( 6214): type=1400 audit(0.0:14503): avc: denied { read } for comm="com.tencent.mm" name="u:object_r:qemu_hw_prop:s0" dev="tmpfs" ino=3313 scontext=u:r:untrusted_app_29:s0:c97,c256,c512,c768 tcontext=u:object_r:qemu_hw_prop:s0 tclass=file permissive=0 app=com.tencent.mm
12-28 05:18:13.899 I/wm_on_top_resumed_gained_called( 6214): [173534430,com.tencent.mm.app.WeChatSplashActivity,topStateChangedWhenResumed]
12-28 05:18:13.901 I/wm_on_stop_called( 6214): [68953494,com.tencent.mm.ui.LauncherUI,STOP_ACTIVITY_ITEM]
12-28 05:18:13.905 I/sysui_multi_action( 1508): [319,33,321,31,322,913,325,13207,757,761,758,7,759,1,806,com.tencent.mm,871,com.tencent.mm.app.WeChatSplashActivity,904,com.tencent.mm,905,0,945,44,1320,4,1321,4]
12-28 05:18:13.906 I/wm_activity_launch_time( 1508): [0,173534430,com.tencent.mm/.app.WeChatSplashActivity,913]
12-28 05:18:13.914 I/input_focus( 1508): [Focus entering 44b789f com.tencent.mm/com.tencent.mm.app.WeChatSplashActivity (server),reason=setFocusedWindow]
12-28 05:18:14.311 I/am_proc_start( 1508): [0,6497,10097,com.tencent.mm:push,service,{com.tencent.mm/com.tencent.mm.ipcinvoker.wx_extension.service.PushProcessIPCService}]
12-28 05:18:14.325 I/am_proc_bound( 1508): [0,6497,com.tencent.mm:push]
12-28 05:18:14.345 I/sysui_multi_action( 1508): [757,1717,758,1,759,0]
12-28 05:18:14.348 I/sysui_multi_action( 1508): [757,1717,758,2,759,0]
12-28 05:18:14.348 I/sysui_multi_action( 1508): [757,1717,758,3,759,0]
12-28 05:18:14.617 I/input_interaction( 1508): Interaction with: 44b789f com.tencent.mm/com.tencent.mm.app.WeChatSplashActivity (server), edge-swipe (server), swipe-up (server), PointerEventDispatcher0 (server),
12-28 05:18:14.620 I/commit_sys_config_file( 1508): [notification-policy,13185537]
12-28 05:18:14.624 I/wm_task_moved( 1508): [1,0,0]
12-28 05:18:14.624 I/wm_task_moved( 1508): [1,0,7]
12-28 05:18:14.631 I/wm_on_restart_called( 2857): [186653412,com.android.launcher3.uioverrides.QuickstepLauncher,performRestartActivity]
12-28 05:18:14.661 I/wm_on_start_called( 2857): [186653412,com.android.launcher3.uioverrides.QuickstepLauncher,handleStartActivity]
12-28 05:18:14.676 I/view_enqueue_input_event( 6214): [Motion - Cancel,com.tencent.mm/com.tencent.mm.app.WeChatSplashActivity]
12-28 05:18:14.678 I/input_interaction( 1508): Interaction with: edge-swipe (server), swipe-up (server), PointerEventDispatcher0 (server),
12-28 05:18:14.679 I/sysui_latency( 2857): [1,56]
12-28 05:18:14.681 I/input_focus( 1508): [Focus request recents_animation_input_consumer,reason=UpdateInputWindows]
12-28 05:18:14.695 I/sysui_multi_action( 1508): [319,4,322,61,325,13208,757,761,758,9,759,5,806,com.android.launcher3,871,com.android.launcher3.uioverrides.QuickstepLauncher,905,0,1320,4,1321,1]
12-28 05:18:14.698 I/input_focus( 1508): [Focus leaving 44b789f com.tencent.mm/com.tencent.mm.app.WeChatSplashActivity (server),reason=NOT_FOCUSABLE]
12-28 05:18:14.698 I/input_focus( 1508): [Focus entering recents_animation_input_consumer (server),reason=setFocusedWindow]
12-28 05:18:14.857 I/netstats_mobile_sample( 1508): [0,0,0,0,0,0,0,0,0,0,0,0,1672175894857]
12-28 05:18:14.857 I/netstats_wifi_sample( 1508): [6451417419,4846059,66964777,932930,6451417419,4846059,66964777,932930,6456053537,4894610,56823913,908647,1672175894857]
12-28 05:18:14.873 I/commit_sys_config_file( 1508): [settings-1-0,14]
12-28 05:18:14.877 I/service_manager_slow( 1508): [11,phone]
12-28 05:18:14.991 I/sysui_latency( 1508): [8,66]
12-28 05:18:14.815 I/auditd ( 6214): type=1400 audit(0.0:14505): avc: granted { execute } for comm="parallels-3" path="/data/user/0/com.tencent.mm/tinker/patch-8b9b3bb1/lib/lib/arm64-v8a/libWeEffect.so" dev="dm-10" ino=12692 scontext=u:r:untrusted_app_29:s0:c97,c256,c512,c768 tcontext=u:object_r:app_data_file:s0:c97,c256,c512,c768 tclass=file app=com.tencent.mm
12-28 05:18:14.815 I/auditd ( 6214): type=1400 audit(0.0:14506): avc: granted { execute } for comm="parallels-3" path="/data/user/0/com.tencent.mm/tinker/patch-8b9b3bb1/lib/lib/arm64-v8a/libxlabeffect.so" dev="dm-10" ino=12694 scontext=u:r:untrusted_app_29:s0:c97,c256,c512,c768 tcontext=u:object_r:app_data_file:s0:c97,c256,c512,c768 tclass=file app=com.tencent.mm
12-28 05:18:14.919 I/auditd ( 6214): type=1400 audit(0.0:14507): avc: granted { execute } for comm="flutter-worker-" path="/data/user/0/com.tencent.mm/tinker/patch-8b9b3bb1/lib/lib/arm64-v8a/libflutter.so" dev="dm-10" ino=12488 scontext=u:r:untrusted_app_29:s0:c97,c256,c512,c768 tcontext=u:object_r:app_data_file:s0:c97,c256,c512,c768 tclass=file app=com.tencent.mm
12-28 05:18:14.923 I/auditd ( 6214): type=1400 audit(0.0:14508): avc: granted { execute } for comm="parallels-3" path="/data/user/0/com.tencent.mm/tinker/patch-8b9b3bb1/lib/lib/arm64-v8a/libxeffect_xlog.so" dev="dm-10" ino=12926 scontext=u:r:untrusted_app_29:s0:c97,c256,c512,c768 tcontext=u:object_r:app_data_file:s0:c97,c256,c512,c768 tclass=file app=com.tencent.mm
12-28 05:18:15.167 I/auditd ( 6497): type=1400 audit(0.0:14509): avc: denied { read } for comm="tencent.mm:push" name="anr" dev="dm-10" ino=34 scontext=u:r:untrusted_app_29:s0:c97,c256,c512,c768 tcontext=u:object_r:anr_data_file:s0 tclass=dir permissive=0 app=com.tencent.mm
12-28 05:18:15.474 I/wm_task_moved( 1508): [1,1,8]
12-28 05:18:15.475 I/wm_task_moved( 1508): [10,1,2147483647]
12-28 05:18:15.475 I/wm_task_to_front( 1508): [0,10]
12-28 05:18:15.475 I/wm_focused_root_task( 1508): [0,0,1,42,RecentsAnimation.onAnimationFinished()]
12-28 05:18:15.475 I/wm_set_resumed_activity( 1508): [0,com.android.launcher3/.uioverrides.QuickstepLauncher,RecentsAnimation.onAnimationFinished()]
12-28 05:18:15.475 I/wm_on_top_resumed_lost_called( 6214): [173534430,com.tencent.mm.app.WeChatSplashActivity,topStateChangedWhenResumed]
12-28 05:18:15.476 I/wm_pause_activity( 1508): [0,173534430,com.tencent.mm/.app.WeChatSplashActivity,userLeaving=true,pauseBackTasks]
12-28 05:18:15.476 I/wm_add_to_stopping( 1508): [0,173534430,com.tencent.mm/.app.WeChatSplashActivity,makeInvisible]
12-28 05:18:15.477 I/wm_set_resumed_activity( 1508): [0,com.android.launcher3/.uioverrides.QuickstepLauncher,resumeTopActivityInnerLocked]
12-28 05:18:15.477 I/wm_resume_activity( 1508): [0,186653412,10,com.android.launcher3/.uioverrides.QuickstepLauncher]
12-28 05:18:15.487 I/input_focus( 1508): [Focus request 2711ce0 com.android.launcher3/com.android.launcher3.uioverrides.QuickstepLauncher,reason=UpdateInputWindows]
12-28 05:18:15.494 I/wm_on_paused_called( 6214): [173534430,com.tencent.mm.app.WeChatSplashActivity,performPause]
12-28 05:18:15.496 I/wm_stop_activity( 1508): [0,173534430,com.tencent.mm/.app.WeChatSplashActivity]
12-28 05:18:15.497 I/sysui_multi_action( 1508): [757,803,799,window_time_0,802,1]
12-28 05:18:15.501 I/input_focus( 1508): [Focus leaving recents_animation_input_consumer (server),reason=NOT_VISIBLE]
12-28 05:18:15.502 I/input_focus( 1508): [Focus entering 2711ce0 com.android.launcher3/com.android.launcher3.uioverrides.QuickstepLauncher (server),reason=setFocusedWindow]
12-28 05:18:15.510 I/sysui_multi_action( 1508): [757,803,799,window_time_0,802,0]
12-28 05:18:15.516 I/wm_on_resume_called( 2857): [186653412,com.android.launcher3.uioverrides.QuickstepLauncher,RESUME_ACTIVITY]
12-28 05:18:15.516 I/wm_on_top_resumed_gained_called( 2857): [186653412,com.android.launcher3.uioverrides.QuickstepLauncher,topStateChangedWhenResumed]
12-28 05:18:15.552 I/wm_on_stop_called( 6214): [173534430,com.tencent.mm.app.WeChatSplashActivity,STOP_ACTIVITY_ITEM]
12-28 05:18:15.847 I/auditd ( 6497): type=1400 audit(0.0:14510): avc: granted { execute } for comm="parallels-4" path="/data/user/0/com.tencent.mm/tinker/patch-8b9b3bb1/lib/lib/arm64-v8a/libWeVision.so" dev="dm-10" ino=12691 scontext=u:r:untrusted_app_29:s0:c97,c256,c512,c768 tcontext=u:object_r:app_data_file:s0:c97,c256,c512,c768 tclass=file app=com.tencent.mm
12-28 05:18:15.847 I/auditd ( 6497): type=1400 audit(0.0:14511): avc: granted { execute } for comm="parallels-4" path="/data/user/0/com.tencent.mm/tinker/patch-8b9b3bb1/lib/lib/arm64-v8a/libWeEffect.so" dev="dm-10" ino=12692 scontext=u:r:untrusted_app_29:s0:c97,c256,c512,c768 tcontext=u:object_r:app_data_file:s0:c97,c256,c512,c768 tclass=file app=com.tencent.mm
12-28 05:18:15.847 I/auditd ( 6497): type=1400 audit(0.0:14512): avc: granted { execute } for comm="parallels-4" path="/data/user/0/com.tencent.mm/tinker/patch-8b9b3bb1/lib/lib/arm64-v8a/libxlabeffect.so" dev="dm-10" ino=12694 scontext=u:r:untrusted_app_29:s0:c97,c256,c512,c768 tcontext=u:object_r:app_data_file:s0:c97,c256,c512,c768 tclass=file app=com.tencent.mm
12-28 05:18:15.918 I/am_proc_start( 1508): [0,6706,10097,com.tencent.mm:appbrand0,service,{com.tencent.mm/com.tencent.mm.ipcinvoker.wx_extension.service.Appbrand0IPCService}]
12-28 05:18:15.941 I/am_proc_bound( 1508): [0,6706,com.tencent.mm:appbrand0]
12-28 05:18:15.939 I/auditd ( 6497): type=1400 audit(0.0:14513): avc: granted { execute } for comm="parallels-4" path="/data/user/0/com.tencent.mm/tinker/patch-8b9b3bb1/lib/lib/arm64-v8a/libxeffect_xlog.so" dev="dm-10" ino=12926 scontext=u:r:untrusted_app_29:s0:c97,c256,c512,c768 tcontext=u:object_r:app_data_file:s0:c97,c256,c512,c768 tclass=file app=com.tencent.mm
12-28 05:18:15.991 I/wm_on_destroy_called( 6214): [68953494,com.tencent.mm.ui.LauncherUI,performDestroy]
12-28 05:18:16.067 I/auditd ( 6497): type=1400 audit(0.0:14514): avc: denied { read } for comm="mars::6733" name="route" dev="proc" ino=4026532257 scontext=u:r:untrusted_app_29:s0:c97,c256,c512,c768 tcontext=u:object_r:proc_net:s0 tclass=file permissive=0 app=com.tencent.mm
12-28 05:18:16.087 I/auditd ( 6735): type=1400 audit(0.0:14515): avc: granted { bind } for comm="ip" scontext=u:r:untrusted_app_29:s0:c97,c256,c512,c768 tcontext=u:r:untrusted_app_29:s0:c97,c256,c512,c768 tclass=netlink_route_socket app=com.tencent.mm
12-28 05:18:16.099 I/auditd ( 6497): type=1400 audit(0.0:14516): avc: granted { nlmsg_readpriv } for comm="mars::6733" scontext=u:r:untrusted_app_29:s0:c97,c256,c512,c768 tcontext=u:r:untrusted_app_29:s0:c97,c256,c512,c768 tclass=netlink_route_socket app=com.tencent.mm
12-28 05:18:16.103 I/auditd ( 6497): type=1400 audit(0.0:14517): avc: granted { nlmsg_readpriv } for comm="mars::6733" scontext=u:r:untrusted_app_29:s0:c97,c256,c512,c768 tcontext=u:r:untrusted_app_29:s0:c97,c256,c512,c768 tclass=netlink_route_socket app=com.tencent.mm
12-28 05:18:16.289 I/input_interaction( 1508): Interaction with: 2711ce0 com.android.launcher3/com.android.launcher3.uioverrides.QuickstepLauncher (server), cd21bea com.android.systemui.ImageWallpaper (server), edge-swipe (server), swipe-up (server), PointerEventDispatcher0 (server),
12-28 05:18:16.290 I/service_manager_stats( 1508): [100,122,35580]
12-28 05:18:16.454 I/wm_on_create_called( 6214): [68953494,com.tencent.mm.ui.LauncherUI,performCreate]
12-28 05:18:16.460 I/wm_task_created( 1508): [43,-1]
12-28 05:18:16.464 I/wm_task_moved( 1508): [43,1,9]
12-28 05:18:16.464 I/wm_task_to_front( 1508): [0,43]
12-28 05:18:16.465 I/wm_create_task( 1508): [0,43]
12-28 05:18:16.465 I/wm_create_activity( 1508): [0,97282061,43,com.microsoft.emmx/com.microsoft.ruby.Main,android.intent.action.MAIN,NULL,NULL,270532608]
12-28 05:18:16.465 I/wm_task_moved( 1508): [43,1,9]
12-28 05:18:16.466 I/wm_pause_activity( 1508): [0,186653412,com.android.launcher3/.uioverrides.QuickstepLauncher,userLeaving=true,pauseBackTasks]
12-28 05:18:16.468 I/wm_on_top_resumed_lost_called( 2857): [186653412,com.android.launcher3.uioverrides.QuickstepLauncher,topStateChangedWhenResumed]
12-28 05:18:16.471 I/am_uid_running( 1508): 10030
12-28 05:18:16.471 I/wm_on_paused_called( 2857): [186653412,com.android.launcher3.uioverrides.QuickstepLauncher,performPause]
12-28 05:18:16.472 I/wm_add_to_stopping( 1508): [0,186653412,com.android.launcher3/.uioverrides.QuickstepLauncher,makeInvisible]
12-28 05:18:16.475 I/sysui_multi_action( 1508): [757,803,799,window_time_0,802,1]
12-28 05:18:16.480 I/am_proc_start( 1508): [0,6777,10030,com.microsoft.emmx,pre-top-activity,{com.microsoft.emmx/com.microsoft.ruby.Main}]
12-28 05:18:16.492 I/am_proc_bound( 1508): [0,6777,com.microsoft.emmx]
12-28 05:18:16.495 I/wm_restart_activity( 1508): [0,97282061,43,com.microsoft.emmx/com.microsoft.ruby.Main]
12-28 05:18:16.495 I/wm_set_resumed_activity( 1508): [0,com.microsoft.emmx/com.microsoft.ruby.Main,minimalResumeActivityLocked]
12-28 05:18:16.496 I/am_uid_active( 1508): 10030
12-28 05:18:16.506 I/input_focus( 1508): [Focus leaving 2711ce0 com.android.launcher3/com.android.launcher3.uioverrides.QuickstepLauncher (server),reason=NO_WINDOW]
12-28 05:18:16.655 I/wm_task_created( 1508): [44,-1]
12-28 05:18:16.657 I/wm_task_moved( 1508): [44,1,10]
12-28 05:18:16.657 I/wm_task_to_front( 1508): [0,44]
12-28 05:18:16.657 I/wm_create_task( 1508): [0,44]
12-28 05:18:16.657 I/wm_create_activity( 1508): [0,118839432,44,com.microsoft.emmx/com.microsoft.edge.fre.MicrosoftFirstRunActivity,NULL,NULL,NULL,276824064]
12-28 05:18:16.657 I/wm_task_moved( 1508): [44,1,10]
12-28 05:18:16.658 I/wm_pause_activity( 1508): [0,97282061,com.microsoft.emmx/com.microsoft.ruby.Main,userLeaving=true,pauseBackTasks]
12-28 05:18:16.664 I/wm_on_start_called( 6214): [68953494,com.tencent.mm.ui.LauncherUI,handleStartActivity]
12-28 05:18:16.681 I/wm_finish_activity( 1508): [0,97282061,43,com.microsoft.emmx/com.microsoft.ruby.Main,app-request]
12-28 05:18:16.681 I/wm_on_create_called( 6777): [97282061,com.microsoft.ruby.Main,performCreate]
12-28 05:18:16.684 I/wm_add_to_stopping( 1508): [0,97282061,com.microsoft.emmx/com.microsoft.ruby.Main,completeFinishing]
12-28 05:18:16.686 I/wm_restart_activity( 1508): [0,118839432,44,com.microsoft.emmx/com.microsoft.edge.fre.MicrosoftFirstRunActivity]
12-28 05:18:16.687 I/wm_set_resumed_activity( 1508): [0,com.microsoft.emmx/com.microsoft.edge.fre.MicrosoftFirstRunActivity,minimalResumeActivityLocked]
12-28 05:18:16.689 I/sysui_multi_action( 1508): [757,803,799,window_time_0,802,0]
12-28 05:18:16.731 I/commit_sys_config_file( 1508): [settings-1-0,13]
12-28 05:18:16.736 I/wm_on_create_called( 6777): [118839432,com.microsoft.edge.fre.MicrosoftFirstRunActivity,performCreate]
12-28 05:18:16.741 I/wm_on_start_called( 6777): [118839432,com.microsoft.edge.fre.MicrosoftFirstRunActivity,handleStartActivity]
12-28 05:18:16.743 I/wm_on_resume_called( 6777): [118839432,com.microsoft.edge.fre.MicrosoftFirstRunActivity,RESUME_ACTIVITY]
12-28 05:18:16.749 I/wm_on_top_resumed_gained_called( 6777): [118839432,com.microsoft.edge.fre.MicrosoftFirstRunActivity,topStateChangedWhenResumed]
12-28 05:18:16.755 I/input_focus( 1508): [Focus request 3ead7e com.microsoft.emmx/com.microsoft.edge.fre.MicrosoftFirstRunActivity,reason=UpdateInputWindows]
12-28 05:18:17.015 I/wm_on_resume_called( 6214): [68953494,com.tencent.mm.ui.LauncherUI,LIFECYCLER_RESUME_ACTIVITY]
12-28 05:18:17.030 I/sysui_multi_action( 1508): [319,46,321,42,322,567,325,13210,757,761,758,7,759,1,806,com.microsoft.emmx,871,com.microsoft.edge.fre.MicrosoftFirstRunActivity,904,com.microsoft.emmx,905,0,945,36,1320,4,1321,2]
12-28 05:18:17.037 I/wm_activity_launch_time( 1508): [0,118839432,com.microsoft.emmx/com.microsoft.edge.fre.MicrosoftFirstRunActivity,567]
12-28 05:18:17.038 I/input_focus( 1508): [Focus entering 3ead7e com.microsoft.emmx/com.microsoft.edge.fre.MicrosoftFirstRunActivity (server),reason=Window became focusable. Previous reason: NOT_VISIBLE]
12-28 05:18:17.042 I/wm_stop_activity( 1508): [0,186653412,com.android.launcher3/.uioverrides.QuickstepLauncher]
12-28 05:18:17.064 I/wm_on_stop_called( 2857): [186653412,com.android.launcher3.uioverrides.QuickstepLauncher,STOP_ACTIVITY_ITEM]
12-28 05:18:17.070 I/wm_on_paused_called( 6214): [68953494,com.tencent.mm.ui.LauncherUI,performPause]
12-28 05:18:17.101 I/wm_on_stop_called( 6214): [68953494,com.tencent.mm.ui.LauncherUI,STOP_ACTIVITY_ITEM]
12-28 05:18:17.108 I/wm_finish_activity( 1508): [0,173534430,42,com.tencent.mm/.app.WeChatSplashActivity,app-request]
12-28 05:18:17.108 I/wm_destroy_activity( 1508): [0,173534430,42,com.tencent.mm/.app.WeChatSplashActivity,finish-imm:finishIfPossible]
12-28 05:18:17.129 I/am_proc_start( 1508): [0,6960,10097,com.tencent.mm:appbrand1,service,{com.tencent.mm/com.tencent.mm.ipcinvoker.wx_extension.service.Appbrand1IPCService}]
12-28 05:18:17.161 I/am_proc_bound( 1508): [0,6960,com.tencent.mm:appbrand1]
12-28 05:18:17.195 I/wm_destroy_activity( 1508): [0,97282061,43,com.microsoft.emmx/com.microsoft.ruby.Main,finish-imm:idle]
12-28 05:18:17.208 I/wm_on_destroy_called( 6777): [97282061,com.microsoft.ruby.Main,performDestroy]
12-28 05:18:17.209 I/wm_task_removed( 1508): [43,removeChild:removeChild last r=ActivityRecord{5cc680d u0 com.microsoft.emmx/com.microsoft.ruby.Main t-1 f}} in t=Task{d2e0227 #43 type=standard A=10030:com.microsoft.emmx U=0 visible=false mode=fullscreen translucent=true sz=0}]
12-28 05:18:17.209 I/wm_task_removed( 1508): [43,removeChild]
12-28 05:18:17.247 I/wm_on_destroy_called( 6214): [173534430,com.tencent.mm.app.WeChatSplashActivity,performDestroy]
12-28 05:18:17.303 I/auditd ( 6497): type=1400 audit(0.0:14532): avc: denied { read } for comm="mars::6733" name="route" dev="proc" ino=4026532257 scontext=u:r:untrusted_app_29:s0:c97,c256,c512,c768 tcontext=u:object_r:proc_net:s0 tclass=file permissive=0 app=com.tencent.mm
12-28 05:18:17.303 I/auditd ( 6497): type=1400 audit(0.0:14533): avc: granted { nlmsg_readpriv } for comm="mars::6733" scontext=u:r:untrusted_app_29:s0:c97,c256,c512,c768 tcontext=u:r:untrusted_app_29:s0:c97,c256,c512,c768 tclass=netlink_route_socket app=com.tencent.mm
12-28 05:18:17.303 I/auditd ( 6497): type=1400 audit(0.0:14534): avc: granted { nlmsg_readpriv } for comm="mars::6733" scontext=u:r:untrusted_app_29:s0:c97,c256,c512,c768 tcontext=u:r:untrusted_app_29:s0:c97,c256,c512,c768 tclass=netlink_route_socket app=com.tencent.mm
12-28 05:18:17.319 I/auditd ( 6497): type=1400 audit(0.0:14535): avc: denied { read } for comm="mars::6802" name="route" dev="proc" ino=4026532257 scontext=u:r:untrusted_app_29:s0:c97,c256,c512,c768 tcontext=u:object_r:proc_net:s0 tclass=file permissive=0 app=com.tencent.mm
12-28 05:18:17.319 I/auditd ( 6497): type=1400 audit(0.0:14536): avc: granted { nlmsg_readpriv } for comm="mars::6802" scontext=u:r:untrusted_app_29:s0:c97,c256,c512,c768 tcontext=u:r:untrusted_app_29:s0:c97,c256,c512,c768 tclass=netlink_route_socket app=com.tencent.mm
12-28 05:18:17.432 I/sysui_multi_action( 1508): [757,1717,758,1,759,0]
12-28 05:18:17.432 I/sysui_multi_action( 1508): [757,1717,758,2,759,0]
12-28 05:18:17.432 I/sysui_multi_action( 1508): [757,1717,758,3,759,0]
12-28 05:18:17.469 I/am_uid_running( 1508): 90000
12-28 05:18:17.586 I/input_interaction( 1508): Interaction with: 3ead7e com.microsoft.emmx/com.microsoft.edge.fre.MicrosoftFirstRunActivity (server), edge-swipe (server), swipe-up (server), PointerEventDispatcher0 (server),
12-28 05:18:17.595 I/wm_task_moved( 1508): [1,0,0]
12-28 05:18:17.595 I/wm_task_moved( 1508): [1,0,8]
12-28 05:18:17.604 I/am_proc_start( 1508): [0,7079,90000,com.microsoft.emmx:sandboxed_process0:org.chromium.content.app.SandboxedProcessService0:0,,{com.microsoft.emmx/org.chromium.content.app.SandboxedProcessService0:0}]
12-28 05:18:17.605 I/wm_on_restart_called( 2857): [186653412,com.android.launcher3.uioverrides.QuickstepLauncher,performRestartActivity]
12-28 05:18:17.622 I/am_proc_bound( 1508): [0,7079,com.microsoft.emmx:sandboxed_process0:org.chromium.content.app.SandboxedProcessService0:0]
12-28 05:18:17.623 I/am_uid_active( 1508): 90000
12-28 05:18:17.626 I/wm_on_start_called( 2857): [186653412,com.android.launcher3.uioverrides.QuickstepLauncher,handleStartActivity]
12-28 05:18:17.643 I/sysui_multi_action( 1508): [319,6,322,44,325,13211,757,761,758,9,759,5,806,com.android.launcher3,871,com.android.launcher3.uioverrides.QuickstepLauncher,905,0,1320,4,1321,1]
12-28 05:18:17.645 I/auditd ( 500): avc: denied { find } for pid=7079 uid=90000 name=content_capture scontext=u:r:isolated_app:s0:c512,c768 tcontext=u:object_r:content_capture_service:s0 tclass=service_manager permissive=0
12-28 05:18:17.661 I/view_enqueue_input_event( 6777): [Motion - Cancel,com.microsoft.emmx/com.microsoft.edge.fre.MicrosoftFirstRunActivity]
12-28 05:18:17.671 I/sysui_latency( 2857): [1,46]
12-28 05:18:17.672 I/input_interaction( 1508): Interaction with: edge-swipe (server), swipe-up (server), PointerEventDispatcher0 (server),
12-28 05:18:17.681 I/input_focus( 1508): [Focus request recents_animation_input_consumer,reason=UpdateInputWindows]
12-28 05:18:17.706 I/input_focus( 1508): [Focus leaving 3ead7e com.microsoft.emmx/com.microsoft.edge.fre.MicrosoftFirstRunActivity (server),reason=NOT_FOCUSABLE]
12-28 05:18:17.706 I/input_focus( 1508): [Focus entering recents_animation_input_consumer (server),reason=setFocusedWindow]
12-28 05:18:17.809 I/am_uid_running( 1508): 10093
12-28 05:18:17.816 I/am_proc_start( 1508): [0,7116,10093,com.android.permissioncontroller,service,{com.android.permissioncontroller/com.android.permissioncontroller.role.service.RoleControllerServiceImpl}]
12-28 05:18:17.826 I/commit_sys_config_file( 1508): [settings-1-0,1]
12-28 05:18:17.833 I/am_proc_bound( 1508): [0,7116,com.android.permissioncontroller]
12-28 05:18:17.837 I/am_uid_active( 1508): 10093
12-28 05:18:17.940 I/sysui_latency( 1508): [8,50]
12-28 05:18:18.102 I/netstats_mobile_sample( 1508): [0,0,0,0,0,0,0,0,0,0,0,0,1672175898102]
12-28 05:18:18.102 I/netstats_wifi_sample( 1508): [6452145914,4846738,67007003,933304,6452145914,4846738,67007003,933304,6456774746,4895290,56863049,909006,1672175898102]
12-28 05:18:18.113 I/commit_sys_config_file( 1508): [settings-1-0,10]
12-28 05:18:18.525 I/wm_task_moved( 1508): [1,1,9]
12-28 05:18:18.525 I/wm_task_moved( 1508): [10,1,2147483647]
12-28 05:18:18.525 I/wm_task_to_front( 1508): [0,10]
12-28 05:18:18.526 I/wm_focused_root_task( 1508): [0,0,1,44,RecentsAnimation.onAnimationFinished()]
12-28 05:18:18.526 I/wm_on_top_resumed_lost_called( 6777): [118839432,com.microsoft.edge.fre.MicrosoftFirstRunActivity,topStateChangedWhenResumed]
12-28 05:18:18.526 I/wm_set_resumed_activity( 1508): [0,com.android.launcher3/.uioverrides.QuickstepLauncher,RecentsAnimation.onAnimationFinished()]
12-28 05:18:18.526 I/wm_pause_activity( 1508): [0,118839432,com.microsoft.emmx/com.microsoft.edge.fre.MicrosoftFirstRunActivity,userLeaving=true,pauseBackTasks]
12-28 05:18:18.526 I/wm_add_to_stopping( 1508): [0,118839432,com.microsoft.emmx/com.microsoft.edge.fre.MicrosoftFirstRunActivity,makeInvisible]
12-28 05:18:18.527 I/wm_set_resumed_activity( 1508): [0,com.android.launcher3/.uioverrides.QuickstepLauncher,resumeTopActivityInnerLocked]
12-28 05:18:18.531 I/wm_resume_activity( 1508): [0,186653412,10,com.android.launcher3/.uioverrides.QuickstepLauncher]
12-28 05:18:18.533 I/wm_on_resume_called( 2857): [186653412,com.android.launcher3.uioverrides.QuickstepLauncher,RESUME_ACTIVITY]
12-28 05:18:18.537 I/input_focus( 1508): [Focus request 2711ce0 com.android.launcher3/com.android.launcher3.uioverrides.QuickstepLauncher,reason=UpdateInputWindows]
12-28 05:18:18.539 I/wm_on_paused_called( 6777): [118839432,com.microsoft.edge.fre.MicrosoftFirstRunActivity,performPause]
12-28 05:18:18.541 I/wm_on_top_resumed_gained_called( 2857): [186653412,com.android.launcher3.uioverrides.QuickstepLauncher,topStateChangedWhenResumed]
12-28 05:18:18.541 I/wm_stop_activity( 1508): [0,118839432,com.microsoft.emmx/com.microsoft.edge.fre.MicrosoftFirstRunActivity]
12-28 05:18:18.542 I/input_focus( 1508): [Focus leaving recents_animation_input_consumer (server),reason=NOT_VISIBLE]
12-28 05:18:18.542 I/sysui_multi_action( 1508): [757,803,799,window_time_0,802,2]
12-28 05:18:18.543 I/sysui_multi_action( 1508): [757,803,799,window_time_0,802,0]
12-28 05:18:18.558 I/input_focus( 1508): [Focus entering 2711ce0 com.android.launcher3/com.android.launcher3.uioverrides.QuickstepLauncher (server),reason=setFocusedWindow]
12-28 05:18:18.605 I/wm_on_stop_called( 6777): [118839432,com.microsoft.edge.fre.MicrosoftFirstRunActivity,STOP_ACTIVITY_ITEM]
12-28 05:18:18.843 I/commit_sys_config_file( 1508): [settings-1-0,1]
12-28 05:18:18.995 I/auditd ( 500): avc: denied { find } for pid=6214 uid=10097 name=authentication_service scontext=u:r:untrusted_app_29:s0:c97,c256,c512,c768 tcontext=u:object_r:default_android_service:s0 tclass=service_manager permissive=0
12-28 05:18:19.013 I/input_interaction( 1508): Interaction with: 2711ce0 com.android.launcher3/com.android.launcher3.uioverrides.QuickstepLauncher (server), cd21bea com.android.systemui.ImageWallpaper (server), edge-swipe (server), swipe-up (server), PointerEventDispatcher0 (server),
12-28 05:18:19.015 I/am_proc_start( 1508): [0,7318,10096,com.ss.android.lark:wschannel,content provider,{com.ss.android.lark/ee.android.framework.manis.base.stub.ManisStubProvider4}]
12-28 05:18:19.030 I/am_proc_bound( 1508): [0,7318,com.ss.android.lark:wschannel]
12-28 05:18:19.143 I/wm_task_created( 1508): [45,-1]
12-28 05:18:19.145 I/wm_task_moved( 1508): [45,1,10]
12-28 05:18:19.145 I/wm_task_to_front( 1508): [0,45]
12-28 05:18:19.145 I/wm_create_task( 1508): [0,45]
12-28 05:18:19.145 I/wm_create_activity( 1508): [0,267215884,45,com.android.music/.VideoBrowserActivity,android.intent.action.MAIN,NULL,NULL,270532608]
12-28 05:18:19.146 I/wm_task_moved( 1508): [45,1,10]
12-28 05:18:19.146 I/wm_pause_activity( 1508): [0,186653412,com.android.launcher3/.uioverrides.QuickstepLauncher,userLeaving=true,pauseBackTasks]
12-28 05:18:19.149 I/am_uid_running( 1508): 10084
12-28 05:18:19.150 I/wm_on_top_resumed_lost_called( 2857): [186653412,com.android.launcher3.uioverrides.QuickstepLauncher,topStateChangedWhenResumed]
12-28 05:18:19.150 I/wm_on_paused_called( 2857): [186653412,com.android.launcher3.uioverrides.QuickstepLauncher,performPause]
12-28 05:18:19.152 I/wm_add_to_stopping( 1508): [0,186653412,com.android.launcher3/.uioverrides.QuickstepLauncher,makeInvisible]
12-28 05:18:19.154 I/sysui_multi_action( 1508): [757,803,799,window_time_0,802,1]
12-28 05:18:19.155 I/am_proc_start( 1508): [0,7343,10084,com.android.music,pre-top-activity,{com.android.music/com.android.music.VideoBrowserActivity}]
12-28 05:18:19.169 I/am_proc_bound( 1508): [0,7343,com.android.music]
12-28 05:18:19.176 I/input_focus( 1508): [Focus leaving 2711ce0 com.android.launcher3/com.android.launcher3.uioverrides.QuickstepLauncher (server),reason=NO_WINDOW]
12-28 05:18:19.188 I/wm_restart_activity( 1508): [0,267215884,45,com.android.music/.VideoBrowserActivity]
12-28 05:18:19.188 I/wm_set_resumed_activity( 1508): [0,com.android.music/.VideoBrowserActivity,minimalResumeActivityLocked]
12-28 05:18:19.189 I/am_uid_active( 1508): 10084
12-28 05:18:19.241 I/wm_on_create_called( 7343): [267215884,com.android.music.VideoBrowserActivity,performCreate]
12-28 05:18:19.241 I/wm_on_start_called( 7343): [267215884,com.android.music.VideoBrowserActivity,handleStartActivity]
12-28 05:18:19.242 I/wm_on_resume_called( 7343): [267215884,com.android.music.VideoBrowserActivity,RESUME_ACTIVITY]
12-28 05:18:19.247 I/wm_on_top_resumed_gained_called( 7343): [267215884,com.android.music.VideoBrowserActivity,topStateChangedWhenResumed]
12-28 05:18:19.257 I/input_focus( 1508): [Focus request f29e379 com.android.music/com.android.music.VideoBrowserActivity,reason=UpdateInputWindows]
12-28 05:18:19.316 I/wm_finish_activity( 1508): [0,118839432,44,com.microsoft.emmx/com.microsoft.edge.fre.MicrosoftFirstRunActivity,recent-task-trimmed]
12-28 05:18:19.317 I/wm_destroy_activity( 1508): [0,118839432,44,com.microsoft.emmx/com.microsoft.edge.fre.MicrosoftFirstRunActivity,finish-imm:finishIfPossible]
12-28 05:18:19.317 I/sysui_multi_action( 1508): [319,25,321,23,322,174,325,13213,757,761,758,7,759,1,806,com.android.music,871,com.android.music.VideoBrowserActivity,904,com.android.launcher3,905,0,945,46,1320,4,1321,1]
12-28 05:18:19.317 I/wm_activity_launch_time( 1508): [0,267215884,com.android.music/.VideoBrowserActivity,174]
12-28 05:18:19.318 I/sysui_multi_action( 1508): [757,803,799,window_time_0,802,0]
12-28 05:18:19.326 I/input_focus( 1508): [Focus entering f29e379 com.android.music/com.android.music.VideoBrowserActivity (server),reason=Window became focusable. Previous reason: NOT_VISIBLE]
12-28 05:18:19.351 I/wm_on_destroy_called( 6777): [118839432,com.microsoft.edge.fre.MicrosoftFirstRunActivity,performDestroy]
12-28 05:18:19.379 I/wm_task_removed( 1508): [44,removeChild:removeChild last r=ActivityRecord{7155888 u0 com.microsoft.emmx/com.microsoft.edge.fre.MicrosoftFirstRunActivity t-1 f}} in t=Task{6405221 #44 type=standard A=10030:com.microsoft.emmx U=0 visible=false mode=fullscreen translucent=true sz=0}]
12-28 05:18:19.379 I/wm_task_removed( 1508): [44,removeChild]
12-28 05:18:19.631 I/auditd ( 0): type=1400 audit(0.0:14557): avc: denied { kill } for comm="swapper/7" capability=5 scontext=u:r:kernel:s0 tcontext=u:r:kernel:s0 tclass=capability permissive=0
12-28 05:18:19.694 I/wm_stop_activity( 1508): [0,186653412,com.android.launcher3/.uioverrides.QuickstepLauncher]
12-28 05:18:19.712 I/wm_on_stop_called( 2857): [186653412,com.android.launcher3.uioverrides.QuickstepLauncher,STOP_ACTIVITY_ITEM]
12-28 05:18:20.167 I/input_interaction( 1508): Interaction with: f29e379 com.android.music/com.android.music.VideoBrowserActivity (server), edge-swipe (server), swipe-up (server), PointerEventDispatcher0 (server),
12-28 05:18:20.172 I/wm_task_moved( 1508): [1,0,0]
12-28 05:18:20.172 I/wm_task_moved( 1508): [1,0,8]
12-28 05:18:20.177 I/wm_on_restart_called( 2857): [186653412,com.android.launcher3.uioverrides.QuickstepLauncher,performRestartActivity]
12-28 05:18:20.194 I/wm_on_start_called( 2857): [186653412,com.android.launcher3.uioverrides.QuickstepLauncher,handleStartActivity]
12-28 05:18:20.204 I/sysui_multi_action( 1508): [319,3,322,30,325,13214,757,761,758,9,759,5,806,com.android.launcher3,871,com.android.launcher3.uioverrides.QuickstepLauncher,905,0,1320,4,1321,1]
12-28 05:18:20.221 I/view_enqueue_input_event( 7343): [Motion - Cancel,com.android.music/com.android.music.VideoBrowserActivity]
12-28 05:18:20.232 I/sysui_latency( 2857): [1,32]
12-28 05:18:20.234 I/input_interaction( 1508): Interaction with: edge-swipe (server), swipe-up (server), PointerEventDispatcher0 (server),
12-28 05:18:20.243 I/input_focus( 1508): [Focus request recents_animation_input_consumer,reason=UpdateInputWindows]
12-28 05:18:20.263 I/input_focus( 1508): [Focus leaving f29e379 com.android.music/com.android.music.VideoBrowserActivity (server),reason=NOT_FOCUSABLE]
12-28 05:18:20.263 I/input_focus( 1508): [Focus entering recents_animation_input_consumer (server),reason=setFocusedWindow]
12-28 05:18:20.394 I/commit_sys_config_file( 1508): [settings-1-0,2]
12-28 05:18:20.511 I/sysui_latency( 1508): [8,34]
12-28 05:18:20.631 I/auditd ( 0): type=1400 audit(0.0:14558): avc: denied { kill } for comm="swapper/7" capability=5 scontext=u:r:kernel:s0 tcontext=u:r:kernel:s0 tclass=capability permissive=0
12-28 05:18:20.935 I/auditd ( 6497): type=1400 audit(0.0:14559): avc: denied { read } for comm="mars::6733" name="route" dev="proc" ino=4026532257 scontext=u:r:untrusted_app_29:s0:c97,c256,c512,c768 tcontext=u:object_r:proc_net:s0 tclass=file permissive=0 app=com.tencent.mm
12-28 05:18:20.935 I/auditd ( 6497): type=1400 audit(0.0:14560): avc: granted { nlmsg_readpriv } for comm="mars::6733" scontext=u:r:untrusted_app_29:s0:c97,c256,c512,c768 tcontext=u:r:untrusted_app_29:s0:c97,c256,c512,c768 tclass=netlink_route_socket app=com.tencent.mm
12-28 05:18:20.935 I/auditd ( 6497): type=1400 audit(0.0:14561): avc: granted { nlmsg_readpriv } for comm="mars::6733" scontext=u:r:untrusted_app_29:s0:c97,c256,c512,c768 tcontext=u:r:untrusted_app_29:s0:c97,c256,c512,c768 tclass=netlink_route_socket app=com.tencent.mm
12-28 05:18:21.015 I/wm_task_moved( 1508): [1,1,9]
12-28 05:18:21.017 I/wm_task_moved( 1508): [10,1,2147483647]
12-28 05:18:21.017 I/wm_task_to_front( 1508): [0,10]
12-28 05:18:21.017 I/wm_focused_root_task( 1508): [0,0,1,45,RecentsAnimation.onAnimationFinished()]
12-28 05:18:21.017 I/wm_set_resumed_activity( 1508): [0,com.android.launcher3/.uioverrides.QuickstepLauncher,RecentsAnimation.onAnimationFinished()]
12-28 05:18:21.017 I/wm_pause_activity( 1508): [0,267215884,com.android.music/.VideoBrowserActivity,userLeaving=true,pauseBackTasks]
12-28 05:18:21.018 I/wm_add_to_stopping( 1508): [0,267215884,com.android.music/.VideoBrowserActivity,makeInvisible]
12-28 05:18:21.018 I/wm_set_resumed_activity( 1508): [0,com.android.launcher3/.uioverrides.QuickstepLauncher,resumeTopActivityInnerLocked]
12-28 05:18:21.019 I/wm_resume_activity( 1508): [0,186653412,10,com.android.launcher3/.uioverrides.QuickstepLauncher]
12-28 05:18:21.023 I/wm_on_resume_called( 2857): [186653412,com.android.launcher3.uioverrides.QuickstepLauncher,RESUME_ACTIVITY]
12-28 05:18:21.026 I/input_focus( 1508): [Focus request 2711ce0 com.android.launcher3/com.android.launcher3.uioverrides.QuickstepLauncher,reason=UpdateInputWindows]
12-28 05:18:21.027 I/wm_stop_activity( 1508): [0,267215884,com.android.music/.VideoBrowserActivity]
12-28 05:18:21.028 I/sysui_multi_action( 1508): [757,803,799,window_time_0,802,2]
12-28 05:18:21.029 I/wm_on_top_resumed_lost_called( 7343): [267215884,com.android.music.VideoBrowserActivity,topStateChangedWhenResumed]
12-28 05:18:21.031 I/input_focus( 1508): [Focus leaving recents_animation_input_consumer (server),reason=NOT_VISIBLE]
12-28 05:18:21.031 I/sysui_multi_action( 1508): [757,803,799,window_time_0,802,0]
12-28 05:18:21.032 I/wm_on_top_resumed_gained_called( 2857): [186653412,com.android.launcher3.uioverrides.QuickstepLauncher,topStateChangedWhenResumed]
12-28 05:18:21.032 I/wm_on_paused_called( 7343): [267215884,com.android.music.VideoBrowserActivity,performPause]
12-28 05:18:21.032 I/wm_on_stop_called( 7343): [267215884,com.android.music.VideoBrowserActivity,STOP_ACTIVITY_ITEM]
12-28 05:18:21.046 I/input_focus( 1508): [Focus entering 2711ce0 com.android.launcher3/com.android.launcher3.uioverrides.QuickstepLauncher (server),reason=setFocusedWindow]
12-28 05:18:21.114 I/netstats_mobile_sample( 1508): [0,0,0,0,0,0,0,0,0,0,0,0,1672175901114]
12-28 05:18:21.114 I/netstats_wifi_sample( 1508): [6452343200,4846986,67040908,933475,6452343200,4846986,67040908,933475,6456986798,4895578,56891328,909168,1672175901114]
12-28 05:18:21.159 I/auditd ( 7521): type=1400 audit(0.0:14562): avc: granted { bind } for comm="ip" scontext=u:r:untrusted_app_29:s0:c97,c256,c512,c768 tcontext=u:r:untrusted_app_29:s0:c97,c256,c512,c768 tclass=netlink_route_socket app=com.tencent.mm
12-28 05:18:21.199 I/input_interaction( 1508): Interaction with: 2711ce0 com.android.launcher3/com.android.launcher3.uioverrides.QuickstepLauncher (server), cd21bea com.android.systemui.ImageWallpaper (server), edge-swipe (server), swipe-up (server), PointerEventDispatcher0 (server),
12-28 05:18:21.339 I/wm_task_created( 1508): [46,-1]
12-28 05:18:21.340 I/wm_task_moved( 1508): [46,1,10]
12-28 05:18:21.340 I/wm_task_to_front( 1508): [0,46]
12-28 05:18:21.340 I/wm_create_task( 1508): [0,46]
12-28 05:18:21.340 I/wm_create_activity( 1508): [0,39708086,46,com.android.music/.MusicBrowserActivity,android.intent.action.MAIN,NULL,NULL,270532608]
12-28 05:18:21.340 I/wm_task_moved( 1508): [46,1,10]
12-28 05:18:21.341 I/wm_pause_activity( 1508): [0,186653412,com.android.launcher3/.uioverrides.QuickstepLauncher,userLeaving=true,pauseBackTasks]
12-28 05:18:21.345 I/wm_on_top_resumed_lost_called( 2857): [186653412,com.android.launcher3.uioverrides.QuickstepLauncher,topStateChangedWhenResumed]
12-28 05:18:21.345 I/wm_on_paused_called( 2857): [186653412,com.android.launcher3.uioverrides.QuickstepLauncher,performPause]
12-28 05:18:21.347 I/wm_add_to_stopping( 1508): [0,186653412,com.android.launcher3/.uioverrides.QuickstepLauncher,makeInvisible]
12-28 05:18:21.347 I/wm_restart_activity( 1508): [0,39708086,46,com.android.music/.MusicBrowserActivity]
12-28 05:18:21.348 I/wm_set_resumed_activity( 1508): [0,com.android.music/.MusicBrowserActivity,minimalResumeActivityLocked]
12-28 05:18:21.352 I/sysui_multi_action( 1508): [757,803,799,window_time_0,802,0]
12-28 05:18:21.358 I/wm_task_moved( 1508): [46,1,10]
12-28 05:18:21.358 I/wm_set_resumed_activity( 1508): [0,com.android.music/.MusicBrowserActivity,positionChildAt]
12-28 05:18:21.358 I/wm_create_activity( 1508): [0,242218382,46,com.android.music/com.codeaurora.music.custom.PermissionActivity,NULL,NULL,NULL,268435456]
12-28 05:18:21.359 I/wm_pause_activity( 1508): [0,39708086,com.android.music/.MusicBrowserActivity,userLeaving=true,resumeTopActivityInnerLocked]
12-28 05:18:21.360 I/wm_finish_activity( 1508): [0,39708086,46,com.android.music/.MusicBrowserActivity,app-request]
12-28 05:18:21.365 I/input_focus( 1508): [Focus leaving 2711ce0 com.android.launcher3/com.android.launcher3.uioverrides.QuickstepLauncher (server),reason=NO_WINDOW]
12-28 05:18:21.370 I/am_proc_died( 1508): [0,7343,com.android.music,0,2]
12-28 05:18:21.371 I/am_uid_stopped( 1508): 10084
12-28 05:18:21.373 I/am_mem_factor( 1508): [1,0]
12-28 05:18:21.377 I/am_uid_running( 1508): 10084
12-28 05:18:21.385 I/am_proc_start( 1508): [0,7550,10084,com.android.music,top-activity,{com.android.music/com.codeaurora.music.custom.PermissionActivity}]
12-28 05:18:21.394 I/am_proc_bound( 1508): [0,7550,com.android.music]
12-28 05:18:21.397 I/wm_restart_activity( 1508): [0,242218382,46,com.android.music/com.codeaurora.music.custom.PermissionActivity]
12-28 05:18:21.397 I/wm_set_resumed_activity( 1508): [0,com.android.music/com.codeaurora.music.custom.PermissionActivity,minimalResumeActivityLocked]
12-28 05:18:21.397 I/am_uid_active( 1508): 10084
12-28 05:18:21.429 I/wm_task_moved( 1508): [46,1,10]
12-28 05:18:21.429 I/wm_set_resumed_activity( 1508): [0,com.android.music/com.codeaurora.music.custom.PermissionActivity,positionChildAt]
12-28 05:18:21.429 I/wm_create_activity( 1508): [0,145674677,46,com.android.permissioncontroller/.permission.ui.GrantPermissionsActivity,android.content.pm.action.REQUEST_PERMISSIONS,NULL,NULL,8388608]
