12-31 01:57:50.634 1488 1606 I am_wtf : [0,1488,system_server,-1,DisplayDeviceConfig,requesting nits when no mapping exists.]
12-31 01:57:50.649 1488 1871 E DisplayDeviceConfig: requesting nits when no mapping exists.
12-31 01:57:50.649 1488 1871 E DisplayDeviceConfig: requesting nits when no mapping exists.
12-31 01:57:50.649 1488 1606 I am_wtf : [0,1488,system_server,-1,DisplayDeviceConfig,requesting nits when no mapping exists.]
12-31 01:57:50.650 1488 1606 I am_wtf : [0,1488,system_server,-1,DisplayDeviceConfig,requesting nits when no mapping exists.]
12-31 01:57:50.651 1488 1606 I service_manager_stats: [100,44,441931]
12-31 01:57:50.666 1488 1871 E DisplayDeviceConfig: requesting nits when no mapping exists.
12-31 01:57:50.666 1488 1871 E DisplayDeviceConfig: requesting nits when no mapping exists.
12-31 01:57:50.666 1488 1606 I am_wtf : [0,1488,system_server,-1,DisplayDeviceConfig,requesting nits when no mapping exists.]
12-31 01:57:50.667 1488 1606 I am_wtf : [0,1488,system_server,-1,DisplayDeviceConfig,requesting nits when no mapping exists.]
12-31 01:57:50.682 1488 1871 E DisplayDeviceConfig: requesting nits when no mapping exists.
12-31 01:57:50.683 1488 1871 E DisplayDeviceConfig: requesting nits when no mapping exists.
12-31 01:57:50.683 1488 1606 I am_wtf : [0,1488,system_server,-1,DisplayDeviceConfig,requesting nits when no mapping exists.]
12-31 01:57:50.684 1488 1606 I am_wtf : [0,1488,system_server,-1,DisplayDeviceConfig,requesting nits when no mapping exists.]
12-31 01:57:50.699 1488 1871 E DisplayDeviceConfig: requesting nits when no mapping exists.
12-31 01:57:50.700 1488 1871 E DisplayDeviceConfig: requesting nits when no mapping exists.
12-31 01:57:50.700 1488 1606 I am_wtf : [0,1488,system_server,-1,DisplayDeviceConfig,requesting nits when no mapping exists.]
12-31 01:57:50.701 1488 1606 I am_wtf : [0,1488,system_server,-1,DisplayDeviceConfig,requesting nits when no mapping exists.]
12-31 01:57:50.716 1488 1871 E DisplayDeviceConfig: requesting nits when no mapping exists.
12-31 01:57:50.716 1488 1871 E DisplayDeviceConfig: requesting nits when no mapping exists.
12-31 01:57:50.716 1488 1606 I am_wtf : [0,1488,system_server,-1,DisplayDeviceConfig,requesting nits when no mapping exists.]
12-31 01:57:50.717 1488 1606 I am_wtf : [0,1488,system_server,-1,DisplayDeviceConfig,requesting nits when no mapping exists.]
12-31 01:57:50.733 1488 1871 E DisplayDeviceConfig: requesting nits when no mapping exists.
12-31 01:57:50.734 1488 1871 E DisplayDeviceConfig: requesting nits when no mapping exists.
12-31 01:57:50.734 1488 1606 I am_wtf : [0,1488,system_server,-1,DisplayDeviceConfig,requesting nits when no mapping exists.]
12-31 01:57:50.735 1488 1606 I am_wtf : [0,1488,system_server,-1,DisplayDeviceConfig,requesting nits when no mapping exists.]
12-31 01:57:50.749 1488 1871 E DisplayDeviceConfig: requesting nits when no mapping exists.
12-31 01:57:50.750 1488 1871 E DisplayDeviceConfig: requesting nits when no mapping exists.
12-31 01:57:50.750 1488 1606 I am_wtf : [0,1488,system_server,-1,DisplayDeviceConfig,requesting nits when no mapping exists.]
12-31 01:57:50.751 1488 1606 I am_wtf : [0,1488,system_server,-1,DisplayDeviceConfig,requesting nits when no mapping exists.]
12-31 01:57:50.766 1488 1871 E DisplayDeviceConfig: requesting nits when no mapping exists.
12-31 01:57:50.767 1488 1871 E DisplayDeviceConfig: requesting nits when no mapping exists.
12-31 01:57:50.767 1488 1606 I am_wtf : [0,1488,system_server,-1,DisplayDeviceConfig,requesting nits when no mapping exists.]
12-31 01:57:50.768 1488 1606 I am_wtf : [0,1488,system_server,-1,DisplayDeviceConfig,requesting nits when no mapping exists.]
12-31 01:57:50.783 1488 1871 E DisplayDeviceConfig: requesting nits when no mapping exists.
12-31 01:57:50.783 1488 1871 E DisplayDeviceConfig: requesting nits when no mapping exists.
12-31 01:57:50.784 1488 1606 I am_wtf : [0,1488,system_server,-1,DisplayDeviceConfig,requesting nits when no mapping exists.]
12-31 01:57:50.785 1488 1606 I am_wtf : [0,1488,system_server,-1,DisplayDeviceConfig,requesting nits when no mapping exists.]
12-31 01:57:50.799 1488 1871 E DisplayDeviceConfig: requesting nits when no mapping exists.
12-31 01:57:50.800 1488 1871 E DisplayDeviceConfig: requesting nits when no mapping exists.
12-31 01:57:50.800 1488 1606 I am_wtf : [0,1488,system_server,-1,DisplayDeviceConfig,requesting nits when no mapping exists.]
12-31 01:57:50.801 1488 1606 I am_wtf : [0,1488,system_server,-1,DisplayDeviceConfig,requesting nits when no mapping exists.]
12-31 01:57:50.816 1488 1871 E DisplayDeviceConfig: requesting nits when no mapping exists.
12-31 01:57:50.816 1488 1606 I am_wtf : [0,1488,system_server,-1,DisplayDeviceConfig,requesting nits when no mapping exists.]
12-31 01:57:50.817 1488 1871 E DisplayDeviceConfig: requesting nits when no mapping exists.
12-31 01:57:50.817 1488 1606 I am_wtf : [0,1488,system_server,-1,DisplayDeviceConfig,requesting nits when no mapping exists.]
12-31 01:57:50.833 1488 1871 E DisplayDeviceConfig: requesting nits when no mapping exists.
12-31 01:57:50.834 1488 1871 E DisplayDeviceConfig: requesting nits when no mapping exists.
12-31 01:57:50.834 1488 1606 I am_wtf : [0,1488,system_server,-1,DisplayDeviceConfig,requesting nits when no mapping exists.]
12-31 01:57:50.835 1488 1606 I am_wtf : [0,1488,system_server,-1,DisplayDeviceConfig,requesting nits when no mapping exists.]
12-31 01:57:50.850 1488 1871 E DisplayDeviceConfig: requesting nits when no mapping exists.
12-31 01:57:50.850 1488 1871 E DisplayDeviceConfig: requesting nits when no mapping exists.
12-31 01:57:50.850 1488 1606 I am_wtf : [0,1488,system_server,-1,DisplayDeviceConfig,requesting nits when no mapping exists.]
12-31 01:57:50.851 1488 1606 I am_wtf : [0,1488,system_server,-1,DisplayDeviceConfig,requesting nits when no mapping exists.]
12-31 01:57:50.866 1488 1871 E DisplayDeviceConfig: requesting nits when no mapping exists.
12-31 01:57:50.866 1488 1871 E DisplayDeviceConfig: requesting nits when no mapping exists.
12-31 01:57:50.867 1488 1606 I am_wtf : [0,1488,system_server,-1,DisplayDeviceConfig,requesting nits when no mapping exists.]
12-31 01:57:50.867 1488 1606 I am_wtf : [0,1488,system_server,-1,DisplayDeviceConfig,requesting nits when no mapping exists.]
12-31 01:57:50.883 1488 1871 E DisplayDeviceConfig: requesting nits when no mapping exists.
12-31 01:57:50.883 1488 1871 E DisplayDeviceConfig: requesting nits when no mapping exists.
12-31 01:57:50.883 1488 1606 I am_wtf : [0,1488,system_server,-1,DisplayDeviceConfig,requesting nits when no mapping exists.]
12-31 01:57:50.884 1488 1606 I am_wtf : [0,1488,system_server,-1,DisplayDeviceConfig,requesting nits when no mapping exists.]
12-31 01:57:50.899 1488 1871 E DisplayDeviceConfig: requesting nits when no mapping exists.
12-31 01:57:50.900 1488 1871 E DisplayDeviceConfig: requesting nits when no mapping exists.
12-31 01:57:50.900 1488 1606 I am_wtf : [0,1488,system_server,-1,DisplayDeviceConfig,requesting nits when no mapping exists.]
12-31 01:57:50.901 1488 1606 I am_wtf : [0,1488,system_server,-1,DisplayDeviceConfig,requesting nits when no mapping exists.]
12-31 01:57:50.916 1488 1871 E DisplayDeviceConfig: requesting nits when no mapping exists.
12-31 01:57:50.917 1488 1871 E DisplayDeviceConfig: requesting nits when no mapping exists.
12-31 01:57:50.917 1488 1606 I am_wtf : [0,1488,system_server,-1,DisplayDeviceConfig,requesting nits when no mapping exists.]
12-31 01:57:50.918 1488 1606 I am_wtf : [0,1488,system_server,-1,DisplayDeviceConfig,requesting nits when no mapping exists.]
12-31 01:57:50.933 1488 1871 E DisplayDeviceConfig: requesting nits when no mapping exists.
12-31 01:57:50.933 1488 1606 I am_wtf : [0,1488,system_server,-1,DisplayDeviceConfig,requesting nits when no mapping exists.]
12-31 01:57:50.933 1488 1871 E DisplayDeviceConfig: requesting nits when no mapping exists.
12-31 01:57:50.934 1488 1606 I am_wtf : [0,1488,system_server,-1,DisplayDeviceConfig,requesting nits when no mapping exists.]
12-31 01:57:50.950 1488 1871 E DisplayDeviceConfig: requesting nits when no mapping exists.
12-31 01:57:50.950 1488 1606 I am_wtf : [0,1488,system_server,-1,DisplayDeviceConfig,requesting nits when no mapping exists.]
12-31 01:57:50.950 1488 1871 E DisplayDeviceConfig: requesting nits when no mapping exists.
12-31 01:57:50.951 1488 1606 I am_wtf : [0,1488,system_server,-1,DisplayDeviceConfig,requesting nits when no mapping exists.]
12-31 01:57:50.966 1488 1871 E DisplayDeviceConfig: requesting nits when no mapping exists.
12-31 01:57:50.967 1488 1606 I am_wtf : [0,1488,system_server,-1,DisplayDeviceConfig,requesting nits when no mapping exists.]
12-31 01:57:50.967 1488 1871 E DisplayDeviceConfig: requesting nits when no mapping exists.
12-31 01:57:50.967 1488 1606 I am_wtf : [0,1488,system_server,-1,DisplayDeviceConfig,requesting nits when no mapping exists.]
12-31 01:57:50.983 1488 1871 E DisplayDeviceConfig: requesting nits when no mapping exists.
12-31 01:57:50.983 1488 1606 I am_wtf : [0,1488,system_server,-1,DisplayDeviceConfig,requesting nits when no mapping exists.]
12-31 01:57:50.983 1488 1871 E DisplayDeviceConfig: requesting nits when no mapping exists.
12-31 01:57:50.984 1488 1606 I am_wtf : [0,1488,system_server,-1,DisplayDeviceConfig,requesting nits when no mapping exists.]
12-31 01:57:51.000 1488 1871 E DisplayDeviceConfig: requesting nits when no mapping exists.
12-31 01:57:51.000 1488 1606 I am_wtf : [0,1488,system_server,-1,DisplayDeviceConfig,requesting nits when no mapping exists.]
12-31 01:57:51.000 1488 1871 E DisplayDeviceConfig: requesting nits when no mapping exists.
12-31 01:57:51.001 1488 1606 I am_wtf : [0,1488,system_server,-1,DisplayDeviceConfig,requesting nits when no mapping exists.]
12-31 01:57:51.016 1488 1871 E DisplayDeviceConfig: requesting nits when no mapping exists.
12-31 01:57:51.017 1488 1606 I am_wtf : [0,1488,system_server,-1,DisplayDeviceConfig,requesting nits when no mapping exists.]
12-31 01:57:51.017 1488 1871 E DisplayDeviceConfig: requesting nits when no mapping exists.
12-31 01:57:51.017 1488 1606 I am_wtf : [0,1488,system_server,-1,DisplayDeviceConfig,requesting nits when no mapping exists.]
12-31 01:57:51.033 1488 1871 E DisplayDeviceConfig: requesting nits when no mapping exists.
12-31 01:57:51.034 1488 1606 I am_wtf : [0,1488,system_server,-1,DisplayDeviceConfig,requesting nits when no mapping exists.]
12-31 01:57:51.034 1488 1871 E DisplayDeviceConfig: requesting nits when no mapping exists.
12-31 01:57:51.034 1488 1606 I am_wtf : [0,1488,system_server,-1,DisplayDeviceConfig,requesting nits when no mapping exists.]
12-31 01:57:51.050 1488 1871 E DisplayDeviceConfig: requesting nits when no mapping exists.
12-31 01:57:51.050 1488 1606 I am_wtf : [0,1488,system_server,-1,DisplayDeviceConfig,requesting nits when no mapping exists.]
12-31 01:57:51.050 1488 1871 E DisplayDeviceConfig: requesting nits when no mapping exists.
12-31 01:57:51.051 1488 1606 I am_wtf : [0,1488,system_server,-1,DisplayDeviceConfig,requesting nits when no mapping exists.]
12-31 01:57:51.066 1488 1871 E DisplayDeviceConfig: requesting nits when no mapping exists.
12-31 01:57:51.067 1488 1871 E DisplayDeviceConfig: requesting nits when no mapping exists.
12-31 01:57:51.067 1488 1606 I am_wtf : [0,1488,system_server,-1,DisplayDeviceConfig,requesting nits when no mapping exists.]
12-31 01:57:51.068 1488 1606 I am_wtf : [0,1488,system_server,-1,DisplayDeviceConfig,requesting nits when no mapping exists.]
12-31 01:57:51.083 1488 1871 E DisplayDeviceConfig: requesting nits when no mapping exists.
12-31 01:57:51.084 1488 1606 I am_wtf : [0,1488,system_server,-1,DisplayDeviceConfig,requesting nits when no mapping exists.]
12-31 01:57:51.084 1488 1871 E DisplayDeviceConfig: requesting nits when no mapping exists.
12-31 01:57:51.084 1488 1606 I am_wtf : [0,1488,system_server,-1,DisplayDeviceConfig,requesting nits when no mapping exists.]
12-31 01:57:51.100 1488 1871 E DisplayDeviceConfig: requesting nits when no mapping exists.
12-31 01:57:51.100 1488 1606 I am_wtf : [0,1488,system_server,-1,DisplayDeviceConfig,requesting nits when no mapping exists.]
12-31 01:57:51.100 1488 1871 E DisplayDeviceConfig: requesting nits when no mapping exists.
12-31 01:57:51.101 1488 1606 I am_wtf : [0,1488,system_server,-1,DisplayDeviceConfig,requesting nits when no mapping exists.]
12-31 01:57:51.116 1488 1871 E DisplayDeviceConfig: requesting nits when no mapping exists.
12-31 01:57:51.117 1488 1871 E DisplayDeviceConfig: requesting nits when no mapping exists.
12-31 01:57:51.118 1488 1606 I am_wtf : [0,1488,system_server,-1,DisplayDeviceConfig,requesting nits when no mapping exists.]
12-31 01:57:51.119 1488 1606 I am_wtf : [0,1488,system_server,-1,DisplayDeviceConfig,requesting nits when no mapping exists.]
12-31 01:57:57.564 1488 1622 I PowerManagerService: Napping display group (groupId=0, uid=1000)...
12-31 01:57:57.564 1488 1622 I PowerManagerService: Nap time (uid 1000)...
12-31 01:57:57.566 1488 1622 I DreamManagerService: Entering dreamland.
12-31 01:57:57.571 1488 1622 I PowerManagerService: Dreaming...
12-31 01:57:57.575 1488 1593 I DreamController: Starting dream: name=ComponentInfo{com.thundercomm.screensaver/com.thundercomm.saverclock.service.ClockScreensaver}, isTest=false, canDoze=false, userId=0
12-31 01:57:57.575 1488 1593 I sysui_multi_action: [757,222,758,1]
12-31 01:57:57.587 1488 1520 I ActivityTaskManager: START u0 {flg=0x10000000 pkg=com.thundercomm.screensaver cmp=com.thundercomm.screensaver/android.service.dreams.DreamActivity (has extras)} from uid 10052
12-31 01:57:57.589 1488 1520 I wm_task_created: [27,-1]
12-31 01:57:57.589 1488 1520 W ActivityTaskManager: Can't find TaskDisplayArea to determine support for multi window. Task id=27 attached=false
12-31 01:57:57.593 1488 1520 I wm_task_moved: [27,1,7]
12-31 01:57:57.593 1488 1520 I wm_task_to_front: [0,27]
12-31 01:57:57.593 1488 1520 I wm_create_task: [0,27]
12-31 01:57:57.593 1488 1520 I wm_create_activity: [0,148454256,27,com.thundercomm.screensaver/android.service.dreams.DreamActivity,NULL,NULL,NULL,276824064]
12-31 01:57:57.593 1488 1520 I wm_task_moved: [27,1,7]
12-31 01:57:57.593 4458 4458 I wm_on_top_resumed_lost_called: [205731203,com.thundercomm.mcuupgrade.MainActivity,topStateChangedWhenResumed]
12-31 01:57:57.594 1488 1520 I wm_pause_activity: [0,205731203,com.thundercomm.mcuupgrade/.MainActivity,userLeaving=true,pauseBackTasks]
12-31 01:57:57.595 4458 4458 I wm_on_paused_called: [205731203,com.thundercomm.mcuupgrade.MainActivity,performPause]
12-31 01:57:57.596 1488 1520 I ActivityTaskManager: FOREGROUND_APPLICATION_CHANGED to android.service.dreams.DreamActivity
12-31 01:57:57.597 1488 1520 I ActivityTaskManager: The Process com.thundercomm.screensaver Already Exists in BG. So sending its PID: 3973
12-31 01:57:57.597 1488 1520 W ActivityTaskManager: Tried to set launchTime (0) < mLastActivityLaunchTime (2154362)
12-31 01:57:57.597 1488 1520 I wm_add_to_stopping: [0,205731203,com.thundercomm.mcuupgrade/.MainActivity,makeInvisible]
12-31 01:57:57.597 1488 1520 I wm_restart_activity: [0,148454256,27,com.thundercomm.screensaver/android.service.dreams.DreamActivity]
12-31 01:57:57.598 1488 1520 I wm_set_resumed_activity: [0,com.thundercomm.screensaver/android.service.dreams.DreamActivity,minimalResumeActivityLocked]
12-31 01:57:57.601 1488 1596 I sysui_multi_action: [757,803,799,window_time_0,802,60]
12-31 01:57:57.602 3973 3973 I wm_on_create_called: [148454256,android.service.dreams.DreamActivity,performCreate]
12-31 01:57:57.603 3973 3973 I wm_on_start_called: [148454256,android.service.dreams.DreamActivity,handleStartActivity]
12-31 01:57:57.603 3973 3973 I wm_on_resume_called: [148454256,android.service.dreams.DreamActivity,RESUME_ACTIVITY]
12-31 01:57:57.604 1488 4658 W WindowManager: Failed looking up window session=Session{70b2ea8 3973:u0a10052} callers=com.android.server.wm.WindowManagerService.windowForClientLocked:5628 com.android.server.wm.Session.insetsModified:629 android.view.IWindowSession$Stub.onTransact:1151
12-31 01:57:57.605 3973 3973 I wm_on_top_resumed_gained_called: [148454256,android.service.dreams.DreamActivity,topStateChangedWhenResumed]
12-31 01:57:57.606 2412 3733 W ContextImpl: Calling a method in the system process without a qualified user: android.app.ContextImpl.startService:1816 android.content.ContextWrapper.startService:774 com.thundercomm.gamemode.ingame.services.GameModeActionUtils.startGameModeService:99 com.thundercomm.gamemode.ingame.services.GameModeActionUtils.startGameModeEntry:22 com.thundercomm.gamemode.ingame.services.ActivityMonitoringService$1.onActivityLaunch:127
12-31 01:57:57.609 1488 1488 I GameModeConfig: Current uri is uri = content://com.thundercomm.gamemode.api/gamemode_settings/gamemode_isgaming
12-31 01:57:57.610 1488 1488 I GameModeConfig: isGameModeOn = false
12-31 01:57:57.611 1488 1488 I GameModeConfig: isGameModeOn = false
12-31 01:57:57.611 1488 1488 I GameModeConfig: isDisableVoice = true
12-31 01:57:57.622 1488 1597 I input_focus: [Focus request 5ee9e9c com.thundercomm.screensaver/android.service.dreams.DreamActivity,reason=UpdateInputWindows]
12-31 01:57:57.632 1488 1593 I sysui_multi_action: [319,43,322,40,325,2603,757,761,758,8,759,2,806,com.thundercomm.screensaver,871,android.service.dreams.DreamActivity,904,com.thundercomm.screensaver,905,0,1320,4,1321,2]
12-31 01:57:57.632 1488 1593 I wm_activity_launch_time: [0,148454256,com.thundercomm.screensaver/android.service.dreams.DreamActivity,40]
12-31 01:57:57.632 1488 1622 V DisplayPowerController[0]: Brightness [1.0] reason changing to: 'manual', previous reason: 'manual [ dim ]'.
12-31 01:57:57.632 1488 1622 I sysui_multi_action: [757,1696,758,6,759,3]
12-31 01:57:57.633 1488 1682 I input_focus: [Focus leaving b78bf51 com.thundercomm.mcuupgrade/com.thundercomm.mcuupgrade.MainActivity (server),reason=NO_WINDOW]
12-31 01:57:57.648 1488 1871 E DisplayDeviceConfig: requesting nits when no mapping exists.
12-31 01:57:57.648 1488 1606 I am_wtf : [0,1488,system_server,-1,DisplayDeviceConfig,requesting nits when no mapping exists.]
12-31 01:57:57.648 1488 1871 E DisplayDeviceConfig: requesting nits when no mapping exists.
12-31 01:57:57.650 1488 1606 I am_wtf : [0,1488,system_server,-1,DisplayDeviceConfig,requesting nits when no mapping exists.]
12-31 01:57:57.665 1488 1871 E DisplayDeviceConfig: requesting nits when no mapping exists.
12-31 01:57:57.665 1488 1871 E DisplayDeviceConfig: requesting nits when no mapping exists.
12-31 01:57:57.665 1488 1606 I am_wtf : [0,1488,system_server,-1,DisplayDeviceConfig,requesting nits when no mapping exists.]
12-31 01:57:57.666 1488 1606 I am_wtf : [0,1488,system_server,-1,DisplayDeviceConfig,requesting nits when no mapping exists.]
12-31 01:57:57.666 1488 1682 I input_focus: [Focus entering 5ee9e9c com.thundercomm.screensaver/android.service.dreams.DreamActivity (server),reason=Window became focusable. Previous reason: NOT_VISIBLE]
12-31 01:57:57.681 1488 1871 E DisplayDeviceConfig: requesting nits when no mapping exists.
12-31 01:57:57.681 1488 1871 E DisplayDeviceConfig: requesting nits when no mapping exists.
12-31 01:57:57.682 1488 1606 I am_wtf : [0,1488,system_server,-1,DisplayDeviceConfig,requesting nits when no mapping exists.]
12-31 01:57:57.682 1488 1606 I am_wtf : [0,1488,system_server,-1,DisplayDeviceConfig,requesting nits when no mapping exists.]
12-31 01:57:57.698 1488 1871 E DisplayDeviceConfig: requesting nits when no mapping exists.
12-31 01:57:57.699 1488 1606 I am_wtf : [0,1488,system_server,-1,DisplayDeviceConfig,requesting nits when no mapping exists.]
12-31 01:57:57.699 1488 1871 E DisplayDeviceConfig: requesting nits when no mapping exists.
12-31 01:57:57.699 1488 1606 I am_wtf : [0,1488,system_server,-1,DisplayDeviceConfig,requesting nits when no mapping exists.]
12-31 01:57:57.702 2412 3733 W ContextImpl: Calling a method in the system process without a qualified user: android.app.ContextImpl.startService:1816 android.content.ContextWrapper.startService:774 com.thundercomm.gamemode.ingame.services.GameModeActionUtils.startGameModeService:99 com.thundercomm.gamemode.ingame.services.GameModeActionUtils.startGameModeEntry:22 com.thundercomm.gamemode.ingame.services.ActivityMonitoringService$1.onActivityLaunch:127
12-31 01:57:57.703 1488 1488 I GameModeConfig: Current uri is uri = content://com.thundercomm.gamemode.api/gamemode_settings/gamemode_isgaming
12-31 01:57:57.704 1488 1488 I GameModeConfig: isGameModeOn = false
12-31 01:57:57.704 1488 1488 I GameModeConfig: isGameModeOn = false
12-31 01:57:57.704 1488 1488 I GameModeConfig: isDisableVoice = true
12-31 01:57:57.716 1488 1871 E DisplayDeviceConfig: requesting nits when no mapping exists.
12-31 01:57:57.716 1488 1871 E DisplayDeviceConfig: requesting nits when no mapping exists.
12-31 01:57:57.716 1488 1606 I am_wtf : [0,1488,system_server,-1,DisplayDeviceConfig,requesting nits when no mapping exists.]
12-31 01:57:57.717 1488 1606 I am_wtf : [0,1488,system_server,-1,DisplayDeviceConfig,requesting nits when no mapping exists.]
12-31 01:57:57.732 1488 1871 E DisplayDeviceConfig: requesting nits when no mapping exists.
12-31 01:57:57.732 1488 1871 E DisplayDeviceConfig: requesting nits when no mapping exists.
12-31 01:57:57.732 1488 1606 I am_wtf : [0,1488,system_server,-1,DisplayDeviceConfig,requesting nits when no mapping exists.]
12-31 01:57:57.732 1488 1606 I am_wtf : [0,1488,system_server,-1,DisplayDeviceConfig,requesting nits when no mapping exists.]
12-31 01:57:57.748 1488 1871 E DisplayDeviceConfig: requesting nits when no mapping exists.
12-31 01:57:57.749 1488 1871 E DisplayDeviceConfig: requesting nits when no mapping exists.
12-31 01:57:57.749 1488 1606 I am_wtf : [0,1488,system_server,-1,DisplayDeviceConfig,requesting nits when no mapping exists.]
12-31 01:57:57.749 1488 1606 I am_wtf : [0,1488,system_server,-1,DisplayDeviceConfig,requesting nits when no mapping exists.]
12-31 01:57:57.765 1488 1871 E DisplayDeviceConfig: requesting nits when no mapping exists.
12-31 01:57:57.766 1488 1871 E DisplayDeviceConfig: requesting nits when no mapping exists.
12-31 01:57:57.766 1488 1606 I am_wtf : [0,1488,system_server,-1,DisplayDeviceConfig,requesting nits when no mapping exists.]
12-31 01:57:57.766 1488 1606 I am_wtf : [0,1488,system_server,-1,DisplayDeviceConfig,requesting nits when no mapping exists.]
12-31 01:57:57.782 1488 1871 E DisplayDeviceConfig: requesting nits when no mapping exists.
12-31 01:57:57.782 1488 1871 E DisplayDeviceConfig: requesting nits when no mapping exists.
12-31 01:57:57.782 1488 1606 I am_wtf : [0,1488,system_server,-1,DisplayDeviceConfig,requesting nits when no mapping exists.]
12-31 01:57:57.782 1488 1606 I am_wtf : [0,1488,system_server,-1,DisplayDeviceConfig,requesting nits when no mapping exists.]
12-31 01:57:57.799 1488 1871 E DisplayDeviceConfig: requesting nits when no mapping exists.
12-31 01:57:57.799 1488 1871 E DisplayDeviceConfig: requesting nits when no mapping exists.
12-31 01:57:57.799 1488 1606 I am_wtf : [0,1488,system_server,-1,DisplayDeviceConfig,requesting nits when no mapping exists.]
12-31 01:57:57.799 1488 1606 I am_wtf : [0,1488,system_server,-1,DisplayDeviceConfig,requesting nits when no mapping exists.]
12-31 01:57:57.816 1488 1871 E DisplayDeviceConfig: requesting nits when no mapping exists.
12-31 01:57:57.816 1488 1871 E DisplayDeviceConfig: requesting nits when no mapping exists.
12-31 01:57:57.816 1488 1606 I am_wtf : [0,1488,system_server,-1,DisplayDeviceConfig,requesting nits when no mapping exists.]
12-31 01:57:57.816 1488 1606 I am_wtf : [0,1488,system_server,-1,DisplayDeviceConfig,requesting nits when no mapping exists.]
12-31 01:57:57.832 1488 1871 E DisplayDeviceConfig: requesting nits when no mapping exists.
12-31 01:57:57.833 1488 1871 E DisplayDeviceConfig: requesting nits when no mapping exists.
12-31 01:57:57.833 1488 1606 I am_wtf : [0,1488,system_server,-1,DisplayDeviceConfig,requesting nits when no mapping exists.]
12-31 01:57:57.833 1488 1606 I am_wtf : [0,1488,system_server,-1,DisplayDeviceConfig,requesting nits when no mapping exists.]
12-31 01:57:57.849 1488 1871 E DisplayDeviceConfig: requesting nits when no mapping exists.
12-31 01:57:57.849 1488 1871 E DisplayDeviceConfig: requesting nits when no mapping exists.
12-31 01:57:57.849 1488 1606 I am_wtf : [0,1488,system_server,-1,DisplayDeviceConfig,requesting nits when no mapping exists.]
12-31 01:57:57.850 1488 1606 I am_wtf : [0,1488,system_server,-1,DisplayDeviceConfig,requesting nits when no mapping exists.]
12-31 01:57:57.865 1488 1871 E DisplayDeviceConfig: requesting nits when no mapping exists.
12-31 01:57:57.865 1488 1871 E DisplayDeviceConfig: requesting nits when no mapping exists.
12-31 01:57:57.865 1488 1606 I am_wtf : [0,1488,system_server,-1,DisplayDeviceConfig,requesting nits when no mapping exists.]
12-31 01:57:57.865 1488 1606 I am_wtf : [0,1488,system_server,-1,DisplayDeviceConfig,requesting nits when no mapping exists.]
12-31 01:57:57.882 1488 1871 E DisplayDeviceConfig: requesting nits when no mapping exists.
12-31 01:57:57.882 1488 1871 E DisplayDeviceConfig: requesting nits when no mapping exists.
12-31 01:57:57.882 1488 1606 I am_wtf : [0,1488,system_server,-1,DisplayDeviceConfig,requesting nits when no mapping exists.]
12-31 01:57:57.883 1488 1606 I am_wtf : [0,1488,system_server,-1,DisplayDeviceConfig,requesting nits when no mapping exists.]
12-31 01:57:57.899 1488 1871 E DisplayDeviceConfig: requesting nits when no mapping exists.
12-31 01:57:57.899 1488 1871 E DisplayDeviceConfig: requesting nits when no mapping exists.
12-31 01:57:57.899 1488 1606 I am_wtf : [0,1488,system_server,-1,DisplayDeviceConfig,requesting nits when no mapping exists.]
12-31 01:57:57.899 1488 1606 I am_wtf : [0,1488,system_server,-1,DisplayDeviceConfig,requesting nits when no mapping exists.]
12-31 01:57:57.915 1488 1871 E DisplayDeviceConfig: requesting nits when no mapping exists.
12-31 01:57:57.915 1488 1871 E DisplayDeviceConfig: requesting nits when no mapping exists.
12-31 01:57:57.915 1488 1606 I am_wtf : [0,1488,system_server,-1,DisplayDeviceConfig,requesting nits when no mapping exists.]
12-31 01:57:57.916 1488 1606 I am_wtf : [0,1488,system_server,-1,DisplayDeviceConfig,requesting nits when no mapping exists.]
12-31 01:57:57.932 1488 1871 E DisplayDeviceConfig: requesting nits when no mapping exists.
12-31 01:57:57.933 1488 1871 E DisplayDeviceConfig: requesting nits when no mapping exists.
12-31 01:57:57.933 1488 1606 I am_wtf : [0,1488,system_server,-1,DisplayDeviceConfig,requesting nits when no mapping exists.]
12-31 01:57:57.933 1488 1606 I am_wtf : [0,1488,system_server,-1,DisplayDeviceConfig,requesting nits when no mapping exists.]
12-31 01:57:57.949 1488 1871 E DisplayDeviceConfig: requesting nits when no mapping exists.
12-31 01:57:57.949 1488 1871 E DisplayDeviceConfig: requesting nits when no mapping exists.
12-31 01:57:57.949 1488 1606 I am_wtf : [0,1488,system_server,-1,DisplayDeviceConfig,requesting nits when no mapping exists.]
12-31 01:57:57.950 1488 1606 I am_wtf : [0,1488,system_server,-1,DisplayDeviceConfig,requesting nits when no mapping exists.]
12-31 01:57:57.966 1488 1871 E DisplayDeviceConfig: requesting nits when no mapping exists.
12-31 01:57:57.966 1488 1871 E DisplayDeviceConfig: requesting nits when no mapping exists.
12-31 01:57:57.966 1488 1606 I am_wtf : [0,1488,system_server,-1,DisplayDeviceConfig,requesting nits when no mapping exists.]
12-31 01:57:57.966 1488 1606 I am_wtf : [0,1488,system_server,-1,DisplayDeviceConfig,requesting nits when no mapping exists.]
12-31 01:57:57.982 1488 1871 E DisplayDeviceConfig: requesting nits when no mapping exists.
12-31 01:57:57.982 1488 1871 E DisplayDeviceConfig: requesting nits when no mapping exists.
12-31 01:57:57.982 1488 1606 I am_wtf : [0,1488,system_server,-1,DisplayDeviceConfig,requesting nits when no mapping exists.]
12-31 01:57:57.982 1488 1606 I am_wtf : [0,1488,system_server,-1,DisplayDeviceConfig,requesting nits when no mapping exists.]
12-31 01:57:57.999 1488 1871 E DisplayDeviceConfig: requesting nits when no mapping exists.
12-31 01:57:57.999 1488 1871 E DisplayDeviceConfig: requesting nits when no mapping exists.
12-31 01:57:57.999 1488 1606 I am_wtf : [0,1488,system_server,-1,DisplayDeviceConfig,requesting nits when no mapping exists.]
12-31 01:57:58.000 1488 1606 I am_wtf : [0,1488,system_server,-1,DisplayDeviceConfig,requesting nits when no mapping exists.]
12-31 01:57:58.000 1488 1606 I service_manager_stats: [100,35,7349]
12-31 01:57:58.016 1488 1871 E DisplayDeviceConfig: requesting nits when no mapping exists.
12-31 01:57:58.016 1488 1871 E DisplayDeviceConfig: requesting nits when no mapping exists.
12-31 01:57:58.016 1488 1606 I am_wtf : [0,1488,system_server,-1,DisplayDeviceConfig,requesting nits when no mapping exists.]
12-31 01:57:58.016 1488 1606 I am_wtf : [0,1488,system_server,-1,DisplayDeviceConfig,requesting nits when no mapping exists.]
12-31 01:57:58.032 1488 1871 E DisplayDeviceConfig: requesting nits when no mapping exists.
12-31 01:57:58.032 1488 1871 E DisplayDeviceConfig: requesting nits when no mapping exists.
12-31 01:57:58.032 1488 1606 I am_wtf : [0,1488,system_server,-1,DisplayDeviceConfig,requesting nits when no mapping exists.]
12-31 01:57:58.033 1488 1606 I am_wtf : [0,1488,system_server,-1,DisplayDeviceConfig,requesting nits when no mapping exists.]
12-31 01:57:58.049 1488 1871 E DisplayDeviceConfig: requesting nits when no mapping exists.
12-31 01:57:58.049 1488 1871 E DisplayDeviceConfig: requesting nits when no mapping exists.
12-31 01:57:58.049 1488 1606 I am_wtf : [0,1488,system_server,-1,DisplayDeviceConfig,requesting nits when no mapping exists.]
12-31 01:57:58.049 1488 1606 I am_wtf : [0,1488,system_server,-1,DisplayDeviceConfig,requesting nits when no mapping exists.]
12-31 01:57:58.066 1488 1871 E DisplayDeviceConfig: requesting nits when no mapping exists.
12-31 01:57:58.066 1488 1871 E DisplayDeviceConfig: requesting nits when no mapping exists.
12-31 01:57:58.066 1488 1606 I am_wtf : [0,1488,system_server,-1,DisplayDeviceConfig,requesting nits when no mapping exists.]
12-31 01:57:58.066 1488 1606 I am_wtf : [0,1488,system_server,-1,DisplayDeviceConfig,requesting nits when no mapping exists.]
12-31 01:57:58.082 1488 1871 E DisplayDeviceConfig: requesting nits when no mapping exists.
12-31 01:57:58.082 1488 1606 I am_wtf : [0,1488,system_server,-1,DisplayDeviceConfig,requesting nits when no mapping exists.]
12-31 01:57:58.082 1488 1871 E DisplayDeviceConfig: requesting nits when no mapping exists.
12-31 01:57:58.083 1488 1606 I am_wtf : [0,1488,system_server,-1,DisplayDeviceConfig,requesting nits when no mapping exists.]
12-31 01:57:58.099 1488 1871 E DisplayDeviceConfig: requesting nits when no mapping exists.
12-31 01:57:58.099 1488 1871 E DisplayDeviceConfig: requesting nits when no mapping exists.
12-31 01:57:58.099 1488 1606 I am_wtf : [0,1488,system_server,-1,DisplayDeviceConfig,requesting nits when no mapping exists.]
12-31 01:57:58.100 1488 1606 I am_wtf : [0,1488,system_server,-1,DisplayDeviceConfig,requesting nits when no mapping exists.]
12-31 01:57:58.116 1488 1871 E DisplayDeviceConfig: requesting nits when no mapping exists.
12-31 01:57:58.116 1488 1871 E DisplayDeviceConfig: requesting nits when no mapping exists.
12-31 01:57:58.116 1488 1606 I am_wtf : [0,1488,system_server,-1,DisplayDeviceConfig,requesting nits when no mapping exists.]
12-31 01:57:58.116 1488 1606 I am_wtf : [0,1488,system_server,-1,DisplayDeviceConfig,requesting nits when no mapping exists.]
12-31 01:57:58.134 1488 1871 E DisplayDeviceConfig: requesting nits when no mapping exists.
12-31 01:57:58.134 1488 1871 E DisplayDeviceConfig: requesting nits when no mapping exists.
12-31 01:57:58.134 1488 1606 I am_wtf : [0,1488,system_server,-1,DisplayDeviceConfig,requesting nits when no mapping exists.]
12-31 01:57:58.134 1488 1606 I am_wtf : [0,1488,system_server,-1,DisplayDeviceConfig,requesting nits when no mapping exists.]
12-31 01:57:58.135 1488 1596 I wm_stop_activity: [0,205731203,com.thundercomm.mcuupgrade/.MainActivity]
12-31 01:57:58.149 1488 1871 E DisplayDeviceConfig: requesting nits when no mapping exists.
12-31 01:57:58.149 1488 1871 E DisplayDeviceConfig: requesting nits when no mapping exists.
12-31 01:57:58.149 1488 1606 I am_wtf : [0,1488,system_server,-1,DisplayDeviceConfig,requesting nits when no mapping exists.]
12-31 01:57:58.150 1488 1606 I am_wtf : [0,1488,system_server,-1,DisplayDeviceConfig,requesting nits when no mapping exists.]
12-31 01:57:58.153 4458 4458 I wm_on_stop_called: [205731203,com.thundercomm.mcuupgrade.MainActivity,STOP_ACTIVITY_ITEM]
12-31 01:57:58.169 1488 1871 E DisplayDeviceConfig: requesting nits when no mapping exists.
12-31 01:57:58.169 1488 1871 E DisplayDeviceConfig: requesting nits when no mapping exists.
12-31 01:57:58.169 1488 1606 I am_wtf : [0,1488,system_server,-1,DisplayDeviceConfig,requesting nits when no mapping exists.]
12-31 01:57:58.169 1488 1606 I am_wtf : [0,1488,system_server,-1,DisplayDeviceConfig,requesting nits when no mapping exists.]
12-31 01:57:58.172 2412 3733 W ContextImpl: Calling a method in the system process without a qualified user: android.app.ContextImpl.startService:1816 android.content.ContextWrapper.startService:774 com.thundercomm.gamemode.ingame.services.GameModeActionUtils.startGameModeService:99 com.thundercomm.gamemode.ingame.services.GameModeActionUtils.startGameModeEntry:22 com.thundercomm.gamemode.ingame.services.ActivityMonitoringService$1.onActivityLaunch:127
12-31 01:57:58.174 1488 1488 I GameModeConfig: Current uri is uri = content://com.thundercomm.gamemode.api/gamemode_settings/gamemode_isgaming
12-31 01:57:58.174 1488 1488 I GameModeConfig: isGameModeOn = false
12-31 01:57:58.174 1488 1488 I GameModeConfig: isGameModeOn = false
12-31 01:57:58.174 1488 1488 I GameModeConfig: isDisableVoice = true
12-31 01:57:58.183 1488 1871 E DisplayDeviceConfig: requesting nits when no mapping exists.
12-31 01:57:58.183 1488 1871 E DisplayDeviceConfig: requesting nits when no mapping exists.
12-31 01:57:58.183 1488 1606 I am_wtf : [0,1488,system_server,-1,DisplayDeviceConfig,requesting nits when no mapping exists.]
12-31 01:57:58.183 1488 1606 I am_wtf : [0,1488,system_server,-1,DisplayDeviceConfig,requesting nits when no mapping exists.]
12-31 01:57:58.199 1488 1871 E DisplayDeviceConfig: requesting nits when no mapping exists.
12-31 01:57:58.199 1488 1871 E DisplayDeviceConfig: requesting nits when no mapping exists.
12-31 01:57:58.199 1488 1606 I am_wtf : [0,1488,system_server,-1,DisplayDeviceConfig,requesting nits when no mapping exists.]
12-31 01:57:58.200 1488 1606 I am_wtf : [0,1488,system_server,-1,DisplayDeviceConfig,requesting nits when no mapping exists.]
12-31 01:57:58.216 1488 1871 E DisplayDeviceConfig: requesting nits when no mapping exists.
12-31 01:57:58.217 1488 1871 E DisplayDeviceConfig: requesting nits when no mapping exists.
12-31 01:57:58.217 1488 1606 I am_wtf : [0,1488,system_server,-1,DisplayDeviceConfig,requesting nits when no mapping exists.]
12-31 01:57:58.217 1488 1606 I am_wtf : [0,1488,system_server,-1,DisplayDeviceConfig,requesting nits when no mapping exists.]
12-31 01:57:58.233 1488 1871 E DisplayDeviceConfig: requesting nits when no mapping exists.
12-31 01:57:58.233 1488 1606 I am_wtf : [0,1488,system_server,-1,DisplayDeviceConfig,requesting nits when no mapping exists.]
12-31 01:57:58.233 1488 1871 E DisplayDeviceConfig: requesting nits when no mapping exists.
12-31 01:57:58.233 1488 1606 I am_wtf : [0,1488,system_server,-1,DisplayDeviceConfig,requesting nits when no mapping exists.]
12-31 01:57:58.250 1488 1871 E DisplayDeviceConfig: requesting nits when no mapping exists.
12-31 01:57:58.250 1488 1871 E DisplayDeviceConfig: requesting nits when no mapping exists.
12-31 01:57:58.250 1488 1606 I am_wtf : [0,1488,system_server,-1,DisplayDeviceConfig,requesting nits when no mapping exists.]
12-31 01:57:58.250 1488 1606 I am_wtf : [0,1488,system_server,-1,DisplayDeviceConfig,requesting nits when no mapping exists.]
12-31 01:57:58.266 1488 1871 E DisplayDeviceConfig: requesting nits when no mapping exists.
12-31 01:57:58.267 1488 1871 E DisplayDeviceConfig: requesting nits when no mapping exists.
12-31 01:57:58.267 1488 1606 I am_wtf : [0,1488,system_server,-1,DisplayDeviceConfig,requesting nits when no mapping exists.]
12-31 01:57:58.267 1488 1606 I am_wtf : [0,1488,system_server,-1,DisplayDeviceConfig,requesting nits when no mapping exists.]
12-31 01:57:58.283 1488 1871 E DisplayDeviceConfig: requesting nits when no mapping exists.
12-31 01:57:58.283 1488 1871 E DisplayDeviceConfig: requesting nits when no mapping exists.
12-31 01:57:58.283 1488 1606 I am_wtf : [0,1488,system_server,-1,DisplayDeviceConfig,requesting nits when no mapping exists.]
12-31 01:57:58.283 1488 1606 I am_wtf : [0,1488,system_server,-1,DisplayDeviceConfig,requesting nits when no mapping exists.]
12-31 01:57:58.300 1488 1871 E DisplayDeviceConfig: requesting nits when no mapping exists.
12-31 01:57:58.300 1488 1871 E DisplayDeviceConfig: requesting nits when no mapping exists.
12-31 01:57:58.300 1488 1606 I am_wtf : [0,1488,system_server,-1,DisplayDeviceConfig,requesting nits when no mapping exists.]
12-31 01:57:58.300 1488 1606 I am_wtf : [0,1488,system_server,-1,DisplayDeviceConfig,requesting nits when no mapping exists.]
12-31 01:57:58.317 1488 1871 E DisplayDeviceConfig: requesting nits when no mapping exists.
12-31 01:57:58.317 1488 1871 E DisplayDeviceConfig: requesting nits when no mapping exists.
12-31 01:57:58.317 1488 1606 I am_wtf : [0,1488,system_server,-1,DisplayDeviceConfig,requesting nits when no mapping exists.]
12-31 01:57:58.317 1488 1606 I am_wtf : [0,1488,system_server,-1,DisplayDeviceConfig,requesting nits when no mapping exists.]
12-31 01:57:58.333 1488 1871 E DisplayDeviceConfig: requesting nits when no mapping exists.
12-31 01:57:58.333 1488 1606 I am_wtf : [0,1488,system_server,-1,DisplayDeviceConfig,requesting nits when no mapping exists.]
12-31 01:57:58.333 1488 1871 E DisplayDeviceConfig: requesting nits when no mapping exists.
12-31 01:57:58.334 1488 1606 I am_wtf : [0,1488,system_server,-1,DisplayDeviceConfig,requesting nits when no mapping exists.]
12-31 01:57:58.350 1488 1871 E DisplayDeviceConfig: requesting nits when no mapping exists.
12-31 01:57:58.350 1488 1871 E DisplayDeviceConfig: requesting nits when no mapping exists.
12-31 01:57:58.350 1488 1606 I am_wtf : [0,1488,system_server,-1,DisplayDeviceConfig,requesting nits when no mapping exists.]
12-31 01:57:58.350 1488 1606 I am_wtf : [0,1488,system_server,-1,DisplayDeviceConfig,requesting nits when no mapping exists.]
12-31 01:57:58.367 1488 1871 E DisplayDeviceConfig: requesting nits when no mapping exists.
12-31 01:57:58.367 1488 1606 I am_wtf : [0,1488,system_server,-1,DisplayDeviceConfig,requesting nits when no mapping exists.]
12-31 01:57:58.367 1488 1871 E DisplayDeviceConfig: requesting nits when no mapping exists.
12-31 01:57:58.367 1488 1606 I am_wtf : [0,1488,system_server,-1,DisplayDeviceConfig,requesting nits when no mapping exists.]
12-31 01:57:58.383 1488 1871 E DisplayDeviceConfig: requesting nits when no mapping exists.
12-31 01:57:58.384 1488 1871 E DisplayDeviceConfig: requesting nits when no mapping exists.
12-31 01:57:58.384 1488 1606 I am_wtf : [0,1488,system_server,-1,DisplayDeviceConfig,requesting nits when no mapping exists.]
12-31 01:57:58.384 1488 1606 I am_wtf : [0,1488,system_server,-1,DisplayDeviceConfig,requesting nits when no mapping exists.]
12-31 01:57:58.400 1488 1871 E DisplayDeviceConfig: requesting nits when no mapping exists.
12-31 01:57:58.400 1488 1871 E DisplayDeviceConfig: requesting nits when no mapping exists.
12-31 01:57:58.400 1488 1606 I am_wtf : [0,1488,system_server,-1,DisplayDeviceConfig,requesting nits when no mapping exists.]
12-31 01:57:58.400 1488 1606 I am_wtf : [0,1488,system_server,-1,DisplayDeviceConfig,requesting nits when no mapping exists.]
12-31 01:57:58.417 1488 1871 E DisplayDeviceConfig: requesting nits when no mapping exists.
12-31 01:57:58.417 1488 1871 E DisplayDeviceConfig: requesting nits when no mapping exists.
12-31 01:57:58.417 1488 1606 I am_wtf : [0,1488,system_server,-1,DisplayDeviceConfig,requesting nits when no mapping exists.]
12-31 01:57:58.417 1488 1606 I am_wtf : [0,1488,system_server,-1,DisplayDeviceConfig,requesting nits when no mapping exists.]
12-31 01:57:58.433 1488 1871 E DisplayDeviceConfig: requesting nits when no mapping exists.
12-31 01:57:58.434 1488 1871 E DisplayDeviceConfig: requesting nits when no mapping exists.
12-31 01:57:58.434 1488 1606 I am_wtf : [0,1488,system_server,-1,DisplayDeviceConfig,requesting nits when no mapping exists.]
12-31 01:57:58.434 1488 1606 I am_wtf : [0,1488,system_server,-1,DisplayDeviceConfig,requesting nits when no mapping exists.]
12-31 01:57:58.450 1488 1871 E DisplayDeviceConfig: requesting nits when no mapping exists.
12-31 01:57:58.450 1488 1871 E DisplayDeviceConfig: requesting nits when no mapping exists.
12-31 01:57:58.450 1488 1606 I am_wtf : [0,1488,system_server,-1,DisplayDeviceConfig,requesting nits when no mapping exists.]
12-31 01:57:58.451 1488 1606 I am_wtf : [0,1488,system_server,-1,DisplayDeviceConfig,requesting nits when no mapping exists.]
12-31 01:57:58.467 1488 1871 E DisplayDeviceConfig: requesting nits when no mapping exists.
12-31 01:57:58.467 1488 1871 E DisplayDeviceConfig: requesting nits when no mapping exists.
12-31 01:57:58.467 1488 1606 I am_wtf : [0,1488,system_server,-1,DisplayDeviceConfig,requesting nits when no mapping exists.]
12-31 01:57:58.467 1488 1606 I am_wtf : [0,1488,system_server,-1,DisplayDeviceConfig,requesting nits when no mapping exists.]
12-31 01:57:58.484 1488 1871 E DisplayDeviceConfig: requesting nits when no mapping exists.
12-31 01:57:58.484 1488 1871 E DisplayDeviceConfig: requesting nits when no mapping exists.
12-31 01:57:58.484 1488 1606 I am_wtf : [0,1488,system_server,-1,DisplayDeviceConfig,requesting nits when no mapping exists.]
12-31 01:57:58.484 1488 1606 I am_wtf : [0,1488,system_server,-1,DisplayDeviceConfig,requesting nits when no mapping exists.]
12-31 01:57:58.500 1488 1871 E DisplayDeviceConfig: requesting nits when no mapping exists.
12-31 01:57:58.500 1488 1871 E DisplayDeviceConfig: requesting nits when no mapping exists.
12-31 01:57:58.501 1488 1606 I am_wtf : [0,1488,system_server,-1,DisplayDeviceConfig,requesting nits when no mapping exists.]
12-31 01:57:58.501 1488 1606 I am_wtf : [0,1488,system_server,-1,DisplayDeviceConfig,requesting nits when no mapping exists.]
12-31 01:57:58.517 1488 1871 E DisplayDeviceConfig: requesting nits when no mapping exists.
12-31 01:57:58.517 1488 1871 E DisplayDeviceConfig: requesting nits when no mapping exists.
12-31 01:57:58.517 1488 1606 I am_wtf : [0,1488,system_server,-1,DisplayDeviceConfig,requesting nits when no mapping exists.]
12-31 01:57:58.517 1488 1606 I am_wtf : [0,1488,system_server,-1,DisplayDeviceConfig,requesting nits when no mapping exists.]
12-31 01:57:58.534 1488 1871 E DisplayDeviceConfig: requesting nits when no mapping exists.
12-31 01:57:58.534 1488 1871 E DisplayDeviceConfig: requesting nits when no mapping exists.
12-31 01:57:58.534 1488 1606 I am_wtf : [0,1488,system_server,-1,DisplayDeviceConfig,requesting nits when no mapping exists.]
12-31 01:57:58.534 1488 1606 I am_wtf : [0,1488,system_server,-1,DisplayDeviceConfig,requesting nits when no mapping exists.]
12-31 01:57:58.550 1488 1871 E DisplayDeviceConfig: requesting nits when no mapping exists.
12-31 01:57:58.551 1488 1871 E DisplayDeviceConfig: requesting nits when no mapping exists.
12-31 01:57:58.551 1488 1606 I am_wtf : [0,1488,system_server,-1,DisplayDeviceConfig,requesting nits when no mapping exists.]
12-31 01:57:58.551 1488 1606 I am_wtf : [0,1488,system_server,-1,DisplayDeviceConfig,requesting nits when no mapping exists.]
12-31 01:57:58.567 1488 1871 E DisplayDeviceConfig: requesting nits when no mapping exists.
12-31 01:57:58.567 1488 1606 I am_wtf : [0,1488,system_server,-1,DisplayDeviceConfig,requesting nits when no mapping exists.]
12-31 01:57:58.567 1488 1871 E DisplayDeviceConfig: requesting nits when no mapping exists.
12-31 01:57:58.567 1488 1606 I am_wtf : [0,1488,system_server,-1,DisplayDeviceConfig,requesting nits when no mapping exists.]
12-31 01:57:58.584 1488 1871 E DisplayDeviceConfig: requesting nits when no mapping exists.
12-31 01:57:58.584 1488 1871 E DisplayDeviceConfig: requesting nits when no mapping exists.
12-31 01:57:58.584 1488 1606 I am_wtf : [0,1488,system_server,-1,DisplayDeviceConfig,requesting nits when no mapping exists.]
12-31 01:57:58.584 1488 1606 I am_wtf : [0,1488,system_server,-1,DisplayDeviceConfig,requesting nits when no mapping exists.]
12-31 01:59:04.205 1488 1606 I am_uid_idle: 10063
12-31 02:00:57.671 1488 1668 D ActivityManager: freezing 4508 android.process.media
12-31 02:00:57.671 1488 1668 E ActivityManager: Unable to freeze binder for 4508 android.process.media
12-31 02:00:57.673 1488 1668 D ActivityManager: froze 4508 android.process.media
12-31 02:00:57.673 1488 1668 I am_freeze: [4508,android.process.media]
12-31 02:00:57.673 1488 1668 E ActivityManager: Unable to freeze binder for 4508 android.process.media
12-31 02:00:57.674 1488 1668 I ActivityManager: Killing 4508:android.process.media/u0a19 (adj 905): Unable to freeze binder interface
12-31 02:00:57.675 1488 1668 I am_kill : [0,4508,android.process.media,905,Unable to freeze binder interface]
12-31 02:00:57.711 1488 4658 I am_proc_died: [0,4508,android.process.media,905,19]
12-31 02:00:57.712 1488 4658 I am_uid_stopped: 10019
12-31 02:00:57.746 1488 1605 I am_pss : [2481,10074,com.android.launcher3,82919424,74801152,0,204931072,0,6,11]
12-31 02:00:57.752 1488 1605 I am_pss : [4612,1000,com.qti.diagservices,6320128,3747840,0,93143040,0,10,5]
12-31 02:05:33.388 1488 1682 I input_interaction: Interaction with: 5ee9e9c com.thundercomm.screensaver/android.service.dreams.DreamActivity (server), edge-swipe (server), swipe-up (server), PointerEventDispatcher0 (server),
12-31 02:05:33.391 1488 4658 I wm_finish_activity: [0,148454256,27,com.thundercomm.screensaver/android.service.dreams.DreamActivity,finish-activity]
12-31 02:05:33.392 1488 4658 I wm_task_moved: [24,1,6]
12-31 02:05:33.392 1488 4658 I wm_task_to_front: [0,24]
12-31 02:05:33.393 1488 4658 I wm_focused_root_task: [0,0,24,27,finish-top adjustFocusToNextFocusableTask]
12-31 02:05:33.394 1488 4658 I wm_pause_activity: [0,148454256,com.thundercomm.screensaver/android.service.dreams.DreamActivity,userLeaving=false,finish]
12-31 02:05:33.400 1488 4658 I DreamManagerService: Gently waking up from dream.
12-31 02:05:33.400 1488 1596 I sysui_multi_action: [757,803,799,window_time_0,802,456]
12-31 02:05:33.401 1488 1593 I DreamManagerService: Performing gentle wake from dream.
12-31 02:05:33.401 3973 3973 I wm_on_top_resumed_lost_called: [148454256,android.service.dreams.DreamActivity,topStateChangedWhenResumed]
12-31 02:05:33.402 3973 3973 I wm_on_paused_called: [148454256,android.service.dreams.DreamActivity,performPause]
12-31 02:05:33.402 1488 2010 I wm_add_to_stopping: [0,148454256,com.thundercomm.screensaver/android.service.dreams.DreamActivity,completeFinishing]
12-31 02:05:33.403 1488 2010 I ActivityTaskManager: FOREGROUND_APPLICATION_CHANGED to com.thundercomm.mcuupgrade.MainActivity
12-31 02:05:33.405 1488 2010 I wm_set_resumed_activity: [0,com.thundercomm.mcuupgrade/.MainActivity,resumeTopActivityInnerLocked]
12-31 02:05:33.407 1488 2010 I wm_resume_activity: [0,205731203,24,com.thundercomm.mcuupgrade/.MainActivity]
12-31 02:05:33.414 1488 1596 I sysui_multi_action: [757,803,799,window_time_0,802,0]
12-31 02:05:33.420 2412 3733 W ContextImpl: Calling a method in the system process without a qualified user: android.app.ContextImpl.startService:1816 android.content.ContextWrapper.startService:774 com.thundercomm.gamemode.ingame.services.GameModeActionUtils.startGameModeService:99 com.thundercomm.gamemode.ingame.services.GameModeActionUtils.startGameModeEntry:22 com.thundercomm.gamemode.ingame.services.ActivityMonitoringService$1.onActivityLaunch:127
12-31 02:05:33.423 1488 1682 I input_focus: [Focus leaving 5ee9e9c com.thundercomm.screensaver/android.service.dreams.DreamActivity (server),reason=NO_WINDOW]
12-31 02:05:33.426 1488 1488 I GameModeConfig: Current uri is uri = content://com.thundercomm.gamemode.api/gamemode_settings/gamemode_isgaming
12-31 02:05:33.427 1488 1488 I am_uid_active: 10063
12-31 02:05:33.427 3973 3973 I view_enqueue_input_event: [Motion - Cancel,com.thundercomm.screensaver/android.service.dreams.DreamActivity]
12-31 02:05:33.430 1488 1682 I input_interaction: Interaction with: edge-swipe (server), swipe-up (server), PointerEventDispatcher0 (server),
12-31 02:05:33.430 1488 1488 I GameModeConfig: isGameModeOn = false
12-31 02:05:33.431 1488 1488 I GameModeConfig: isGameModeOn = false
12-31 02:05:33.431 1488 1488 I GameModeConfig: isDisableVoice = true
12-31 02:05:33.431 4458 4458 I wm_on_restart_called: [205731203,com.thundercomm.mcuupgrade.MainActivity,performRestartActivity]
12-31 02:05:33.431 4458 4458 I wm_on_start_called: [205731203,com.thundercomm.mcuupgrade.MainActivity,handleStartActivity]
12-31 02:05:33.432 4458 4458 I wm_on_resume_called: [205731203,com.thundercomm.mcuupgrade.MainActivity,RESUME_ACTIVITY]
12-31 02:05:33.432 4458 4458 I wm_on_top_resumed_gained_called: [205731203,com.thundercomm.mcuupgrade.MainActivity,topWhenResuming]
12-31 02:05:33.448 1488 1597 I input_focus: [Focus request b78bf51 com.thundercomm.mcuupgrade/com.thundercomm.mcuupgrade.MainActivity,reason=UpdateInputWindows]
12-31 02:05:33.469 1488 1622 I PowerManagerService: Powering on display group fromDreaming (groupId=0, uid=1000, reason=WAKE_REASON_UNKNOWN, details=android.server.power:DREAM_FINISHED)...
