12-31 01:14:43.193 1488 1607 W ActivityManager: Slow operation: 146ms so far, now at startProcess: building log message
12-31 01:14:43.193 1488 1607 I ActivityManager: Start proc 2123:com.thundercomm.microsettings/1000 for added application com.thundercomm.microsettings
12-31 01:14:43.193 1488 1607 W ActivityManager: Slow operation: 146ms so far, now at startProcess: starting to update pids map
12-31 01:14:43.193 1488 1607 W ActivityManager: Slow operation: 146ms so far, now at startProcess: done updating pids map
12-31 01:14:43.193 1488 1607 W ActivityManager: Slow operation: 146ms so far, now at startProcess: asking zygote to start proc
12-31 01:14:43.195 1488 1488 W Looper : Slow delivery took 2152ms main h=android.app.PropertyInvalidatedCache$AutoCorker$1 c=null m=0
12-31 01:14:43.210 1488 1605 I netstats_mobile_sample: [0,0,0,0,0,0,0,0,0,0,0,0,1672420483210]
12-31 01:14:43.210 1488 1605 I netstats_wifi_sample: [0,0,0,0,0,0,0,0,0,0,0,0,1672420483210]
12-31 01:14:43.217 1488 1607 W ActivityManager: Slow operation: 169ms so far, now at startProcess: returned from zygote!
12-31 01:14:43.217 1488 1607 W ActivityManager: Slow operation: 170ms so far, now at startProcess: done updating battery stats
12-31 01:14:43.217 1488 1607 I am_proc_start: [0,2132,1001,.dataservices,added application,.dataservices]
12-31 01:14:43.217 1488 1607 W ActivityManager: Slow operation: 170ms so far, now at startProcess: building log message
12-31 01:14:43.217 1488 1607 I ActivityManager: Start proc 2132:.dataservices/1001 for added application .dataservices
12-31 01:14:43.217 1488 1607 W ActivityManager: Slow operation: 170ms so far, now at startProcess: starting to update pids map
12-31 01:14:43.218 1488 1607 W ActivityManager: Slow operation: 171ms so far, now at startProcess: done updating pids map
12-31 01:14:43.218 1488 1607 W ActivityManager: Slow operation: 168ms so far, now at startProcess: asking zygote to start proc
12-31 01:14:43.218 1488 1607 D CompatibilityChangeReporter: Compat change id reported: 143937733; UID 10054; state: DISABLED
12-31 01:14:43.220 1488 1488 D ConditionProviders.SCP: onConnected
12-31 01:14:43.222 1488 1488 I GameModeConfig: isGameModeOn = false
12-31 01:14:43.222 1488 1488 D ConditionProviders: Subscribing to condition://android/event?userId=-10000&calendar=&reply=1 with ComponentInfo{android/com.android.server.notification.EventConditionProvider}
12-31 01:14:43.223 1488 1488 D ConditionProviders: Subscribing to condition://android/schedule?days=1.2.3.4.5.6.7&start=22.0&end=7.0&exitAtAlarm=true with ComponentInfo{android/com.android.server.notification.ScheduleConditionProvider}
12-31 01:14:43.223 1488 1488 I notification_cancel_all: [1000,1488,android,0,0,0,20,NULL]
12-31 01:14:43.226 1488 1488 I am_uid_running: 10095
12-31 01:14:43.227 1488 1488 D CompatibilityChangeReporter: Compat change id reported: 135634846; UID 10095; state: DISABLED
12-31 01:14:43.227 1488 1488 D CompatibilityChangeReporter: Compat change id reported: 177438394; UID 10095; state: DISABLED
12-31 01:14:43.227 1488 1488 D CompatibilityChangeReporter: Compat change id reported: 135772972; UID 10095; state: DISABLED
12-31 01:14:43.227 1488 1488 D CompatibilityChangeReporter: Compat change id reported: 135754954; UID 10095; state: ENABLED
12-31 01:14:43.227 989 989 I auditd : type=1400 audit(0.0:216): avc: denied { read write } for comm="sensors.qti" name="diag" dev="tmpfs" ino=14398 scontext=u:r:vendor_sensors_qti:s0 tcontext=u:object_r:vendor_diag_device:s0 tclass=chr_file permissive=0
12-31 01:14:43.231 1488 1607 W ActivityManager: Slow operation: 181ms so far, now at startProcess: returned from zygote!
12-31 01:14:43.231 1488 1607 W ActivityManager: Slow operation: 181ms so far, now at startProcess: done updating battery stats
12-31 01:14:43.231 1488 1607 I am_proc_start: [0,2137,10054,.qtidataservices,added application,.qtidataservices]
12-31 01:14:43.231 1488 1607 W ActivityManager: Slow operation: 181ms so far, now at startProcess: building log message
12-31 01:14:43.231 1488 1607 I ActivityManager: Start proc 2137:.qtidataservices/u0a54 for added application .qtidataservices
12-31 01:14:43.231 1488 1607 W ActivityManager: Slow operation: 181ms so far, now at startProcess: starting to update pids map
12-31 01:14:43.231 1488 1607 W ActivityManager: Slow operation: 181ms so far, now at startProcess: done updating pids map
12-31 01:14:43.231 1488 1607 W ActivityManager: Slow operation: 177ms so far, now at startProcess: asking zygote to start proc
12-31 01:14:43.238 1488 1698 I wm_task_created: [5,-1]
12-31 01:14:43.240 1488 1698 I wm_task_created: [6,-1]
12-31 01:14:43.243 1488 1607 W ActivityManager: Slow operation: 189ms so far, now at startProcess: returned from zygote!
12-31 01:14:43.243 1488 1607 W ActivityManager: Slow operation: 189ms so far, now at startProcess: done updating battery stats
12-31 01:14:43.243 1488 1607 I am_proc_start: [0,2160,1000,com.thundercomm.tchttpserver,added application,com.thundercomm.tchttpserver]
12-31 01:14:43.243 1488 1607 W ActivityManager: Slow operation: 189ms so far, now at startProcess: building log message
12-31 01:14:43.243 1488 1607 I ActivityManager: Start proc 2160:com.thundercomm.tchttpserver/1000 for added application com.thundercomm.tchttpserver
12-31 01:14:43.243 1488 1607 W ActivityManager: Slow operation: 190ms so far, now at startProcess: starting to update pids map
12-31 01:14:43.244 1488 1607 W ActivityManager: Slow operation: 190ms so far, now at startProcess: done updating pids map
12-31 01:14:43.244 1488 1607 W ActivityManager: Slow operation: 188ms so far, now at startProcess: asking zygote to start proc
12-31 01:14:43.244 1488 1698 I wm_task_created: [7,-1]
12-31 01:14:43.248 1488 1605 I netstats_mobile_sample: [0,0,0,0,0,0,0,0,0,0,0,0,1672420483248]
12-31 01:14:43.248 1488 1605 I netstats_wifi_sample: [0,0,0,0,0,0,0,0,0,0,0,0,1672420483248]
12-31 01:14:43.255 1488 1488 I service_manager_slow: [27,window]
12-31 01:14:43.256 1488 1488 I GameModeConfig: isGameModeOn = false
12-31 01:14:43.256 1488 1605 D TelephonyRegistry: listen oscl: mHasNotifySubscriptionInfoChangedOccurred==false no callback
12-31 01:14:43.257 1488 1605 D CountryDetector: Using custom country detector class: com.android.server.location.ComprehensiveCountryDetector
12-31 01:14:43.258 1488 1605 E CountryDetector: Could not instantiate the custom country detector class
12-31 01:14:43.258 1488 1605 D CountryDetector: Using default country detector
12-31 01:14:43.259 2123 2123 I service_manager_slow: [16,activity]
12-31 01:14:43.259 1488 1698 I am_proc_bound: [0,2123,com.thundercomm.microsettings]
12-31 01:14:43.261 1488 1607 W ActivityManager: Slow operation: 205ms so far, now at startProcess: returned from zygote!
12-31 01:14:43.286 1488 1519 D CompatibilityChangeReporter: Compat change id reported: 171306433; UID 1000; state: ENABLED
12-31 01:14:43.286 1488 1698 D CompatibilityChangeReporter: Compat change id reported: 168419799; UID 1000; state: DISABLED
12-31 01:14:43.288 1488 2010 I am_proc_bound: [0,2132,.dataservices]
12-31 01:14:43.290 1488 2010 D CompatibilityChangeReporter: Compat change id reported: 168419799; UID 1001; state: DISABLED
12-31 01:14:43.301 1488 2010 I am_uid_active: 1001
12-31 01:14:43.302 1488 2010 D CompatibilityChangeReporter: Compat change id reported: 168419799; UID 1001; state: DISABLED
12-31 01:14:43.303 1488 1607 W ActivityManager: Slow operation: 247ms so far, now at startProcess: done updating battery stats
12-31 01:14:43.303 1488 1607 I am_proc_start: [0,2177,1000,com.tc.logclient,added application,com.tc.logclient]
12-31 01:14:43.303 1488 1607 W ActivityManager: Slow operation: 247ms so far, now at startProcess: building log message
12-31 01:14:43.303 1488 1607 I ActivityManager: Start proc 2177:com.tc.logclient/1000 for added application com.tc.logclient
12-31 01:14:43.303 1488 1607 W ActivityManager: Slow operation: 247ms so far, now at startProcess: starting to update pids map
12-31 01:14:43.303 1488 1607 W ActivityManager: Slow operation: 247ms so far, now at startProcess: done updating pids map
12-31 01:14:43.303 1488 1607 W ActivityManager: Slow operation: 244ms so far, now at startProcess: asking zygote to start proc
12-31 01:14:43.306 1488 2082 I am_proc_bound: [0,2137,.qtidataservices]
12-31 01:14:43.309 1488 2082 D CompatibilityChangeReporter: Compat change id reported: 168419799; UID 10054; state: DISABLED
12-31 01:14:43.313 1488 2082 I am_uid_active: 10054
12-31 01:14:43.314 1488 1519 I am_proc_bound: [0,2160,com.thundercomm.tchttpserver]
12-31 01:14:43.316 1488 1607 W ActivityManager: Slow operation: 257ms so far, now at startProcess: returned from zygote!
12-31 01:14:43.317 1488 1519 D CompatibilityChangeReporter: Compat change id reported: 168419799; UID 1000; state: DISABLED
12-31 01:14:43.324 1488 1607 W ActivityManager: Slow operation: 265ms so far, now at startProcess: done updating battery stats
12-31 01:14:43.324 1488 1607 I am_proc_start: [0,2223,1073,com.android.networkstack.process,added application,com.android.networkstack.process]
12-31 01:14:43.324 1488 1607 W ActivityManager: Slow operation: 265ms so far, now at startProcess: building log message
12-31 01:14:43.324 1488 1607 I ActivityManager: Start proc 2223:com.android.networkstack.process/1073 for added application com.android.networkstack.process
12-31 01:14:43.324 1488 1607 W ActivityManager: Slow operation: 265ms so far, now at startProcess: starting to update pids map
12-31 01:14:43.324 1488 1607 W ActivityManager: Slow operation: 265ms so far, now at startProcess: done updating pids map
12-31 01:14:43.324 1488 1607 W ActivityManager: Slow operation: 263ms so far, now at startProcess: asking zygote to start proc
12-31 01:14:43.332 1954 1954 W OneHandedController: Device doesn't support OneHanded feature
12-31 01:14:43.332 1488 2010 I am_proc_bound: [0,2177,com.tc.logclient]
12-31 01:14:43.334 1488 2010 D CompatibilityChangeReporter: Compat change id reported: 168419799; UID 1000; state: DISABLED
12-31 01:14:43.349 1488 1607 W ActivityManager: Slow operation: 288ms so far, now at startProcess: returned from zygote!
12-31 01:14:43.349 1488 1607 W ActivityManager: Slow operation: 288ms so far, now at startProcess: done updating battery stats
12-31 01:14:43.349 1488 1607 I am_proc_start: [0,2248,1000,com.thundercomm.tcsetupwizard,added application,com.thundercomm.tcsetupwizard]
12-31 01:14:43.349 1488 1607 W ActivityManager: Slow operation: 288ms so far, now at startProcess: building log message
12-31 01:14:43.349 1488 1607 I ActivityManager: Start proc 2248:com.thundercomm.tcsetupwizard/1000 for added application com.thundercomm.tcsetupwizard
12-31 01:14:43.349 1488 1607 W ActivityManager: Slow operation: 288ms so far, now at startProcess: starting to update pids map
12-31 01:14:43.350 1488 1607 W ActivityManager: Slow operation: 289ms so far, now at startProcess: done updating pids map
12-31 01:14:43.350 1488 1607 W ActivityManager: Slow operation: 289ms so far, now at startProcess: asking zygote to start proc
12-31 01:14:43.354 1488 1698 I am_proc_bound: [0,2223,com.android.networkstack.process]
12-31 01:14:43.355 1488 1698 D CompatibilityChangeReporter: Compat change id reported: 168419799; UID 1073; state: DISABLED
12-31 01:14:43.356 1488 1698 I am_uid_active: 1073
12-31 01:14:43.358 1488 1698 D CompatibilityChangeReporter: Compat change id reported: 168419799; UID 1073; state: DISABLED
12-31 01:14:43.377 1488 2082 I ActivityManager: Process WebViewLoader-arm64-v8a (pid 2015) has died: psvc PER
12-31 01:14:43.381 1488 2082 I am_proc_died: [0,2015,WebViewLoader-arm64-v8a,-700,0]
12-31 01:14:43.385 1488 2082 I am_low_memory: 11
12-31 01:14:43.385 1488 1613 E KernelCpuSpeedReader: Failed to read cpu-freq: /sys/devices/system/cpu/cpu4/cpufreq/stats/time_in_state: open failed: ENOENT (No such file or directory)
12-31 01:14:43.385 1488 1613 E KernelCpuSpeedReader: Failed to read cpu-freq: /sys/devices/system/cpu/cpu0/cpufreq/stats/time_in_state: open failed: ENOENT (No such file or directory)
12-31 01:14:43.386 1488 2095 I ActivityManager: Process WebViewLoader-armeabi-v7a (pid 2011) has died: psvc PER
12-31 01:14:43.387 1488 2095 I am_proc_died: [0,2011,WebViewLoader-armeabi-v7a,-700,0]
12-31 01:14:43.388 1488 2095 I am_uid_stopped: 1037
12-31 01:14:43.389 1488 2095 I am_low_memory: 10
12-31 01:14:43.390 1488 1607 W ActivityManager: Slow operation: 329ms so far, now at startProcess: returned from zygote!
12-31 01:14:43.390 1488 1607 W ActivityManager: Slow operation: 329ms so far, now at startProcess: done updating battery stats
12-31 01:14:43.390 1488 1607 I am_proc_start: [0,2269,1000,vendor.qti.qesdk.sysservice,added application,vendor.qti.qesdk.sysservice]
12-31 01:14:43.390 1488 1607 W ActivityManager: Slow operation: 329ms so far, now at startProcess: building log message
12-31 01:14:43.390 1488 1607 I ActivityManager: Start proc 2269:vendor.qti.qesdk.sysservice/1000 for added application vendor.qti.qesdk.sysservice
12-31 01:14:43.390 1488 1607 W ActivityManager: Slow operation: 329ms so far, now at startProcess: starting to update pids map
12-31 01:14:43.390 1488 1607 W ActivityManager: Slow operation: 329ms so far, now at startProcess: done updating pids map
12-31 01:14:43.390 1488 1607 W ActivityManager: Slow operation: 328ms so far, now at startProcess: asking zygote to start proc
12-31 01:14:43.390 1488 1607 D CompatibilityChangeReporter: Compat change id reported: 143937733; UID 10083; state: DISABLED
12-31 01:14:43.393 1488 2095 D TelephonyRegistry: listen oscl: mHasNotifySubscriptionInfoChangedOccurred==false no callback
12-31 01:14:43.397 1488 1488 I PackageWatchdog: Syncing health check requests for packages: {}
12-31 01:14:43.397 1488 1488 I ExplicitHealthCheckController: Service not ready to get health check supported packages. Binding...
12-31 01:14:43.399 1488 1488 I ExplicitHealthCheckController: Explicit health check service is bound
12-31 01:14:43.405 1488 2095 I am_proc_bound: [0,2248,com.thundercomm.tcsetupwizard]
12-31 01:14:43.407 1488 2095 D CompatibilityChangeReporter: Compat change id reported: 168419799; UID 1000; state: DISABLED
12-31 01:14:43.409 1488 1607 W ActivityManager: Slow operation: 347ms so far, now at startProcess: returned from zygote!
12-31 01:14:43.410 1488 1607 W ActivityManager: Slow operation: 348ms so far, now at startProcess: done updating battery stats
12-31 01:14:43.410 1488 1607 I am_proc_start: [0,2300,10083,com.qti.qualcomm.mstatssystemservice,added application,com.qti.qualcomm.mstatssystemservice]
12-31 01:14:43.410 1488 1607 W ActivityManager: Slow operation: 349ms so far, now at startProcess: building log message
12-31 01:14:43.410 1488 1607 I ActivityManager: Start proc 2300:com.qti.qualcomm.mstatssystemservice/u0a83 for added application com.qti.qualcomm.mstatssystemservice
12-31 01:14:43.411 1488 1607 W ActivityManager: Slow operation: 349ms so far, now at startProcess: starting to update pids map
12-31 01:14:43.411 1488 1607 W ActivityManager: Slow operation: 349ms so far, now at startProcess: done updating pids map
12-31 01:14:43.411 1488 1607 W ActivityManager: Slow operation: 347ms so far, now at startProcess: asking zygote to start proc
12-31 01:14:43.417 1488 2010 D CompatibilityChangeReporter: Compat change id reported: 157233955; UID 10081; state: ENABLED
12-31 01:14:43.427 2123 2123 W ContextImpl: Calling a method in the system process without a qualified user: android.app.ContextImpl.startService:1816 android.content.ContextWrapper.startService:774 com.thundercomm.microsettings.service.SettingsApplication.onCreate:30 android.app.Instrumentation.callApplicationOnCreate:1212 android.app.ActivityThread.handleBindApplication:6744
12-31 01:14:43.428 1488 1607 W ActivityManager: Slow operation: 364ms so far, now at startProcess: returned from zygote!
12-31 01:14:43.429 1488 2095 W ActivityManager: Unable to start service Intent { act=com.thundercomm.microsettings.SETTING_SERVICE pkg=com.thundercomm.microsettings } U=0: not found
12-31 01:14:43.429 1488 1607 W ActivityManager: Slow operation: 365ms so far, now at startProcess: done updating battery stats
12-31 01:14:43.429 1488 1607 I am_proc_start: [0,2315,1068,com.android.se,added application,com.android.se]
12-31 01:14:43.429 1488 1607 W ActivityManager: Slow operation: 365ms so far, now at startProcess: building log message
12-31 01:14:43.429 1488 1607 I ActivityManager: Start proc 2315:com.android.se/1068 for added application com.android.se
12-31 01:14:43.429 1488 1607 W ActivityManager: Slow operation: 365ms so far, now at startProcess: starting to update pids map
12-31 01:14:43.429 1488 1607 W ActivityManager: Slow operation: 365ms so far, now at startProcess: done updating pids map
12-31 01:14:43.429 1488 1607 W ActivityManager: Slow operation: 365ms so far, now at startProcess: asking zygote to start proc
12-31 01:14:43.430 2123 2123 W ContextImpl: Calling a method in the system process without a qualified user: android.app.ContextImpl.startService:1816 android.content.ContextWrapper.startService:774 com.thundercomm.microsettings.service.SettingsApplication.onCreate:36 android.app.Instrumentation.callApplicationOnCreate:1212 android.app.ActivityThread.handleBindApplication:6744
12-31 01:14:43.430 1488 2083 W ActivityManager: Unable to start service Intent { act=com.thundercomm.microsettings.EOL_SERVICE pkg=com.thundercomm.microsettings } U=0: not found
12-31 01:14:43.432 1488 2010 I am_proc_bound: [0,2269,vendor.qti.qesdk.sysservice]
12-31 01:14:43.427 989 989 I auditd : type=1400 audit(0.0:217): avc: denied { read write } for comm="sensors.qti" name="diag" dev="tmpfs" ino=14398 scontext=u:r:vendor_sensors_qti:s0 tcontext=u:object_r:vendor_diag_device:s0 tclass=chr_file permissive=0
12-31 01:14:43.435 1488 2010 D CompatibilityChangeReporter: Compat change id reported: 168419799; UID 1000; state: DISABLED
12-31 01:14:43.436 1488 1607 W ActivityManager: Slow operation: 372ms so far, now at startProcess: returned from zygote!
12-31 01:14:43.438 1488 1607 W ActivityManager: Slow operation: 374ms so far, now at startProcess: done updating battery stats
12-31 01:14:43.438 1488 1607 I am_proc_start: [0,2319,1000,com.thundercomm.remotecontrolservice,added application,com.thundercomm.remotecontrolservice]
12-31 01:14:43.438 1488 1607 W ActivityManager: Slow operation: 374ms so far, now at startProcess: building log message
12-31 01:14:43.438 1488 1607 I ActivityManager: Start proc 2319:com.thundercomm.remotecontrolservice/1000 for added application com.thundercomm.remotecontrolservice
12-31 01:14:43.438 1488 1607 W ActivityManager: Slow operation: 374ms so far, now at startProcess: starting to update pids map
12-31 01:14:43.439 1488 1607 W ActivityManager: Slow operation: 375ms so far, now at startProcess: done updating pids map
12-31 01:14:43.439 1488 1607 W ActivityManager: Slow operation: 374ms so far, now at startProcess: asking zygote to start proc
12-31 01:14:43.455 1488 2083 I am_proc_bound: [0,2300,com.qti.qualcomm.mstatssystemservice]
12-31 01:14:43.457 1488 2083 D CompatibilityChangeReporter: Compat change id reported: 168419799; UID 10083; state: DISABLED
12-31 01:14:43.458 1488 2083 I am_uid_active: 10083
12-31 01:14:43.461 1488 1607 W ActivityManager: Slow operation: 396ms so far, now at startProcess: returned from zygote!
12-31 01:14:43.461 1488 1488 I SystemServerTiming: ManagedServices.unbindOtherUserServices_current0
12-31 01:14:43.461 1488 1607 W ActivityManager: Slow operation: 396ms so far, now at startProcess: done updating battery stats
12-31 01:14:43.461 1488 1607 I am_proc_start: [0,2358,1000,com.thundercomm.tcservice,added application,com.thundercomm.tcservice]
12-31 01:14:43.461 1488 1607 W ActivityManager: Slow operation: 396ms so far, now at startProcess: building log message
12-31 01:14:43.461 1488 1607 I ActivityManager: Start proc 2358:com.thundercomm.tcservice/1000 for added application com.thundercomm.tcservice
12-31 01:14:43.461 1488 1607 W ActivityManager: Slow operation: 396ms so far, now at startProcess: starting to update pids map
12-31 01:14:43.461 1488 1607 W ActivityManager: Slow operation: 396ms so far, now at startProcess: done updating pids map
12-31 01:14:43.461 1488 1488 I SystemServerTiming: ManagedServices.unbindOtherUserServices_current0
12-31 01:14:43.461 1488 1488 I SystemServerTiming: ManagedServices.unbindOtherUserServices_current0
12-31 01:14:43.462 1488 1488 V NotificationAssistants: enabling notification assistant for 0: ComponentInfo{android.ext.services/android.ext.services.notification.Assistant}
12-31 01:14:43.462 1488 1488 V NotificationAssistants: binding: Intent { act=android.service.notification.NotificationAssistantService cmp=android.ext.services/.notification.Assistant (has extras) }
12-31 01:14:43.463 1488 1607 W ActivityManager: Slow operation: 394ms so far, now at startProcess: asking zygote to start proc
12-31 01:14:43.463 1488 1607 D CompatibilityChangeReporter: Compat change id reported: 143937733; UID 10065; state: ENABLED
12-31 01:14:43.467 1488 2010 I am_proc_bound: [0,2315,com.android.se]
12-31 01:14:43.468 2123 2123 D MicroServiceManager: add linkToDeath
12-31 01:14:43.468 2123 2123 D MicroServiceManager: bindMicroService: called already get service
12-31 01:14:43.470 1488 2010 D CompatibilityChangeReporter: Compat change id reported: 168419799; UID 1068; state: DISABLED
12-31 01:14:43.471 1488 2010 I am_uid_active: 1068
12-31 01:14:43.473 1488 2083 I am_proc_bound: [0,2319,com.thundercomm.remotecontrolservice]
12-31 01:14:43.474 1488 2083 D CompatibilityChangeReporter: Compat change id reported: 168419799; UID 1000; state: DISABLED
12-31 01:14:43.480 1488 1607 W ActivityManager: Slow operation: 412ms so far, now at startProcess: returned from zygote!
12-31 01:14:43.480 1488 1607 W ActivityManager: Slow operation: 413ms so far, now at startProcess: done updating battery stats
12-31 01:14:43.480 1488 1607 I am_proc_start: [0,2371,10065,com.qualcomm.qti.devicestatisticsservice,added application,com.qualcomm.qti.devicestatisticsservice]
12-31 01:14:43.480 1488 1607 W ActivityManager: Slow operation: 413ms so far, now at startProcess: building log message
12-31 01:14:43.480 1488 1607 I ActivityManager: Start proc 2371:com.qualcomm.qti.devicestatisticsservice/u0a65 for added application com.qualcomm.qti.devicestatisticsservice
12-31 01:14:43.481 1488 1607 W ActivityManager: Slow operation: 414ms so far, now at startProcess: starting to update pids map
12-31 01:14:43.481 1488 1607 W ActivityManager: Slow operation: 414ms so far, now at startProcess: done updating pids map
12-31 01:14:43.481 1488 1607 W ActivityManager: Slow operation: 413ms so far, now at startProcess: asking zygote to start proc
12-31 01:14:43.486 2123 2123 I MicroServiceManager: addCommonCallbackListener add listener
12-31 01:14:43.486 2123 2123 I MicroServiceManager: addConnectChangedListener add listener
12-31 01:14:43.499 1488 1607 W ActivityManager: Slow operation: 431ms so far, now at startProcess: returned from zygote!
12-31 01:14:43.500 1488 1607 W ActivityManager: Slow operation: 432ms so far, now at startProcess: done updating battery stats
12-31 01:14:43.500 1488 1607 I am_proc_start: [0,2379,1000,com.qualcomm.qti.qdma,added application,com.qualcomm.qti.qdma]
12-31 01:14:43.500 1488 1607 W ActivityManager: Slow operation: 432ms so far, now at startProcess: building log message
12-31 01:14:43.500 1488 1607 I ActivityManager: Start proc 2379:com.qualcomm.qti.qdma/1000 for added application com.qualcomm.qti.qdma
12-31 01:14:43.500 1488 1607 W ActivityManager: Slow operation: 432ms so far, now at startProcess: starting to update pids map
12-31 01:14:43.500 1488 1607 W ActivityManager: Slow operation: 432ms so far, now at startProcess: done updating pids map
12-31 01:14:43.500 1488 1607 W ActivityManager: Slow operation: 325ms so far, now at startProcess: asking zygote to start proc
12-31 01:14:43.513 1488 1607 W ActivityManager: Slow operation: 338ms so far, now at startProcess: returned from zygote!
12-31 01:14:43.513 1488 1607 W ActivityManager: Slow operation: 338ms so far, now at startProcess: done updating battery stats
12-31 01:14:43.513 1488 1607 I am_proc_start: [0,2403,1000,com.android.settings,top-activity,{com.android.settings/com.android.settings.FallbackHome}]
12-31 01:14:43.513 1488 1607 W ActivityManager: Slow operation: 338ms so far, now at startProcess: building log message
12-31 01:14:43.513 1488 1607 I ActivityManager: Start proc 2403:com.android.settings/1000 for top-activity {com.android.settings/com.android.settings.FallbackHome}
12-31 01:14:43.513 1488 1607 W ActivityManager: Slow operation: 338ms so far, now at startProcess: starting to update pids map
12-31 01:14:43.513 1488 1607 W ActivityManager: Slow operation: 338ms so far, now at startProcess: done updating pids map
12-31 01:14:43.513 1488 1607 W ActivityManager: Slow operation: 321ms so far, now at startProcess: asking zygote to start proc
12-31 01:14:43.513 1488 2010 I am_proc_bound: [0,2358,com.thundercomm.tcservice]
12-31 01:14:43.515 1488 2010 D CompatibilityChangeReporter: Compat change id reported: 168419799; UID 1000; state: DISABLED
12-31 01:14:43.516 2123 2123 W ContextImpl: Calling a method in the system process without a qualified user: android.app.ContextImpl.sendBroadcast:1173 android.content.ContextWrapper.sendBroadcast:479 com.thundercomm.microsettings.service.SettingsService.sendSystemUI:59 com.thundercomm.microsettings.service.SettingsService.onCreate:50 android.app.ActivityThread.handleCreateService:4488
12-31 01:14:43.519 1488 2083 I am_proc_bound: [0,2371,com.qualcomm.qti.devicestatisticsservice]
12-31 01:14:43.519 1488 2083 D CompatibilityChangeReporter: Compat change id reported: 168419799; UID 10065; state: DISABLED
12-31 01:14:43.520 1488 2083 I am_uid_active: 10065
12-31 01:14:43.523 2123 2123 W ContextImpl: Calling a method in the system process without a qualified user: android.app.ContextImpl.bindService:1895 android.content.ContextWrapper.bindService:810 com.thundercomm.microsettings.manager.SoundManager.bindService:206 com.thundercomm.microsettings.manager.SoundManager.connect:197 com.thundercomm.microsettings.service.SettingsService.onStartCommand:80
12-31 01:14:43.523 1488 1607 W ActivityManager: Slow operation: 332ms so far, now at startProcess: returned from zygote!
12-31 01:14:43.524 2123 2123 W ContextImpl: Calling a method in the system process without a qualified user: android.app.ContextImpl.bindService:1895 android.content.ContextWrapper.bindService:810 com.thundercomm.microsettings.manager.DisplayManager.bindService:188 com.thundercomm.microsettings.manager.DisplayManager.connect:179 com.thundercomm.microsettings.service.SettingsService.onStartCommand:81
12-31 01:14:43.525 1488 1607 W ActivityManager: Slow operation: 333ms so far, now at startProcess: done updating battery stats
12-31 01:14:43.525 1488 1607 I am_proc_start: [0,2412,1000,com.thundercomm.gamemode,service,{com.thundercomm.gamemode/com.thundercomm.gamemode.perf.FgBoostPerfService}]
12-31 01:14:43.525 1488 1607 W ActivityManager: Slow operation: 333ms so far, now at startProcess: building log message
12-31 01:14:43.525 1488 1607 I ActivityManager: Start proc 2412:com.thundercomm.gamemode/1000 for service {com.thundercomm.gamemode/com.thundercomm.gamemode.perf.FgBoostPerfService}
12-31 01:14:43.525 1488 1607 W ActivityManager: Slow operation: 333ms so far, now at startProcess: starting to update pids map
12-31 01:14:43.526 1488 1607 W ActivityManager: Slow operation: 334ms so far, now at startProcess: done updating pids map
12-31 01:14:43.526 1488 1607 W ActivityManager: Slow operation: 300ms so far, now at startProcess: asking zygote to start proc
12-31 01:14:43.527 1488 1607 D CompatibilityChangeReporter: Compat change id reported: 143937733; UID 10095; state: ENABLED
12-31 01:14:43.533 1488 2083 D CompatibilityChangeReporter: Compat change id reported: 182478738; UID 1073; state: DISABLED
12-31 01:14:43.535 1488 2083 I am_proc_bound: [0,2379,com.qualcomm.qti.qdma]
12-31 01:14:43.536 1488 2083 D CompatibilityChangeReporter: Compat change id reported: 168419799; UID 1000; state: DISABLED
12-31 01:14:43.544 1488 1607 W ActivityManager: Slow operation: 319ms so far, now at startProcess: returned from zygote!
12-31 01:14:43.545 1488 1607 W ActivityManager: Slow operation: 319ms so far, now at startProcess: done updating battery stats
12-31 01:14:43.545 1488 1607 I am_proc_start: [0,2441,10095,android.ext.services,service,{android.ext.services/android.ext.services.autofill.InlineSuggestionRenderServiceImpl}]
12-31 01:14:43.545 1488 1607 W ActivityManager: Slow operation: 319ms so far, now at startProcess: building log message
12-31 01:14:43.545 1488 1607 I ActivityManager: Start proc 2441:android.ext.services/u0a95 for service {android.ext.services/android.ext.services.autofill.InlineSuggestionRenderServiceImpl}
12-31 01:14:43.545 1488 1607 W ActivityManager: Slow operation: 319ms so far, now at startProcess: starting to update pids map
12-31 01:14:43.545 1488 1607 W ActivityManager: Slow operation: 319ms so far, now at startProcess: done updating pids map
12-31 01:14:43.554 1488 1520 I am_uid_running: 10074
12-31 01:14:43.554 1488 1520 D CompatibilityChangeReporter: Compat change id reported: 135634846; UID 10074; state: DISABLED
12-31 01:14:43.554 1488 1520 D CompatibilityChangeReporter: Compat change id reported: 177438394; UID 10074; state: DISABLED
12-31 01:14:43.554 1488 1520 D CompatibilityChangeReporter: Compat change id reported: 135772972; UID 10074; state: DISABLED
12-31 01:14:43.554 1488 1520 D CompatibilityChangeReporter: Compat change id reported: 135754954; UID 10074; state: ENABLED
12-31 01:14:43.554 1488 1607 D CompatibilityChangeReporter: Compat change id reported: 143937733; UID 10074; state: ENABLED
12-31 01:14:43.561 1488 1488 D BluetoothManagerService: Bluetooth Adapter name changed to 宝弟弟 by android
12-31 01:14:43.562 1488 1488 D BluetoothManagerService: Stored Bluetooth name: 宝弟弟
12-31 01:14:43.562 1488 1520 I am_proc_bound: [0,2412,com.thundercomm.gamemode]
12-31 01:14:43.563 1488 1520 D CompatibilityChangeReporter: Compat change id reported: 168419799; UID 1000; state: DISABLED
12-31 01:14:43.568 1488 2083 I am_proc_bound: [0,2403,com.android.settings]
12-31 01:14:43.568 1488 1488 D ConditionProviders.SCP: onSubscribe condition://android/schedule?days=1.2.3.4.5.6.7&start=22.0&end=7.0&exitAtAlarm=true
12-31 01:14:43.569 1488 1488 D ConditionProviders.SCP: setRegistered true
12-31 01:14:43.570 1488 2083 D CompatibilityChangeReporter: Compat change id reported: 168419799; UID 1000; state: DISABLED
12-31 01:14:43.571 1488 2083 I wm_restart_activity: [0,6391572,2,com.android.settings/.FallbackHome]
12-31 01:14:43.572 1488 2083 I wm_set_resumed_activity: [0,com.android.settings/.FallbackHome,minimalResumeActivityLocked]
12-31 01:14:43.575 1488 1607 I am_proc_start: [0,2481,10074,com.android.launcher3,service,{com.android.launcher3/com.android.quickstep.TouchInteractionService}]
12-31 01:14:43.575 1488 1607 I ActivityManager: Start proc 2481:com.android.launcher3/u0a74 for service {com.android.launcher3/com.android.quickstep.TouchInteractionService}
12-31 01:14:43.581 1488 1488 D ConditionProviders.SCP: evaluateSubscriptionLocked cal=ScheduleCalendar[mDays={1, 2, 3, 4, 5, 6, 7}, mSchedule=ScheduleInfo{days=[1, 2, 3, 4, 5, 6, 7], startHour=22, startMinute=0, endHour=7, endMinute=0, exitAtAlarm=true, nextAlarm=Thu Jan 01 08:00:00 GMT+08:00 1970 (0)}], now=Sat Dec 31 01:14:43 GMT+08:00 2022 (1672420483569), nextUserAlarmTime=Thu Jan 01 08:00:00 GMT+08:00 1970 (0)
12-31 01:14:43.581 1488 1488 D ConditionProviders.SCP: notifyCondition condition://android/schedule?days=1.2.3.4.5.6.7&start=22.0&end=7.0&exitAtAlarm=true STATE_TRUE reason=meetsSchedule
12-31 01:14:43.582 1488 1488 D ConditionProviders.SCP: Scheduling evaluate for Sat Dec 31 07:00:00 GMT+08:00 2022 (1672441200000), in +5h45m16s431ms, now=Sat Dec 31 01:14:43 GMT+08:00 2022 (1672420483569)
12-31 01:14:43.586 1488 1744 W ActivityThread: Failed to find provider info for com.android.calendar (user not unlocked)
12-31 01:14:43.591 1488 1744 W ActivityThread: Failed to find provider info for com.android.calendar (user not unlocked)
12-31 01:14:43.592 1488 1744 D CompatibilityChangeReporter: Compat change id reported: 171306433; UID 1000; state: ENABLED
12-31 01:14:43.597 1488 2082 I am_proc_bound: [0,2441,android.ext.services]
12-31 01:14:43.598 1488 2082 D CompatibilityChangeReporter: Compat change id reported: 168419799; UID 10095; state: DISABLED
12-31 01:14:43.598 2358 2358 W ContextImpl: Calling a method in the system process without a qualified user: android.app.ContextImpl.startService:1816 android.content.ContextWrapper.startService:774 com.thundercomm.tcservice.TCService.init:46 com.thundercomm.tcservice.TCService.onCreate:33 android.app.ActivityThread.handleCreateService:4488
12-31 01:14:43.599 1488 2082 I am_uid_active: 10095
12-31 01:14:43.604 1488 1488 D BluetoothManagerService: BluetoothServiceConnection: com.android.bluetooth.btservice.AdapterService
12-31 01:14:43.604 1488 1595 D BluetoothManagerService: MESSAGE_BLUETOOTH_SERVICE_CONNECTED: 1
12-31 01:14:43.610 1488 1595 D BluetoothManagerService: MESSAGE_INFORM_ADAPTER_SERVICE_UP
12-31 01:14:43.610 1488 1595 D BluetoothManagerService: Broadcasting onBluetoothServiceUp() to 3 receivers.
12-31 01:14:43.613 1488 2083 I am_proc_bound: [0,2481,com.android.launcher3]
12-31 01:14:43.614 1488 1595 D BluetoothManagerService: MESSAGE_BLUETOOTH_STATE_CHANGE: OFF > BLE_TURNING_ON
12-31 01:14:43.614 1488 1595 D BluetoothManagerService: Sending BLE State Change: OFF > BLE_TURNING_ON
12-31 01:14:43.615 1488 2083 D CompatibilityChangeReporter: Compat change id reported: 168419799; UID 10074; state: DISABLED
12-31 01:14:43.616 1488 2083 I am_uid_active: 10074
12-31 01:14:43.618 1488 1488 W BluetoothManagerService: bindBluetoothProfileService:Trying to bind to profile: 1, while Bluetooth is disabled
12-31 01:14:43.622 1488 2083 D CompatibilityChangeReporter: Compat change id reported: 168419799; UID 1002; state: DISABLED
12-31 01:14:43.628 1954 2465 I sysui_multi_action: [757,213,758,4,759,-1]
12-31 01:14:43.631 989 989 I auditd : type=1400 audit(0.0:218): avc: denied { read write } for comm="sensors.qti" name="diag" dev="tmpfs" ino=14398 scontext=u:r:vendor_sensors_qti:s0 tcontext=u:object_r:vendor_diag_device:s0 tclass=chr_file permissive=0
12-31 01:14:43.634 1488 1488 I Telecom : SystemStateHelper: Registering broadcast receiver: android.content.IntentFilter@4d454ec: TS.init@AAA
12-31 01:14:43.634 1488 1488 I Telecom : SystemStateHelper: Registering broadcast receiver: android.content.IntentFilter@ad040b5: TS.init@AAA
12-31 01:14:43.634 1488 2531 I Telecom : BluetoothRouteManager: getBluetoothAudioConnectedDevice: no service available.
12-31 01:14:43.645 1488 2540 I Telecom : CallAudioModeStateMachine: Message received: null.: TS.init->CAMSM.pM_1@AAA
12-31 01:14:43.645 1954 1954 W CarrierConfigManager: Error getting config for subId -1 ICarrierConfigLoader is null
12-31 01:14:43.647 1488 2535 I Telecom : Logging.Events: Non-call EVENT: AUDIO_ROUTE, Entering state QuiescentEarpieceRoute
12-31 01:14:43.647 1488 2535 I Telecom : BluetoothRouteManager: getBluetoothAudioConnectedDevice: no service available.
12-31 01:14:43.650 1488 1488 I Telecom : MissedCallNotifierImpl: reloadFromDatabase: Boot not yet complete -- call log db may not be available. Deferring loading until boot complete for user 0: TS.init@AAA
12-31 01:14:43.658 1488 2010 D TelephonyRegistry: listen oscl: mHasNotifySubscriptionInfoChangedOccurred==false no callback
12-31 01:14:43.664 1488 2010 I am_wtf : [0,2403,com.android.settings,952647173,RoleParser,com.android.permissioncontroller.role.model.AssistantRoleBehavior]
12-31 01:14:43.666 1488 2557 I DropBoxManagerService: add tag=system_app_wtf isTagEnabled=true flags=0x2
12-31 01:14:43.666 1488 2082 I am_wtf : [0,2403,com.android.settings,952647173,RoleParser,com.android.permissioncontroller.role.model.BrowserRoleBehavior]
12-31 01:14:43.668 1488 2092 I am_wtf : [0,2403,com.android.settings,952647173,RoleParser,com.android.permissioncontroller.role.model.DialerRoleBehavior]
12-31 01:14:43.668 1488 2083 I am_uid_running: 10063
12-31 01:14:43.669 1488 2559 I DropBoxManagerService: add tag=system_app_wtf isTagEnabled=true flags=0x2
12-31 01:14:43.669 1488 2558 I DropBoxManagerService: add tag=system_app_wtf isTagEnabled=true flags=0x2
12-31 01:14:43.669 1488 2082 I am_wtf : [0,2403,com.android.settings,952647173,RoleParser,com.android.permissioncontroller.role.model.SmsRoleBehavior]
12-31 01:14:43.670 1488 2083 D CompatibilityChangeReporter: Compat change id reported: 135634846; UID 10063; state: DISABLED
12-31 01:14:43.670 1488 2083 D CompatibilityChangeReporter: Compat change id reported: 177438394; UID 10063; state: DISABLED
12-31 01:14:43.670 1488 2083 D CompatibilityChangeReporter: Compat change id reported: 135772972; UID 10063; state: DISABLED
12-31 01:14:43.670 1488 2083 D CompatibilityChangeReporter: Compat change id reported: 135754954; UID 10063; state: ENABLED
12-31 01:14:43.670 1488 1607 D CompatibilityChangeReporter: Compat change id reported: 143937733; UID 10063; state: ENABLED
12-31 01:14:43.671 1488 2083 I am_wtf : [0,2403,com.android.settings,952647173,RoleParser,com.android.permissioncontroller.role.model.EmergencyRoleBehavior]
12-31 01:14:43.673 1488 2561 I DropBoxManagerService: add tag=system_app_wtf isTagEnabled=true flags=0x2
12-31 01:14:43.673 1488 2083 I am_wtf : [0,2403,com.android.settings,952647173,RoleParser,com.android.permissioncontroller.role.model.HomeRoleBehavior]
12-31 01:14:43.674 1488 2560 I DropBoxManagerService: add tag=system_app_wtf isTagEnabled=true flags=0x2
12-31 01:14:43.674 1488 2082 I am_wtf : [0,2403,com.android.settings,952647173,RoleParser,com.android.permissioncontroller.role.model.SystemAutomotiveClusterRoleBehavior]
12-31 01:14:43.675 1488 2082 I am_wtf : [0,2403,com.android.settings,952647173,RoleParser,com.android.permissioncontroller.role.model.CompanionDeviceWatchRoleBehavior]
12-31 01:14:43.675 1488 2082 I am_wtf : [0,2403,com.android.settings,952647173,RoleParser,com.android.permissioncontroller.role.model.SystemShellRoleBehavior]
12-31 01:14:43.676 1488 2082 I am_wtf : [0,2403,com.android.settings,952647173,RoleParser,com.android.permissioncontroller.role.model.TelevisionRoleBehavior]
12-31 01:14:43.677 1488 1607 I am_proc_start: [0,2562,10063,com.thundercomm.gamemode.provider,content provider,{com.thundercomm.gamemode.provider/com.thundercomm.gamemode.provider.SettingsProvider}]
12-31 01:14:43.677 1488 1607 I ActivityManager: Start proc 2562:com.thundercomm.gamemode.provider/u0a63 for content provider {com.thundercomm.gamemode.provider/com.thundercomm.gamemode.provider.SettingsProvider}
12-31 01:14:43.681 1488 1698 I am_wtf : [0,2403,com.android.settings,952647173,RoleParser,com.android.permissioncontroller.role.model.TelevisionRoleBehavior]
12-31 01:14:43.694 2403 2403 I wm_on_create_called: [6391572,com.android.settings.FallbackHome,performCreate]
12-31 01:14:43.694 1488 1698 I StatusBarManagerService: registerStatusBar bar=com.android.internal.statusbar.IStatusBar$Stub$Proxy@6537621
12-31 01:14:43.697 2403 2403 I wm_on_start_called: [6391572,com.android.settings.FallbackHome,handleStartActivity]
12-31 01:14:43.698 2403 2403 I wm_on_resume_called: [6391572,com.android.settings.FallbackHome,RESUME_ACTIVITY]
12-31 01:14:43.705 2403 2403 I wm_on_top_resumed_gained_called: [6391572,com.android.settings.FallbackHome,topStateChangedWhenResumed]
12-31 01:14:43.709 1488 2083 I am_uid_running: 10085
12-31 01:14:43.709 1488 2083 D CompatibilityChangeReporter: Compat change id reported: 135634846; UID 10085; state: DISABLED
12-31 01:14:43.710 1488 2083 D CompatibilityChangeReporter: Compat change id reported: 177438394; UID 10085; state: DISABLED
12-31 01:14:43.710 1488 2083 D CompatibilityChangeReporter: Compat change id reported: 135772972; UID 10085; state: DISABLED
12-31 01:14:43.710 1488 2083 D CompatibilityChangeReporter: Compat change id reported: 135754954; UID 10085; state: ENABLED
12-31 01:14:43.710 1488 1607 D CompatibilityChangeReporter: Compat change id reported: 143937733; UID 10085; state: ENABLED
12-31 01:14:43.717 1488 1597 I input_focus: [Focus request b43c859 com.android.settings/com.android.settings.FallbackHome,reason=UpdateInputWindows]
12-31 01:14:43.723 1488 1607 I am_proc_start: [0,2590,10085,com.qualcomm.qti.qccauthmgr,content provider,{com.qualcomm.qti.qccauthmgr/com.qualcomm.qti.qccauthmgr.providers.SMQContentProvider}]
12-31 01:14:43.723 1488 1607 I ActivityManager: Start proc 2590:com.qualcomm.qti.qccauthmgr/u0a85 for content provider {com.qualcomm.qti.qccauthmgr/com.qualcomm.qti.qccauthmgr.providers.SMQContentProvider}
12-31 01:14:43.723 1488 2083 I am_proc_bound: [0,2562,com.thundercomm.gamemode.provider]
12-31 01:14:43.725 1488 2083 D CompatibilityChangeReporter: Compat change id reported: 168419799; UID 10063; state: DISABLED
12-31 01:14:43.737 1488 1488 D TelephonyRegistry: listen oscl: mHasNotifySubscriptionInfoChangedOccurred==false no callback
12-31 01:14:43.738 1488 1488 I Telecom : MissedCallNotifierImpl: reloadFromDatabase: Boot not yet complete -- call log db may not be available. Deferring loading until boot complete for user 0: TS.init@AAA
12-31 01:14:43.739 1488 1488 I Telecom : Class: TelecomSystem.INSTANCE being set
12-31 01:14:43.739 1488 1488 W Looper : Slow dispatch took 135ms main h=android.app.ActivityThread$H c=android.app.LoadedApk$ServiceDispatcher$RunConnection@46490a9 m=0
12-31 01:14:43.740 1488 1488 I AutofillManagerService: Updating for user 0: disabled=false
12-31 01:14:43.741 1488 1519 I am_proc_bound: [0,2590,com.qualcomm.qti.qccauthmgr]
12-31 01:14:43.742 1488 1488 I ConnectivityModuleConnector: Networking module service connected
12-31 01:14:43.742 1488 1519 D CompatibilityChangeReporter: Compat change id reported: 168419799; UID 10085; state: DISABLED
12-31 01:14:43.743 1488 1519 I am_uid_active: 10085
12-31 01:14:43.745 1488 1488 I notification_enqueue: [10081,1954,com.android.systemui,1,empty_media,0,Notification(channel=empty_media_style_id shortcut=null contentView=null vibrate=null sound=null defaults=0x0 flags=0x20 color=0x00000000 category=transport actions=4 vis=PRIVATE),0]
12-31 01:14:43.747 1488 1488 I notification_cancel_all: [1000,1488,com.android.systemui,0,0,0,20,NULL]
12-31 01:14:43.747 1488 1488 I ConnectivityModuleConnector: Networking module service connected
12-31 01:14:43.748 1488 1488 D TelephonyRegistry: notifyCellLocationForSubscriber: subId=2147483647 cellIdentity=null
12-31 01:14:43.751 1488 1596 I ActivityManagerTiming: FinishBooting
12-31 01:14:43.751 1488 1596 I boot_progress_enable_screen: 10110
12-31 01:14:43.751 1488 1488 D CompanionDeviceManagerService: Received BT state transition broadcast: OFF -> BLE_TURNING_ON
12-31 01:14:43.752 1488 1488 I Telecom : WiredHeadsetManager: ACTION_HEADSET_PLUG event, plugged in: false, : WHC.oADA@AAE
12-31 01:14:43.752 1488 1596 I screen_toggled: 1
12-31 01:14:43.753 1488 1488 I ExplicitHealthCheckController: Explicit health check service is connected ComponentInfo{android.ext.services/android.ext.services.watchdog.ExplicitHealthCheckServiceImpl}
12-31 01:14:43.753 1488 1488 I ExplicitHealthCheckController: Service initialized, syncing requests
12-31 01:14:43.753 1488 1488 V NotificationAssistants: 0 notification assistant service connected: ComponentInfo{android.ext.services/android.ext.services.notification.Assistant}
12-31 01:14:43.754 1488 1596 W KeyguardServiceDelegate: onScreenTurningOn(): no keyguard service!
12-31 01:14:43.755 1488 1488 I sysui_multi_action: [757,1501,758,1,793,258,794,0,795,258,796,1,797,empty_media,806,com.android.systemui,857,empty_media_style_id,858,4,947,0,1500,0,1641,transport,1745,1043716538]
12-31 01:14:43.755 1488 1488 I sysui_multi_action: [757,804,799,note_interruptive,801,0,802,1]
12-31 01:14:43.755 1488 1488 I GameModeConfig: isGameModeOn = false
12-31 01:14:43.757 1488 1488 W NotificationHistory: Attempted to add notif for locked/gone/disabled user 0
12-31 01:14:43.758 1488 1488 W Looper : Drained
12-31 01:14:43.758 1488 1488 I PackageWatchdog: Syncing health check requests for packages: {}
12-31 01:14:43.758 1488 1488 D ExplicitHealthCheckController: Getting health check supported packages
12-31 01:14:43.759 1488 1519 I ExplicitHealthCheckController: Explicit health check supported packages [PackageConfig{com.android.networkstack, 86400000}]
12-31 01:14:43.759 1488 1519 D PackageWatchdog: Received supported packages [PackageConfig{com.android.networkstack, 86400000}]
12-31 01:14:43.759 1488 1519 D ExplicitHealthCheckController: Getting health check requested packages
12-31 01:14:43.763 1488 1520 I ExplicitHealthCheckController: Explicit health check requested packages []
12-31 01:14:43.763 1488 1520 I ExplicitHealthCheckController: No more health check requests, unbinding...
12-31 01:14:43.764 1488 1520 I ExplicitHealthCheckController: Explicit health check service is unbound
12-31 01:14:43.814 1488 1667 I commit_sys_config_file: [settings-0-0,2]
12-31 01:14:43.827 1488 2092 D CompatibilityChangeReporter: Compat change id reported: 168419799; UID 10081; state: DISABLED
12-31 01:14:43.831 989 989 I auditd : type=1400 audit(0.0:219): avc: denied { read write } for comm="sensors.qti" name="diag" dev="tmpfs" ino=14398 scontext=u:r:vendor_sensors_qti:s0 tcontext=u:object_r:vendor_diag_device:s0 tclass=chr_file permissive=0
12-31 01:14:43.853 1954 2375 W ActivityThread: Failed to find provider info for com.android.contacts (user not unlocked)
12-31 01:14:43.917 1954 2475 W ActivityThread: Failed to find provider info for com.android.contacts (user not unlocked)
12-31 01:14:43.927 1954 2475 W ActivityThread: Failed to find provider info for com.android.contacts (user not unlocked)
12-31 01:14:43.932 1954 2475 W ActivityThread: Failed to find provider info for com.android.contacts (user not unlocked)
12-31 01:14:43.944 1167 1167 I iorapd : iorapd (the prefetchening) readied up
12-31 01:14:43.985 1488 1520 I am_uid_active: 10063
12-31 01:14:44.031 989 989 I auditd : type=1400 audit(0.0:220): avc: denied { read write } for comm="sensors.qti" name="diag" dev="tmpfs" ino=14398 scontext=u:r:vendor_sensors_qti:s0 tcontext=u:object_r:vendor_diag_device:s0 tclass=chr_file permissive=0
12-31 01:14:44.089 1488 1596 I wm_boot_animation_done: 10448
12-31 01:14:44.089 1488 1596 I ActivityManagerTiming: FinishBooting
12-31 01:14:44.090 1488 1596 I ActivityManager: About to commit checkpoint
12-31 01:14:44.091 1488 1596 W ActivityManager: FinishBooting sync begin
12-31 01:14:44.092 1488 1596 W ActivityManager: FinishBooting sync end
12-31 01:14:44.092 1488 1596 I SystemServiceManager: Starting phase 1000
12-31 01:14:44.092 1488 1596 I ActivityManagerTiming: OnBootPhase_1000
12-31 01:14:44.092 1488 1596 I ActivityManagerTiming: OnBootPhase_1000_com.android.server.security.FileIntegrityService
12-31 01:14:44.092 1488 1596 I ActivityManagerTiming: OnBootPhase_1000_com.android.server.pm.Installer
12-31 01:14:44.092 1488 1596 I ActivityManagerTiming: OnBootPhase_1000_com.android.server.os.DeviceIdentifiersPolicyService
12-31 01:14:44.092 1488 1596 I ActivityManagerTiming: OnBootPhase_1000_com.android.server.uri.UriGrantsManagerService$Lifecycle
12-31 01:14:44.092 1488 1596 I ActivityManagerTiming: OnBootPhase_1000_com.android.server.powerstats.PowerStatsService
12-31 01:14:44.092 1488 1596 E PowerStatsService: Failed to start PowerStatsService loggers
12-31 01:14:44.092 1488 1596 I ActivityManagerTiming: OnBootPhase_1000_com.android.server.wm.ActivityTaskManagerService$Lifecycle
12-31 01:14:44.092 1488 1596 I ActivityManagerTiming: OnBootPhase_1000_com.android.server.am.ActivityManagerService$Lifecycle
12-31 01:14:44.092 1488 1596 I ActivityManagerTiming: OnBootPhase_1000_com.android.server.pm.DataLoaderManagerService
12-31 01:14:44.092 1488 1596 I ActivityManagerTiming: OnBootPhase_1000_com.android.server.power.PowerManagerService
12-31 01:14:44.093 1488 1596 I ActivityManagerTiming: OnBootPhase_1000_com.android.server.power.ThermalManagerService
12-31 01:14:44.093 1488 1596 I ActivityManagerTiming: OnBootPhase_1000_com.android.server.power.hint.HintManagerService
12-31 01:14:44.093 1488 1596 I ActivityManagerTiming: OnBootPhase_1000_com.android.server.recoverysystem.RecoverySystemService$Lifecycle
12-31 01:14:44.093 1488 1596 I ActivityManagerTiming: OnBootPhase_1000_com.android.server.lights.LightsService
12-31 01:14:44.093 1488 1596 I ActivityManagerTiming: OnBootPhase_1000_com.android.server.display.DisplayManagerService
12-31 01:14:44.093 1488 1622 V DisplayPowerController[0]: Brightness [1.0] reason changing to: 'manual', previous reason: 'override'.
12-31 01:14:44.093 1488 1596 I ActivityManagerTiming: OnBootPhase_1000_com.android.server.pm.verify.domain.DomainVerificationService
12-31 01:14:44.093 1488 1596 I ActivityManagerTiming: OnBootPhase_1000_com.android.server.pm.PackageInstallerService$Lifecycle
12-31 01:14:44.093 1488 1596 I ActivityManagerTiming: OnBootPhase_1000_com.android.server.pm.UserManagerService$LifeCycle
12-31 01:14:44.093 1488 1596 I ActivityManagerTiming: OnBootPhase_1000_com.android.server.om.OverlayManagerService
12-31 01:14:44.093 1488 1596 I ActivityManagerTiming: OnBootPhase_1000_com.android.server.SensorPrivacyService
12-31 01:14:44.093 1488 1596 I ActivityManagerTiming: OnBootPhase_1000_com.android.server.thunderperf.ThunderBoostPerfService
12-31 01:14:44.093 1488 1596 I ActivityManagerTiming: OnBootPhase_1000_com.android.server.sensors.SensorService
12-31 01:14:44.093 1488 1596 I ActivityManagerTiming: OnBootPhase_1000_com.android.server.SystemConfigService
12-31 01:14:44.093 1488 1596 I ActivityManagerTiming: OnBootPhase_1000_com.android.server.BatteryService
