01-01 08:00:09.421 1488 1600 I SystemConfig: Reading permissions from /system/etc/sysconfig/preinstalled-packages-platform-full-base.xml
01-01 08:00:09.421 1488 1488 D CompatConfig: Adding: com.android.server.compat.config.Change@786fd92
01-01 08:00:09.422 1488 1600 I SystemConfig: Reading permissions from /system/etc/sysconfig/qti_whitelist.xml
01-01 08:00:09.422 1488 1488 D CompatConfig: Adding: com.android.server.compat.config.Change@927eb60
01-01 08:00:09.422 1488 1488 D CompatConfig: Adding: com.android.server.compat.config.Change@bf6a819
01-01 08:00:09.423 1488 1488 D CompatConfig: Adding: com.android.server.compat.config.Change@b9360de
01-01 08:00:09.423 1488 1600 I SystemConfig: Reading permissions from /system/etc/sysconfig/preinstalled-packages-platform.xml
01-01 08:00:09.423 1488 1488 D CompatConfig: Adding: com.android.server.compat.config.Change@4105d8c
01-01 08:00:09.423 1488 1488 D CompatConfig: Adding: com.android.server.compat.config.Change@dc0acd5
01-01 08:00:09.423 1488 1488 D CompatConfig: Adding: com.android.server.compat.config.Change@170acea
01-01 08:00:09.423 1488 1600 I SystemConfig: Reading permissions from /system/etc/sysconfig/hiddenapi-package-whitelist.xml
01-01 08:00:09.424 1488 1488 D CompatConfig: Adding: com.android.server.compat.config.Change@32bc678
01-01 08:00:09.424 1488 1488 D CompatConfig: Adding: com.android.server.compat.config.Change@8ec4151
01-01 08:00:09.424 1488 1488 D CompatConfig: Adding: com.android.server.compat.config.Change@e24adb6
01-01 08:00:09.424 1488 1488 D CompatConfig: Adding: com.android.server.compat.config.Change@34f9ab7
01-01 08:00:09.424 1488 1488 D CompatConfig: Adding: com.android.server.compat.config.Change@a92d224
01-01 08:00:09.424 1488 1488 D CompatConfig: Adding: com.android.server.compat.config.Change@862a18d
01-01 08:00:09.425 1488 1488 D CompatConfig: Adding: com.android.server.compat.config.Change@eb92b53
01-01 08:00:09.425 1488 1600 I SystemConfig: Reading permissions from /system/etc/sysconfig/preinstalled-packages-com.android.providers.media.module.xml
01-01 08:00:09.425 1488 1488 D CompatConfig: Adding: com.android.server.compat.config.Change@53cec90
01-01 08:00:09.425 1488 1488 D CompatConfig: Adding: com.android.server.compat.config.Change@264c989
01-01 08:00:09.425 1488 1488 D CompatConfig: Adding: com.android.server.compat.config.Change@347bd8e
01-01 08:00:09.425 1488 1488 D CompatConfig: Adding: com.android.server.compat.config.Change@b2129af
01-01 08:00:09.426 1488 1488 D CompatConfig: Adding: com.android.server.compat.config.Change@42c41bc
01-01 08:00:09.426 1488 1488 D CompatConfig: Adding: com.android.server.compat.config.Change@6477545
01-01 08:00:09.426 1488 1488 D CompatConfig: Adding: com.android.server.compat.config.Change@a86249a
01-01 08:00:09.426 1488 1488 D CompatConfig: Adding: com.android.server.compat.config.Change@360b1cb
01-01 08:00:09.426 1488 1488 D CompatConfig: Adding: com.android.server.compat.config.Change@459bda8
01-01 08:00:09.426 1488 1488 D CompatConfig: Adding: com.android.server.compat.config.Change@9ef20c1
01-01 08:00:09.427 1488 1488 D CompatConfig: Adding: com.android.server.compat.config.Change@d11f066
01-01 08:00:09.427 1488 1488 D CompatConfig: Adding: com.android.server.compat.config.Change@cc69fa7
01-01 08:00:09.427 1488 1488 D CompatConfig: Adding: com.android.server.compat.config.Change@7610c54
01-01 08:00:09.427 1488 1488 D CompatConfig: Adding: com.android.server.compat.config.Change@30c07fd
01-01 08:00:09.427 1488 1488 D CompatConfig: Adding: com.android.server.compat.config.Change@13cacf2
01-01 08:00:09.427 1488 1488 D CompatConfig: Adding: com.android.server.compat.config.Change@8b38f43
01-01 08:00:09.427 1488 1600 I SystemConfig: Reading permissions from /system/etc/permissions/com.android.future.usb.accessory.xml
01-01 08:00:09.428 1488 1488 D CompatConfig: Adding: com.android.server.compat.config.Change@81626f9
01-01 08:00:09.428 1488 1488 D CompatConfig: Adding: com.android.server.compat.config.Change@ee4a63e
01-01 08:00:09.425 989 989 I auditd : type=1400 audit(0.0:149): avc: denied { read write } for comm="sensors.qti" name="diag" dev="tmpfs" ino=14398 scontext=u:r:vendor_sensors_qti:s0 tcontext=u:object_r:vendor_diag_device:s0 tclass=chr_file permissive=0
01-01 08:00:09.429 1488 1488 D CompatConfig: Adding: com.android.server.compat.config.Change@3f5dc9f
01-01 08:00:09.429 1488 1488 D CompatConfig: Adding: com.android.server.compat.config.Change@ae191ec
01-01 08:00:09.429 1488 1488 D CompatConfig: Adding: com.android.server.compat.config.Change@50939b5
01-01 08:00:09.430 1488 1600 I SystemConfig: Reading permissions from /system/etc/permissions/com.baidu.input.xml
01-01 08:00:09.430 1488 1488 D CompatConfig: Adding: com.android.server.compat.config.Change@fe5a3bb
01-01 08:00:09.430 1488 1488 D CompatConfig: Adding: com.android.server.compat.config.Change@a4be0d8
01-01 08:00:09.430 1488 1488 D CompatConfig: Adding: com.android.server.compat.config.Change@fe0bc31
01-01 08:00:09.430 1488 1488 D CompatConfig: Adding: com.android.server.compat.config.Change@aed3f16
01-01 08:00:09.430 1488 1488 D CompatConfig: Adding: com.android.server.compat.config.Change@140c097
01-01 08:00:09.430 1488 1488 D CompatConfig: Adding: com.android.server.compat.config.Change@f0a3284
01-01 08:00:09.431 1488 1488 D CompatConfig: Adding: com.android.server.compat.config.Change@8d3ea6d
01-01 08:00:09.431 1488 1488 D CompatConfig: Adding: com.android.server.compat.config.Change@f636a2
01-01 08:00:09.431 1488 1488 D CompatConfig: Adding: com.android.server.compat.config.Change@c6cf33
01-01 08:00:09.431 1488 1600 I SystemConfig: Reading permissions from /system/etc/permissions/android.software.live_wallpaper.xml
01-01 08:00:09.431 1488 1488 D CompatConfig: Adding: com.android.server.compat.config.Change@251c069
01-01 08:00:09.431 1488 1488 D CompatConfig: Adding: com.android.server.compat.config.Change@fa51aee
01-01 08:00:09.431 1488 1600 I SystemConfig: Reading permissions from /system/etc/permissions/com.android.networkstack.tethering.xml
01-01 08:00:09.432 1488 1488 D CompatConfig: Adding: com.android.server.compat.config.Change@7634e1c
01-01 08:00:09.432 1488 1600 I SystemConfig: Reading permissions from /system/etc/permissions/com.android.nfc_extras.xml
01-01 08:00:09.432 1488 1488 D CompatConfig: Adding: com.android.server.compat.config.Change@e4bf7fa
01-01 08:00:09.432 1488 1488 D CompatConfig: Adding: com.android.server.compat.config.Change@142f1ab
01-01 08:00:09.432 1488 1488 D CompatConfig: Adding: com.android.server.compat.config.Change@4653008
01-01 08:00:09.432 1488 1600 I SystemConfig: Reading permissions from /system/etc/permissions/javax.obex.xml
01-01 08:00:09.432 1488 1488 D CompatConfig: Adding: com.android.server.compat.config.Change@55199c6
01-01 08:00:09.432 1488 1488 D CompatConfig: Adding: com.android.server.compat.config.Change@5bcfd87
01-01 08:00:09.433 1488 1488 D CompatConfig: Found a config file: /system/etc/compatconfig/icu4j-platform-compat-config.xml
01-01 08:00:09.433 1488 1600 I SystemConfig: Reading permissions from /system/etc/permissions/android.software.freeform_window_management.xml
01-01 08:00:09.433 1488 1600 I SystemConfig: Reading permissions from /system/etc/permissions/android.test.mock.xml
01-01 08:00:09.433 1488 1488 D CompatConfig: Adding: com.android.server.compat.config.Change@ce1eb23
01-01 08:00:09.433 1488 1488 D CompatConfig: Found a config file: /system/etc/compatconfig/calendar-provider-compat-config.xml
01-01 08:00:09.433 1488 1600 I SystemConfig: Reading permissions from /system/etc/permissions/com.thundercomm.tcservice.xml
01-01 08:00:09.434 1488 1488 D CompatConfig: Adding: com.android.server.compat.config.Change@b841b9e
01-01 08:00:09.434 1488 1488 D CompatConfig: Found a config file: /system/etc/compatconfig/documents-ui-compat-config.xml
01-01 08:00:09.434 1488 1600 I SystemConfig: Reading permissions from /system/etc/permissions/com.android.media.remotedisplay.xml
01-01 08:00:09.434 1488 1600 I SystemConfig: Reading permissions from /system/etc/permissions/privapp-permissions-qti.xml
01-01 08:00:09.434 1488 1488 D CompatConfig: Adding: com.android.server.compat.config.Change@d9253aa
01-01 08:00:09.434 1488 1488 D CompatConfig: Found a config file: /system/etc/compatconfig/framework-platform-compat-config.xml
01-01 08:00:09.435 1488 1600 I SystemConfig: Reading permissions from /system/etc/permissions/org.apache.http.legacy.xml
01-01 08:00:09.435 1488 1488 D CompatConfig: Adding: com.android.server.compat.config.Change@eec2711
01-01 08:00:09.435 1488 1488 D CompatConfig: Adding: com.android.server.compat.config.Change@69a0076
01-01 08:00:09.435 1488 1488 D CompatConfig: Adding: com.android.server.compat.config.Change@cfa5677
01-01 08:00:09.435 1488 1488 D CompatConfig: Adding: com.android.server.compat.config.Change@3f942e4
01-01 08:00:09.435 1488 1600 I SystemConfig: Reading permissions from /system/etc/permissions/com.thundercomm.mcuupgrade.xml
01-01 08:00:09.435 1488 1488 D CompatConfig: Adding: com.android.server.compat.config.Change@39dae02
01-01 08:00:09.436 1488 1488 D CompatConfig: Adding: com.android.server.compat.config.Change@cb3e313
01-01 08:00:09.436 1488 1488 D CompatConfig: Adding: com.android.server.compat.config.Change@b79a950
01-01 08:00:09.436 1488 1488 D CompatConfig: Adding: com.android.server.compat.config.Change@843a749
01-01 08:00:09.436 1488 1488 D CompatConfig: Adding: com.android.server.compat.config.Change@d3ca84e
01-01 08:00:09.436 1488 1488 D CompatConfig: Adding: com.android.server.compat.config.Change@86f9d6f
01-01 08:00:09.436 1488 1600 I SystemConfig: Reading permissions from /system/etc/permissions/android.software.webview.xml
01-01 08:00:09.436 1488 1488 D CompatConfig: Adding: com.android.server.compat.config.Change@c966f05
01-01 08:00:09.436 1488 1488 D CompatConfig: Adding: com.android.server.compat.config.Change@4befb5a
01-01 08:00:09.437 1488 1488 D CompatConfig: Adding: com.android.server.compat.config.Change@782a18b
01-01 08:00:09.437 1488 1488 D CompatConfig: Adding: com.android.server.compat.config.Change@c595268
01-01 08:00:09.437 1488 1600 I SystemConfig: Reading permissions from /system/etc/permissions/privapp-permissions-platform.xml
01-01 08:00:09.437 1488 1488 D CompatConfig: Adding: com.android.server.compat.config.Change@5e17326
01-01 08:00:09.437 1488 1488 D CompatConfig: Adding: com.android.server.compat.config.Change@777cb67
01-01 08:00:09.437 1488 1488 D CompatConfig: Adding: com.android.server.compat.config.Change@6a52d14
01-01 08:00:09.437 1488 1488 D CompatConfig: Adding: com.android.server.compat.config.Change@98879bd
01-01 08:00:09.437 1488 1488 D CompatConfig: Adding: com.android.server.compat.config.Change@9619bb2
01-01 08:00:09.438 1488 1488 D CompatConfig: Adding: com.android.server.compat.config.Change@9abb703
01-01 08:00:09.438 1488 1488 D CompatConfig: Adding: com.android.server.compat.config.Change@f320680
01-01 08:00:09.438 1488 1488 D CompatConfig: Adding: com.android.server.compat.config.Change@d47f4b9
01-01 08:00:09.438 1488 1488 D CompatConfig: Adding: com.android.server.compat.config.Change@449c0fe
01-01 08:00:09.438 1488 1488 D CompatConfig: Adding: com.android.server.compat.config.Change@ea8c05f
01-01 08:00:09.438 1488 1488 D CompatConfig: Adding: com.android.server.compat.config.Change@f10aac
01-01 08:00:09.438 1488 1488 D CompatConfig: Adding: com.android.server.compat.config.Change@4ea2375
01-01 08:00:09.438 1488 1488 D CompatConfig: Adding: com.android.server.compat.config.Change@ffcef0a
01-01 08:00:09.439 1488 1488 D CompatConfig: Adding: com.android.server.compat.config.Change@b43037b
01-01 08:00:09.439 1488 1488 D CompatConfig: Adding: com.android.server.compat.config.Change@2ba2598
01-01 08:00:09.439 1488 1488 D CompatConfig: Adding: com.android.server.compat.config.Change@c4681f1
01-01 08:00:09.439 1488 1488 D CompatConfig: Adding: com.android.server.compat.config.Change@702f1d6
01-01 08:00:09.440 1488 1488 D CompatConfig: Adding: com.android.server.compat.config.Change@3745c57
01-01 08:00:09.440 1488 1488 D CompatConfig: Adding: com.android.server.compat.config.Change@ef80344
01-01 08:00:09.440 1488 1488 D CompatConfig: Adding: com.android.server.compat.config.Change@b304c2d
01-01 08:00:09.440 1488 1488 D CompatConfig: Adding: com.android.server.compat.config.Change@2945562
01-01 08:00:09.440 1488 1488 D CompatConfig: Adding: com.android.server.compat.config.Change@6f866f3
01-01 08:00:09.440 1488 1488 D CompatConfig: Adding: com.android.server.compat.config.Change@a140fb0
01-01 08:00:09.440 1488 1600 I SystemConfig: Reading permissions from /system/etc/permissions/com.android.mediadrm.signer.xml
01-01 08:00:09.441 1488 1488 D CompatConfig: Adding: com.android.server.compat.config.Change@4e665ae
01-01 08:00:09.441 1488 1488 D CompatConfig: Adding: com.android.server.compat.config.Change@ba87f4f
01-01 08:00:09.441 1488 1488 D CompatConfig: Adding: com.android.server.compat.config.Change@3a276dc
01-01 08:00:09.441 1488 1488 D CompatConfig: Adding: com.android.server.compat.config.Change@68bd3e5
01-01 08:00:09.441 1488 1488 D CompatConfig: Adding: com.android.server.compat.config.Change@c372eba
01-01 08:00:09.441 1488 1488 D CompatConfig: Adding: com.android.server.compat.config.Change@197c16b
01-01 08:00:09.441 1488 1488 D CompatConfig: Adding: com.android.server.compat.config.Change@e4e24c8
01-01 08:00:09.441 1488 1488 D CompatConfig: Adding: com.android.server.compat.config.Change@12ac961
01-01 08:00:09.442 1488 1600 I SystemConfig: Reading permissions from /system/etc/permissions/com.android.documentsui.xml
01-01 08:00:09.442 1488 1488 D CompatConfig: Adding: com.android.server.compat.config.Change@cef0947
01-01 08:00:09.442 1488 1488 D CompatConfig: Adding: com.android.server.compat.config.Change@a84c574
01-01 08:00:09.442 1488 1488 D CompatConfig: Adding: com.android.server.compat.config.Change@a699a9d
01-01 08:00:09.442 1488 1600 I SystemConfig: Reading permissions from /system/etc/permissions/com.android.location.provider.xml
01-01 08:00:09.442 1488 1488 D CompatConfig: Adding: com.android.server.compat.config.Change@188f2e3
01-01 08:00:09.442 1488 1488 D CompatConfig: Adding: com.android.server.compat.config.Change@fe2c4e0
01-01 08:00:09.443 1488 1488 D CompatConfig: Adding: com.android.server.compat.config.Change@ca4399
01-01 08:00:09.443 1488 1600 I SystemConfig: Reading permissions from /system/etc/permissions/com.android.networkstack.xml
01-01 08:00:09.443 1488 1488 D CompatConfig: Adding: com.android.server.compat.config.Change@c4dda3f
01-01 08:00:09.443 1488 1488 D CompatConfig: Adding: com.android.server.compat.config.Change@15f4f0c
01-01 08:00:09.443 1488 1600 I SystemConfig: Reading permissions from /system/etc/permissions/android.test.runner.xml
01-01 08:00:09.443 1488 1488 D CompatConfig: Adding: com.android.server.compat.config.Change@718ba6a
01-01 08:00:09.443 1488 1488 D CompatConfig: Adding: com.android.server.compat.config.Change@64fdb5b
01-01 08:00:09.443 1488 1600 I SystemConfig: Reading permissions from /system/etc/permissions/android.test.base.xml
01-01 08:00:09.443 1488 1488 D CompatConfig: Adding: com.android.server.compat.config.Change@a27ccd1
01-01 08:00:09.444 1488 1488 D CompatConfig: Adding: com.android.server.compat.config.Change@e001336
01-01 08:00:09.444 1488 1488 D CompatConfig: Adding: com.android.server.compat.config.Change@19e73a4
01-01 08:00:09.444 1488 1600 I SystemConfig: Reading permissions from /system/etc/permissions/platform.xml
01-01 08:00:09.444 1488 1488 D CompatConfig: Found a config file: /system/system_ext/etc/compatconfig/settings-platform-compat-config.xml
01-01 08:00:09.445 1488 1488 D CompatConfig: Adding: com.android.server.compat.config.Change@5322cc2
01-01 08:00:09.446 1488 1488 D CompatConfig: No directory /apex/com.android.vndk.v30/etc/compatconfig, skipping
01-01 08:00:09.446 1488 1488 D CompatConfig: No directory /apex/com.android.wifi/etc/compatconfig, skipping
01-01 08:00:09.446 1488 1488 D CompatConfig: No directory /apex/com.android.vndk.v31/etc/compatconfig, skipping
01-01 08:00:09.446 1488 1488 D CompatConfig: No directory /apex/com.android.tzdata/etc/compatconfig, skipping
01-01 08:00:09.446 1488 1488 D CompatConfig: No directory /apex/com.android.tethering/etc/compatconfig, skipping
01-01 08:00:09.446 1488 1488 D CompatConfig: No directory /apex/com.android.sdkext/etc/compatconfig, skipping
01-01 08:00:09.446 1488 1488 D CompatConfig: No directory /apex/com.android.scheduling/etc/compatconfig, skipping
01-01 08:00:09.446 1488 1488 D CompatConfig: No directory /apex/com.android.runtime/etc/compatconfig, skipping
01-01 08:00:09.446 1488 1488 D CompatConfig: No directory /apex/com.android.resolv/etc/compatconfig, skipping
01-01 08:00:09.446 1488 1488 D CompatConfig: No directory /apex/com.android.permission/etc/compatconfig, skipping
01-01 08:00:09.446 1488 1488 D CompatConfig: No directory /apex/com.android.os.statsd/etc/compatconfig, skipping
01-01 08:00:09.446 1488 1488 D CompatConfig: No directory /apex/com.android.neuralnetworks/etc/compatconfig, skipping
01-01 08:00:09.446 1488 1488 D CompatConfig: Found a config file: /apex/com.android.mediaprovider/etc/compatconfig/media-provider-platform-compat-config.xml
01-01 08:00:09.447 1488 1600 I SystemConfig: Reading permissions from /vendor/etc/permissions/android.hardware.sensor.accelerometer.xml
01-01 08:00:09.447 1488 1488 D CompatConfig: Adding: com.android.server.compat.config.Change@7164509
01-01 08:00:09.447 1488 1488 D CompatConfig: Adding: com.android.server.compat.config.Change@b7a530e
01-01 08:00:09.447 1488 1600 I SystemConfig: Reading permissions from /vendor/etc/permissions/android.hardware.wifi.direct.xml
01-01 08:00:09.447 1488 1488 D CompatConfig: Adding: com.android.server.compat.config.Change@9da933c
01-01 08:00:09.447 1488 1488 D CompatConfig: Adding: com.android.server.compat.config.Change@75528c5
01-01 08:00:09.448 1488 1488 D CompatConfig: Adding: com.android.server.compat.config.Change@f0c921a
01-01 08:00:09.448 1488 1600 I SystemConfig: Reading permissions from /vendor/etc/permissions/android.hardware.sensor.ambient_temperature.xml
01-01 08:00:09.448 1488 1488 D CompatConfig: Adding: com.android.server.compat.config.Change@85ba728
01-01 08:00:09.448 1488 1488 D CompatConfig: Adding: com.android.server.compat.config.Change@ce48c41
01-01 08:00:09.448 1488 1488 D CompatConfig: No directory /apex/com.android.media.swcodec/etc/compatconfig, skipping
01-01 08:00:09.448 1488 1488 D CompatConfig: No directory /apex/com.android.media/etc/compatconfig, skipping
01-01 08:00:09.448 1488 1488 D CompatConfig: No directory /apex/com.android.ipsec/etc/compatconfig, skipping
01-01 08:00:09.448 1488 1488 D CompatConfig: No directory /apex/com.android.i18n/etc/compatconfig, skipping
01-01 08:00:09.448 1488 1488 D CompatConfig: No directory /apex/com.android.extservices/etc/compatconfig, skipping
01-01 08:00:09.448 1488 1488 D CompatConfig: No directory /apex/com.android.conscrypt/etc/compatconfig, skipping
01-01 08:00:09.449 1488 1600 I SystemConfig: Reading permissions from /vendor/etc/permissions/android.software.ipsec_tunnels.xml
01-01 08:00:09.449 1488 1488 D CompatConfig: Found a config file: /apex/com.android.art/etc/compatconfig/libcore-platform-compat-config.xml
01-01 08:00:09.449 1488 1488 D CompatConfig: Adding: com.android.server.compat.config.Change@7580dd4
01-01 08:00:09.449 1488 1600 I SystemConfig: Reading permissions from /vendor/etc/permissions/android.software.device_id_attestation.xml
01-01 08:00:09.449 1488 1488 D CompatConfig: Adding: com.android.server.compat.config.Change@7734a72
01-01 08:00:09.449 1488 1488 D CompatConfig: Adding: com.android.server.compat.config.Change@2f19ec3
01-01 08:00:09.450 1488 1600 I SystemConfig: Reading permissions from /vendor/etc/permissions/android.hardware.vulkan.compute-0.xml
01-01 08:00:09.450 1488 1488 D CompatConfig: Adding: com.android.server.compat.config.Change@fdd8279
01-01 08:00:09.450 1488 1488 D CompatConfig: Adding: com.android.server.compat.config.Change@1a79bbe
01-01 08:00:09.450 1488 1600 I SystemConfig: Reading permissions from /vendor/etc/permissions/android.hardware.sensor.barometer.xml
01-01 08:00:09.450 1488 1488 D CompatConfig: No directory /apex/com.android.appsearch/etc/compatconfig, skipping
01-01 08:00:09.450 1488 1488 D CompatConfig: No directory /apex/com.android.adbd/etc/compatconfig, skipping
01-01 08:00:09.450 1488 1600 I SystemConfig: Reading permissions from /vendor/etc/permissions/qti_fingerprint_interface.xml
01-01 08:00:09.452 1488 1600 I SystemConfig: Reading permissions from /vendor/etc/permissions/android.hardware.usb.host.xml
01-01 08:00:09.452 1488 1600 I SystemConfig: Reading permissions from /vendor/etc/permissions/android.software.vulkan.deqp.level.xml
01-01 08:00:09.452 1488 1488 I SystemServerTiming: StartFileIntegrityService
01-01 08:00:09.452 1488 1488 I SystemServiceManager: Starting com.android.server.security.FileIntegrityService
01-01 08:00:09.452 1488 1600 I SystemConfig: Reading permissions from /vendor/etc/permissions/vendor-qti-hardware-sensorscalibrate.xml
01-01 08:00:09.453 1488 1600 I SystemConfig: Reading permissions from /vendor/etc/permissions/android.hardware.sensor.compass.xml
01-01 08:00:09.454 1488 1600 I SystemConfig: Reading permissions from /vendor/etc/permissions/android.hardware.bluetooth.xml
01-01 08:00:09.454 1488 1600 I SystemConfig: Reading permissions from /vendor/etc/permissions/handheld_core_hardware.xml
01-01 08:00:09.455 1488 1600 I SystemConfig: Reading permissions from /vendor/etc/permissions/android.hardware.sensor.hifi_sensors.xml
01-01 08:00:09.455 1488 1600 I SystemConfig: Reading permissions from /vendor/etc/permissions/android.hardware.light.xml
01-01 08:00:09.455 1488 1600 I SystemConfig: Reading permissions from /vendor/etc/permissions/android.hardware.vulkan.level-1.xml
01-01 08:00:09.455 1488 1600 I SystemConfig: Reading permissions from /vendor/etc/permissions/android.hardware.audio.pro.xml
01-01 08:00:09.456 1488 1600 I SystemConfig: Reading permissions from /vendor/etc/permissions/android.hardware.bluetooth_le.xml
01-01 08:00:09.456 1488 1488 I SystemServerTiming: StartInstaller
01-01 08:00:09.456 1488 1488 I SystemServiceManager: Starting com.android.server.pm.Installer
01-01 08:00:09.456 1488 1600 I SystemConfig: Reading permissions from /vendor/etc/permissions/android.hardware.opengles.aep.xml
01-01 08:00:09.456 1488 1600 I SystemConfig: Reading permissions from /vendor/etc/permissions/android.hardware.se.omapi.uicc.xml
01-01 08:00:09.457 1488 1600 I SystemConfig: Reading permissions from /vendor/etc/permissions/android.hardware.sensor.gyroscope.xml
01-01 08:00:09.457 1488 1600 I SystemConfig: Reading permissions from /vendor/etc/permissions/android.hardware.fingerprint.xml
01-01 08:00:09.457 1488 1488 I SystemServerTiming: DeviceIdentifiersPolicyService
01-01 08:00:09.457 1488 1488 I SystemServiceManager: Starting com.android.server.os.DeviceIdentifiersPolicyService
01-01 08:00:09.457 1488 1600 I SystemConfig: Reading permissions from /vendor/etc/permissions/android.hardware.wifi.aware.xml
01-01 08:00:09.457 1488 1488 I SystemServerTiming: UriGrantsManagerService
01-01 08:00:09.457 1488 1488 I SystemServiceManager: Starting com.android.server.uri.UriGrantsManagerService$Lifecycle
01-01 08:00:09.457 1488 1488 I SystemServerTiming: StartPowerStatsService
01-01 08:00:09.457 1488 1600 I SystemConfig: Reading permissions from /vendor/etc/permissions/android.hardware.touchscreen.multitouch.jazzhand.xml
01-01 08:00:09.458 1488 1488 I SystemServiceManager: Starting com.android.server.powerstats.PowerStatsService
01-01 08:00:09.458 1488 1600 I SystemConfig: Reading permissions from /vendor/etc/permissions/android.software.midi.xml
01-01 08:00:09.458 1488 1600 I SystemConfig: Reading permissions from /vendor/etc/permissions/android.hardware.se.omapi.ese.xml
01-01 08:00:09.459 1488 1600 I SystemConfig: Reading permissions from /vendor/etc/permissions/android.software.verified_boot.xml
01-01 08:00:09.459 1488 1600 I SystemConfig: Reading permissions from /vendor/etc/permissions/android.hardware.wifi.passpoint.xml
01-01 08:00:09.459 1488 1600 I SystemConfig: Reading permissions from /vendor/etc/permissions/android.hardware.wifi.rtt.xml
01-01 08:00:09.460 1488 1488 I SystemServerTiming: StartIStatsService
01-01 08:00:09.460 1488 1600 I SystemConfig: Reading permissions from /vendor/etc/permissions/android.hardware.wifi.xml
01-01 08:00:09.460 1488 1600 I SystemConfig: Reading permissions from /vendor/etc/permissions/android.hardware.usb.accessory.xml
01-01 08:00:09.460 1488 1488 I SystemServerTiming: MemtrackProxyService
01-01 08:00:09.461 1488 1600 I SystemConfig: Reading permissions from /vendor/etc/permissions/vendor.qti.hardware.factory.xml
01-01 08:00:09.461 1488 1488 I SystemServerTiming: StartActivityManager
01-01 08:00:09.461 1488 1488 I SystemServiceManager: Starting com.android.server.wm.ActivityTaskManagerService$Lifecycle
01-01 08:00:09.461 1488 1600 I SystemConfig: Reading permissions from /vendor/etc/permissions/android.hardware.audio.low_latency.xml
01-01 08:00:09.462 1488 1600 I SystemConfig: Reading permissions from /vendor/etc/permissions/android.hardware.sensor.relative_humidity.xml
01-01 08:00:09.462 1488 1600 I SystemConfig: Reading permissions from /vendor/etc/permissions/android.hardware.vulkan.version-1_1.xml
01-01 08:00:09.462 1488 1600 I SystemConfig: Reading permissions from /vendor/etc/permissions/android.hardware.location.gps.xml
01-01 08:00:09.463 1488 1600 I SystemConfig: Reading permissions from /product/etc/sysconfig/preinstalled-packages-platform-handheld-product.xml
01-01 08:00:09.464 1488 1600 I SystemConfig: Reading permissions from /product/etc/sysconfig/preinstalled-packages-platform-overlays.xml
01-01 08:00:09.465 1488 1600 I SystemConfig: Reading permissions from /product/etc/permissions/UimService.xml
01-01 08:00:09.465 1488 1488 I SystemServiceManager: Starting com.android.server.am.ActivityManagerService$Lifecycle
01-01 08:00:09.465 1488 1600 I SystemConfig: Reading permissions from /product/etc/permissions/telephony_product_privapp-permissions-qti.xml
01-01 08:00:09.465 1488 1600 I SystemConfig: Reading permissions from /product/etc/permissions/com.android.settings.intelligence.xml
01-01 08:00:09.466 1488 1600 I SystemConfig: Reading permissions from /product/etc/permissions/vendor.qti.hardware.data.connection-V1.0-java.xml
01-01 08:00:09.466 1488 1600 I SystemConfig: Reading permissions from /product/etc/permissions/vendor.qti.hardware.data.connection-V1.1-java.xml
01-01 08:00:09.467 1488 1600 I SystemConfig: Reading permissions from /product/etc/permissions/ims_ext_common.xml
01-01 08:00:09.468 1488 1600 I SystemConfig: Reading permissions from /product/etc/permissions/com.qti.snapdragon.sdk.display.xml
01-01 08:00:09.469 1488 1600 I SystemConfig: Reading permissions from /system_ext/etc/sysconfig/qti_whitelist_system_ext.xml
01-01 08:00:09.469 1488 1600 I SystemConfig: Reading permissions from /system_ext/etc/sysconfig/qti_telephony_system_packages_config.xml
01-01 08:00:09.470 1488 1488 I ActivityManager: Memory class: 512
01-01 08:00:09.470 1488 1600 I SystemConfig: Reading permissions from /system_ext/etc/permissions/dpmapi.xml
01-01 08:00:09.470 1488 1600 I SystemConfig: Reading permissions from /system_ext/etc/permissions/com.qualcomm.qti.imscmservice-V2.2-java.xml
01-01 08:00:09.470 1488 1600 I SystemConfig: Reading permissions from /system_ext/etc/permissions/com.qualcomm.qti.imscmservice-V2.1-java.xml
01-01 08:00:09.471 1488 1606 I Binder : Setting heavy hitter watcher config: false, 0, 0.0
01-01 08:00:09.471 1488 1600 I SystemConfig: Reading permissions from /system_ext/etc/permissions/privapp-permissions-qti-system-ext.xml
01-01 08:00:09.471 1488 1600 I SystemConfig: Reading permissions from /system_ext/etc/permissions/audiosphere.xml
01-01 08:00:09.472 1488 1600 I SystemConfig: Reading permissions from /system_ext/etc/permissions/com.android.launcher3.xml
01-01 08:00:09.472 1488 1600 I SystemConfig: Reading permissions from /system_ext/etc/permissions/telephony_system-ext_privapp-permissions-qti.xml
01-01 08:00:09.473 1488 1600 I SystemConfig: Reading permissions from /system_ext/etc/permissions/com.android.emergency.xml
01-01 08:00:09.473 1488 1600 I SystemConfig: Reading permissions from /system_ext/etc/permissions/vendor.qti.ims.rcsservice.xml
01-01 08:00:09.473 1488 1600 I SystemConfig: Reading permissions from /system_ext/etc/permissions/embms-noship_product_privapp_permissions_qti.xml
01-01 08:00:09.474 1488 1600 I SystemConfig: Reading permissions from /system_ext/etc/permissions/com.qualcomm.qti.izattools.xml
01-01 08:00:09.474 1488 1600 I SystemConfig: Reading permissions from /system_ext/etc/permissions/com.qualcomm.qmapbridge.xml
01-01 08:00:09.474 1488 1600 I SystemConfig: Reading permissions from /system_ext/etc/permissions/qti_libpermissions.xml
01-01 08:00:09.475 1488 1600 I SystemConfig: Reading permissions from /system_ext/etc/permissions/com.thundercomm.microsettings.xml
01-01 08:00:09.475 1488 1600 I SystemConfig: Reading permissions from /system_ext/etc/permissions/android.software.verified_boot.xml
01-01 08:00:09.475 1488 1600 I SystemConfig: Reading permissions from /system_ext/etc/permissions/com.android.provision.xml
01-01 08:00:09.475 1488 1600 I SystemConfig: Reading permissions from /system_ext/etc/permissions/com.qti.dpmframework.xml
01-01 08:00:09.476 1488 1600 I SystemConfig: Reading permissions from /system_ext/etc/permissions/privapp-permissions-com.qualcomm.location.xml
01-01 08:00:09.476 1488 1600 I SystemConfig: Reading permissions from /system_ext/etc/permissions/com.android.systemui.xml
01-01 08:00:09.477 1488 1600 I SystemConfig: Reading permissions from /system_ext/etc/permissions/com.qualcomm.qti.imscmservice-V2.0-java.xml
01-01 08:00:09.477 1488 1600 I SystemConfig: Reading permissions from /system_ext/etc/permissions/com.android.settings.xml
01-01 08:00:09.477 1488 1600 I SystemConfig: Reading permissions from /system_ext/etc/permissions/com.qualcomm.qti.imscmservice.xml
01-01 08:00:09.478 1488 1600 I SystemConfig: Reading permissions from /system_ext/etc/permissions/com.android.storagemanager.xml
01-01 08:00:09.478 1488 1600 I SystemConfig: Reading permissions from /system_ext/etc/permissions/qti_supplicant_interface.xml
01-01 08:00:09.478 1488 1600 I SystemConfig: Reading permissions from /system_ext/etc/permissions/com.hht.lebocast.xml
01-01 08:00:09.478 1488 1600 I SystemConfig: Reading permissions from /system_ext/etc/permissions/embms.xml
01-01 08:00:09.479 1488 1600 I SystemConfig: Reading permissions from /system_ext/etc/permissions/wfd-system-ext-privapp-permissions-qti.xml
01-01 08:00:09.479 1488 1600 I SystemConfig: Reading permissions from /system_ext/etc/permissions/privapp-permissions-aptxals.xml
01-01 08:00:09.479 1488 1600 I SystemConfig: Reading permissions from /system_ext/etc/permissions/com.qualcomm.location.xml
01-01 08:00:09.480 1488 1600 I SystemConfig: Reading permissions from /system_ext/etc/permissions/com.qti.media.secureprocessor.xml
01-01 08:00:09.480 1488 1600 I SystemConfig: Reading permissions from /system_ext/etc/permissions/com.qti.location.sdk.xml
01-01 08:00:09.480 1488 1600 I SystemConfig: Reading permissions from /system_ext/etc/permissions/com.nxp.nfc.nq.xml
01-01 08:00:09.481 1488 1600 I SystemConfig: Reading permissions from /system_ext/etc/permissions/izat.xt.srv.xml
01-01 08:00:09.481 1488 1600 I SystemConfig: Reading permissions from /system_ext/etc/permissions/qti_permissions.xml
01-01 08:00:09.482 1488 1600 I SystemConfig: Reading permissions from /apex/com.android.ipsec/etc/permissions/android.net.ipsec.ike.xml
01-01 08:00:09.495 1488 1488 D BatteryStatsImpl: Reading daily items from /data/system/batterystats-daily.xml
01-01 08:00:09.500 1488 1613 I KernelCpuUidFreqTimeReader: mPerClusterTimesAvailable=false
01-01 08:00:09.502 1488 1613 E KernelCpuSpeedReader: Failed to read cpu-freq: /sys/devices/system/cpu/cpu4/cpufreq/stats/time_in_state: open failed: ENOENT (No such file or directory)
01-01 08:00:09.502 1488 1613 E KernelCpuSpeedReader: Failed to read cpu-freq: /sys/devices/system/cpu/cpu0/cpufreq/stats/time_in_state: open failed: ENOENT (No such file or directory)
01-01 08:00:09.497 565 565 I auditd : type=1400 audit(0.0:150): avc: denied { read } for comm="Binder:565_2" name="wakeup58" dev="sysfs" ino=72259 scontext=u:r:system_suspend:s0 tcontext=u:object_r:sysfs:s0 tclass=dir permissive=0
01-01 08:00:09.501 565 565 I auditd : type=1400 audit(0.0:151): avc: denied { read } for comm="Binder:565_2" name="wakeup48" dev="sysfs" ino=67673 scontext=u:r:system_suspend:s0 tcontext=u:object_r:sysfs:s0 tclass=dir permissive=0
01-01 08:00:09.501 565 565 I auditd : type=1400 audit(0.0:152): avc: denied { read } for comm="Binder:565_2" name="wakeup4" dev="sysfs" ino=47049 scontext=u:r:system_suspend:s0 tcontext=u:object_r:sysfs:s0 tclass=dir permissive=0
01-01 08:00:09.501 565 565 I auditd : type=1400 audit(0.0:153): avc: denied { read } for comm="Binder:565_2" name="wakeup76" dev="sysfs" ino=77301 scontext=u:r:system_suspend:s0 tcontext=u:object_r:sysfs:s0 tclass=dir permissive=0
01-01 08:00:09.501 565 565 I auditd : type=1400 audit(0.0:154): avc: denied { read } for comm="Binder:565_2" name="wakeup28" dev="sysfs" ino=53114 scontext=u:r:system_suspend:s0 tcontext=u:object_r:sysfs:s0 tclass=dir permissive=0
01-01 08:00:09.501 565 565 I auditd : type=1400 audit(0.0:155): avc: denied { read } for comm="Binder:565_2" name="wakeup56" dev="sysfs" ino=72187 scontext=u:r:system_suspend:s0 tcontext=u:object_r:sysfs:s0 tclass=dir permissive=0
01-01 08:00:09.501 565 565 I auditd : type=1400 audit(0.0:156): avc: denied { read } for comm="Binder:565_2" name="wakeup2" dev="sysfs" ino=46573 scontext=u:r:system_suspend:s0 tcontext=u:object_r:sysfs:s0 tclass=dir permissive=0
01-01 08:00:09.501 565 565 I auditd : type=1400 audit(0.0:157): avc: denied { read } for comm="Binder:565_2" name="wakeup36" dev="sysfs" ino=58619 scontext=u:r:system_suspend:s0 tcontext=u:object_r:sysfs:s0 tclass=dir permissive=0
01-01 08:00:09.501 565 565 I auditd : type=1400 audit(0.0:158): avc: denied { read } for comm="Binder:565_2" name="wakeup54" dev="sysfs" ino=72115 scontext=u:r:system_suspend:s0 tcontext=u:object_r:sysfs:s0 tclass=dir permissive=0
01-01 08:00:09.501 565 565 I auditd : type=1400 audit(0.0:159): avc: denied { read } for comm="Binder:565_2" name="wakeup82" dev="sysfs" ino=78167 scontext=u:r:system_suspend:s0 tcontext=u:object_r:sysfs:s0 tclass=dir permissive=0
01-01 08:00:09.501 565 565 I auditd : type=1400 audit(0.0:160): avc: denied { read } for comm="Binder:565_2" name="wakeup44" dev="sysfs" ino=66530 scontext=u:r:system_suspend:s0 tcontext=u:object_r:sysfs:s0 tclass=dir permissive=0
01-01 08:00:09.501 565 565 I auditd : type=1400 audit(0.0:161): avc: denied { read } for comm="Binder:565_2" name="wakeup0" dev="sysfs" ino=43781 scontext=u:r:system_suspend:s0 tcontext=u:object_r:sysfs:s0 tclass=dir permissive=0
01-01 08:00:09.501 565 565 I auditd : type=1400 audit(0.0:162): avc: denied { read } for comm="Binder:565_2" name="wakeup62" dev="sysfs" ino=72415 scontext=u:r:system_suspend:s0 tcontext=u:object_r:sysfs:s0 tclass=dir permissive=0
01-01 08:00:09.501 565 565 I auditd : type=1400 audit(0.0:163): avc: denied { read } for comm="Binder:565_2" name="wakeup52" dev="sysfs" ino=72043 scontext=u:r:system_suspend:s0 tcontext=u:object_r:sysfs:s0 tclass=dir permissive=0
01-01 08:00:09.501 565 565 I auditd : type=1400 audit(0.0:164): avc: denied { read } for comm="Binder:565_2" name="wakeup9" dev="sysfs" ino=52098 scontext=u:r:system_suspend:s0 tcontext=u:object_r:sysfs:s0 tclass=dir permissive=0
01-01 08:00:09.501 565 565 I auditd : type=1400 audit(0.0:165): avc: denied { read } for comm="Binder:565_2" name="wakeup32" dev="sysfs" ino=53504 scontext=u:r:system_suspend:s0 tcontext=u:object_r:sysfs:s0 tclass=dir permissive=0
01-01 08:00:09.501 565 565 I auditd : type=1400 audit(0.0:166): avc: denied { read } for comm="Binder:565_2" name="wakeup60" dev="sysfs" ino=72343 scontext=u:r:system_suspend:s0 tcontext=u:object_r:sysfs:s0 tclass=dir permissive=0
01-01 08:00:09.501 565 565 I auditd : type=1400 audit(0.0:167): avc: denied { read } for comm="Binder:565_2" name="wakeup50" dev="sysfs" ino=71971 scontext=u:r:system_suspend:s0 tcontext=u:object_r:sysfs:s0 tclass=dir permissive=0
01-01 08:00:09.501 565 565 I auditd : type=1400 audit(0.0:168): avc: denied { read } for comm="Binder:565_2" name="wakeup7" dev="sysfs" ino=52010 scontext=u:r:system_suspend:s0 tcontext=u:object_r:sysfs:s0 tclass=dir permissive=0
01-01 08:00:09.501 565 565 I auditd : type=1400 audit(0.0:169): avc: denied { read } for comm="Binder:565_2" name="wakeup40" dev="sysfs" ino=63425 scontext=u:r:system_suspend:s0 tcontext=u:object_r:sysfs:s0 tclass=dir permissive=0
01-01 08:00:09.501 565 565 I auditd : type=1400 audit(0.0:170): avc: denied { read } for comm="Binder:565_2" name="wakeup30" dev="sysfs" ino=53325 scontext=u:r:system_suspend:s0 tcontext=u:object_r:sysfs:s0 tclass=dir permissive=0
01-01 08:00:09.501 565 565 I auditd : type=1400 audit(0.0:171): avc: denied { read } for comm="Binder:565_2" name="wakeup59" dev="sysfs" ino=72307 scontext=u:r:system_suspend:s0 tcontext=u:object_r:sysfs:s0 tclass=dir permissive=0
01-01 08:00:09.501 565 565 I auditd : type=1400 audit(0.0:172): avc: denied { read } for comm="Binder:565_2" name="wakeup5" dev="sysfs" ino=47081 scontext=u:r:system_suspend:s0 tcontext=u:object_r:sysfs:s0 tclass=dir permissive=0
01-01 08:00:09.501 565 565 I auditd : type=1400 audit(0.0:173): avc: denied { read } for comm="Binder:565_2" name="wakeup77" dev="sysfs" ino=77352 scontext=u:r:system_suspend:s0 tcontext=u:object_r:sysfs:s0 tclass=dir permissive=0
01-01 08:00:09.501 565 565 I auditd : type=1400 audit(0.0:174): avc: denied { read } for comm="Binder:565_2" name="wakeup39" dev="sysfs" ino=63389 scontext=u:r:system_suspend:s0 tcontext=u:object_r:sysfs:s0 tclass=dir permissive=0
01-01 08:00:09.501 565 565 I auditd : type=1400 audit(0.0:175): avc: denied { read } for comm="Binder:565_2" name="wakeup29" dev="sysfs" ino=53223 scontext=u:r:system_suspend:s0 tcontext=u:object_r:sysfs:s0 tclass=dir permissive=0
01-01 08:00:09.501 565 565 I auditd : type=1400 audit(0.0:176): avc: denied { read } for comm="Binder:565_2" name="wakeup57" dev="sysfs" ino=72223 scontext=u:r:system_suspend:s0 tcontext=u:object_r:sysfs:s0 tclass=dir permissive=0
01-01 08:00:09.501 565 565 I auditd : type=1400 audit(0.0:177): avc: denied { read } for comm="Binder:565_2" name="wakeup19" dev="sysfs" ino=52543 scontext=u:r:system_suspend:s0 tcontext=u:object_r:sysfs:s0 tclass=dir permissive=0
01-01 08:00:09.501 565 565 I auditd : type=1400 audit(0.0:178): avc: denied { read } for comm="Binder:565_2" name="wakeup75" dev="sysfs" ino=77250 scontext=u:r:system_suspend:s0 tcontext=u:object_r:sysfs:s0 tclass=dir permissive=0
01-01 08:00:09.501 565 565 I auditd : type=1400 audit(0.0:179): avc: denied { read } for comm="Binder:565_2" name="wakeup37" dev="sysfs" ino=58655 scontext=u:r:system_suspend:s0 tcontext=u:object_r:sysfs:s0 tclass=dir permissive=0
01-01 08:00:09.501 565 565 I auditd : type=1400 audit(0.0:180): avc: denied { read } for comm="Binder:565_2" name="wakeup27" dev="sysfs" ino=53080 scontext=u:r:system_suspend:s0 tcontext=u:object_r:sysfs:s0 tclass=dir permissive=0
01-01 08:00:09.501 565 565 I auditd : type=1400 audit(0.0:181): avc: denied { read } for comm="Binder:565_2" name="wakeup55" dev="sysfs" ino=72151 scontext=u:r:system_suspend:s0 tcontext=u:object_r:sysfs:s0 tclass=dir permissive=0
01-01 08:00:09.501 565 565 I auditd : type=1400 audit(0.0:182): avc: denied { read } for comm="Binder:565_2" name="wakeup17" dev="sysfs" ino=52467 scontext=u:r:system_suspend:s0 tcontext=u:object_r:sysfs:s0 tclass=dir permissive=0
01-01 08:00:09.501 565 565 I auditd : type=1400 audit(0.0:183): avc: denied { read } for comm="Binder:565_2" name="wakeup1" dev="sysfs" ino=43809 scontext=u:r:system_suspend:s0 tcontext=u:object_r:sysfs:s0 tclass=dir permissive=0
01-01 08:00:09.501 565 565 I auditd : type=1400 audit(0.0:184): avc: denied { read } for comm="Binder:565_2" name="wakeup63" dev="sysfs" ino=72451 scontext=u:r:system_suspend:s0 tcontext=u:object_r:sysfs:s0 tclass=dir permissive=0
01-01 08:00:09.501 565 565 I auditd : type=1400 audit(0.0:185): avc: denied { read } for comm="Binder:565_2" name="wakeup25" dev="sysfs" ino=52877 scontext=u:r:system_suspend:s0 tcontext=u:object_r:sysfs:s0 tclass=dir permissive=0
01-01 08:00:09.501 565 565 I auditd : type=1400 audit(0.0:186): avc: denied { read } for comm="Binder:565_2" name="wakeup53" dev="sysfs" ino=72079 scontext=u:r:system_suspend:s0 tcontext=u:object_r:sysfs:s0 tclass=dir permissive=0
01-01 08:00:09.501 565 565 I auditd : type=1400 audit(0.0:187): avc: denied { read } for comm="Binder:565_2" name="wakeup15" dev="sysfs" ino=52367 scontext=u:r:system_suspend:s0 tcontext=u:object_r:sysfs:s0 tclass=dir permissive=0
01-01 08:00:09.501 565 565 I auditd : type=1400 audit(0.0:188): avc: denied { read } for comm="Binder:565_2" name="wakeup43" dev="sysfs" ino=66512 scontext=u:r:system_suspend:s0 tcontext=u:object_r:sysfs:s0 tclass=dir permissive=0
01-01 08:00:09.501 565 565 I auditd : type=1400 audit(0.0:189): avc: denied { read } for comm="Binder:565_2" name="wakeup33" dev="sysfs" ino=56983 scontext=u:r:system_suspend:s0 tcontext=u:object_r:sysfs:s0 tclass=dir permissive=0
01-01 08:00:09.501 565 565 I auditd : type=1400 audit(0.0:190): avc: denied { read } for comm="Binder:565_2" name="wakeup61" dev="sysfs" ino=72379 scontext=u:r:system_suspend:s0 tcontext=u:object_r:sysfs:s0 tclass=dir permissive=0
01-01 08:00:09.501 565 565 I auditd : type=1400 audit(0.0:191): avc: denied { read } for comm="Binder:565_2" name="wakeup23" dev="sysfs" ino=52778 scontext=u:r:system_suspend:s0 tcontext=u:object_r:sysfs:s0 tclass=dir permissive=0
01-01 08:00:09.501 565 565 I auditd : type=1400 audit(0.0:192): avc: denied { read } for comm="Binder:565_2" name="wakeup51" dev="sysfs" ino=72007 scontext=u:r:system_suspend:s0 tcontext=u:object_r:sysfs:s0 tclass=dir permissive=0
01-01 08:00:09.501 565 565 I auditd : type=1400 audit(0.0:193): avc: denied { read } for comm="Binder:565_2" name="wakeup8" dev="sysfs" ino=52036 scontext=u:r:system_suspend:s0 tcontext=u:object_r:sysfs:s0 tclass=dir permissive=0
01-01 08:00:09.501 565 565 I auditd : type=1400 audit(0.0:194): avc: denied { read } for comm="Binder:565_2" name="wakeup13" dev="sysfs" ino=52259 scontext=u:r:system_suspend:s0 tcontext=u:object_r:sysfs:s0 tclass=dir permissive=0
01-01 08:00:09.501 565 565 I auditd : type=1400 audit(0.0:195): avc: denied { read } for comm="Binder:565_2" name="wakeup41" dev="sysfs" ino=64031 scontext=u:r:system_suspend:s0 tcontext=u:object_r:sysfs:s0 tclass=dir permissive=0
01-01 08:00:09.501 565 565 I auditd : type=1400 audit(0.0:196): avc: denied { read } for comm="Binder:565_2" name="wakeup31" dev="sysfs" ino=53382 scontext=u:r:system_suspend:s0 tcontext=u:object_r:sysfs:s0 tclass=dir permissive=0
01-01 08:00:09.501 565 565 I auditd : type=1400 audit(0.0:197): avc: denied { read } for comm="Binder:565_2" name="wakeup21" dev="sysfs" ino=52618 scontext=u:r:system_suspend:s0 tcontext=u:object_r:sysfs:s0 tclass=dir permissive=0
01-01 08:00:09.501 565 565 I auditd : type=1400 audit(0.0:198): avc: denied { read } for comm="Binder:565_2" name="wakeup6" dev="sysfs" ino=51984 scontext=u:r:system_suspend:s0 tcontext=u:object_r:sysfs:s0 tclass=dir permissive=0
01-01 08:00:09.501 565 565 I auditd : type=1400 audit(0.0:199): avc: denied { read } for comm="Binder:565_2" name="wakeup11" dev="sysfs" ino=52174 scontext=u:r:system_suspend:s0 tcontext=u:object_r:sysfs:s0 tclass=dir permissive=0
01-01 08:00:09.509 1488 1613 W KernelMemoryBandwidthStats: No kernel memory bandwidth stats available
01-01 08:00:09.512 1488 1605 I commit_sys_config_file: [batterystats,1]
01-01 08:00:09.513 1488 1605 I commit_sys_config_file: [batterystats,1]
01-01 08:00:09.537 1488 1488 I service_manager_stats: [100,6,7293]
01-01 08:00:09.544 1488 1488 I IntentFirewall: Read new rules (A:0 B:0 S:0)
01-01 08:00:09.546 1488 1488 D AppOps : AppOpsService published
01-01 08:00:09.547 1488 1488 I SystemServerTiming: StartDataLoaderManagerService
01-01 08:00:09.547 1488 1488 I SystemServiceManager: Starting com.android.server.pm.DataLoaderManagerService
01-01 08:00:09.548 1488 1488 I SystemServerTiming: StartIncrementalService
01-01 08:00:09.556 1488 1488 I SystemServerTiming: StartPowerManager
01-01 08:00:09.556 1488 1488 I SystemServiceManager: Starting com.android.server.power.PowerManagerService
01-01 08:00:09.562 1488 1488 I SystemServerTiming: StartThermalManager
01-01 08:00:09.562 1488 1488 I SystemServiceManager: Starting com.android.server.power.ThermalManagerService
01-01 08:00:09.562 1488 1488 I SystemServerTiming: StartHintManager
01-01 08:00:09.562 1488 1488 I SystemServiceManager: Starting com.android.server.power.hint.HintManagerService
01-01 08:00:09.563 1488 1488 I SystemServerTiming: InitPowerManagement
01-01 08:00:09.563 1488 1488 I SystemServerTiming: StartRecoverySystemService
01-01 08:00:09.563 1488 1488 I SystemServiceManager: Starting com.android.server.recoverysystem.RecoverySystemService$Lifecycle
01-01 08:00:09.564 1488 1488 I PackageWatchdog: Syncing state, reason: added new observer
01-01 08:00:09.564 1488 1488 I PackageWatchdog: Not pruning observers, elapsed time: 0ms
01-01 08:00:09.564 1488 1488 I PackageWatchdog: Cancelling state sync, nothing to sync
01-01 08:00:09.564 1488 1605 I PackageWatchdog: Saving observer state to file
01-01 08:00:09.565 1488 1488 I rescue_note: [0,1,7321]
01-01 08:00:09.565 1488 1488 I SystemServerTiming: StartLightsService
01-01 08:00:09.565 1488 1488 I SystemServiceManager: Starting com.android.server.lights.LightsService
01-01 08:00:09.567 1488 1488 I SystemServerTiming: StartSidekickService
01-01 08:00:09.567 1488 1488 I SystemServerTiming: StartDisplayManager
01-01 08:00:09.567 1488 1488 I SystemServiceManager: Starting com.android.server.display.DisplayManagerService
01-01 08:00:09.572 1488 1488 I SystemServerTiming: WaitForDisplay
01-01 08:00:09.572 1488 1488 I SystemServiceManager: Starting phase 100
01-01 08:00:09.572 1488 1488 I SystemServerTiming: OnBootPhase_100
01-01 08:00:09.572 1488 1488 I SystemServerTiming: OnBootPhase_100_com.android.server.security.FileIntegrityService
01-01 08:00:09.572 1488 1488 I SystemServerTiming: OnBootPhase_100_com.android.server.pm.Installer
01-01 08:00:09.572 1488 1488 I SystemServerTiming: OnBootPhase_100_com.android.server.os.DeviceIdentifiersPolicyService
01-01 08:00:09.572 1488 1488 I SystemServerTiming: OnBootPhase_100_com.android.server.uri.UriGrantsManagerService$Lifecycle
01-01 08:00:09.572 1488 1488 I SystemServerTiming: OnBootPhase_100_com.android.server.powerstats.PowerStatsService
01-01 08:00:09.572 1488 1488 I SystemServerTiming: OnBootPhase_100_com.android.server.wm.ActivityTaskManagerService$Lifecycle
01-01 08:00:09.572 1488 1488 I SystemServerTiming: OnBootPhase_100_com.android.server.am.ActivityManagerService$Lifecycle
01-01 08:00:09.572 1488 1488 I SystemServerTiming: OnBootPhase_100_com.android.server.pm.DataLoaderManagerService
01-01 08:00:09.572 1488 1488 I SystemServerTiming: OnBootPhase_100_com.android.server.power.PowerManagerService
01-01 08:00:09.572 1488 1488 I SystemServerTiming: OnBootPhase_100_com.android.server.power.ThermalManagerService
01-01 08:00:09.572 1488 1488 I SystemServerTiming: OnBootPhase_100_com.android.server.power.hint.HintManagerService
01-01 08:00:09.572 1488 1488 I SystemServerTiming: OnBootPhase_100_com.android.server.recoverysystem.RecoverySystemService$Lifecycle
01-01 08:00:09.572 1488 1488 I SystemServerTiming: OnBootPhase_100_com.android.server.lights.LightsService
01-01 08:00:09.572 1488 1488 I SystemServerTiming: OnBootPhase_100_com.android.server.display.DisplayManagerService
01-01 08:00:09.576 1488 1596 I DisplayDeviceRepository: Display device added: DisplayDeviceInfo{"内置屏幕": uniqueId="local:4630946370410392961", 2380 x 1020, modeId 1, defaultModeId 1, supportedModes [{id=1, width=2380, height=1020, fps=60.000004, alternativeRefreshRates=[]}], colorMode 0, supportedColorModes [0], hdrCapabilities HdrCapabilities{mSupportedHdrTypes=[2, 3, 4], mMaxLuminance=500.0, mMaxAverageLuminance=500.0, mMinLuminance=0.0}, allmSupported false, gameContentTypeSupported false, density 240, 319.851 x 319.851 dpi, appVsyncOff 1000000, presDeadline 16666666, touch INTERNAL, rotation 0, type INTERNAL, address {port=129, model=0x40446d3026322d}, deviceProductInfo DeviceProductInfo{name=, manufacturerPnpId=QCM, productId=1, modelYear=null, manufactureDate=ManufactureDate{week=27, year=2006}, connectionToSinkType=0}, state UNKNOWN, frameRateOverride , brightnessMinimum 0.0, brightnessMaximum 1.0, brightnessDefault 1.0, FLAG_DEFAULT_DISPLAY, FLAG_ROTATES_WITH_CONTENT, FLAG_SECURE, FLAG_SUPPORTS_PROTECTED_BUFFERS}
01-01 08:00:09.577 1488 1596 I LogicalDisplayMapper: Applying layout: [{addr: {port=129, model=0x40446d3026322d}, dispId: 0(ON)}], Previous layout: null
