12-31 02:07:25.086 1488 1682 I input_focus: [Focus entering 8e7cf7f com.thundercomm.screensaver/android.service.dreams.DreamActivity (server),reason=Window became focusable. Previous reason: NOT_VISIBLE]
12-31 02:07:25.102 1488 1871 E DisplayDeviceConfig: requesting nits when no mapping exists.
12-31 02:07:25.102 1488 1871 E DisplayDeviceConfig: requesting nits when no mapping exists.
12-31 02:07:25.102 1488 1606 I am_wtf : [0,1488,system_server,-1,DisplayDeviceConfig,requesting nits when no mapping exists.]
12-31 02:07:25.103 1488 1606 I am_wtf : [0,1488,system_server,-1,DisplayDeviceConfig,requesting nits when no mapping exists.]
12-31 02:07:25.119 1488 1871 E DisplayDeviceConfig: requesting nits when no mapping exists.
12-31 02:07:25.119 1488 1871 E DisplayDeviceConfig: requesting nits when no mapping exists.
12-31 02:07:25.119 1488 1606 I am_wtf : [0,1488,system_server,-1,DisplayDeviceConfig,requesting nits when no mapping exists.]
12-31 02:07:25.120 1488 1606 I am_wtf : [0,1488,system_server,-1,DisplayDeviceConfig,requesting nits when no mapping exists.]
12-31 02:07:25.126 2412 3733 W ContextImpl: Calling a method in the system process without a qualified user: android.app.ContextImpl.startService:1816 android.content.ContextWrapper.startService:774 com.thundercomm.gamemode.ingame.services.GameModeActionUtils.startGameModeService:99 com.thundercomm.gamemode.ingame.services.GameModeActionUtils.startGameModeEntry:22 com.thundercomm.gamemode.ingame.services.ActivityMonitoringService$1.onActivityLaunch:127
12-31 02:07:25.127 1488 1488 I GameModeConfig: Current uri is uri = content://com.thundercomm.gamemode.api/gamemode_settings/gamemode_isgaming
12-31 02:07:25.128 1488 1488 I GameModeConfig: isGameModeOn = false
12-31 02:07:25.128 1488 1488 I GameModeConfig: isGameModeOn = false
12-31 02:07:25.128 1488 1488 I GameModeConfig: isDisableVoice = true
12-31 02:07:25.136 1488 1871 E DisplayDeviceConfig: requesting nits when no mapping exists.
12-31 02:07:25.136 1488 1871 E DisplayDeviceConfig: requesting nits when no mapping exists.
12-31 02:07:25.136 1488 1606 I am_wtf : [0,1488,system_server,-1,DisplayDeviceConfig,requesting nits when no mapping exists.]
12-31 02:07:25.136 1488 1606 I am_wtf : [0,1488,system_server,-1,DisplayDeviceConfig,requesting nits when no mapping exists.]
12-31 02:07:25.153 1488 1871 E DisplayDeviceConfig: requesting nits when no mapping exists.
12-31 02:07:25.153 1488 1871 E DisplayDeviceConfig: requesting nits when no mapping exists.
12-31 02:07:25.153 1488 1606 I am_wtf : [0,1488,system_server,-1,DisplayDeviceConfig,requesting nits when no mapping exists.]
12-31 02:07:25.153 1488 1606 I am_wtf : [0,1488,system_server,-1,DisplayDeviceConfig,requesting nits when no mapping exists.]
12-31 02:07:25.169 1488 1871 E DisplayDeviceConfig: requesting nits when no mapping exists.
12-31 02:07:25.169 1488 1871 E DisplayDeviceConfig: requesting nits when no mapping exists.
12-31 02:07:25.169 1488 1606 I am_wtf : [0,1488,system_server,-1,DisplayDeviceConfig,requesting nits when no mapping exists.]
12-31 02:07:25.170 1488 1606 I am_wtf : [0,1488,system_server,-1,DisplayDeviceConfig,requesting nits when no mapping exists.]
12-31 02:07:25.186 1488 1871 E DisplayDeviceConfig: requesting nits when no mapping exists.
12-31 02:07:25.186 1488 1871 E DisplayDeviceConfig: requesting nits when no mapping exists.
12-31 02:07:25.186 1488 1606 I am_wtf : [0,1488,system_server,-1,DisplayDeviceConfig,requesting nits when no mapping exists.]
12-31 02:07:25.187 1488 1606 I am_wtf : [0,1488,system_server,-1,DisplayDeviceConfig,requesting nits when no mapping exists.]
12-31 02:07:25.203 1488 1871 E DisplayDeviceConfig: requesting nits when no mapping exists.
12-31 02:07:25.203 1488 1871 E DisplayDeviceConfig: requesting nits when no mapping exists.
12-31 02:07:25.203 1488 1606 I am_wtf : [0,1488,system_server,-1,DisplayDeviceConfig,requesting nits when no mapping exists.]
12-31 02:07:25.203 1488 1606 I am_wtf : [0,1488,system_server,-1,DisplayDeviceConfig,requesting nits when no mapping exists.]
12-31 02:07:25.219 1488 1871 E DisplayDeviceConfig: requesting nits when no mapping exists.
12-31 02:07:25.219 1488 1871 E DisplayDeviceConfig: requesting nits when no mapping exists.
12-31 02:07:25.219 1488 1606 I am_wtf : [0,1488,system_server,-1,DisplayDeviceConfig,requesting nits when no mapping exists.]
12-31 02:07:25.219 1488 1606 I am_wtf : [0,1488,system_server,-1,DisplayDeviceConfig,requesting nits when no mapping exists.]
12-31 02:07:25.236 1488 1871 E DisplayDeviceConfig: requesting nits when no mapping exists.
12-31 02:07:25.236 1488 1871 E DisplayDeviceConfig: requesting nits when no mapping exists.
12-31 02:07:25.237 1488 1606 I am_wtf : [0,1488,system_server,-1,DisplayDeviceConfig,requesting nits when no mapping exists.]
12-31 02:07:25.237 1488 1606 I am_wtf : [0,1488,system_server,-1,DisplayDeviceConfig,requesting nits when no mapping exists.]
12-31 02:07:25.252 1488 1871 E DisplayDeviceConfig: requesting nits when no mapping exists.
12-31 02:07:25.253 1488 1871 E DisplayDeviceConfig: requesting nits when no mapping exists.
12-31 02:07:25.253 1488 1606 I am_wtf : [0,1488,system_server,-1,DisplayDeviceConfig,requesting nits when no mapping exists.]
12-31 02:07:25.253 1488 1606 I am_wtf : [0,1488,system_server,-1,DisplayDeviceConfig,requesting nits when no mapping exists.]
12-31 02:07:25.270 1488 1871 E DisplayDeviceConfig: requesting nits when no mapping exists.
12-31 02:07:25.270 1488 1871 E DisplayDeviceConfig: requesting nits when no mapping exists.
12-31 02:07:25.270 1488 1606 I am_wtf : [0,1488,system_server,-1,DisplayDeviceConfig,requesting nits when no mapping exists.]
12-31 02:07:25.270 1488 1606 I am_wtf : [0,1488,system_server,-1,DisplayDeviceConfig,requesting nits when no mapping exists.]
12-31 02:07:25.286 1488 1871 E DisplayDeviceConfig: requesting nits when no mapping exists.
12-31 02:07:25.286 1488 1871 E DisplayDeviceConfig: requesting nits when no mapping exists.
12-31 02:07:25.286 1488 1606 I am_wtf : [0,1488,system_server,-1,DisplayDeviceConfig,requesting nits when no mapping exists.]
12-31 02:07:25.287 1488 1606 I am_wtf : [0,1488,system_server,-1,DisplayDeviceConfig,requesting nits when no mapping exists.]
12-31 02:07:25.303 1488 1871 E DisplayDeviceConfig: requesting nits when no mapping exists.
12-31 02:07:25.303 1488 1871 E DisplayDeviceConfig: requesting nits when no mapping exists.
12-31 02:07:25.303 1488 1606 I am_wtf : [0,1488,system_server,-1,DisplayDeviceConfig,requesting nits when no mapping exists.]
12-31 02:07:25.303 1488 1606 I am_wtf : [0,1488,system_server,-1,DisplayDeviceConfig,requesting nits when no mapping exists.]
12-31 02:07:25.319 1488 1871 E DisplayDeviceConfig: requesting nits when no mapping exists.
12-31 02:07:25.319 1488 1871 E DisplayDeviceConfig: requesting nits when no mapping exists.
12-31 02:07:25.319 1488 1606 I am_wtf : [0,1488,system_server,-1,DisplayDeviceConfig,requesting nits when no mapping exists.]
12-31 02:07:25.320 1488 1606 I am_wtf : [0,1488,system_server,-1,DisplayDeviceConfig,requesting nits when no mapping exists.]
12-31 02:07:25.336 1488 1871 E DisplayDeviceConfig: requesting nits when no mapping exists.
12-31 02:07:25.336 1488 1871 E DisplayDeviceConfig: requesting nits when no mapping exists.
12-31 02:07:25.336 1488 1606 I am_wtf : [0,1488,system_server,-1,DisplayDeviceConfig,requesting nits when no mapping exists.]
12-31 02:07:25.336 1488 1606 I am_wtf : [0,1488,system_server,-1,DisplayDeviceConfig,requesting nits when no mapping exists.]
12-31 02:07:25.353 1488 1871 E DisplayDeviceConfig: requesting nits when no mapping exists.
12-31 02:07:25.353 1488 1871 E DisplayDeviceConfig: requesting nits when no mapping exists.
12-31 02:07:25.353 1488 1606 I am_wtf : [0,1488,system_server,-1,DisplayDeviceConfig,requesting nits when no mapping exists.]
12-31 02:07:25.353 1488 1606 I am_wtf : [0,1488,system_server,-1,DisplayDeviceConfig,requesting nits when no mapping exists.]
12-31 02:07:25.370 1488 1871 E DisplayDeviceConfig: requesting nits when no mapping exists.
12-31 02:07:25.370 1488 1871 E DisplayDeviceConfig: requesting nits when no mapping exists.
12-31 02:07:25.370 1488 1606 I am_wtf : [0,1488,system_server,-1,DisplayDeviceConfig,requesting nits when no mapping exists.]
12-31 02:07:25.370 1488 1606 I am_wtf : [0,1488,system_server,-1,DisplayDeviceConfig,requesting nits when no mapping exists.]
12-31 02:07:25.386 1488 1871 E DisplayDeviceConfig: requesting nits when no mapping exists.
12-31 02:07:25.387 1488 1871 E DisplayDeviceConfig: requesting nits when no mapping exists.
12-31 02:07:25.387 1488 1606 I am_wtf : [0,1488,system_server,-1,DisplayDeviceConfig,requesting nits when no mapping exists.]
12-31 02:07:25.387 1488 1606 I am_wtf : [0,1488,system_server,-1,DisplayDeviceConfig,requesting nits when no mapping exists.]
12-31 02:07:25.403 1488 1871 E DisplayDeviceConfig: requesting nits when no mapping exists.
12-31 02:07:25.403 1488 1871 E DisplayDeviceConfig: requesting nits when no mapping exists.
12-31 02:07:25.403 1488 1606 I am_wtf : [0,1488,system_server,-1,DisplayDeviceConfig,requesting nits when no mapping exists.]
12-31 02:07:25.403 1488 1606 I am_wtf : [0,1488,system_server,-1,DisplayDeviceConfig,requesting nits when no mapping exists.]
12-31 02:07:25.420 1488 1871 E DisplayDeviceConfig: requesting nits when no mapping exists.
12-31 02:07:25.420 1488 1871 E DisplayDeviceConfig: requesting nits when no mapping exists.
12-31 02:07:25.420 1488 1606 I am_wtf : [0,1488,system_server,-1,DisplayDeviceConfig,requesting nits when no mapping exists.]
12-31 02:07:25.420 1488 1606 I am_wtf : [0,1488,system_server,-1,DisplayDeviceConfig,requesting nits when no mapping exists.]
12-31 02:07:25.437 1488 1871 E DisplayDeviceConfig: requesting nits when no mapping exists.
12-31 02:07:25.437 1488 1871 E DisplayDeviceConfig: requesting nits when no mapping exists.
12-31 02:07:25.437 1488 1606 I am_wtf : [0,1488,system_server,-1,DisplayDeviceConfig,requesting nits when no mapping exists.]
12-31 02:07:25.437 1488 1606 I am_wtf : [0,1488,system_server,-1,DisplayDeviceConfig,requesting nits when no mapping exists.]
12-31 02:07:25.453 1488 1871 E DisplayDeviceConfig: requesting nits when no mapping exists.
12-31 02:07:25.453 1488 1871 E DisplayDeviceConfig: requesting nits when no mapping exists.
12-31 02:07:25.453 1488 1606 I am_wtf : [0,1488,system_server,-1,DisplayDeviceConfig,requesting nits when no mapping exists.]
12-31 02:07:25.454 1488 1606 I am_wtf : [0,1488,system_server,-1,DisplayDeviceConfig,requesting nits when no mapping exists.]
12-31 02:07:25.470 1488 1871 E DisplayDeviceConfig: requesting nits when no mapping exists.
12-31 02:07:25.470 1488 1871 E DisplayDeviceConfig: requesting nits when no mapping exists.
12-31 02:07:25.470 1488 1606 I am_wtf : [0,1488,system_server,-1,DisplayDeviceConfig,requesting nits when no mapping exists.]
12-31 02:07:25.470 1488 1606 I am_wtf : [0,1488,system_server,-1,DisplayDeviceConfig,requesting nits when no mapping exists.]
12-31 02:07:25.486 1488 1871 E DisplayDeviceConfig: requesting nits when no mapping exists.
12-31 02:07:25.486 1488 1871 E DisplayDeviceConfig: requesting nits when no mapping exists.
12-31 02:07:25.486 1488 1606 I am_wtf : [0,1488,system_server,-1,DisplayDeviceConfig,requesting nits when no mapping exists.]
12-31 02:07:25.487 1488 1606 I am_wtf : [0,1488,system_server,-1,DisplayDeviceConfig,requesting nits when no mapping exists.]
12-31 02:07:25.503 1488 1871 E DisplayDeviceConfig: requesting nits when no mapping exists.
12-31 02:07:25.503 1488 1871 E DisplayDeviceConfig: requesting nits when no mapping exists.
12-31 02:07:25.503 1488 1606 I am_wtf : [0,1488,system_server,-1,DisplayDeviceConfig,requesting nits when no mapping exists.]
12-31 02:07:25.503 1488 1606 I am_wtf : [0,1488,system_server,-1,DisplayDeviceConfig,requesting nits when no mapping exists.]
12-31 02:07:25.520 1488 1871 E DisplayDeviceConfig: requesting nits when no mapping exists.
12-31 02:07:25.520 1488 1606 I am_wtf : [0,1488,system_server,-1,DisplayDeviceConfig,requesting nits when no mapping exists.]
12-31 02:07:25.520 1488 1871 E DisplayDeviceConfig: requesting nits when no mapping exists.
12-31 02:07:25.520 1488 1606 I am_wtf : [0,1488,system_server,-1,DisplayDeviceConfig,requesting nits when no mapping exists.]
12-31 02:07:25.536 1488 1871 E DisplayDeviceConfig: requesting nits when no mapping exists.
12-31 02:07:25.536 1488 1871 E DisplayDeviceConfig: requesting nits when no mapping exists.
12-31 02:07:25.536 1488 1606 I am_wtf : [0,1488,system_server,-1,DisplayDeviceConfig,requesting nits when no mapping exists.]
12-31 02:07:25.537 1488 1606 I am_wtf : [0,1488,system_server,-1,DisplayDeviceConfig,requesting nits when no mapping exists.]
12-31 02:07:25.553 1488 1871 E DisplayDeviceConfig: requesting nits when no mapping exists.
12-31 02:07:25.553 1488 1871 E DisplayDeviceConfig: requesting nits when no mapping exists.
12-31 02:07:25.553 1488 1606 I am_wtf : [0,1488,system_server,-1,DisplayDeviceConfig,requesting nits when no mapping exists.]
12-31 02:07:25.553 1488 1606 I am_wtf : [0,1488,system_server,-1,DisplayDeviceConfig,requesting nits when no mapping exists.]
12-31 02:07:25.571 1488 1871 E DisplayDeviceConfig: requesting nits when no mapping exists.
12-31 02:07:25.571 1488 1871 E DisplayDeviceConfig: requesting nits when no mapping exists.
12-31 02:07:25.571 1488 1606 I am_wtf : [0,1488,system_server,-1,DisplayDeviceConfig,requesting nits when no mapping exists.]
12-31 02:07:25.571 1488 1606 I am_wtf : [0,1488,system_server,-1,DisplayDeviceConfig,requesting nits when no mapping exists.]
12-31 02:07:25.572 1488 1596 I wm_stop_activity: [0,205731203,com.thundercomm.mcuupgrade/.MainActivity]
12-31 02:07:25.586 1488 1871 E DisplayDeviceConfig: requesting nits when no mapping exists.
12-31 02:07:25.587 1488 1871 E DisplayDeviceConfig: requesting nits when no mapping exists.
12-31 02:07:25.587 1488 1606 I am_wtf : [0,1488,system_server,-1,DisplayDeviceConfig,requesting nits when no mapping exists.]
12-31 02:07:25.587 1488 1606 I am_wtf : [0,1488,system_server,-1,DisplayDeviceConfig,requesting nits when no mapping exists.]
12-31 02:07:25.590 4458 4458 I wm_on_stop_called: [205731203,com.thundercomm.mcuupgrade.MainActivity,STOP_ACTIVITY_ITEM]
12-31 02:07:25.604 1488 1871 E DisplayDeviceConfig: requesting nits when no mapping exists.
12-31 02:07:25.604 1488 1871 E DisplayDeviceConfig: requesting nits when no mapping exists.
12-31 02:07:25.604 1488 1606 I am_wtf : [0,1488,system_server,-1,DisplayDeviceConfig,requesting nits when no mapping exists.]
12-31 02:07:25.605 1488 1606 I am_wtf : [0,1488,system_server,-1,DisplayDeviceConfig,requesting nits when no mapping exists.]
12-31 02:07:25.609 2412 3733 W ContextImpl: Calling a method in the system process without a qualified user: android.app.ContextImpl.startService:1816 android.content.ContextWrapper.startService:774 com.thundercomm.gamemode.ingame.services.GameModeActionUtils.startGameModeService:99 com.thundercomm.gamemode.ingame.services.GameModeActionUtils.startGameModeEntry:22 com.thundercomm.gamemode.ingame.services.ActivityMonitoringService$1.onActivityLaunch:127
12-31 02:07:25.610 1488 1488 I GameModeConfig: Current uri is uri = content://com.thundercomm.gamemode.api/gamemode_settings/gamemode_isgaming
12-31 02:07:25.611 1488 1488 I GameModeConfig: isGameModeOn = false
12-31 02:07:25.611 1488 1488 I GameModeConfig: isGameModeOn = false
12-31 02:07:25.611 1488 1488 I GameModeConfig: isDisableVoice = true
12-31 02:07:25.620 1488 1871 E DisplayDeviceConfig: requesting nits when no mapping exists.
12-31 02:07:25.620 1488 1871 E DisplayDeviceConfig: requesting nits when no mapping exists.
12-31 02:07:25.620 1488 1606 I am_wtf : [0,1488,system_server,-1,DisplayDeviceConfig,requesting nits when no mapping exists.]
12-31 02:07:25.621 1488 1606 I am_wtf : [0,1488,system_server,-1,DisplayDeviceConfig,requesting nits when no mapping exists.]
12-31 02:07:25.637 1488 1871 E DisplayDeviceConfig: requesting nits when no mapping exists.
12-31 02:07:25.637 1488 1871 E DisplayDeviceConfig: requesting nits when no mapping exists.
12-31 02:07:25.637 1488 1606 I am_wtf : [0,1488,system_server,-1,DisplayDeviceConfig,requesting nits when no mapping exists.]
12-31 02:07:25.637 1488 1606 I am_wtf : [0,1488,system_server,-1,DisplayDeviceConfig,requesting nits when no mapping exists.]
12-31 02:07:25.654 1488 1871 E DisplayDeviceConfig: requesting nits when no mapping exists.
12-31 02:07:25.654 1488 1871 E DisplayDeviceConfig: requesting nits when no mapping exists.
12-31 02:07:25.654 1488 1606 I am_wtf : [0,1488,system_server,-1,DisplayDeviceConfig,requesting nits when no mapping exists.]
12-31 02:07:25.654 1488 1606 I am_wtf : [0,1488,system_server,-1,DisplayDeviceConfig,requesting nits when no mapping exists.]
12-31 02:07:25.670 1488 1871 E DisplayDeviceConfig: requesting nits when no mapping exists.
12-31 02:07:25.670 1488 1871 E DisplayDeviceConfig: requesting nits when no mapping exists.
12-31 02:07:25.670 1488 1606 I am_wtf : [0,1488,system_server,-1,DisplayDeviceConfig,requesting nits when no mapping exists.]
12-31 02:07:25.671 1488 1606 I am_wtf : [0,1488,system_server,-1,DisplayDeviceConfig,requesting nits when no mapping exists.]
12-31 02:07:25.687 1488 1871 E DisplayDeviceConfig: requesting nits when no mapping exists.
12-31 02:07:25.687 1488 1871 E DisplayDeviceConfig: requesting nits when no mapping exists.
12-31 02:07:25.687 1488 1606 I am_wtf : [0,1488,system_server,-1,DisplayDeviceConfig,requesting nits when no mapping exists.]
12-31 02:07:25.687 1488 1606 I am_wtf : [0,1488,system_server,-1,DisplayDeviceConfig,requesting nits when no mapping exists.]
12-31 02:07:25.704 1488 1871 E DisplayDeviceConfig: requesting nits when no mapping exists.
12-31 02:07:25.704 1488 1871 E DisplayDeviceConfig: requesting nits when no mapping exists.
12-31 02:07:25.704 1488 1606 I am_wtf : [0,1488,system_server,-1,DisplayDeviceConfig,requesting nits when no mapping exists.]
12-31 02:07:25.704 1488 1606 I am_wtf : [0,1488,system_server,-1,DisplayDeviceConfig,requesting nits when no mapping exists.]
12-31 02:07:25.721 1488 1871 E DisplayDeviceConfig: requesting nits when no mapping exists.
12-31 02:07:25.721 1488 1871 E DisplayDeviceConfig: requesting nits when no mapping exists.
12-31 02:07:25.721 1488 1606 I am_wtf : [0,1488,system_server,-1,DisplayDeviceConfig,requesting nits when no mapping exists.]
12-31 02:07:25.721 1488 1606 I am_wtf : [0,1488,system_server,-1,DisplayDeviceConfig,requesting nits when no mapping exists.]
12-31 02:07:25.737 1488 1871 E DisplayDeviceConfig: requesting nits when no mapping exists.
12-31 02:07:25.737 1488 1871 E DisplayDeviceConfig: requesting nits when no mapping exists.
12-31 02:07:25.737 1488 1606 I am_wtf : [0,1488,system_server,-1,DisplayDeviceConfig,requesting nits when no mapping exists.]
12-31 02:07:25.740 1488 1606 I am_wtf : [0,1488,system_server,-1,DisplayDeviceConfig,requesting nits when no mapping exists.]
12-31 02:07:25.754 1488 1871 E DisplayDeviceConfig: requesting nits when no mapping exists.
12-31 02:07:25.754 1488 1871 E DisplayDeviceConfig: requesting nits when no mapping exists.
12-31 02:07:25.754 1488 1606 I am_wtf : [0,1488,system_server,-1,DisplayDeviceConfig,requesting nits when no mapping exists.]
12-31 02:07:25.754 1488 1606 I am_wtf : [0,1488,system_server,-1,DisplayDeviceConfig,requesting nits when no mapping exists.]
12-31 02:07:25.771 1488 1871 E DisplayDeviceConfig: requesting nits when no mapping exists.
12-31 02:07:25.771 1488 1871 E DisplayDeviceConfig: requesting nits when no mapping exists.
12-31 02:07:25.771 1488 1606 I am_wtf : [0,1488,system_server,-1,DisplayDeviceConfig,requesting nits when no mapping exists.]
12-31 02:07:25.771 1488 1606 I am_wtf : [0,1488,system_server,-1,DisplayDeviceConfig,requesting nits when no mapping exists.]
12-31 02:07:25.787 1488 1871 E DisplayDeviceConfig: requesting nits when no mapping exists.
12-31 02:07:25.787 1488 1871 E DisplayDeviceConfig: requesting nits when no mapping exists.
12-31 02:07:25.787 1488 1606 I am_wtf : [0,1488,system_server,-1,DisplayDeviceConfig,requesting nits when no mapping exists.]
12-31 02:07:25.788 1488 1606 I am_wtf : [0,1488,system_server,-1,DisplayDeviceConfig,requesting nits when no mapping exists.]
12-31 02:07:25.804 1488 1871 E DisplayDeviceConfig: requesting nits when no mapping exists.
12-31 02:07:25.804 1488 1871 E DisplayDeviceConfig: requesting nits when no mapping exists.
12-31 02:07:25.804 1488 1606 I am_wtf : [0,1488,system_server,-1,DisplayDeviceConfig,requesting nits when no mapping exists.]
12-31 02:07:25.804 1488 1606 I am_wtf : [0,1488,system_server,-1,DisplayDeviceConfig,requesting nits when no mapping exists.]
12-31 02:07:25.821 1488 1871 E DisplayDeviceConfig: requesting nits when no mapping exists.
12-31 02:07:25.821 1488 1871 E DisplayDeviceConfig: requesting nits when no mapping exists.
12-31 02:07:25.821 1488 1606 I am_wtf : [0,1488,system_server,-1,DisplayDeviceConfig,requesting nits when no mapping exists.]
12-31 02:07:25.821 1488 1606 I am_wtf : [0,1488,system_server,-1,DisplayDeviceConfig,requesting nits when no mapping exists.]
12-31 02:07:25.837 1488 1871 E DisplayDeviceConfig: requesting nits when no mapping exists.
12-31 02:07:25.838 1488 1871 E DisplayDeviceConfig: requesting nits when no mapping exists.
12-31 02:07:25.838 1488 1606 I am_wtf : [0,1488,system_server,-1,DisplayDeviceConfig,requesting nits when no mapping exists.]
12-31 02:07:25.838 1488 1606 I am_wtf : [0,1488,system_server,-1,DisplayDeviceConfig,requesting nits when no mapping exists.]
12-31 02:07:25.854 1488 1871 E DisplayDeviceConfig: requesting nits when no mapping exists.
12-31 02:07:25.854 1488 1871 E DisplayDeviceConfig: requesting nits when no mapping exists.
12-31 02:07:25.854 1488 1606 I am_wtf : [0,1488,system_server,-1,DisplayDeviceConfig,requesting nits when no mapping exists.]
12-31 02:07:25.855 1488 1606 I am_wtf : [0,1488,system_server,-1,DisplayDeviceConfig,requesting nits when no mapping exists.]
12-31 02:07:25.871 1488 1871 E DisplayDeviceConfig: requesting nits when no mapping exists.
12-31 02:07:25.871 1488 1606 I am_wtf : [0,1488,system_server,-1,DisplayDeviceConfig,requesting nits when no mapping exists.]
12-31 02:07:25.871 1488 1871 E DisplayDeviceConfig: requesting nits when no mapping exists.
12-31 02:07:25.871 1488 1606 I am_wtf : [0,1488,system_server,-1,DisplayDeviceConfig,requesting nits when no mapping exists.]
12-31 02:07:25.888 1488 1871 E DisplayDeviceConfig: requesting nits when no mapping exists.
12-31 02:07:25.888 1488 1871 E DisplayDeviceConfig: requesting nits when no mapping exists.
12-31 02:07:25.888 1488 1606 I am_wtf : [0,1488,system_server,-1,DisplayDeviceConfig,requesting nits when no mapping exists.]
12-31 02:07:25.888 1488 1606 I am_wtf : [0,1488,system_server,-1,DisplayDeviceConfig,requesting nits when no mapping exists.]
12-31 02:07:25.904 1488 1871 E DisplayDeviceConfig: requesting nits when no mapping exists.
12-31 02:07:25.904 1488 1606 I am_wtf : [0,1488,system_server,-1,DisplayDeviceConfig,requesting nits when no mapping exists.]
12-31 02:07:25.904 1488 1871 E DisplayDeviceConfig: requesting nits when no mapping exists.
12-31 02:07:25.905 1488 1606 I am_wtf : [0,1488,system_server,-1,DisplayDeviceConfig,requesting nits when no mapping exists.]
12-31 02:07:25.921 1488 1871 E DisplayDeviceConfig: requesting nits when no mapping exists.
12-31 02:07:25.921 1488 1871 E DisplayDeviceConfig: requesting nits when no mapping exists.
12-31 02:07:25.921 1488 1606 I am_wtf : [0,1488,system_server,-1,DisplayDeviceConfig,requesting nits when no mapping exists.]
12-31 02:07:25.921 1488 1606 I am_wtf : [0,1488,system_server,-1,DisplayDeviceConfig,requesting nits when no mapping exists.]
12-31 02:07:25.938 1488 1871 E DisplayDeviceConfig: requesting nits when no mapping exists.
12-31 02:07:25.938 1488 1606 I am_wtf : [0,1488,system_server,-1,DisplayDeviceConfig,requesting nits when no mapping exists.]
12-31 02:07:25.938 1488 1871 E DisplayDeviceConfig: requesting nits when no mapping exists.
12-31 02:07:25.938 1488 1606 I am_wtf : [0,1488,system_server,-1,DisplayDeviceConfig,requesting nits when no mapping exists.]
12-31 02:07:25.954 1488 1871 E DisplayDeviceConfig: requesting nits when no mapping exists.
12-31 02:07:25.955 1488 1871 E DisplayDeviceConfig: requesting nits when no mapping exists.
12-31 02:07:25.955 1488 1606 I am_wtf : [0,1488,system_server,-1,DisplayDeviceConfig,requesting nits when no mapping exists.]
12-31 02:07:25.955 1488 1606 I am_wtf : [0,1488,system_server,-1,DisplayDeviceConfig,requesting nits when no mapping exists.]
12-31 02:07:25.971 1488 1871 E DisplayDeviceConfig: requesting nits when no mapping exists.
12-31 02:07:25.971 1488 1871 E DisplayDeviceConfig: requesting nits when no mapping exists.
12-31 02:07:25.971 1488 1606 I am_wtf : [0,1488,system_server,-1,DisplayDeviceConfig,requesting nits when no mapping exists.]
12-31 02:07:25.971 1488 1606 I am_wtf : [0,1488,system_server,-1,DisplayDeviceConfig,requesting nits when no mapping exists.]
12-31 02:07:25.988 1488 1871 E DisplayDeviceConfig: requesting nits when no mapping exists.
12-31 02:07:25.988 1488 1871 E DisplayDeviceConfig: requesting nits when no mapping exists.
12-31 02:07:25.988 1488 1606 I am_wtf : [0,1488,system_server,-1,DisplayDeviceConfig,requesting nits when no mapping exists.]
12-31 02:07:25.988 1488 1606 I am_wtf : [0,1488,system_server,-1,DisplayDeviceConfig,requesting nits when no mapping exists.]
12-31 02:07:26.005 1488 1871 E DisplayDeviceConfig: requesting nits when no mapping exists.
12-31 02:07:26.005 1488 1871 E DisplayDeviceConfig: requesting nits when no mapping exists.
12-31 02:07:26.005 1488 1606 I am_wtf : [0,1488,system_server,-1,DisplayDeviceConfig,requesting nits when no mapping exists.]
12-31 02:07:26.005 1488 1606 I am_wtf : [0,1488,system_server,-1,DisplayDeviceConfig,requesting nits when no mapping exists.]
12-31 02:07:26.021 1488 1871 E DisplayDeviceConfig: requesting nits when no mapping exists.
12-31 02:07:26.021 1488 1871 E DisplayDeviceConfig: requesting nits when no mapping exists.
12-31 02:07:26.022 1488 1606 I am_wtf : [0,1488,system_server,-1,DisplayDeviceConfig,requesting nits when no mapping exists.]
12-31 02:07:26.022 1488 1606 I am_wtf : [0,1488,system_server,-1,DisplayDeviceConfig,requesting nits when no mapping exists.]
12-31 02:08:31.655 1488 1606 I am_uid_idle: 10063
12-31 02:14:33.679 1488 1613 I service_manager_stats: [116,22,428609]
12-31 02:14:33.679 1488 1613 W BatteryExternalStatsWorker: error reading modem stats:ERROR_PHONE_NOT_AVAILABLE
12-31 02:14:33.706 1488 1613 E KernelCpuSpeedReader: Failed to read cpu-freq: /sys/devices/system/cpu/cpu4/cpufreq/stats/time_in_state: open failed: ENOENT (No such file or directory)
12-31 02:14:33.706 1488 1613 E KernelCpuSpeedReader: Failed to read cpu-freq: /sys/devices/system/cpu/cpu0/cpufreq/stats/time_in_state: open failed: ENOENT (No such file or directory)
12-31 02:14:33.707 565 565 I auditd : type=1400 audit(0.0:527): avc: denied { read } for comm="Binder:565_2" name="wakeup58" dev="sysfs" ino=72259 scontext=u:r:system_suspend:s0 tcontext=u:object_r:sysfs:s0 tclass=dir permissive=0
12-31 02:14:33.707 565 565 I auditd : type=1400 audit(0.0:528): avc: denied { read } for comm="Binder:565_2" name="wakeup48" dev="sysfs" ino=67673 scontext=u:r:system_suspend:s0 tcontext=u:object_r:sysfs:s0 tclass=dir permissive=0
12-31 02:14:33.707 565 565 I auditd : type=1400 audit(0.0:529): avc: denied { read } for comm="Binder:565_2" name="wakeup4" dev="sysfs" ino=47049 scontext=u:r:system_suspend:s0 tcontext=u:object_r:sysfs:s0 tclass=dir permissive=0
12-31 02:14:33.707 565 565 I auditd : type=1400 audit(0.0:530): avc: denied { read } for comm="Binder:565_2" name="wakeup76" dev="sysfs" ino=77301 scontext=u:r:system_suspend:s0 tcontext=u:object_r:sysfs:s0 tclass=dir permissive=0
12-31 02:14:33.707 565 565 I auditd : type=1400 audit(0.0:531): avc: denied { read } for comm="Binder:565_2" name="wakeup28" dev="sysfs" ino=53114 scontext=u:r:system_suspend:s0 tcontext=u:object_r:sysfs:s0 tclass=dir permissive=0
12-31 02:14:33.711 565 565 I auditd : type=1400 audit(0.0:532): avc: denied { read } for comm="Binder:565_2" name="wakeup56" dev="sysfs" ino=72187 scontext=u:r:system_suspend:s0 tcontext=u:object_r:sysfs:s0 tclass=dir permissive=0
12-31 02:14:33.711 565 565 I auditd : type=1400 audit(0.0:533): avc: denied { read } for comm="Binder:565_2" name="wakeup2" dev="sysfs" ino=46573 scontext=u:r:system_suspend:s0 tcontext=u:object_r:sysfs:s0 tclass=dir permissive=0
12-31 02:14:33.711 565 565 I auditd : type=1400 audit(0.0:534): avc: denied { read } for comm="Binder:565_2" name="wakeup36" dev="sysfs" ino=58619 scontext=u:r:system_suspend:s0 tcontext=u:object_r:sysfs:s0 tclass=dir permissive=0
12-31 02:14:33.711 565 565 I auditd : type=1400 audit(0.0:535): avc: denied { read } for comm="Binder:565_2" name="wakeup54" dev="sysfs" ino=72115 scontext=u:r:system_suspend:s0 tcontext=u:object_r:sysfs:s0 tclass=dir permissive=0
12-31 02:14:33.748 1488 1605 I commit_sys_config_file: [batterystats,8]
12-31 02:14:33.750 1488 1605 I commit_sys_config_file: [batterystats,1]
12-31 02:14:42.291 1488 1605 I UsageStatsService: User[0] Flushing usage stats to disk
12-31 02:14:52.079 497 516 I auditd : type=1401 audit(0.0:577): op=security_compute_sid invalid_context=u:r:np_thundercomm_tlog_pstore:s0 scontext=u:r:init:s0 tcontext=u:object_r:np_thundercomm_tlog_pstore_exec:s0 tclass=process
12-31 02:15:19.587 1488 1992 I commit_sys_config_file: [appops,3626821]
12-31 02:34:42.422 1488 1605 I UsageStatsService: User[0] Flushing usage stats to disk
12-31 02:37:12.914 1488 1707 I netstats_mobile_sample: [0,0,0,0,0,0,0,0,0,0,0,0,1672425432914]
12-31 02:37:12.915 1488 1707 I netstats_wifi_sample: [0,0,0,0,0,0,0,0,0,0,0,0,1672425432914]
12-31 02:37:12.921 1488 1605 I am_pss : [3973,10052,com.thundercomm.screensaver,62796800,55726080,0,176439296,0,2,14]
12-31 02:37:12.934 1488 1605 I am_pss : [2481,10074,com.android.launcher3,83190784,75075584,0,205205504,0,6,11]
12-31 02:37:12.955 1488 1605 I commit_sys_config_file: [procstats,8]
12-31 02:43:25.020 1488 1488 D CompatibilityChangeReporter: Compat change id reported: 168419799; UID 1000; state: DISABLED
12-31 02:43:25.032 1488 1488 I am_uid_running: 10019
12-31 02:43:25.033 1488 1488 D CompatibilityChangeReporter: Compat change id reported: 135634846; UID 10019; state: DISABLED
12-31 02:43:25.033 1488 1488 D CompatibilityChangeReporter: Compat change id reported: 177438394; UID 10019; state: DISABLED
12-31 02:43:25.034 1488 1488 D CompatibilityChangeReporter: Compat change id reported: 135772972; UID 10019; state: DISABLED
12-31 02:43:25.034 1488 1488 D CompatibilityChangeReporter: Compat change id reported: 135754954; UID 10019; state: ENABLED
12-31 02:43:25.035 1488 1607 D CompatibilityChangeReporter: Compat change id reported: 143937733; UID 10019; state: ENABLED
12-31 02:43:25.038 1488 1605 I am_pss : [3973,10052,com.thundercomm.screensaver,62652416,55582720,0,176295936,0,2,14]
12-31 02:43:25.056 1488 1607 I am_proc_start: [0,4893,10019,android.process.media,service,{com.android.providers.downloads/com.android.providers.downloads.DownloadIdleService}]
12-31 02:43:25.056 1488 1607 I ActivityManager: Start proc 4893:android.process.media/u0a19 for service {com.android.providers.downloads/com.android.providers.downloads.DownloadIdleService}
12-31 02:43:25.098 1488 2083 I am_proc_bound: [0,4893,android.process.media]
12-31 02:43:25.100 1488 2083 D CompatibilityChangeReporter: Compat change id reported: 168419799; UID 10019; state: DISABLED
12-31 02:43:25.134 1488 1739 I GameModeConfig: isGameModeOn = false
12-31 02:43:25.151 4893 4908 D DownloadManager: Removed 0 stale downloads
12-31 02:43:25.154 4893 4908 D DownloadManager: Found 0 files in database
12-31 02:43:25.154 4893 4908 D DownloadManager: Found 0 files on disk
12-31 02:43:25.177 1488 1688 I WatchlistLoggingHandler: No need to aggregate record yet.
12-31 02:43:25.177 1488 1688 I WatchlistLoggingHandler: Milliseconds spent on tryAggregateRecords(): 0
12-31 02:43:25.179 1488 4910 I BackgroundDexOptService: Performing idle optimizations
12-31 02:43:25.180 1488 4912 E DynamicCodeLogger: Could not infer CE/DE storage for path /apex/com.android.tethering/javalib/service-connectivity.jar
12-31 02:43:25.180 1488 4912 E DynamicCodeLogger: Could not infer CE/DE storage for path /apex/com.android.appsearch/javalib/service-appsearch.jar
12-31 02:43:25.180 1488 4912 E DynamicCodeLogger: Could not infer CE/DE storage for path /system/framework/services.jar
12-31 02:43:25.180 1488 4912 E DynamicCodeLogger: Could not infer CE/DE storage for path /system/framework/com.android.location.provider.jar
12-31 02:43:25.180 1488 4912 E DynamicCodeLogger: Could not infer CE/DE storage for path /apex/com.android.permission/javalib/service-permission.jar
12-31 02:43:25.180 1488 4912 E DynamicCodeLogger: Could not infer CE/DE storage for path /system/framework/ethernet-service.jar
12-31 02:43:25.180 1488 4912 E DynamicCodeLogger: Could not infer CE/DE storage for path /system_ext/framework/ActivityExt.jar
12-31 02:43:25.180 1488 4912 E DynamicCodeLogger: Could not infer CE/DE storage for path /product/framework/ims-ext-common.jar
12-31 02:43:25.180 1488 4912 E DynamicCodeLogger: Could not infer CE/DE storage for path /apex/com.android.scheduling/javalib/service-scheduling.jar
12-31 02:43:25.180 1488 4912 E DynamicCodeLogger: Could not infer CE/DE storage for path /apex/com.android.media/javalib/service-media-s.jar
12-31 02:43:25.180 1488 4912 E DynamicCodeLogger: Could not infer CE/DE storage for path /apex/com.android.wifi/javalib/service-wifi.jar
12-31 02:43:25.180 1488 4912 E DynamicCodeLogger: Could not infer CE/DE storage for path /apex/com.android.os.statsd/javalib/service-statsd.jar
12-31 02:43:25.187 1488 4912 I snet_event_log: [dcl,10088,72EF5D7DED51080CEECC9D85E6D12DDD75CB53A00CAE54BA24488AD58A49FA00 442FA39DA83157E0BD6FAC3C03D361C8DDDAFE549BEC99B2400D1F06B0596400]
12-31 02:43:25.196 1488 1992 D BlobStore: Completed idle maintenance; deleted []
12-31 02:43:25.198 1488 1801 I commit_sys_config_file: [blobs_index,2]
12-31 02:43:25.199 1488 1801 I commit_sys_config_file: [session_index,1]
12-31 02:43:25.674 1167 2000 W iorapd : Missing corresponding prefetch_file db row for com.android.provision/com.android.provision.DefaultActivity@31
12-31 02:43:25.899 4950 4950 I auditd : type=1400 audit(0.0:578): avc: denied { read } for comm="iorap.inode2fil" name="tlog" dev="dm-5" ino=1821 scontext=u:r:iorap_inode2filename:s0 tcontext=u:object_r:tlog_config_file:s0 tclass=dir permissive=0
12-31 02:43:25.975 4950 4950 I auditd : type=1400 audit(0.0:579): avc: denied { read } for comm="iorap.inode2fil" name="nativetest" dev="dm-10" ino=7 scontext=u:r:iorap_inode2filename:s0 tcontext=u:object_r:nativetest_data_file:s0 tclass=dir permissive=0
12-31 02:43:25.975 4950 4950 I auditd : type=1400 audit(0.0:580): avc: denied { read } for comm="iorap.inode2fil" name="nativetest64" dev="dm-10" ino=8 scontext=u:r:iorap_inode2filename:s0 tcontext=u:object_r:nativetest_data_file:s0 tclass=dir permissive=0
12-31 02:43:25.975 4950 4950 I auditd : type=1400 audit(0.0:581): avc: denied { read } for comm="iorap.inode2fil" name="vendor" dev="dm-10" ino=30 scontext=u:r:iorap_inode2filename:s0 tcontext=u:object_r:vendor_data_file:s0 tclass=dir permissive=0
12-31 02:43:25.975 4950 4950 I auditd : type=1400 audit(0.0:582): avc: denied { read } for comm="iorap.inode2fil" name="vendor_ce" dev="dm-10" ino=31 scontext=u:r:iorap_inode2filename:s0 tcontext=u:object_r:vendor_data_file:s0 tclass=dir permissive=0
12-31 02:43:25.975 4950 4950 I auditd : type=1400 audit(0.0:583): avc: denied { read } for comm="iorap.inode2fil" name="vendor_de" dev="dm-10" ino=32 scontext=u:r:iorap_inode2filename:s0 tcontext=u:object_r:vendor_data_file:s0 tclass=dir permissive=0
12-31 02:43:25.975 4950 4950 I auditd : type=1400 audit(0.0:584): avc: denied { read } for comm="iorap.inode2fil" name="anr" dev="dm-10" ino=34 scontext=u:r:iorap_inode2filename:s0 tcontext=u:object_r:anr_data_file:s0 tclass=dir permissive=0
12-31 02:43:25.975 4950 4950 I auditd : type=1400 audit(0.0:585): avc: denied { read } for comm="iorap.inode2fil" name="tombstones" dev="dm-10" ino=35 scontext=u:r:iorap_inode2filename:s0 tcontext=u:object_r:tombstone_data_file:s0 tclass=dir permissive=0
12-31 02:43:25.975 4950 4950 I auditd : type=1400 audit(0.0:586): avc: denied { read } for comm="iorap.inode2fil" name="keystore" dev="dm-10" ino=39 scontext=u:r:iorap_inode2filename:s0 tcontext=u:object_r:keystore_data_file:s0 tclass=dir permissive=0
12-31 02:43:26.313 1167 2000 E iorapd : Iorap compilation failed
12-31 02:43:26.313 1167 2000 E iorapd : Compilation failed for package_id:1 activity_name: com.android.provision.DefaultActivity
12-31 02:43:26.351 1167 2000 W iorapd : Missing corresponding prefetch_file db row for com.android.settings.intelligence/com.android.settings.intelligence.search.SearchActivity@31
12-31 02:43:27.083 4995 4995 I auditd : type=1400 audit(0.0:793): avc: denied { read } for comm="iorap.inode2fil" name="tlog" dev="dm-5" ino=1821 scontext=u:r:iorap_inode2filename:s0 tcontext=u:object_r:tlog_config_file:s0 tclass=dir permissive=0
12-31 02:43:27.519 5008 5008 I auditd : type=1400 audit(0.0:794): avc: denied { read } for comm="iorap.inode2fil" name="tlog" dev="dm-5" ino=1821 scontext=u:r:iorap_inode2filename:s0 tcontext=u:object_r:tlog_config_file:s0 tclass=dir permissive=0
12-31 02:43:27.575 5008 5008 I auditd : type=1400 audit(0.0:795): avc: denied { read } for comm="iorap.inode2fil" name="nativetest" dev="dm-10" ino=7 scontext=u:r:iorap_inode2filename:s0 tcontext=u:object_r:nativetest_data_file:s0 tclass=dir permissive=0
12-31 02:43:27.575 5008 5008 I auditd : type=1400 audit(0.0:796): avc: denied { read } for comm="iorap.inode2fil" name="nativetest64" dev="dm-10" ino=8 scontext=u:r:iorap_inode2filename:s0 tcontext=u:object_r:nativetest_data_file:s0 tclass=dir permissive=0
12-31 02:43:27.575 5008 5008 I auditd : type=1400 audit(0.0:797): avc: denied { read } for comm="iorap.inode2fil" name="vendor" dev="dm-10" ino=30 scontext=u:r:iorap_inode2filename:s0 tcontext=u:object_r:vendor_data_file:s0 tclass=dir permissive=0
12-31 02:43:29.064 1488 4910 I BackgroundDexOptService: Pinning optimized code {}
12-31 02:43:29.065 1488 4910 I BackgroundDexOptService: Idle optimizations completed.
12-31 02:44:33.682 1488 1613 W BatteryExternalStatsWorker: error reading modem stats:ERROR_PHONE_NOT_AVAILABLE
12-31 02:44:33.721 1488 1613 E KernelCpuSpeedReader: Failed to read cpu-freq: /sys/devices/system/cpu/cpu4/cpufreq/stats/time_in_state: open failed: ENOENT (No such file or directory)
12-31 02:44:33.721 1488 1613 E KernelCpuSpeedReader: Failed to read cpu-freq: /sys/devices/system/cpu/cpu0/cpufreq/stats/time_in_state: open failed: ENOENT (No such file or directory)
12-31 02:44:33.719 565 565 I auditd : type=1400 audit(0.0:901): avc: denied { read } for comm="Binder:565_2" name="wakeup58" dev="sysfs" ino=72259 scontext=u:r:system_suspend:s0 tcontext=u:object_r:sysfs:s0 tclass=dir permissive=0
12-31 02:44:33.719 565 565 I auditd : type=1400 audit(0.0:902): avc: denied { read } for comm="Binder:565_2" name="wakeup48" dev="sysfs" ino=67673 scontext=u:r:system_suspend:s0 tcontext=u:object_r:sysfs:s0 tclass=dir permissive=0
12-31 02:44:33.719 565 565 I auditd : type=1400 audit(0.0:903): avc: denied { read } for comm="Binder:565_2" name="wakeup4" dev="sysfs" ino=47049 scontext=u:r:system_suspend:s0 tcontext=u:object_r:sysfs:s0 tclass=dir permissive=0
12-31 02:44:33.719 565 565 I auditd : type=1400 audit(0.0:904): avc: denied { read } for comm="Binder:565_2" name="wakeup76" dev="sysfs" ino=77301 scontext=u:r:system_suspend:s0 tcontext=u:object_r:sysfs:s0 tclass=dir permissive=0
12-31 02:44:33.719 565 565 I auditd : type=1400 audit(0.0:905): avc: denied { read } for comm="Binder:565_2" name="wakeup28" dev="sysfs" ino=53114 scontext=u:r:system_suspend:s0 tcontext=u:object_r:sysfs:s0 tclass=dir permissive=0
12-31 02:44:33.749 1488 1605 I commit_sys_config_file: [batterystats,6]
12-31 02:44:33.750 1488 1605 I commit_sys_config_file: [batterystats,0]
12-31 02:44:52.079 497 516 I auditd : type=1401 audit(0.0:951): op=security_compute_sid invalid_context=u:r:np_thundercomm_tlog_pstore:s0 scontext=u:r:init:s0 tcontext=u:object_r:np_thundercomm_tlog_pstore_exec:s0 tclass=process
12-31 02:53:25.268 1488 1668 D ActivityManager: freezing 4893 android.process.media
12-31 02:53:25.269 1488 1668 E ActivityManager: Unable to freeze binder for 4893 android.process.media
12-31 02:53:25.271 1488 1668 D ActivityManager: froze 4893 android.process.media
12-31 02:53:25.271 1488 1668 I am_freeze: [4893,android.process.media]
12-31 02:53:25.271 1488 1668 E ActivityManager: Unable to freeze binder for 4893 android.process.media
12-31 02:53:25.273 1488 1668 I ActivityManager: Killing 4893:android.process.media/u0a19 (adj 905): Unable to freeze binder interface
12-31 02:53:25.273 1488 1668 I am_kill : [0,4893,android.process.media,905,Unable to freeze binder interface]
12-31 02:53:25.315 1488 2083 I am_proc_died: [0,4893,android.process.media,905,19]
12-31 02:53:25.316 1488 2083 I am_uid_stopped: 10019
12-31 02:53:25.350 1488 1605 I am_pss : [3973,10052,com.thundercomm.screensaver,61758464,54407168,0,177106944,0,2,10]
12-31 02:53:25.359 1488 1605 I am_pss : [4458,1000,com.thundercomm.mcuupgrade,24931328,16605184,0,143323136,0,15,7]
12-31 02:53:25.365 1488 1605 I am_pss : [2562,10063,com.thundercomm.gamemode.provider,8400896,5869568,0,95064064,0,19,5]
12-31 02:53:25.371 1488 1605 I am_pss : [4612,1000,com.qti.diagservices,6320128,3747840,0,93143040,0,10,6]
12-31 02:53:25.377 1488 1605 I am_pss : [2412,1000,com.thundercomm.gamemode,19652608,15081472,0,121913344,0,10,5]
12-31 02:54:42.555 1488 1605 I UsageStatsService: User[0] Flushing usage stats to disk
12-31 02:55:18.383 1488 2010 W ActivityManager: Unable to start service Intent { act=android.intent.action.START_LEBO_SERVICE pkg=com.hpplay.happyplay.aw } U=0: not found
12-31 02:59:50.308 1488 1682 I input_interaction: Interaction with: 8e7cf7f com.thundercomm.screensaver/android.service.dreams.DreamActivity (server), edge-swipe (server), swipe-up (server), PointerEventDispatcher0 (server),
12-31 02:59:50.312 1488 2083 I wm_finish_activity: [0,244454435,28,com.thundercomm.screensaver/android.service.dreams.DreamActivity,finish-activity]
12-31 02:59:50.312 1488 2083 I wm_task_moved: [24,1,6]
12-31 02:59:50.312 1488 2083 I wm_task_to_front: [0,24]
12-31 02:59:50.313 1488 2083 I wm_focused_root_task: [0,0,24,28,finish-top adjustFocusToNextFocusableTask]
12-31 02:59:50.314 1488 2083 I wm_pause_activity: [0,244454435,com.thundercomm.screensaver/android.service.dreams.DreamActivity,userLeaving=false,finish]
12-31 02:59:50.322 1488 1596 I sysui_multi_action: [757,803,799,window_time_0,802,3145]
12-31 02:59:50.323 1488 2083 I DreamManagerService: Gently waking up from dream.
12-31 02:59:50.324 3973 3973 I wm_on_top_resumed_lost_called: [244454435,android.service.dreams.DreamActivity,topStateChangedWhenResumed]
12-31 02:59:50.324 1488 1593 I DreamManagerService: Performing gentle wake from dream.
12-31 02:59:50.325 3973 3973 I wm_on_paused_called: [244454435,android.service.dreams.DreamActivity,performPause]
12-31 02:59:50.325 1488 2083 I wm_add_to_stopping: [0,244454435,com.thundercomm.screensaver/android.service.dreams.DreamActivity,completeFinishing]
12-31 02:59:50.326 1488 2083 I ActivityTaskManager: FOREGROUND_APPLICATION_CHANGED to com.thundercomm.mcuupgrade.MainActivity
12-31 02:59:50.328 1488 2083 I wm_set_resumed_activity: [0,com.thundercomm.mcuupgrade/.MainActivity,resumeTopActivityInnerLocked]
12-31 02:59:50.330 1488 2083 I wm_resume_activity: [0,205731203,24,com.thundercomm.mcuupgrade/.MainActivity]
12-31 02:59:50.338 4458 4458 I wm_on_restart_called: [205731203,com.thundercomm.mcuupgrade.MainActivity,performRestartActivity]
12-31 02:59:50.338 4458 4458 I wm_on_start_called: [205731203,com.thundercomm.mcuupgrade.MainActivity,handleStartActivity]
12-31 02:59:50.339 4458 4458 I wm_on_resume_called: [205731203,com.thundercomm.mcuupgrade.MainActivity,RESUME_ACTIVITY]
12-31 02:59:50.339 4458 4458 I wm_on_top_resumed_gained_called: [205731203,com.thundercomm.mcuupgrade.MainActivity,topWhenResuming]
12-31 02:59:50.342 1488 1596 I sysui_multi_action: [757,803,799,window_time_0,802,0]
12-31 02:59:50.349 3973 3973 I view_enqueue_input_event: [Motion - Cancel,com.thundercomm.screensaver/android.service.dreams.DreamActivity]
12-31 02:59:50.352 1488 1682 I input_focus: [Focus leaving 8e7cf7f com.thundercomm.screensaver/android.service.dreams.DreamActivity (server),reason=NO_WINDOW]
12-31 02:59:50.352 1488 1682 I input_interaction: Interaction with: edge-swipe (server), swipe-up (server), PointerEventDispatcher0 (server),
12-31 02:59:50.353 2412 3733 W ContextImpl: Calling a method in the system process without a qualified user: android.app.ContextImpl.startService:1816 android.content.ContextWrapper.startService:774 com.thundercomm.gamemode.ingame.services.GameModeActionUtils.startGameModeService:99 com.thundercomm.gamemode.ingame.services.GameModeActionUtils.startGameModeEntry:22 com.thundercomm.gamemode.ingame.services.ActivityMonitoringService$1.onActivityLaunch:127
12-31 02:59:50.356 1488 1597 I input_focus: [Focus request b78bf51 com.thundercomm.mcuupgrade/com.thundercomm.mcuupgrade.MainActivity,reason=UpdateInputWindows]
12-31 02:59:50.360 1488 1488 I GameModeConfig: Current uri is uri = content://com.thundercomm.gamemode.api/gamemode_settings/gamemode_isgaming
12-31 02:59:50.360 1488 1488 I am_uid_active: 10063
12-31 02:59:50.363 1488 1605 I am_pss : [3047,10035,com.baidu.input,133270528,113119232,0,277114880,0,7,12]
12-31 02:59:50.366 1488 1488 I GameModeConfig: isGameModeOn = false
12-31 02:59:50.366 1488 1488 I GameModeConfig: isGameModeOn = false
12-31 02:59:50.366 1488 1488 I GameModeConfig: isDisableVoice = true
12-31 02:59:50.370 1488 1622 I PowerManagerService: Powering on display group fromDreaming (groupId=0, uid=1000, reason=WAKE_REASON_UNKNOWN, details=android.server.power:DREAM_FINISHED)...
12-31 02:59:50.370 1488 1622 I PowerManagerService: Waking up from Dreaming (uid=1000, reason=WAKE_REASON_UNKNOWN, details=android.server.power:DREAM_FINISHED)...
12-31 02:59:50.381 1488 1682 I input_focus: [Focus entering b78bf51 com.thundercomm.mcuupgrade/com.thundercomm.mcuupgrade.MainActivity (server),reason=Window became focusable. Previous reason: NOT_VISIBLE]
12-31 02:59:50.383 1488 1488 I service_manager_slow: [10,phone]
12-31 02:59:50.385 1488 1605 I am_pss : [1931,1002,com.android.bluetooth,35821568,28110848,0,146591744,0,0,7]
12-31 02:59:50.392 1488 1605 I am_pss : [2877,10094,com.android.providers.media.module,21364736,17272832,0,121806848,0,0,7]
12-31 02:59:50.399 1488 1605 I am_pss : [2441,10095,android.ext.services,7625728,5017600,0,95690752,0,5,6]
12-31 02:59:50.405 1488 1605 I am_pss : [2967,10075,com.qualcomm.location.XT,6871040,4534272,0,92569600,0,6,5]
12-31 02:59:50.410 1488 1605 I am_pss : [2820,10080,com.qualcomm.location,11040768,7524352,0,104509440,0,0,5]
12-31 02:59:50.417 1488 1605 I am_pss : [2746,10059,ts.car.uart,6674432,4489216,0,89636864,0,0,6]
12-31 02:59:50.425 1488 1605 I am_pss : [2223,1073,com.android.networkstack.process,12396544,9351168,0,104472576,0,0,7]
12-31 02:59:50.432 1488 1605 I am_pss : [2132,1001,.dataservices,8724480,6385664,0,93753344,0,0,6]
12-31 02:59:50.440 2412 3733 W ContextImpl: Calling a method in the system process without a qualified user: android.app.ContextImpl.startService:1816 android.content.ContextWrapper.startService:774 com.thundercomm.gamemode.ingame.services.GameModeActionUtils.startGameModeService:99 com.thundercomm.gamemode.ingame.services.GameModeActionUtils.startGameModeEntry:22 com.thundercomm.gamemode.ingame.services.ActivityMonitoringService$1.onActivityLaunch:127
12-31 02:59:50.443 1488 1488 I GameModeConfig: Current uri is uri = content://com.thundercomm.gamemode.api/gamemode_settings/gamemode_isgaming
12-31 02:59:50.444 1488 1488 I GameModeConfig: isGameModeOn = false
12-31 02:59:50.444 1488 1488 I GameModeConfig: isGameModeOn = false
12-31 02:59:50.444 1488 1488 I GameModeConfig: isDisableVoice = true
12-31 02:59:50.445 1488 1605 I am_pss : [1954,10081,com.android.systemui,172094464,152166400,0,327139328,0,0,11]
12-31 02:59:50.464 1488 1605 I am_pss : [1488,1000,system,234146816,142987264,0,555044864,0,0,18]
12-31 02:59:50.470 1488 1605 I am_pss : [3632,2000,com.android.shell,6458368,4173824,0,91160576,0,19,6]
12-31 02:59:50.476 1488 1605 I am_pss : [3559,10026,com.android.packageinstaller,7735296,5591040,0,90234880,0,19,5]
12-31 02:59:50.482 1488 1605 I am_pss : [3440,10020,com.android.managedprovisioning,9435136,7143424,0,93761536,0,19,5]
12-31 02:59:50.489 1488 1605 I am_pss : [2813,10086,com.qualcomm.qti.workloadclassifier,9410560,6856704,0,96628736,0,0,5]
12-31 02:59:50.494 1488 1605 I am_pss : [2805,10079,com.qualcomm.qti.services.systemhelper:systemhelper_service,6753280,4386816,0,93093888,0,0,4]
12-31 02:59:50.500 1488 1605 I am_pss : [2811,10087,com.qualcomm.qti.qccnetstat,6440960,4149248,0,90873856,0,0,6]
12-31 02:59:50.507 1488 1605 I am_pss : [2785,10055,.pasr,5863424,3670016,0,88621056,0,0,5]
12-31 02:59:50.513 1488 1605 I am_pss : [2737,10088,com.hht.lebocast,37568512,15814656,0,100757504,0,0,5]
12-31 02:59:50.521 1488 1605 I am_pss : [2379,1000,com.qualcomm.qti.qdma,10281984,6610944,0,105353216,0,0,6]
12-31 02:59:50.526 1488 1605 I am_pss : [3202,10065,com.qualcomm.qti.devicestatisticsservice,5679104,3493888,0,88256512,0,0,5]
12-31 02:59:50.532 1488 1605 I am_pss : [2358,1000,com.thundercomm.tcservice,9401344,7016448,0,95895552,0,0,6]
