12-31 01:17:31.166 1488 1606 I am_wtf : [0,1488,system_server,-1,DisplayDeviceConfig,requesting nits when no mapping exists.]
12-31 01:17:31.182 1488 1871 E DisplayDeviceConfig: requesting nits when no mapping exists.
12-31 01:17:31.182 1488 1871 E DisplayDeviceConfig: requesting nits when no mapping exists.
12-31 01:17:31.182 1488 1606 I am_wtf : [0,1488,system_server,-1,DisplayDeviceConfig,requesting nits when no mapping exists.]
12-31 01:17:31.182 1488 1606 I am_wtf : [0,1488,system_server,-1,DisplayDeviceConfig,requesting nits when no mapping exists.]
12-31 01:17:31.199 1488 1871 E DisplayDeviceConfig: requesting nits when no mapping exists.
12-31 01:17:31.199 1488 1871 E DisplayDeviceConfig: requesting nits when no mapping exists.
12-31 01:17:31.199 1488 1606 I am_wtf : [0,1488,system_server,-1,DisplayDeviceConfig,requesting nits when no mapping exists.]
12-31 01:17:31.200 1488 1606 I am_wtf : [0,1488,system_server,-1,DisplayDeviceConfig,requesting nits when no mapping exists.]
12-31 01:17:31.216 1488 1871 E DisplayDeviceConfig: requesting nits when no mapping exists.
12-31 01:17:31.216 1488 1871 E DisplayDeviceConfig: requesting nits when no mapping exists.
12-31 01:17:31.216 1488 1606 I am_wtf : [0,1488,system_server,-1,DisplayDeviceConfig,requesting nits when no mapping exists.]
12-31 01:17:31.216 1488 1606 I am_wtf : [0,1488,system_server,-1,DisplayDeviceConfig,requesting nits when no mapping exists.]
12-31 01:17:31.233 1488 1871 E DisplayDeviceConfig: requesting nits when no mapping exists.
12-31 01:17:31.233 1488 1871 E DisplayDeviceConfig: requesting nits when no mapping exists.
12-31 01:17:31.233 1488 1606 I am_wtf : [0,1488,system_server,-1,DisplayDeviceConfig,requesting nits when no mapping exists.]
12-31 01:17:31.233 1488 1606 I am_wtf : [0,1488,system_server,-1,DisplayDeviceConfig,requesting nits when no mapping exists.]
12-31 01:17:31.249 1488 1871 E DisplayDeviceConfig: requesting nits when no mapping exists.
12-31 01:17:31.249 1488 1871 E DisplayDeviceConfig: requesting nits when no mapping exists.
12-31 01:17:31.249 1488 1606 I am_wtf : [0,1488,system_server,-1,DisplayDeviceConfig,requesting nits when no mapping exists.]
12-31 01:17:31.249 1488 1606 I am_wtf : [0,1488,system_server,-1,DisplayDeviceConfig,requesting nits when no mapping exists.]
12-31 01:17:31.267 1488 1871 E DisplayDeviceConfig: requesting nits when no mapping exists.
12-31 01:17:31.267 1488 1871 E DisplayDeviceConfig: requesting nits when no mapping exists.
12-31 01:17:31.267 1488 1606 I am_wtf : [0,1488,system_server,-1,DisplayDeviceConfig,requesting nits when no mapping exists.]
12-31 01:17:31.267 1488 1606 I am_wtf : [0,1488,system_server,-1,DisplayDeviceConfig,requesting nits when no mapping exists.]
12-31 01:17:31.283 1488 1871 E DisplayDeviceConfig: requesting nits when no mapping exists.
12-31 01:17:31.283 1488 1606 I am_wtf : [0,1488,system_server,-1,DisplayDeviceConfig,requesting nits when no mapping exists.]
12-31 01:17:31.283 1488 1871 E DisplayDeviceConfig: requesting nits when no mapping exists.
12-31 01:17:31.283 1488 1606 I am_wtf : [0,1488,system_server,-1,DisplayDeviceConfig,requesting nits when no mapping exists.]
12-31 01:17:31.299 1488 1871 E DisplayDeviceConfig: requesting nits when no mapping exists.
12-31 01:17:31.299 1488 1871 E DisplayDeviceConfig: requesting nits when no mapping exists.
12-31 01:17:31.299 1488 1606 I am_wtf : [0,1488,system_server,-1,DisplayDeviceConfig,requesting nits when no mapping exists.]
12-31 01:17:31.300 1488 1606 I am_wtf : [0,1488,system_server,-1,DisplayDeviceConfig,requesting nits when no mapping exists.]
12-31 01:17:31.316 1488 1871 E DisplayDeviceConfig: requesting nits when no mapping exists.
12-31 01:17:31.316 1488 1871 E DisplayDeviceConfig: requesting nits when no mapping exists.
12-31 01:17:31.316 1488 1606 I am_wtf : [0,1488,system_server,-1,DisplayDeviceConfig,requesting nits when no mapping exists.]
12-31 01:17:31.316 1488 1606 I am_wtf : [0,1488,system_server,-1,DisplayDeviceConfig,requesting nits when no mapping exists.]
12-31 01:17:31.332 1488 1871 E DisplayDeviceConfig: requesting nits when no mapping exists.
12-31 01:17:31.332 1488 1606 I am_wtf : [0,1488,system_server,-1,DisplayDeviceConfig,requesting nits when no mapping exists.]
12-31 01:17:31.332 1488 1871 E DisplayDeviceConfig: requesting nits when no mapping exists.
12-31 01:17:31.333 1488 1606 I am_wtf : [0,1488,system_server,-1,DisplayDeviceConfig,requesting nits when no mapping exists.]
12-31 01:17:31.350 1488 1871 E DisplayDeviceConfig: requesting nits when no mapping exists.
12-31 01:17:31.350 1488 1871 E DisplayDeviceConfig: requesting nits when no mapping exists.
12-31 01:17:31.350 1488 1606 I am_wtf : [0,1488,system_server,-1,DisplayDeviceConfig,requesting nits when no mapping exists.]
12-31 01:17:31.350 1488 1606 I am_wtf : [0,1488,system_server,-1,DisplayDeviceConfig,requesting nits when no mapping exists.]
12-31 01:17:31.367 1488 1871 E DisplayDeviceConfig: requesting nits when no mapping exists.
12-31 01:17:31.367 1488 1871 E DisplayDeviceConfig: requesting nits when no mapping exists.
12-31 01:17:31.367 1488 1606 I am_wtf : [0,1488,system_server,-1,DisplayDeviceConfig,requesting nits when no mapping exists.]
12-31 01:17:31.367 1488 1606 I am_wtf : [0,1488,system_server,-1,DisplayDeviceConfig,requesting nits when no mapping exists.]
12-31 01:17:31.368 1488 1596 I wm_stop_activity: [0,175692250,com.android.launcher3/.uioverrides.QuickstepLauncher]
12-31 01:17:31.383 1488 1871 E DisplayDeviceConfig: requesting nits when no mapping exists.
12-31 01:17:31.384 1488 1871 E DisplayDeviceConfig: requesting nits when no mapping exists.
12-31 01:17:31.384 1488 1606 I am_wtf : [0,1488,system_server,-1,DisplayDeviceConfig,requesting nits when no mapping exists.]
12-31 01:17:31.384 1488 1606 I am_wtf : [0,1488,system_server,-1,DisplayDeviceConfig,requesting nits when no mapping exists.]
12-31 01:17:31.385 2481 2481 I wm_on_stop_called: [175692250,com.android.launcher3.uioverrides.QuickstepLauncher,STOP_ACTIVITY_ITEM]
12-31 01:17:31.400 1488 1871 E DisplayDeviceConfig: requesting nits when no mapping exists.
12-31 01:17:31.400 1488 1606 I am_wtf : [0,1488,system_server,-1,DisplayDeviceConfig,requesting nits when no mapping exists.]
12-31 01:17:31.400 1488 1871 E DisplayDeviceConfig: requesting nits when no mapping exists.
12-31 01:17:31.401 1488 1606 I am_wtf : [0,1488,system_server,-1,DisplayDeviceConfig,requesting nits when no mapping exists.]
12-31 01:17:31.403 2412 3733 W ContextImpl: Calling a method in the system process without a qualified user: android.app.ContextImpl.startService:1816 android.content.ContextWrapper.startService:774 com.thundercomm.gamemode.ingame.services.GameModeActionUtils.startGameModeService:99 com.thundercomm.gamemode.ingame.services.GameModeActionUtils.startGameModeEntry:22 com.thundercomm.gamemode.ingame.services.ActivityMonitoringService$1.onActivityLaunch:127
12-31 01:17:31.405 1488 1488 I GameModeConfig: Current uri is uri = content://com.thundercomm.gamemode.api/gamemode_settings/gamemode_isgaming
12-31 01:17:31.405 1488 1488 I GameModeConfig: isGameModeOn = false
12-31 01:17:31.405 1488 1488 I GameModeConfig: isGameModeOn = false
12-31 01:17:31.405 1488 1488 I GameModeConfig: isDisableVoice = true
12-31 01:17:31.416 1488 1871 E DisplayDeviceConfig: requesting nits when no mapping exists.
12-31 01:17:31.417 1488 1871 E DisplayDeviceConfig: requesting nits when no mapping exists.
12-31 01:17:31.417 1488 1606 I am_wtf : [0,1488,system_server,-1,DisplayDeviceConfig,requesting nits when no mapping exists.]
12-31 01:17:31.417 1488 1606 I am_wtf : [0,1488,system_server,-1,DisplayDeviceConfig,requesting nits when no mapping exists.]
12-31 01:17:31.433 1488 1871 E DisplayDeviceConfig: requesting nits when no mapping exists.
12-31 01:17:31.433 1488 1871 E DisplayDeviceConfig: requesting nits when no mapping exists.
12-31 01:17:31.433 1488 1606 I am_wtf : [0,1488,system_server,-1,DisplayDeviceConfig,requesting nits when no mapping exists.]
12-31 01:17:31.434 1488 1606 I am_wtf : [0,1488,system_server,-1,DisplayDeviceConfig,requesting nits when no mapping exists.]
12-31 01:17:31.450 1488 1871 E DisplayDeviceConfig: requesting nits when no mapping exists.
12-31 01:17:31.450 1488 1871 E DisplayDeviceConfig: requesting nits when no mapping exists.
12-31 01:17:31.450 1488 1606 I am_wtf : [0,1488,system_server,-1,DisplayDeviceConfig,requesting nits when no mapping exists.]
12-31 01:17:31.451 1488 1606 I am_wtf : [0,1488,system_server,-1,DisplayDeviceConfig,requesting nits when no mapping exists.]
12-31 01:17:31.466 1488 1871 E DisplayDeviceConfig: requesting nits when no mapping exists.
12-31 01:17:31.466 1488 1871 E DisplayDeviceConfig: requesting nits when no mapping exists.
12-31 01:17:31.466 1488 1606 I am_wtf : [0,1488,system_server,-1,DisplayDeviceConfig,requesting nits when no mapping exists.]
12-31 01:17:31.467 1488 1606 I am_wtf : [0,1488,system_server,-1,DisplayDeviceConfig,requesting nits when no mapping exists.]
12-31 01:17:31.483 1488 1871 E DisplayDeviceConfig: requesting nits when no mapping exists.
12-31 01:17:31.483 1488 1871 E DisplayDeviceConfig: requesting nits when no mapping exists.
12-31 01:17:31.483 1488 1606 I am_wtf : [0,1488,system_server,-1,DisplayDeviceConfig,requesting nits when no mapping exists.]
12-31 01:17:31.483 1488 1606 I am_wtf : [0,1488,system_server,-1,DisplayDeviceConfig,requesting nits when no mapping exists.]
12-31 01:17:31.500 1488 1871 E DisplayDeviceConfig: requesting nits when no mapping exists.
12-31 01:17:31.500 1488 1871 E DisplayDeviceConfig: requesting nits when no mapping exists.
12-31 01:17:31.500 1488 1606 I am_wtf : [0,1488,system_server,-1,DisplayDeviceConfig,requesting nits when no mapping exists.]
12-31 01:17:31.500 1488 1606 I am_wtf : [0,1488,system_server,-1,DisplayDeviceConfig,requesting nits when no mapping exists.]
12-31 01:17:31.516 1488 1871 E DisplayDeviceConfig: requesting nits when no mapping exists.
12-31 01:17:31.517 1488 1606 I am_wtf : [0,1488,system_server,-1,DisplayDeviceConfig,requesting nits when no mapping exists.]
12-31 01:17:31.517 1488 1871 E DisplayDeviceConfig: requesting nits when no mapping exists.
12-31 01:17:31.517 1488 1606 I am_wtf : [0,1488,system_server,-1,DisplayDeviceConfig,requesting nits when no mapping exists.]
12-31 01:17:31.533 1488 1871 E DisplayDeviceConfig: requesting nits when no mapping exists.
12-31 01:17:31.533 1488 1871 E DisplayDeviceConfig: requesting nits when no mapping exists.
12-31 01:17:31.533 1488 1606 I am_wtf : [0,1488,system_server,-1,DisplayDeviceConfig,requesting nits when no mapping exists.]
12-31 01:17:31.533 1488 1606 I am_wtf : [0,1488,system_server,-1,DisplayDeviceConfig,requesting nits when no mapping exists.]
12-31 01:17:31.550 1488 1871 E DisplayDeviceConfig: requesting nits when no mapping exists.
12-31 01:17:31.550 1488 1871 E DisplayDeviceConfig: requesting nits when no mapping exists.
12-31 01:17:31.550 1488 1606 I am_wtf : [0,1488,system_server,-1,DisplayDeviceConfig,requesting nits when no mapping exists.]
12-31 01:17:31.550 1488 1606 I am_wtf : [0,1488,system_server,-1,DisplayDeviceConfig,requesting nits when no mapping exists.]
12-31 01:17:31.567 1488 1871 E DisplayDeviceConfig: requesting nits when no mapping exists.
12-31 01:17:31.567 1488 1871 E DisplayDeviceConfig: requesting nits when no mapping exists.
12-31 01:17:31.567 1488 1606 I am_wtf : [0,1488,system_server,-1,DisplayDeviceConfig,requesting nits when no mapping exists.]
12-31 01:17:31.567 1488 1606 I am_wtf : [0,1488,system_server,-1,DisplayDeviceConfig,requesting nits when no mapping exists.]
12-31 01:17:31.583 1488 1871 E DisplayDeviceConfig: requesting nits when no mapping exists.
12-31 01:17:31.583 1488 1871 E DisplayDeviceConfig: requesting nits when no mapping exists.
12-31 01:17:31.583 1488 1606 I am_wtf : [0,1488,system_server,-1,DisplayDeviceConfig,requesting nits when no mapping exists.]
12-31 01:17:31.584 1488 1606 I am_wtf : [0,1488,system_server,-1,DisplayDeviceConfig,requesting nits when no mapping exists.]
12-31 01:17:31.600 1488 1871 E DisplayDeviceConfig: requesting nits when no mapping exists.
12-31 01:17:31.600 1488 1871 E DisplayDeviceConfig: requesting nits when no mapping exists.
12-31 01:17:31.600 1488 1606 I am_wtf : [0,1488,system_server,-1,DisplayDeviceConfig,requesting nits when no mapping exists.]
12-31 01:17:31.600 1488 1606 I am_wtf : [0,1488,system_server,-1,DisplayDeviceConfig,requesting nits when no mapping exists.]
12-31 01:17:31.617 1488 1871 E DisplayDeviceConfig: requesting nits when no mapping exists.
12-31 01:17:31.617 1488 1871 E DisplayDeviceConfig: requesting nits when no mapping exists.
12-31 01:17:31.617 1488 1606 I am_wtf : [0,1488,system_server,-1,DisplayDeviceConfig,requesting nits when no mapping exists.]
12-31 01:17:31.617 1488 1606 I am_wtf : [0,1488,system_server,-1,DisplayDeviceConfig,requesting nits when no mapping exists.]
12-31 01:17:31.633 1488 1871 E DisplayDeviceConfig: requesting nits when no mapping exists.
12-31 01:17:31.633 1488 1871 E DisplayDeviceConfig: requesting nits when no mapping exists.
12-31 01:17:31.633 1488 1606 I am_wtf : [0,1488,system_server,-1,DisplayDeviceConfig,requesting nits when no mapping exists.]
12-31 01:17:31.634 1488 1606 I am_wtf : [0,1488,system_server,-1,DisplayDeviceConfig,requesting nits when no mapping exists.]
12-31 01:17:31.650 1488 1871 E DisplayDeviceConfig: requesting nits when no mapping exists.
12-31 01:17:31.650 1488 1871 E DisplayDeviceConfig: requesting nits when no mapping exists.
12-31 01:17:31.650 1488 1606 I am_wtf : [0,1488,system_server,-1,DisplayDeviceConfig,requesting nits when no mapping exists.]
12-31 01:17:31.653 1488 1606 I am_wtf : [0,1488,system_server,-1,DisplayDeviceConfig,requesting nits when no mapping exists.]
12-31 01:17:31.667 1488 1871 E DisplayDeviceConfig: requesting nits when no mapping exists.
12-31 01:17:31.667 1488 1871 E DisplayDeviceConfig: requesting nits when no mapping exists.
12-31 01:17:31.667 1488 1606 I am_wtf : [0,1488,system_server,-1,DisplayDeviceConfig,requesting nits when no mapping exists.]
12-31 01:17:31.667 1488 1606 I am_wtf : [0,1488,system_server,-1,DisplayDeviceConfig,requesting nits when no mapping exists.]
12-31 01:17:31.683 1488 1871 E DisplayDeviceConfig: requesting nits when no mapping exists.
12-31 01:17:31.684 1488 1871 E DisplayDeviceConfig: requesting nits when no mapping exists.
12-31 01:17:31.684 1488 1606 I am_wtf : [0,1488,system_server,-1,DisplayDeviceConfig,requesting nits when no mapping exists.]
12-31 01:17:31.684 1488 1606 I am_wtf : [0,1488,system_server,-1,DisplayDeviceConfig,requesting nits when no mapping exists.]
12-31 01:17:31.700 1488 1871 E DisplayDeviceConfig: requesting nits when no mapping exists.
12-31 01:17:31.700 1488 1871 E DisplayDeviceConfig: requesting nits when no mapping exists.
12-31 01:17:31.700 1488 1606 I am_wtf : [0,1488,system_server,-1,DisplayDeviceConfig,requesting nits when no mapping exists.]
12-31 01:17:31.701 1488 1606 I am_wtf : [0,1488,system_server,-1,DisplayDeviceConfig,requesting nits when no mapping exists.]
12-31 01:17:31.717 1488 1871 E DisplayDeviceConfig: requesting nits when no mapping exists.
12-31 01:17:31.717 1488 1871 E DisplayDeviceConfig: requesting nits when no mapping exists.
12-31 01:17:31.717 1488 1606 I am_wtf : [0,1488,system_server,-1,DisplayDeviceConfig,requesting nits when no mapping exists.]
12-31 01:17:31.717 1488 1606 I am_wtf : [0,1488,system_server,-1,DisplayDeviceConfig,requesting nits when no mapping exists.]
12-31 01:17:31.734 1488 1871 E DisplayDeviceConfig: requesting nits when no mapping exists.
12-31 01:17:31.734 1488 1871 E DisplayDeviceConfig: requesting nits when no mapping exists.
12-31 01:17:31.734 1488 1606 I am_wtf : [0,1488,system_server,-1,DisplayDeviceConfig,requesting nits when no mapping exists.]
12-31 01:17:31.734 1488 1606 I am_wtf : [0,1488,system_server,-1,DisplayDeviceConfig,requesting nits when no mapping exists.]
12-31 01:17:31.750 1488 1871 E DisplayDeviceConfig: requesting nits when no mapping exists.
12-31 01:17:31.750 1488 1871 E DisplayDeviceConfig: requesting nits when no mapping exists.
12-31 01:17:31.750 1488 1606 I am_wtf : [0,1488,system_server,-1,DisplayDeviceConfig,requesting nits when no mapping exists.]
12-31 01:17:31.751 1488 1606 I am_wtf : [0,1488,system_server,-1,DisplayDeviceConfig,requesting nits when no mapping exists.]
12-31 01:17:31.767 1488 1871 E DisplayDeviceConfig: requesting nits when no mapping exists.
12-31 01:17:31.767 1488 1871 E DisplayDeviceConfig: requesting nits when no mapping exists.
12-31 01:17:31.767 1488 1606 I am_wtf : [0,1488,system_server,-1,DisplayDeviceConfig,requesting nits when no mapping exists.]
12-31 01:17:31.767 1488 1606 I am_wtf : [0,1488,system_server,-1,DisplayDeviceConfig,requesting nits when no mapping exists.]
12-31 01:17:31.784 1488 1871 E DisplayDeviceConfig: requesting nits when no mapping exists.
12-31 01:17:31.784 1488 1871 E DisplayDeviceConfig: requesting nits when no mapping exists.
12-31 01:17:31.784 1488 1606 I am_wtf : [0,1488,system_server,-1,DisplayDeviceConfig,requesting nits when no mapping exists.]
12-31 01:17:31.784 1488 1606 I am_wtf : [0,1488,system_server,-1,DisplayDeviceConfig,requesting nits when no mapping exists.]
12-31 01:17:31.800 1488 1871 E DisplayDeviceConfig: requesting nits when no mapping exists.
12-31 01:17:31.801 1488 1871 E DisplayDeviceConfig: requesting nits when no mapping exists.
12-31 01:17:31.801 1488 1606 I am_wtf : [0,1488,system_server,-1,DisplayDeviceConfig,requesting nits when no mapping exists.]
12-31 01:17:31.801 1488 1606 I am_wtf : [0,1488,system_server,-1,DisplayDeviceConfig,requesting nits when no mapping exists.]
12-31 01:17:31.817 1488 1871 E DisplayDeviceConfig: requesting nits when no mapping exists.
12-31 01:17:31.817 1488 1871 E DisplayDeviceConfig: requesting nits when no mapping exists.
12-31 01:17:31.817 1488 1606 I am_wtf : [0,1488,system_server,-1,DisplayDeviceConfig,requesting nits when no mapping exists.]
12-31 01:17:31.817 1488 1606 I am_wtf : [0,1488,system_server,-1,DisplayDeviceConfig,requesting nits when no mapping exists.]
12-31 01:17:31.834 1488 1871 E DisplayDeviceConfig: requesting nits when no mapping exists.
12-31 01:17:31.834 1488 1871 E DisplayDeviceConfig: requesting nits when no mapping exists.
12-31 01:17:31.834 1488 1606 I am_wtf : [0,1488,system_server,-1,DisplayDeviceConfig,requesting nits when no mapping exists.]
12-31 01:17:31.834 1488 1606 I am_wtf : [0,1488,system_server,-1,DisplayDeviceConfig,requesting nits when no mapping exists.]
12-31 01:17:31.851 1488 1871 E DisplayDeviceConfig: requesting nits when no mapping exists.
12-31 01:17:31.851 1488 1606 I am_wtf : [0,1488,system_server,-1,DisplayDeviceConfig,requesting nits when no mapping exists.]
12-31 01:17:31.851 1488 1871 E DisplayDeviceConfig: requesting nits when no mapping exists.
12-31 01:17:31.851 1488 1606 I am_wtf : [0,1488,system_server,-1,DisplayDeviceConfig,requesting nits when no mapping exists.]
12-31 01:17:31.867 1488 1871 E DisplayDeviceConfig: requesting nits when no mapping exists.
12-31 01:17:31.867 1488 1871 E DisplayDeviceConfig: requesting nits when no mapping exists.
12-31 01:17:31.867 1488 1606 I am_wtf : [0,1488,system_server,-1,DisplayDeviceConfig,requesting nits when no mapping exists.]
12-31 01:17:31.868 1488 1606 I am_wtf : [0,1488,system_server,-1,DisplayDeviceConfig,requesting nits when no mapping exists.]
12-31 01:17:31.884 1488 1871 E DisplayDeviceConfig: requesting nits when no mapping exists.
12-31 01:17:31.884 1488 1871 E DisplayDeviceConfig: requesting nits when no mapping exists.
12-31 01:17:31.884 1488 1606 I am_wtf : [0,1488,system_server,-1,DisplayDeviceConfig,requesting nits when no mapping exists.]
12-31 01:17:31.884 1488 1606 I am_wtf : [0,1488,system_server,-1,DisplayDeviceConfig,requesting nits when no mapping exists.]
12-31 01:17:31.901 1488 1871 E DisplayDeviceConfig: requesting nits when no mapping exists.
12-31 01:17:31.901 1488 1871 E DisplayDeviceConfig: requesting nits when no mapping exists.
12-31 01:17:31.901 1488 1606 I am_wtf : [0,1488,system_server,-1,DisplayDeviceConfig,requesting nits when no mapping exists.]
12-31 01:17:31.901 1488 1606 I am_wtf : [0,1488,system_server,-1,DisplayDeviceConfig,requesting nits when no mapping exists.]
12-31 01:17:31.917 1488 1871 E DisplayDeviceConfig: requesting nits when no mapping exists.
12-31 01:17:31.917 1488 1871 E DisplayDeviceConfig: requesting nits when no mapping exists.
12-31 01:17:31.917 1488 1606 I am_wtf : [0,1488,system_server,-1,DisplayDeviceConfig,requesting nits when no mapping exists.]
12-31 01:17:31.918 1488 1606 I am_wtf : [0,1488,system_server,-1,DisplayDeviceConfig,requesting nits when no mapping exists.]
12-31 01:17:31.934 1488 1871 E DisplayDeviceConfig: requesting nits when no mapping exists.
12-31 01:17:31.934 1488 1871 E DisplayDeviceConfig: requesting nits when no mapping exists.
12-31 01:17:31.934 1488 1606 I am_wtf : [0,1488,system_server,-1,DisplayDeviceConfig,requesting nits when no mapping exists.]
12-31 01:17:31.934 1488 1606 I am_wtf : [0,1488,system_server,-1,DisplayDeviceConfig,requesting nits when no mapping exists.]
12-31 01:17:31.951 1488 1871 E DisplayDeviceConfig: requesting nits when no mapping exists.
12-31 01:17:31.951 1488 1871 E DisplayDeviceConfig: requesting nits when no mapping exists.
12-31 01:17:31.951 1488 1606 I am_wtf : [0,1488,system_server,-1,DisplayDeviceConfig,requesting nits when no mapping exists.]
12-31 01:17:31.951 1488 1606 I am_wtf : [0,1488,system_server,-1,DisplayDeviceConfig,requesting nits when no mapping exists.]
12-31 01:17:31.967 1488 1871 E DisplayDeviceConfig: requesting nits when no mapping exists.
12-31 01:17:31.968 1488 1871 E DisplayDeviceConfig: requesting nits when no mapping exists.
12-31 01:17:31.968 1488 1606 I am_wtf : [0,1488,system_server,-1,DisplayDeviceConfig,requesting nits when no mapping exists.]
12-31 01:17:31.968 1488 1606 I am_wtf : [0,1488,system_server,-1,DisplayDeviceConfig,requesting nits when no mapping exists.]
12-31 01:17:31.984 1488 1871 E DisplayDeviceConfig: requesting nits when no mapping exists.
12-31 01:17:31.984 1488 1871 E DisplayDeviceConfig: requesting nits when no mapping exists.
12-31 01:17:31.984 1488 1606 I am_wtf : [0,1488,system_server,-1,DisplayDeviceConfig,requesting nits when no mapping exists.]
12-31 01:17:31.985 1488 1606 I am_wtf : [0,1488,system_server,-1,DisplayDeviceConfig,requesting nits when no mapping exists.]
12-31 01:17:32.001 1488 1871 E DisplayDeviceConfig: requesting nits when no mapping exists.
12-31 01:17:32.001 1488 1871 E DisplayDeviceConfig: requesting nits when no mapping exists.
12-31 01:17:32.001 1488 1606 I am_wtf : [0,1488,system_server,-1,DisplayDeviceConfig,requesting nits when no mapping exists.]
12-31 01:17:32.001 1488 1606 I am_wtf : [0,1488,system_server,-1,DisplayDeviceConfig,requesting nits when no mapping exists.]
12-31 01:17:32.018 1488 1871 E DisplayDeviceConfig: requesting nits when no mapping exists.
12-31 01:17:32.018 1488 1871 E DisplayDeviceConfig: requesting nits when no mapping exists.
12-31 01:17:32.018 1488 1606 I am_wtf : [0,1488,system_server,-1,DisplayDeviceConfig,requesting nits when no mapping exists.]
12-31 01:17:32.018 1488 1606 I am_wtf : [0,1488,system_server,-1,DisplayDeviceConfig,requesting nits when no mapping exists.]
12-31 01:17:32.034 1488 1871 E DisplayDeviceConfig: requesting nits when no mapping exists.
12-31 01:17:32.034 1488 1871 E DisplayDeviceConfig: requesting nits when no mapping exists.
12-31 01:17:32.035 1488 1606 I am_wtf : [0,1488,system_server,-1,DisplayDeviceConfig,requesting nits when no mapping exists.]
12-31 01:17:32.035 1488 1606 I am_wtf : [0,1488,system_server,-1,DisplayDeviceConfig,requesting nits when no mapping exists.]
12-31 01:18:37.441 1488 1606 I am_uid_idle: 10063
12-31 01:19:50.026 564 564 E spcomlib: [spcom_wait_for_event] event [1] [nvm_ready] EVENT_STATUS_TIMEOUT
12-31 01:19:50.026 564 564 E spdaemon: spcom_wait_for_nvm_ready() failed. ret [-110] [Connection timed out].
12-31 01:19:50.026 564 564 E spdaemon: Initial SP initialization failed. ret [-110].
12-31 01:19:50.026 564 564 D spdaemon: going to sleep for a day.
12-31 01:23:00.017 1488 2115 I service_manager_stats: [114,20,328918]
12-31 01:23:00.018 1488 2115 D CompatibilityChangeReporter: Compat change id reported: 171306433; UID 1000; state: ENABLED
12-31 01:24:44.980 1488 1668 D ActivityManager: freezing 3074 com.android.traceur
12-31 01:24:44.980 1488 1668 E ActivityManager: Unable to freeze binder for 3074 com.android.traceur
12-31 01:24:44.982 1488 1668 D ActivityManager: froze 3074 com.android.traceur
12-31 01:24:44.982 1488 1668 I am_freeze: [3074,com.android.traceur]
12-31 01:24:44.982 1488 1668 E ActivityManager: Unable to freeze binder for 3074 com.android.traceur
12-31 01:24:44.983 1488 1668 I ActivityManager: Killing 3074:com.android.traceur/u0a28 (adj 975): Unable to freeze binder interface
12-31 01:24:44.984 1488 1668 I am_kill : [0,3074,com.android.traceur,975,Unable to freeze binder interface]
12-31 01:24:45.017 1488 2083 I am_proc_died: [0,3074,com.android.traceur,975,19]
12-31 01:24:45.018 1488 2083 I am_uid_stopped: 10028
12-31 01:24:45.027 1488 1605 I am_pss : [3973,10052,com.thundercomm.screensaver,60794880,53989376,0,174817280,0,2,7]
12-31 01:24:45.036 1488 1605 I am_pss : [2481,10074,com.android.launcher3,58998784,49590272,0,182280192,0,6,8]
12-31 01:24:45.043 1488 1605 I am_pss : [2412,1000,com.thundercomm.gamemode,19046400,15327232,0,120070144,0,10,6]
12-31 01:24:45.048 1488 1605 I am_pss : [3223,1000,com.qti.diagservices,5727232,3764224,0,94363648,0,10,5]
12-31 01:24:45.322 1488 1668 D ActivityManager: freezing 3307 com.hryt.hiphishowfsecontrol
12-31 01:24:45.322 1488 1668 E ActivityManager: Unable to freeze binder for 3307 com.hryt.hiphishowfsecontrol
12-31 01:24:45.323 1488 1668 D ActivityManager: froze 3307 com.hryt.hiphishowfsecontrol
12-31 01:24:45.323 1488 1668 I am_freeze: [3307,com.hryt.hiphishowfsecontrol]
12-31 01:24:45.323 1488 1668 E ActivityManager: Unable to freeze binder for 3307 com.hryt.hiphishowfsecontrol
12-31 01:24:45.324 1488 1668 I ActivityManager: Killing 3307:com.hryt.hiphishowfsecontrol/u0a23 (adj 975): Unable to freeze binder interface
12-31 01:24:45.324 1488 1668 I am_kill : [0,3307,com.hryt.hiphishowfsecontrol,975,Unable to freeze binder interface]
12-31 01:24:45.358 1488 2083 I am_proc_died: [0,3307,com.hryt.hiphishowfsecontrol,975,19]
12-31 01:24:45.358 1488 2083 I am_uid_stopped: 10023
12-31 01:24:45.423 1488 1668 D ActivityManager: freezing 3348 com.android.calendar
12-31 01:24:45.423 1488 1668 E ActivityManager: Unable to freeze binder for 3348 com.android.calendar
12-31 01:24:45.424 1488 1668 D ActivityManager: froze 3348 com.android.calendar
12-31 01:24:45.424 1488 1668 I am_freeze: [3348,com.android.calendar]
12-31 01:24:45.424 1488 1668 E ActivityManager: Unable to freeze binder for 3348 com.android.calendar
12-31 01:24:45.426 1488 1668 I ActivityManager: Killing 3348:com.android.calendar/u0a70 (adj 965): Unable to freeze binder interface
12-31 01:24:45.426 1488 1668 I am_kill : [0,3348,com.android.calendar,965,Unable to freeze binder interface]
12-31 01:24:45.448 1488 2083 I am_proc_died: [0,3348,com.android.calendar,965,19]
12-31 01:24:45.449 1488 2083 I am_uid_stopped: 10070
12-31 01:24:45.499 1488 1668 D ActivityManager: freezing 3371 com.android.dynsystem
12-31 01:24:45.500 1488 1668 E ActivityManager: Unable to freeze binder for 3371 com.android.dynsystem
12-31 01:24:45.501 1488 1668 D ActivityManager: froze 3371 com.android.dynsystem
12-31 01:24:45.501 1488 1668 I am_freeze: [3371,com.android.dynsystem]
12-31 01:24:45.501 1488 1668 E ActivityManager: Unable to freeze binder for 3371 com.android.dynsystem
12-31 01:24:45.502 1488 1668 I ActivityManager: Killing 3371:com.android.dynsystem/1000 (adj 965): Unable to freeze binder interface
12-31 01:24:45.503 1488 1668 I am_kill : [0,3371,com.android.dynsystem,965,Unable to freeze binder interface]
12-31 01:24:45.536 1488 2083 I am_proc_died: [0,3371,com.android.dynsystem,965,19]
12-31 01:24:45.572 1488 1668 D ActivityManager: freezing 3390 com.android.dynsystem:dynsystem
12-31 01:24:45.572 1488 1668 E ActivityManager: Unable to freeze binder for 3390 com.android.dynsystem:dynsystem
12-31 01:24:45.573 1488 1668 D ActivityManager: froze 3390 com.android.dynsystem:dynsystem
12-31 01:24:45.574 1488 1668 I am_freeze: [3390,com.android.dynsystem:dynsystem]
12-31 01:24:45.574 1488 1668 E ActivityManager: Unable to freeze binder for 3390 com.android.dynsystem:dynsystem
12-31 01:24:45.575 1488 1668 I ActivityManager: Killing 3390:com.android.dynsystem:dynsystem/1000 (adj 995): Unable to freeze binder interface
12-31 01:24:45.575 1488 1668 I am_kill : [0,3390,com.android.dynsystem:dynsystem,995,Unable to freeze binder interface]
12-31 01:24:45.608 1488 2083 I am_proc_died: [0,3390,com.android.dynsystem:dynsystem,995,19]
12-31 01:24:45.878 1488 1668 D ActivityManager: freezing 3471 com.android.music
12-31 01:24:45.879 1488 1668 E ActivityManager: Unable to freeze binder for 3471 com.android.music
12-31 01:24:45.880 1488 1668 D ActivityManager: froze 3471 com.android.music
12-31 01:24:45.880 1488 1668 I am_freeze: [3471,com.android.music]
12-31 01:24:45.880 1488 1668 E ActivityManager: Unable to freeze binder for 3471 com.android.music
12-31 01:24:45.881 1488 1668 I ActivityManager: Killing 3471:com.android.music/u0a89 (adj 985): Unable to freeze binder interface
12-31 01:24:45.881 1488 1668 I am_kill : [0,3471,com.android.music,985,Unable to freeze binder interface]
12-31 01:24:45.915 1488 2083 I am_proc_died: [0,3471,com.android.music,985,19]
12-31 01:24:45.915 1488 2083 I am_uid_stopped: 10089
12-31 01:24:45.959 1488 1668 D ActivityManager: freezing 3533 com.android.onetimeinitializer
12-31 01:24:45.959 1488 1668 E ActivityManager: Unable to freeze binder for 3533 com.android.onetimeinitializer
12-31 01:24:45.960 1488 1668 D ActivityManager: froze 3533 com.android.onetimeinitializer
12-31 01:24:45.960 1488 1668 I am_freeze: [3533,com.android.onetimeinitializer]
12-31 01:24:45.960 1488 1668 E ActivityManager: Unable to freeze binder for 3533 com.android.onetimeinitializer
12-31 01:24:45.961 1488 1668 I ActivityManager: Killing 3533:com.android.onetimeinitializer/u0a60 (adj 975): Unable to freeze binder interface
12-31 01:24:45.961 1488 1668 I am_kill : [0,3533,com.android.onetimeinitializer,975,Unable to freeze binder interface]
12-31 01:24:45.993 1488 2083 I am_proc_died: [0,3533,com.android.onetimeinitializer,975,19]
12-31 01:24:45.994 1488 2083 I am_uid_stopped: 10060
12-31 01:24:46.302 1488 1668 D ActivityManager: freezing 2403 com.android.settings
12-31 01:24:46.303 1488 1668 E ActivityManager: Unable to freeze binder for 2403 com.android.settings
12-31 01:24:46.304 1488 1668 D ActivityManager: froze 2403 com.android.settings
12-31 01:24:46.304 1488 1668 I am_freeze: [2403,com.android.settings]
12-31 01:24:46.304 1488 1668 E ActivityManager: Unable to freeze binder for 2403 com.android.settings
12-31 01:24:46.306 1488 1668 I ActivityManager: Killing 2403:com.android.settings/1000 (adj 965): Unable to freeze binder interface
12-31 01:24:46.306 1488 1668 I am_kill : [0,2403,com.android.settings,965,Unable to freeze binder interface]
12-31 01:24:46.361 1488 2083 I am_proc_died: [0,2403,com.android.settings,965,19]
12-31 01:24:46.367 1488 1596 W ActivityManager: setHasOverlayUi called on unknown pid: 2403
12-31 01:24:46.983 1488 1668 D ActivityManager: freezing 3712 com.qualcomm.qti.qms.service.connectionsecurity
12-31 01:24:46.983 1488 1668 E ActivityManager: Unable to freeze binder for 3712 com.qualcomm.qti.qms.service.connectionsecurity
12-31 01:24:46.984 1488 1668 D ActivityManager: froze 3712 com.qualcomm.qti.qms.service.connectionsecurity
12-31 01:24:46.984 1488 1668 I am_freeze: [3712,com.qualcomm.qti.qms.service.connectionsecurity]
12-31 01:24:46.985 1488 1668 E ActivityManager: Unable to freeze binder for 3712 com.qualcomm.qti.qms.service.connectionsecurity
12-31 01:24:46.986 1488 1668 I ActivityManager: Killing 3712:com.qualcomm.qti.qms.service.connectionsecurity/u0a58 (adj 955): Unable to freeze binder interface
12-31 01:24:46.986 1488 1668 I am_kill : [0,3712,com.qualcomm.qti.qms.service.connectionsecurity,955,Unable to freeze binder interface]
12-31 01:24:46.988 1488 1668 D ActivityManager: freezing 2991 com.qualcomm.qtil.aptxui
12-31 01:24:46.988 1488 1668 E ActivityManager: Unable to freeze binder for 2991 com.qualcomm.qtil.aptxui
12-31 01:24:46.989 1488 1668 D ActivityManager: froze 2991 com.qualcomm.qtil.aptxui
12-31 01:24:46.989 1488 1668 I am_freeze: [2991,com.qualcomm.qtil.aptxui]
12-31 01:24:46.989 1488 1668 E ActivityManager: Unable to freeze binder for 2991 com.qualcomm.qtil.aptxui
12-31 01:24:46.990 1488 1668 I ActivityManager: Killing 2991:com.qualcomm.qtil.aptxui/u0a84 (adj 945): Unable to freeze binder interface
12-31 01:24:46.990 1488 1668 I am_kill : [0,2991,com.qualcomm.qtil.aptxui,945,Unable to freeze binder interface]
12-31 01:24:47.013 1488 2083 I am_proc_died: [0,3712,com.qualcomm.qti.qms.service.connectionsecurity,955,19]
12-31 01:24:47.014 1488 2083 I am_uid_stopped: 10058
12-31 01:24:47.020 1488 2083 I am_proc_died: [0,2991,com.qualcomm.qtil.aptxui,945,19]
12-31 01:24:47.021 1488 2083 I am_uid_stopped: 10084
12-31 01:24:47.047 1488 1668 D ActivityManager: freezing 2671 com.android.deskclock
12-31 01:24:47.048 1488 1668 E ActivityManager: Unable to freeze binder for 2671 com.android.deskclock
12-31 01:24:47.049 1488 1668 D ActivityManager: froze 2671 com.android.deskclock
12-31 01:24:47.049 1488 1668 I am_freeze: [2671,com.android.deskclock]
12-31 01:24:47.049 1488 1668 E ActivityManager: Unable to freeze binder for 2671 com.android.deskclock
12-31 01:24:47.050 1488 1668 I ActivityManager: Killing 2671:com.android.deskclock/u0a64 (adj 945): Unable to freeze binder interface
12-31 01:24:47.050 1488 1668 I am_kill : [0,2671,com.android.deskclock,945,Unable to freeze binder interface]
12-31 01:24:47.086 1488 2115 I am_proc_died: [0,2671,com.android.deskclock,945,19]
12-31 01:24:47.086 1488 2115 I am_uid_stopped: 10064
12-31 01:24:47.403 1488 1668 D ActivityManager: freezing 2900 com.android.keychain
12-31 01:24:47.403 1488 1668 E ActivityManager: Unable to freeze binder for 2900 com.android.keychain
12-31 01:24:47.404 1488 1668 D ActivityManager: froze 2900 com.android.keychain
12-31 01:24:47.404 1488 1668 I am_freeze: [2900,com.android.keychain]
12-31 01:24:47.405 1488 1668 E ActivityManager: Unable to freeze binder for 2900 com.android.keychain
12-31 01:24:47.406 1488 1668 I ActivityManager: Killing 2900:com.android.keychain/1000 (adj 935): Unable to freeze binder interface
12-31 01:24:47.406 1488 1668 I am_kill : [0,2900,com.android.keychain,935,Unable to freeze binder interface]
12-31 01:24:47.426 1488 1668 D ActivityManager: freezing 3779 com.android.localtransport
12-31 01:24:47.426 1488 1668 E ActivityManager: Unable to freeze binder for 3779 com.android.localtransport
12-31 01:24:47.427 1488 1668 D ActivityManager: froze 3779 com.android.localtransport
12-31 01:24:47.427 1488 1668 I am_freeze: [3779,com.android.localtransport]
12-31 01:24:47.427 1488 1668 E ActivityManager: Unable to freeze binder for 3779 com.android.localtransport
12-31 01:24:47.427 1488 1668 I ActivityManager: Killing 3779:com.android.localtransport/1000 (adj 935): Unable to freeze binder interface
12-31 01:24:47.427 1488 1668 I am_kill : [0,3779,com.android.localtransport,935,Unable to freeze binder interface]
12-31 01:24:47.438 1488 2115 I am_proc_died: [0,2900,com.android.keychain,935,19]
12-31 01:24:47.446 1488 2115 I am_proc_died: [0,3779,com.android.localtransport,935,19]
12-31 01:24:47.567 1488 1668 D ActivityManager: freezing 3740 com.android.externalstorage
12-31 01:24:47.567 1488 1668 E ActivityManager: Unable to freeze binder for 3740 com.android.externalstorage
12-31 01:24:47.568 1488 1668 D ActivityManager: froze 3740 com.android.externalstorage
12-31 01:24:47.568 1488 1668 I am_freeze: [3740,com.android.externalstorage]
12-31 01:24:47.568 1488 1668 E ActivityManager: Unable to freeze binder for 3740 com.android.externalstorage
12-31 01:24:47.569 1488 1668 I ActivityManager: Killing 3740:com.android.externalstorage/u0a21 (adj 925): Unable to freeze binder interface
12-31 01:24:47.570 1488 1668 I am_kill : [0,3740,com.android.externalstorage,925,Unable to freeze binder interface]
12-31 01:24:47.613 1488 1520 I am_proc_died: [0,3740,com.android.externalstorage,925,19]
12-31 01:24:47.614 1488 1520 I am_uid_stopped: 10021
12-31 01:24:51.333 1488 1668 D ActivityManager: freezing 3605 com.android.providers.calendar
12-31 01:24:51.333 1488 1668 E ActivityManager: Unable to freeze binder for 3605 com.android.providers.calendar
12-31 01:24:51.335 1488 1668 D ActivityManager: froze 3605 com.android.providers.calendar
12-31 01:24:51.335 1488 1668 I am_freeze: [3605,com.android.providers.calendar]
12-31 01:24:51.335 1488 1668 E ActivityManager: Unable to freeze binder for 3605 com.android.providers.calendar
12-31 01:24:51.337 1488 1668 I ActivityManager: Killing 3605:com.android.providers.calendar/u0a24 (adj 935): Unable to freeze binder interface
12-31 01:24:51.337 1488 1668 I am_kill : [0,3605,com.android.providers.calendar,935,Unable to freeze binder interface]
12-31 01:24:51.381 1488 2092 I am_proc_died: [0,3605,com.android.providers.calendar,935,19]
12-31 01:24:51.382 1488 2092 I am_uid_stopped: 10024
12-31 01:24:52.430 1488 1668 D ActivityManager: freezing 3890 com.qualcomm.qti.qms.service.trustzoneaccess
12-31 01:24:52.431 1488 1668 E ActivityManager: Unable to freeze binder for 3890 com.qualcomm.qti.qms.service.trustzoneaccess
12-31 01:24:52.432 1488 1668 D ActivityManager: froze 3890 com.qualcomm.qti.qms.service.trustzoneaccess
12-31 01:24:52.432 1488 1668 I am_freeze: [3890,com.qualcomm.qti.qms.service.trustzoneaccess]
12-31 01:24:52.433 1488 1668 E ActivityManager: Unable to freeze binder for 3890 com.qualcomm.qti.qms.service.trustzoneaccess
12-31 01:24:52.434 1488 1668 I ActivityManager: Killing 3890:com.qualcomm.qti.qms.service.trustzoneaccess/u0a56 (adj 925): Unable to freeze binder interface
12-31 01:24:52.434 1488 1668 I am_kill : [0,3890,com.qualcomm.qti.qms.service.trustzoneaccess,925,Unable to freeze binder interface]
12-31 01:24:52.474 1488 2115 I am_proc_died: [0,3890,com.qualcomm.qti.qms.service.trustzoneaccess,925,19]
12-31 01:24:52.475 1488 2115 I am_uid_stopped: 10056
12-31 01:25:18.344 1488 2092 W ActivityManager: Unable to start service Intent { act=android.intent.action.START_LEBO_SERVICE pkg=com.hpplay.happyplay.aw } U=0: not found
12-31 01:25:42.967 1488 1657 W DeviceIdleController: motion timeout went off and device isn't stationary
12-31 01:25:42.971 1488 1606 D CompatibilityChangeReporter: Compat change id reported: 168419799; UID 1000; state: DISABLED
12-31 01:25:43.003 824 824 W android.hardware.wifi@1.0-service: No active wlan interfaces in use! Using default
12-31 01:25:43.008 1488 1605 I am_pss : [1488,1000,system,216228864,123686912,0,523223040,0,0,27]
12-31 01:25:43.013 1212 1212 I wificond: Unsubscribe scan result for interface with index: 17
12-31 01:25:43.019 1488 1605 I am_pss : [3973,10052,com.thundercomm.screensaver,62059520,54321152,0,175149056,0,2,7]
12-31 01:25:43.028 1488 1605 I am_pss : [2481,10074,com.android.launcher3,61012992,51511296,0,182280192,0,6,8]
12-31 01:25:43.034 1488 1605 I am_pss : [2441,10095,android.ext.services,7439360,4993024,0,95670272,0,5,5]
12-31 01:25:43.039 1488 1605 I am_pss : [2967,10075,com.qualcomm.location.XT,6707200,4534272,0,92569600,0,6,5]
12-31 01:25:43.047 1488 1605 I am_pss : [1931,1002,com.android.bluetooth,32274432,27471872,0,137764864,0,0,7]
12-31 01:25:43.059 1488 1605 I am_pss : [3047,10035,com.baidu.input,106661888,91131904,0,226131968,0,7,10]
12-31 01:25:43.061 1212 1212 I wificond: tearDownClientInterface: erasing wiphy_index for iface_name wlan0
12-31 01:25:43.061 1212 1212 I wificond: remove channel type 0 support at wiphy index 0
12-31 01:25:43.061 1212 1212 I wificond: remove channel type 1 support at wiphy index 0
12-31 01:25:43.066 1488 1605 I am_pss : [2223,1073,com.android.networkstack.process,11977728,9162752,0,104177664,0,0,6]
12-31 01:25:43.072 1488 1605 I am_pss : [2132,1001,.dataservices,8552448,6369280,0,93736960,0,0,6]
12-31 01:25:43.083 1488 1605 I am_pss : [1954,10081,com.android.systemui,159235072,144908288,0,287555584,0,0,10]
12-31 01:25:43.121 824 824 E android.hardware.wifi@1.0-service: Failed to open directory: Permission denied
12-31 01:25:43.121 824 824 E android.hardware.wifi@1.0-service: Error occurred while deleting old tombstone files
12-31 01:25:43.121 824 824 E android.hardware.wifi@1.0-service: Error writing files to flash
12-31 01:25:43.122 824 824 E android.hardware.wifi@1.0-service: Stopping legacy HAL
12-31 01:25:43.122 824 824 E android.hardware.wifi@1.0-service: Legacy HAL trigger wifi cleanup
12-31 01:25:43.119 824 824 I auditd : type=1400 audit(0.0:257): avc: denied { search } for comm="wifi@1.0-servic" name="tombstones" dev="dm-10" ino=36 scontext=u:r:hal_wifi_default:s0 tcontext=u:object_r:vendor_tombstone_data_file:s0 tclass=dir permissive=0
12-31 01:25:43.123 824 3669 I android.hardware.wifi@1.0-service: Legacy HAL stop complete callback received
12-31 01:25:43.123 824 3669 E android.hardware.wifi@1.0-service: SetWifiUpState(false) completed
12-31 01:25:43.123 824 3669 E android.hardware.wifi@1.0-service: Legacy HAL Wifi event loop exited
12-31 01:25:43.123 824 3669 E android.hardware.wifi@1.0-service: Legacy HAL event loop terminated
12-31 01:25:43.123 824 824 D android.hardware.wifi@1.0-service: Legacy HAL stop complete
12-31 01:25:43.125 824 824 I android.hardware.wifi@1.0-service: Wifi HAL stopped
12-31 01:25:43.151 1488 1613 D KernelCpuUidUserSysTimeReader: Removing uids 1037-1037
12-31 01:25:43.192 1488 1667 I commit_sys_config_file: [settings-0-0,8]
12-31 01:25:44.376 1488 1668 D ActivityManager: freezing 3197 android.process.media
12-31 01:25:44.376 1488 1668 E ActivityManager: Unable to freeze binder for 3197 android.process.media
12-31 01:25:44.378 1488 1668 D ActivityManager: froze 3197 android.process.media
12-31 01:25:44.378 1488 1668 I am_freeze: [3197,android.process.media]
12-31 01:25:44.378 1488 1668 E ActivityManager: Unable to freeze binder for 3197 android.process.media
12-31 01:25:44.379 1488 1668 D ActivityManager: freezing 2590 com.qualcomm.qti.qccauthmgr
12-31 01:25:44.380 1488 1668 E ActivityManager: Unable to freeze binder for 2590 com.qualcomm.qti.qccauthmgr
12-31 01:25:44.381 1488 1668 D ActivityManager: froze 2590 com.qualcomm.qti.qccauthmgr
12-31 01:25:44.381 1488 1668 I am_freeze: [2590,com.qualcomm.qti.qccauthmgr]
12-31 01:25:44.381 1488 1668 E ActivityManager: Unable to freeze binder for 2590 com.qualcomm.qti.qccauthmgr
12-31 01:25:44.382 1488 1668 D ActivityManager: freezing 3265 android.process.acore
12-31 01:25:44.382 1488 1668 E ActivityManager: Unable to freeze binder for 3265 android.process.acore
12-31 01:25:44.383 1488 1668 D ActivityManager: froze 3265 android.process.acore
12-31 01:25:44.383 1488 1668 I am_freeze: [3265,android.process.acore]
12-31 01:25:44.384 1488 1668 E ActivityManager: Unable to freeze binder for 3265 android.process.acore
12-31 01:25:44.384 1488 1668 I ActivityManager: Killing 3197:android.process.media/u0a19 (adj 925): Unable to freeze binder interface
12-31 01:25:44.385 1488 1668 I am_kill : [0,3197,android.process.media,925,Unable to freeze binder interface]
12-31 01:25:44.387 1488 1668 I ActivityManager: Killing 2590:com.qualcomm.qti.qccauthmgr/u0a85 (adj 935): Unable to freeze binder interface
12-31 01:25:44.387 1488 1668 I am_kill : [0,2590,com.qualcomm.qti.qccauthmgr,935,Unable to freeze binder interface]
12-31 01:25:44.388 1488 1668 I ActivityManager: Killing 3265:android.process.acore/u0a29 (adj 975): Unable to freeze binder interface
12-31 01:25:44.388 1488 1668 I am_kill : [0,3265,android.process.acore,975,Unable to freeze binder interface]
12-31 01:25:44.410 1488 2092 I am_proc_died: [0,3197,android.process.media,925,19]
12-31 01:25:44.411 1488 2092 I am_uid_stopped: 10019
12-31 01:25:44.416 1488 2083 I am_proc_died: [0,3265,android.process.acore,975,19]
12-31 01:25:44.416 1488 2095 D CountryDetector: No listener is left
12-31 01:25:44.416 1488 2083 I am_uid_stopped: 10029
12-31 01:25:44.421 1488 1605 I am_pss : [3632,2000,com.android.shell,6454272,4173824,0,91160576,0,19,5]
12-31 01:25:44.427 1488 1605 I am_pss : [3559,10026,com.android.packageinstaller,7733248,5591040,0,90234880,0,19,5]
12-31 01:25:44.431 1488 2083 I am_proc_died: [0,2590,com.qualcomm.qti.qccauthmgr,935,19]
12-31 01:25:44.432 1488 2083 I am_uid_stopped: 10085
12-31 01:25:44.433 1488 1605 I am_pss : [3440,10020,com.android.managedprovisioning,9431040,7143424,0,93761536,0,19,5]
12-31 01:25:44.439 1488 1605 I am_pss : [2379,1000,com.qualcomm.qti.qdma,10439680,6610944,0,105353216,0,0,6]
12-31 01:25:44.445 1488 1605 I am_pss : [2358,1000,com.thundercomm.tcservice,9403392,7016448,0,95895552,0,0,5]
12-31 01:25:44.451 1488 1605 I am_pss : [2319,1000,com.thundercomm.remotecontrolservice,11486208,8507392,0,102080512,0,0,5]
12-31 01:25:44.457 1488 1605 I am_pss : [2315,1068,com.android.se,6159360,3903488,0,90767360,0,0,6]
12-31 01:25:44.462 1488 1605 I am_pss : [2300,10083,com.qti.qualcomm.mstatssystemservice,5854208,3674112,0,89137152,0,0,5]
12-31 01:25:44.468 1488 1605 I am_pss : [2269,1000,vendor.qti.qesdk.sysservice,5908480,3649536,0,90529792,0,0,5]
12-31 01:25:44.473 1488 1605 I am_pss : [2248,1000,com.thundercomm.tcsetupwizard,7188480,5017600,0,90435584,0,0,5]
12-31 01:25:44.478 1488 1605 I am_pss : [2177,1000,com.tc.logclient,8031232,5369856,0,98226176,0,0,5]
12-31 01:25:44.484 1488 1605 I am_pss : [2160,1000,com.thundercomm.tchttpserver,9873408,7634944,0,94150656,0,0,5]
12-31 01:25:44.489 1488 1605 I am_pss : [2137,10054,.qtidataservices,6264832,4042752,0,90521600,0,0,5]
12-31 01:25:44.495 1488 1605 I am_pss : [2123,1000,com.thundercomm.microsettings,30311424,18833408,0,131031040,0,0,5]
12-31 01:25:44.501 1488 1605 I am_pss : [2049,1000,com.thundercomm.microservice,9272320,6918144,0,94969856,0,0,5]
12-31 01:25:45.133 1488 4086 I BackgroundDexOptService: Pinning optimized code {}
12-31 01:25:52.870 1488 1668 D ActivityManager: freezing 3580 com.android.permissioncontroller
12-31 01:25:52.870 1488 1668 E ActivityManager: Unable to freeze binder for 3580 com.android.permissioncontroller
12-31 01:25:52.872 1488 1668 D ActivityManager: froze 3580 com.android.permissioncontroller
12-31 01:25:52.872 1488 1668 I am_freeze: [3580,com.android.permissioncontroller]
12-31 01:25:52.872 1488 1668 E ActivityManager: Unable to freeze binder for 3580 com.android.permissioncontroller
12-31 01:25:52.873 1488 1668 I ActivityManager: Killing 3580:com.android.permissioncontroller/u0a93 (adj 915): Unable to freeze binder interface
12-31 01:25:52.874 1488 1668 I am_kill : [0,3580,com.android.permissioncontroller,915,Unable to freeze binder interface]
12-31 01:25:52.906 1488 2083 I am_proc_died: [0,3580,com.android.permissioncontroller,915,19]
12-31 01:25:52.907 1488 2083 I am_uid_stopped: 10093
12-31 01:25:52.914 1488 1605 I am_pss : [2877,10094,com.android.providers.media.module,17123328,12894208,0,116928512,0,0,6]
12-31 01:25:52.920 1488 1605 I am_pss : [2820,10080,com.qualcomm.location,11152384,7499776,0,104402944,0,0,5]
12-31 01:28:25.125 1488 1682 I input_interaction: Interaction with: 2abaf3 com.thundercomm.screensaver/android.service.dreams.DreamActivity (server), edge-swipe (server), swipe-up (server), PointerEventDispatcher0 (server),
12-31 01:28:25.129 1488 2083 I wm_finish_activity: [0,6910039,21,com.thundercomm.screensaver/android.service.dreams.DreamActivity,finish-activity]
12-31 01:28:25.130 1488 2083 I wm_task_moved: [1,1,5]
12-31 01:28:25.130 1488 2083 I wm_task_moved: [19,1,2147483647]
12-31 01:28:25.130 1488 2083 I wm_task_to_front: [0,19]
12-31 01:28:25.131 1488 2083 I wm_focused_root_task: [0,0,1,21,finish-top adjustFocusToNextFocusableTask]
12-31 01:28:25.131 1488 2083 I wm_set_resumed_activity: [0,com.android.launcher3/.uioverrides.QuickstepLauncher,finish-top adjustFocusToNextFocusableTask]
12-31 01:28:25.132 1488 2083 I wm_pause_activity: [0,6910039,com.thundercomm.screensaver/android.service.dreams.DreamActivity,userLeaving=false,finish]
12-31 01:28:25.138 1488 1596 I sysui_multi_action: [757,803,799,window_time_0,802,654]
12-31 01:28:25.138 1488 4093 I DreamManagerService: Gently waking up from dream.
12-31 01:28:25.139 1488 1593 I DreamManagerService: Performing gentle wake from dream.
12-31 01:28:25.140 3973 3973 I wm_on_top_resumed_lost_called: [6910039,android.service.dreams.DreamActivity,topStateChangedWhenResumed]
12-31 01:28:25.140 3973 3973 I wm_on_paused_called: [6910039,android.service.dreams.DreamActivity,performPause]
12-31 01:28:25.141 1488 2083 I wm_add_to_stopping: [0,6910039,com.thundercomm.screensaver/android.service.dreams.DreamActivity,completeFinishing]
12-31 01:28:25.141 1488 2083 I ActivityTaskManager: FOREGROUND_APPLICATION_CHANGED to com.android.launcher3.uioverrides.QuickstepLauncher
12-31 01:28:25.143 1488 2083 I wm_set_resumed_activity: [0,com.android.launcher3/.uioverrides.QuickstepLauncher,resumeTopActivityInnerLocked]
12-31 01:28:25.144 1488 2083 I wm_resume_activity: [0,175692250,19,com.android.launcher3/.uioverrides.QuickstepLauncher]
12-31 01:28:25.147 2481 2481 I wm_on_restart_called: [175692250,com.android.launcher3.uioverrides.QuickstepLauncher,performRestartActivity]
12-31 01:28:25.147 2481 2481 I wm_on_start_called: [175692250,com.android.launcher3.uioverrides.QuickstepLauncher,handleStartActivity]
12-31 01:28:25.148 2481 2481 I wm_on_resume_called: [175692250,com.android.launcher3.uioverrides.QuickstepLauncher,RESUME_ACTIVITY]
