12-31 01:46:48.691 1488 1871 E DisplayDeviceConfig: requesting nits when no mapping exists.
12-31 01:46:48.691 1488 1871 E DisplayDeviceConfig: requesting nits when no mapping exists.
12-31 01:46:48.692 1488 1606 I am_wtf : [0,1488,system_server,-1,DisplayDeviceConfig,requesting nits when no mapping exists.]
12-31 01:46:48.693 1488 1606 I am_wtf : [0,1488,system_server,-1,DisplayDeviceConfig,requesting nits when no mapping exists.]
12-31 01:46:48.708 1488 1871 E DisplayDeviceConfig: requesting nits when no mapping exists.
12-31 01:46:48.708 1488 1606 I am_wtf : [0,1488,system_server,-1,DisplayDeviceConfig,requesting nits when no mapping exists.]
12-31 01:46:48.708 1488 1871 E DisplayDeviceConfig: requesting nits when no mapping exists.
12-31 01:46:48.710 1488 1606 I am_wtf : [0,1488,system_server,-1,DisplayDeviceConfig,requesting nits when no mapping exists.]
12-31 01:46:48.724 1488 1871 E DisplayDeviceConfig: requesting nits when no mapping exists.
12-31 01:46:48.725 1488 1871 E DisplayDeviceConfig: requesting nits when no mapping exists.
12-31 01:46:48.725 1488 1606 I am_wtf : [0,1488,system_server,-1,DisplayDeviceConfig,requesting nits when no mapping exists.]
12-31 01:46:48.726 1488 1606 I am_wtf : [0,1488,system_server,-1,DisplayDeviceConfig,requesting nits when no mapping exists.]
12-31 01:46:48.741 1488 1871 E DisplayDeviceConfig: requesting nits when no mapping exists.
12-31 01:46:48.742 1488 1871 E DisplayDeviceConfig: requesting nits when no mapping exists.
12-31 01:46:48.742 1488 1606 I am_wtf : [0,1488,system_server,-1,DisplayDeviceConfig,requesting nits when no mapping exists.]
12-31 01:46:48.743 1488 1606 I am_wtf : [0,1488,system_server,-1,DisplayDeviceConfig,requesting nits when no mapping exists.]
12-31 01:46:48.758 1488 1871 E DisplayDeviceConfig: requesting nits when no mapping exists.
12-31 01:46:48.759 1488 1871 E DisplayDeviceConfig: requesting nits when no mapping exists.
12-31 01:46:48.759 1488 1606 I am_wtf : [0,1488,system_server,-1,DisplayDeviceConfig,requesting nits when no mapping exists.]
12-31 01:46:48.760 1488 1606 I am_wtf : [0,1488,system_server,-1,DisplayDeviceConfig,requesting nits when no mapping exists.]
12-31 01:46:48.775 1488 1871 E DisplayDeviceConfig: requesting nits when no mapping exists.
12-31 01:46:48.776 1488 1871 E DisplayDeviceConfig: requesting nits when no mapping exists.
12-31 01:46:48.776 1488 1606 I am_wtf : [0,1488,system_server,-1,DisplayDeviceConfig,requesting nits when no mapping exists.]
12-31 01:46:48.777 1488 1606 I am_wtf : [0,1488,system_server,-1,DisplayDeviceConfig,requesting nits when no mapping exists.]
12-31 01:46:48.792 1488 1871 E DisplayDeviceConfig: requesting nits when no mapping exists.
12-31 01:46:48.792 1488 1871 E DisplayDeviceConfig: requesting nits when no mapping exists.
12-31 01:46:48.792 1488 1606 I am_wtf : [0,1488,system_server,-1,DisplayDeviceConfig,requesting nits when no mapping exists.]
12-31 01:46:48.797 1488 1606 I am_wtf : [0,1488,system_server,-1,DisplayDeviceConfig,requesting nits when no mapping exists.]
12-31 01:46:48.808 1488 1871 E DisplayDeviceConfig: requesting nits when no mapping exists.
12-31 01:46:48.809 1488 1871 E DisplayDeviceConfig: requesting nits when no mapping exists.
12-31 01:46:48.809 1488 1606 I am_wtf : [0,1488,system_server,-1,DisplayDeviceConfig,requesting nits when no mapping exists.]
12-31 01:46:48.810 1488 1606 I am_wtf : [0,1488,system_server,-1,DisplayDeviceConfig,requesting nits when no mapping exists.]
12-31 01:46:48.824 1488 1871 E DisplayDeviceConfig: requesting nits when no mapping exists.
12-31 01:46:48.824 1488 1871 E DisplayDeviceConfig: requesting nits when no mapping exists.
12-31 01:46:48.824 1488 1606 I am_wtf : [0,1488,system_server,-1,DisplayDeviceConfig,requesting nits when no mapping exists.]
12-31 01:46:48.825 1488 1606 I am_wtf : [0,1488,system_server,-1,DisplayDeviceConfig,requesting nits when no mapping exists.]
12-31 01:46:48.841 1488 1871 E DisplayDeviceConfig: requesting nits when no mapping exists.
12-31 01:46:48.841 1488 1871 E DisplayDeviceConfig: requesting nits when no mapping exists.
12-31 01:46:48.842 1488 1606 I am_wtf : [0,1488,system_server,-1,DisplayDeviceConfig,requesting nits when no mapping exists.]
12-31 01:46:48.842 1488 1606 I am_wtf : [0,1488,system_server,-1,DisplayDeviceConfig,requesting nits when no mapping exists.]
12-31 01:46:48.858 1488 1871 E DisplayDeviceConfig: requesting nits when no mapping exists.
12-31 01:46:48.858 1488 1606 I am_wtf : [0,1488,system_server,-1,DisplayDeviceConfig,requesting nits when no mapping exists.]
12-31 01:46:48.858 1488 1871 E DisplayDeviceConfig: requesting nits when no mapping exists.
12-31 01:46:48.859 1488 1606 I am_wtf : [0,1488,system_server,-1,DisplayDeviceConfig,requesting nits when no mapping exists.]
12-31 01:46:48.874 1488 1871 E DisplayDeviceConfig: requesting nits when no mapping exists.
12-31 01:46:48.875 1488 1871 E DisplayDeviceConfig: requesting nits when no mapping exists.
12-31 01:46:48.875 1488 1606 I am_wtf : [0,1488,system_server,-1,DisplayDeviceConfig,requesting nits when no mapping exists.]
12-31 01:46:48.876 1488 1606 I am_wtf : [0,1488,system_server,-1,DisplayDeviceConfig,requesting nits when no mapping exists.]
12-31 01:46:48.891 1488 1871 E DisplayDeviceConfig: requesting nits when no mapping exists.
12-31 01:46:48.892 1488 1871 E DisplayDeviceConfig: requesting nits when no mapping exists.
12-31 01:46:48.893 1488 1606 I am_wtf : [0,1488,system_server,-1,DisplayDeviceConfig,requesting nits when no mapping exists.]
12-31 01:46:48.893 1488 1606 I am_wtf : [0,1488,system_server,-1,DisplayDeviceConfig,requesting nits when no mapping exists.]
12-31 01:46:48.908 1488 1871 E DisplayDeviceConfig: requesting nits when no mapping exists.
12-31 01:46:48.909 1488 1871 E DisplayDeviceConfig: requesting nits when no mapping exists.
12-31 01:46:48.909 1488 1606 I am_wtf : [0,1488,system_server,-1,DisplayDeviceConfig,requesting nits when no mapping exists.]
12-31 01:46:48.910 1488 1606 I am_wtf : [0,1488,system_server,-1,DisplayDeviceConfig,requesting nits when no mapping exists.]
12-31 01:46:48.925 1488 1871 E DisplayDeviceConfig: requesting nits when no mapping exists.
12-31 01:46:48.925 1488 1871 E DisplayDeviceConfig: requesting nits when no mapping exists.
12-31 01:46:48.925 1488 1606 I am_wtf : [0,1488,system_server,-1,DisplayDeviceConfig,requesting nits when no mapping exists.]
12-31 01:46:48.926 1488 1606 I am_wtf : [0,1488,system_server,-1,DisplayDeviceConfig,requesting nits when no mapping exists.]
12-31 01:46:48.941 1488 1871 E DisplayDeviceConfig: requesting nits when no mapping exists.
12-31 01:46:48.942 1488 1606 I am_wtf : [0,1488,system_server,-1,DisplayDeviceConfig,requesting nits when no mapping exists.]
12-31 01:46:48.942 1488 1871 E DisplayDeviceConfig: requesting nits when no mapping exists.
12-31 01:46:48.943 1488 1606 I am_wtf : [0,1488,system_server,-1,DisplayDeviceConfig,requesting nits when no mapping exists.]
12-31 01:46:48.958 1488 1871 E DisplayDeviceConfig: requesting nits when no mapping exists.
12-31 01:46:48.959 1488 1871 E DisplayDeviceConfig: requesting nits when no mapping exists.
12-31 01:46:48.959 1488 1606 I am_wtf : [0,1488,system_server,-1,DisplayDeviceConfig,requesting nits when no mapping exists.]
12-31 01:46:48.960 1488 1606 I am_wtf : [0,1488,system_server,-1,DisplayDeviceConfig,requesting nits when no mapping exists.]
12-31 01:46:48.975 1488 1871 E DisplayDeviceConfig: requesting nits when no mapping exists.
12-31 01:46:48.975 1488 1606 I am_wtf : [0,1488,system_server,-1,DisplayDeviceConfig,requesting nits when no mapping exists.]
12-31 01:46:48.975 1488 1871 E DisplayDeviceConfig: requesting nits when no mapping exists.
12-31 01:46:48.976 1488 1606 I am_wtf : [0,1488,system_server,-1,DisplayDeviceConfig,requesting nits when no mapping exists.]
12-31 01:46:48.991 1488 1871 E DisplayDeviceConfig: requesting nits when no mapping exists.
12-31 01:46:48.992 1488 1871 E DisplayDeviceConfig: requesting nits when no mapping exists.
12-31 01:46:48.992 1488 1606 I am_wtf : [0,1488,system_server,-1,DisplayDeviceConfig,requesting nits when no mapping exists.]
12-31 01:46:48.993 1488 1606 I am_wtf : [0,1488,system_server,-1,DisplayDeviceConfig,requesting nits when no mapping exists.]
12-31 01:46:49.008 1488 1871 E DisplayDeviceConfig: requesting nits when no mapping exists.
12-31 01:46:49.009 1488 1606 I am_wtf : [0,1488,system_server,-1,DisplayDeviceConfig,requesting nits when no mapping exists.]
12-31 01:46:49.010 1488 1871 E DisplayDeviceConfig: requesting nits when no mapping exists.
12-31 01:46:49.010 1488 1606 I am_wtf : [0,1488,system_server,-1,DisplayDeviceConfig,requesting nits when no mapping exists.]
12-31 01:46:49.025 1488 1871 E DisplayDeviceConfig: requesting nits when no mapping exists.
12-31 01:46:49.026 1488 1871 E DisplayDeviceConfig: requesting nits when no mapping exists.
12-31 01:46:49.026 1488 1606 I am_wtf : [0,1488,system_server,-1,DisplayDeviceConfig,requesting nits when no mapping exists.]
12-31 01:46:49.027 1488 1606 I am_wtf : [0,1488,system_server,-1,DisplayDeviceConfig,requesting nits when no mapping exists.]
12-31 01:46:49.041 1488 1871 E DisplayDeviceConfig: requesting nits when no mapping exists.
12-31 01:46:49.042 1488 1871 E DisplayDeviceConfig: requesting nits when no mapping exists.
12-31 01:46:49.042 1488 1606 I am_wtf : [0,1488,system_server,-1,DisplayDeviceConfig,requesting nits when no mapping exists.]
12-31 01:46:49.043 1488 1606 I am_wtf : [0,1488,system_server,-1,DisplayDeviceConfig,requesting nits when no mapping exists.]
12-31 01:46:49.058 1488 1871 E DisplayDeviceConfig: requesting nits when no mapping exists.
12-31 01:46:49.059 1488 1871 E DisplayDeviceConfig: requesting nits when no mapping exists.
12-31 01:46:49.059 1488 1606 I am_wtf : [0,1488,system_server,-1,DisplayDeviceConfig,requesting nits when no mapping exists.]
12-31 01:46:49.060 1488 1606 I am_wtf : [0,1488,system_server,-1,DisplayDeviceConfig,requesting nits when no mapping exists.]
12-31 01:46:49.075 1488 1871 E DisplayDeviceConfig: requesting nits when no mapping exists.
12-31 01:46:49.076 1488 1871 E DisplayDeviceConfig: requesting nits when no mapping exists.
12-31 01:46:49.076 1488 1606 I am_wtf : [0,1488,system_server,-1,DisplayDeviceConfig,requesting nits when no mapping exists.]
12-31 01:46:49.077 1488 1606 I am_wtf : [0,1488,system_server,-1,DisplayDeviceConfig,requesting nits when no mapping exists.]
12-31 01:46:49.092 1488 1871 E DisplayDeviceConfig: requesting nits when no mapping exists.
12-31 01:46:49.092 1488 1871 E DisplayDeviceConfig: requesting nits when no mapping exists.
12-31 01:46:49.092 1488 1606 I am_wtf : [0,1488,system_server,-1,DisplayDeviceConfig,requesting nits when no mapping exists.]
12-31 01:46:49.093 1488 1606 I am_wtf : [0,1488,system_server,-1,DisplayDeviceConfig,requesting nits when no mapping exists.]
12-31 01:46:49.109 1488 1871 E DisplayDeviceConfig: requesting nits when no mapping exists.
12-31 01:46:49.109 1488 1871 E DisplayDeviceConfig: requesting nits when no mapping exists.
12-31 01:46:49.110 1488 1606 I am_wtf : [0,1488,system_server,-1,DisplayDeviceConfig,requesting nits when no mapping exists.]
12-31 01:46:49.111 1488 1606 I am_wtf : [0,1488,system_server,-1,DisplayDeviceConfig,requesting nits when no mapping exists.]
12-31 01:46:49.126 1488 1871 E DisplayDeviceConfig: requesting nits when no mapping exists.
12-31 01:46:49.126 1488 1871 E DisplayDeviceConfig: requesting nits when no mapping exists.
12-31 01:46:49.126 1488 1606 I am_wtf : [0,1488,system_server,-1,DisplayDeviceConfig,requesting nits when no mapping exists.]
12-31 01:46:49.127 1488 1606 I am_wtf : [0,1488,system_server,-1,DisplayDeviceConfig,requesting nits when no mapping exists.]
12-31 01:46:49.142 1488 1871 E DisplayDeviceConfig: requesting nits when no mapping exists.
12-31 01:46:49.142 1488 1871 E DisplayDeviceConfig: requesting nits when no mapping exists.
12-31 01:46:49.143 1488 1606 I am_wtf : [0,1488,system_server,-1,DisplayDeviceConfig,requesting nits when no mapping exists.]
12-31 01:46:49.143 1488 1606 I am_wtf : [0,1488,system_server,-1,DisplayDeviceConfig,requesting nits when no mapping exists.]
12-31 01:46:49.159 1488 1871 E DisplayDeviceConfig: requesting nits when no mapping exists.
12-31 01:46:49.159 1488 1871 E DisplayDeviceConfig: requesting nits when no mapping exists.
12-31 01:46:49.159 1488 1606 I am_wtf : [0,1488,system_server,-1,DisplayDeviceConfig,requesting nits when no mapping exists.]
12-31 01:46:49.160 1488 1606 I am_wtf : [0,1488,system_server,-1,DisplayDeviceConfig,requesting nits when no mapping exists.]
12-31 01:46:49.175 1488 1871 E DisplayDeviceConfig: requesting nits when no mapping exists.
12-31 01:46:49.176 1488 1871 E DisplayDeviceConfig: requesting nits when no mapping exists.
12-31 01:46:49.176 1488 1606 I am_wtf : [0,1488,system_server,-1,DisplayDeviceConfig,requesting nits when no mapping exists.]
12-31 01:46:49.177 1488 1606 I am_wtf : [0,1488,system_server,-1,DisplayDeviceConfig,requesting nits when no mapping exists.]
12-31 01:46:49.192 1488 1871 E DisplayDeviceConfig: requesting nits when no mapping exists.
12-31 01:46:49.193 1488 1871 E DisplayDeviceConfig: requesting nits when no mapping exists.
12-31 01:46:49.193 1488 1606 I am_wtf : [0,1488,system_server,-1,DisplayDeviceConfig,requesting nits when no mapping exists.]
12-31 01:46:49.194 1488 1606 I am_wtf : [0,1488,system_server,-1,DisplayDeviceConfig,requesting nits when no mapping exists.]
12-31 01:46:49.209 1488 1871 E DisplayDeviceConfig: requesting nits when no mapping exists.
12-31 01:46:49.209 1488 1871 E DisplayDeviceConfig: requesting nits when no mapping exists.
12-31 01:46:49.209 1488 1606 I am_wtf : [0,1488,system_server,-1,DisplayDeviceConfig,requesting nits when no mapping exists.]
12-31 01:46:49.210 1488 1606 I am_wtf : [0,1488,system_server,-1,DisplayDeviceConfig,requesting nits when no mapping exists.]
12-31 01:46:49.225 1488 1871 E DisplayDeviceConfig: requesting nits when no mapping exists.
12-31 01:46:49.226 1488 1871 E DisplayDeviceConfig: requesting nits when no mapping exists.
12-31 01:46:49.226 1488 1606 I am_wtf : [0,1488,system_server,-1,DisplayDeviceConfig,requesting nits when no mapping exists.]
12-31 01:46:49.227 1488 1606 I am_wtf : [0,1488,system_server,-1,DisplayDeviceConfig,requesting nits when no mapping exists.]
12-31 01:46:49.242 1488 1871 E DisplayDeviceConfig: requesting nits when no mapping exists.
12-31 01:46:49.243 1488 1871 E DisplayDeviceConfig: requesting nits when no mapping exists.
12-31 01:46:49.243 1488 1606 I am_wtf : [0,1488,system_server,-1,DisplayDeviceConfig,requesting nits when no mapping exists.]
12-31 01:46:49.244 1488 1606 I am_wtf : [0,1488,system_server,-1,DisplayDeviceConfig,requesting nits when no mapping exists.]
12-31 01:46:49.259 1488 1871 E DisplayDeviceConfig: requesting nits when no mapping exists.
12-31 01:46:49.259 1488 1871 E DisplayDeviceConfig: requesting nits when no mapping exists.
12-31 01:46:49.259 1488 1606 I am_wtf : [0,1488,system_server,-1,DisplayDeviceConfig,requesting nits when no mapping exists.]
12-31 01:46:49.260 1488 1606 I am_wtf : [0,1488,system_server,-1,DisplayDeviceConfig,requesting nits when no mapping exists.]
12-31 01:46:49.276 1488 1871 E DisplayDeviceConfig: requesting nits when no mapping exists.
12-31 01:46:49.276 1488 1871 E DisplayDeviceConfig: requesting nits when no mapping exists.
12-31 01:46:49.276 1488 1606 I am_wtf : [0,1488,system_server,-1,DisplayDeviceConfig,requesting nits when no mapping exists.]
12-31 01:46:49.277 1488 1606 I am_wtf : [0,1488,system_server,-1,DisplayDeviceConfig,requesting nits when no mapping exists.]
12-31 01:46:49.292 1488 1871 E DisplayDeviceConfig: requesting nits when no mapping exists.
12-31 01:46:49.293 1488 1871 E DisplayDeviceConfig: requesting nits when no mapping exists.
12-31 01:46:49.293 1488 1606 I am_wtf : [0,1488,system_server,-1,DisplayDeviceConfig,requesting nits when no mapping exists.]
12-31 01:46:49.294 1488 1606 I am_wtf : [0,1488,system_server,-1,DisplayDeviceConfig,requesting nits when no mapping exists.]
12-31 01:46:49.309 1488 1871 E DisplayDeviceConfig: requesting nits when no mapping exists.
12-31 01:46:49.310 1488 1606 I am_wtf : [0,1488,system_server,-1,DisplayDeviceConfig,requesting nits when no mapping exists.]
12-31 01:46:49.310 1488 1871 E DisplayDeviceConfig: requesting nits when no mapping exists.
12-31 01:46:49.310 1488 1606 I am_wtf : [0,1488,system_server,-1,DisplayDeviceConfig,requesting nits when no mapping exists.]
12-31 01:46:49.326 1488 1871 E DisplayDeviceConfig: requesting nits when no mapping exists.
12-31 01:46:49.326 1488 1871 E DisplayDeviceConfig: requesting nits when no mapping exists.
12-31 01:46:49.326 1488 1606 I am_wtf : [0,1488,system_server,-1,DisplayDeviceConfig,requesting nits when no mapping exists.]
12-31 01:46:49.327 1488 1606 I am_wtf : [0,1488,system_server,-1,DisplayDeviceConfig,requesting nits when no mapping exists.]
12-31 01:46:49.342 1488 1871 E DisplayDeviceConfig: requesting nits when no mapping exists.
12-31 01:46:49.343 1488 1606 I am_wtf : [0,1488,system_server,-1,DisplayDeviceConfig,requesting nits when no mapping exists.]
12-31 01:46:49.343 1488 1871 E DisplayDeviceConfig: requesting nits when no mapping exists.
12-31 01:46:49.344 1488 1606 I am_wtf : [0,1488,system_server,-1,DisplayDeviceConfig,requesting nits when no mapping exists.]
12-31 01:46:49.359 1488 1871 E DisplayDeviceConfig: requesting nits when no mapping exists.
12-31 01:46:49.359 1488 1871 E DisplayDeviceConfig: requesting nits when no mapping exists.
12-31 01:46:49.359 1488 1606 I am_wtf : [0,1488,system_server,-1,DisplayDeviceConfig,requesting nits when no mapping exists.]
12-31 01:46:49.360 1488 1606 I am_wtf : [0,1488,system_server,-1,DisplayDeviceConfig,requesting nits when no mapping exists.]
12-31 01:46:49.375 1488 1871 E DisplayDeviceConfig: requesting nits when no mapping exists.
12-31 01:46:49.376 1488 1871 E DisplayDeviceConfig: requesting nits when no mapping exists.
12-31 01:46:49.376 1488 1606 I am_wtf : [0,1488,system_server,-1,DisplayDeviceConfig,requesting nits when no mapping exists.]
12-31 01:46:49.377 1488 1606 I am_wtf : [0,1488,system_server,-1,DisplayDeviceConfig,requesting nits when no mapping exists.]
12-31 01:46:49.392 1488 1871 E DisplayDeviceConfig: requesting nits when no mapping exists.
12-31 01:46:49.393 1488 1871 E DisplayDeviceConfig: requesting nits when no mapping exists.
12-31 01:46:49.393 1488 1606 I am_wtf : [0,1488,system_server,-1,DisplayDeviceConfig,requesting nits when no mapping exists.]
12-31 01:46:49.394 1488 1606 I am_wtf : [0,1488,system_server,-1,DisplayDeviceConfig,requesting nits when no mapping exists.]
12-31 01:46:49.409 1488 1871 E DisplayDeviceConfig: requesting nits when no mapping exists.
12-31 01:46:49.409 1488 1871 E DisplayDeviceConfig: requesting nits when no mapping exists.
12-31 01:46:49.410 1488 1606 I am_wtf : [0,1488,system_server,-1,DisplayDeviceConfig,requesting nits when no mapping exists.]
12-31 01:46:49.411 1488 1606 I am_wtf : [0,1488,system_server,-1,DisplayDeviceConfig,requesting nits when no mapping exists.]
12-31 01:46:49.426 1488 1871 E DisplayDeviceConfig: requesting nits when no mapping exists.
12-31 01:46:49.426 1488 1871 E DisplayDeviceConfig: requesting nits when no mapping exists.
12-31 01:46:49.426 1488 1606 I am_wtf : [0,1488,system_server,-1,DisplayDeviceConfig,requesting nits when no mapping exists.]
12-31 01:46:49.427 1488 1606 I am_wtf : [0,1488,system_server,-1,DisplayDeviceConfig,requesting nits when no mapping exists.]
12-31 01:46:49.443 1488 1871 E DisplayDeviceConfig: requesting nits when no mapping exists.
12-31 01:46:49.443 1488 1606 I am_wtf : [0,1488,system_server,-1,DisplayDeviceConfig,requesting nits when no mapping exists.]
12-31 01:46:49.444 1488 1871 E DisplayDeviceConfig: requesting nits when no mapping exists.
12-31 01:46:49.444 1488 1606 I am_wtf : [0,1488,system_server,-1,DisplayDeviceConfig,requesting nits when no mapping exists.]
12-31 01:46:49.647 1488 1606 I am_uid_idle: 10028
12-31 01:46:51.693 1488 1606 I am_uid_idle: 10061
12-31 01:46:55.477 1488 1622 I PowerManagerService: Napping display group (groupId=0, uid=1000)...
12-31 01:46:55.478 1488 1622 I PowerManagerService: Nap time (uid 1000)...
12-31 01:46:55.480 1488 1622 I DreamManagerService: Entering dreamland.
12-31 01:46:55.490 1488 1622 I PowerManagerService: Dreaming...
12-31 01:46:55.493 1488 1593 I DreamController: Starting dream: name=ComponentInfo{com.thundercomm.screensaver/com.thundercomm.saverclock.service.ClockScreensaver}, isTest=false, canDoze=false, userId=0
12-31 01:46:55.493 1488 1593 I sysui_multi_action: [757,222,758,1]
12-31 01:46:55.495 1488 1593 I am_uid_active: 10052
12-31 01:46:55.499 1488 1593 I service_manager_stats: [109,57,6955]
12-31 01:46:55.500 1488 1593 D CompatibilityChangeReporter: Compat change id reported: 168419799; UID 10052; state: DISABLED
12-31 01:46:55.505 1488 2115 I ActivityTaskManager: START u0 {flg=0x10000000 pkg=com.thundercomm.screensaver cmp=com.thundercomm.screensaver/android.service.dreams.DreamActivity (has extras)} from uid 10052
12-31 01:46:55.505 1488 1605 I am_pss : [4458,1000,com.thundercomm.mcuupgrade,56747008,48930816,0,175259648,0,2,13]
12-31 01:46:55.513 1488 2115 I wm_task_created: [25,-1]
12-31 01:46:55.513 1488 2115 W ActivityTaskManager: Can't find TaskDisplayArea to determine support for multi window. Task id=25 attached=false
12-31 01:46:55.516 1488 1605 I am_pss : [4341,10061,com.android.settings.intelligence,26740736,21110784,0,143015936,0,15,9]
12-31 01:46:55.517 1488 2115 I wm_task_moved: [25,1,7]
12-31 01:46:55.517 1488 2115 I wm_task_to_front: [0,25]
12-31 01:46:55.517 1488 2115 I wm_create_task: [0,25]
12-31 01:46:55.517 1488 2115 I wm_create_activity: [0,93084701,25,com.thundercomm.screensaver/android.service.dreams.DreamActivity,NULL,NULL,NULL,276824064]
12-31 01:46:55.517 1488 2115 I wm_task_moved: [25,1,7]
12-31 01:46:55.517 4458 4458 I wm_on_top_resumed_lost_called: [205731203,com.thundercomm.mcuupgrade.MainActivity,topStateChangedWhenResumed]
12-31 01:46:55.518 1488 2115 I wm_pause_activity: [0,205731203,com.thundercomm.mcuupgrade/.MainActivity,userLeaving=true,pauseBackTasks]
12-31 01:46:55.520 4458 4458 I wm_on_paused_called: [205731203,com.thundercomm.mcuupgrade.MainActivity,performPause]
12-31 01:46:55.521 1488 2115 I ActivityTaskManager: FOREGROUND_APPLICATION_CHANGED to android.service.dreams.DreamActivity
12-31 01:46:55.521 1488 2115 I ActivityTaskManager: The Process com.thundercomm.screensaver Already Exists in BG. So sending its PID: 3973
12-31 01:46:55.521 1488 2115 W ActivityTaskManager: Tried to set launchTime (0) < mLastActivityLaunchTime (1812400)
12-31 01:46:55.521 1488 2115 I wm_add_to_stopping: [0,205731203,com.thundercomm.mcuupgrade/.MainActivity,makeInvisible]
12-31 01:46:55.522 1488 2115 I wm_restart_activity: [0,93084701,25,com.thundercomm.screensaver/android.service.dreams.DreamActivity]
12-31 01:46:55.522 1488 2115 I wm_set_resumed_activity: [0,com.thundercomm.screensaver/android.service.dreams.DreamActivity,minimalResumeActivityLocked]
12-31 01:46:55.525 1488 1596 I sysui_multi_action: [757,803,799,window_time_0,802,64]
12-31 01:46:55.525 3973 3973 I wm_on_create_called: [93084701,android.service.dreams.DreamActivity,performCreate]
12-31 01:46:55.526 3973 3973 I wm_on_start_called: [93084701,android.service.dreams.DreamActivity,handleStartActivity]
12-31 01:46:55.526 3973 3973 I wm_on_resume_called: [93084701,android.service.dreams.DreamActivity,RESUME_ACTIVITY]
12-31 01:46:55.527 1488 2115 W WindowManager: Failed looking up window session=Session{70b2ea8 3973:u0a10052} callers=com.android.server.wm.WindowManagerService.windowForClientLocked:5628 com.android.server.wm.Session.insetsModified:629 android.view.IWindowSession$Stub.onTransact:1151
12-31 01:46:55.528 3973 3973 I wm_on_top_resumed_gained_called: [93084701,android.service.dreams.DreamActivity,topStateChangedWhenResumed]
12-31 01:46:55.528 1488 1605 I am_pss : [4257,1000,com.android.settings,130323456,117387264,0,267599872,0,16,11]
12-31 01:46:55.532 2412 3733 W ContextImpl: Calling a method in the system process without a qualified user: android.app.ContextImpl.startService:1816 android.content.ContextWrapper.startService:774 com.thundercomm.gamemode.ingame.services.GameModeActionUtils.startGameModeService:99 com.thundercomm.gamemode.ingame.services.GameModeActionUtils.startGameModeEntry:22 com.thundercomm.gamemode.ingame.services.ActivityMonitoringService$1.onActivityLaunch:127
12-31 01:46:55.534 1488 1605 I am_pss : [4508,10019,android.process.media,11490304,9256960,0,100016128,0,19,6]
12-31 01:46:55.535 1488 1488 I GameModeConfig: Current uri is uri = content://com.thundercomm.gamemode.api/gamemode_settings/gamemode_isgaming
12-31 01:46:55.537 1488 1488 I GameModeConfig: isGameModeOn = false
12-31 01:46:55.538 1488 1488 I GameModeConfig: isGameModeOn = false
12-31 01:46:55.538 1488 1488 I GameModeConfig: isDisableVoice = true
12-31 01:46:55.540 1488 1605 I am_pss : [4413,10028,com.android.traceur,10335232,8302592,0,95969280,0,19,6]
12-31 01:46:55.541 1488 1682 I input_focus: [Focus leaving b78bf51 com.thundercomm.mcuupgrade/com.thundercomm.mcuupgrade.MainActivity (server),reason=NO_WINDOW]
12-31 01:46:55.545 1488 1605 I am_pss : [4363,10072,com.android.emergency,9998336,8065024,0,94212096,0,19,5]
12-31 01:46:55.548 1488 1597 I input_focus: [Focus request 10f9460 com.thundercomm.screensaver/android.service.dreams.DreamActivity,reason=UpdateInputWindows]
12-31 01:46:55.551 1488 1605 I am_pss : [4287,10085,com.qualcomm.qti.qccauthmgr,6451200,4251648,0,94306304,0,19,5]
12-31 01:46:55.558 1488 1593 I sysui_multi_action: [319,52,322,48,325,1941,757,761,758,8,759,2,806,com.thundercomm.screensaver,871,android.service.dreams.DreamActivity,904,com.thundercomm.screensaver,905,0,1320,4,1321,2]
12-31 01:46:55.559 1488 1593 I wm_activity_launch_time: [0,93084701,com.thundercomm.screensaver/android.service.dreams.DreamActivity,48]
12-31 01:46:55.559 1488 1622 V DisplayPowerController[0]: Brightness [1.0] reason changing to: 'manual', previous reason: 'manual [ dim ]'.
12-31 01:46:55.560 1488 1622 I sysui_multi_action: [757,1696,758,6,759,3]
12-31 01:46:55.573 1488 1871 E DisplayDeviceConfig: requesting nits when no mapping exists.
12-31 01:46:55.573 1488 1871 E DisplayDeviceConfig: requesting nits when no mapping exists.
12-31 01:46:55.573 1488 1606 I am_wtf : [0,1488,system_server,-1,DisplayDeviceConfig,requesting nits when no mapping exists.]
12-31 01:46:55.574 1488 1606 I am_wtf : [0,1488,system_server,-1,DisplayDeviceConfig,requesting nits when no mapping exists.]
12-31 01:46:55.590 1488 1871 E DisplayDeviceConfig: requesting nits when no mapping exists.
12-31 01:46:55.590 1488 1871 E DisplayDeviceConfig: requesting nits when no mapping exists.
12-31 01:46:55.590 1488 1606 I am_wtf : [0,1488,system_server,-1,DisplayDeviceConfig,requesting nits when no mapping exists.]
12-31 01:46:55.591 1488 1606 I am_wtf : [0,1488,system_server,-1,DisplayDeviceConfig,requesting nits when no mapping exists.]
12-31 01:46:55.591 1488 1682 I input_focus: [Focus entering 10f9460 com.thundercomm.screensaver/android.service.dreams.DreamActivity (server),reason=Window became focusable. Previous reason: NOT_VISIBLE]
12-31 01:46:55.607 1488 1871 E DisplayDeviceConfig: requesting nits when no mapping exists.
12-31 01:46:55.607 1488 1871 E DisplayDeviceConfig: requesting nits when no mapping exists.
12-31 01:46:55.607 1488 1606 I am_wtf : [0,1488,system_server,-1,DisplayDeviceConfig,requesting nits when no mapping exists.]
12-31 01:46:55.607 1488 1606 I am_wtf : [0,1488,system_server,-1,DisplayDeviceConfig,requesting nits when no mapping exists.]
12-31 01:46:55.624 1488 1871 E DisplayDeviceConfig: requesting nits when no mapping exists.
12-31 01:46:55.624 1488 1871 E DisplayDeviceConfig: requesting nits when no mapping exists.
12-31 01:46:55.624 1488 1606 I am_wtf : [0,1488,system_server,-1,DisplayDeviceConfig,requesting nits when no mapping exists.]
12-31 01:46:55.624 1488 1606 I am_wtf : [0,1488,system_server,-1,DisplayDeviceConfig,requesting nits when no mapping exists.]
12-31 01:46:55.627 2412 3733 W ContextImpl: Calling a method in the system process without a qualified user: android.app.ContextImpl.startService:1816 android.content.ContextWrapper.startService:774 com.thundercomm.gamemode.ingame.services.GameModeActionUtils.startGameModeService:99 com.thundercomm.gamemode.ingame.services.GameModeActionUtils.startGameModeEntry:22 com.thundercomm.gamemode.ingame.services.ActivityMonitoringService$1.onActivityLaunch:127
12-31 01:46:55.628 1488 1488 I GameModeConfig: Current uri is uri = content://com.thundercomm.gamemode.api/gamemode_settings/gamemode_isgaming
12-31 01:46:55.629 1488 1488 I GameModeConfig: isGameModeOn = false
12-31 01:46:55.629 1488 1488 I GameModeConfig: isGameModeOn = false
12-31 01:46:55.629 1488 1488 I GameModeConfig: isDisableVoice = true
12-31 01:46:55.640 1488 1871 E DisplayDeviceConfig: requesting nits when no mapping exists.
12-31 01:46:55.640 1488 1871 E DisplayDeviceConfig: requesting nits when no mapping exists.
12-31 01:46:55.640 1488 1606 I am_wtf : [0,1488,system_server,-1,DisplayDeviceConfig,requesting nits when no mapping exists.]
12-31 01:46:55.641 1488 1606 I am_wtf : [0,1488,system_server,-1,DisplayDeviceConfig,requesting nits when no mapping exists.]
12-31 01:46:55.657 1488 1871 E DisplayDeviceConfig: requesting nits when no mapping exists.
12-31 01:46:55.658 1488 1871 E DisplayDeviceConfig: requesting nits when no mapping exists.
12-31 01:46:55.658 1488 1606 I am_wtf : [0,1488,system_server,-1,DisplayDeviceConfig,requesting nits when no mapping exists.]
12-31 01:46:55.658 1488 1606 I am_wtf : [0,1488,system_server,-1,DisplayDeviceConfig,requesting nits when no mapping exists.]
12-31 01:46:55.673 1488 1871 E DisplayDeviceConfig: requesting nits when no mapping exists.
12-31 01:46:55.674 1488 1871 E DisplayDeviceConfig: requesting nits when no mapping exists.
12-31 01:46:55.674 1488 1606 I am_wtf : [0,1488,system_server,-1,DisplayDeviceConfig,requesting nits when no mapping exists.]
12-31 01:46:55.674 1488 1606 I am_wtf : [0,1488,system_server,-1,DisplayDeviceConfig,requesting nits when no mapping exists.]
12-31 01:46:55.691 1488 1871 E DisplayDeviceConfig: requesting nits when no mapping exists.
12-31 01:46:55.691 1488 1871 E DisplayDeviceConfig: requesting nits when no mapping exists.
12-31 01:46:55.691 1488 1606 I am_wtf : [0,1488,system_server,-1,DisplayDeviceConfig,requesting nits when no mapping exists.]
12-31 01:46:55.691 1488 1606 I am_wtf : [0,1488,system_server,-1,DisplayDeviceConfig,requesting nits when no mapping exists.]
12-31 01:46:55.707 1488 1871 E DisplayDeviceConfig: requesting nits when no mapping exists.
12-31 01:46:55.707 1488 1871 E DisplayDeviceConfig: requesting nits when no mapping exists.
12-31 01:46:55.707 1488 1606 I am_wtf : [0,1488,system_server,-1,DisplayDeviceConfig,requesting nits when no mapping exists.]
12-31 01:46:55.707 1488 1606 I am_wtf : [0,1488,system_server,-1,DisplayDeviceConfig,requesting nits when no mapping exists.]
12-31 01:46:55.724 1488 1871 E DisplayDeviceConfig: requesting nits when no mapping exists.
12-31 01:46:55.725 1488 1871 E DisplayDeviceConfig: requesting nits when no mapping exists.
12-31 01:46:55.725 1488 1606 I am_wtf : [0,1488,system_server,-1,DisplayDeviceConfig,requesting nits when no mapping exists.]
12-31 01:46:55.725 1488 1606 I am_wtf : [0,1488,system_server,-1,DisplayDeviceConfig,requesting nits when no mapping exists.]
12-31 01:46:55.741 1488 1871 E DisplayDeviceConfig: requesting nits when no mapping exists.
12-31 01:46:55.741 1488 1871 E DisplayDeviceConfig: requesting nits when no mapping exists.
12-31 01:46:55.741 1488 1606 I am_wtf : [0,1488,system_server,-1,DisplayDeviceConfig,requesting nits when no mapping exists.]
12-31 01:46:55.741 1488 1606 I am_wtf : [0,1488,system_server,-1,DisplayDeviceConfig,requesting nits when no mapping exists.]
12-31 01:46:55.758 1488 1871 E DisplayDeviceConfig: requesting nits when no mapping exists.
12-31 01:46:55.758 1488 1871 E DisplayDeviceConfig: requesting nits when no mapping exists.
12-31 01:46:55.758 1488 1606 I am_wtf : [0,1488,system_server,-1,DisplayDeviceConfig,requesting nits when no mapping exists.]
12-31 01:46:55.758 1488 1606 I am_wtf : [0,1488,system_server,-1,DisplayDeviceConfig,requesting nits when no mapping exists.]
12-31 01:46:55.774 1488 1871 E DisplayDeviceConfig: requesting nits when no mapping exists.
12-31 01:46:55.774 1488 1871 E DisplayDeviceConfig: requesting nits when no mapping exists.
12-31 01:46:55.774 1488 1606 I am_wtf : [0,1488,system_server,-1,DisplayDeviceConfig,requesting nits when no mapping exists.]
12-31 01:46:55.774 1488 1606 I am_wtf : [0,1488,system_server,-1,DisplayDeviceConfig,requesting nits when no mapping exists.]
12-31 01:46:55.791 1488 1871 E DisplayDeviceConfig: requesting nits when no mapping exists.
12-31 01:46:55.791 1488 1871 E DisplayDeviceConfig: requesting nits when no mapping exists.
12-31 01:46:55.791 1488 1606 I am_wtf : [0,1488,system_server,-1,DisplayDeviceConfig,requesting nits when no mapping exists.]
12-31 01:46:55.791 1488 1606 I am_wtf : [0,1488,system_server,-1,DisplayDeviceConfig,requesting nits when no mapping exists.]
12-31 01:46:55.807 1488 1871 E DisplayDeviceConfig: requesting nits when no mapping exists.
12-31 01:46:55.807 1488 1871 E DisplayDeviceConfig: requesting nits when no mapping exists.
12-31 01:46:55.807 1488 1606 I am_wtf : [0,1488,system_server,-1,DisplayDeviceConfig,requesting nits when no mapping exists.]
12-31 01:46:55.808 1488 1606 I am_wtf : [0,1488,system_server,-1,DisplayDeviceConfig,requesting nits when no mapping exists.]
12-31 01:46:55.825 1488 1871 E DisplayDeviceConfig: requesting nits when no mapping exists.
12-31 01:46:55.825 1488 1871 E DisplayDeviceConfig: requesting nits when no mapping exists.
12-31 01:46:55.825 1488 1606 I am_wtf : [0,1488,system_server,-1,DisplayDeviceConfig,requesting nits when no mapping exists.]
12-31 01:46:55.825 1488 1606 I am_wtf : [0,1488,system_server,-1,DisplayDeviceConfig,requesting nits when no mapping exists.]
12-31 01:46:55.841 1488 1871 E DisplayDeviceConfig: requesting nits when no mapping exists.
12-31 01:46:55.841 1488 1871 E DisplayDeviceConfig: requesting nits when no mapping exists.
12-31 01:46:55.841 1488 1606 I am_wtf : [0,1488,system_server,-1,DisplayDeviceConfig,requesting nits when no mapping exists.]
12-31 01:46:55.841 1488 1606 I am_wtf : [0,1488,system_server,-1,DisplayDeviceConfig,requesting nits when no mapping exists.]
12-31 01:46:55.858 1488 1871 E DisplayDeviceConfig: requesting nits when no mapping exists.
12-31 01:46:55.858 1488 1871 E DisplayDeviceConfig: requesting nits when no mapping exists.
12-31 01:46:55.858 1488 1606 I am_wtf : [0,1488,system_server,-1,DisplayDeviceConfig,requesting nits when no mapping exists.]
12-31 01:46:55.858 1488 1606 I am_wtf : [0,1488,system_server,-1,DisplayDeviceConfig,requesting nits when no mapping exists.]
12-31 01:46:55.874 1488 1871 E DisplayDeviceConfig: requesting nits when no mapping exists.
12-31 01:46:55.874 1488 1871 E DisplayDeviceConfig: requesting nits when no mapping exists.
12-31 01:46:55.874 1488 1606 I am_wtf : [0,1488,system_server,-1,DisplayDeviceConfig,requesting nits when no mapping exists.]
12-31 01:46:55.875 1488 1606 I am_wtf : [0,1488,system_server,-1,DisplayDeviceConfig,requesting nits when no mapping exists.]
12-31 01:46:55.891 1488 1871 E DisplayDeviceConfig: requesting nits when no mapping exists.
12-31 01:46:55.891 1488 1871 E DisplayDeviceConfig: requesting nits when no mapping exists.
12-31 01:46:55.891 1488 1606 I am_wtf : [0,1488,system_server,-1,DisplayDeviceConfig,requesting nits when no mapping exists.]
12-31 01:46:55.892 1488 1606 I am_wtf : [0,1488,system_server,-1,DisplayDeviceConfig,requesting nits when no mapping exists.]
12-31 01:46:55.908 1488 1871 E DisplayDeviceConfig: requesting nits when no mapping exists.
12-31 01:46:55.908 1488 1871 E DisplayDeviceConfig: requesting nits when no mapping exists.
12-31 01:46:55.908 1488 1606 I am_wtf : [0,1488,system_server,-1,DisplayDeviceConfig,requesting nits when no mapping exists.]
12-31 01:46:55.908 1488 1606 I am_wtf : [0,1488,system_server,-1,DisplayDeviceConfig,requesting nits when no mapping exists.]
12-31 01:46:55.925 1488 1871 E DisplayDeviceConfig: requesting nits when no mapping exists.
12-31 01:46:55.925 1488 1871 E DisplayDeviceConfig: requesting nits when no mapping exists.
12-31 01:46:55.925 1488 1606 I am_wtf : [0,1488,system_server,-1,DisplayDeviceConfig,requesting nits when no mapping exists.]
12-31 01:46:55.925 1488 1606 I am_wtf : [0,1488,system_server,-1,DisplayDeviceConfig,requesting nits when no mapping exists.]
12-31 01:46:55.941 1488 1871 E DisplayDeviceConfig: requesting nits when no mapping exists.
12-31 01:46:55.941 1488 1871 E DisplayDeviceConfig: requesting nits when no mapping exists.
12-31 01:46:55.941 1488 1606 I am_wtf : [0,1488,system_server,-1,DisplayDeviceConfig,requesting nits when no mapping exists.]
12-31 01:46:55.942 1488 1606 I am_wtf : [0,1488,system_server,-1,DisplayDeviceConfig,requesting nits when no mapping exists.]
12-31 01:46:55.958 1488 1871 E DisplayDeviceConfig: requesting nits when no mapping exists.
12-31 01:46:55.958 1488 1871 E DisplayDeviceConfig: requesting nits when no mapping exists.
12-31 01:46:55.958 1488 1606 I am_wtf : [0,1488,system_server,-1,DisplayDeviceConfig,requesting nits when no mapping exists.]
12-31 01:46:55.958 1488 1606 I am_wtf : [0,1488,system_server,-1,DisplayDeviceConfig,requesting nits when no mapping exists.]
12-31 01:46:55.975 1488 1871 E DisplayDeviceConfig: requesting nits when no mapping exists.
12-31 01:46:55.975 1488 1871 E DisplayDeviceConfig: requesting nits when no mapping exists.
12-31 01:46:55.975 1488 1606 I am_wtf : [0,1488,system_server,-1,DisplayDeviceConfig,requesting nits when no mapping exists.]
12-31 01:46:55.975 1488 1606 I am_wtf : [0,1488,system_server,-1,DisplayDeviceConfig,requesting nits when no mapping exists.]
12-31 01:46:55.991 1488 1871 E DisplayDeviceConfig: requesting nits when no mapping exists.
12-31 01:46:55.992 1488 1871 E DisplayDeviceConfig: requesting nits when no mapping exists.
12-31 01:46:55.992 1488 1606 I am_wtf : [0,1488,system_server,-1,DisplayDeviceConfig,requesting nits when no mapping exists.]
12-31 01:46:55.992 1488 1606 I am_wtf : [0,1488,system_server,-1,DisplayDeviceConfig,requesting nits when no mapping exists.]
12-31 01:46:56.008 1488 1871 E DisplayDeviceConfig: requesting nits when no mapping exists.
12-31 01:46:56.008 1488 1606 I am_wtf : [0,1488,system_server,-1,DisplayDeviceConfig,requesting nits when no mapping exists.]
12-31 01:46:56.008 1488 1871 E DisplayDeviceConfig: requesting nits when no mapping exists.
12-31 01:46:56.008 1488 1606 I am_wtf : [0,1488,system_server,-1,DisplayDeviceConfig,requesting nits when no mapping exists.]
12-31 01:46:56.025 1488 1871 E DisplayDeviceConfig: requesting nits when no mapping exists.
12-31 01:46:56.025 1488 1871 E DisplayDeviceConfig: requesting nits when no mapping exists.
12-31 01:46:56.025 1488 1606 I am_wtf : [0,1488,system_server,-1,DisplayDeviceConfig,requesting nits when no mapping exists.]
12-31 01:46:56.025 1488 1606 I am_wtf : [0,1488,system_server,-1,DisplayDeviceConfig,requesting nits when no mapping exists.]
12-31 01:46:56.042 1488 1871 E DisplayDeviceConfig: requesting nits when no mapping exists.
12-31 01:46:56.042 1488 1606 I am_wtf : [0,1488,system_server,-1,DisplayDeviceConfig,requesting nits when no mapping exists.]
12-31 01:46:56.042 1488 1871 E DisplayDeviceConfig: requesting nits when no mapping exists.
12-31 01:46:56.042 1488 1606 I am_wtf : [0,1488,system_server,-1,DisplayDeviceConfig,requesting nits when no mapping exists.]
12-31 01:46:56.058 1488 1871 E DisplayDeviceConfig: requesting nits when no mapping exists.
12-31 01:46:56.059 1488 1606 I am_wtf : [0,1488,system_server,-1,DisplayDeviceConfig,requesting nits when no mapping exists.]
12-31 01:46:56.059 1488 1871 E DisplayDeviceConfig: requesting nits when no mapping exists.
12-31 01:46:56.059 1488 1606 I am_wtf : [0,1488,system_server,-1,DisplayDeviceConfig,requesting nits when no mapping exists.]
12-31 01:46:56.059 1488 1596 I wm_stop_activity: [0,205731203,com.thundercomm.mcuupgrade/.MainActivity]
12-31 01:46:56.074 1488 1871 E DisplayDeviceConfig: requesting nits when no mapping exists.
12-31 01:46:56.074 1488 1871 E DisplayDeviceConfig: requesting nits when no mapping exists.
12-31 01:46:56.075 1488 1606 I am_wtf : [0,1488,system_server,-1,DisplayDeviceConfig,requesting nits when no mapping exists.]
12-31 01:46:56.075 1488 1606 I am_wtf : [0,1488,system_server,-1,DisplayDeviceConfig,requesting nits when no mapping exists.]
12-31 01:46:56.079 4458 4458 I wm_on_stop_called: [205731203,com.thundercomm.mcuupgrade.MainActivity,STOP_ACTIVITY_ITEM]
12-31 01:46:56.091 1488 1871 E DisplayDeviceConfig: requesting nits when no mapping exists.
12-31 01:46:56.091 1488 1606 I am_wtf : [0,1488,system_server,-1,DisplayDeviceConfig,requesting nits when no mapping exists.]
12-31 01:46:56.092 1488 1871 E DisplayDeviceConfig: requesting nits when no mapping exists.
12-31 01:46:56.092 1488 1606 I am_wtf : [0,1488,system_server,-1,DisplayDeviceConfig,requesting nits when no mapping exists.]
12-31 01:46:56.100 2412 3733 W ContextImpl: Calling a method in the system process without a qualified user: android.app.ContextImpl.startService:1816 android.content.ContextWrapper.startService:774 com.thundercomm.gamemode.ingame.services.GameModeActionUtils.startGameModeService:99 com.thundercomm.gamemode.ingame.services.GameModeActionUtils.startGameModeEntry:22 com.thundercomm.gamemode.ingame.services.ActivityMonitoringService$1.onActivityLaunch:127
12-31 01:46:56.102 1488 1488 I GameModeConfig: Current uri is uri = content://com.thundercomm.gamemode.api/gamemode_settings/gamemode_isgaming
12-31 01:46:56.103 1488 1488 I GameModeConfig: isGameModeOn = false
12-31 01:46:56.103 1488 1488 I GameModeConfig: isGameModeOn = false
12-31 01:46:56.103 1488 1488 I GameModeConfig: isDisableVoice = true
12-31 01:46:56.109 1488 1871 E DisplayDeviceConfig: requesting nits when no mapping exists.
12-31 01:46:56.109 1488 1871 E DisplayDeviceConfig: requesting nits when no mapping exists.
12-31 01:46:56.110 1488 1606 I am_wtf : [0,1488,system_server,-1,DisplayDeviceConfig,requesting nits when no mapping exists.]
12-31 01:46:56.110 1488 1606 I am_wtf : [0,1488,system_server,-1,DisplayDeviceConfig,requesting nits when no mapping exists.]
12-31 01:46:56.125 1488 1871 E DisplayDeviceConfig: requesting nits when no mapping exists.
12-31 01:46:56.125 1488 1871 E DisplayDeviceConfig: requesting nits when no mapping exists.
12-31 01:46:56.125 1488 1606 I am_wtf : [0,1488,system_server,-1,DisplayDeviceConfig,requesting nits when no mapping exists.]
12-31 01:46:56.125 1488 1606 I am_wtf : [0,1488,system_server,-1,DisplayDeviceConfig,requesting nits when no mapping exists.]
12-31 01:46:56.142 1488 1871 E DisplayDeviceConfig: requesting nits when no mapping exists.
12-31 01:46:56.142 1488 1871 E DisplayDeviceConfig: requesting nits when no mapping exists.
12-31 01:46:56.142 1488 1606 I am_wtf : [0,1488,system_server,-1,DisplayDeviceConfig,requesting nits when no mapping exists.]
12-31 01:46:56.142 1488 1606 I am_wtf : [0,1488,system_server,-1,DisplayDeviceConfig,requesting nits when no mapping exists.]
12-31 01:46:56.158 1488 1871 E DisplayDeviceConfig: requesting nits when no mapping exists.
12-31 01:46:56.158 1488 1871 E DisplayDeviceConfig: requesting nits when no mapping exists.
12-31 01:46:56.158 1488 1606 I am_wtf : [0,1488,system_server,-1,DisplayDeviceConfig,requesting nits when no mapping exists.]
12-31 01:46:56.159 1488 1606 I am_wtf : [0,1488,system_server,-1,DisplayDeviceConfig,requesting nits when no mapping exists.]
12-31 01:46:56.175 1488 1871 E DisplayDeviceConfig: requesting nits when no mapping exists.
12-31 01:46:56.175 1488 1871 E DisplayDeviceConfig: requesting nits when no mapping exists.
12-31 01:46:56.175 1488 1606 I am_wtf : [0,1488,system_server,-1,DisplayDeviceConfig,requesting nits when no mapping exists.]
12-31 01:46:56.176 1488 1606 I am_wtf : [0,1488,system_server,-1,DisplayDeviceConfig,requesting nits when no mapping exists.]
12-31 01:46:56.192 1488 1871 E DisplayDeviceConfig: requesting nits when no mapping exists.
12-31 01:46:56.192 1488 1871 E DisplayDeviceConfig: requesting nits when no mapping exists.
12-31 01:46:56.192 1488 1606 I am_wtf : [0,1488,system_server,-1,DisplayDeviceConfig,requesting nits when no mapping exists.]
12-31 01:46:56.192 1488 1606 I am_wtf : [0,1488,system_server,-1,DisplayDeviceConfig,requesting nits when no mapping exists.]
12-31 01:46:56.209 1488 1871 E DisplayDeviceConfig: requesting nits when no mapping exists.
12-31 01:46:56.209 1488 1606 I am_wtf : [0,1488,system_server,-1,DisplayDeviceConfig,requesting nits when no mapping exists.]
12-31 01:46:56.209 1488 1871 E DisplayDeviceConfig: requesting nits when no mapping exists.
12-31 01:46:56.209 1488 1606 I am_wtf : [0,1488,system_server,-1,DisplayDeviceConfig,requesting nits when no mapping exists.]
12-31 01:46:56.225 1488 1871 E DisplayDeviceConfig: requesting nits when no mapping exists.
12-31 01:46:56.225 1488 1871 E DisplayDeviceConfig: requesting nits when no mapping exists.
12-31 01:46:56.225 1488 1606 I am_wtf : [0,1488,system_server,-1,DisplayDeviceConfig,requesting nits when no mapping exists.]
12-31 01:46:56.225 1488 1606 I am_wtf : [0,1488,system_server,-1,DisplayDeviceConfig,requesting nits when no mapping exists.]
12-31 01:46:56.242 1488 1871 E DisplayDeviceConfig: requesting nits when no mapping exists.
12-31 01:46:56.242 1488 1871 E DisplayDeviceConfig: requesting nits when no mapping exists.
12-31 01:46:56.242 1488 1606 I am_wtf : [0,1488,system_server,-1,DisplayDeviceConfig,requesting nits when no mapping exists.]
12-31 01:46:56.242 1488 1606 I am_wtf : [0,1488,system_server,-1,DisplayDeviceConfig,requesting nits when no mapping exists.]
12-31 01:46:56.259 1488 1871 E DisplayDeviceConfig: requesting nits when no mapping exists.
12-31 01:46:56.259 1488 1871 E DisplayDeviceConfig: requesting nits when no mapping exists.
12-31 01:46:56.259 1488 1606 I am_wtf : [0,1488,system_server,-1,DisplayDeviceConfig,requesting nits when no mapping exists.]
12-31 01:46:56.259 1488 1606 I am_wtf : [0,1488,system_server,-1,DisplayDeviceConfig,requesting nits when no mapping exists.]
12-31 01:46:56.275 1488 1871 E DisplayDeviceConfig: requesting nits when no mapping exists.
12-31 01:46:56.275 1488 1606 I am_wtf : [0,1488,system_server,-1,DisplayDeviceConfig,requesting nits when no mapping exists.]
12-31 01:46:56.275 1488 1871 E DisplayDeviceConfig: requesting nits when no mapping exists.
12-31 01:46:56.276 1488 1606 I am_wtf : [0,1488,system_server,-1,DisplayDeviceConfig,requesting nits when no mapping exists.]
12-31 01:46:56.292 1488 1871 E DisplayDeviceConfig: requesting nits when no mapping exists.
12-31 01:46:56.292 1488 1606 I am_wtf : [0,1488,system_server,-1,DisplayDeviceConfig,requesting nits when no mapping exists.]
12-31 01:46:56.292 1488 1871 E DisplayDeviceConfig: requesting nits when no mapping exists.
12-31 01:46:56.292 1488 1606 I am_wtf : [0,1488,system_server,-1,DisplayDeviceConfig,requesting nits when no mapping exists.]
12-31 01:46:56.309 1488 1871 E DisplayDeviceConfig: requesting nits when no mapping exists.
12-31 01:46:56.309 1488 1871 E DisplayDeviceConfig: requesting nits when no mapping exists.
12-31 01:46:56.309 1488 1606 I am_wtf : [0,1488,system_server,-1,DisplayDeviceConfig,requesting nits when no mapping exists.]
12-31 01:46:56.310 1488 1606 I am_wtf : [0,1488,system_server,-1,DisplayDeviceConfig,requesting nits when no mapping exists.]
12-31 01:46:56.326 1488 1871 E DisplayDeviceConfig: requesting nits when no mapping exists.
12-31 01:46:56.326 1488 1871 E DisplayDeviceConfig: requesting nits when no mapping exists.
12-31 01:46:56.326 1488 1606 I am_wtf : [0,1488,system_server,-1,DisplayDeviceConfig,requesting nits when no mapping exists.]
12-31 01:46:56.326 1488 1606 I am_wtf : [0,1488,system_server,-1,DisplayDeviceConfig,requesting nits when no mapping exists.]
12-31 01:46:56.342 1488 1871 E DisplayDeviceConfig: requesting nits when no mapping exists.
12-31 01:46:56.342 1488 1871 E DisplayDeviceConfig: requesting nits when no mapping exists.
12-31 01:46:56.342 1488 1606 I am_wtf : [0,1488,system_server,-1,DisplayDeviceConfig,requesting nits when no mapping exists.]
12-31 01:46:56.342 1488 1606 I am_wtf : [0,1488,system_server,-1,DisplayDeviceConfig,requesting nits when no mapping exists.]
12-31 01:46:56.359 1488 1871 E DisplayDeviceConfig: requesting nits when no mapping exists.
12-31 01:46:56.359 1488 1871 E DisplayDeviceConfig: requesting nits when no mapping exists.
12-31 01:46:56.359 1488 1606 I am_wtf : [0,1488,system_server,-1,DisplayDeviceConfig,requesting nits when no mapping exists.]
12-31 01:46:56.359 1488 1606 I am_wtf : [0,1488,system_server,-1,DisplayDeviceConfig,requesting nits when no mapping exists.]
12-31 01:46:56.375 1488 1871 E DisplayDeviceConfig: requesting nits when no mapping exists.
12-31 01:46:56.376 1488 1871 E DisplayDeviceConfig: requesting nits when no mapping exists.
12-31 01:46:56.376 1488 1606 I am_wtf : [0,1488,system_server,-1,DisplayDeviceConfig,requesting nits when no mapping exists.]
12-31 01:46:56.376 1488 1606 I am_wtf : [0,1488,system_server,-1,DisplayDeviceConfig,requesting nits when no mapping exists.]
12-31 01:46:56.392 1488 1871 E DisplayDeviceConfig: requesting nits when no mapping exists.
12-31 01:46:56.392 1488 1871 E DisplayDeviceConfig: requesting nits when no mapping exists.
