12-31 01:14:44.311 1488 1606 I SystemServerTimingAsync: ssm.onUnlockedUser-0_com.android.server.recoverysystem.RecoverySystemService$Lifecycle
12-31 01:14:44.311 1488 1606 I SystemServerTimingAsync: ssm.onUnlockedUser-0_com.android.server.lights.LightsService
12-31 01:14:44.311 1488 1606 I SystemServerTimingAsync: ssm.onUnlockedUser-0_com.android.server.display.DisplayManagerService
12-31 01:14:44.311 1488 1606 I SystemServerTimingAsync: ssm.onUnlockedUser-0_com.android.server.pm.verify.domain.DomainVerificationService
12-31 01:14:44.311 1488 1606 I SystemServerTimingAsync: ssm.onUnlockedUser-0_com.android.server.pm.PackageInstallerService$Lifecycle
12-31 01:14:44.311 1488 1606 I SystemServerTimingAsync: ssm.onUnlockedUser-0_com.android.server.pm.UserManagerService$LifeCycle
12-31 01:14:44.311 1488 1606 I SystemServerTimingAsync: ssm.onUnlockedUser-0_com.android.server.om.OverlayManagerService
12-31 01:14:44.311 1488 1606 I SystemServerTimingAsync: ssm.onUnlockedUser-0_com.android.server.SensorPrivacyService
12-31 01:14:44.311 1488 1606 I SystemServerTimingAsync: ssm.onUnlockedUser-0_com.android.server.thunderperf.ThunderBoostPerfService
12-31 01:14:44.311 1488 1606 I SystemServerTimingAsync: ssm.onUnlockedUser-0_com.android.server.sensors.SensorService
12-31 01:14:44.311 1488 1606 I SystemServerTimingAsync: ssm.onUnlockedUser-0_com.android.server.SystemConfigService
12-31 01:14:44.311 1488 1606 I SystemServerTimingAsync: ssm.onUnlockedUser-0_com.android.server.BatteryService
12-31 01:14:44.311 1488 1606 I SystemServerTimingAsync: ssm.onUnlockedUser-0_com.android.server.usage.UsageStatsService
12-31 01:14:44.311 1488 1606 I SystemServerTimingAsync: ssm.onUnlockedUser-0_com.android.server.webkit.WebViewUpdateService
12-31 01:14:44.311 1488 1606 I SystemServerTimingAsync: ssm.onUnlockedUser-0_com.android.server.CachedDeviceStateService
12-31 01:14:44.311 1488 1606 I SystemServerTimingAsync: ssm.onUnlockedUser-0_com.android.server.BinderCallsStatsService$LifeCycle
12-31 01:14:44.311 1488 1606 I SystemServerTimingAsync: ssm.onUnlockedUser-0_com.android.server.LooperStatsService$Lifecycle
12-31 01:14:44.311 1488 1606 I SystemServerTimingAsync: ssm.onUnlockedUser-0_com.android.server.rollback.RollbackManagerService
12-31 01:14:44.311 1488 1606 I SystemServerTimingAsync: ssm.onUnlockedUser-0_com.android.server.os.NativeTombstoneManagerService
12-31 01:14:44.311 1488 1606 I SystemServerTimingAsync: ssm.onUnlockedUser-0_com.android.server.os.BugreportManagerService
12-31 01:14:44.311 1488 1606 I SystemServerTimingAsync: ssm.onUnlockedUser-0_com.android.server.gpu.GpuService
12-31 01:14:44.311 1488 1606 I SystemServerTimingAsync: ssm.onUnlockedUser-0_com.android.server.security.KeyChainSystemService
12-31 01:14:44.311 1488 1606 I SystemServerTimingAsync: ssm.onUnlockedUser-0_com.android.server.telecom.TelecomLoaderService
12-31 01:14:44.311 1488 1606 I SystemServerTimingAsync: ssm.onUnlockedUser-0_com.android.server.accounts.AccountManagerService$Lifecycle
12-31 01:14:44.311 1488 1606 I SystemServerTimingAsync: ssm.onUnlockedUser-0_com.android.server.content.ContentService$Lifecycle
12-31 01:14:44.311 1488 1606 I SystemServerTimingAsync: ssm.onUnlockedUser-0_com.android.server.DropBoxManagerService
12-31 01:14:44.311 1488 1606 I SystemServerTimingAsync: ssm.onUnlockedUser-0_com.android.role.RoleService
12-31 01:14:44.311 1488 1606 I SystemServerTimingAsync: ssm.onUnlockedUser-0_com.android.server.vibrator.VibratorManagerService$Lifecycle
12-31 01:14:44.311 1488 1606 I SystemServerTimingAsync: ssm.onUnlockedUser-0_com.android.server.alarm.AlarmManagerService
12-31 01:14:44.311 1488 1606 I SystemServerTimingAsync: ssm.onUnlockedUser-0_com.android.server.devicestate.DeviceStateManagerService
12-31 01:14:44.311 1488 1606 I SystemServerTimingAsync: ssm.onUnlockedUser-0_com.android.server.camera.CameraServiceProxy
12-31 01:14:44.311 1488 1606 I SystemServerTimingAsync: ssm.onUnlockedUser-0_com.android.server.BluetoothService
12-31 01:14:44.311 1488 1606 I SystemServerTimingAsync: ssm.onUnlockedUser-0_com.android.server.connectivity.IpConnectivityMetrics
12-31 01:14:44.311 1488 1606 I SystemServerTimingAsync: ssm.onUnlockedUser-0_com.android.server.net.watchlist.NetworkWatchlistService$Lifecycle
12-31 01:14:44.311 1488 1606 I SystemServerTimingAsync: ssm.onUnlockedUser-0_com.android.server.PinnerService
12-31 01:14:44.311 1488 1606 I SystemServerTimingAsync: ssm.onUnlockedUser-0_com.google.android.startop.iorap.IorapForwardingService
12-31 01:14:44.311 1488 1606 I SystemServerTimingAsync: ssm.onUnlockedUser-0_com.android.server.ActivityTriggerService
12-31 01:14:44.311 1488 1606 I SystemServerTimingAsync: ssm.onUnlockedUser-0_com.android.server.integrity.AppIntegrityManagerService
12-31 01:14:44.311 1488 1606 I SystemServerTimingAsync: ssm.onUnlockedUser-0_com.android.server.inputmethod.InputMethodManagerService$Lifecycle
12-31 01:14:44.311 1488 1606 I SystemServerTimingAsync: ssm.onUnlockedUser-0_com.android.server.accessibility.AccessibilityManagerService$Lifecycle
12-31 01:14:44.311 1488 1606 I SystemServerTimingAsync: ssm.onUnlockedUser-0_com.android.server.StorageManagerService$Lifecycle
12-31 01:14:44.311 1488 2109 I am_uid_active: 10080
12-31 01:14:44.311 1488 1606 I SystemServerTimingAsync: ssm.onUnlockedUser-0_com.android.server.usage.StorageStatsService$Lifecycle
12-31 01:14:44.311 1488 1606 I SystemServerTimingAsync: ssm.onUnlockedUser-0_com.android.server.UiModeManagerService
12-31 01:14:44.311 1488 1606 I SystemServerTimingAsync: ssm.onUnlockedUser-0_com.android.server.locksettings.LockSettingsService$Lifecycle
12-31 01:14:44.312 1488 1606 I SystemServerTimingAsync: ssm.onUnlockedUser-0_com.android.server.PersistentDataBlockService
12-31 01:14:44.312 1488 1606 I SystemServerTimingAsync: ssm.onUnlockedUser-0_com.android.server.testharness.TestHarnessModeService
12-31 01:14:44.312 1488 1606 I SystemServerTimingAsync: ssm.onUnlockedUser-0_com.android.server.oemlock.OemLockService
12-31 01:14:44.312 1488 1606 I SystemServerTimingAsync: ssm.onUnlockedUser-0_com.android.server.DeviceIdleController
12-31 01:14:44.312 1488 1606 I SystemServerTimingAsync: ssm.onUnlockedUser-0_com.android.server.devicepolicy.DevicePolicyManagerService$Lifecycle
12-31 01:14:44.312 1488 1606 I SystemServerTimingAsync: ssm.onUnlockedUser-0_com.android.server.texttospeech.TextToSpeechManagerService
12-31 01:14:44.312 1488 1606 I SystemServerTimingAsync: ssm.onUnlockedUser-0_com.android.server.speech.SpeechRecognitionManagerService
12-31 01:14:44.312 1488 1606 I SystemServerTimingAsync: ssm.onUnlockedUser-0_com.android.server.searchui.SearchUiManagerService
12-31 01:14:44.312 1488 1606 I SystemServerTimingAsync: ssm.onUnlockedUser-0_com.android.server.smartspace.SmartspaceManagerService
12-31 01:14:44.312 1488 1606 I SystemServerTimingAsync: ssm.onUnlockedUser-0_com.android.server.graphics.fonts.FontManagerService$Lifecycle
12-31 01:14:44.312 1488 1606 I SystemServerTimingAsync: ssm.onUnlockedUser-0_com.android.server.textservices.TextServicesManagerService$Lifecycle
12-31 01:14:44.312 1488 1606 I SystemServerTimingAsync: ssm.onUnlockedUser-0_com.android.server.textclassifier.TextClassificationManagerService$Lifecycle
12-31 01:14:44.312 1488 1606 I SystemServerTimingAsync: ssm.onUnlockedUser-0_com.android.server.NetworkScoreService$Lifecycle
12-31 01:14:44.312 1488 1606 I SystemServerTimingAsync: ssm.onUnlockedUser-0_com.android.server.wifi.WifiService
12-31 01:14:44.312 1488 1606 I SystemServerTimingAsync: ssm.onUnlockedUser-0_com.android.server.wifi.scanner.WifiScanningService
12-31 01:14:44.312 1488 1606 I SystemServerTimingAsync: ssm.onUnlockedUser-0_com.android.server.wifi.rtt.RttService
12-31 01:14:44.312 1488 1606 I SystemServerTimingAsync: ssm.onUnlockedUser-0_com.android.server.wifi.aware.WifiAwareService
12-31 01:14:44.312 1488 1606 I SystemServerTimingAsync: ssm.onUnlockedUser-0_com.android.server.wifi.p2p.WifiP2pService
12-31 01:14:44.312 1488 1606 I SystemServerTimingAsync: ssm.onUnlockedUser-0_com.android.server.ethernet.EthernetService
12-31 01:14:44.312 1488 1606 I SystemServerTimingAsync: ssm.onUnlockedUser-0_com.android.server.ConnectivityServiceInitializer
12-31 01:14:44.312 1488 1606 I SystemServerTimingAsync: ssm.onUnlockedUser-0_com.android.server.notification.NotificationManagerService
12-31 01:14:44.312 1488 1606 I SystemServerTimingAsync: ssm.onUnlockedUser-0_com.android.server.storage.DeviceStorageMonitorService
12-31 01:14:44.312 1488 1606 I SystemServerTimingAsync: ssm.onUnlockedUser-0_com.android.server.location.LocationManagerService$Lifecycle
12-31 01:14:44.312 1488 1606 I SystemServerTimingAsync: ssm.onUnlockedUser-0_com.android.server.timedetector.TimeDetectorService$Lifecycle
12-31 01:14:44.312 1488 1606 I SystemServerTimingAsync: ssm.onUnlockedUser-0_com.android.server.timezonedetector.TimeZoneDetectorService$Lifecycle
12-31 01:14:44.312 1488 1606 I SystemServerTimingAsync: ssm.onUnlockedUser-0_com.android.server.timezonedetector.location.LocationTimeZoneManagerService$Lifecycle
12-31 01:14:44.312 1488 1606 I SystemServerTimingAsync: ssm.onUnlockedUser-0_com.android.server.search.SearchManagerService$Lifecycle
12-31 01:14:44.312 1488 1606 I SystemServerTimingAsync: ssm.onUnlockedUser-0_com.android.server.wallpaper.WallpaperManagerService$Lifecycle
12-31 01:14:44.312 1488 1606 I SystemServerTimingAsync: ssm.onUnlockedUser-0_com.android.server.audio.AudioService$Lifecycle
12-31 01:14:44.312 1488 1606 I SystemServerTimingAsync: ssm.onUnlockedUser-0_com.android.server.soundtrigger_middleware.SoundTriggerMiddlewareService$Lifecycle
12-31 01:14:44.312 1488 1606 I SystemServerTimingAsync: ssm.onUnlockedUser-0_com.android.server.DockObserver
12-31 01:14:44.312 1488 1606 I SystemServerTimingAsync: ssm.onUnlockedUser-0_com.android.server.midi.MidiService$Lifecycle
12-31 01:14:44.312 1488 1606 I SystemServerTimingAsync: ssm.onUnlockedUser-0_com.android.server.adb.AdbService$Lifecycle
12-31 01:14:44.312 1488 1606 I SystemServerTimingAsync: ssm.onUnlockedUser-0_com.android.server.usb.UsbService$Lifecycle
12-31 01:14:44.312 1488 1606 I SystemServerTimingAsync: ssm.onUnlockedUser-0_com.android.server.twilight.TwilightService
12-31 01:14:44.312 1488 1606 I SystemServerTimingAsync: ssm.onUnlockedUser-0_com.android.server.display.color.ColorDisplayService
12-31 01:14:44.312 1488 1606 I SystemServerTimingAsync: ssm.onUnlockedUser-0_com.android.server.job.JobSchedulerService
12-31 01:14:44.312 1488 1606 I SystemServerTimingAsync: ssm.onUnlockedUser-0_com.android.server.soundtrigger.SoundTriggerService
12-31 01:14:44.312 1488 1606 I SystemServerTimingAsync: ssm.onUnlockedUser-0_com.android.server.trust.TrustManagerService
12-31 01:14:44.312 1488 1606 I SystemServerTimingAsync: ssm.onUnlockedUser-0_com.android.server.backup.BackupManagerService$Lifecycle
12-31 01:14:44.312 1488 1606 I SystemServerTimingAsync: ssm.onUnlockedUser-0_com.android.server.appwidget.AppWidgetService
12-31 01:14:44.312 1488 1606 I SystemServerTimingAsync: ssm.onUnlockedUser-0_com.android.server.voiceinteraction.VoiceInteractionManagerService
12-31 01:14:44.312 1488 1606 I SystemServerTimingAsync: ssm.onUnlockedUser-0_com.android.server.apphibernation.AppHibernationService
12-31 01:14:44.312 1488 1606 I SystemServerTimingAsync: ssm.onUnlockedUser-0_com.android.server.GestureLauncherService
12-31 01:14:44.312 1488 1606 I SystemServerTimingAsync: ssm.onUnlockedUser-0_com.android.server.SensorNotificationService
12-31 01:14:44.312 1488 1606 I SystemServerTimingAsync: ssm.onUnlockedUser-0_com.android.server.emergency.EmergencyAffordanceService
12-31 01:14:44.312 1488 1606 I SystemServerTimingAsync: ssm.onUnlockedUser-0_com.android.server.blob.BlobStoreManagerService
12-31 01:14:44.312 1488 1606 I SystemServerTimingAsync: ssm.onUnlockedUser-0_com.android.server.dreams.DreamManagerService
12-31 01:14:44.312 1488 1606 I SystemServerTimingAsync: ssm.onUnlockedUser-0_com.android.server.companion.CompanionDeviceManagerService
12-31 01:14:44.312 1488 1606 I SystemServerTimingAsync: ssm.onUnlockedUser-0_com.android.server.restrictions.RestrictionsManagerService
12-31 01:14:44.312 1488 1606 I SystemServerTimingAsync: ssm.onUnlockedUser-0_com.android.server.media.MediaSessionService
12-31 01:14:44.312 1488 1606 I SystemServerTimingAsync: ssm.onUnlockedUser-0_com.android.server.media.MediaResourceMonitorService
12-31 01:14:44.312 1488 1606 I SystemServerTimingAsync: ssm.onUnlockedUser-0_com.android.server.biometrics.sensors.fingerprint.FingerprintService
12-31 01:14:44.312 1488 1606 I SystemServerTimingAsync: ssm.onUnlockedUser-0_com.android.server.biometrics.BiometricService
12-31 01:14:44.312 1488 1606 I SystemServerTimingAsync: ssm.onUnlockedUser-0_com.android.server.biometrics.AuthService
12-31 01:14:44.312 1488 1606 I SystemServerTimingAsync: ssm.onUnlockedUser-0_com.android.server.pm.ShortcutService$Lifecycle
12-31 01:14:44.312 1488 1606 I SystemServerTimingAsync: ssm.onUnlockedUser-0_com.android.server.pm.LauncherAppsService
12-31 01:14:44.312 1488 1606 I SystemServerTimingAsync: ssm.onUnlockedUser-0_com.android.server.pm.CrossProfileAppsService
12-31 01:14:44.312 1488 1606 I SystemServerTimingAsync: ssm.onUnlockedUser-0_com.android.server.people.PeopleService
12-31 01:14:44.312 1488 1606 I SystemServerTimingAsync: ssm.onUnlockedUser-0_com.android.server.media.metrics.MediaMetricsManagerService
12-31 01:14:44.312 1488 1606 I SystemServerTimingAsync: ssm.onUnlockedUser-0_com.android.server.media.projection.MediaProjectionManagerService
12-31 01:14:44.312 1488 1606 I SystemServerTimingAsync: ssm.onUnlockedUser-0_com.android.server.slice.SliceManagerService$Lifecycle
12-31 01:14:44.312 1488 1606 I SystemServerTimingAsync: ssm.onUnlockedUser-0_com.android.server.stats.StatsCompanion$Lifecycle
12-31 01:14:44.312 1488 1606 I SystemServerTimingAsync: ssm.onUnlockedUser-0_com.android.server.scheduling.RebootReadinessManagerService$Lifecycle
12-31 01:14:44.312 1488 1606 I SystemServerTimingAsync: ssm.onUnlockedUser-0_com.android.server.stats.pull.StatsPullAtomService
12-31 01:14:44.312 1488 1606 I SystemServerTimingAsync: ssm.onUnlockedUser-0_com.android.server.incident.IncidentCompanionService
12-31 01:14:44.312 1488 1606 I SystemServerTimingAsync: ssm.onUnlockedUser-0_com.android.server.MmsServiceBroker
12-31 01:14:44.312 1488 1606 I SystemServerTimingAsync: ssm.onUnlockedUser-0_com.android.server.autofill.AutofillManagerService
12-31 01:14:44.312 1488 1606 I SystemServerTimingAsync: ssm.onUnlockedUser-0_com.android.server.clipboard.ClipboardService
12-31 01:14:44.312 1488 1606 I SystemServerTimingAsync: ssm.onUnlockedUser-0_com.android.server.appbinding.AppBindingService$Lifecycle
12-31 01:14:44.313 1488 1606 I SystemServerTimingAsync: ssm.onUnlockedUser-0_com.android.server.tracing.TracingServiceProxy
12-31 01:14:44.313 1488 1606 I SystemServerTimingAsync: ssm.onUnlockedUser-0_com.android.server.policy.PermissionPolicyService
12-31 01:14:44.313 1488 1606 I SystemServerTimingAsync: ssm.onUnlockedUser-0_com.android.server.pm.StagingManager$Lifecycle
12-31 01:14:44.313 1488 1606 I SystemServerTimingAsync: ssm.onUnlockedUser-0_com.android.server.app.GameManagerService$Lifecycle
12-31 01:14:44.313 1488 1606 I SystemServerTimingAsync: ssm.onUnlockedUser-0_com.android.server.appsearch.AppSearchManagerService
12-31 01:14:44.313 1488 1606 I SystemServerTimingAsync: ssm.onUnlockedUser-0_com.android.server.media.MediaCommunicationService
12-31 01:14:44.313 1488 1606 W ActivityManager: UserLifecycleEvent 6 received without an active userJourneySession.
12-31 01:14:44.316 1488 1792 E BackupPasswordManager: Unable to read backup pw version
12-31 01:14:44.316 1488 1792 E BackupPasswordManager: Unable to read saved backup pw hash
12-31 01:14:44.316 1488 2109 I wm_finish_activity: [0,6391572,2,com.android.settings/.FallbackHome,app-request]
12-31 01:14:44.317 1488 2109 I wm_pause_activity: [0,6391572,com.android.settings/.FallbackHome,userLeaving=false,finish]
12-31 01:14:44.317 1488 2092 W StorageManagerService: Reporting emulated;0 unmounted due to system locked
12-31 01:14:44.318 512 632 I vold : Bind mounting /mnt/runtime/full/emulated to /mnt/pass_through/0/emulated
12-31 01:14:44.318 1488 1694 I StorageSessionController: On volume mount VolumeInfo{emulated;0}:
12-31 01:14:44.318 1488 1694 I StorageSessionController: type=EMULATED diskId=null partGuid= mountFlags=PRIMARY|VISIBLE
12-31 01:14:44.318 1488 1694 I StorageSessionController: mountUserId=0 state=CHECKING
12-31 01:14:44.318 1488 1694 I StorageSessionController: fsType=null fsUuid=null fsLabel=null
12-31 01:14:44.318 1488 1694 I StorageSessionController: path=/storage/emulated internalPath=/data/media
12-31 01:14:44.319 1488 1694 I StorageSessionController: Creating connection for user: 0
12-31 01:14:44.319 1488 1694 I StorageSessionController: Creating and starting session with id: emulated;0
12-31 01:14:44.319 2403 2403 I wm_on_top_resumed_lost_called: [6391572,com.android.settings.FallbackHome,topStateChangedWhenResumed]
12-31 01:14:44.320 1488 1694 I StorageUserConnection: Binding to the ExternalStorageService for user 0
12-31 01:14:44.320 1488 1596 I sysui_multi_action: [757,1144,758,7,806,com.android.settings,871,com.android.settings.FallbackHome]
12-31 01:14:44.321 2403 2403 I wm_on_paused_called: [6391572,com.android.settings.FallbackHome,performPause]
12-31 01:14:44.322 1488 1593 I AppWidgetServiceImpl: Processing of handleUserUnlocked u0 took 16 ms
12-31 01:14:44.322 1488 1593 I uc_send_user_broadcast: [0,android.intent.action.BOOT_COMPLETED]
12-31 01:14:44.322 1488 1605 I UsageStatsService: User[0] Flushing usage stats to disk
12-31 01:14:44.331 1488 1607 I am_proc_start: [0,2746,10059,ts.car.uart,added application,ts.car.uart]
12-31 01:14:44.331 1488 1607 I ActivityManager: Start proc 2746:ts.car.uart/u0a59 for added application ts.car.uart
12-31 01:14:44.332 1488 2092 I ActivityTaskManager: START u0 {act=android.intent.action.MAIN cat=[android.intent.category.HOME] flg=0x10000100 cmp=com.android.launcher3/.uioverrides.QuickstepLauncher (has extras)} from uid 0
12-31 01:14:44.338 1488 2092 D CompatibilityChangeReporter: Compat change id reported: 184838306; UID 10074; state: DISABLED
12-31 01:14:44.339 1488 2092 D CompatibilityChangeReporter: Compat change id reported: 185004937; UID 10074; state: DISABLED
12-31 01:14:44.340 1488 2092 D CompatibilityChangeReporter: Compat change id reported: 181136395; UID 10074; state: DISABLED
12-31 01:14:44.340 1488 2092 D CompatibilityChangeReporter: Compat change id reported: 174042936; UID 10074; state: DISABLED
12-31 01:14:44.341 1488 2092 D CompatibilityChangeReporter: Compat change id reported: 174042980; UID 10074; state: DISABLED
12-31 01:14:44.344 1488 2092 I wm_task_created: [19,-1]
12-31 01:14:44.346 1488 2092 I wm_task_moved: [19,1,2147483647]
12-31 01:14:44.347 1488 2092 I wm_task_moved: [1,1,5]
12-31 01:14:44.348 1488 2092 I wm_create_task: [0,19]
12-31 01:14:44.348 1488 2092 I wm_create_activity: [0,175692250,19,com.android.launcher3/.uioverrides.QuickstepLauncher,android.intent.action.MAIN,NULL,NULL,268435712]
12-31 01:14:44.348 1488 2092 I wm_task_moved: [1,1,5]
12-31 01:14:44.348 1488 2092 I wm_task_moved: [19,1,2147483647]
12-31 01:14:44.348 1488 2092 I wm_task_to_front: [0,19]
12-31 01:14:44.350 1488 2092 I ActivityTaskManager: FOREGROUND_APPLICATION_CHANGED to com.android.launcher3.uioverrides.QuickstepLauncher
12-31 01:14:44.351 1488 2092 I ActivityTaskManager: The Process com.android.launcher3 Already Exists in BG. So sending its PID: 2481
12-31 01:14:44.351 1488 2732 V BackupManagerConstants: getKeyValueBackupIntervalMilliseconds(...) returns 14400000
12-31 01:14:44.351 1488 2732 V BackupManagerConstants: getKeyValueBackupFuzzMilliseconds(...) returns 600000
12-31 01:14:44.351 1488 2732 V BackupManagerConstants: getKeyValueBackupRequiredNetworkType(...) returns 1
12-31 01:14:44.351 1488 2732 V BackupManagerConstants: getKeyValueBackupRequireCharging(...) returns true
12-31 01:14:44.351 1488 2732 V KeyValueBackupJob: Scheduling k/v pass in 241 minutes
12-31 01:14:44.351 1488 2092 I wm_restart_activity: [0,175692250,19,com.android.launcher3/.uioverrides.QuickstepLauncher]
12-31 01:14:44.351 1488 1792 V BackupManagerService: [UserID:0] No ancestral data
12-31 01:14:44.352 1488 2092 I wm_set_resumed_activity: [0,com.android.launcher3/.uioverrides.QuickstepLauncher,minimalResumeActivityLocked]
12-31 01:14:44.355 1488 2739 E TaskPersister: File error accessing recents directory (directory doesn't exist?).
12-31 01:14:44.356 1488 1607 W ActivityManager: Slow operation: 63ms so far, now at startProcess: done updating pids map
12-31 01:14:44.356 1488 1607 W ActivityManager: Slow operation: 64ms so far, now at startProcess: asking zygote to start proc
12-31 01:14:44.357 1488 1607 D CompatibilityChangeReporter: Compat change id reported: 143937733; UID 10055; state: ENABLED
12-31 01:14:44.359 1488 1694 I am_uid_running: 10094
12-31 01:14:44.359 1488 1694 D CompatibilityChangeReporter: Compat change id reported: 135634846; UID 10094; state: DISABLED
12-31 01:14:44.359 1488 1694 D CompatibilityChangeReporter: Compat change id reported: 177438394; UID 10094; state: DISABLED
12-31 01:14:44.359 1488 1694 D CompatibilityChangeReporter: Compat change id reported: 135772972; UID 10094; state: DISABLED
12-31 01:14:44.359 1488 1694 D CompatibilityChangeReporter: Compat change id reported: 135754954; UID 10094; state: ENABLED
12-31 01:14:44.361 1488 1694 I StorageUserConnection: Bound to the ExternalStorageService for user 0
12-31 01:14:44.362 1488 1698 I am_proc_bound: [0,2746,ts.car.uart]
12-31 01:14:44.364 1488 1698 D CompatibilityChangeReporter: Compat change id reported: 168419799; UID 10059; state: DISABLED
12-31 01:14:44.364 1488 1607 W ActivityManager: Slow operation: 71ms so far, now at startProcess: returned from zygote!
12-31 01:14:44.365 1488 1698 I am_uid_active: 10059
12-31 01:14:44.368 1488 1607 W ActivityManager: Slow operation: 75ms so far, now at startProcess: done updating battery stats
12-31 01:14:44.368 1488 1607 I am_proc_start: [0,2785,10055,.pasr,added application,.pasr]
12-31 01:14:44.368 1488 1607 W ActivityManager: Slow operation: 75ms so far, now at startProcess: building log message
12-31 01:14:44.368 1488 1607 I ActivityManager: Start proc 2785:.pasr/u0a55 for added application .pasr
12-31 01:14:44.368 1488 1607 W ActivityManager: Slow operation: 75ms so far, now at startProcess: starting to update pids map
12-31 01:14:44.369 1488 1607 W ActivityManager: Slow operation: 76ms so far, now at startProcess: done updating pids map
12-31 01:14:44.369 1488 1607 W ActivityManager: Slow operation: 75ms so far, now at startProcess: asking zygote to start proc
12-31 01:14:44.369 1488 1607 D CompatibilityChangeReporter: Compat change id reported: 143937733; UID 10079; state: DISABLED
12-31 01:14:44.373 1488 2109 I am_proc_bound: [0,2737,com.hht.lebocast]
12-31 01:14:44.374 1488 2109 D CompatibilityChangeReporter: Compat change id reported: 168419799; UID 10088; state: DISABLED
12-31 01:14:44.377 1488 2109 I am_uid_active: 10088
12-31 01:14:44.378 1488 1596 I sysui_multi_action: [757,803,799,window_time_0,802,3]
12-31 01:14:44.379 1488 1792 I BackupManagerService: isBackupEnabled() => false due to absent settings file
12-31 01:14:44.379 1488 1792 D BackupManagerService: user:0 readBackupEnableState enabled:false
12-31 01:14:44.379 1488 1792 I BackupManagerService: [UserID:0] Backup enabled => false
12-31 01:14:44.381 1488 1605 D CompatibilityChangeReporter: Compat change id reported: 135634846; UID 1000; state: DISABLED
12-31 01:14:44.381 1488 1605 D CompatibilityChangeReporter: Compat change id reported: 177438394; UID 1000; state: DISABLED
12-31 01:14:44.381 1488 1605 D CompatibilityChangeReporter: Compat change id reported: 135772972; UID 1000; state: DISABLED
12-31 01:14:44.382 1488 1605 D CompatibilityChangeReporter: Compat change id reported: 135754954; UID 1000; state: ENABLED
12-31 01:14:44.382 1488 2098 I am_proc_bound: [0,2785,.pasr]
12-31 01:14:44.383 1488 2098 D CompatibilityChangeReporter: Compat change id reported: 168419799; UID 10055; state: DISABLED
12-31 01:14:44.385 1488 2098 I am_uid_active: 10055
12-31 01:14:44.387 1488 1607 W ActivityManager: Slow operation: 93ms so far, now at startProcess: returned from zygote!
12-31 01:14:44.387 1488 1607 W ActivityManager: Slow operation: 93ms so far, now at startProcess: done updating battery stats
12-31 01:14:44.387 1488 1607 I am_proc_start: [0,2805,10079,com.qualcomm.qti.services.systemhelper:systemhelper_service,added application,com.qualcomm.qti.services.systemhelper:systemhelper_service]
12-31 01:14:44.387 1488 1607 W ActivityManager: Slow operation: 93ms so far, now at startProcess: building log message
12-31 01:14:44.387 1488 1607 I ActivityManager: Start proc 2805:com.qualcomm.qti.services.systemhelper:systemhelper_service/u0a79 for added application com.qualcomm.qti.services.systemhelper:systemhelper_service
12-31 01:14:44.387 1488 1607 W ActivityManager: Slow operation: 93ms so far, now at startProcess: starting to update pids map
12-31 01:14:44.387 1488 1607 W ActivityManager: Slow operation: 93ms so far, now at startProcess: done updating pids map
12-31 01:14:44.387 1488 1607 W ActivityManager: Slow operation: 93ms so far, now at startProcess: asking zygote to start proc
12-31 01:14:44.387 1488 1607 D CompatibilityChangeReporter: Compat change id reported: 143937733; UID 10087; state: ENABLED
12-31 01:14:44.393 1488 1607 W ActivityManager: Slow operation: 100ms so far, now at startProcess: returned from zygote!
12-31 01:14:44.394 1488 1607 W ActivityManager: Slow operation: 100ms so far, now at startProcess: done updating battery stats
12-31 01:14:44.394 1488 1607 I am_proc_start: [0,2811,10087,com.qualcomm.qti.qccnetstat,added application,com.qualcomm.qti.qccnetstat]
12-31 01:14:44.394 1488 1607 W ActivityManager: Slow operation: 100ms so far, now at startProcess: building log message
12-31 01:14:44.394 1488 1607 I ActivityManager: Start proc 2811:com.qualcomm.qti.qccnetstat/u0a87 for added application com.qualcomm.qti.qccnetstat
12-31 01:14:44.394 1488 1607 W ActivityManager: Slow operation: 100ms so far, now at startProcess: starting to update pids map
12-31 01:14:44.394 1488 1607 W ActivityManager: Slow operation: 100ms so far, now at startProcess: done updating pids map
12-31 01:14:44.394 1488 1607 W ActivityManager: Slow operation: 100ms so far, now at startProcess: asking zygote to start proc
12-31 01:14:44.394 1488 1607 D CompatibilityChangeReporter: Compat change id reported: 143937733; UID 10086; state: ENABLED
12-31 01:14:44.401 1488 1607 W ActivityManager: Slow operation: 108ms so far, now at startProcess: returned from zygote!
12-31 01:14:44.402 1488 1607 W ActivityManager: Slow operation: 108ms so far, now at startProcess: done updating battery stats
12-31 01:14:44.402 1488 1607 I am_proc_start: [0,2813,10086,com.qualcomm.qti.workloadclassifier,added application,com.qualcomm.qti.workloadclassifier]
12-31 01:14:44.402 1488 1607 W ActivityManager: Slow operation: 108ms so far, now at startProcess: building log message
12-31 01:14:44.402 1488 1607 I ActivityManager: Start proc 2813:com.qualcomm.qti.workloadclassifier/u0a86 for added application com.qualcomm.qti.workloadclassifier
12-31 01:14:44.402 1488 1607 W ActivityManager: Slow operation: 108ms so far, now at startProcess: starting to update pids map
12-31 01:14:44.402 1488 1607 W ActivityManager: Slow operation: 108ms so far, now at startProcess: done updating pids map
12-31 01:14:44.402 1488 1607 W ActivityManager: Slow operation: 107ms so far, now at startProcess: asking zygote to start proc
12-31 01:14:44.402 1488 1607 D CompatibilityChangeReporter: Compat change id reported: 143937733; UID 10080; state: ENABLED
12-31 01:14:44.408 1488 1607 W ActivityManager: Slow operation: 113ms so far, now at startProcess: returned from zygote!
12-31 01:14:44.408 1488 1607 W ActivityManager: Slow operation: 113ms so far, now at startProcess: done updating battery stats
12-31 01:14:44.408 1488 1607 I am_proc_start: [0,2820,10080,com.qualcomm.location,added application,com.qualcomm.location]
12-31 01:14:44.408 1488 1607 W ActivityManager: Slow operation: 113ms so far, now at startProcess: building log message
12-31 01:14:44.408 1488 1607 I ActivityManager: Start proc 2820:com.qualcomm.location/u0a80 for added application com.qualcomm.location
12-31 01:14:44.408 1488 1607 W ActivityManager: Slow operation: 113ms so far, now at startProcess: starting to update pids map
12-31 01:14:44.408 1488 1607 W ActivityManager: Slow operation: 113ms so far, now at startProcess: done updating pids map
12-31 01:14:44.409 1488 1607 D CompatibilityChangeReporter: Compat change id reported: 143937733; UID 10094; state: ENABLED
12-31 01:14:44.416 1488 1488 W Looper : Slow dispatch took 288ms main h=android.os.Handler c=com.android.server.biometrics.sensors.fingerprint.hidl.Fingerprint21$$ExternalSyntheticLambda2@3361faa m=0
12-31 01:14:44.417 1488 1488 D BiometricScheduler/Fingerprint21: [Added] {[1] FingerprintUpdateActiveUserClient, proto=1, owner=android, cookie=0, requestId=-1, userId=0}, new queue size: 1
12-31 01:14:44.417 1488 1488 V BiometricScheduler/Fingerprint21: Not idle, current operation: {[0] FingerprintUpdateActiveUserClient, proto=1, owner=android, cookie=0, requestId=-1, userId=0}, State: 2
12-31 01:14:44.417 1488 1488 D BiometricScheduler/Fingerprint21: [Added] {[2] FingerprintInternalCleanupClient, proto=7, owner=android, cookie=0, requestId=-1, userId=0}, new queue size: 2
12-31 01:14:44.417 1488 1488 V BiometricScheduler/Fingerprint21: Not idle, current operation: {[0] FingerprintUpdateActiveUserClient, proto=1, owner=android, cookie=0, requestId=-1, userId=0}, State: 2
12-31 01:14:44.417 1488 1488 W Looper : Slow delivery took 289ms main h=android.os.Handler c=com.android.server.biometrics.sensors.fingerprint.hidl.Fingerprint21$$ExternalSyntheticLambda12@1af5738 m=0
12-31 01:14:44.428 1488 1698 I am_proc_bound: [0,2811,com.qualcomm.qti.qccnetstat]
12-31 01:14:44.430 1488 1698 D CompatibilityChangeReporter: Compat change id reported: 168419799; UID 10087; state: DISABLED
12-31 01:14:44.433 1488 1607 W ActivityManager: Slow operation: 74ms so far, now at startProcess: returned from zygote!
12-31 01:14:44.438 1488 1698 I am_uid_active: 10087
12-31 01:14:44.439 1488 2109 I am_proc_bound: [0,2805,com.qualcomm.qti.services.systemhelper:systemhelper_service]
12-31 01:14:44.440 1488 2109 D CompatibilityChangeReporter: Compat change id reported: 168419799; UID 10079; state: DISABLED
12-31 01:14:44.440 1488 2109 I am_uid_active: 10079
12-31 01:14:44.442 1488 2092 I am_proc_bound: [0,2813,com.qualcomm.qti.workloadclassifier]
12-31 01:14:44.444 1488 2092 D CompatibilityChangeReporter: Compat change id reported: 168419799; UID 10086; state: DISABLED
12-31 01:14:44.449 1488 2092 I am_uid_active: 10086
12-31 01:14:44.452 1488 1607 W ActivityManager: Slow operation: 93ms so far, now at startProcess: done updating battery stats
12-31 01:14:44.452 1488 1607 I am_proc_start: [0,2877,10094,com.android.providers.media.module,service,{com.android.providers.media.module/com.android.providers.media.fuse.ExternalStorageServiceImpl}]
12-31 01:14:44.452 1488 1607 I Watchdog: Interesting Java process com.android.providers.media.module started. Pid 2877
12-31 01:14:44.452 1488 1607 W ActivityManager: Slow operation: 94ms so far, now at startProcess: building log message
12-31 01:14:44.452 1488 1607 I ActivityManager: Start proc 2877:com.android.providers.media.module/u0a94 for service {com.android.providers.media.module/com.android.providers.media.fuse.ExternalStorageServiceImpl}
12-31 01:14:44.452 1488 1607 W ActivityManager: Slow operation: 94ms so far, now at startProcess: starting to update pids map
12-31 01:14:44.453 1488 1607 W ActivityManager: Slow operation: 94ms so far, now at startProcess: done updating pids map
12-31 01:14:44.453 1488 1607 W ActivityManager: Slow operation: 73ms so far, now at startProcess: asking zygote to start proc
12-31 01:14:44.453 1488 2098 I am_proc_bound: [0,2820,com.qualcomm.location]
12-31 01:14:44.454 1488 2098 D CompatibilityChangeReporter: Compat change id reported: 168419799; UID 10080; state: DISABLED
12-31 01:14:44.461 1488 1607 W ActivityManager: Slow operation: 81ms so far, now at startProcess: returned from zygote!
12-31 01:14:44.464 1488 2092 I am_proc_bound: [0,2877,com.android.providers.media.module]
12-31 01:14:44.464 1488 1488 I NotificationHistory: Attempted to unlock gone/disabled user 0
12-31 01:14:44.466 1488 2092 D CompatibilityChangeReporter: Compat change id reported: 168419799; UID 10094; state: DISABLED
12-31 01:14:44.468 1488 2092 I am_uid_active: 10094
12-31 01:14:44.472 1488 1607 W ActivityManager: Slow operation: 92ms so far, now at startProcess: done updating battery stats
12-31 01:14:44.472 1488 1607 I am_proc_start: [0,2900,1000,com.android.keychain,service,{com.android.keychain/com.android.keychain.KeyChainService}]
12-31 01:14:44.472 1488 1607 W ActivityManager: Slow operation: 92ms so far, now at startProcess: building log message
12-31 01:14:44.472 1488 1607 I ActivityManager: Start proc 2900:com.android.keychain/1000 for service {com.android.keychain/com.android.keychain.KeyChainService}
12-31 01:14:44.472 1488 1607 W ActivityManager: Slow operation: 92ms so far, now at startProcess: starting to update pids map
12-31 01:14:44.472 1488 1607 W ActivityManager: Slow operation: 92ms so far, now at startProcess: done updating pids map
12-31 01:14:44.477 1488 1488 V NotificationAssistants: disabling notification assistant for user 0: ComponentInfo{android.ext.services/android.ext.services.notification.Assistant}
12-31 01:14:44.477 1488 1488 D NotificationListeners: Removing active service ComponentInfo{android.ext.services/android.ext.services.notification.Assistant}
12-31 01:14:44.478 1488 1488 V NotificationAssistants: enabling notification assistant for 0: ComponentInfo{android.ext.services/android.ext.services.notification.Assistant}
12-31 01:14:44.478 1488 1488 V NotificationAssistants: binding: Intent { act=android.service.notification.NotificationAssistantService cmp=android.ext.services/.notification.Assistant (has extras) }
12-31 01:14:44.480 1488 1488 D CompatibilityChangeReporter: Compat change id reported: 168419799; UID 10095; state: DISABLED
12-31 01:14:44.482 1488 1698 I am_proc_bound: [0,2900,com.android.keychain]
12-31 01:14:44.483 1488 1698 D CompatibilityChangeReporter: Compat change id reported: 168419799; UID 1000; state: DISABLED
12-31 01:14:44.519 1488 1928 I SyncManager: Loaded persisted syncs: 0 periodic syncs, 0 oneshot syncs, 16 total system server jobs, JobStats: FirstLoad: 6/5/0 LastSave: -1/-1/-1
12-31 01:14:44.519 1488 1488 D BiometricScheduler/Fingerprint21: [Finishing] {[0] FingerprintUpdateActiveUserClient, proto=1, owner=android, cookie=0, requestId=-1, userId=0}, success: true
12-31 01:14:44.519 1488 1488 D BiometricScheduler/Fingerprint21: [Polled] {[1] FingerprintUpdateActiveUserClient, proto=1, owner=android, cookie=0, requestId=-1, userId=0}, State: 0
12-31 01:14:44.519 1488 1488 D BiometricScheduler/Fingerprint21: [Starting] {[1] FingerprintUpdateActiveUserClient, proto=1, owner=android, cookie=0, requestId=-1, userId=0}, State: 0
12-31 01:14:44.519 1488 1488 D BiometricScheduler/Fingerprint21: [Started] {[1] FingerprintUpdateActiveUserClient, proto=1, owner=android, cookie=0, requestId=-1, userId=0}
12-31 01:14:44.564 1488 2109 D CompatibilityChangeReporter: Compat change id reported: 73144566; UID 1000; state: ENABLED
12-31 01:14:44.564 1488 2109 D CompatibilityChangeReporter: Compat change id reported: 73144566; UID 1000; state: DISABLED
12-31 01:14:44.571 1488 1698 D CompatibilityChangeReporter: Compat change id reported: 168419799; UID 10085; state: DISABLED
12-31 01:14:44.575 1488 1698 D CompatibilityChangeReporter: Compat change id reported: 168419799; UID 1000; state: DISABLED
12-31 01:14:44.581 1488 1739 I GameModeConfig: isGameModeOn = false
12-31 01:14:44.582 1488 1739 I GameModeConfig: isGameModeOn = false
12-31 01:14:44.603 1488 2744 I StorageUserConnection: Service: [ComponentInfo{com.android.providers.media.module/com.android.providers.media.fuse.ExternalStorageServiceImpl}] connected. User [0]
12-31 01:14:44.608 1488 2010 I am_uid_running: 10075
12-31 01:14:44.609 1488 2010 D CompatibilityChangeReporter: Compat change id reported: 135634846; UID 10075; state: DISABLED
12-31 01:14:44.609 1488 2010 D CompatibilityChangeReporter: Compat change id reported: 177438394; UID 10075; state: DISABLED
12-31 01:14:44.609 1488 2010 D CompatibilityChangeReporter: Compat change id reported: 135772972; UID 10075; state: DISABLED
12-31 01:14:44.609 1488 2010 D CompatibilityChangeReporter: Compat change id reported: 135754954; UID 10075; state: ENABLED
12-31 01:14:44.609 1488 1607 D CompatibilityChangeReporter: Compat change id reported: 143937733; UID 10075; state: ENABLED
12-31 01:14:44.615 1488 2109 D TelephonyRegistry: listen oscl: mHasNotifySubscriptionInfoChangedOccurred==false no callback
12-31 01:14:44.615 1488 1607 I am_proc_start: [0,2967,10075,com.qualcomm.location.XT,service,{com.qualcomm.location.XT/com.qualcomm.location.XT.XTSrv}]
12-31 01:14:44.615 1488 1607 I ActivityManager: Start proc 2967:com.qualcomm.location.XT/u0a75 for service {com.qualcomm.location.XT/com.qualcomm.location.XT.XTSrv}
12-31 01:14:44.626 2379 2379 W ContextImpl: Calling a method in the system process without a qualified user: android.app.ContextImpl.startService:1816 android.content.ContextWrapper.startService:774 android.content.ContextWrapper.startService:774 com.qualcomm.qti.qdma.app.BootReceiver.onBootReceived:115 com.qualcomm.qti.innodme.InnoBootReceiver.onReceive:22
12-31 01:14:44.629 1488 2010 I am_proc_bound: [0,2967,com.qualcomm.location.XT]
12-31 01:14:44.630 1488 2010 D CompatibilityChangeReporter: Compat change id reported: 168419799; UID 10075; state: DISABLED
12-31 01:14:44.631 1488 2109 W FreeFormWindowHelper: getCurrentDisplayedFreeFormTask is null
12-31 01:14:44.632 1488 2010 I am_uid_active: 10075
12-31 01:14:44.638 1488 2109 D CompatibilityChangeReporter: Compat change id reported: 157233955; UID 10080; state: DISABLED
12-31 01:14:44.644 1488 2098 I am_uid_running: 10084
12-31 01:14:44.644 1488 2098 D CompatibilityChangeReporter: Compat change id reported: 135634846; UID 10084; state: DISABLED
12-31 01:14:44.644 1488 2098 D CompatibilityChangeReporter: Compat change id reported: 177438394; UID 10084; state: DISABLED
12-31 01:14:44.644 1488 2098 D CompatibilityChangeReporter: Compat change id reported: 135772972; UID 10084; state: DISABLED
12-31 01:14:44.644 1488 2098 D CompatibilityChangeReporter: Compat change id reported: 135754954; UID 10084; state: ENABLED
12-31 01:14:44.644 1488 1607 D CompatibilityChangeReporter: Compat change id reported: 143937733; UID 10084; state: ENABLED
12-31 01:14:44.654 1488 1607 I am_proc_start: [0,2991,10084,com.qualcomm.qtil.aptxui,broadcast,{com.qualcomm.qtil.aptxui/com.qualcomm.qtil.aptxui.aptxuiBootReceiver}]
12-31 01:14:44.654 1488 1607 I ActivityManager: Start proc 2991:com.qualcomm.qtil.aptxui/u0a84 for broadcast {com.qualcomm.qtil.aptxui/com.qualcomm.qtil.aptxui.aptxuiBootReceiver}
12-31 01:14:44.655 1488 2010 D CompatibilityChangeReporter: Compat change id reported: 182478738; UID 1001; state: DISABLED
12-31 01:14:44.660 2481 2481 I wm_on_create_called: [175692250,com.android.launcher3.uioverrides.QuickstepLauncher,performCreate]
12-31 01:14:44.661 1488 1698 D CompatibilityChangeReporter: Compat change id reported: 174042980; UID 1000; state: DISABLED
12-31 01:14:44.662 2481 2481 I wm_on_start_called: [175692250,com.android.launcher3.uioverrides.QuickstepLauncher,handleStartActivity]
12-31 01:14:44.662 2481 2481 I wm_on_resume_called: [175692250,com.android.launcher3.uioverrides.QuickstepLauncher,RESUME_ACTIVITY]
12-31 01:14:44.659 2989 2989 I auditd : type=1400 audit(0.0:223): avc: denied { read } for comm="ip" name="rt_tables" dev="dm-10" ino=342 scontext=u:r:ethernet:s0 tcontext=u:object_r:net_data_file:s0 tclass=file permissive=0
12-31 01:14:44.668 1488 2109 D CompatibilityChangeReporter: Compat change id reported: 168419799; UID 10074; state: DISABLED
12-31 01:14:44.671 2481 2481 I wm_on_top_resumed_gained_called: [175692250,com.android.launcher3.uioverrides.QuickstepLauncher,topStateChangedWhenResumed]
12-31 01:14:44.667 2999 2999 I auditd : type=1400 audit(0.0:224): avc: denied { read } for comm="ip" name="rt_tables" dev="dm-10" ino=342 scontext=u:r:ethernet:s0 tcontext=u:object_r:net_data_file:s0 tclass=file permissive=0
12-31 01:14:44.680 1488 2109 I am_proc_bound: [0,2991,com.qualcomm.qtil.aptxui]
12-31 01:14:44.681 1488 2115 W FreeFormWindowHelper: getCurrentDisplayedFreeFormTask is null
12-31 01:14:44.682 1488 2109 D CompatibilityChangeReporter: Compat change id reported: 168419799; UID 10084; state: DISABLED
12-31 01:14:44.685 1488 2109 I am_uid_active: 10084
12-31 01:14:44.692 1488 1597 I input_focus: [Focus request affb0e1 com.android.launcher3/com.android.launcher3.uioverrides.QuickstepLauncher,reason=UpdateInputWindows]
12-31 01:14:44.696 1488 2098 W FreeFormWindowHelper: getCurrentDisplayedFreeFormTask is null
12-31 01:14:44.723 1488 1597 I ActivityRecord: real home.....com.android.launcher3/.uioverrides.QuickstepLauncher
12-31 01:14:44.723 1488 1597 I WindowManager: ******* TELLING SURFACE FLINGER WE ARE BOOTED!
12-31 01:14:44.726 976 2634 I sf_stop_bootanim: 11086
12-31 01:14:44.735 1488 1682 I input_focus: [Focus entering affb0e1 com.android.launcher3/com.android.launcher3.uioverrides.QuickstepLauncher (server),reason=setFocusedWindow]
12-31 01:14:44.742 1488 1593 I sysui_multi_action: [319,395,322,390,325,10,757,761,758,8,759,2,806,com.android.launcher3,871,com.android.launcher3.uioverrides.QuickstepLauncher,905,0,1320,8,1321,5]
12-31 01:14:44.743 1488 1593 I wm_activity_launch_time: [0,175692250,com.android.launcher3/.uioverrides.QuickstepLauncher,390]
12-31 01:14:44.750 1488 2010 D CompatibilityChangeReporter: Compat change id reported: 168419799; UID 10054; state: DISABLED
12-31 01:14:44.756 2269 2269 W ContextImpl: Calling a method in the system process without a qualified user: android.app.ContextImpl.startService:1816 android.content.ContextWrapper.startService:774 android.content.ContextWrapper.startService:774 vendor.qti.qesdk.sysservice.QesdkSysReceiver.onReceive:42 android.app.ActivityThread.handleReceiver:4309
12-31 01:14:44.759 1488 2109 D CompatibilityChangeReporter: Compat change id reported: 168419799; UID 10064; state: DISABLED
12-31 01:14:44.767 1488 2109 I am_uid_running: 10035
12-31 01:14:44.767 1488 2109 D CompatibilityChangeReporter: Compat change id reported: 135634846; UID 10035; state: DISABLED
12-31 01:14:44.767 1488 2109 D CompatibilityChangeReporter: Compat change id reported: 177438394; UID 10035; state: DISABLED
12-31 01:14:44.767 1488 2109 D CompatibilityChangeReporter: Compat change id reported: 135772972; UID 10035; state: DISABLED
12-31 01:14:44.767 1488 2109 D CompatibilityChangeReporter: Compat change id reported: 135754954; UID 10035; state: DISABLED
12-31 01:14:44.767 1488 1607 D CompatibilityChangeReporter: Compat change id reported: 143937733; UID 10035; state: DISABLED
12-31 01:14:44.775 1488 1607 I am_proc_start: [0,3047,10035,com.baidu.input,service,{com.baidu.input/com.baidu.input.ImeService}]
12-31 01:14:44.775 1488 1607 I ActivityManager: Start proc 3047:com.baidu.input/u0a35 for service {com.baidu.input/com.baidu.input.ImeService}
12-31 01:14:44.779 1488 2098 I wm_destroy_activity: [0,6391572,2,com.android.settings/.FallbackHome,finish-idle]
12-31 01:14:44.789 2403 2403 I wm_on_stop_called: [6391572,com.android.settings.FallbackHome,LIFECYCLER_STOP_ACTIVITY]
12-31 01:14:44.792 2403 2403 I wm_on_destroy_called: [6391572,com.android.settings.FallbackHome,performDestroy]
12-31 01:14:44.795 1488 2092 I am_proc_bound: [0,3047,com.baidu.input]
12-31 01:14:44.798 1488 2092 D CompatibilityChangeReporter: Compat change id reported: 168419799; UID 10035; state: DISABLED
12-31 01:14:44.801 1488 2092 I am_uid_active: 10035
12-31 01:14:44.814 1488 2092 I am_uid_running: 10028
12-31 01:14:44.814 1488 2092 D CompatibilityChangeReporter: Compat change id reported: 135634846; UID 10028; state: DISABLED
12-31 01:14:44.814 1488 2092 D CompatibilityChangeReporter: Compat change id reported: 177438394; UID 10028; state: DISABLED
12-31 01:14:44.814 1488 2092 D CompatibilityChangeReporter: Compat change id reported: 135772972; UID 10028; state: DISABLED
12-31 01:14:44.814 1488 2092 D CompatibilityChangeReporter: Compat change id reported: 135754954; UID 10028; state: ENABLED
12-31 01:14:44.814 1488 1607 D CompatibilityChangeReporter: Compat change id reported: 143937733; UID 10028; state: ENABLED
12-31 01:14:44.821 1488 1607 I am_proc_start: [0,3074,10028,com.android.traceur,broadcast,{com.android.traceur/com.android.traceur.Receiver}]
12-31 01:14:44.821 1488 1607 I ActivityManager: Start proc 3074:com.android.traceur/u0a28 for broadcast {com.android.traceur/com.android.traceur.Receiver}
12-31 01:14:44.824 1488 1488 W Looper : Slow dispatch took 305ms main h=android.os.Handler c=com.android.server.biometrics.sensors.BiometricScheduler$InternalCallback$$ExternalSyntheticLambda0@caf18f7 m=0
12-31 01:14:44.825 1488 1488 V NotificationAssistants: 0 notification assistant service connected: ComponentInfo{android.ext.services/android.ext.services.notification.Assistant}
12-31 01:14:44.826 1488 1488 W Looper : Drained
12-31 01:14:44.826 1488 1488 D BiometricScheduler/Fingerprint21: [Finishing] {[1] FingerprintUpdateActiveUserClient, proto=1, owner=android, cookie=0, requestId=-1, userId=0}, success: true
12-31 01:14:44.826 1488 1488 D BiometricScheduler/Fingerprint21: [Polled] {[2] FingerprintInternalCleanupClient, proto=7, owner=android, cookie=0, requestId=-1, userId=0}, State: 0
12-31 01:14:44.826 1488 1488 D BiometricScheduler/Fingerprint21: [Starting] {[2] FingerprintInternalCleanupClient, proto=7, owner=android, cookie=0, requestId=-1, userId=0}, State: 0
12-31 01:14:44.826 1488 1488 D BiometricScheduler/Fingerprint21: [Started] {[2] FingerprintInternalCleanupClient, proto=7, owner=android, cookie=0, requestId=-1, userId=0}
12-31 01:14:44.826 1488 1488 D Biometrics/InternalCleanupClient: Starting enumerate: {[3] FingerprintInternalEnumerateClient, proto=6, owner=android, cookie=0, requestId=-1, userId=0}
12-31 01:14:44.846 1488 2115 I am_proc_bound: [0,3074,com.android.traceur]
12-31 01:14:44.848 1488 2115 D CompatibilityChangeReporter: Compat change id reported: 168419799; UID 10028; state: DISABLED
12-31 01:14:44.851 1488 2115 I am_uid_active: 10028
12-31 01:14:44.847 810 810 I auditd : type=1400 audit(0.0:225): avc: denied { read write } for comm="bluetooth@1.0-s" name="diag" dev="tmpfs" ino=14398 scontext=u:r:hal_bluetooth_default:s0 tcontext=u:object_r:vendor_diag_device:s0 tclass=chr_file permissive=0
12-31 01:14:44.925 1488 1488 D BluetoothManagerService: Bluetooth Adapter address changed to F0:74:E4:3A:18:78
12-31 01:14:44.925 1488 1488 D BluetoothManagerService: Stored Bluetoothaddress: F0:74:E4:3A:18:78
12-31 01:14:44.934 1488 1488 D BluetoothManagerService: Bluetooth Adapter name changed to 宝弟弟 by android
12-31 01:14:44.935 1488 1488 D BluetoothManagerService: Stored Bluetooth name: 宝弟弟
12-31 01:14:44.936 1488 1488 D BluetoothManagerService: Bluetooth Adapter address changed to F0:74:E4:3A:18:78
12-31 01:14:44.937 1488 1488 D BluetoothManagerService: Stored Bluetoothaddress: F0:74:E4:3A:18:78
12-31 01:14:44.946 1488 1595 D BluetoothManagerService: MESSAGE_BLUETOOTH_STATE_CHANGE: BLE_TURNING_ON > BLE_ON
12-31 01:14:44.946 1488 1595 D BluetoothManagerService: Bluetooth is in LE only mode
12-31 01:14:44.946 1488 1595 D BluetoothManagerService: Binding Bluetooth GATT service
12-31 01:14:44.947 1488 1739 I GameModeConfig: isGameModeOn = false
12-31 01:14:44.947 1488 1739 I GameModeConfig: isGameModeOn = false
12-31 01:14:44.949 1488 1595 D BluetoothManagerService: Sending BLE State Change: BLE_TURNING_ON > BLE_ON
12-31 01:14:44.951 1488 1488 D CompanionDeviceManagerService: Received BT state transition broadcast: BLE_TURNING_ON -> BLE_ON
12-31 01:14:44.951 1488 1488 I CompanionDeviceManagerService: startBleScan()
12-31 01:14:44.951 1488 1488 D BluetoothManagerService: BluetoothServiceConnection: com.android.bluetooth.gatt.GattService
12-31 01:14:44.951 1488 1595 D BluetoothManagerService: MESSAGE_BLUETOOTH_SERVICE_CONNECTED: 2
12-31 01:14:44.952 1488 1595 D BluetoothManagerService: continueFromBleOnState()
12-31 01:14:44.954 1488 1595 D BluetoothManagerService: Persisting Bluetooth Setting: 1
12-31 01:14:44.954 1488 1595 D BluetoothManagerService: MESSAGE_BLUETOOTH_STATE_CHANGE: BLE_ON > TURNING_ON
12-31 01:14:44.954 1488 1595 D BluetoothManagerService: Sending BLE State Change: BLE_ON > TURNING_ON
12-31 01:14:44.955 1488 1595 D BluetoothManagerService: Sending State Change: OFF > TURNING_ON
12-31 01:14:44.957 1488 1488 D CompanionDeviceManagerService: Received BT state transition broadcast: BLE_ON -> TURNING_ON
12-31 01:14:44.970 1488 2115 D CompatibilityChangeReporter: Compat change id reported: 168419799; UID 10065; state: DISABLED
12-31 01:14:44.975 1488 2115 D TelephonyRegistry: listen oscl: mHasNotifySubscriptionInfoChangedOccurred==false no callback
12-31 01:14:44.979 2371 2371 E AndroidRuntime: FATAL EXCEPTION: main
12-31 01:14:44.979 2371 2371 E AndroidRuntime: Process: com.qualcomm.qti.devicestatisticsservice, PID: 2371
12-31 01:14:44.979 2371 2371 E AndroidRuntime: java.lang.NoClassDefFoundError: Failed resolution of: Landroid/hidl/manager/V1_0/IServiceNotification$Stub;
12-31 01:14:44.979 2371 2371 E AndroidRuntime: at com.qualcomm.qti.devicestatisticsservice.DeviceStatisticsService.onStartCommand(DeviceStatisticsService.java:83)
