01-01 08:00:09.578 1488 1596 I LogicalDisplayMapper: Adding new display: 0: DisplayInfo{"内置屏幕", displayId 0", displayGroupId -1, FLAG_SECURE, FLAG_SUPPORTS_PROTECTED_BUFFERS, FLAG_TRUSTED, real 2380 x 1020, largest app 2380 x 1020, smallest app 2380 x 1020, appVsyncOff 1000000, presDeadline 16666666, mode 1, defaultMode 1, modes [{id=1, width=2380, height=1020, fps=60.000004, alternativeRefreshRates=[]}], hdrCapabilities HdrCapabilities{mSupportedHdrTypes=[2, 3, 4], mMaxLuminance=500.0, mMaxAverageLuminance=500.0, mMinLuminance=0.0}, userDisabledHdrTypes [], minimalPostProcessingSupported false, rotation 0, state UNKNOWN, type INTERNAL, uniqueId "local:4630946370410392961", app 2380 x 1020, density 240 (319.851 x 319.851) dpi, layerStack 0, colorMode 0, supportedColorModes [0], address {port=129, model=0x40446d3026322d}, deviceProductInfo DeviceProductInfo{name=, manufacturerPnpId=QCM, productId=1, modelYear=null, manufactureDate=ManufactureDate{week=27, year=2006}, connectionToSinkType=0}, removeMode 0, refreshRateOverride 0.0, brightnessMinimum 0.0, brightnessMaximum 1.0, brightnessDefault 1.0}
01-01 08:00:09.578 1488 1596 I LogicalDisplayMapper: Setting new display group 0 for display 0, from previous group: null
01-01 08:00:09.579 1488 1596 E DisplayDeviceConfig: requesting nits when no mapping exists.
01-01 08:00:09.583 1488 1596 I am_wtf : [0,1488,system_server,-1,DisplayDeviceConfig,requesting nits when no mapping exists.]
01-01 08:00:09.583 1488 1596 E DisplayDeviceConfig: requesting nits when no mapping exists.
01-01 08:00:09.583 1488 1596 I am_wtf : [0,1488,system_server,-1,DisplayDeviceConfig,requesting nits when no mapping exists.]
01-01 08:00:09.584 1488 1488 I SystemServerTiming: StartDomainVerificationService
01-01 08:00:09.584 1488 1596 I DisplayDeviceRepository: Display device changed state: "内置屏幕", ON
01-01 08:00:09.586 1488 1488 I SystemServerTiming: StartPackageManagerService
01-01 08:00:09.586 1488 1488 I Watchdog: Pausing HandlerChecker: main thread for reason: packagemanagermain. Pause count: 1
01-01 08:00:09.588 1488 1488 I PackageManagerTiming: create package manager
01-01 08:00:09.590 1488 1488 I boot_progress_pms_start: 7346
01-01 08:00:09.590 1488 1488 I PackageManagerTiming: readListOfPackagesToBeDisabled
01-01 08:00:09.590 1488 1488 D PackageManager: Disabling packages for wifi-only device, source: /vendor/etc/telephony_packages.xml
01-01 08:00:09.590 1488 1488 I PackageManagerTiming: createSubComponents
01-01 08:00:09.597 1488 1488 I PackageManagerTiming: addSharedUsers
01-01 08:00:09.598 1488 1488 I PackageManagerTiming: get system config
01-01 08:00:09.599 1488 1488 D PackageManager: Directories scanned as system partitions: [/system:0, /vendor:524288, /odm:4194304, /oem:262144, /product:1048576, /system_ext:2097152, /apex/com.android.vndk.v30:8388608, /apex/com.android.wifi:8388608, /apex/com.android.vndk.v31:8388608, /apex/com.android.tzdata:8388608, /apex/com.android.tethering:8388608, /apex/com.android.sdkext:8388608, /apex/com.android.scheduling:8388608, /apex/com.android.runtime:8388608, /apex/com.android.resolv:8388608, /apex/com.android.permission:8388608, /apex/com.android.os.statsd:8388608, /apex/com.android.neuralnetworks:8388608, /apex/com.android.mediaprovider:8388608, /apex/com.android.media.swcodec:8388608, /apex/com.android.media:8388608, /apex/com.android.ipsec:8388608, /apex/com.android.i18n:8388608, /apex/com.android.extservices:8388608, /apex/com.android.conscrypt:8388608, /apex/com.android.art:8388608, /apex/com.android.appsearch:8388608, /apex/com.android.adbd:8388608]
01-01 08:00:09.599 1488 1488 D SELinuxMMAC: Using policy file /system/etc/selinux/plat_mac_permissions.xml
01-01 08:00:09.601 1488 1488 D SELinuxMMAC: Using policy file /system_ext/etc/selinux/system_ext_mac_permissions.xml
01-01 08:00:09.601 1488 1488 D SELinuxMMAC: Using policy file /product/etc/selinux/product_mac_permissions.xml
01-01 08:00:09.601 1488 1488 D SELinuxMMAC: Using policy file /vendor/etc/selinux/vendor_mac_permissions.xml
01-01 08:00:09.602 1488 1488 D SELinuxMMAC: Using policy file /odm/etc/selinux/odm_mac_permissions.xml
01-01 08:00:09.602 1488 1488 I PackageManagerTiming: loadFallbacks
01-01 08:00:09.602 1488 1488 I PackageManagerTiming: read user settings
01-01 08:00:09.625 989 989 I auditd : type=1400 audit(0.0:200): avc: denied { read write } for comm="sensors.qti" name="diag" dev="tmpfs" ino=14398 scontext=u:r:vendor_sensors_qti:s0 tcontext=u:object_r:vendor_diag_device:s0 tclass=chr_file permissive=0
01-01 08:00:09.634 1488 1488 W android.permission.PermissionManager: Missing ActivityManager; assuming 1000 holds android.permission.SET_PREFERRED_APPLICATIONS
01-01 08:00:09.634 1488 1488 W android.permission.PermissionManager: Missing ActivityManager; assuming 1000 holds android.permission.SET_PREFERRED_APPLICATIONS
01-01 08:00:09.634 1488 1488 W android.permission.PermissionManager: Missing ActivityManager; assuming 1000 holds android.permission.SET_PREFERRED_APPLICATIONS
01-01 08:00:09.634 1488 1488 W android.permission.PermissionManager: Missing ActivityManager; assuming 1000 holds android.permission.SET_PREFERRED_APPLICATIONS
01-01 08:00:09.634 1488 1488 W android.permission.PermissionManager: Missing ActivityManager; assuming 1000 holds android.permission.SET_PREFERRED_APPLICATIONS
01-01 08:00:09.634 1488 1488 W android.permission.PermissionManager: Missing ActivityManager; assuming 1000 holds android.permission.SET_PREFERRED_APPLICATIONS
01-01 08:00:09.635 1488 1488 W android.permission.PermissionManager: Missing ActivityManager; assuming 1000 holds android.permission.SET_PREFERRED_APPLICATIONS
01-01 08:00:09.635 1488 1488 W android.permission.PermissionManager: Missing ActivityManager; assuming 1000 holds android.permission.SET_PREFERRED_APPLICATIONS
01-01 08:00:09.635 1488 1488 W android.permission.PermissionManager: Missing ActivityManager; assuming 1000 holds android.permission.SET_PREFERRED_APPLICATIONS
01-01 08:00:09.635 1488 1488 W android.permission.PermissionManager: Missing ActivityManager; assuming 1000 holds android.permission.SET_PREFERRED_APPLICATIONS
01-01 08:00:09.635 1488 1488 W android.permission.PermissionManager: Missing ActivityManager; assuming 1000 holds android.permission.SET_PREFERRED_APPLICATIONS
01-01 08:00:09.635 1488 1488 W android.permission.PermissionManager: Missing ActivityManager; assuming 1000 holds android.permission.SET_PREFERRED_APPLICATIONS
01-01 08:00:09.635 1488 1488 W android.permission.PermissionManager: Missing ActivityManager; assuming 1000 holds android.permission.SET_PREFERRED_APPLICATIONS
01-01 08:00:09.635 1488 1488 W android.permission.PermissionManager: Missing ActivityManager; assuming 1000 holds android.permission.SET_PREFERRED_APPLICATIONS
01-01 08:00:09.635 1488 1488 W android.permission.PermissionManager: Missing ActivityManager; assuming 1000 holds android.permission.SET_PREFERRED_APPLICATIONS
01-01 08:00:09.635 1488 1488 W android.permission.PermissionManager: Missing ActivityManager; assuming 1000 holds android.permission.SET_PREFERRED_APPLICATIONS
01-01 08:00:09.635 1488 1488 W android.permission.PermissionManager: Missing ActivityManager; assuming 1000 holds android.permission.SET_PREFERRED_APPLICATIONS
01-01 08:00:09.636 1488 1488 W android.permission.PermissionManager: Missing ActivityManager; assuming 1000 holds android.permission.SET_PREFERRED_APPLICATIONS
01-01 08:00:09.636 1488 1488 W android.permission.PermissionManager: Missing ActivityManager; assuming 1000 holds android.permission.SET_PREFERRED_APPLICATIONS
01-01 08:00:09.636 1488 1488 W android.permission.PermissionManager: Missing ActivityManager; assuming 1000 holds android.permission.SET_PREFERRED_APPLICATIONS
01-01 08:00:09.636 1488 1488 W android.permission.PermissionManager: Missing ActivityManager; assuming 1000 holds android.permission.SET_PREFERRED_APPLICATIONS
01-01 08:00:09.636 1488 1488 W android.permission.PermissionManager: Missing ActivityManager; assuming 1000 holds android.permission.SET_PREFERRED_APPLICATIONS
01-01 08:00:09.637 1488 1488 W android.permission.PermissionManager: Missing ActivityManager; assuming 1000 holds android.permission.SET_PREFERRED_APPLICATIONS
01-01 08:00:09.637 1488 1488 W android.permission.PermissionManager: Missing ActivityManager; assuming 1000 holds android.permission.SET_PREFERRED_APPLICATIONS
01-01 08:00:09.637 1488 1488 W android.permission.PermissionManager: Missing ActivityManager; assuming 1000 holds android.permission.SET_PREFERRED_APPLICATIONS
01-01 08:00:09.637 1488 1488 W android.permission.PermissionManager: Missing ActivityManager; assuming 1000 holds android.permission.SET_PREFERRED_APPLICATIONS
01-01 08:00:09.637 1488 1488 W android.permission.PermissionManager: Missing ActivityManager; assuming 1000 holds android.permission.SET_PREFERRED_APPLICATIONS
01-01 08:00:09.637 1488 1488 W android.permission.PermissionManager: Missing ActivityManager; assuming 1000 holds android.permission.SET_PREFERRED_APPLICATIONS
01-01 08:00:09.637 1488 1488 W android.permission.PermissionManager: Missing ActivityManager; assuming 1000 holds android.permission.SET_PREFERRED_APPLICATIONS
01-01 08:00:09.637 1488 1488 W android.permission.PermissionManager: Missing ActivityManager; assuming 1000 holds android.permission.SET_PREFERRED_APPLICATIONS
01-01 08:00:09.637 1488 1488 W android.permission.PermissionManager: Missing ActivityManager; assuming 1000 holds android.permission.SET_PREFERRED_APPLICATIONS
01-01 08:00:09.637 1488 1488 W android.permission.PermissionManager: Missing ActivityManager; assuming 1000 holds android.permission.SET_PREFERRED_APPLICATIONS
01-01 08:00:09.637 1488 1488 W android.permission.PermissionManager: Missing ActivityManager; assuming 1000 holds android.permission.SET_PREFERRED_APPLICATIONS
01-01 08:00:09.637 1488 1488 W android.permission.PermissionManager: Missing ActivityManager; assuming 1000 holds android.permission.SET_PREFERRED_APPLICATIONS
01-01 08:00:09.637 1488 1488 W android.permission.PermissionManager: Missing ActivityManager; assuming 1000 holds android.permission.SET_PREFERRED_APPLICATIONS
01-01 08:00:09.638 1488 1488 W android.permission.PermissionManager: Missing ActivityManager; assuming 1000 holds android.permission.SET_PREFERRED_APPLICATIONS
01-01 08:00:09.638 1488 1488 W android.permission.PermissionManager: Missing ActivityManager; assuming 1000 holds android.permission.SET_PREFERRED_APPLICATIONS
01-01 08:00:09.638 1488 1488 W android.permission.PermissionManager: Missing ActivityManager; assuming 1000 holds android.permission.SET_PREFERRED_APPLICATIONS
01-01 08:00:09.638 1488 1488 W android.permission.PermissionManager: Missing ActivityManager; assuming 1000 holds android.permission.SET_PREFERRED_APPLICATIONS
01-01 08:00:09.638 1488 1488 W android.permission.PermissionManager: Missing ActivityManager; assuming 1000 holds android.permission.SET_PREFERRED_APPLICATIONS
01-01 08:00:09.638 1488 1488 W android.permission.PermissionManager: Missing ActivityManager; assuming 1000 holds android.permission.SET_PREFERRED_APPLICATIONS
01-01 08:00:09.638 1488 1488 W android.permission.PermissionManager: Missing ActivityManager; assuming 1000 holds android.permission.SET_PREFERRED_APPLICATIONS
01-01 08:00:09.638 1488 1488 W android.permission.PermissionManager: Missing ActivityManager; assuming 1000 holds android.permission.SET_PREFERRED_APPLICATIONS
01-01 08:00:09.638 1488 1488 W android.permission.PermissionManager: Missing ActivityManager; assuming 1000 holds android.permission.SET_PREFERRED_APPLICATIONS
01-01 08:00:09.638 1488 1488 W android.permission.PermissionManager: Missing ActivityManager; assuming 1000 holds android.permission.SET_PREFERRED_APPLICATIONS
01-01 08:00:09.638 1488 1488 W android.permission.PermissionManager: Missing ActivityManager; assuming 1000 holds android.permission.SET_PREFERRED_APPLICATIONS
01-01 08:00:09.639 1488 1488 W android.permission.PermissionManager: Missing ActivityManager; assuming 1000 holds android.permission.SET_PREFERRED_APPLICATIONS
01-01 08:00:09.639 1488 1488 W android.permission.PermissionManager: Missing ActivityManager; assuming 1000 holds android.permission.SET_PREFERRED_APPLICATIONS
01-01 08:00:09.639 1488 1488 W android.permission.PermissionManager: Missing ActivityManager; assuming 1000 holds android.permission.SET_PREFERRED_APPLICATIONS
01-01 08:00:09.639 1488 1488 W android.permission.PermissionManager: Missing ActivityManager; assuming 1000 holds android.permission.SET_PREFERRED_APPLICATIONS
01-01 08:00:09.639 1488 1488 W android.permission.PermissionManager: Missing ActivityManager; assuming 1000 holds android.permission.SET_PREFERRED_APPLICATIONS
01-01 08:00:09.639 1488 1488 W android.permission.PermissionManager: Missing ActivityManager; assuming 1000 holds android.permission.SET_PREFERRED_APPLICATIONS
01-01 08:00:09.639 1488 1488 W android.permission.PermissionManager: Missing ActivityManager; assuming 1000 holds android.permission.SET_PREFERRED_APPLICATIONS
01-01 08:00:09.639 1488 1488 W android.permission.PermissionManager: Missing ActivityManager; assuming 1000 holds android.permission.SET_PREFERRED_APPLICATIONS
01-01 08:00:09.639 1488 1488 W android.permission.PermissionManager: Missing ActivityManager; assuming 1000 holds android.permission.SET_PREFERRED_APPLICATIONS
01-01 08:00:09.639 1488 1488 W android.permission.PermissionManager: Missing ActivityManager; assuming 1000 holds android.permission.SET_PREFERRED_APPLICATIONS
01-01 08:00:09.639 1488 1488 W android.permission.PermissionManager: Missing ActivityManager; assuming 1000 holds android.permission.SET_PREFERRED_APPLICATIONS
01-01 08:00:09.640 1488 1488 W android.permission.PermissionManager: Missing ActivityManager; assuming 1000 holds android.permission.SET_PREFERRED_APPLICATIONS
01-01 08:00:09.640 1488 1488 W android.permission.PermissionManager: Missing ActivityManager; assuming 1000 holds android.permission.SET_PREFERRED_APPLICATIONS
01-01 08:00:09.640 1488 1488 W android.permission.PermissionManager: Missing ActivityManager; assuming 1000 holds android.permission.SET_PREFERRED_APPLICATIONS
01-01 08:00:09.640 1488 1488 W android.permission.PermissionManager: Missing ActivityManager; assuming 1000 holds android.permission.SET_PREFERRED_APPLICATIONS
01-01 08:00:09.640 1488 1488 W android.permission.PermissionManager: Missing ActivityManager; assuming 1000 holds android.permission.SET_PREFERRED_APPLICATIONS
01-01 08:00:09.640 1488 1488 W android.permission.PermissionManager: Missing ActivityManager; assuming 1000 holds android.permission.SET_PREFERRED_APPLICATIONS
01-01 08:00:09.640 1488 1488 W android.permission.PermissionManager: Missing ActivityManager; assuming 1000 holds android.permission.SET_PREFERRED_APPLICATIONS
01-01 08:00:09.641 1488 1488 W android.permission.PermissionManager: Missing ActivityManager; assuming 1000 holds android.permission.SET_PREFERRED_APPLICATIONS
01-01 08:00:09.641 1488 1488 W android.permission.PermissionManager: Missing ActivityManager; assuming 1000 holds android.permission.SET_PREFERRED_APPLICATIONS
01-01 08:00:09.641 1488 1488 W android.permission.PermissionManager: Missing ActivityManager; assuming 1000 holds android.permission.SET_PREFERRED_APPLICATIONS
01-01 08:00:09.641 1488 1488 W android.permission.PermissionManager: Missing ActivityManager; assuming 1000 holds android.permission.SET_PREFERRED_APPLICATIONS
01-01 08:00:09.641 1488 1488 W android.permission.PermissionManager: Missing ActivityManager; assuming 1000 holds android.permission.SET_PREFERRED_APPLICATIONS
01-01 08:00:09.641 1488 1488 W android.permission.PermissionManager: Missing ActivityManager; assuming 1000 holds android.permission.SET_PREFERRED_APPLICATIONS
01-01 08:00:09.641 1488 1488 W android.permission.PermissionManager: Missing ActivityManager; assuming 1000 holds android.permission.SET_PREFERRED_APPLICATIONS
01-01 08:00:09.641 1488 1488 W android.permission.PermissionManager: Missing ActivityManager; assuming 1000 holds android.permission.SET_PREFERRED_APPLICATIONS
01-01 08:00:09.641 1488 1488 W android.permission.PermissionManager: Missing ActivityManager; assuming 1000 holds android.permission.SET_PREFERRED_APPLICATIONS
01-01 08:00:09.641 1488 1488 W android.permission.PermissionManager: Missing ActivityManager; assuming 1000 holds android.permission.SET_PREFERRED_APPLICATIONS
01-01 08:00:09.642 1488 1488 W android.permission.PermissionManager: Missing ActivityManager; assuming 1000 holds android.permission.SET_PREFERRED_APPLICATIONS
01-01 08:00:09.642 1488 1488 W android.permission.PermissionManager: Missing ActivityManager; assuming 1000 holds android.permission.SET_PREFERRED_APPLICATIONS
01-01 08:00:09.642 1488 1488 W android.permission.PermissionManager: Missing ActivityManager; assuming 1000 holds android.permission.SET_PREFERRED_APPLICATIONS
01-01 08:00:09.642 1488 1488 W android.permission.PermissionManager: Missing ActivityManager; assuming 1000 holds android.permission.SET_PREFERRED_APPLICATIONS
01-01 08:00:09.642 1488 1488 W android.permission.PermissionManager: Missing ActivityManager; assuming 1000 holds android.permission.SET_PREFERRED_APPLICATIONS
01-01 08:00:09.642 1488 1488 W android.permission.PermissionManager: Missing ActivityManager; assuming 1000 holds android.permission.SET_PREFERRED_APPLICATIONS
01-01 08:00:09.642 1488 1488 W android.permission.PermissionManager: Missing ActivityManager; assuming 1000 holds android.permission.SET_PREFERRED_APPLICATIONS
01-01 08:00:09.642 1488 1488 W android.permission.PermissionManager: Missing ActivityManager; assuming 1000 holds android.permission.SET_PREFERRED_APPLICATIONS
01-01 08:00:09.642 1488 1488 W android.permission.PermissionManager: Missing ActivityManager; assuming 1000 holds android.permission.SET_PREFERRED_APPLICATIONS
01-01 08:00:09.642 1488 1488 W android.permission.PermissionManager: Missing ActivityManager; assuming 1000 holds android.permission.SET_PREFERRED_APPLICATIONS
01-01 08:00:09.643 1488 1488 W android.permission.PermissionManager: Missing ActivityManager; assuming 1000 holds android.permission.SET_PREFERRED_APPLICATIONS
01-01 08:00:09.643 1488 1488 W android.permission.PermissionManager: Missing ActivityManager; assuming 1000 holds android.permission.SET_PREFERRED_APPLICATIONS
01-01 08:00:09.643 1488 1488 W android.permission.PermissionManager: Missing ActivityManager; assuming 1000 holds android.permission.SET_PREFERRED_APPLICATIONS
01-01 08:00:09.643 1488 1488 W android.permission.PermissionManager: Missing ActivityManager; assuming 1000 holds android.permission.SET_PREFERRED_APPLICATIONS
01-01 08:00:09.643 1488 1488 W android.permission.PermissionManager: Missing ActivityManager; assuming 1000 holds android.permission.SET_PREFERRED_APPLICATIONS
01-01 08:00:09.643 1488 1488 W android.permission.PermissionManager: Missing ActivityManager; assuming 1000 holds android.permission.SET_PREFERRED_APPLICATIONS
01-01 08:00:09.643 1488 1488 W android.permission.PermissionManager: Missing ActivityManager; assuming 1000 holds android.permission.SET_PREFERRED_APPLICATIONS
01-01 08:00:09.643 1488 1488 W android.permission.PermissionManager: Missing ActivityManager; assuming 1000 holds android.permission.SET_PREFERRED_APPLICATIONS
01-01 08:00:09.643 1488 1488 W android.permission.PermissionManager: Missing ActivityManager; assuming 1000 holds android.permission.SET_PREFERRED_APPLICATIONS
01-01 08:00:09.644 1488 1488 W android.permission.PermissionManager: Missing ActivityManager; assuming 1000 holds android.permission.SET_PREFERRED_APPLICATIONS
01-01 08:00:09.644 1488 1488 W android.permission.PermissionManager: Missing ActivityManager; assuming 1000 holds android.permission.SET_PREFERRED_APPLICATIONS
01-01 08:00:09.644 1488 1488 W android.permission.PermissionManager: Missing ActivityManager; assuming 1000 holds android.permission.SET_PREFERRED_APPLICATIONS
01-01 08:00:09.644 1488 1488 W android.permission.PermissionManager: Missing ActivityManager; assuming 1000 holds android.permission.SET_PREFERRED_APPLICATIONS
01-01 08:00:09.644 1488 1488 W android.permission.PermissionManager: Missing ActivityManager; assuming 1000 holds android.permission.SET_PREFERRED_APPLICATIONS
01-01 08:00:09.644 1488 1488 W android.permission.PermissionManager: Missing ActivityManager; assuming 1000 holds android.permission.SET_PREFERRED_APPLICATIONS
01-01 08:00:09.644 1488 1488 W android.permission.PermissionManager: Missing ActivityManager; assuming 1000 holds android.permission.SET_PREFERRED_APPLICATIONS
01-01 08:00:09.644 1488 1488 W android.permission.PermissionManager: Missing ActivityManager; assuming 1000 holds android.permission.SET_PREFERRED_APPLICATIONS
01-01 08:00:09.644 1488 1488 W android.permission.PermissionManager: Missing ActivityManager; assuming 1000 holds android.permission.SET_PREFERRED_APPLICATIONS
01-01 08:00:09.644 1488 1488 W android.permission.PermissionManager: Missing ActivityManager; assuming 1000 holds android.permission.SET_PREFERRED_APPLICATIONS
01-01 08:00:09.644 1488 1488 W android.permission.PermissionManager: Missing ActivityManager; assuming 1000 holds android.permission.SET_PREFERRED_APPLICATIONS
01-01 08:00:09.644 1488 1488 W android.permission.PermissionManager: Missing ActivityManager; assuming 1000 holds android.permission.SET_PREFERRED_APPLICATIONS
01-01 08:00:09.644 1488 1488 W android.permission.PermissionManager: Missing ActivityManager; assuming 1000 holds android.permission.SET_PREFERRED_APPLICATIONS
01-01 08:00:09.644 1488 1488 W android.permission.PermissionManager: Missing ActivityManager; assuming 1000 holds android.permission.SET_PREFERRED_APPLICATIONS
01-01 08:00:09.645 1488 1488 W android.permission.PermissionManager: Missing ActivityManager; assuming 1000 holds android.permission.SET_PREFERRED_APPLICATIONS
01-01 08:00:09.645 1488 1488 W android.permission.PermissionManager: Missing ActivityManager; assuming 1000 holds android.permission.SET_PREFERRED_APPLICATIONS
01-01 08:00:09.645 1488 1488 W android.permission.PermissionManager: Missing ActivityManager; assuming 1000 holds android.permission.SET_PREFERRED_APPLICATIONS
01-01 08:00:09.645 1488 1488 W android.permission.PermissionManager: Missing ActivityManager; assuming 1000 holds android.permission.SET_PREFERRED_APPLICATIONS
01-01 08:00:09.645 1488 1488 W android.permission.PermissionManager: Missing ActivityManager; assuming 1000 holds android.permission.SET_PREFERRED_APPLICATIONS
01-01 08:00:09.645 1488 1488 W android.permission.PermissionManager: Missing ActivityManager; assuming 1000 holds android.permission.SET_PREFERRED_APPLICATIONS
01-01 08:00:09.645 1488 1488 W android.permission.PermissionManager: Missing ActivityManager; assuming 1000 holds android.permission.SET_PREFERRED_APPLICATIONS
01-01 08:00:09.645 1488 1488 W android.permission.PermissionManager: Missing ActivityManager; assuming 1000 holds android.permission.SET_PREFERRED_APPLICATIONS
01-01 08:00:09.645 1488 1488 W android.permission.PermissionManager: Missing ActivityManager; assuming 1000 holds android.permission.SET_PREFERRED_APPLICATIONS
01-01 08:00:09.645 1488 1488 W android.permission.PermissionManager: Missing ActivityManager; assuming 1000 holds android.permission.SET_PREFERRED_APPLICATIONS
01-01 08:00:09.645 1488 1488 W android.permission.PermissionManager: Missing ActivityManager; assuming 1000 holds android.permission.SET_PREFERRED_APPLICATIONS
01-01 08:00:09.645 1488 1488 W android.permission.PermissionManager: Missing ActivityManager; assuming 1000 holds android.permission.SET_PREFERRED_APPLICATIONS
01-01 08:00:09.645 1488 1488 W android.permission.PermissionManager: Missing ActivityManager; assuming 1000 holds android.permission.SET_PREFERRED_APPLICATIONS
01-01 08:00:09.645 1488 1488 W android.permission.PermissionManager: Missing ActivityManager; assuming 1000 holds android.permission.SET_PREFERRED_APPLICATIONS
01-01 08:00:09.645 1488 1488 W android.permission.PermissionManager: Missing ActivityManager; assuming 1000 holds android.permission.SET_PREFERRED_APPLICATIONS
01-01 08:00:09.646 1488 1488 W android.permission.PermissionManager: Missing ActivityManager; assuming 1000 holds android.permission.SET_PREFERRED_APPLICATIONS
01-01 08:00:09.646 1488 1488 W android.permission.PermissionManager: Missing ActivityManager; assuming 1000 holds android.permission.SET_PREFERRED_APPLICATIONS
01-01 08:00:09.646 1488 1488 W android.permission.PermissionManager: Missing ActivityManager; assuming 1000 holds android.permission.SET_PREFERRED_APPLICATIONS
01-01 08:00:09.646 1488 1488 W android.permission.PermissionManager: Missing ActivityManager; assuming 1000 holds android.permission.SET_PREFERRED_APPLICATIONS
01-01 08:00:09.646 1488 1488 W android.permission.PermissionManager: Missing ActivityManager; assuming 1000 holds android.permission.SET_PREFERRED_APPLICATIONS
01-01 08:00:09.646 1488 1488 W android.permission.PermissionManager: Missing ActivityManager; assuming 1000 holds android.permission.SET_PREFERRED_APPLICATIONS
01-01 08:00:09.646 1488 1488 W android.permission.PermissionManager: Missing ActivityManager; assuming 1000 holds android.permission.SET_PREFERRED_APPLICATIONS
01-01 08:00:09.646 1488 1488 W android.permission.PermissionManager: Missing ActivityManager; assuming 1000 holds android.permission.SET_PREFERRED_APPLICATIONS
01-01 08:00:09.646 1488 1488 W android.permission.PermissionManager: Missing ActivityManager; assuming 1000 holds android.permission.SET_PREFERRED_APPLICATIONS
01-01 08:00:09.646 1488 1488 W android.permission.PermissionManager: Missing ActivityManager; assuming 1000 holds android.permission.SET_PREFERRED_APPLICATIONS
01-01 08:00:09.646 1488 1488 W android.permission.PermissionManager: Missing ActivityManager; assuming 1000 holds android.permission.SET_PREFERRED_APPLICATIONS
01-01 08:00:09.646 1488 1488 W android.permission.PermissionManager: Missing ActivityManager; assuming 1000 holds android.permission.SET_PREFERRED_APPLICATIONS
01-01 08:00:09.646 1488 1488 W android.permission.PermissionManager: Missing ActivityManager; assuming 1000 holds android.permission.SET_PREFERRED_APPLICATIONS
01-01 08:00:09.646 1488 1488 W android.permission.PermissionManager: Missing ActivityManager; assuming 1000 holds android.permission.SET_PREFERRED_APPLICATIONS
01-01 08:00:09.647 1488 1488 W android.permission.PermissionManager: Missing ActivityManager; assuming 1000 holds android.permission.SET_PREFERRED_APPLICATIONS
01-01 08:00:09.654 1488 1488 W PackageSettings: Missing permission state for package: android.frameworkres.overlay
01-01 08:00:09.654 1488 1488 W PackageSettings: Missing permission state for package: com.android.cts.priv.ctsshim
01-01 08:00:09.654 1488 1488 W PackageSettings: Missing permission state for package: com.thundercomm.gamemode.provider
01-01 08:00:09.654 1488 1488 W PackageSettings: Missing permission state for package: com.android.internal.systemui.navbar.gestural_wide_back
01-01 08:00:09.654 1488 1488 W PackageSettings: Missing permission state for package: com.qualcomm.qti.gpudrivers.kona.api30
01-01 08:00:09.654 1488 1488 W PackageSettings: Missing permission state for package: com.android.htmlviewer
01-01 08:00:09.654 1488 1488 W PackageSettings: Missing permission state for package: com.android.internal.systemui.onehanded.gestural
01-01 08:00:09.654 1488 1488 W PackageSettings: Missing permission state for package: android.qvaoverlay.common
01-01 08:00:09.654 1488 1488 W PackageSettings: Missing permission state for package: android.overlay.common
01-01 08:00:09.654 1488 1488 W PackageSettings: Missing permission state for package: com.android.connectivity.resources
01-01 08:00:09.654 1488 1488 W PackageSettings: Missing permission state for package: com.android.modulemetadata
01-01 08:00:09.654 1488 1488 W PackageSettings: Missing permission state for package: android.overlay.target
01-01 08:00:09.654 1488 1488 W PackageSettings: Missing permission state for package: com.android.internal.systemui.navbar.gestural_extra_wide_back
01-01 08:00:09.654 1488 1488 W PackageSettings: Missing permission state for package: com.android.wifi.resources.overlay.common
01-01 08:00:09.654 1488 1488 W PackageSettings: Missing permission state for package: com.android.dreams.basic
01-01 08:00:09.654 1488 1488 W PackageSettings: Missing permission state for package: com.android.settings.overlay.common
01-01 08:00:09.654 1488 1488 W PackageSettings: Missing permission state for package: android.ext.shared
01-01 08:00:09.654 1488 1488 W PackageSettings: Missing permission state for package: com.android.wifi.resources.overlay.target
01-01 08:00:09.654 1488 1488 W PackageSettings: Missing permission state for package: com.android.wifi.resources
01-01 08:00:09.654 1488 1488 W PackageSettings: Missing permission state for package: com.android.systemui.overlay.common
01-01 08:00:09.654 1488 1488 W PackageSettings: Missing permission state for package: com.android.cameraextensions
01-01 08:00:09.654 1488 1488 W PackageSettings: Missing permission state for package: com.android.theme.font.notoserifsource
01-01 08:00:09.654 1488 1488 W PackageSettings: Missing permission state for package: com.android.internal.display.cutout.emulation.waterfall
01-01 08:00:09.654 1488 1488 W PackageSettings: Missing permission state for package: com.android.providers.settings.overlay
01-01 08:00:09.654 1488 1488 W PackageSettings: Missing permission state for package: com.android.bookmarkprovider
01-01 08:00:09.655 1488 1488 W PackageSettings: Missing permission state for package: com.android.cts.ctsshim
01-01 08:00:09.655 1488 1488 W PackageSettings: Missing permission state for package: com.qualcomm.qti.xrcb
01-01 08:00:09.655 1488 1488 W PackageSettings: Missing permission state for package: com.android.internal.systemui.navbar.gestural
01-01 08:00:09.655 1488 1488 W PackageSettings: Missing permission state for package: com.android.internal.systemui.navbar.gestural_narrow_back
01-01 08:00:09.655 1488 1488 W PackageSettings: Missing permission state for package: com.android.cellbroadcastreceiver.overlay.common
01-01 08:00:09.655 1488 1488 W PackageSettings: Missing permission state for shared user: android.uid.log
01-01 08:00:09.655 1488 1488 W PackageSettings: Missing permission state for shared user: android.uid.uwb
01-01 08:00:09.668 1488 1488 I boot_progress_pms_system_scan_start: 7424
01-01 08:00:09.670 1488 1488 D PackageManager: Keeping known cache 003ecd8c960a0405d3c5bddd530f977b769e25a6
01-01 08:00:09.670 1488 1488 W android.permission.PermissionManager: Missing ActivityManager; assuming 1000 holds android.permission.WATCH_APPOPS
01-01 08:00:09.671 1488 1488 W android.permission.PermissionManager: Missing ActivityManager; assuming 1000 holds android.permission.WATCH_APPOPS
01-01 08:00:09.675 1488 1488 D CompatibilityChangeReporter: Compat change id reported: 143539591; UID -1; state: ENABLED
01-01 08:00:09.688 1488 1488 D CompatibilityChangeReporter: Compat change id reported: 143539591; UID -1; state: DISABLED
01-01 08:00:09.688 1488 1488 D CompatibilityChangeReporter: Compat change id reported: 168782947; UID -1; state: ENABLED
01-01 08:00:09.690 1488 1488 W PackageManager: Failed to parse /system/framework/arm64: Missing base APK in /system/framework/arm64
01-01 08:00:09.690 1488 1488 W PackageManager: Failed to parse /system/framework/arm: Missing base APK in /system/framework/arm
01-01 08:00:09.690 1488 1488 W PackageManager: Failed to parse /system/framework/oat: Missing base APK in /system/framework/oat
01-01 08:00:09.743 1488 1488 D CompatibilityChangeReporter: Compat change id reported: 168782947; UID -1; state: DISABLED
01-01 08:00:09.780 1488 1634 D CompatibilityChangeReporter: Compat change id reported: 150232615; UID -1; state: DISABLED
01-01 08:00:09.783 1488 1635 W PackageParsing: No actions in intent-filter at /system/priv-app/BuiltInPrintService/BuiltInPrintService.apk Binary XML file line #53
01-01 08:00:09.827 1488 1635 W PackageParsing: No actions in intent-filter at /system/priv-app/baidu_ime-mainLine-release/baidu_ime-mainLine-release.apk Binary XML file line #1529
01-01 08:00:09.825 989 989 I auditd : type=1400 audit(0.0:201): avc: denied { read write } for comm="sensors.qti" name="diag" dev="tmpfs" ino=14398 scontext=u:r:vendor_sensors_qti:s0 tcontext=u:object_r:vendor_diag_device:s0 tclass=chr_file permissive=0
01-01 08:00:09.832 1488 1632 W PackageParsing: Ignoring duplicate uses-permissions/uses-permissions-sdk-m: android.permission.ACCESS_WIFI_STATE in package: com.microsoft.emmx at: Binary XML file line #105
01-01 08:00:09.872 1488 1633 W PackageParsing: No actions in intent-filter at /system/app/Bluetooth/Bluetooth.apk Binary XML file line #186
01-01 08:00:09.872 1488 1633 W PackageParsing: No actions in intent-filter at /system/app/Bluetooth/Bluetooth.apk Binary XML file line #210
01-01 08:00:09.872 1488 1633 W PackageParsing: No actions in intent-filter at /system/app/Bluetooth/Bluetooth.apk Binary XML file line #284
01-01 08:00:09.883 1488 1634 W PackageParsing: Ignoring duplicate uses-permissions/uses-permissions-sdk-m: android.permission.READ_EXTERNAL_STORAGE in package: com.thundercomm.screensaver at: Binary XML file line #19
01-01 08:00:09.899 1488 1488 W PackageManager: Failed to parse /vendor/app/CneApp: Missing base APK in /vendor/app/CneApp/lib/arm64
01-01 08:00:10.025 989 989 I auditd : type=1400 audit(0.0:202): avc: denied { read write } for comm="sensors.qti" name="diag" dev="tmpfs" ino=14398 scontext=u:r:vendor_sensors_qti:s0 tcontext=u:object_r:vendor_diag_device:s0 tclass=chr_file permissive=0
01-01 08:00:10.062 1488 1635 W PackageParsing: Ignoring duplicate uses-permissions/uses-permissions-sdk-m: android.permission.CONFIGURE_WIFI_DISPLAY in package: com.android.systemui at: Binary XML file line #160
01-01 08:00:10.181 1488 1488 I PackageManager: /system_ext/priv-app/Settings changed; collecting certs
01-01 08:00:10.225 1488 1634 W PackageParsing: Ignoring duplicate uses-permissions/uses-permissions-sdk-m: android.permission.INTERACT_ACROSS_USERS in package: com.thundercomm.microsettings at: Binary XML file line #13
01-01 08:00:10.225 1488 1634 W PackageParsing: Ignoring duplicate uses-permissions/uses-permissions-sdk-m: android.permission.SET_TIME_ZONE in package: com.thundercomm.microsettings at: Binary XML file line #31
01-01 08:00:10.225 1488 1634 W PackageParsing: Ignoring duplicate uses-permissions/uses-permissions-sdk-m: android.permission.WRITE_EXTERNAL_STORAGE in package: com.thundercomm.microsettings at: Binary XML file line #37
01-01 08:00:10.225 989 989 I auditd : type=1400 audit(0.0:203): avc: denied { read write } for comm="sensors.qti" name="diag" dev="tmpfs" ino=14398 scontext=u:r:vendor_sensors_qti:s0 tcontext=u:object_r:vendor_diag_device:s0 tclass=chr_file permissive=0
01-01 08:00:10.243 1488 1633 W PackageParsing: No actions in intent-filter at /system_ext/app/SnapdragonMusic/SnapdragonMusic.apk Binary XML file line #83
01-01 08:00:10.244 1488 1633 W PackageParsing: No actions in intent-filter at /system_ext/app/SnapdragonMusic/SnapdragonMusic.apk Binary XML file line #206
01-01 08:00:10.289 1488 1488 W PackageManager: Skipping provider name com.android.permissioncontroller (in package com.android.permissioncontroller): name already used by com.android.settings
01-01 08:00:10.289 1488 1488 W PackageManager: Skipping provider name com.android.permissioncontroller.role (in package com.android.permissioncontroller): name already used by com.android.settings
01-01 08:00:10.308 1488 1488 I PackageManager: Finished scanning system apps. Time: 640 ms, packageCount: 137 , timePerPackage: 4 , cached: 0
01-01 08:00:10.308 1488 1488 I boot_progress_pms_data_scan_start: 8064
01-01 08:00:10.308 1488 1488 I PackageManager: Finished scanning non-system apps. Time: 0 ms, packageCount: 0 , timePerPackage: 0 , cached: 0
01-01 08:00:10.309 1488 1488 E PackageManager: updateAllSharedLibrariesLPw failed: Package com.qualcomm.embms requires unavailable shared library com.qualcomm.qcrilhook; failing!
01-01 08:00:10.309 1488 1488 E PackageManager: updateAllSharedLibrariesLPw failed: Package com.android.systemui requires unavailable shared library com.qti.extphone.extphonelib; failing!
01-01 08:00:10.309 1488 1488 E PackageManager: updateAllSharedLibrariesLPw failed: Package com.android.settings requires unavailable shared library com.qti.extphone.extphonelib; failing!
01-01 08:00:10.309 1488 1488 E PackageManager: updateAllSharedLibrariesLPw failed: Package com.qualcomm.qti.devicestatisticsservice requires unavailable shared library qti-telephony-hidl-wrapper-prd; failing!
01-01 08:00:10.309 1488 1488 E PackageManager: updateAllSharedLibrariesLPw failed: Package com.qti.snapdragon.qdcm_ff requires unavailable shared library vendor.display.color.V1_0.IDisplayColor; failing!
01-01 08:00:10.309 1488 1488 E PackageManager: updateAllSharedLibrariesLPw failed: Package com.qti.pasrservice requires unavailable shared library vendor.qti.power.pasrmanager.V1_0.IPasrManager; failing!
01-01 08:00:10.309 1488 1488 E PackageManager: updateAllSharedLibrariesLPw failed: Package com.qualcomm.wfd.service requires unavailable shared library .WfdService; failing!
01-01 08:00:10.312 1488 1488 I boot_progress_pms_scan_end: 8068
01-01 08:00:10.312 1488 1488 I PackageManager: Time to scan packages: 0.644 seconds
01-01 08:00:10.312 1488 1488 I PackageManager: Permission ownership changed. Updating all permissions.
01-01 08:00:10.334 1488 1488 V PackageManager: reconcileAppsData for null u0 0x1 migrateAppData=true
01-01 08:00:10.387 1488 1488 V PackageManager: reconcileAppsData finished 27 packages
01-01 08:00:10.388 1488 1488 I PackageManagerTiming: write settings
01-01 08:00:10.388 1488 1646 I SystemServerTimingAsync: InitThreadPoolExec:prepareAppData
01-01 08:00:10.419 1488 1488 I commit_sys_config_file: [package-user-0,2]
01-01 08:00:10.419 1488 1488 I commit_sys_config_file: [package,31]
01-01 08:00:10.419 1488 1488 I boot_progress_pms_ready: 8175
01-01 08:00:10.420 1488 1488 W PackageManager: Intent filter verifier not found
01-01 08:00:10.420 1488 1488 W PackageManager: Domain verification agent not found
01-01 08:00:10.425 1488 1488 I PackageManagerTiming: GC
01-01 08:00:10.426 1488 1488 I PackageManager: Fix for b/169414761 is applied
01-01 08:00:10.426 1488 1488 V UserManagerService: Checking that all system packages are whitelisted.
01-01 08:00:10.428 1488 1488 W UserManagerService: checkWhitelistedSystemPackages(mode=ENFORCE|IMPLICIT_WHITELIST|IMPLICIT_WHITELIST_SYSTEM) has 68 warnings:
01-01 08:00:10.428 1488 1488 W UserManagerService: com.android.internal.display.cutout.emulation.corner is allowlisted but not present.
01-01 08:00:10.428 1488 1488 W UserManagerService: com.android.internal.display.cutout.emulation.double is allowlisted but not present.
01-01 08:00:10.428 1488 1488 W UserManagerService: com.android.theme.color.amethyst is allowlisted but not present.
01-01 08:00:10.428 1488 1488 W UserManagerService: com.android.theme.icon.pebble is allowlisted but not present.
01-01 08:00:10.429 1488 1488 W UserManagerService: com.android.theme.color.sand is allowlisted but not present.
01-01 08:00:10.429 1488 1488 W UserManagerService: com.android.theme.icon.vessel is allowlisted but not present.
01-01 08:00:10.429 1488 1488 W UserManagerService: com.android.theme.color.cinnamon is allowlisted but not present.
01-01 08:00:10.429 1488 1488 W UserManagerService: com.android.theme.icon_pack.victor.settings is allowlisted but not present.
01-01 08:00:10.429 1488 1488 W UserManagerService: com.android.theme.icon_pack.rounded.systemui is allowlisted but not present.
01-01 08:00:10.429 1488 1488 W UserManagerService: com.android.theme.icon.taperedrect is allowlisted but not present.
01-01 08:00:10.429 1488 1488 W UserManagerService: com.android.theme.icon_pack.rounded.android is allowlisted but not present.
01-01 08:00:10.429 1488 1488 W UserManagerService: com.qualcomm.qti.euiccresource is allowlisted but not present.
01-01 08:00:10.429 1488 1488 W UserManagerService: com.qualcomm.qti.telephonyservice is allowlisted but not present.
01-01 08:00:10.429 1488 1488 W UserManagerService: com.android.theme.icon_pack.victor.systemui is allowlisted but not present.
01-01 08:00:10.429 1488 1488 W UserManagerService: com.android.theme.icon_pack.circular.themepicker is allowlisted but not present.
01-01 08:00:10.429 1488 1488 W UserManagerService: com.android.theme.color.tangerine is allowlisted but not present.
01-01 08:00:10.429 1488 1488 W UserManagerService: com.android.theme.color.aquamarine is allowlisted but not present.
01-01 08:00:10.429 1488 1488 W UserManagerService: com.android.internal.display.cutout.emulation.hole is allowlisted but not present.
01-01 08:00:10.429 1488 1488 W UserManagerService: com.android.internal.display.cutout.emulation.tall is allowlisted but not present.
01-01 08:00:10.429 1488 1488 W UserManagerService: com.android.theme.color.black is allowlisted but not present.
01-01 08:00:10.429 1488 1488 W UserManagerService: com.android.theme.color.green is allowlisted but not present.
01-01 08:00:10.429 1488 1488 W UserManagerService: com.android.theme.color.ocean is allowlisted but not present.
01-01 08:00:10.429 1488 1488 W UserManagerService: com.android.theme.color.space is allowlisted but not present.
01-01 08:00:10.429 1488 1488 W UserManagerService: com.android.internal.systemui.navbar.threebutton is allowlisted but not present.
01-01 08:00:10.429 1488 1488 W UserManagerService: com.qti.qualcomm.datastatusnotification is allowlisted but not present.
01-01 08:00:10.429 1488 1488 W UserManagerService: com.qualcomm.qti.callfeaturessetting is allowlisted but not present.
01-01 08:00:10.429 1488 1488 W UserManagerService: com.android.theme.icon_pack.rounded.launcher is allowlisted but not present.
01-01 08:00:10.429 1488 1488 W UserManagerService: com.qti.qualcomm.deviceinfo is allowlisted but not present.
01-01 08:00:10.429 1488 1488 W UserManagerService: com.android.theme.icon_pack.kai.settings is allowlisted but not present.
01-01 08:00:10.429 1488 1488 W UserManagerService: com.android.internal.systemui.navbar.twobutton is allowlisted but not present.
01-01 08:00:10.429 1488 1488 W UserManagerService: org.codeaurora.ims is allowlisted but not present.
01-01 08:00:10.429 1488 1488 W UserManagerService: com.android.theme.icon_pack.sam.settings is allowlisted but not present.
01-01 08:00:10.429 1488 1488 W UserManagerService: com.android.theme.icon_pack.kai.themepicker is allowlisted but not present.
01-01 08:00:10.429 1488 1488 W UserManagerService: com.qualcomm.qcrilmsgtunnel is allowlisted but not present.
01-01 08:00:10.429 1488 1488 W UserManagerService: com.android.theme.icon_pack.victor.launcher is allowlisted but not present.
01-01 08:00:10.429 1488 1488 W UserManagerService: com.android.theme.icon_pack.filled.settings is allowlisted but not present.
01-01 08:00:10.429 1488 1488 W UserManagerService: com.android.theme.icon_pack.kai.systemui is allowlisted but not present.
01-01 08:00:10.429 1488 1488 W UserManagerService: com.android.theme.icon_pack.circular.settings is allowlisted but not present.
01-01 08:00:10.429 1488 1488 W UserManagerService: com.qti.xdivert is allowlisted but not present.
01-01 08:00:10.429 1488 1488 W UserManagerService: com.android.theme.icon_pack.sam.systemui is allowlisted but not present.
01-01 08:00:10.429 1488 1488 W UserManagerService: com.android.theme.icon.teardrop is allowlisted but not present.
01-01 08:00:10.429 1488 1488 W UserManagerService: com.android.theme.icon_pack.rounded.themepicker is allowlisted but not present.
01-01 08:00:10.429 1488 1488 W UserManagerService: com.android.theme.icon_pack.filled.systemui is allowlisted but not present.
01-01 08:00:10.429 1488 1488 W UserManagerService: com.qualcomm.qti.imsiprivacy.tests is allowlisted but not present.
01-01 08:00:10.429 1488 1488 W UserManagerService: com.android.theme.icon_pack.sam.android is allowlisted but not present.
01-01 08:00:10.429 1488 1488 W UserManagerService: com.android.theme.icon_pack.filled.android is allowlisted but not present.
01-01 08:00:10.429 1488 1488 W UserManagerService: com.android.theme.icon_pack.circular.systemui is allowlisted but not present.
01-01 08:00:10.429 1488 1488 W UserManagerService: com.android.theme.icon_pack.kai.android is allowlisted but not present.
01-01 08:00:10.429 1488 1488 W UserManagerService: com.android.theme.icon_pack.kai.launcher is allowlisted but not present.
01-01 08:00:10.429 1488 1488 W UserManagerService: com.qualcomm.qti.sam.service is allowlisted but not present.
01-01 08:00:10.429 1488 1488 W UserManagerService: com.android.theme.icon_pack.sam.launcher is allowlisted but not present.
01-01 08:00:10.429 1488 1488 W UserManagerService: com.android.theme.icon.squircle is allowlisted but not present.
01-01 08:00:10.429 1488 1488 W UserManagerService: com.android.theme.icon_pack.victor.android is allowlisted but not present.
01-01 08:00:10.429 1488 1488 W UserManagerService: com.android.theme.color.palette is allowlisted but not present.
01-01 08:00:10.429 1488 1488 W UserManagerService: com.android.theme.icon_pack.filled.launcher is allowlisted but not present.
01-01 08:00:10.429 1488 1488 W UserManagerService: com.android.theme.color.carbon is allowlisted but not present.
01-01 08:00:10.429 1488 1488 W UserManagerService: com.android.theme.icon_pack.circular.launcher is allowlisted but not present.
01-01 08:00:10.429 1488 1488 W UserManagerService: com.android.theme.icon_pack.filled.themepicker is allowlisted but not present.
01-01 08:00:10.429 1488 1488 W UserManagerService: com.android.theme.icon_pack.victor.themepicker is allowlisted but not present.
01-01 08:00:10.429 1488 1488 W UserManagerService: com.android.theme.color.orchid is allowlisted but not present.
01-01 08:00:10.429 1488 1488 W UserManagerService: com.android.theme.color.purple is allowlisted but not present.
01-01 08:00:10.429 1488 1488 W UserManagerService: com.qualcomm.qti.confdialer is allowlisted but not present.
01-01 08:00:10.429 1488 1488 W UserManagerService: com.android.theme.icon_pack.sam.themepicker is allowlisted but not present.
01-01 08:00:10.429 1488 1488 W UserManagerService: com.qualcomm.atfwd is allowlisted but not present.
01-01 08:00:10.429 1488 1488 W UserManagerService: com.android.theme.icon.roundedrect is allowlisted but not present.
01-01 08:00:10.429 1488 1488 W UserManagerService: com.android.theme.icon_pack.rounded.settings is allowlisted but not present.
01-01 08:00:10.429 1488 1488 W UserManagerService: org.codeaurora.qti.nrNetworkSettingApp is allowlisted but not present.
01-01 08:00:10.429 1488 1488 W UserManagerService: com.android.theme.icon_pack.circular.android is allowlisted but not present.
01-01 08:00:10.425 989 989 I auditd : type=1400 audit(0.0:204): avc: denied { read write } for comm="sensors.qti" name="diag" dev="tmpfs" ino=14398 scontext=u:r:vendor_sensors_qti:s0 tcontext=u:object_r:vendor_diag_device:s0 tclass=chr_file permissive=0
01-01 08:00:10.430 1488 1488 I Watchdog: Resuming HandlerChecker: main thread for reason: packagemanagermain. Pause count: 0
01-01 08:00:10.430 1488 1488 I SystemServerDexLoadReporter: Configuring system server dex reporter
01-01 08:00:10.434 1488 1488 I SystemServerTiming: StartOtaDexOptService
01-01 08:00:10.434 1488 1488 I Watchdog: Pausing HandlerChecker: main thread for reason: moveab. Pause count: 1
01-01 08:00:10.435 1488 1488 D OTADexopt: No upgrade, skipping A/B artifacts check.
01-01 08:00:10.435 1488 1488 I Watchdog: Resuming HandlerChecker: main thread for reason: moveab. Pause count: 0
01-01 08:00:10.435 1488 1488 I SystemServerTiming: StartUserManagerService
01-01 08:00:10.435 1488 1488 I SystemServiceManager: Starting com.android.server.pm.UserManagerService$LifeCycle
01-01 08:00:10.435 1488 1488 I SystemServerTiming: InitAttributerCache
01-01 08:00:10.436 1488 1488 I SystemServerTiming: SetSystemProcess
01-01 08:00:10.439 1488 1488 I am_uid_running: 1000
01-01 08:00:10.440 1488 1608 I ActivityManager: Connection with lmkd established
01-01 08:00:10.441 1488 1488 I am_uid_active: 1000
01-01 08:00:10.441 1488 1488 I SystemServerTiming: InitWatchdog
01-01 08:00:10.442 1488 1488 I SystemServerTiming: StartOverlayManagerService
01-01 08:00:10.451 1488 1520 V HistoricalRegistry: Interaction before persistence initialized
01-01 08:00:10.474 1488 1488 I commit_sys_config_file: [overlays,0]
01-01 08:00:10.478 1488 1593 W ActivityTaskManager: Skip updateConfiguration because mWindowManager isn't set
01-01 08:00:10.484 1488 1488 I SystemServerTiming: StartSensorPrivacyService
01-01 08:00:10.486 1488 1488 I SystemServerTiming: StartThunderBoostPerfService
01-01 08:00:10.487 1488 1488 I SystemServerTiming: StartSensorService
01-01 08:00:10.487 1488 1488 I SystemServiceManager: Starting com.android.server.sensors.SensorService
01-01 08:00:10.487 1488 1488 I SystemServerTiming: startCoreServices
01-01 08:00:10.487 1488 1488 I SystemServerTiming: StartSystemConfigService
01-01 08:00:10.487 1488 1488 I SystemServiceManager: Starting com.android.server.SystemConfigService
01-01 08:00:10.487 1488 1650 I SystemServerTimingAsync: InitThreadPoolExec:StartNativeSensorService
01-01 08:00:10.487 1488 1650 I SystemServerTimingAsync: StartNativeSensorService
01-01 08:00:10.488 1488 1488 I SystemServerTiming: StartBatteryService
01-01 08:00:10.488 1488 1488 I SystemServiceManager: Starting com.android.server.BatteryService
01-01 08:00:10.491 1208 1654 I storaged: storaged: Start
01-01 08:00:10.491 1488 1604 I battery_status: [1,1,0,0,]
01-01 08:00:10.495 1488 1488 I HealthServiceWrapper: health: HealthServiceWrapper listening to instance default
01-01 08:00:10.495 1488 1488 I BatteryService: health: Waited 0ms and received the update.
01-01 08:00:10.495 1488 1488 I SystemServerTiming: StartUsageService
