12-31 01:29:25.901 1488 1606 I am_wtf : [0,1488,system_server,-1,DisplayDeviceConfig,requesting nits when no mapping exists.]
12-31 01:29:25.917 1488 1871 E DisplayDeviceConfig: requesting nits when no mapping exists.
12-31 01:29:25.917 1488 1606 I am_wtf : [0,1488,system_server,-1,DisplayDeviceConfig,requesting nits when no mapping exists.]
12-31 01:29:25.917 1488 1871 E DisplayDeviceConfig: requesting nits when no mapping exists.
12-31 01:29:25.917 1488 1606 I am_wtf : [0,1488,system_server,-1,DisplayDeviceConfig,requesting nits when no mapping exists.]
12-31 01:29:25.934 1488 1871 E DisplayDeviceConfig: requesting nits when no mapping exists.
12-31 01:29:25.934 1488 1606 I am_wtf : [0,1488,system_server,-1,DisplayDeviceConfig,requesting nits when no mapping exists.]
12-31 01:29:25.934 1488 1871 E DisplayDeviceConfig: requesting nits when no mapping exists.
12-31 01:29:25.934 1488 1606 I am_wtf : [0,1488,system_server,-1,DisplayDeviceConfig,requesting nits when no mapping exists.]
12-31 01:29:25.950 1488 1871 E DisplayDeviceConfig: requesting nits when no mapping exists.
12-31 01:29:25.951 1488 1871 E DisplayDeviceConfig: requesting nits when no mapping exists.
12-31 01:29:25.951 1488 1606 I am_wtf : [0,1488,system_server,-1,DisplayDeviceConfig,requesting nits when no mapping exists.]
12-31 01:29:25.951 1488 1606 I am_wtf : [0,1488,system_server,-1,DisplayDeviceConfig,requesting nits when no mapping exists.]
12-31 01:29:25.967 1488 1871 E DisplayDeviceConfig: requesting nits when no mapping exists.
12-31 01:29:25.967 1488 1871 E DisplayDeviceConfig: requesting nits when no mapping exists.
12-31 01:29:25.967 1488 1606 I am_wtf : [0,1488,system_server,-1,DisplayDeviceConfig,requesting nits when no mapping exists.]
12-31 01:29:25.967 1488 1606 I am_wtf : [0,1488,system_server,-1,DisplayDeviceConfig,requesting nits when no mapping exists.]
12-31 01:29:25.984 1488 1871 E DisplayDeviceConfig: requesting nits when no mapping exists.
12-31 01:29:25.984 1488 1871 E DisplayDeviceConfig: requesting nits when no mapping exists.
12-31 01:29:25.984 1488 1606 I am_wtf : [0,1488,system_server,-1,DisplayDeviceConfig,requesting nits when no mapping exists.]
12-31 01:29:25.984 1488 1606 I am_wtf : [0,1488,system_server,-1,DisplayDeviceConfig,requesting nits when no mapping exists.]
12-31 01:29:26.001 1488 1871 E DisplayDeviceConfig: requesting nits when no mapping exists.
12-31 01:29:26.001 1488 1871 E DisplayDeviceConfig: requesting nits when no mapping exists.
12-31 01:29:26.001 1488 1606 I am_wtf : [0,1488,system_server,-1,DisplayDeviceConfig,requesting nits when no mapping exists.]
12-31 01:29:26.001 1488 1606 I am_wtf : [0,1488,system_server,-1,DisplayDeviceConfig,requesting nits when no mapping exists.]
12-31 01:29:26.017 1488 1871 E DisplayDeviceConfig: requesting nits when no mapping exists.
12-31 01:29:26.017 1488 1606 I am_wtf : [0,1488,system_server,-1,DisplayDeviceConfig,requesting nits when no mapping exists.]
12-31 01:29:26.017 1488 1871 E DisplayDeviceConfig: requesting nits when no mapping exists.
12-31 01:29:26.018 1488 1606 I am_wtf : [0,1488,system_server,-1,DisplayDeviceConfig,requesting nits when no mapping exists.]
12-31 01:29:26.034 1488 1871 E DisplayDeviceConfig: requesting nits when no mapping exists.
12-31 01:29:26.034 1488 1871 E DisplayDeviceConfig: requesting nits when no mapping exists.
12-31 01:29:26.034 1488 1606 I am_wtf : [0,1488,system_server,-1,DisplayDeviceConfig,requesting nits when no mapping exists.]
12-31 01:29:26.034 1488 1606 I am_wtf : [0,1488,system_server,-1,DisplayDeviceConfig,requesting nits when no mapping exists.]
12-31 01:29:26.051 1488 1871 E DisplayDeviceConfig: requesting nits when no mapping exists.
12-31 01:29:26.051 1488 1871 E DisplayDeviceConfig: requesting nits when no mapping exists.
12-31 01:29:26.051 1488 1606 I am_wtf : [0,1488,system_server,-1,DisplayDeviceConfig,requesting nits when no mapping exists.]
12-31 01:29:26.051 1488 1606 I am_wtf : [0,1488,system_server,-1,DisplayDeviceConfig,requesting nits when no mapping exists.]
12-31 01:29:26.067 1488 1871 E DisplayDeviceConfig: requesting nits when no mapping exists.
12-31 01:29:26.067 1488 1871 E DisplayDeviceConfig: requesting nits when no mapping exists.
12-31 01:29:26.067 1488 1606 I am_wtf : [0,1488,system_server,-1,DisplayDeviceConfig,requesting nits when no mapping exists.]
12-31 01:29:26.068 1488 1606 I am_wtf : [0,1488,system_server,-1,DisplayDeviceConfig,requesting nits when no mapping exists.]
12-31 01:29:26.084 1488 1871 E DisplayDeviceConfig: requesting nits when no mapping exists.
12-31 01:29:26.084 1488 1871 E DisplayDeviceConfig: requesting nits when no mapping exists.
12-31 01:29:26.084 1488 1606 I am_wtf : [0,1488,system_server,-1,DisplayDeviceConfig,requesting nits when no mapping exists.]
12-31 01:29:26.084 1488 1606 I am_wtf : [0,1488,system_server,-1,DisplayDeviceConfig,requesting nits when no mapping exists.]
12-31 01:29:26.084 1488 1606 I service_manager_stats: [100,27,7165]
12-31 01:29:26.101 1488 1871 E DisplayDeviceConfig: requesting nits when no mapping exists.
12-31 01:29:26.101 1488 1606 I am_wtf : [0,1488,system_server,-1,DisplayDeviceConfig,requesting nits when no mapping exists.]
12-31 01:29:26.101 1488 1871 E DisplayDeviceConfig: requesting nits when no mapping exists.
12-31 01:29:26.102 1488 1606 I am_wtf : [0,1488,system_server,-1,DisplayDeviceConfig,requesting nits when no mapping exists.]
12-31 01:29:26.117 1488 1871 E DisplayDeviceConfig: requesting nits when no mapping exists.
12-31 01:29:26.118 1488 1606 I am_wtf : [0,1488,system_server,-1,DisplayDeviceConfig,requesting nits when no mapping exists.]
12-31 01:29:26.118 1488 1871 E DisplayDeviceConfig: requesting nits when no mapping exists.
12-31 01:29:26.118 1488 1606 I am_wtf : [0,1488,system_server,-1,DisplayDeviceConfig,requesting nits when no mapping exists.]
12-31 01:29:26.134 1488 1871 E DisplayDeviceConfig: requesting nits when no mapping exists.
12-31 01:29:26.134 1488 1606 I am_wtf : [0,1488,system_server,-1,DisplayDeviceConfig,requesting nits when no mapping exists.]
12-31 01:29:26.134 1488 1871 E DisplayDeviceConfig: requesting nits when no mapping exists.
12-31 01:29:26.134 1488 1606 I am_wtf : [0,1488,system_server,-1,DisplayDeviceConfig,requesting nits when no mapping exists.]
12-31 01:29:26.151 1488 1871 E DisplayDeviceConfig: requesting nits when no mapping exists.
12-31 01:29:26.151 1488 1606 I am_wtf : [0,1488,system_server,-1,DisplayDeviceConfig,requesting nits when no mapping exists.]
12-31 01:29:26.151 1488 1871 E DisplayDeviceConfig: requesting nits when no mapping exists.
12-31 01:29:26.154 1488 1606 I am_wtf : [0,1488,system_server,-1,DisplayDeviceConfig,requesting nits when no mapping exists.]
12-31 01:29:26.168 1488 1871 E DisplayDeviceConfig: requesting nits when no mapping exists.
12-31 01:29:26.168 1488 1871 E DisplayDeviceConfig: requesting nits when no mapping exists.
12-31 01:29:26.168 1488 1606 I am_wtf : [0,1488,system_server,-1,DisplayDeviceConfig,requesting nits when no mapping exists.]
12-31 01:29:26.168 1488 1606 I am_wtf : [0,1488,system_server,-1,DisplayDeviceConfig,requesting nits when no mapping exists.]
12-31 01:29:26.184 1488 1871 E DisplayDeviceConfig: requesting nits when no mapping exists.
12-31 01:29:26.184 1488 1871 E DisplayDeviceConfig: requesting nits when no mapping exists.
12-31 01:29:26.184 1488 1606 I am_wtf : [0,1488,system_server,-1,DisplayDeviceConfig,requesting nits when no mapping exists.]
12-31 01:29:26.185 1488 1606 I am_wtf : [0,1488,system_server,-1,DisplayDeviceConfig,requesting nits when no mapping exists.]
12-31 01:29:26.201 1488 1871 E DisplayDeviceConfig: requesting nits when no mapping exists.
12-31 01:29:26.201 1488 1871 E DisplayDeviceConfig: requesting nits when no mapping exists.
12-31 01:29:26.201 1488 1606 I am_wtf : [0,1488,system_server,-1,DisplayDeviceConfig,requesting nits when no mapping exists.]
12-31 01:29:26.201 1488 1606 I am_wtf : [0,1488,system_server,-1,DisplayDeviceConfig,requesting nits when no mapping exists.]
12-31 01:29:26.218 1488 1871 E DisplayDeviceConfig: requesting nits when no mapping exists.
12-31 01:29:26.218 1488 1871 E DisplayDeviceConfig: requesting nits when no mapping exists.
12-31 01:29:26.218 1488 1606 I am_wtf : [0,1488,system_server,-1,DisplayDeviceConfig,requesting nits when no mapping exists.]
12-31 01:29:26.218 1488 1606 I am_wtf : [0,1488,system_server,-1,DisplayDeviceConfig,requesting nits when no mapping exists.]
12-31 01:29:26.234 1488 1871 E DisplayDeviceConfig: requesting nits when no mapping exists.
12-31 01:29:26.234 1488 1871 E DisplayDeviceConfig: requesting nits when no mapping exists.
12-31 01:29:26.234 1488 1606 I am_wtf : [0,1488,system_server,-1,DisplayDeviceConfig,requesting nits when no mapping exists.]
12-31 01:29:26.235 1488 1606 I am_wtf : [0,1488,system_server,-1,DisplayDeviceConfig,requesting nits when no mapping exists.]
12-31 01:29:26.251 1488 1871 E DisplayDeviceConfig: requesting nits when no mapping exists.
12-31 01:29:26.251 1488 1871 E DisplayDeviceConfig: requesting nits when no mapping exists.
12-31 01:29:26.251 1488 1606 I am_wtf : [0,1488,system_server,-1,DisplayDeviceConfig,requesting nits when no mapping exists.]
12-31 01:29:26.251 1488 1606 I am_wtf : [0,1488,system_server,-1,DisplayDeviceConfig,requesting nits when no mapping exists.]
12-31 01:29:26.268 1488 1871 E DisplayDeviceConfig: requesting nits when no mapping exists.
12-31 01:29:26.268 1488 1606 I am_wtf : [0,1488,system_server,-1,DisplayDeviceConfig,requesting nits when no mapping exists.]
12-31 01:29:26.268 1488 1871 E DisplayDeviceConfig: requesting nits when no mapping exists.
12-31 01:29:26.268 1488 1606 I am_wtf : [0,1488,system_server,-1,DisplayDeviceConfig,requesting nits when no mapping exists.]
12-31 01:29:26.285 1488 1871 E DisplayDeviceConfig: requesting nits when no mapping exists.
12-31 01:29:26.285 1488 1871 E DisplayDeviceConfig: requesting nits when no mapping exists.
12-31 01:29:26.285 1488 1606 I am_wtf : [0,1488,system_server,-1,DisplayDeviceConfig,requesting nits when no mapping exists.]
12-31 01:29:26.285 1488 1606 I am_wtf : [0,1488,system_server,-1,DisplayDeviceConfig,requesting nits when no mapping exists.]
12-31 01:29:26.301 1488 1871 E DisplayDeviceConfig: requesting nits when no mapping exists.
12-31 01:29:26.301 1488 1871 E DisplayDeviceConfig: requesting nits when no mapping exists.
12-31 01:29:26.301 1488 1606 I am_wtf : [0,1488,system_server,-1,DisplayDeviceConfig,requesting nits when no mapping exists.]
12-31 01:29:26.302 1488 1606 I am_wtf : [0,1488,system_server,-1,DisplayDeviceConfig,requesting nits when no mapping exists.]
12-31 01:29:26.318 1488 1871 E DisplayDeviceConfig: requesting nits when no mapping exists.
12-31 01:29:26.318 1488 1871 E DisplayDeviceConfig: requesting nits when no mapping exists.
12-31 01:29:26.318 1488 1606 I am_wtf : [0,1488,system_server,-1,DisplayDeviceConfig,requesting nits when no mapping exists.]
12-31 01:29:26.318 1488 1606 I am_wtf : [0,1488,system_server,-1,DisplayDeviceConfig,requesting nits when no mapping exists.]
12-31 01:29:26.335 1488 1871 E DisplayDeviceConfig: requesting nits when no mapping exists.
12-31 01:29:26.335 1488 1871 E DisplayDeviceConfig: requesting nits when no mapping exists.
12-31 01:29:26.335 1488 1606 I am_wtf : [0,1488,system_server,-1,DisplayDeviceConfig,requesting nits when no mapping exists.]
12-31 01:29:26.335 1488 1606 I am_wtf : [0,1488,system_server,-1,DisplayDeviceConfig,requesting nits when no mapping exists.]
12-31 01:29:26.351 1488 1871 E DisplayDeviceConfig: requesting nits when no mapping exists.
12-31 01:29:26.351 1488 1871 E DisplayDeviceConfig: requesting nits when no mapping exists.
12-31 01:29:26.351 1488 1606 I am_wtf : [0,1488,system_server,-1,DisplayDeviceConfig,requesting nits when no mapping exists.]
12-31 01:29:26.352 1488 1606 I am_wtf : [0,1488,system_server,-1,DisplayDeviceConfig,requesting nits when no mapping exists.]
12-31 01:29:26.368 1488 1871 E DisplayDeviceConfig: requesting nits when no mapping exists.
12-31 01:29:26.368 1488 1871 E DisplayDeviceConfig: requesting nits when no mapping exists.
12-31 01:29:26.368 1488 1606 I am_wtf : [0,1488,system_server,-1,DisplayDeviceConfig,requesting nits when no mapping exists.]
12-31 01:29:26.368 1488 1606 I am_wtf : [0,1488,system_server,-1,DisplayDeviceConfig,requesting nits when no mapping exists.]
12-31 01:29:26.385 1488 1871 E DisplayDeviceConfig: requesting nits when no mapping exists.
12-31 01:29:26.385 1488 1871 E DisplayDeviceConfig: requesting nits when no mapping exists.
12-31 01:29:26.385 1488 1606 I am_wtf : [0,1488,system_server,-1,DisplayDeviceConfig,requesting nits when no mapping exists.]
12-31 01:29:26.385 1488 1606 I am_wtf : [0,1488,system_server,-1,DisplayDeviceConfig,requesting nits when no mapping exists.]
12-31 01:29:26.401 1488 1871 E DisplayDeviceConfig: requesting nits when no mapping exists.
12-31 01:29:26.402 1488 1871 E DisplayDeviceConfig: requesting nits when no mapping exists.
12-31 01:29:26.402 1488 1606 I am_wtf : [0,1488,system_server,-1,DisplayDeviceConfig,requesting nits when no mapping exists.]
12-31 01:29:26.404 1488 1606 I am_wtf : [0,1488,system_server,-1,DisplayDeviceConfig,requesting nits when no mapping exists.]
12-31 01:29:26.418 1488 1871 E DisplayDeviceConfig: requesting nits when no mapping exists.
12-31 01:29:26.418 1488 1606 I am_wtf : [0,1488,system_server,-1,DisplayDeviceConfig,requesting nits when no mapping exists.]
12-31 01:29:26.418 1488 1871 E DisplayDeviceConfig: requesting nits when no mapping exists.
12-31 01:29:26.418 1488 1606 I am_wtf : [0,1488,system_server,-1,DisplayDeviceConfig,requesting nits when no mapping exists.]
12-31 01:29:26.435 1488 1871 E DisplayDeviceConfig: requesting nits when no mapping exists.
12-31 01:29:26.435 1488 1606 I am_wtf : [0,1488,system_server,-1,DisplayDeviceConfig,requesting nits when no mapping exists.]
12-31 01:29:26.435 1488 1871 E DisplayDeviceConfig: requesting nits when no mapping exists.
12-31 01:29:26.435 1488 1606 I am_wtf : [0,1488,system_server,-1,DisplayDeviceConfig,requesting nits when no mapping exists.]
12-31 01:29:26.452 1488 1871 E DisplayDeviceConfig: requesting nits when no mapping exists.
12-31 01:29:26.452 1488 1871 E DisplayDeviceConfig: requesting nits when no mapping exists.
12-31 01:29:26.452 1488 1606 I am_wtf : [0,1488,system_server,-1,DisplayDeviceConfig,requesting nits when no mapping exists.]
12-31 01:29:26.452 1488 1606 I am_wtf : [0,1488,system_server,-1,DisplayDeviceConfig,requesting nits when no mapping exists.]
12-31 01:29:26.468 1488 1871 E DisplayDeviceConfig: requesting nits when no mapping exists.
12-31 01:29:26.468 1488 1606 I am_wtf : [0,1488,system_server,-1,DisplayDeviceConfig,requesting nits when no mapping exists.]
12-31 01:29:26.468 1488 1871 E DisplayDeviceConfig: requesting nits when no mapping exists.
12-31 01:29:26.469 1488 1606 I am_wtf : [0,1488,system_server,-1,DisplayDeviceConfig,requesting nits when no mapping exists.]
12-31 01:30:31.867 1488 1606 I am_uid_idle: 10063
12-31 01:34:42.162 1488 1605 I UsageStatsService: User[0] Flushing usage stats to disk
12-31 01:43:45.700 1488 1682 I input_interaction: Interaction with: 9217686 com.thundercomm.screensaver/android.service.dreams.DreamActivity (server), edge-swipe (server), swipe-up (server), PointerEventDispatcher0 (server),
12-31 01:43:45.703 1488 1520 I wm_finish_activity: [0,206801082,22,com.thundercomm.screensaver/android.service.dreams.DreamActivity,finish-activity]
12-31 01:43:45.704 1488 1520 I wm_task_moved: [1,1,5]
12-31 01:43:45.705 1488 1520 I wm_task_moved: [19,1,2147483647]
12-31 01:43:45.705 1488 1520 I wm_task_to_front: [0,19]
12-31 01:43:45.705 1488 1520 I wm_focused_root_task: [0,0,1,22,finish-top adjustFocusToNextFocusableTask]
12-31 01:43:45.705 1488 1520 I wm_set_resumed_activity: [0,com.android.launcher3/.uioverrides.QuickstepLauncher,finish-top adjustFocusToNextFocusableTask]
12-31 01:43:45.707 1488 1520 I wm_pause_activity: [0,206801082,com.thundercomm.screensaver/android.service.dreams.DreamActivity,userLeaving=false,finish]
12-31 01:43:45.711 1488 1520 I DreamManagerService: Gently waking up from dream.
12-31 01:43:45.712 3973 3973 I wm_on_top_resumed_lost_called: [206801082,android.service.dreams.DreamActivity,topStateChangedWhenResumed]
12-31 01:43:45.714 3973 3973 I wm_on_paused_called: [206801082,android.service.dreams.DreamActivity,performPause]
12-31 01:43:45.714 1488 1596 I sysui_multi_action: [757,803,799,window_time_0,802,861]
12-31 01:43:45.715 1488 1593 I DreamManagerService: Performing gentle wake from dream.
12-31 01:43:45.715 1488 1520 I wm_add_to_stopping: [0,206801082,com.thundercomm.screensaver/android.service.dreams.DreamActivity,completeFinishing]
12-31 01:43:45.716 1488 1520 I ActivityTaskManager: FOREGROUND_APPLICATION_CHANGED to com.android.launcher3.uioverrides.QuickstepLauncher
12-31 01:43:45.718 1488 1520 I wm_set_resumed_activity: [0,com.android.launcher3/.uioverrides.QuickstepLauncher,resumeTopActivityInnerLocked]
12-31 01:43:45.719 1488 1520 I wm_resume_activity: [0,175692250,19,com.android.launcher3/.uioverrides.QuickstepLauncher]
12-31 01:43:45.733 1488 1596 I sysui_multi_action: [757,803,799,window_time_0,802,0]
12-31 01:43:45.734 1488 1605 I am_pss : [2441,10095,android.ext.services,7684096,4993024,0,95670272,0,5,5]
12-31 01:43:45.738 2412 3733 W ContextImpl: Calling a method in the system process without a qualified user: android.app.ContextImpl.startService:1816 android.content.ContextWrapper.startService:774 com.thundercomm.gamemode.ingame.services.GameModeActionUtils.startGameModeService:99 com.thundercomm.gamemode.ingame.services.GameModeActionUtils.startGameModeEntry:22 com.thundercomm.gamemode.ingame.services.ActivityMonitoringService$1.onActivityLaunch:127
12-31 01:43:45.741 2481 2481 I wm_on_restart_called: [175692250,com.android.launcher3.uioverrides.QuickstepLauncher,performRestartActivity]
12-31 01:43:45.741 2481 2481 I wm_on_start_called: [175692250,com.android.launcher3.uioverrides.QuickstepLauncher,handleStartActivity]
12-31 01:43:45.742 2481 2481 I wm_on_resume_called: [175692250,com.android.launcher3.uioverrides.QuickstepLauncher,RESUME_ACTIVITY]
12-31 01:43:45.742 2481 2481 I wm_on_top_resumed_gained_called: [175692250,com.android.launcher3.uioverrides.QuickstepLauncher,topWhenResuming]
12-31 01:43:45.742 1488 1488 I GameModeConfig: Current uri is uri = content://com.thundercomm.gamemode.api/gamemode_settings/gamemode_isgaming
12-31 01:43:45.743 1488 1488 I am_uid_active: 10063
12-31 01:43:45.745 1488 1488 I GameModeConfig: isGameModeOn = false
12-31 01:43:45.746 1488 1605 I am_pss : [2877,10094,com.android.providers.media.module,17123328,12894208,0,116928512,0,0,6]
12-31 01:43:45.746 1488 1488 I GameModeConfig: isGameModeOn = false
12-31 01:43:45.746 1488 1488 I GameModeConfig: isDisableVoice = true
12-31 01:43:45.749 1488 1682 I input_focus: [Focus leaving 9217686 com.thundercomm.screensaver/android.service.dreams.DreamActivity (server),reason=NO_WINDOW]
12-31 01:43:45.750 3973 3973 I view_enqueue_input_event: [Motion - Cancel,com.thundercomm.screensaver/android.service.dreams.DreamActivity]
12-31 01:43:45.752 1488 1605 I am_pss : [2967,10075,com.qualcomm.location.XT,6930432,4534272,0,92569600,0,6,5]
12-31 01:43:45.754 1488 1597 I input_focus: [Focus request affb0e1 com.android.launcher3/com.android.launcher3.uioverrides.QuickstepLauncher,reason=UpdateInputWindows]
12-31 01:43:45.760 1488 1605 I am_pss : [1931,1002,com.android.bluetooth,32733184,27471872,0,137764864,0,0,7]
12-31 01:43:45.762 1488 1682 I input_interaction: Interaction with: edge-swipe (server), swipe-up (server), PointerEventDispatcher0 (server),
12-31 01:43:45.770 1488 1622 I PowerManagerService: Powering on display group fromDreaming (groupId=0, uid=1000, reason=WAKE_REASON_UNKNOWN, details=android.server.power:DREAM_FINISHED)...
12-31 01:43:45.770 1488 1622 I PowerManagerService: Waking up from Dreaming (uid=1000, reason=WAKE_REASON_UNKNOWN, details=android.server.power:DREAM_FINISHED)...
12-31 01:43:45.771 1488 1682 I input_focus: [Focus entering affb0e1 com.android.launcher3/com.android.launcher3.uioverrides.QuickstepLauncher (server),reason=setFocusedWindow]
12-31 01:43:45.771 1488 1605 I am_pss : [3047,10035,com.baidu.input,106987520,91107328,0,226107392,0,7,9]
12-31 01:43:45.777 1488 1605 I am_pss : [2820,10080,com.qualcomm.location,11153408,7499776,0,104402944,0,0,5]
12-31 01:43:45.783 1488 1605 I am_pss : [2223,1073,com.android.networkstack.process,12349440,9203712,0,104214528,0,0,6]
12-31 01:43:45.789 1488 1605 I am_pss : [2132,1001,.dataservices,8771584,6369280,0,93736960,0,0,5]
12-31 01:43:45.799 1488 1605 I am_pss : [1954,10081,com.android.systemui,161560576,146837504,0,289484800,0,0,10]
12-31 01:43:45.820 1488 1605 I am_pss : [1488,1000,system,223185920,129974272,0,529432576,0,0,19]
12-31 01:43:45.826 2412 3733 W ContextImpl: Calling a method in the system process without a qualified user: android.app.ContextImpl.startService:1816 android.content.ContextWrapper.startService:774 com.thundercomm.gamemode.ingame.services.GameModeActionUtils.startGameModeService:99 com.thundercomm.gamemode.ingame.services.GameModeActionUtils.startGameModeEntry:22 com.thundercomm.gamemode.ingame.services.ActivityMonitoringService$1.onActivityLaunch:127
12-31 01:43:45.828 1488 1605 I am_pss : [2412,1000,com.thundercomm.gamemode,19833856,15200256,0,120004608,0,10,7]
12-31 01:43:45.830 1488 1488 I GameModeConfig: Current uri is uri = content://com.thundercomm.gamemode.api/gamemode_settings/gamemode_isgaming
12-31 01:43:45.832 1488 1488 I GameModeConfig: isGameModeOn = false
12-31 01:43:45.832 1488 1488 I GameModeConfig: isGameModeOn = false
12-31 01:43:45.832 1488 1488 I GameModeConfig: isDisableVoice = true
12-31 01:43:45.835 1488 1605 I am_pss : [3632,2000,com.android.shell,6519808,4173824,0,91160576,0,19,6]
12-31 01:43:45.841 1488 1605 I am_pss : [3559,10026,com.android.packageinstaller,7789568,5591040,0,90234880,0,19,5]
12-31 01:43:45.847 1488 1605 I am_pss : [3440,10020,com.android.managedprovisioning,9493504,7143424,0,93761536,0,19,6]
12-31 01:43:45.853 1488 1605 I am_pss : [3223,1000,com.qti.diagservices,6500352,3764224,0,94363648,0,10,5]
12-31 01:43:45.860 1488 1605 I am_pss : [2813,10086,com.qualcomm.qti.workloadclassifier,8799232,6512640,0,92475392,0,0,6]
12-31 01:43:45.866 1488 1605 I am_pss : [2805,10079,com.qualcomm.qti.services.systemhelper:systemhelper_service,6788096,4366336,0,92884992,0,0,5]
12-31 01:43:45.872 1488 1605 I am_pss : [2811,10087,com.qualcomm.qti.qccnetstat,6498304,4149248,0,90873856,0,0,5]
12-31 01:43:45.878 1488 1605 I am_pss : [2785,10055,.pasr,5894144,3653632,0,88481792,0,0,6]
12-31 01:43:45.884 1488 1605 I am_pss : [2737,10088,com.hht.lebocast,45420544,21680128,0,116334592,0,0,5]
12-31 01:43:45.891 1488 1605 I am_pss : [2746,10059,ts.car.uart,6593536,4354048,0,89497600,0,0,5]
12-31 01:43:45.897 1488 1605 I am_pss : [2379,1000,com.qualcomm.qti.qdma,10511360,6610944,0,105353216,0,0,6]
12-31 01:43:45.903 1488 1605 I am_pss : [3202,10065,com.qualcomm.qti.devicestatisticsservice,5732352,3493888,0,88256512,0,0,5]
12-31 01:43:45.910 1488 1605 I am_pss : [2358,1000,com.thundercomm.tcservice,9463808,7016448,0,95895552,0,0,6]
12-31 01:43:45.917 1488 1605 I am_pss : [2319,1000,com.thundercomm.remotecontrolservice,14003200,10964992,0,104538112,0,0,6]
12-31 01:43:45.924 1488 1605 I am_pss : [2315,1068,com.android.se,6221824,3903488,0,90767360,0,0,6]
12-31 01:43:45.931 1488 1605 I am_pss : [2300,10083,com.qti.qualcomm.mstatssystemservice,5912576,3674112,0,89137152,0,0,5]
12-31 01:43:45.937 1488 1605 I am_pss : [2269,1000,vendor.qti.qesdk.sysservice,5966848,3649536,0,90529792,0,0,6]
12-31 01:43:45.943 1488 1605 I am_pss : [2248,1000,com.thundercomm.tcsetupwizard,7244800,5017600,0,90435584,0,0,6]
12-31 01:43:45.950 1488 1605 I am_pss : [2177,1000,com.tc.logclient,8092672,5369856,0,98226176,0,0,5]
12-31 01:43:45.957 1488 1605 I am_pss : [2160,1000,com.thundercomm.tchttpserver,12859392,10563584,0,97021952,0,0,6]
12-31 01:43:45.963 1488 1605 I am_pss : [2137,10054,.qtidataservices,6323200,4042752,0,90521600,0,0,6]
12-31 01:43:45.970 1488 1605 I am_pss : [2123,1000,com.thundercomm.microsettings,30375936,18833408,0,131031040,0,0,6]
12-31 01:43:45.976 1488 1605 I am_pss : [2049,1000,com.thundercomm.microservice,9333760,6918144,0,94969856,0,0,5]
12-31 01:43:46.003 1488 1596 I wm_destroy_activity: [0,206801082,22,com.thundercomm.screensaver/android.service.dreams.DreamActivity,finish-imm:idle]
12-31 01:43:46.011 2412 3733 W ContextImpl: Calling a method in the system process without a qualified user: android.app.ContextImpl.startService:1816 android.content.ContextWrapper.startService:774 com.thundercomm.gamemode.ingame.services.GameModeActionUtils.startGameModeService:99 com.thundercomm.gamemode.ingame.services.GameModeActionUtils.startGameModeEntry:22 com.thundercomm.gamemode.ingame.services.ActivityMonitoringService$1.onActivityLaunch:127
12-31 01:43:46.014 1488 1488 I GameModeConfig: Current uri is uri = content://com.thundercomm.gamemode.api/gamemode_settings/gamemode_isgaming
12-31 01:43:46.016 1488 1488 I GameModeConfig: isGameModeOn = false
12-31 01:43:46.016 1488 1488 I GameModeConfig: isGameModeOn = false
12-31 01:43:46.016 1488 1488 I GameModeConfig: isDisableVoice = true
12-31 01:43:46.023 3973 3973 I wm_on_stop_called: [206801082,android.service.dreams.DreamActivity,LIFECYCLER_STOP_ACTIVITY]
12-31 01:43:46.023 3973 3973 I wm_on_destroy_called: [206801082,android.service.dreams.DreamActivity,performDestroy]
12-31 01:43:46.024 1488 1520 I DreamManagerService: Leaving dreamland.
12-31 01:43:46.025 1488 1593 I DreamManagerService: Performing gentle wake from dream.
12-31 01:43:46.025 1488 1593 I DreamController: Stopping dream: name=ComponentInfo{com.thundercomm.screensaver/com.thundercomm.saverclock.service.ClockScreensaver}, isTest=false, canDoze=false, userId=0, reason='finished self'(from 'finished self')
12-31 01:43:46.025 1488 1593 I sysui_multi_action: [757,222,758,2]
12-31 01:43:46.025 1488 1593 I sysui_multi_action: [757,804,799,dreaming_minutes,801,14,802,1]
12-31 01:43:46.028 1488 1520 I wm_task_removed: [22,removeChild:removeChild last r=ActivityRecord{c5388ba u0 com.thundercomm.screensaver/android.service.dreams.DreamActivity t-1 f}} in t=Task{ff8c437 #22 type=dream A=10052:android:com.thundercomm.screensaver/dream U=0 visible=false mode=fullscreen translucent=true sz=0}]
12-31 01:43:46.028 1488 1520 I wm_task_removed: [22,removeChild]
12-31 01:43:46.029 1488 1597 W ActivityTaskManager: Can't find TaskDisplayArea to determine support for multi window. Task id=22 attached=false
12-31 01:44:33.667 1488 1613 W BatteryExternalStatsWorker: error reading modem stats:ERROR_PHONE_NOT_AVAILABLE
12-31 01:44:33.697 1488 1613 E KernelCpuSpeedReader: Failed to read cpu-freq: /sys/devices/system/cpu/cpu4/cpufreq/stats/time_in_state: open failed: ENOENT (No such file or directory)
12-31 01:44:33.698 1488 1613 E KernelCpuSpeedReader: Failed to read cpu-freq: /sys/devices/system/cpu/cpu0/cpufreq/stats/time_in_state: open failed: ENOENT (No such file or directory)
12-31 01:44:33.695 565 565 I auditd : type=1400 audit(0.0:258): avc: denied { read } for comm="Binder:565_2" name="wakeup58" dev="sysfs" ino=72259 scontext=u:r:system_suspend:s0 tcontext=u:object_r:sysfs:s0 tclass=dir permissive=0
12-31 01:44:33.699 565 565 I auditd : type=1400 audit(0.0:259): avc: denied { read } for comm="Binder:565_2" name="wakeup48" dev="sysfs" ino=67673 scontext=u:r:system_suspend:s0 tcontext=u:object_r:sysfs:s0 tclass=dir permissive=0
12-31 01:44:33.699 565 565 I auditd : type=1400 audit(0.0:260): avc: denied { read } for comm="Binder:565_2" name="wakeup4" dev="sysfs" ino=47049 scontext=u:r:system_suspend:s0 tcontext=u:object_r:sysfs:s0 tclass=dir permissive=0
12-31 01:44:33.699 565 565 I auditd : type=1400 audit(0.0:261): avc: denied { read } for comm="Binder:565_2" name="wakeup76" dev="sysfs" ino=77301 scontext=u:r:system_suspend:s0 tcontext=u:object_r:sysfs:s0 tclass=dir permissive=0
12-31 01:44:33.703 565 565 I auditd : type=1400 audit(0.0:262): avc: denied { read } for comm="Binder:565_2" name="wakeup28" dev="sysfs" ino=53114 scontext=u:r:system_suspend:s0 tcontext=u:object_r:sysfs:s0 tclass=dir permissive=0
12-31 01:44:33.703 565 565 I auditd : type=1400 audit(0.0:263): avc: denied { read } for comm="Binder:565_2" name="wakeup56" dev="sysfs" ino=72187 scontext=u:r:system_suspend:s0 tcontext=u:object_r:sysfs:s0 tclass=dir permissive=0
12-31 01:44:33.703 565 565 I auditd : type=1400 audit(0.0:264): avc: denied { read } for comm="Binder:565_2" name="wakeup2" dev="sysfs" ino=46573 scontext=u:r:system_suspend:s0 tcontext=u:object_r:sysfs:s0 tclass=dir permissive=0
12-31 01:44:33.743 1488 1605 I commit_sys_config_file: [batterystats,6]
12-31 01:44:33.744 1488 1605 I commit_sys_config_file: [batterystats,1]
12-31 01:44:38.886 1488 1622 V DisplayPowerController[0]: Brightness [0.05] reason changing to: 'manual [ dim ]', previous reason: 'manual'.
12-31 01:44:38.886 1488 1622 I sysui_multi_action: [757,1696,758,6,759,2]
12-31 01:44:38.887 1488 1622 W PowerManagerService: Screen on took 53117 ms
12-31 01:44:38.888 1488 1871 E DisplayDeviceConfig: requesting nits when no mapping exists.
12-31 01:44:38.889 1488 1871 E DisplayDeviceConfig: requesting nits when no mapping exists.
12-31 01:44:38.889 1488 1606 I am_wtf : [0,1488,system_server,-1,DisplayDeviceConfig,requesting nits when no mapping exists.]
12-31 01:44:38.890 1488 1606 I DropBoxManagerService: add tag=system_server_wtf isTagEnabled=true flags=0x2
12-31 01:44:38.892 1488 1606 I am_wtf : [0,1488,system_server,-1,DisplayDeviceConfig,requesting nits when no mapping exists.]
12-31 01:44:38.893 1488 1606 I DropBoxManagerService: add tag=system_server_wtf isTagEnabled=true flags=0x2
12-31 01:44:38.902 1488 1871 E DisplayDeviceConfig: requesting nits when no mapping exists.
12-31 01:44:38.903 1488 1871 E DisplayDeviceConfig: requesting nits when no mapping exists.
12-31 01:44:38.903 1488 1606 I am_wtf : [0,1488,system_server,-1,DisplayDeviceConfig,requesting nits when no mapping exists.]
12-31 01:44:38.904 1488 1606 I DropBoxManagerService: add tag=system_server_wtf isTagEnabled=true flags=0x2
12-31 01:44:38.905 1488 1606 I am_wtf : [0,1488,system_server,-1,DisplayDeviceConfig,requesting nits when no mapping exists.]
12-31 01:44:38.906 1488 1606 I DropBoxManagerService: add tag=system_server_wtf isTagEnabled=true flags=0x2
12-31 01:44:38.919 1488 1871 E DisplayDeviceConfig: requesting nits when no mapping exists.
12-31 01:44:38.919 1488 1871 E DisplayDeviceConfig: requesting nits when no mapping exists.
12-31 01:44:38.919 1488 1606 I am_wtf : [0,1488,system_server,-1,DisplayDeviceConfig,requesting nits when no mapping exists.]
12-31 01:44:38.920 1488 1606 I DropBoxManagerService: add tag=system_server_wtf isTagEnabled=true flags=0x2
12-31 01:44:38.922 1488 1606 I am_wtf : [0,1488,system_server,-1,DisplayDeviceConfig,requesting nits when no mapping exists.]
12-31 01:44:38.929 1488 1871 E DisplayDeviceConfig: requesting nits when no mapping exists.
12-31 01:44:38.930 1488 1871 E DisplayDeviceConfig: requesting nits when no mapping exists.
12-31 01:44:38.930 1488 1606 I am_wtf : [0,1488,system_server,-1,DisplayDeviceConfig,requesting nits when no mapping exists.]
12-31 01:44:38.930 1488 1606 I am_wtf : [0,1488,system_server,-1,DisplayDeviceConfig,requesting nits when no mapping exists.]
12-31 01:44:38.946 1488 1871 E DisplayDeviceConfig: requesting nits when no mapping exists.
12-31 01:44:38.946 1488 1606 I am_wtf : [0,1488,system_server,-1,DisplayDeviceConfig,requesting nits when no mapping exists.]
12-31 01:44:38.946 1488 1871 E DisplayDeviceConfig: requesting nits when no mapping exists.
12-31 01:44:38.947 1488 1606 I am_wtf : [0,1488,system_server,-1,DisplayDeviceConfig,requesting nits when no mapping exists.]
12-31 01:44:38.962 1488 1871 E DisplayDeviceConfig: requesting nits when no mapping exists.
12-31 01:44:38.963 1488 1871 E DisplayDeviceConfig: requesting nits when no mapping exists.
12-31 01:44:38.964 1488 1606 I am_wtf : [0,1488,system_server,-1,DisplayDeviceConfig,requesting nits when no mapping exists.]
12-31 01:44:38.965 1488 1606 I am_wtf : [0,1488,system_server,-1,DisplayDeviceConfig,requesting nits when no mapping exists.]
12-31 01:44:38.979 1488 1871 E DisplayDeviceConfig: requesting nits when no mapping exists.
12-31 01:44:38.979 1488 1606 I am_wtf : [0,1488,system_server,-1,DisplayDeviceConfig,requesting nits when no mapping exists.]
12-31 01:44:38.979 1488 1871 E DisplayDeviceConfig: requesting nits when no mapping exists.
12-31 01:44:38.980 1488 1606 I am_wtf : [0,1488,system_server,-1,DisplayDeviceConfig,requesting nits when no mapping exists.]
12-31 01:44:38.996 1488 1871 E DisplayDeviceConfig: requesting nits when no mapping exists.
12-31 01:44:38.996 1488 1606 I am_wtf : [0,1488,system_server,-1,DisplayDeviceConfig,requesting nits when no mapping exists.]
12-31 01:44:38.996 1488 1871 E DisplayDeviceConfig: requesting nits when no mapping exists.
12-31 01:44:38.997 1488 1606 I am_wtf : [0,1488,system_server,-1,DisplayDeviceConfig,requesting nits when no mapping exists.]
12-31 01:44:39.013 1488 1871 E DisplayDeviceConfig: requesting nits when no mapping exists.
12-31 01:44:39.013 1488 1606 I am_wtf : [0,1488,system_server,-1,DisplayDeviceConfig,requesting nits when no mapping exists.]
12-31 01:44:39.013 1488 1871 E DisplayDeviceConfig: requesting nits when no mapping exists.
12-31 01:44:39.014 1488 1606 I am_wtf : [0,1488,system_server,-1,DisplayDeviceConfig,requesting nits when no mapping exists.]
12-31 01:44:39.029 1488 1871 E DisplayDeviceConfig: requesting nits when no mapping exists.
12-31 01:44:39.030 1488 1606 I am_wtf : [0,1488,system_server,-1,DisplayDeviceConfig,requesting nits when no mapping exists.]
12-31 01:44:39.030 1488 1871 E DisplayDeviceConfig: requesting nits when no mapping exists.
12-31 01:44:39.031 1488 1606 I am_wtf : [0,1488,system_server,-1,DisplayDeviceConfig,requesting nits when no mapping exists.]
12-31 01:44:39.046 1488 1871 E DisplayDeviceConfig: requesting nits when no mapping exists.
12-31 01:44:39.047 1488 1606 I am_wtf : [0,1488,system_server,-1,DisplayDeviceConfig,requesting nits when no mapping exists.]
12-31 01:44:39.047 1488 1871 E DisplayDeviceConfig: requesting nits when no mapping exists.
12-31 01:44:39.048 1488 1606 I am_wtf : [0,1488,system_server,-1,DisplayDeviceConfig,requesting nits when no mapping exists.]
12-31 01:44:39.063 1488 1871 E DisplayDeviceConfig: requesting nits when no mapping exists.
12-31 01:44:39.063 1488 1606 I am_wtf : [0,1488,system_server,-1,DisplayDeviceConfig,requesting nits when no mapping exists.]
12-31 01:44:39.063 1488 1871 E DisplayDeviceConfig: requesting nits when no mapping exists.
12-31 01:44:39.064 1488 1606 I am_wtf : [0,1488,system_server,-1,DisplayDeviceConfig,requesting nits when no mapping exists.]
12-31 01:44:39.080 1488 1871 E DisplayDeviceConfig: requesting nits when no mapping exists.
12-31 01:44:39.080 1488 1606 I am_wtf : [0,1488,system_server,-1,DisplayDeviceConfig,requesting nits when no mapping exists.]
12-31 01:44:39.080 1488 1871 E DisplayDeviceConfig: requesting nits when no mapping exists.
12-31 01:44:39.081 1488 1606 I am_wtf : [0,1488,system_server,-1,DisplayDeviceConfig,requesting nits when no mapping exists.]
12-31 01:44:39.096 1488 1871 E DisplayDeviceConfig: requesting nits when no mapping exists.
12-31 01:44:39.097 1488 1606 I am_wtf : [0,1488,system_server,-1,DisplayDeviceConfig,requesting nits when no mapping exists.]
12-31 01:44:39.097 1488 1871 E DisplayDeviceConfig: requesting nits when no mapping exists.
12-31 01:44:39.098 1488 1606 I am_wtf : [0,1488,system_server,-1,DisplayDeviceConfig,requesting nits when no mapping exists.]
12-31 01:44:39.113 1488 1871 E DisplayDeviceConfig: requesting nits when no mapping exists.
12-31 01:44:39.114 1488 1606 I am_wtf : [0,1488,system_server,-1,DisplayDeviceConfig,requesting nits when no mapping exists.]
12-31 01:44:39.114 1488 1871 E DisplayDeviceConfig: requesting nits when no mapping exists.
12-31 01:44:39.115 1488 1606 I am_wtf : [0,1488,system_server,-1,DisplayDeviceConfig,requesting nits when no mapping exists.]
12-31 01:44:39.129 1488 1871 E DisplayDeviceConfig: requesting nits when no mapping exists.
12-31 01:44:39.130 1488 1606 I am_wtf : [0,1488,system_server,-1,DisplayDeviceConfig,requesting nits when no mapping exists.]
12-31 01:44:39.130 1488 1871 E DisplayDeviceConfig: requesting nits when no mapping exists.
12-31 01:44:39.131 1488 1606 I am_wtf : [0,1488,system_server,-1,DisplayDeviceConfig,requesting nits when no mapping exists.]
12-31 01:44:39.146 1488 1871 E DisplayDeviceConfig: requesting nits when no mapping exists.
12-31 01:44:39.147 1488 1606 I am_wtf : [0,1488,system_server,-1,DisplayDeviceConfig,requesting nits when no mapping exists.]
12-31 01:44:39.147 1488 1871 E DisplayDeviceConfig: requesting nits when no mapping exists.
12-31 01:44:39.148 1488 1606 I am_wtf : [0,1488,system_server,-1,DisplayDeviceConfig,requesting nits when no mapping exists.]
12-31 01:44:39.163 1488 1871 E DisplayDeviceConfig: requesting nits when no mapping exists.
12-31 01:44:39.164 1488 1871 E DisplayDeviceConfig: requesting nits when no mapping exists.
12-31 01:44:39.164 1488 1606 I am_wtf : [0,1488,system_server,-1,DisplayDeviceConfig,requesting nits when no mapping exists.]
12-31 01:44:39.165 1488 1606 I am_wtf : [0,1488,system_server,-1,DisplayDeviceConfig,requesting nits when no mapping exists.]
12-31 01:44:39.179 1488 1871 E DisplayDeviceConfig: requesting nits when no mapping exists.
12-31 01:44:39.180 1488 1606 I am_wtf : [0,1488,system_server,-1,DisplayDeviceConfig,requesting nits when no mapping exists.]
12-31 01:44:39.180 1488 1871 E DisplayDeviceConfig: requesting nits when no mapping exists.
12-31 01:44:39.181 1488 1606 I am_wtf : [0,1488,system_server,-1,DisplayDeviceConfig,requesting nits when no mapping exists.]
12-31 01:44:39.196 1488 1871 E DisplayDeviceConfig: requesting nits when no mapping exists.
12-31 01:44:39.197 1488 1606 I am_wtf : [0,1488,system_server,-1,DisplayDeviceConfig,requesting nits when no mapping exists.]
12-31 01:44:39.197 1488 1871 E DisplayDeviceConfig: requesting nits when no mapping exists.
12-31 01:44:39.198 1488 1606 I am_wtf : [0,1488,system_server,-1,DisplayDeviceConfig,requesting nits when no mapping exists.]
12-31 01:44:39.213 1488 1871 E DisplayDeviceConfig: requesting nits when no mapping exists.
12-31 01:44:39.214 1488 1606 I am_wtf : [0,1488,system_server,-1,DisplayDeviceConfig,requesting nits when no mapping exists.]
12-31 01:44:39.214 1488 1871 E DisplayDeviceConfig: requesting nits when no mapping exists.
12-31 01:44:39.214 1488 1606 I am_wtf : [0,1488,system_server,-1,DisplayDeviceConfig,requesting nits when no mapping exists.]
12-31 01:44:39.230 1488 1871 E DisplayDeviceConfig: requesting nits when no mapping exists.
12-31 01:44:39.230 1488 1606 I am_wtf : [0,1488,system_server,-1,DisplayDeviceConfig,requesting nits when no mapping exists.]
12-31 01:44:39.230 1488 1871 E DisplayDeviceConfig: requesting nits when no mapping exists.
12-31 01:44:39.231 1488 1606 I am_wtf : [0,1488,system_server,-1,DisplayDeviceConfig,requesting nits when no mapping exists.]
12-31 01:44:39.246 1488 1871 E DisplayDeviceConfig: requesting nits when no mapping exists.
12-31 01:44:39.247 1488 1606 I am_wtf : [0,1488,system_server,-1,DisplayDeviceConfig,requesting nits when no mapping exists.]
12-31 01:44:39.247 1488 1871 E DisplayDeviceConfig: requesting nits when no mapping exists.
12-31 01:44:39.247 1488 1606 I am_wtf : [0,1488,system_server,-1,DisplayDeviceConfig,requesting nits when no mapping exists.]
12-31 01:44:39.263 1488 1871 E DisplayDeviceConfig: requesting nits when no mapping exists.
12-31 01:44:39.263 1488 1606 I am_wtf : [0,1488,system_server,-1,DisplayDeviceConfig,requesting nits when no mapping exists.]
12-31 01:44:39.263 1488 1871 E DisplayDeviceConfig: requesting nits when no mapping exists.
12-31 01:44:39.264 1488 1606 I am_wtf : [0,1488,system_server,-1,DisplayDeviceConfig,requesting nits when no mapping exists.]
12-31 01:44:39.265 1488 1606 I service_manager_stats: [100,41,913181]
12-31 01:44:39.280 1488 1871 E DisplayDeviceConfig: requesting nits when no mapping exists.
12-31 01:44:39.280 1488 1606 I am_wtf : [0,1488,system_server,-1,DisplayDeviceConfig,requesting nits when no mapping exists.]
12-31 01:44:39.280 1488 1871 E DisplayDeviceConfig: requesting nits when no mapping exists.
12-31 01:44:39.282 1488 1606 I am_wtf : [0,1488,system_server,-1,DisplayDeviceConfig,requesting nits when no mapping exists.]
12-31 01:44:39.297 1488 1871 E DisplayDeviceConfig: requesting nits when no mapping exists.
12-31 01:44:39.297 1488 1871 E DisplayDeviceConfig: requesting nits when no mapping exists.
12-31 01:44:39.297 1488 1606 I am_wtf : [0,1488,system_server,-1,DisplayDeviceConfig,requesting nits when no mapping exists.]
12-31 01:44:39.298 1488 1606 I am_wtf : [0,1488,system_server,-1,DisplayDeviceConfig,requesting nits when no mapping exists.]
12-31 01:44:39.313 1488 1871 E DisplayDeviceConfig: requesting nits when no mapping exists.
12-31 01:44:39.314 1488 1606 I am_wtf : [0,1488,system_server,-1,DisplayDeviceConfig,requesting nits when no mapping exists.]
12-31 01:44:39.314 1488 1871 E DisplayDeviceConfig: requesting nits when no mapping exists.
12-31 01:44:39.315 1488 1606 I am_wtf : [0,1488,system_server,-1,DisplayDeviceConfig,requesting nits when no mapping exists.]
12-31 01:44:39.330 1488 1871 E DisplayDeviceConfig: requesting nits when no mapping exists.
12-31 01:44:39.331 1488 1606 I am_wtf : [0,1488,system_server,-1,DisplayDeviceConfig,requesting nits when no mapping exists.]
12-31 01:44:39.331 1488 1871 E DisplayDeviceConfig: requesting nits when no mapping exists.
12-31 01:44:39.332 1488 1606 I am_wtf : [0,1488,system_server,-1,DisplayDeviceConfig,requesting nits when no mapping exists.]
12-31 01:44:39.347 1488 1871 E DisplayDeviceConfig: requesting nits when no mapping exists.
12-31 01:44:39.347 1488 1871 E DisplayDeviceConfig: requesting nits when no mapping exists.
12-31 01:44:39.347 1488 1606 I am_wtf : [0,1488,system_server,-1,DisplayDeviceConfig,requesting nits when no mapping exists.]
12-31 01:44:39.348 1488 1606 I am_wtf : [0,1488,system_server,-1,DisplayDeviceConfig,requesting nits when no mapping exists.]
12-31 01:44:39.363 1488 1871 E DisplayDeviceConfig: requesting nits when no mapping exists.
12-31 01:44:39.364 1488 1871 E DisplayDeviceConfig: requesting nits when no mapping exists.
12-31 01:44:39.364 1488 1606 I am_wtf : [0,1488,system_server,-1,DisplayDeviceConfig,requesting nits when no mapping exists.]
12-31 01:44:39.365 1488 1606 I am_wtf : [0,1488,system_server,-1,DisplayDeviceConfig,requesting nits when no mapping exists.]
12-31 01:44:39.380 1488 1871 E DisplayDeviceConfig: requesting nits when no mapping exists.
12-31 01:44:39.381 1488 1871 E DisplayDeviceConfig: requesting nits when no mapping exists.
12-31 01:44:39.381 1488 1606 I am_wtf : [0,1488,system_server,-1,DisplayDeviceConfig,requesting nits when no mapping exists.]
12-31 01:44:39.382 1488 1606 I am_wtf : [0,1488,system_server,-1,DisplayDeviceConfig,requesting nits when no mapping exists.]
12-31 01:44:39.397 1488 1871 E DisplayDeviceConfig: requesting nits when no mapping exists.
12-31 01:44:39.398 1488 1606 I am_wtf : [0,1488,system_server,-1,DisplayDeviceConfig,requesting nits when no mapping exists.]
12-31 01:44:39.398 1488 1871 E DisplayDeviceConfig: requesting nits when no mapping exists.
12-31 01:44:39.398 1488 1606 I am_wtf : [0,1488,system_server,-1,DisplayDeviceConfig,requesting nits when no mapping exists.]
12-31 01:44:39.414 1488 1871 E DisplayDeviceConfig: requesting nits when no mapping exists.
12-31 01:44:39.414 1488 1606 I am_wtf : [0,1488,system_server,-1,DisplayDeviceConfig,requesting nits when no mapping exists.]
12-31 01:44:39.414 1488 1871 E DisplayDeviceConfig: requesting nits when no mapping exists.
12-31 01:44:39.415 1488 1606 I am_wtf : [0,1488,system_server,-1,DisplayDeviceConfig,requesting nits when no mapping exists.]
12-31 01:44:39.430 1488 1871 E DisplayDeviceConfig: requesting nits when no mapping exists.
12-31 01:44:39.431 1488 1606 I am_wtf : [0,1488,system_server,-1,DisplayDeviceConfig,requesting nits when no mapping exists.]
12-31 01:44:39.431 1488 1871 E DisplayDeviceConfig: requesting nits when no mapping exists.
12-31 01:44:39.432 1488 1606 I am_wtf : [0,1488,system_server,-1,DisplayDeviceConfig,requesting nits when no mapping exists.]
12-31 01:44:39.447 1488 1871 E DisplayDeviceConfig: requesting nits when no mapping exists.
12-31 01:44:39.447 1488 1606 I am_wtf : [0,1488,system_server,-1,DisplayDeviceConfig,requesting nits when no mapping exists.]
12-31 01:44:39.447 1488 1871 E DisplayDeviceConfig: requesting nits when no mapping exists.
12-31 01:44:39.448 1488 1606 I am_wtf : [0,1488,system_server,-1,DisplayDeviceConfig,requesting nits when no mapping exists.]
12-31 01:44:39.463 1488 1871 E DisplayDeviceConfig: requesting nits when no mapping exists.
12-31 01:44:39.464 1488 1606 I am_wtf : [0,1488,system_server,-1,DisplayDeviceConfig,requesting nits when no mapping exists.]
12-31 01:44:39.464 1488 1871 E DisplayDeviceConfig: requesting nits when no mapping exists.
12-31 01:44:39.465 1488 1606 I am_wtf : [0,1488,system_server,-1,DisplayDeviceConfig,requesting nits when no mapping exists.]
12-31 01:44:39.480 1488 1871 E DisplayDeviceConfig: requesting nits when no mapping exists.
12-31 01:44:39.481 1488 1606 I am_wtf : [0,1488,system_server,-1,DisplayDeviceConfig,requesting nits when no mapping exists.]
12-31 01:44:39.481 1488 1871 E DisplayDeviceConfig: requesting nits when no mapping exists.
12-31 01:44:39.482 1488 1606 I am_wtf : [0,1488,system_server,-1,DisplayDeviceConfig,requesting nits when no mapping exists.]
12-31 01:44:39.497 1488 1871 E DisplayDeviceConfig: requesting nits when no mapping exists.
12-31 01:44:39.497 1488 1606 I am_wtf : [0,1488,system_server,-1,DisplayDeviceConfig,requesting nits when no mapping exists.]
12-31 01:44:39.497 1488 1871 E DisplayDeviceConfig: requesting nits when no mapping exists.
12-31 01:44:39.498 1488 1606 I am_wtf : [0,1488,system_server,-1,DisplayDeviceConfig,requesting nits when no mapping exists.]
12-31 01:44:39.514 1488 1871 E DisplayDeviceConfig: requesting nits when no mapping exists.
12-31 01:44:39.515 1488 1606 I am_wtf : [0,1488,system_server,-1,DisplayDeviceConfig,requesting nits when no mapping exists.]
12-31 01:44:39.515 1488 1871 E DisplayDeviceConfig: requesting nits when no mapping exists.
12-31 01:44:39.515 1488 1606 I am_wtf : [0,1488,system_server,-1,DisplayDeviceConfig,requesting nits when no mapping exists.]
12-31 01:44:39.530 1488 1871 E DisplayDeviceConfig: requesting nits when no mapping exists.
12-31 01:44:39.531 1488 1606 I am_wtf : [0,1488,system_server,-1,DisplayDeviceConfig,requesting nits when no mapping exists.]
12-31 01:44:39.531 1488 1871 E DisplayDeviceConfig: requesting nits when no mapping exists.
12-31 01:44:39.532 1488 1606 I am_wtf : [0,1488,system_server,-1,DisplayDeviceConfig,requesting nits when no mapping exists.]
12-31 01:44:39.547 1488 1871 E DisplayDeviceConfig: requesting nits when no mapping exists.
12-31 01:44:39.547 1488 1606 I am_wtf : [0,1488,system_server,-1,DisplayDeviceConfig,requesting nits when no mapping exists.]
12-31 01:44:39.547 1488 1871 E DisplayDeviceConfig: requesting nits when no mapping exists.
12-31 01:44:39.548 1488 1606 I am_wtf : [0,1488,system_server,-1,DisplayDeviceConfig,requesting nits when no mapping exists.]
12-31 01:44:39.564 1488 1871 E DisplayDeviceConfig: requesting nits when no mapping exists.
12-31 01:44:39.564 1488 1606 I am_wtf : [0,1488,system_server,-1,DisplayDeviceConfig,requesting nits when no mapping exists.]
12-31 01:44:39.564 1488 1871 E DisplayDeviceConfig: requesting nits when no mapping exists.
12-31 01:44:39.565 1488 1606 I am_wtf : [0,1488,system_server,-1,DisplayDeviceConfig,requesting nits when no mapping exists.]
12-31 01:44:39.580 1488 1871 E DisplayDeviceConfig: requesting nits when no mapping exists.
12-31 01:44:39.581 1488 1606 I am_wtf : [0,1488,system_server,-1,DisplayDeviceConfig,requesting nits when no mapping exists.]
12-31 01:44:39.581 1488 1871 E DisplayDeviceConfig: requesting nits when no mapping exists.
12-31 01:44:39.582 1488 1606 I am_wtf : [0,1488,system_server,-1,DisplayDeviceConfig,requesting nits when no mapping exists.]
12-31 01:44:39.597 1488 1871 E DisplayDeviceConfig: requesting nits when no mapping exists.
12-31 01:44:39.598 1488 1606 I am_wtf : [0,1488,system_server,-1,DisplayDeviceConfig,requesting nits when no mapping exists.]
12-31 01:44:39.598 1488 1871 E DisplayDeviceConfig: requesting nits when no mapping exists.
12-31 01:44:39.598 1488 1606 I am_wtf : [0,1488,system_server,-1,DisplayDeviceConfig,requesting nits when no mapping exists.]
12-31 01:44:39.614 1488 1871 E DisplayDeviceConfig: requesting nits when no mapping exists.
12-31 01:44:39.614 1488 1606 I am_wtf : [0,1488,system_server,-1,DisplayDeviceConfig,requesting nits when no mapping exists.]
12-31 01:44:39.614 1488 1871 E DisplayDeviceConfig: requesting nits when no mapping exists.
12-31 01:44:39.615 1488 1606 I am_wtf : [0,1488,system_server,-1,DisplayDeviceConfig,requesting nits when no mapping exists.]
12-31 01:44:39.631 1488 1871 E DisplayDeviceConfig: requesting nits when no mapping exists.
12-31 01:44:39.631 1488 1606 I am_wtf : [0,1488,system_server,-1,DisplayDeviceConfig,requesting nits when no mapping exists.]
12-31 01:44:39.631 1488 1871 E DisplayDeviceConfig: requesting nits when no mapping exists.
12-31 01:44:39.632 1488 1606 I am_wtf : [0,1488,system_server,-1,DisplayDeviceConfig,requesting nits when no mapping exists.]
