--------- beginning of crash
01-01 08:00:06.181 502 502 F libc : Fatal signal 6 (SIGABRT), code -1 (SI_QUEUE) in tid 502 (init), pid 502 (init) --------- beginning of events
01-01 08:00:06.184 499 499 I snet_event_log: [121035042,-1,]
01-01 08:00:06.187 499 499 I auditd : SELinux: Loaded service_contexts from:
01-01 08:00:06.187 499 499 I auditd : /system/etc/selinux/plat_service_contexts
01-01 08:00:06.187 499 499 I auditd : /system_ext/etc/selinux/system_ext_service_contexts
01-01 08:00:06.187 499 499 I auditd : /product/etc/selinux/product_service_contexts
01-01 08:00:06.187 499 499 I auditd : /vendor/etc/selinux/vendor_service_contexts
01-01 08:00:06.191 502 502 F libc : crash_dump helper failed to exec, or was killed
01-01 08:00:06.198 501 501 I snet_event_log: [121035042,-1,]
01-01 08:00:00.195 497 497 I auditd : type=2000 audit(0.0:1): state=initialized audit_enabled=0 res=1
01-01 08:00:05.499 497 497 I auditd : type=1403 audit(0.0:2): auid=4294967295 ses=4294967295 lsm=selinux res=1
01-01 08:00:05.499 497 497 I auditd : type=1404 audit(0.0:3): enforcing=1 old_enforcing=0 auid=4294967295 ses=4294967295 enabled=1 old-enabled=1 lsm=selinux res=1
01-01 08:00:05.563 1 1 I auditd : type=1107 audit(0.0:4): uid=0 auid=4294967295 ses=4294967295 subj=u:r:init:s0 msg='avc: denied { read } for property=persist.debug.trace pid=0 uid=0 gid=0 scontext=u:r:vendor_init:s0 tcontext=u:object_r:persist_debug_prop:s0 tclass=file permissive=0'
01-01 08:00:05.927 1 1 I auditd : type=1400 audit(0.0:5): avc: denied { mounton } for comm="init" path="/sys/kernel/tracing" dev="tracefs" ino=1 scontext=u:r:init:s0 tcontext=u:object_r:debugfs_tracing_debug:s0 tclass=dir permissive=0
01-01 08:00:06.183 505 505 I auditd : type=1400 audit(0.0:6): avc: denied { ptrace } for comm="crash_dump64" scontext=u:r:crash_dump:s0 tcontext=u:r:init:s0 tclass=process permissive=0
01-01 08:00:06.227 517 517 I auditd : type=1400 audit(0.0:7): avc: denied { kill } for comm="e2fsck" capability=5 scontext=u:r:fsck:s0 tcontext=u:r:fsck:s0 tclass=capability permissive=0 --------- beginning of system
01-01 08:00:06.237 512 512 I vold : Vold 3.0 (the awakening) firing up
01-01 08:00:06.237 512 512 D vold : Detected support for: ext4 f2fs vfat
01-01 08:00:06.239 512 512 D vold : Found unmanaged dm device named system_ext_a
01-01 08:00:06.239 512 512 D vold : Found unmanaged dm device named odm_a
01-01 08:00:06.239 512 512 D vold : Found unmanaged dm device named system_a
01-01 08:00:06.239 512 512 D vold : Found unmanaged dm device named vendor-verity
01-01 08:00:06.239 512 512 D vold : Found unmanaged dm device named vendor_a
01-01 08:00:06.239 512 512 D vold : Found unmanaged dm device named system_ext-verity
01-01 08:00:06.239 512 512 D vold : Found unmanaged dm device named odm-verity
01-01 08:00:06.239 512 512 D vold : Found unmanaged dm device named product-verity
01-01 08:00:06.239 512 512 D vold : Found unmanaged dm device named system-verity
01-01 08:00:06.239 512 512 D vold : Found unmanaged dm device named product_a
01-01 08:00:06.239 512 512 I vold : [libfs_mgr]dt_fstab: Skip disabled entry for partition vendor
01-01 08:00:06.239 512 512 I vold : [libfs_mgr]GetFstabPath()fstab_path:/odm/etc/fstab.default
01-01 08:00:06.239 512 512 I vold : [libfs_mgr]GetFstabPath()fstab_path:/vendor/etc/fstab.default
01-01 08:00:06.239 512 512 I vold : [libfs_mgr]GetFstabPath()fstab_path:/system/etc/fstab.default
01-01 08:00:06.239 512 512 I vold : [libfs_mgr]GetFstabPath()fstab_path:/first_stage_ramdisk/system/etc/fstab.default
01-01 08:00:06.239 512 512 I vold : [libfs_mgr]GetFstabPath()fstab_path:/fstab.default
01-01 08:00:06.239 512 512 I vold : [libfs_mgr]GetFstabPath()fstab_path:/first_stage_ramdisk/fstab.default
01-01 08:00:06.239 512 512 I vold : [libfs_mgr]GetFstabPath()fstab_path:/odm/etc/fstab.qcom
01-01 08:00:06.239 512 512 I vold : [libfs_mgr]GetFstabPath()fstab_path:/vendor/etc/fstab.qcom
01-01 08:00:06.239 512 512 I vold : [libfs_mgr]GetFstabPath()fstab_path.c_str():/vendor/etc/fstab.qcom
01-01 08:00:06.241 512 512 D vold : VoldNativeService::start() completed OK
01-01 08:00:06.235 544 544 I auditd : type=1400 audit(0.0:8): avc: denied { read write } for comm="fsck_msdos" name="sde51" dev="tmpfs" ino=11927 scontext=u:r:fsck:s0 tcontext=u:object_r:block_device:s0 tclass=blk_file permissive=0
01-01 08:00:06.235 544 544 I auditd : type=1400 audit(0.0:9): avc: denied { read } for comm="fsck_msdos" name="sde51" dev="tmpfs" ino=11927 scontext=u:r:fsck:s0 tcontext=u:object_r:block_device:s0 tclass=blk_file permissive=0
01-01 08:00:06.235 544 544 I auditd : type=1400 audit(0.0:10): avc: denied { kill } for comm="fsck_msdos" capability=5 scontext=u:r:fsck:s0 tcontext=u:r:fsck:s0 tclass=capability permissive=0
01-01 08:00:06.254 510 558 I QISL : QSEE Interrupt Service Listener Thread is started
01-01 08:00:06.255 510 558 I QISL : QSEE Interrupt Service Listener was activated successfully
01-01 08:00:06.256 510 510 D SPL : Call QSEECom_register_listener()
01-01 08:00:06.257 510 510 D SPL : Registered listener sucessfully!
01-01 08:00:06.257 510 510 D SPL : pipe read-fd [32] write-fd [33]
01-01 08:00:06.257 510 510 D SPL : Create thread
01-01 08:00:06.257 510 510 D SPL : Thread created sucessfully.
01-01 08:00:06.257 510 560 D SPL : spl_dispatch() started
01-01 08:00:06.257 510 560 D SPL : ==== Wait For Request ======
01-01 08:00:06.291 564 564 D spdaemon: Firmware Name [spss2p].
01-01 08:00:06.291 564 564 D spdaemon: Prod FW.
01-01 08:00:06.291 564 564 D spdaemon: firmware_type [p].
01-01 08:00:06.291 564 564 D spdaemon: open() file [/sys/devices/soc0/machine] Failed, ret =-1.
01-01 08:00:06.291 564 564 D spdaemon: soc_type 1048576
01-01 08:00:06.291 564 564 E iardb : [iar_db_get_iar_state] failed to open file /mnt/vendor/spunvm/iar_db/iar_state.bin [13] [Permission denied]
01-01 08:00:06.291 564 564 D iarlib : [iar_get_state] Can't get iar_state, return DISABLED
01-01 08:00:06.291 564 564 I spdaemon: IAR is not activated
01-01 08:00:06.291 564 564 D spdaemon: ------ going to start SP From kernel ------
01-01 08:00:06.291 564 564 I spcomlib: [spcom_restart_sp_subsystem] restart_sp starts
01-01 08:00:06.291 564 564 D spcomlib: [spcom_restart_sp_subsystem] restart_sp - Send PIL request [1]
01-01 08:00:06.298 564 564 D spcomlib: [spcom_restart_sp_subsystem] restart_sp - Restart SP command ok.
01-01 08:00:06.298 564 564 D spcomlib: [spcom_signal_event] event [0] [pil_called] EVENT_STATUS_SIGNALED
01-01 08:00:06.298 564 564 I spcomlib: [spcom_reset_all_app_loaded_prop] start reset all spcomlib apploaded props.
01-01 08:00:07.315 604 604 I auditd : type=1400 audit(0.0:11): avc: denied { kill } for comm="vdc" capability=5 scontext=u:r:vdc:s0 tcontext=u:r:vdc:s0 tclass=capability permissive=0
01-01 08:00:07.332 512 512 D vold : fscrypt_mount_metadata_encrypted: /data encrypt: 0 format: 0 with null
01-01 08:00:07.332 512 512 D vold : metadata_key_dir/key: /metadata/vold/metadata_encryption/key
01-01 08:00:07.333 512 512 D vold : Key exists, using: /metadata/vold/metadata_encryption/key
01-01 08:00:07.335 566 566 I auditd : SELinux: Loaded keystore2_key_contexts from:
01-01 08:00:07.335 566 566 I auditd : /system/etc/selinux/plat_keystore2_key_contexts
01-01 08:00:07.342 512 512 D vold : Mounting metadata-encrypted filesystem:/data
01-01 08:00:07.345 512 512 I vold : [libfs_mgr]Running /system/bin/fsck.f2fs -a -c 10000 --debug-cache /dev/block/dm-10
01-01 08:00:07.379 607 607 I auditd : type=1400 audit(0.0:12): avc: denied { kill } for comm="fsck.f2fs" capability=5 scontext=u:r:fsck:s0 tcontext=u:r:fsck:s0 tclass=capability permissive=0
01-01 08:00:07.421 512 512 I vold : [libfs_mgr]__mount(source=/dev/block/dm-10,target=/data,type=f2fs)=0: Success
01-01 08:00:07.422 512 512 D vold : Mounted /data
01-01 08:00:07.422 512 549 D vold : Disk at 252:10 changed
01-01 08:00:07.415 606 606 I auditd : type=1400 audit(0.0:13): avc: denied { kill } for comm="vdc" capability=5 scontext=u:r:vdc:s0 tcontext=u:r:vdc:s0 tclass=capability permissive=0
01-01 08:00:07.430 512 512 I Checkpoint: cp_prepareCheckpoint called
01-01 08:00:07.437 512 512 I vold : fscrypt_initialize_systemwide_keys
01-01 08:00:07.437 512 512 D vold : Key exists, using: /data/unencrypted/key
01-01 08:00:07.446 512 512 D vold : Installed fscrypt key with ref a6453e00d7052e7e035e2e08f83d1976 to /data
01-01 08:00:07.446 512 512 D vold : Added fscrypt-provisioning key for a6453e00d7052e7e035e2e08f83d1976 to session keyring
01-01 08:00:07.447 512 512 I vold : Wrote system DE key reference to:/data/unencrypted/ref
01-01 08:00:07.447 512 512 D vold : Generating wrapped storage key
01-01 08:00:07.448 512 512 E vold : keystore2 Keystore generateKey returned service specific error: -67
01-01 08:00:07.448 512 512 W vold : Failed to generate rollback-resistant key. This is expected if keymaster doesn't support rollback resistance. Falling back to non-rollback-resistant key.
01-01 08:00:07.454 512 512 D vold : Installed fscrypt key with ref 7bf08451b5cad151c0ad0af6026be4b2 to /data
01-01 08:00:07.454 512 512 D vold : Added fscrypt-provisioning key for 7bf08451b5cad151c0ad0af6026be4b2 to session keyring
01-01 08:00:07.455 512 512 I vold : Wrote per boot key reference to:/data/unencrypted/per_boot_ref
01-01 08:00:07.456 612 614 D spcomlib: [spcom_register_service] spcom_register_service() name [sp_keymaster_ssr] pid [519192616112]
01-01 08:00:07.456 612 614 D spcomlib: [spcom_open] ch [sp_keymaster_ssr] doesn't exist, create it.
01-01 08:00:07.456 612 614 D spcomlib: [spcom_create_channel] Create Channel [sp_keymaster_ssr].
01-01 08:00:07.469 512 512 I incfs : Initial API level of the device: 30
01-01 08:00:07.469 512 512 I incfs : ro.incremental.enable: 1
01-01 08:00:07.469 512 512 I incfs : isFsAvailable: true
01-01 08:00:07.469 512 512 I incfs : isFsAvailable: true
01-01 08:00:07.469 512 512 I incfs : IncFs_Features: v1
01-01 08:00:07.476 612 614 D spcomlib: [add_ssr_cb] ssr cb added!
01-01 08:00:07.476 612 614 D spcomlib: [start_ssr_thread] ch [spcom] ready!
01-01 08:00:07.476 612 614 D spcomlib: [start_ssr_thread] main pthread self_id [0xe24a9cb0].
01-01 08:00:07.476 612 614 D spcomlib: [start_ssr_thread] pthread_create() ret [0] thread-id [0xe13abcb0].
01-01 08:00:07.476 612 614 D spcomlib: [start_ssr_thread] Wait for SSR thread to run.
01-01 08:00:07.476 612 625 D spcomlib: [notify_ssr_thread] SSR pthread self_id [0xe13abcb0].
01-01 08:00:07.476 612 614 D spcomlib: [start_ssr_thread] pthread_cond_wait() ret [0].
01-01 08:00:07.476 612 614 D spcomlib: [start_ssr_thread] done.
01-01 08:00:07.477 612 614 D spcomlib: [add_ch] add ch [sp_keymaster_ssr].
01-01 08:00:07.477 612 614 D spcomlib: [spcom_register_service] spcom_register_service() name [sp_keymaster_ssr] pid [519192616112] done
01-01 08:00:07.478 512 512 E vold : keystore2 Keystore earlyBootEnded returned service specific error: -68
01-01 08:00:07.526 512 512 D vold : fscrypt_init_user0
01-01 08:00:07.526 512 512 D vold : Preparing: /data/misc/vold/user_keys
01-01 08:00:07.527 512 512 D vold : Preparing: /data/misc/vold/user_keys/ce
01-01 08:00:07.527 512 512 D vold : Preparing: /data/misc/vold/user_keys/de
01-01 08:00:07.537 512 512 D vold : Installed fscrypt key with ref a7b5f0298c74256379441bac234e4f4a to /data
01-01 08:00:07.537 512 512 D vold : Added fscrypt-provisioning key for a7b5f0298c74256379441bac234e4f4a to session keyring
01-01 08:00:07.537 512 512 D vold : Installed de key for user 0
01-01 08:00:07.537 512 512 D vold : fscrypt_prepare_user_storage for volume null, user 0, serial 0, flags 1
01-01 08:00:07.537 512 512 D vold : Preparing: /data/system/users/0
01-01 08:00:07.537 512 512 D vold : Preparing: /data/misc/profiles/cur/0
01-01 08:00:07.537 512 512 D vold : Preparing: /data/system_de/0
01-01 08:00:07.538 512 512 D vold : Preparing: /data/misc_de/0
01-01 08:00:07.538 512 512 D vold : Preparing: /data/vendor_de/0
01-01 08:00:07.538 512 512 D vold : Preparing: /data/user_de/0
01-01 08:00:07.538 512 512 I vold : Verified that /data/system_de/0 has the encryption policy a7b5f0298c74256379441bac234e4f4a v2 modes 1/4 flags 0xa
01-01 08:00:07.538 512 512 I vold : Verified that /data/misc_de/0 has the encryption policy a7b5f0298c74256379441bac234e4f4a v2 modes 1/4 flags 0xa
01-01 08:00:07.538 512 512 I vold : Verified that /data/vendor_de/0 has the encryption policy a7b5f0298c74256379441bac234e4f4a v2 modes 1/4 flags 0xa
01-01 08:00:07.538 512 512 I vold : Verified that /data/user_de/0 has the encryption policy a7b5f0298c74256379441bac234e4f4a v2 modes 1/4 flags 0xa
01-01 08:00:07.538 512 512 D vold : /system/bin/vold_prepare_subdirs
01-01 08:00:07.538 512 512 D vold : prepare
01-01 08:00:07.538 512 512 D vold :
01-01 08:00:07.538 512 512 D vold : 0
01-01 08:00:07.538 512 512 D vold : 1
01-01 08:00:07.554 512 512 D vold : Detected support for FS_IOC_ADD_ENCRYPTION_KEY
01-01 08:00:07.162 1 1 I auditd : type=1400 audit(0.0:14): avc: denied { getattr } for comm="init" path="/product/bin/init.qti.display.sh" dev="dm-7" ino=68 scontext=u:r:init:s0 tcontext=u:object_r:vendor_sys_qti_display_exec:s0 tclass=file permissive=0
01-01 08:00:07.199 653 653 I liblog : 40
01-01 08:00:07.203 653 653 I liblog : 198
01-01 08:00:07.205 653 653 I liblog : 47
01-01 08:00:07.205 653 653 I liblog : 160
01-01 08:00:07.205 653 653 I liblog : 1
01-01 08:00:07.208 653 653 I liblog : 305
01-01 08:00:07.209 653 653 I liblog : 1
01-01 08:00:07.455 662 662 I boot_progress_start: 5212
01-01 08:00:07.717 829 829 I auditd : type=1400 audit(0.0:15): avc: denied { read } for comm="vendor.qti.hard" name="u:object_r:vendor_cap_configstore_dbg_prop:s0" dev="tmpfs" ino=11696 scontext=u:r:vendor_hal_capabilityconfigstore_qti_default:s0 tcontext=u:object_r:vendor_cap_configstore_dbg_prop:s0 tclass=file permissive=0
01-01 08:00:07.758 824 824 I android.hardware.wifi@1.0-service: Wifi Hal is booting up...
01-01 08:00:07.762 824 824 I HidlServiceManagement: Registered android.hardware.wifi@1.4::IWifi/default (start delay of 118ms)
01-01 08:00:07.775 953 953 I irsc_util: Starting irsc tool
01-01 08:00:07.797 7 7 I auditd : type=1400 audit(0.0:16): avc: denied { create } for comm="kworker/u16:0" scontext=u:r:kernel:s0 tcontext=u:r:kernel:s0 tclass=qipcrtr_socket permissive=0
01-01 08:00:07.797 273 273 I auditd : type=1400 audit(0.0:17): avc: denied { create } for comm="kworker/u16:3" scontext=u:r:kernel:s0 tcontext=u:r:kernel:s0 tclass=qipcrtr_socket permissive=0
01-01 08:00:07.797 80 80 I auditd : type=1400 audit(0.0:18): avc: denied { create } for comm="kworker/u16:1" scontext=u:r:kernel:s0 tcontext=u:r:kernel:s0 tclass=qipcrtr_socket permissive=0
01-01 08:00:07.797 275 275 I auditd : type=1400 audit(0.0:19): avc: denied { create } for comm="kworker/u16:4" scontext=u:r:kernel:s0 tcontext=u:r:kernel:s0 tclass=qipcrtr_socket permissive=0
01-01 08:00:07.797 273 273 I auditd : type=1400 audit(0.0:20): avc: denied { create } for comm="kworker/u16:3" scontext=u:r:kernel:s0 tcontext=u:r:kernel:s0 tclass=qipcrtr_socket permissive=0
01-01 08:00:07.802 662 662 I snet_event_log: [200284993,-1,]
01-01 08:00:07.797 80 80 I auditd : type=1400 audit(0.0:21): avc: denied { create } for comm="kworker/u16:1" scontext=u:r:kernel:s0 tcontext=u:r:kernel:s0 tclass=qipcrtr_socket permissive=0
01-01 08:00:07.797 275 275 I auditd : type=1400 audit(0.0:22): avc: denied { create } for comm="kworker/u16:4" scontext=u:r:kernel:s0 tcontext=u:r:kernel:s0 tclass=qipcrtr_socket permissive=0
01-01 08:00:07.797 80 80 I auditd : type=1400 audit(0.0:23): avc: denied { create } for comm="kworker/u16:1" scontext=u:r:kernel:s0 tcontext=u:r:kernel:s0 tclass=qipcrtr_socket permissive=0
01-01 08:00:07.797 80 80 I auditd : type=1400 audit(0.0:24): avc: denied { create } for comm="kworker/u16:1" scontext=u:r:kernel:s0 tcontext=u:r:kernel:s0 tclass=qipcrtr_socket permissive=0
01-01 08:00:07.797 275 275 I auditd : type=1400 audit(0.0:25): avc: denied { create } for comm="kworker/u16:4" scontext=u:r:kernel:s0 tcontext=u:r:kernel:s0 tclass=qipcrtr_socket permissive=0
01-01 08:00:07.797 80 80 I auditd : type=1400 audit(0.0:26): avc: denied { create } for comm="kworker/u16:1" scontext=u:r:kernel:s0 tcontext=u:r:kernel:s0 tclass=qipcrtr_socket permissive=0
01-01 08:00:07.797 275 275 I auditd : type=1400 audit(0.0:27): avc: denied { create } for comm="kworker/u16:4" scontext=u:r:kernel:s0 tcontext=u:r:kernel:s0 tclass=qipcrtr_socket permissive=0
01-01 08:00:07.801 273 273 I auditd : type=1400 audit(0.0:28): avc: denied { create } for comm="kworker/u16:3" scontext=u:r:kernel:s0 tcontext=u:r:kernel:s0 tclass=qipcrtr_socket permissive=0
01-01 08:00:07.801 273 273 I auditd : type=1400 audit(0.0:29): avc: denied { create } for comm="kworker/u16:3" scontext=u:r:kernel:s0 tcontext=u:r:kernel:s0 tclass=qipcrtr_socket permissive=0
01-01 08:00:07.801 273 273 I auditd : type=1400 audit(0.0:30): avc: denied { create } for comm="kworker/u16:3" scontext=u:r:kernel:s0 tcontext=u:r:kernel:s0 tclass=qipcrtr_socket permissive=0
01-01 08:00:07.801 273 273 I auditd : type=1400 audit(0.0:31): avc: denied { create } for comm="kworker/u16:3" scontext=u:r:kernel:s0 tcontext=u:r:kernel:s0 tclass=qipcrtr_socket permissive=0
01-01 08:00:07.801 273 273 I auditd : type=1400 audit(0.0:32): avc: denied { create } for comm="kworker/u16:3" scontext=u:r:kernel:s0 tcontext=u:r:kernel:s0 tclass=qipcrtr_socket permissive=0
01-01 08:00:07.801 273 273 I auditd : type=1400 audit(0.0:33): avc: denied { create } for comm="kworker/u16:3" scontext=u:r:kernel:s0 tcontext=u:r:kernel:s0 tclass=qipcrtr_socket permissive=0
01-01 08:00:07.801 280 280 I auditd : type=1400 audit(0.0:34): avc: denied { create } for comm="kworker/u16:6" scontext=u:r:kernel:s0 tcontext=u:r:kernel:s0 tclass=qipcrtr_socket permissive=0
01-01 08:00:07.801 271 271 I auditd : type=1400 audit(0.0:35): avc: denied { create } for comm="kworker/u16:2" scontext=u:r:kernel:s0 tcontext=u:r:kernel:s0 tclass=qipcrtr_socket permissive=0
01-01 08:00:07.801 278 278 I auditd : type=1400 audit(0.0:36): avc: denied { create } for comm="kworker/u16:5" scontext=u:r:kernel:s0 tcontext=u:r:kernel:s0 tclass=qipcrtr_socket permissive=0
01-01 08:00:07.807 663 663 I snet_event_log: [200284993,-1,]
01-01 08:00:07.823 953 953 I irsc_util: Num of entries:298
01-01 08:00:07.823 953 953 I irsc_util: Ending irsc tool
01-01 08:00:07.821 467 467 I auditd : type=1400 audit(0.0:37): avc: denied { setattr } for comm="init" name="rawdump" dev="tmpfs" ino=12068 scontext=u:r:vendor_init:s0 tcontext=u:object_r:block_device:s0 tclass=lnk_file permissive=0
01-01 08:00:07.821 467 467 I auditd : type=1400 audit(0.0:38): avc: denied { setattr } for comm="init" name="rawdump" dev="tmpfs" ino=12068 scontext=u:r:vendor_init:s0 tcontext=u:object_r:block_device:s0 tclass=lnk_file permissive=0
01-01 08:00:07.825 989 989 I auditd : type=1400 audit(0.0:39): avc: denied { read write } for comm="sensors.qti" name="diag" dev="tmpfs" ino=14398 scontext=u:r:vendor_sensors_qti:s0 tcontext=u:object_r:vendor_diag_device:s0 tclass=chr_file permissive=0
01-01 08:00:07.865 831 831 I auditd : type=1400 audit(0.0:40): avc: denied { read write } for comm="vendor.qti.hard" name="diag" dev="tmpfs" ino=14398 scontext=u:r:hal_graphics_composer_default:s0 tcontext=u:object_r:vendor_diag_device:s0 tclass=chr_file permissive=0
01-01 08:00:07.914 662 662 I boot_progress_preload_start: 5670
01-01 08:00:07.955 499 499 I auditd : avc: denied { find } for pid=976 uid=1000 name=vendor.qti.hardware.display.config.IDisplayConfig/default scontext=u:r:surfaceflinger:s0 tcontext=u:object_r:default_android_service:s0 tclass=service_manager permissive=0
01-01 08:00:07.960 499 499 I auditd : avc: denied { find } for pid=976 uid=1000 name=vendor.qti.hardware.display.config.IDisplayConfig/default scontext=u:r:surfaceflinger:s0 tcontext=u:object_r:default_android_service:s0 tclass=service_manager permissive=0
01-01 08:00:08.025 989 989 I auditd : type=1400 audit(0.0:41): avc: denied { read write } for comm="sensors.qti" name="diag" dev="tmpfs" ino=14398 scontext=u:r:vendor_sensors_qti:s0 tcontext=u:object_r:vendor_diag_device:s0 tclass=chr_file permissive=0
01-01 08:00:08.153 1031 1031 I auditd : type=1400 audit(0.0:42): avc: denied { write } for comm="init.qcom.usb.s" name="uvc.0" dev="configfs" ino=17986 scontext=u:r:vendor_qti_init_shell:s0 tcontext=u:object_r:configfs:s0 tclass=dir permissive=0
01-01 08:00:08.153 1031 1031 I auditd : type=1400 audit(0.0:43): avc: denied { write } for comm="init.qcom.usb.s" name="uvc.0" dev="configfs" ino=17986 scontext=u:r:vendor_qti_init_shell:s0 tcontext=u:object_r:configfs:s0 tclass=dir permissive=0
01-01 08:00:08.173 1113 1113 I auditd : type=1400 audit(0.0:44): avc: denied { write } for comm="mkdir" name="header" dev="configfs" ino=17988 scontext=u:r:vendor_qti_init_shell:s0 tcontext=u:object_r:configfs:s0 tclass=dir permissive=0
01-01 08:00:08.181 1114 1114 I auditd : type=1400 audit(0.0:45): avc: denied { write } for comm="ln" name="fs" dev="configfs" ino=17997 scontext=u:r:vendor_qti_init_shell:s0 tcontext=u:object_r:configfs:s0 tclass=dir permissive=0
01-01 08:00:08.185 1115 1115 I auditd : type=1400 audit(0.0:46): avc: denied { write } for comm="ln" name="ss" dev="configfs" ino=17998 scontext=u:r:vendor_qti_init_shell:s0 tcontext=u:object_r:configfs:s0 tclass=dir permissive=0
01-01 08:00:08.193 1116 1116 I auditd : type=1400 audit(0.0:47): avc: denied { write } for comm="mkdir" name="uncompressed" dev="configfs" ino=18001 scontext=u:r:vendor_qti_init_shell:s0 tcontext=u:object_r:configfs:s0 tclass=dir permissive=0
01-01 08:00:08.197 1120 1120 I auditd : type=1400 audit(0.0:48): avc: denied { write } for comm="mkdir" name="uncompressed" dev="configfs" ino=18001 scontext=u:r:vendor_qti_init_shell:s0 tcontext=u:object_r:configfs:s0 tclass=dir permissive=0
01-01 08:00:08.201 1121 1121 I auditd : type=1400 audit(0.0:49): avc: denied { write } for comm="mkdir" name="mjpeg" dev="configfs" ino=18002 scontext=u:r:vendor_qti_init_shell:s0 tcontext=u:object_r:configfs:s0 tclass=dir permissive=0
01-01 08:00:08.209 1122 1122 I auditd : type=1400 audit(0.0:50): avc: denied { write } for comm="mkdir" name="mjpeg" dev="configfs" ino=18002 scontext=u:r:vendor_qti_init_shell:s0 tcontext=u:object_r:configfs:s0 tclass=dir permissive=0
01-01 08:00:08.213 1123 1123 I auditd : type=1400 audit(0.0:51): avc: denied { write } for comm="mkdir" name="h264" dev="configfs" ino=18003 scontext=u:r:vendor_qti_init_shell:s0 tcontext=u:object_r:configfs:s0 tclass=dir permissive=0
01-01 08:00:08.221 1125 1125 I auditd : type=1400 audit(0.0:52): avc: denied { write } for comm="mkdir" name="h264" dev="configfs" ino=18003 scontext=u:r:vendor_qti_init_shell:s0 tcontext=u:object_r:configfs:s0 tclass=dir permissive=0
01-01 08:00:08.225 989 989 I auditd : type=1400 audit(0.0:53): avc: denied { read write } for comm="sensors.qti" name="diag" dev="tmpfs" ino=14398 scontext=u:r:vendor_sensors_qti:s0 tcontext=u:object_r:vendor_diag_device:s0 tclass=chr_file permissive=0
01-01 08:00:08.225 1126 1126 I auditd : type=1400 audit(0.0:54): avc: denied { write } for comm="mkdir" name="header" dev="configfs" ino=18000 scontext=u:r:vendor_qti_init_shell:s0 tcontext=u:object_r:configfs:s0 tclass=dir permissive=0
01-01 08:00:08.229 1127 1127 I auditd : type=1400 audit(0.0:55): avc: denied { write } for comm="ln" name="header" dev="configfs" ino=18000 scontext=u:r:vendor_qti_init_shell:s0 tcontext=u:object_r:configfs:s0 tclass=dir permissive=0
01-01 08:00:08.233 1128 1128 I auditd : type=1400 audit(0.0:56): avc: denied { write } for comm="ln" name="header" dev="configfs" ino=18000 scontext=u:r:vendor_qti_init_shell:s0 tcontext=u:object_r:configfs:s0 tclass=dir permissive=0
01-01 08:00:08.237 1129 1129 I auditd : type=1400 audit(0.0:57): avc: denied { write } for comm="ln" name="header" dev="configfs" ino=18000 scontext=u:r:vendor_qti_init_shell:s0 tcontext=u:object_r:configfs:s0 tclass=dir permissive=0
01-01 08:00:08.245 1130 1130 I auditd : type=1400 audit(0.0:58): avc: denied { write } for comm="ln" name="fs" dev="configfs" ino=18007 scontext=u:r:vendor_qti_init_shell:s0 tcontext=u:object_r:configfs:s0 tclass=dir permissive=0
01-01 08:00:08.249 1131 1131 I auditd : type=1400 audit(0.0:59): avc: denied { write } for comm="ln" name="hs" dev="configfs" ino=18008 scontext=u:r:vendor_qti_init_shell:s0 tcontext=u:object_r:configfs:s0 tclass=dir permissive=0
01-01 08:00:08.253 1132 1132 I auditd : type=1400 audit(0.0:60): avc: denied { write } for comm="ln" name="ss" dev="configfs" ino=18009 scontext=u:r:vendor_qti_init_shell:s0 tcontext=u:object_r:configfs:s0 tclass=dir permissive=0
01-01 08:00:08.278 1134 1134 I gsid : no DSU: No such file or directory
01-01 08:00:08.401 1172 1172 I auditd : type=1400 audit(0.0:61): avc: denied { read write } for comm="dpmd" name="diag" dev="tmpfs" ino=14398 scontext=u:r:vendor_dpmd:s0 tcontext=u:object_r:vendor_diag_device:s0 tclass=chr_file permissive=0
01-01 08:00:08.407 1167 1167 I iorapd : iorapd (the prefetchening) firing up
01-01 08:00:08.405 1186 1186 I auditd : type=1400 audit(0.0:62): avc: denied { read write } for comm="dpmd" name="diag" dev="tmpfs" ino=14398 scontext=u:r:vendor_dpmd:s0 tcontext=u:object_r:vendor_diag_device:s0 tclass=chr_file permissive=0
01-01 08:00:08.412 1167 1167 I iorapd : Opened existing database at '/data/misc/iorapd/sqlite.db'
01-01 08:00:08.412 1167 1167 W iorapd : Reconnect to package manager service: 1 times
01-01 08:00:08.425 989 989 I auditd : type=1400 audit(0.0:63): avc: denied { read write } for comm="sensors.qti" name="diag" dev="tmpfs" ino=14398 scontext=u:r:vendor_sensors_qti:s0 tcontext=u:object_r:vendor_diag_device:s0 tclass=chr_file permissive=0
01-01 08:00:08.450 1196 1196 I installd: installd firing up
01-01 08:00:08.469 1228 1228 I auditd : type=1400 audit(0.0:64): avc: denied { read write } for comm="ipacm-diag" name="diag" dev="tmpfs" ino=14398 scontext=u:r:hal_tetheroffload_default:s0 tcontext=u:object_r:vendor_diag_device:s0 tclass=chr_file permissive=0
01-01 08:00:08.517 1224 1224 I auditd : type=1400 audit(0.0:65): avc: denied { read write } for comm="imsqmidaemon" name="diag" dev="tmpfs" ino=14398 scontext=u:r:vendor_ims:s0 tcontext=u:object_r:vendor_diag_device:s0 tclass=chr_file permissive=0
01-01 08:00:08.517 1224 1224 I auditd : type=1400 audit(0.0:66): avc: denied { read write } for comm="imsqmidaemon" name="diag" dev="tmpfs" ino=14398 scontext=u:r:vendor_ims:s0 tcontext=u:object_r:vendor_diag_device:s0 tclass=chr_file permissive=0
01-01 08:00:08.521 1224 1224 I auditd : type=1400 audit(0.0:67): avc: denied { read write } for comm="imsqmidaemon" name="diag" dev="tmpfs" ino=14398 scontext=u:r:vendor_ims:s0 tcontext=u:object_r:vendor_diag_device:s0 tclass=chr_file permissive=0
01-01 08:00:08.521 1224 1224 I auditd : type=1400 audit(0.0:68): avc: denied { read write } for comm="imsqmidaemon" name="diag" dev="tmpfs" ino=14398 scontext=u:r:vendor_ims:s0 tcontext=u:object_r:vendor_diag_device:s0 tclass=chr_file permissive=0
01-01 08:00:08.521 1224 1224 I auditd : type=1400 audit(0.0:69): avc: denied { read write } for comm="imsqmidaemon" name="diag" dev="tmpfs" ino=14398 scontext=u:r:vendor_ims:s0 tcontext=u:object_r:vendor_diag_device:s0 tclass=chr_file permissive=0
01-01 08:00:08.521 1224 1224 I auditd : type=1400 audit(0.0:70): avc: denied { read write } for comm="imsqmidaemon" name="diag" dev="tmpfs" ino=14398 scontext=u:r:vendor_ims:s0 tcontext=u:object_r:vendor_diag_device:s0 tclass=chr_file permissive=0
01-01 08:00:08.521 1224 1224 I auditd : type=1400 audit(0.0:71): avc: denied { read write } for comm="imsqmidaemon" name="diag" dev="tmpfs" ino=14398 scontext=u:r:vendor_ims:s0 tcontext=u:object_r:vendor_diag_device:s0 tclass=chr_file permissive=0
01-01 08:00:08.533 1224 1224 I auditd : type=1400 audit(0.0:72): avc: denied { read write } for comm="imsqmidaemon" name="diag" dev="tmpfs" ino=14398 scontext=u:r:vendor_ims:s0 tcontext=u:object_r:vendor_diag_device:s0 tclass=chr_file permissive=0
01-01 08:00:08.533 1224 1224 I auditd : type=1400 audit(0.0:73): avc: denied { read write } for comm="imsqmidaemon" name="diag" dev="tmpfs" ino=14398 scontext=u:r:vendor_ims:s0 tcontext=u:object_r:vendor_diag_device:s0 tclass=chr_file permissive=0
01-01 08:00:08.533 1224 1224 I auditd : type=1400 audit(0.0:74): avc: denied { read write } for comm="imsqmidaemon" name="diag" dev="tmpfs" ino=14398 scontext=u:r:vendor_ims:s0 tcontext=u:object_r:vendor_diag_device:s0 tclass=chr_file permissive=0
01-01 08:00:08.545 1212 1212 I wificond: wificond is starting up...
01-01 08:00:08.549 1225 1225 I imsrcsd : Uce Service HAL is starting up...
01-01 08:00:08.550 1225 1225 I imsrcsd : Uce Service HAL loading imsrcsbaseimpl
01-01 08:00:08.551 1212 1212 I HidlServiceManagement: Registered android.system.wifi.keystore@1.0::IKeystore/default
01-01 08:00:08.619 1270 1270 I TLOC : [main ]"TLOC DAEMON main thread"
01-01 08:00:08.619 1270 1270 D TLOC : [TLOCDaemon ]"---------- TLOC Daemon Starts ----------"
01-01 08:00:08.626 1270 1270 D TLOC : [TLOCChannel]"The channel was initialized successfully for TLOCD"
01-01 08:00:08.626 1270 1270 D TLOC : [TLOCChannel]"The channel was initialized successfully for TLOCL"
01-01 08:00:08.627 1270 1270 D TLOC : [TLOCChannel]"The channel was initialized successfully for MODEM"
01-01 08:00:08.627 1270 1270 D TLOC : [TLOCChannel]"TLOCChannel was initialized successfully"
01-01 08:00:08.627 1270 1270 D TLOC : [TLOCChannel] "TLOCChannel is already initialized"
01-01 08:00:08.625 989 989 I auditd : type=1400 audit(0.0:75): avc: denied { read write } for comm="sensors.qti" name="diag" dev="tmpfs" ino=14398 scontext=u:r:vendor_sensors_qti:s0 tcontext=u:object_r:vendor_diag_device:s0 tclass=chr_file permissive=0
01-01 08:00:08.641 1223 1223 I auditd : type=1400 audit(0.0:76): avc: denied { read write } for comm="ims_rtp_daemon" name="diag" dev="tmpfs" ino=14398 scontext=u:r:vendor_hal_imsrtp:s0 tcontext=u:object_r:vendor_diag_device:s0 tclass=chr_file permissive=0
01-01 08:00:08.649 814 814 I auditd : type=1400 audit(0.0:77): avc: denied { read } for comm="android.hardwar" name="type" dev="sysfs" ino=64012 scontext=u:r:hal_health_default:s0 tcontext=u:object_r:sysfs:s0 tclass=file permissive=0
01-01 08:00:08.675 1208 1208 W storaged: health: invalid battery status
01-01 08:00:08.675 1225 1225 I imsrcsd : Starting Service for First Time imsbaseimpl
01-01 08:00:08.677 1278 1278 I auditd : type=1400 audit(0.0:78): avc: denied { read write } for comm="imsdatadaemon" name="diag" dev="tmpfs" ino=14398 scontext=u:r:vendor_ims:s0 tcontext=u:object_r:vendor_diag_device:s0 tclass=chr_file permissive=0
01-01 08:00:08.677 1278 1278 I auditd : type=1400 audit(0.0:79): avc: denied { read write } for comm="imsdatadaemon" name="diag" dev="tmpfs" ino=14398 scontext=u:r:vendor_ims:s0 tcontext=u:object_r:vendor_diag_device:s0 tclass=chr_file permissive=0
01-01 08:00:08.677 1278 1278 I auditd : type=1400 audit(0.0:80): avc: denied { read write } for comm="imsdatadaemon" name="diag" dev="tmpfs" ino=14398 scontext=u:r:vendor_ims:s0 tcontext=u:object_r:vendor_diag_device:s0 tclass=chr_file permissive=0
01-01 08:00:08.677 1278 1278 I auditd : type=1400 audit(0.0:81): avc: denied { read write } for comm="imsdatadaemon" name="diag" dev="tmpfs" ino=14398 scontext=u:r:vendor_ims:s0 tcontext=u:object_r:vendor_diag_device:s0 tclass=chr_file permissive=0
01-01 08:00:08.677 1278 1278 I auditd : type=1400 audit(0.0:82): avc: denied { read write } for comm="imsdatadaemon" name="diag" dev="tmpfs" ino=14398 scontext=u:r:vendor_ims:s0 tcontext=u:object_r:vendor_diag_device:s0 tclass=chr_file permissive=0
01-01 08:00:08.677 1278 1278 I auditd : type=1400 audit(0.0:83): avc: denied { read write } for comm="imsdatadaemon" name="diag" dev="tmpfs" ino=14398 scontext=u:r:vendor_ims:s0 tcontext=u:object_r:vendor_diag_device:s0 tclass=chr_file permissive=0
01-01 08:00:08.677 1278 1278 I auditd : type=1400 audit(0.0:84): avc: denied { read write } for comm="imsdatadaemon" name="diag" dev="tmpfs" ino=14398 scontext=u:r:vendor_ims:s0 tcontext=u:object_r:vendor_diag_device:s0 tclass=chr_file permissive=0
01-01 08:00:08.677 1278 1278 I auditd : type=1400 audit(0.0:85): avc: denied { read write } for comm="imsdatadaemon" name="diag" dev="tmpfs" ino=14398 scontext=u:r:vendor_ims:s0 tcontext=u:object_r:vendor_diag_device:s0 tclass=chr_file permissive=0
01-01 08:00:08.677 1278 1278 I auditd : type=1400 audit(0.0:86): avc: denied { read write } for comm="imsdatadaemon" name="diag" dev="tmpfs" ino=14398 scontext=u:r:vendor_ims:s0 tcontext=u:object_r:vendor_diag_device:s0 tclass=chr_file permissive=0
01-01 08:00:08.677 1278 1278 I auditd : type=1400 audit(0.0:87): avc: denied { read write } for comm="imsdatadaemon" name="diag" dev="tmpfs" ino=14398 scontext=u:r:vendor_ims:s0 tcontext=u:object_r:vendor_diag_device:s0 tclass=chr_file permissive=0
01-01 08:00:08.677 1278 1278 I auditd : type=1400 audit(0.0:88): avc: denied { read write } for comm="imsdatadaemon" name="diag" dev="tmpfs" ino=14398 scontext=u:r:vendor_ims:s0 tcontext=u:object_r:vendor_diag_device:s0 tclass=chr_file permissive=0
01-01 08:00:08.677 1278 1278 I auditd : type=1400 audit(0.0:89): avc: denied { read write } for comm="imsdatadaemon" name="diag" dev="tmpfs" ino=14398 scontext=u:r:vendor_ims:s0 tcontext=u:object_r:vendor_diag_device:s0 tclass=chr_file permissive=0
01-01 08:00:08.677 1278 1278 I auditd : type=1400 audit(0.0:90): avc: denied { read write } for comm="imsdatadaemon" name="diag" dev="tmpfs" ino=14398 scontext=u:r:vendor_ims:s0 tcontext=u:object_r:vendor_diag_device:s0 tclass=chr_file permissive=0
01-01 08:00:08.677 1278 1278 I auditd : type=1400 audit(0.0:91): avc: denied { read write } for comm="imsdatadaemon" name="diag" dev="tmpfs" ino=14398 scontext=u:r:vendor_ims:s0 tcontext=u:object_r:vendor_diag_device:s0 tclass=chr_file permissive=0
01-01 08:00:08.677 1278 1278 I auditd : type=1400 audit(0.0:92): avc: denied { read write } for comm="imsdatadaemon" name="diag" dev="tmpfs" ino=14398 scontext=u:r:vendor_ims:s0 tcontext=u:object_r:vendor_diag_device:s0 tclass=chr_file permissive=0
01-01 08:00:08.677 1278 1278 I auditd : type=1400 audit(0.0:93): avc: denied { read write } for comm="imsdatadaemon" name="diag" dev="tmpfs" ino=14398 scontext=u:r:vendor_ims:s0 tcontext=u:object_r:vendor_diag_device:s0 tclass=chr_file permissive=0
01-01 08:00:08.677 1278 1278 I auditd : type=1400 audit(0.0:94): avc: denied { read write } for comm="imsdatadaemon" name="diag" dev="tmpfs" ino=14398 scontext=u:r:vendor_ims:s0 tcontext=u:object_r:vendor_diag_device:s0 tclass=chr_file permissive=0
01-01 08:00:08.677 1278 1278 I auditd : type=1400 audit(0.0:95): avc: denied { read write } for comm="imsdatadaemon" name="diag" dev="tmpfs" ino=14398 scontext=u:r:vendor_ims:s0 tcontext=u:object_r:vendor_diag_device:s0 tclass=chr_file permissive=0
01-01 08:00:08.677 1278 1278 I auditd : type=1400 audit(0.0:96): avc: denied { read write } for comm="imsdatadaemon" name="diag" dev="tmpfs" ino=14398 scontext=u:r:vendor_ims:s0 tcontext=u:object_r:vendor_diag_device:s0 tclass=chr_file permissive=0
01-01 08:00:08.677 1278 1278 I auditd : type=1400 audit(0.0:97): avc: denied { read write } for comm="imsdatadaemon" name="diag" dev="tmpfs" ino=14398 scontext=u:r:vendor_ims:s0 tcontext=u:object_r:vendor_diag_device:s0 tclass=chr_file permissive=0
01-01 08:00:08.677 1278 1278 I auditd : type=1400 audit(0.0:98): avc: denied { read write } for comm="imsdatadaemon" name="diag" dev="tmpfs" ino=14398 scontext=u:r:vendor_ims:s0 tcontext=u:object_r:vendor_diag_device:s0 tclass=chr_file permissive=0
01-01 08:00:08.677 1278 1278 I auditd : type=1400 audit(0.0:99): avc: denied { read write } for comm="imsdatadaemon" name="diag" dev="tmpfs" ino=14398 scontext=u:r:vendor_ims:s0 tcontext=u:object_r:vendor_diag_device:s0 tclass=chr_file permissive=0
01-01 08:00:08.677 1278 1278 I auditd : type=1400 audit(0.0:100): avc: denied { read write } for comm="imsdatadaemon" name="diag" dev="tmpfs" ino=14398 scontext=u:r:vendor_ims:s0 tcontext=u:object_r:vendor_diag_device:s0 tclass=chr_file permissive=0
01-01 08:00:08.677 1278 1278 I auditd : type=1400 audit(0.0:101): avc: denied { read write } for comm="imsdatadaemon" name="diag" dev="tmpfs" ino=14398 scontext=u:r:vendor_ims:s0 tcontext=u:object_r:vendor_diag_device:s0 tclass=chr_file permissive=0
01-01 08:00:08.677 1278 1278 I auditd : type=1400 audit(0.0:102): avc: denied { read write } for comm="imsdatadaemon" name="diag" dev="tmpfs" ino=14398 scontext=u:r:vendor_ims:s0 tcontext=u:object_r:vendor_diag_device:s0 tclass=chr_file permissive=0
01-01 08:00:08.677 1278 1278 I auditd : type=1400 audit(0.0:103): avc: denied { read write } for comm="imsdatadaemon" name="diag" dev="tmpfs" ino=14398 scontext=u:r:vendor_ims:s0 tcontext=u:object_r:vendor_diag_device:s0 tclass=chr_file permissive=0
01-01 08:00:08.677 1278 1278 I auditd : type=1400 audit(0.0:104): avc: denied { read write } for comm="imsdatadaemon" name="diag" dev="tmpfs" ino=14398 scontext=u:r:vendor_ims:s0 tcontext=u:object_r:vendor_diag_device:s0 tclass=chr_file permissive=0
01-01 08:00:08.677 1278 1278 I auditd : type=1400 audit(0.0:105): avc: denied { read write } for comm="imsdatadaemon" name="diag" dev="tmpfs" ino=14398 scontext=u:r:vendor_ims:s0 tcontext=u:object_r:vendor_diag_device:s0 tclass=chr_file permissive=0
01-01 08:00:08.677 1278 1278 I auditd : type=1400 audit(0.0:106): avc: denied { read write } for comm="imsdatadaemon" name="diag" dev="tmpfs" ino=14398 scontext=u:r:vendor_ims:s0 tcontext=u:object_r:vendor_diag_device:s0 tclass=chr_file permissive=0
01-01 08:00:08.677 1278 1278 I auditd : type=1400 audit(0.0:107): avc: denied { read write } for comm="imsdatadaemon" name="diag" dev="tmpfs" ino=14398 scontext=u:r:vendor_ims:s0 tcontext=u:object_r:vendor_diag_device:s0 tclass=chr_file permissive=0
01-01 08:00:08.693 1278 1278 I auditd : type=1400 audit(0.0:108): avc: denied { read write } for comm="imsdatadaemon" name="diag" dev="tmpfs" ino=14398 scontext=u:r:vendor_ims:s0 tcontext=u:object_r:vendor_diag_device:s0 tclass=chr_file permissive=0
01-01 08:00:08.693 1278 1278 I auditd : type=1400 audit(0.0:109): avc: denied { read write } for comm="imsdatadaemon" name="diag" dev="tmpfs" ino=14398 scontext=u:r:vendor_ims:s0 tcontext=u:object_r:vendor_diag_device:s0 tclass=chr_file permissive=0
01-01 08:00:08.693 1278 1278 I auditd : type=1400 audit(0.0:110): avc: denied { read write } for comm="imsdatadaemon" name="diag" dev="tmpfs" ino=14398 scontext=u:r:vendor_ims:s0 tcontext=u:object_r:vendor_diag_device:s0 tclass=chr_file permissive=0
01-01 08:00:08.703 1225 1225 I imsrcsd : Interface com.qualcomm.qti.uceservice@2.3::IUceService com.qualcomm.qti.uceservice is found in manifest
01-01 08:00:08.703 1225 1225 I HidlServiceManagement: Registered com.qualcomm.qti.uceservice@2.3::IUceService/com.qualcomm.qti.uceservice (start delay of 250ms)
01-01 08:00:08.704 1225 1225 I imsrcsd : Interface com.qualcomm.qti.imscmservice@2.2::IImsCmService qti.ims.connectionmanagerservice is found in manifest
01-01 08:00:08.704 1225 1225 I HidlServiceManagement: Registered com.qualcomm.qti.imscmservice@2.2::IImsCmService/qti.ims.connectionmanagerservice (start delay of 250ms)
01-01 08:00:08.705 1225 1225 I imsrcsd : Interface vendor.qti.ims.factory@1.1::IImsFactory default is not found in manifest
01-01 08:00:08.706 1225 1225 I imsrcsd : Interface vendor.qti.ims.factory@1.0::IImsFactory default is found in manifest
01-01 08:00:08.706 1225 1225 I HidlServiceManagement: Registered vendor.qti.ims.factory@1.0::IImsFactory/default (start delay of 252ms)
01-01 08:00:08.708 1225 1225 I imsrcsd : Interface vendor.qti.ims.callinfo@1.0::IService default is found in manifest
01-01 08:00:08.711 1225 1225 I HidlServiceManagement: Registered vendor.qti.ims.callinfo@1.0::IService/default (start delay of 257ms)
01-01 08:00:08.711 1225 1225 I imsrcsd : ImsRcsBaseImpl ImsCallInfo After Registering Service
01-01 08:00:08.709 1217 1217 I auditd : type=1400 audit(0.0:111): avc: denied { read write } for comm="cnd" name="diag" dev="tmpfs" ino=14398 scontext=u:r:vendor_cnd:s0 tcontext=u:object_r:vendor_diag_device:s0 tclass=chr_file permissive=0
01-01 08:00:08.821 1459 1459 I auditd : type=1400 audit(0.0:112): avc: denied { read } for comm="ip" name="rt_tables" dev="dm-10" ino=342 scontext=u:r:ethernet:s0 tcontext=u:object_r:net_data_file:s0 tclass=file permissive=0
01-01 08:00:08.825 989 989 I auditd : type=1400 audit(0.0:113): avc: denied { read write } for comm="sensors.qti" name="diag" dev="tmpfs" ino=14398 scontext=u:r:vendor_sensors_qti:s0 tcontext=u:object_r:vendor_diag_device:s0 tclass=chr_file permissive=0
01-01 08:00:08.829 1461 1461 I auditd : type=1400 audit(0.0:114): avc: denied { read } for comm="ip" name="rt_tables" dev="dm-10" ino=342 scontext=u:r:ethernet:s0 tcontext=u:object_r:net_data_file:s0 tclass=file permissive=0
01-01 08:00:08.847 662 662 I boot_progress_preload_end: 6604
01-01 08:00:08.905 1478 1478 I auditd : type=1400 audit(0.0:115): avc: denied { getattr } for comm="hvdcp_opti" path="/dev/kmsg" dev="tmpfs" ino=12295 scontext=u:r:vendor_hvdcp:s0 tcontext=u:object_r:kmsg_device:s0 tclass=chr_file permissive=0
01-01 08:00:08.905 1478 1478 I auditd : type=1400 audit(0.0:116): avc: denied { write } for comm="hvdcp_opti" name="kmsg" dev="tmpfs" ino=12295 scontext=u:r:vendor_hvdcp:s0 tcontext=u:object_r:kmsg_device:s0 tclass=chr_file permissive=0
01-01 08:00:08.905 1478 1478 I auditd : type=1400 audit(0.0:117): avc: denied { read } for comm="hvdcp_opti" name="devices" dev="sysfs" ino=46875 scontext=u:r:vendor_hvdcp:s0 tcontext=u:object_r:sysfs:s0 tclass=dir permissive=0
01-01 08:00:08.933 1483 1483 I auditd : type=1400 audit(0.0:118): avc: denied { read } for comm="ip" name="rt_tables" dev="dm-10" ino=342 scontext=u:r:ethernet:s0 tcontext=u:object_r:net_data_file:s0 tclass=file permissive=0
01-01 08:00:08.941 1485 1485 I auditd : type=1400 audit(0.0:119): avc: denied { read } for comm="ip" name="rt_tables" dev="dm-10" ino=342 scontext=u:r:ethernet:s0 tcontext=u:object_r:net_data_file:s0 tclass=file permissive=0
01-01 08:00:09.021 1505 1505 I auditd : type=1400 audit(0.0:120): avc: denied { read } for comm="ip" name="rt_tables" dev="dm-10" ino=342 scontext=u:r:ethernet:s0 tcontext=u:object_r:net_data_file:s0 tclass=file permissive=0
01-01 08:00:09.025 989 989 I auditd : type=1400 audit(0.0:121): avc: denied { read write } for comm="sensors.qti" name="diag" dev="tmpfs" ino=14398 scontext=u:r:vendor_sensors_qti:s0 tcontext=u:object_r:vendor_diag_device:s0 tclass=chr_file permissive=0
01-01 08:00:09.025 1506 1506 I auditd : type=1400 audit(0.0:122): avc: denied { read } for comm="ip" name="rt_tables" dev="dm-10" ino=342 scontext=u:r:ethernet:s0 tcontext=u:object_r:net_data_file:s0 tclass=file permissive=0
01-01 08:00:09.078 1488 1488 I SystemServerTiming: InitBeforeStartServices
01-01 08:00:09.078 1488 1488 I system_server_start: [1,6834,6834]
01-01 08:00:09.079 1488 1488 I SystemServer: Entered the Android system server!
01-01 08:00:09.079 1488 1488 I boot_progress_system_run: 6835
01-01 08:00:09.145 1536 1536 I auditd : type=1400 audit(0.0:123): avc: denied { read } for comm="ip" name="rt_tables" dev="dm-10" ino=342 scontext=u:r:ethernet:s0 tcontext=u:object_r:net_data_file:s0 tclass=file permissive=0
01-01 08:00:09.153 1537 1537 I auditd : type=1400 audit(0.0:124): avc: denied { read } for comm="ip" name="rt_tables" dev="dm-10" ino=342 scontext=u:r:ethernet:s0 tcontext=u:object_r:net_data_file:s0 tclass=file permissive=0
01-01 08:00:09.184 1488 1488 I SystemServerInitThreadPool: Creating instance with 8 threads
01-01 08:00:09.225 989 989 I auditd : type=1400 audit(0.0:125): avc: denied { read write } for comm="sensors.qti" name="diag" dev="tmpfs" ino=14398 scontext=u:r:vendor_sensors_qti:s0 tcontext=u:object_r:vendor_diag_device:s0 tclass=chr_file permissive=0
01-01 08:00:09.273 1574 1574 I auditd : type=1400 audit(0.0:126): avc: denied { read } for comm="ip" name="rt_tables" dev="dm-10" ino=342 scontext=u:r:ethernet:s0 tcontext=u:object_r:net_data_file:s0 tclass=file permissive=0
01-01 08:00:09.285 1575 1575 I auditd : type=1400 audit(0.0:127): avc: denied { read } for comm="ip" name="rt_tables" dev="dm-10" ino=342 scontext=u:r:ethernet:s0 tcontext=u:object_r:net_data_file:s0 tclass=file permissive=0
01-01 08:00:09.349 1269 1269 I auditd : type=1400 audit(0.0:128): avc: denied { read write } for comm="qfp-daemon" name="diag" dev="tmpfs" ino=14398 scontext=u:r:vendor_qfp-daemon:s0 tcontext=u:object_r:vendor_diag_device:s0 tclass=chr_file permissive=0
01-01 08:00:09.389 1591 1591 I auditd : type=1400 audit(0.0:129): avc: denied { read } for comm="ip" name="rt_tables" dev="dm-10" ino=342 scontext=u:r:ethernet:s0 tcontext=u:object_r:net_data_file:s0 tclass=file permissive=0
01-01 08:00:09.393 1592 1592 I auditd : type=1400 audit(0.0:130): avc: denied { read } for comm="ip" name="rt_tables" dev="dm-10" ino=342 scontext=u:r:ethernet:s0 tcontext=u:object_r:net_data_file:s0 tclass=file permissive=0
01-01 08:00:09.393 1222 1222 I auditd : type=1400 audit(0.0:131): avc: denied { write } for comm="sh" name="ip_forward" dev="proc" ino=2486 scontext=u:r:ethernet:s0 tcontext=u:object_r:proc_net:s0 tclass=file permissive=0
01-01 08:00:09.393 1222 1222 I auditd : type=1400 audit(0.0:132): avc: denied { write } for comm="sh" name="ip_default_ttl" dev="proc" ino=23499 scontext=u:r:ethernet:s0 tcontext=u:object_r:proc_net:s0 tclass=file permissive=0
01-01 08:00:09.393 1222 1222 I auditd : type=1400 audit(0.0:133): avc: denied { write } for comm="sh" name="tcp_keepalive_probes" dev="proc" ino=23500 scontext=u:r:ethernet:s0 tcontext=u:object_r:proc_net:s0 tclass=file permissive=0
01-01 08:00:09.393 1222 1222 I auditd : type=1400 audit(0.0:134): avc: denied { write } for comm="sh" name="tcp_keepalive_intvl" dev="proc" ino=23501 scontext=u:r:ethernet:s0 tcontext=u:object_r:proc_net:s0 tclass=file permissive=0
01-01 08:00:09.393 1222 1222 I auditd : type=1400 audit(0.0:135): avc: denied { write } for comm="sh" name="tcp_keepalive_time" dev="proc" ino=23502 scontext=u:r:ethernet:s0 tcontext=u:object_r:proc_net:s0 tclass=file permissive=0
01-01 08:00:09.393 1222 1222 I auditd : type=1400 audit(0.0:136): avc: denied { write } for comm="sh" name="tcp_rmem" dev="proc" ino=23503 scontext=u:r:ethernet:s0 tcontext=u:object_r:proc_net:s0 tclass=file permissive=0
01-01 08:00:09.393 1222 1222 I auditd : type=1400 audit(0.0:137): avc: denied { write } for comm="sh" name="tcp_wmem" dev="proc" ino=23504 scontext=u:r:ethernet:s0 tcontext=u:object_r:proc_net:s0 tclass=file permissive=0
01-01 08:00:09.393 1222 1222 I auditd : type=1400 audit(0.0:138): avc: denied { write } for comm="sh" name="tcp_synack_retries" dev="proc" ino=20381 scontext=u:r:ethernet:s0 tcontext=u:object_r:proc_net:s0 tclass=file permissive=0
01-01 08:00:09.393 1222 1222 I auditd : type=1400 audit(0.0:139): avc: denied { write } for comm="sh" name="tcp_syn_retries" dev="proc" ino=20380 scontext=u:r:ethernet:s0 tcontext=u:object_r:proc_net:s0 tclass=file permissive=0
01-01 08:00:09.393 1222 1222 I auditd : type=1400 audit(0.0:140): avc: denied { write } for comm="sh" name="tcp_max_tw_buckets" dev="proc" ino=23505 scontext=u:r:ethernet:s0 tcontext=u:object_r:proc_net:s0 tclass=file permissive=0
01-01 08:00:09.393 1222 1222 I auditd : type=1400 audit(0.0:141): avc: denied { write } for comm="sh" name="tcp_retries2" dev="proc" ino=20383 scontext=u:r:ethernet:s0 tcontext=u:object_r:proc_net:s0 tclass=file permissive=0
01-01 08:00:09.393 1222 1222 I auditd : type=1400 audit(0.0:142): avc: denied { write } for comm="sh" name="icmp_echo_ignore_all" dev="proc" ino=23506 scontext=u:r:ethernet:s0 tcontext=u:object_r:proc_net:s0 tclass=file permissive=0
01-01 08:00:09.393 1222 1222 I auditd : type=1400 audit(0.0:143): avc: denied { write } for comm="sh" name="icmp_echo_ignore_broadcasts" dev="proc" ino=23507 scontext=u:r:ethernet:s0 tcontext=u:object_r:proc_net:s0 tclass=file permissive=0
01-01 08:00:09.393 1222 1222 I auditd : type=1400 audit(0.0:144): avc: denied { write } for comm="sh" name="tcp_window_scaling" dev="proc" ino=23508 scontext=u:r:ethernet:s0 tcontext=u:object_r:proc_net:s0 tclass=file permissive=0
01-01 08:00:09.393 1222 1222 I auditd : type=1400 audit(0.0:145): avc: denied { write } for comm="sh" name="drop_gratuitous_arp" dev="proc" ino=23509 scontext=u:r:ethernet:s0 tcontext=u:object_r:proc_net:s0 tclass=file permissive=0
01-01 08:00:09.393 1222 1222 I auditd : type=1400 audit(0.0:146): avc: denied { write } for comm="sh" name="arp_accept" dev="proc" ino=23510 scontext=u:r:ethernet:s0 tcontext=u:object_r:proc_net:s0 tclass=file permissive=0
01-01 08:00:09.393 1222 1222 I auditd : type=1400 audit(0.0:147): avc: denied { write } for comm="sh" name="arp_notify" dev="proc" ino=23511 scontext=u:r:ethernet:s0 tcontext=u:object_r:proc_net:s0 tclass=file permissive=0
01-01 08:00:09.393 1222 1222 I auditd : type=1400 audit(0.0:148): avc: denied { write } for comm="sh" name="arp_ignore" dev="proc" ino=23512 scontext=u:r:ethernet:s0 tcontext=u:object_r:proc_net:s0 tclass=file permissive=0
01-01 08:00:09.411 1488 1488 I SystemServerTiming: StartServices
01-01 08:00:09.411 1488 1488 I SystemServerTiming: startBootstrapServices
01-01 08:00:09.411 1488 1488 I SystemServerTiming: StartWatchdog
01-01 08:00:09.417 1488 1488 I SystemServer: Reading configuration...
01-01 08:00:09.417 1488 1488 I SystemServerTiming: ReadingSystemConfig
01-01 08:00:09.417 1488 1488 I SystemServerTiming: PlatformCompat
01-01 08:00:09.418 1488 1600 I SystemServerTimingAsync: InitThreadPoolExec:ReadingSystemConfig
01-01 08:00:09.419 1488 1600 I SystemConfig: Reading permissions from /system/etc/sysconfig/framework-sysconfig.xml
01-01 08:00:09.420 1488 1488 D CompatConfig: Found a config file: /system/etc/compatconfig/services-platform-compat-config.xml
