12-31 03:00:51.276 1488 1606 I am_wtf : [0,1488,system_server,-1,DisplayDeviceConfig,requesting nits when no mapping exists.]
12-31 03:00:51.277 1488 1606 I am_wtf : [0,1488,system_server,-1,DisplayDeviceConfig,requesting nits when no mapping exists.]
12-31 03:00:51.293 1488 1871 E DisplayDeviceConfig: requesting nits when no mapping exists.
12-31 03:00:51.293 1488 1871 E DisplayDeviceConfig: requesting nits when no mapping exists.
12-31 03:00:51.293 1488 1606 I am_wtf : [0,1488,system_server,-1,DisplayDeviceConfig,requesting nits when no mapping exists.]
12-31 03:00:51.293 1488 1606 I am_wtf : [0,1488,system_server,-1,DisplayDeviceConfig,requesting nits when no mapping exists.]
12-31 03:00:51.310 1488 1871 E DisplayDeviceConfig: requesting nits when no mapping exists.
12-31 03:00:51.310 1488 1871 E DisplayDeviceConfig: requesting nits when no mapping exists.
12-31 03:00:51.310 1488 1606 I am_wtf : [0,1488,system_server,-1,DisplayDeviceConfig,requesting nits when no mapping exists.]
12-31 03:00:51.310 1488 1606 I am_wtf : [0,1488,system_server,-1,DisplayDeviceConfig,requesting nits when no mapping exists.]
12-31 03:00:51.326 1488 1871 E DisplayDeviceConfig: requesting nits when no mapping exists.
12-31 03:00:51.326 1488 1606 I am_wtf : [0,1488,system_server,-1,DisplayDeviceConfig,requesting nits when no mapping exists.]
12-31 03:00:51.326 1488 1871 E DisplayDeviceConfig: requesting nits when no mapping exists.
12-31 03:00:51.327 1488 1606 I am_wtf : [0,1488,system_server,-1,DisplayDeviceConfig,requesting nits when no mapping exists.]
12-31 03:00:51.343 1488 1871 E DisplayDeviceConfig: requesting nits when no mapping exists.
12-31 03:00:51.343 1488 1871 E DisplayDeviceConfig: requesting nits when no mapping exists.
12-31 03:00:51.343 1488 1606 I am_wtf : [0,1488,system_server,-1,DisplayDeviceConfig,requesting nits when no mapping exists.]
12-31 03:00:51.343 1488 1606 I am_wtf : [0,1488,system_server,-1,DisplayDeviceConfig,requesting nits when no mapping exists.]
12-31 03:00:51.359 1488 1871 E DisplayDeviceConfig: requesting nits when no mapping exists.
12-31 03:00:51.359 1488 1871 E DisplayDeviceConfig: requesting nits when no mapping exists.
12-31 03:00:51.359 1488 1606 I am_wtf : [0,1488,system_server,-1,DisplayDeviceConfig,requesting nits when no mapping exists.]
12-31 03:00:51.360 1488 1606 I am_wtf : [0,1488,system_server,-1,DisplayDeviceConfig,requesting nits when no mapping exists.]
12-31 03:00:51.376 1488 1871 E DisplayDeviceConfig: requesting nits when no mapping exists.
12-31 03:00:51.377 1488 1871 E DisplayDeviceConfig: requesting nits when no mapping exists.
12-31 03:00:51.377 1488 1606 I am_wtf : [0,1488,system_server,-1,DisplayDeviceConfig,requesting nits when no mapping exists.]
12-31 03:00:51.377 1488 1606 I am_wtf : [0,1488,system_server,-1,DisplayDeviceConfig,requesting nits when no mapping exists.]
12-31 03:00:51.393 1488 1871 E DisplayDeviceConfig: requesting nits when no mapping exists.
12-31 03:00:51.393 1488 1871 E DisplayDeviceConfig: requesting nits when no mapping exists.
12-31 03:00:51.393 1488 1606 I am_wtf : [0,1488,system_server,-1,DisplayDeviceConfig,requesting nits when no mapping exists.]
12-31 03:00:51.393 1488 1606 I service_manager_stats: [100,33,7383]
12-31 03:00:51.393 1488 1606 I am_wtf : [0,1488,system_server,-1,DisplayDeviceConfig,requesting nits when no mapping exists.]
12-31 03:00:51.410 1488 1871 E DisplayDeviceConfig: requesting nits when no mapping exists.
12-31 03:00:51.410 1488 1871 E DisplayDeviceConfig: requesting nits when no mapping exists.
12-31 03:00:51.410 1488 1606 I am_wtf : [0,1488,system_server,-1,DisplayDeviceConfig,requesting nits when no mapping exists.]
12-31 03:00:51.411 1488 1606 I am_wtf : [0,1488,system_server,-1,DisplayDeviceConfig,requesting nits when no mapping exists.]
12-31 03:00:51.427 1488 1871 E DisplayDeviceConfig: requesting nits when no mapping exists.
12-31 03:00:51.427 1488 1871 E DisplayDeviceConfig: requesting nits when no mapping exists.
12-31 03:00:51.427 1488 1606 I am_wtf : [0,1488,system_server,-1,DisplayDeviceConfig,requesting nits when no mapping exists.]
12-31 03:00:51.427 1488 1606 I am_wtf : [0,1488,system_server,-1,DisplayDeviceConfig,requesting nits when no mapping exists.]
12-31 03:00:51.443 1488 1871 E DisplayDeviceConfig: requesting nits when no mapping exists.
12-31 03:00:51.443 1488 1871 E DisplayDeviceConfig: requesting nits when no mapping exists.
12-31 03:00:51.443 1488 1606 I am_wtf : [0,1488,system_server,-1,DisplayDeviceConfig,requesting nits when no mapping exists.]
12-31 03:00:51.444 1488 1606 I am_wtf : [0,1488,system_server,-1,DisplayDeviceConfig,requesting nits when no mapping exists.]
12-31 03:00:51.460 1488 1596 I wm_stop_activity: [0,205731203,com.thundercomm.mcuupgrade/.MainActivity]
12-31 03:00:51.461 1488 1871 E DisplayDeviceConfig: requesting nits when no mapping exists.
12-31 03:00:51.461 1488 1871 E DisplayDeviceConfig: requesting nits when no mapping exists.
12-31 03:00:51.461 1488 1606 I am_wtf : [0,1488,system_server,-1,DisplayDeviceConfig,requesting nits when no mapping exists.]
12-31 03:00:51.461 1488 1606 I am_wtf : [0,1488,system_server,-1,DisplayDeviceConfig,requesting nits when no mapping exists.]
12-31 03:00:51.476 1488 1871 E DisplayDeviceConfig: requesting nits when no mapping exists.
12-31 03:00:51.477 1488 1871 E DisplayDeviceConfig: requesting nits when no mapping exists.
12-31 03:00:51.477 1488 1606 I am_wtf : [0,1488,system_server,-1,DisplayDeviceConfig,requesting nits when no mapping exists.]
12-31 03:00:51.477 1488 1606 I am_wtf : [0,1488,system_server,-1,DisplayDeviceConfig,requesting nits when no mapping exists.]
12-31 03:00:51.480 4458 4458 I wm_on_stop_called: [205731203,com.thundercomm.mcuupgrade.MainActivity,STOP_ACTIVITY_ITEM]
12-31 03:00:51.494 1488 1871 E DisplayDeviceConfig: requesting nits when no mapping exists.
12-31 03:00:51.494 1488 1871 E DisplayDeviceConfig: requesting nits when no mapping exists.
12-31 03:00:51.494 1488 1606 I am_wtf : [0,1488,system_server,-1,DisplayDeviceConfig,requesting nits when no mapping exists.]
12-31 03:00:51.495 1488 1606 I am_wtf : [0,1488,system_server,-1,DisplayDeviceConfig,requesting nits when no mapping exists.]
12-31 03:00:51.499 2412 3733 W ContextImpl: Calling a method in the system process without a qualified user: android.app.ContextImpl.startService:1816 android.content.ContextWrapper.startService:774 com.thundercomm.gamemode.ingame.services.GameModeActionUtils.startGameModeService:99 com.thundercomm.gamemode.ingame.services.GameModeActionUtils.startGameModeEntry:22 com.thundercomm.gamemode.ingame.services.ActivityMonitoringService$1.onActivityLaunch:127
12-31 03:00:51.500 1488 1488 I GameModeConfig: Current uri is uri = content://com.thundercomm.gamemode.api/gamemode_settings/gamemode_isgaming
12-31 03:00:51.501 1488 1488 I GameModeConfig: isGameModeOn = false
12-31 03:00:51.501 1488 1488 I GameModeConfig: isGameModeOn = false
12-31 03:00:51.501 1488 1488 I GameModeConfig: isDisableVoice = true
12-31 03:00:51.510 1488 1871 E DisplayDeviceConfig: requesting nits when no mapping exists.
12-31 03:00:51.510 1488 1871 E DisplayDeviceConfig: requesting nits when no mapping exists.
12-31 03:00:51.510 1488 1606 I am_wtf : [0,1488,system_server,-1,DisplayDeviceConfig,requesting nits when no mapping exists.]
12-31 03:00:51.511 1488 1606 I am_wtf : [0,1488,system_server,-1,DisplayDeviceConfig,requesting nits when no mapping exists.]
12-31 03:00:51.527 1488 1871 E DisplayDeviceConfig: requesting nits when no mapping exists.
12-31 03:00:51.527 1488 1871 E DisplayDeviceConfig: requesting nits when no mapping exists.
12-31 03:00:51.527 1488 1606 I am_wtf : [0,1488,system_server,-1,DisplayDeviceConfig,requesting nits when no mapping exists.]
12-31 03:00:51.527 1488 1606 I am_wtf : [0,1488,system_server,-1,DisplayDeviceConfig,requesting nits when no mapping exists.]
12-31 03:00:51.543 1488 1871 E DisplayDeviceConfig: requesting nits when no mapping exists.
12-31 03:00:51.544 1488 1871 E DisplayDeviceConfig: requesting nits when no mapping exists.
12-31 03:00:51.544 1488 1606 I am_wtf : [0,1488,system_server,-1,DisplayDeviceConfig,requesting nits when no mapping exists.]
12-31 03:00:51.544 1488 1606 I am_wtf : [0,1488,system_server,-1,DisplayDeviceConfig,requesting nits when no mapping exists.]
12-31 03:00:51.560 1488 1871 E DisplayDeviceConfig: requesting nits when no mapping exists.
12-31 03:00:51.560 1488 1871 E DisplayDeviceConfig: requesting nits when no mapping exists.
12-31 03:00:51.560 1488 1606 I am_wtf : [0,1488,system_server,-1,DisplayDeviceConfig,requesting nits when no mapping exists.]
12-31 03:00:51.560 1488 1606 I am_wtf : [0,1488,system_server,-1,DisplayDeviceConfig,requesting nits when no mapping exists.]
12-31 03:00:51.577 1488 1871 E DisplayDeviceConfig: requesting nits when no mapping exists.
12-31 03:00:51.577 1488 1606 I am_wtf : [0,1488,system_server,-1,DisplayDeviceConfig,requesting nits when no mapping exists.]
12-31 03:00:51.577 1488 1871 E DisplayDeviceConfig: requesting nits when no mapping exists.
12-31 03:00:51.577 1488 1606 I am_wtf : [0,1488,system_server,-1,DisplayDeviceConfig,requesting nits when no mapping exists.]
12-31 03:00:51.593 1488 1871 E DisplayDeviceConfig: requesting nits when no mapping exists.
12-31 03:00:51.594 1488 1871 E DisplayDeviceConfig: requesting nits when no mapping exists.
12-31 03:00:51.594 1488 1606 I am_wtf : [0,1488,system_server,-1,DisplayDeviceConfig,requesting nits when no mapping exists.]
12-31 03:00:51.594 1488 1606 I am_wtf : [0,1488,system_server,-1,DisplayDeviceConfig,requesting nits when no mapping exists.]
12-31 03:00:51.610 1488 1871 E DisplayDeviceConfig: requesting nits when no mapping exists.
12-31 03:00:51.610 1488 1606 I am_wtf : [0,1488,system_server,-1,DisplayDeviceConfig,requesting nits when no mapping exists.]
12-31 03:00:51.610 1488 1871 E DisplayDeviceConfig: requesting nits when no mapping exists.
12-31 03:00:51.611 1488 1606 I am_wtf : [0,1488,system_server,-1,DisplayDeviceConfig,requesting nits when no mapping exists.]
12-31 03:00:51.627 1488 1871 E DisplayDeviceConfig: requesting nits when no mapping exists.
12-31 03:00:51.627 1488 1871 E DisplayDeviceConfig: requesting nits when no mapping exists.
12-31 03:00:51.627 1488 1606 I am_wtf : [0,1488,system_server,-1,DisplayDeviceConfig,requesting nits when no mapping exists.]
12-31 03:00:51.627 1488 1606 I am_wtf : [0,1488,system_server,-1,DisplayDeviceConfig,requesting nits when no mapping exists.]
12-31 03:00:51.644 1488 1871 E DisplayDeviceConfig: requesting nits when no mapping exists.
12-31 03:00:51.644 1488 1871 E DisplayDeviceConfig: requesting nits when no mapping exists.
12-31 03:00:51.644 1488 1606 I am_wtf : [0,1488,system_server,-1,DisplayDeviceConfig,requesting nits when no mapping exists.]
12-31 03:00:51.644 1488 1606 I am_wtf : [0,1488,system_server,-1,DisplayDeviceConfig,requesting nits when no mapping exists.]
12-31 03:00:51.660 1488 1871 E DisplayDeviceConfig: requesting nits when no mapping exists.
12-31 03:00:51.660 1488 1871 E DisplayDeviceConfig: requesting nits when no mapping exists.
12-31 03:00:51.660 1488 1606 I am_wtf : [0,1488,system_server,-1,DisplayDeviceConfig,requesting nits when no mapping exists.]
12-31 03:00:51.661 1488 1606 I am_wtf : [0,1488,system_server,-1,DisplayDeviceConfig,requesting nits when no mapping exists.]
12-31 03:00:51.677 1488 1871 E DisplayDeviceConfig: requesting nits when no mapping exists.
12-31 03:00:51.678 1488 1871 E DisplayDeviceConfig: requesting nits when no mapping exists.
12-31 03:00:51.678 1488 1606 I am_wtf : [0,1488,system_server,-1,DisplayDeviceConfig,requesting nits when no mapping exists.]
12-31 03:00:51.678 1488 1606 I am_wtf : [0,1488,system_server,-1,DisplayDeviceConfig,requesting nits when no mapping exists.]
12-31 03:00:51.694 1488 1871 E DisplayDeviceConfig: requesting nits when no mapping exists.
12-31 03:00:51.694 1488 1871 E DisplayDeviceConfig: requesting nits when no mapping exists.
12-31 03:00:51.694 1488 1606 I am_wtf : [0,1488,system_server,-1,DisplayDeviceConfig,requesting nits when no mapping exists.]
12-31 03:00:51.694 1488 1606 I am_wtf : [0,1488,system_server,-1,DisplayDeviceConfig,requesting nits when no mapping exists.]
12-31 03:00:51.711 1488 1871 E DisplayDeviceConfig: requesting nits when no mapping exists.
12-31 03:00:51.711 1488 1871 E DisplayDeviceConfig: requesting nits when no mapping exists.
12-31 03:00:51.711 1488 1606 I am_wtf : [0,1488,system_server,-1,DisplayDeviceConfig,requesting nits when no mapping exists.]
12-31 03:00:51.711 1488 1606 I am_wtf : [0,1488,system_server,-1,DisplayDeviceConfig,requesting nits when no mapping exists.]
12-31 03:00:51.727 1488 1871 E DisplayDeviceConfig: requesting nits when no mapping exists.
12-31 03:00:51.727 1488 1871 E DisplayDeviceConfig: requesting nits when no mapping exists.
12-31 03:00:51.728 1488 1606 I am_wtf : [0,1488,system_server,-1,DisplayDeviceConfig,requesting nits when no mapping exists.]
12-31 03:00:51.728 1488 1606 I am_wtf : [0,1488,system_server,-1,DisplayDeviceConfig,requesting nits when no mapping exists.]
12-31 03:00:51.744 1488 1871 E DisplayDeviceConfig: requesting nits when no mapping exists.
12-31 03:00:51.744 1488 1606 I am_wtf : [0,1488,system_server,-1,DisplayDeviceConfig,requesting nits when no mapping exists.]
12-31 03:00:51.744 1488 1871 E DisplayDeviceConfig: requesting nits when no mapping exists.
12-31 03:00:51.744 1488 1606 I am_wtf : [0,1488,system_server,-1,DisplayDeviceConfig,requesting nits when no mapping exists.]
12-31 03:00:51.761 1488 1871 E DisplayDeviceConfig: requesting nits when no mapping exists.
12-31 03:00:51.761 1488 1871 E DisplayDeviceConfig: requesting nits when no mapping exists.
12-31 03:00:51.761 1488 1606 I am_wtf : [0,1488,system_server,-1,DisplayDeviceConfig,requesting nits when no mapping exists.]
12-31 03:00:51.761 1488 1606 I am_wtf : [0,1488,system_server,-1,DisplayDeviceConfig,requesting nits when no mapping exists.]
12-31 03:00:51.777 1488 1871 E DisplayDeviceConfig: requesting nits when no mapping exists.
12-31 03:00:51.777 1488 1871 E DisplayDeviceConfig: requesting nits when no mapping exists.
12-31 03:00:51.777 1488 1606 I am_wtf : [0,1488,system_server,-1,DisplayDeviceConfig,requesting nits when no mapping exists.]
12-31 03:00:51.777 1488 1606 I am_wtf : [0,1488,system_server,-1,DisplayDeviceConfig,requesting nits when no mapping exists.]
12-31 03:00:51.794 1488 1871 E DisplayDeviceConfig: requesting nits when no mapping exists.
12-31 03:00:51.794 1488 1606 I am_wtf : [0,1488,system_server,-1,DisplayDeviceConfig,requesting nits when no mapping exists.]
12-31 03:00:51.794 1488 1871 E DisplayDeviceConfig: requesting nits when no mapping exists.
12-31 03:00:51.794 1488 1606 I am_wtf : [0,1488,system_server,-1,DisplayDeviceConfig,requesting nits when no mapping exists.]
12-31 03:00:51.811 1488 1871 E DisplayDeviceConfig: requesting nits when no mapping exists.
12-31 03:00:51.811 1488 1871 E DisplayDeviceConfig: requesting nits when no mapping exists.
12-31 03:00:51.811 1488 1606 I am_wtf : [0,1488,system_server,-1,DisplayDeviceConfig,requesting nits when no mapping exists.]
12-31 03:00:51.811 1488 1606 I am_wtf : [0,1488,system_server,-1,DisplayDeviceConfig,requesting nits when no mapping exists.]
12-31 03:00:51.827 1488 1871 E DisplayDeviceConfig: requesting nits when no mapping exists.
12-31 03:00:51.827 1488 1606 I am_wtf : [0,1488,system_server,-1,DisplayDeviceConfig,requesting nits when no mapping exists.]
12-31 03:00:51.827 1488 1871 E DisplayDeviceConfig: requesting nits when no mapping exists.
12-31 03:00:51.828 1488 1606 I am_wtf : [0,1488,system_server,-1,DisplayDeviceConfig,requesting nits when no mapping exists.]
12-31 03:00:51.844 1488 1871 E DisplayDeviceConfig: requesting nits when no mapping exists.
12-31 03:00:51.844 1488 1871 E DisplayDeviceConfig: requesting nits when no mapping exists.
12-31 03:00:51.844 1488 1606 I am_wtf : [0,1488,system_server,-1,DisplayDeviceConfig,requesting nits when no mapping exists.]
12-31 03:00:51.844 1488 1606 I am_wtf : [0,1488,system_server,-1,DisplayDeviceConfig,requesting nits when no mapping exists.]
12-31 03:00:51.861 1488 1871 E DisplayDeviceConfig: requesting nits when no mapping exists.
12-31 03:00:51.861 1488 1871 E DisplayDeviceConfig: requesting nits when no mapping exists.
12-31 03:00:51.861 1488 1606 I am_wtf : [0,1488,system_server,-1,DisplayDeviceConfig,requesting nits when no mapping exists.]
12-31 03:00:51.861 1488 1606 I am_wtf : [0,1488,system_server,-1,DisplayDeviceConfig,requesting nits when no mapping exists.]
12-31 03:00:51.877 1488 1871 E DisplayDeviceConfig: requesting nits when no mapping exists.
12-31 03:00:51.878 1488 1871 E DisplayDeviceConfig: requesting nits when no mapping exists.
12-31 03:00:51.878 1488 1606 I am_wtf : [0,1488,system_server,-1,DisplayDeviceConfig,requesting nits when no mapping exists.]
12-31 03:00:51.878 1488 1606 I am_wtf : [0,1488,system_server,-1,DisplayDeviceConfig,requesting nits when no mapping exists.]
12-31 03:00:51.894 1488 1871 E DisplayDeviceConfig: requesting nits when no mapping exists.
12-31 03:00:51.894 1488 1871 E DisplayDeviceConfig: requesting nits when no mapping exists.
12-31 03:00:51.894 1488 1606 I am_wtf : [0,1488,system_server,-1,DisplayDeviceConfig,requesting nits when no mapping exists.]
12-31 03:00:51.894 1488 1606 I am_wtf : [0,1488,system_server,-1,DisplayDeviceConfig,requesting nits when no mapping exists.]
12-31 03:00:51.911 1488 1871 E DisplayDeviceConfig: requesting nits when no mapping exists.
12-31 03:00:51.911 1488 1871 E DisplayDeviceConfig: requesting nits when no mapping exists.
12-31 03:00:51.911 1488 1606 I am_wtf : [0,1488,system_server,-1,DisplayDeviceConfig,requesting nits when no mapping exists.]
12-31 03:00:51.911 1488 1606 I am_wtf : [0,1488,system_server,-1,DisplayDeviceConfig,requesting nits when no mapping exists.]
12-31 03:01:57.581 1488 1606 I am_uid_idle: 10063
12-31 03:03:25.329 1488 1668 D ActivityManager: freezing 4612 com.qti.diagservices
12-31 03:03:25.329 1488 1668 E ActivityManager: Unable to freeze binder for 4612 com.qti.diagservices
12-31 03:03:25.330 1488 1668 D ActivityManager: froze 4612 com.qti.diagservices
12-31 03:03:25.330 1488 1668 I am_freeze: [4612,com.qti.diagservices]
12-31 03:03:25.331 1488 1668 E ActivityManager: Unable to freeze binder for 4612 com.qti.diagservices
12-31 03:03:25.332 1488 1668 I ActivityManager: Killing 4612:com.qti.diagservices/1000 (adj 915): Unable to freeze binder interface
12-31 03:03:25.332 1488 1668 I am_kill : [0,4612,com.qti.diagservices,915,Unable to freeze binder interface]
12-31 03:03:25.361 1488 2082 I am_proc_died: [0,4612,com.qti.diagservices,915,10]
12-31 03:03:25.362 1488 2082 W ActivityManager: Scheduling restart of crashed service com.qti.diagservices/.QTIDiagServices in 1000ms for start-requested
12-31 03:03:25.362 1488 2082 I am_schedule_service_restart: [0,com.qti.diagservices/.QTIDiagServices,1000]
12-31 03:03:25.371 1488 1605 I am_pss : [5170,10019,android.process.media,11708416,9117696,0,99885056,0,19,6]
12-31 03:03:26.367 1488 1606 D CompatibilityChangeReporter: Compat change id reported: 135634846; UID 1000; state: DISABLED
12-31 03:03:26.367 1488 1606 D CompatibilityChangeReporter: Compat change id reported: 177438394; UID 1000; state: DISABLED
12-31 03:03:26.367 1488 1606 D CompatibilityChangeReporter: Compat change id reported: 135772972; UID 1000; state: DISABLED
12-31 03:03:26.367 1488 1606 D CompatibilityChangeReporter: Compat change id reported: 135754954; UID 1000; state: ENABLED
12-31 03:03:26.391 1488 1607 I am_proc_start: [0,5225,1000,com.qti.diagservices,service,{com.qti.diagservices/com.qti.diagservices.QTIDiagServices}]
12-31 03:03:26.392 1488 1607 I ActivityManager: Start proc 5225:com.qti.diagservices/1000 for service {com.qti.diagservices/com.qti.diagservices.QTIDiagServices}
12-31 03:03:26.436 1488 2082 I am_proc_bound: [0,5225,com.qti.diagservices]
12-31 03:03:26.471 5225 5225 I auditd : type=1400 audit(0.0:952): avc: denied { read write } for comm="ti.diagservices" name="diag" dev="tmpfs" ino=14398 scontext=u:r:system_app:s0 tcontext=u:object_r:vendor_diag_device:s0 tclass=chr_file permissive=0
12-31 03:07:12.912 1488 1707 I netstats_mobile_sample: [0,0,0,0,0,0,0,0,0,0,0,0,1672427232912]
12-31 03:07:12.913 1488 1707 I netstats_wifi_sample: [0,0,0,0,0,0,0,0,0,0,0,0,1672427232912]
12-31 03:07:12.914 1488 1992 I commit_sys_config_file: [appops,6740148]
12-31 03:07:12.926 1488 1605 I commit_sys_config_file: [procstats,11]
12-31 03:10:09.332 1488 1668 D ActivityManager: freezing 5170 android.process.media
12-31 03:10:09.332 1488 1668 E ActivityManager: Unable to freeze binder for 5170 android.process.media
12-31 03:10:09.334 1488 1668 D ActivityManager: froze 5170 android.process.media
12-31 03:10:09.334 1488 1668 I am_freeze: [5170,android.process.media]
12-31 03:10:09.334 1488 1668 E ActivityManager: Unable to freeze binder for 5170 android.process.media
12-31 03:10:09.336 1488 1668 I ActivityManager: Killing 5170:android.process.media/u0a19 (adj 915): Unable to freeze binder interface
12-31 03:10:09.336 1488 1668 I am_kill : [0,5170,android.process.media,915,Unable to freeze binder interface]
12-31 03:10:09.375 1488 2010 I am_proc_died: [0,5170,android.process.media,915,19]
12-31 03:10:09.377 1488 2010 I am_uid_stopped: 10019
12-31 03:10:09.391 1488 1605 I am_pss : [5225,1000,com.qti.diagservices,6361088,3768320,0,93212672,0,10,10]
12-31 03:13:25.466 1488 1668 D ActivityManager: freezing 2562 com.thundercomm.gamemode.provider
12-31 03:13:25.467 1488 1668 E ActivityManager: Unable to freeze binder for 2562 com.thundercomm.gamemode.provider
12-31 03:13:25.468 1488 1668 D ActivityManager: froze 2562 com.thundercomm.gamemode.provider
12-31 03:13:25.468 1488 1668 I am_freeze: [2562,com.thundercomm.gamemode.provider]
12-31 03:13:25.468 1488 1668 E ActivityManager: Unable to freeze binder for 2562 com.thundercomm.gamemode.provider
12-31 03:13:25.470 1488 1668 I ActivityManager: Killing 2562:com.thundercomm.gamemode.provider/u0a63 (adj 905): Unable to freeze binder interface
12-31 03:13:25.470 1488 1668 I am_kill : [0,2562,com.thundercomm.gamemode.provider,905,Unable to freeze binder interface]
12-31 03:13:25.506 1488 2010 I am_proc_died: [0,2562,com.thundercomm.gamemode.provider,905,19]
12-31 03:13:25.507 1488 2010 I am_uid_stopped: 10063
12-31 03:13:25.516 1488 1605 I am_pss : [3973,10052,com.thundercomm.screensaver,61788160,54378496,0,177065984,0,2,8]
12-31 03:13:25.522 1488 1605 I am_pss : [5225,1000,com.qti.diagservices,6418432,3768320,0,93212672,0,10,6]
12-31 03:14:33.676 1488 1613 W BatteryExternalStatsWorker: error reading modem stats:ERROR_PHONE_NOT_AVAILABLE
12-31 03:14:33.712 1488 1613 E KernelCpuSpeedReader: Failed to read cpu-freq: /sys/devices/system/cpu/cpu4/cpufreq/stats/time_in_state: open failed: ENOENT (No such file or directory)
12-31 03:14:33.713 1488 1613 E KernelCpuSpeedReader: Failed to read cpu-freq: /sys/devices/system/cpu/cpu0/cpufreq/stats/time_in_state: open failed: ENOENT (No such file or directory)
12-31 03:14:33.711 565 565 I auditd : type=1400 audit(0.0:953): avc: denied { read } for comm="Binder:565_2" name="wakeup58" dev="sysfs" ino=72259 scontext=u:r:system_suspend:s0 tcontext=u:object_r:sysfs:s0 tclass=dir permissive=0
12-31 03:14:33.711 565 565 I auditd : type=1400 audit(0.0:954): avc: denied { read } for comm="Binder:565_2" name="wakeup48" dev="sysfs" ino=67673 scontext=u:r:system_suspend:s0 tcontext=u:object_r:sysfs:s0 tclass=dir permissive=0
12-31 03:14:33.711 565 565 I auditd : type=1400 audit(0.0:955): avc: denied { read } for comm="Binder:565_2" name="wakeup4" dev="sysfs" ino=47049 scontext=u:r:system_suspend:s0 tcontext=u:object_r:sysfs:s0 tclass=dir permissive=0
12-31 03:14:33.711 565 565 I auditd : type=1400 audit(0.0:956): avc: denied { read } for comm="Binder:565_2" name="wakeup76" dev="sysfs" ino=77301 scontext=u:r:system_suspend:s0 tcontext=u:object_r:sysfs:s0 tclass=dir permissive=0
12-31 03:14:33.711 565 565 I auditd : type=1400 audit(0.0:957): avc: denied { read } for comm="Binder:565_2" name="wakeup28" dev="sysfs" ino=53114 scontext=u:r:system_suspend:s0 tcontext=u:object_r:sysfs:s0 tclass=dir permissive=0
12-31 03:14:33.711 565 565 I auditd : type=1400 audit(0.0:958): avc: denied { read } for comm="Binder:565_2" name="wakeup56" dev="sysfs" ino=72187 scontext=u:r:system_suspend:s0 tcontext=u:object_r:sysfs:s0 tclass=dir permissive=0
12-31 03:14:33.715 565 565 I auditd : type=1400 audit(0.0:959): avc: denied { read } for comm="Binder:565_2" name="wakeup2" dev="sysfs" ino=46573 scontext=u:r:system_suspend:s0 tcontext=u:object_r:sysfs:s0 tclass=dir permissive=0
12-31 03:14:33.715 565 565 I auditd : type=1400 audit(0.0:960): avc: denied { read } for comm="Binder:565_2" name="wakeup36" dev="sysfs" ino=58619 scontext=u:r:system_suspend:s0 tcontext=u:object_r:sysfs:s0 tclass=dir permissive=0
12-31 03:14:33.740 1488 1605 I commit_sys_config_file: [batterystats,5]
12-31 03:14:33.741 1488 1605 I commit_sys_config_file: [batterystats,1]
12-31 03:14:42.597 1488 1605 I UsageStatsService: User[0] Flushing usage stats to disk
12-31 03:14:52.075 497 516 I auditd : type=1401 audit(0.0:1003): op=security_compute_sid invalid_context=u:r:np_thundercomm_tlog_pstore:s0 scontext=u:r:init:s0 tcontext=u:object_r:np_thundercomm_tlog_pstore_exec:s0 tclass=process --------- beginning of kernel
01-01 10:14:42.180 0 0 D mv2112_read_status: autoneg is disabled
01-01 10:14:43.204 0 0 D : mv2112_read_status
01-01 10:14:43.204 0 0 D mv2112_update_link: 3.0x901(1G): 0x80
01-01 10:14:43.204 0 0 D mv2112_update_link: 3.0x8109(100M): 0x8
01-01 10:14:43.204 0 0 D mv2112_update_link: link 0x0
01-01 10:14:43.204 0 0 D mv2112_read_status: autoneg is disabled
01-01 10:14:44.228 0 0 D : mv2112_read_status
01-01 10:14:44.228 0 0 D mv2112_update_link: 3.0x901(1G): 0x80
01-01 10:14:44.228 0 0 D mv2112_update_link: 3.0x8109(100M): 0x8
01-01 10:14:44.228 0 0 D mv2112_update_link: link 0x0
01-01 10:14:44.228 0 0 D mv2112_read_status: autoneg is disabled
01-01 10:14:45.252 0 0 D : mv2112_read_status
01-01 10:14:45.252 0 0 D mv2112_update_link: 3.0x901(1G): 0x80
01-01 10:14:45.252 0 0 D mv2112_update_link: 3.0x8109(100M): 0x8
01-01 10:14:45.252 0 0 D mv2112_update_link: link 0x0
01-01 10:14:45.252 0 0 D mv2112_read_status: autoneg is disabled
01-01 10:14:46.276 0 0 D : mv2112_read_status
01-01 10:14:46.276 0 0 D mv2112_update_link: 3.0x901(1G): 0x80
01-01 10:14:46.276 0 0 D mv2112_update_link: 3.0x8109(100M): 0x8
01-01 10:14:46.276 0 0 D mv2112_update_link: link 0x0
01-01 10:14:46.276 0 0 D mv2112_read_status: autoneg is disabled
01-01 10:14:47.300 0 0 D : mv2112_read_status
01-01 10:14:47.300 0 0 D mv2112_update_link: 3.0x901(1G): 0x80
01-01 10:14:47.300 0 0 D mv2112_update_link: 3.0x8109(100M): 0x8
01-01 10:14:47.300 0 0 D mv2112_update_link: link 0x0
01-01 10:14:47.300 0 0 D mv2112_read_status: autoneg is disabled
01-01 10:14:48.324 0 0 D : mv2112_read_status
01-01 10:14:48.324 0 0 D mv2112_update_link: 3.0x901(1G): 0x80
01-01 10:14:48.324 0 0 D mv2112_update_link: 3.0x8109(100M): 0x8
01-01 10:14:48.324 0 0 D mv2112_update_link: link 0x0
01-01 10:14:48.324 0 0 D mv2112_read_status: autoneg is disabled
01-01 10:14:49.348 0 0 D : mv2112_read_status
01-01 10:14:49.348 0 0 D mv2112_update_link: 3.0x901(1G): 0x80
01-01 10:14:49.348 0 0 D mv2112_update_link: 3.0x8109(100M): 0x8
01-01 10:14:49.348 0 0 D mv2112_update_link: link 0x0
01-01 10:14:49.348 0 0 D mv2112_read_status: autoneg is disabled
01-01 10:14:50.372 0 0 D : mv2112_read_status
01-01 10:14:50.372 0 0 D mv2112_update_link: 3.0x901(1G): 0x80
01-01 10:14:50.372 0 0 D mv2112_update_link: 3.0x8109(100M): 0x8
01-01 10:14:50.372 0 0 D mv2112_update_link: link 0x0
01-01 10:14:50.372 0 0 D mv2112_read_status: autoneg is disabled
01-01 10:14:51.396 0 0 D : mv2112_read_status
01-01 10:14:51.396 0 0 D mv2112_update_link: 3.0x901(1G): 0x80
01-01 10:14:51.396 0 0 D mv2112_update_link: 3.0x8109(100M): 0x8
01-01 10:14:51.396 0 0 D mv2112_update_link: link 0x0
01-01 10:14:51.396 0 0 D mv2112_read_status: autoneg is disabled
01-01 10:14:52.420 0 0 D : mv2112_read_status
01-01 10:14:52.420 0 0 D mv2112_update_link: 3.0x901(1G): 0x80
01-01 10:14:52.420 0 0 D mv2112_update_link: 3.0x8109(100M): 0x8
01-01 10:14:52.420 0 0 D mv2112_update_link: link 0x0
01-01 10:14:52.420 0 0 D mv2112_read_status: autoneg is disabled
01-01 10:14:53.444 0 0 D : mv2112_read_status
01-01 10:14:53.444 0 0 D mv2112_update_link: 3.0x901(1G): 0x80
01-01 10:14:53.444 0 0 D mv2112_update_link: 3.0x8109(100M): 0x8
01-01 10:14:53.444 0 0 D mv2112_update_link: link 0x0
01-01 10:14:53.444 0 0 D mv2112_read_status: autoneg is disabled
01-01 10:14:54.468 0 0 D : mv2112_read_status
01-01 10:14:54.468 0 0 D mv2112_update_link: 3.0x901(1G): 0x80
01-01 10:14:54.468 0 0 D mv2112_update_link: 3.0x8109(100M): 0x8
01-01 10:14:54.468 0 0 D mv2112_update_link: link 0x0
01-01 10:14:54.468 0 0 D mv2112_read_status: autoneg is disabled
01-01 10:14:55.492 0 0 D : mv2112_read_status
01-01 10:14:55.492 0 0 D mv2112_update_link: 3.0x901(1G): 0x80
01-01 10:14:55.492 0 0 D mv2112_update_link: 3.0x8109(100M): 0x8
01-01 10:14:55.492 0 0 D mv2112_update_link: link 0x0
01-01 10:14:55.492 0 0 D mv2112_read_status: autoneg is disabled
01-01 10:14:56.516 0 0 D : mv2112_read_status
01-01 10:14:56.516 0 0 D mv2112_update_link: 3.0x901(1G): 0x80
01-01 10:14:56.516 0 0 D mv2112_update_link: 3.0x8109(100M): 0x8
01-01 10:14:56.516 0 0 D mv2112_update_link: link 0x0
01-01 10:14:56.516 0 0 D mv2112_read_status: autoneg is disabled
01-01 10:14:57.540 0 0 D : mv2112_read_status
01-01 10:14:57.540 0 0 D mv2112_update_link: 3.0x901(1G): 0x80
01-01 10:14:57.540 0 0 D mv2112_update_link: 3.0x8109(100M): 0x8
01-01 10:14:57.540 0 0 D mv2112_update_link: link 0x0
01-01 10:14:57.540 0 0 D mv2112_read_status: autoneg is disabled
01-01 10:14:58.564 0 0 D : mv2112_read_status
01-01 10:14:58.564 0 0 D mv2112_update_link: 3.0x901(1G): 0x80
01-01 10:14:58.564 0 0 D mv2112_update_link: 3.0x8109(100M): 0x8
01-01 10:14:58.564 0 0 D mv2112_update_link: link 0x0
01-01 10:14:58.564 0 0 D mv2112_read_status: autoneg is disabled
01-01 10:14:59.588 0 0 D : mv2112_read_status
01-01 10:14:59.588 0 0 D mv2112_update_link: 3.0x901(1G): 0x80
01-01 10:14:59.588 0 0 D mv2112_update_link: 3.0x8109(100M): 0x8
01-01 10:14:59.588 0 0 D mv2112_update_link: link 0x0
01-01 10:14:59.588 0 0 D mv2112_read_status: autoneg is disabled
01-01 10:15:00.612 0 0 D : mv2112_read_status
01-01 10:15:00.612 0 0 D mv2112_update_link: 3.0x901(1G): 0x80
01-01 10:15:00.612 0 0 D mv2112_update_link: 3.0x8109(100M): 0x8
01-01 10:15:00.612 0 0 D mv2112_update_link: link 0x0
01-01 10:15:00.612 0 0 D mv2112_read_status: autoneg is disabled
01-01 10:15:01.636 0 0 D : mv2112_read_status
01-01 10:15:01.636 0 0 D mv2112_update_link: 3.0x901(1G): 0x80
01-01 10:15:01.636 0 0 D mv2112_update_link: 3.0x8109(100M): 0x8
01-01 10:15:01.636 0 0 D mv2112_update_link: link 0x0
01-01 10:15:01.636 0 0 D mv2112_read_status: autoneg is disabled
01-01 10:15:02.660 0 0 D : mv2112_read_status
01-01 10:15:02.660 0 0 D mv2112_update_link: 3.0x901(1G): 0x80
01-01 10:15:02.660 0 0 D mv2112_update_link: 3.0x8109(100M): 0x8
01-01 10:15:02.660 0 0 D mv2112_update_link: link 0x0
01-01 10:15:02.660 0 0 D mv2112_read_status: autoneg is disabled
01-01 10:15:03.684 0 0 D : mv2112_read_status
01-01 10:15:03.684 0 0 D mv2112_update_link: 3.0x901(1G): 0x80
01-01 10:15:03.684 0 0 D mv2112_update_link: 3.0x8109(100M): 0x8
01-01 10:15:03.684 0 0 D mv2112_update_link: link 0x0
01-01 10:15:03.684 0 0 D mv2112_read_status: autoneg is disabled
01-01 10:15:04.708 0 0 D : mv2112_read_status
01-01 10:15:04.708 0 0 D mv2112_update_link: 3.0x901(1G): 0x80
01-01 10:15:04.708 0 0 D mv2112_update_link: 3.0x8109(100M): 0x8
01-01 10:15:04.708 0 0 D mv2112_update_link: link 0x0
01-01 10:15:04.708 0 0 D mv2112_read_status: autoneg is disabled
01-01 10:15:05.732 0 0 D : mv2112_read_status
01-01 10:15:05.732 0 0 D mv2112_update_link: 3.0x901(1G): 0x80
01-01 10:15:05.732 0 0 D mv2112_update_link: 3.0x8109(100M): 0x8
01-01 10:15:05.732 0 0 D mv2112_update_link: link 0x0
01-01 10:15:05.732 0 0 D mv2112_read_status: autoneg is disabled
01-01 10:15:06.756 0 0 D : mv2112_read_status
01-01 10:15:06.756 0 0 D mv2112_update_link: 3.0x901(1G): 0x80
01-01 10:15:06.756 0 0 D mv2112_update_link: 3.0x8109(100M): 0x8
01-01 10:15:06.756 0 0 D mv2112_update_link: link 0x0
01-01 10:15:06.756 0 0 D mv2112_read_status: autoneg is disabled
01-01 10:15:07.780 0 0 D : mv2112_read_status
01-01 10:15:07.780 0 0 D mv2112_update_link: 3.0x901(1G): 0x80
01-01 10:15:07.780 0 0 D mv2112_update_link: 3.0x8109(100M): 0x8
01-01 10:15:07.780 0 0 D mv2112_update_link: link 0x0
01-01 10:15:07.780 0 0 D mv2112_read_status: autoneg is disabled
01-01 10:15:08.804 0 0 D : mv2112_read_status
01-01 10:15:08.804 0 0 D mv2112_update_link: 3.0x901(1G): 0x80
01-01 10:15:08.804 0 0 D mv2112_update_link: 3.0x8109(100M): 0x8
01-01 10:15:08.804 0 0 D mv2112_update_link: link 0x0
01-01 10:15:08.804 0 0 D mv2112_read_status: autoneg is disabled
01-01 10:15:09.828 0 0 D : mv2112_read_status
01-01 10:15:09.828 0 0 D mv2112_update_link: 3.0x901(1G): 0x80
01-01 10:15:09.828 0 0 D mv2112_update_link: 3.0x8109(100M): 0x8
01-01 10:15:09.828 0 0 D mv2112_update_link: link 0x0
01-01 10:15:09.828 0 0 D mv2112_read_status: autoneg is disabled
01-01 10:15:10.852 0 0 D : mv2112_read_status
01-01 10:15:10.852 0 0 D mv2112_update_link: 3.0x901(1G): 0x80
01-01 10:15:10.852 0 0 D mv2112_update_link: 3.0x8109(100M): 0x8
01-01 10:15:10.852 0 0 D mv2112_update_link: link 0x0
01-01 10:15:10.852 0 0 D mv2112_read_status: autoneg is disabled
01-01 10:15:11.876 0 0 D : mv2112_read_status
01-01 10:15:11.876 0 0 D mv2112_update_link: 3.0x901(1G): 0x80
01-01 10:15:11.876 0 0 D mv2112_update_link: 3.0x8109(100M): 0x8
01-01 10:15:11.876 0 0 D mv2112_update_link: link 0x0
01-01 10:15:11.876 0 0 D mv2112_read_status: autoneg is disabled
01-01 10:15:12.899 0 0 D : mv2112_read_status
01-01 10:15:12.900 0 0 D mv2112_update_link: 3.0x901(1G): 0x80
01-01 10:15:12.900 0 0 D mv2112_update_link: 3.0x8109(100M): 0x8
01-01 10:15:12.900 0 0 D mv2112_update_link: link 0x0
01-01 10:15:12.900 0 0 D mv2112_read_status: autoneg is disabled
01-01 10:15:13.924 0 0 D : mv2112_read_status
01-01 10:15:13.924 0 0 D mv2112_update_link: 3.0x901(1G): 0x80
01-01 10:15:13.924 0 0 D mv2112_update_link: 3.0x8109(100M): 0x8
01-01 10:15:13.924 0 0 D mv2112_update_link: link 0x0
01-01 10:15:13.924 0 0 D mv2112_read_status: autoneg is disabled
01-01 10:15:14.948 0 0 D : mv2112_read_status
01-01 10:15:14.948 0 0 D mv2112_update_link: 3.0x901(1G): 0x80
01-01 10:15:14.948 0 0 D mv2112_update_link: 3.0x8109(100M): 0x8
01-01 10:15:14.948 0 0 D mv2112_update_link: link 0x0
01-01 10:15:14.948 0 0 D mv2112_read_status: autoneg is disabled
01-01 10:15:15.971 0 0 D : mv2112_read_status
01-01 10:15:15.972 0 0 D mv2112_update_link: 3.0x901(1G): 0x80
01-01 10:15:15.972 0 0 D mv2112_update_link: 3.0x8109(100M): 0x8
01-01 10:15:15.972 0 0 D mv2112_update_link: link 0x0
01-01 10:15:15.972 0 0 D mv2112_read_status: autoneg is disabled
01-01 10:15:16.996 0 0 D : mv2112_read_status
01-01 10:15:16.996 0 0 D mv2112_update_link: 3.0x901(1G): 0x80
01-01 10:15:16.996 0 0 D mv2112_update_link: 3.0x8109(100M): 0x8
01-01 10:15:16.996 0 0 D mv2112_update_link: link 0x0
01-01 10:15:16.996 0 0 D mv2112_read_status: autoneg is disabled
01-01 10:15:18.020 0 0 D : mv2112_read_status
01-01 10:15:18.020 0 0 D mv2112_update_link: 3.0x901(1G): 0x80
01-01 10:15:18.020 0 0 D mv2112_update_link: 3.0x8109(100M): 0x8
01-01 10:15:18.020 0 0 D mv2112_update_link: link 0x0
01-01 10:15:18.020 0 0 D mv2112_read_status: autoneg is disabled
01-01 10:15:19.044 0 0 D : mv2112_read_status
01-01 10:15:19.044 0 0 D mv2112_update_link: 3.0x901(1G): 0x80
01-01 10:15:19.044 0 0 D mv2112_update_link: 3.0x8109(100M): 0x8
01-01 10:15:19.044 0 0 D mv2112_update_link: link 0x0
01-01 10:15:19.044 0 0 D mv2112_read_status: autoneg is disabled
01-01 10:15:20.068 0 0 D : mv2112_read_status
01-01 10:15:20.068 0 0 D mv2112_update_link: 3.0x901(1G): 0x80
01-01 10:15:20.068 0 0 D mv2112_update_link: 3.0x8109(100M): 0x8
01-01 10:15:20.068 0 0 D mv2112_update_link: link 0x0
01-01 10:15:20.068 0 0 D mv2112_read_status: autoneg is disabled
01-01 10:15:21.092 0 0 D : mv2112_read_status
01-01 10:15:21.092 0 0 D mv2112_update_link: 3.0x901(1G): 0x80
01-01 10:15:21.092 0 0 D mv2112_update_link: 3.0x8109(100M): 0x8
01-01 10:15:21.092 0 0 D mv2112_update_link: link 0x0
01-01 10:15:21.092 0 0 D mv2112_read_status: autoneg is disabled
01-01 10:15:22.116 0 0 D : mv2112_read_status
01-01 10:15:22.116 0 0 D mv2112_update_link: 3.0x901(1G): 0x80
01-01 10:15:22.116 0 0 D mv2112_update_link: 3.0x8109(100M): 0x8
01-01 10:15:22.116 0 0 D mv2112_update_link: link 0x0
01-01 10:15:22.116 0 0 D mv2112_read_status: autoneg is disabled
01-01 10:15:23.139 0 0 D : mv2112_read_status
01-01 10:15:23.140 0 0 D mv2112_update_link: 3.0x901(1G): 0x80
01-01 10:15:23.140 0 0 D mv2112_update_link: 3.0x8109(100M): 0x8
01-01 10:15:23.140 0 0 D mv2112_update_link: link 0x0
01-01 10:15:23.140 0 0 D mv2112_read_status: autoneg is disabled
01-01 10:15:24.164 0 0 D : mv2112_read_status
01-01 10:15:24.164 0 0 D mv2112_update_link: 3.0x901(1G): 0x80
01-01 10:15:24.164 0 0 D mv2112_update_link: 3.0x8109(100M): 0x8
01-01 10:15:24.164 0 0 D mv2112_update_link: link 0x0
01-01 10:15:24.164 0 0 D mv2112_read_status: autoneg is disabled
01-01 10:15:25.188 0 0 D : mv2112_read_status
01-01 10:15:25.188 0 0 D mv2112_update_link: 3.0x901(1G): 0x80
01-01 10:15:25.188 0 0 D mv2112_update_link: 3.0x8109(100M): 0x8
01-01 10:15:25.188 0 0 D mv2112_update_link: link 0x0
01-01 10:15:25.188 0 0 D mv2112_read_status: autoneg is disabled
01-01 10:15:26.212 0 0 D : mv2112_read_status
01-01 10:15:26.212 0 0 D mv2112_update_link: 3.0x901(1G): 0x80
01-01 10:15:26.212 0 0 D mv2112_update_link: 3.0x8109(100M): 0x8
01-01 10:15:26.212 0 0 D mv2112_update_link: link 0x0
01-01 10:15:26.212 0 0 D mv2112_read_status: autoneg is disabled
01-01 10:15:27.236 0 0 D : mv2112_read_status
01-01 10:15:27.237 0 0 D mv2112_update_link: 3.0x901(1G): 0x80
01-01 10:15:27.237 0 0 D mv2112_update_link: 3.0x8109(100M): 0x8
01-01 10:15:27.237 0 0 D mv2112_update_link: link 0x0
01-01 10:15:27.237 0 0 D mv2112_read_status: autoneg is disabled
01-01 10:15:28.260 0 0 D : mv2112_read_status
01-01 10:15:28.260 0 0 D mv2112_update_link: 3.0x901(1G): 0x80
01-01 10:15:28.260 0 0 D mv2112_update_link: 3.0x8109(100M): 0x8
01-01 10:15:28.260 0 0 D mv2112_update_link: link 0x0
01-01 10:15:28.260 0 0 D mv2112_read_status: autoneg is disabled
01-01 10:15:29.284 0 0 D : mv2112_read_status
01-01 10:15:29.284 0 0 D mv2112_update_link: 3.0x901(1G): 0x80
01-01 10:15:29.284 0 0 D mv2112_update_link: 3.0x8109(100M): 0x8
01-01 10:15:29.284 0 0 D mv2112_update_link: link 0x0
01-01 10:15:29.284 0 0 D mv2112_read_status: autoneg is disabled
01-01 10:15:30.308 0 0 D : mv2112_read_status
01-01 10:15:30.308 0 0 D mv2112_update_link: 3.0x901(1G): 0x80
01-01 10:15:30.308 0 0 D mv2112_update_link: 3.0x8109(100M): 0x8
01-01 10:15:30.308 0 0 D mv2112_update_link: link 0x0
01-01 10:15:30.308 0 0 D mv2112_read_status: autoneg is disabled
01-01 10:15:31.332 0 0 D : mv2112_read_status
01-01 10:15:31.332 0 0 D mv2112_update_link: 3.0x901(1G): 0x80
01-01 10:15:31.332 0 0 D mv2112_update_link: 3.0x8109(100M): 0x8
01-01 10:15:31.332 0 0 D mv2112_update_link: link 0x0
01-01 10:15:31.332 0 0 D mv2112_read_status: autoneg is disabled
01-01 10:15:32.356 0 0 D : mv2112_read_status
01-01 10:15:32.356 0 0 D mv2112_update_link: 3.0x901(1G): 0x80
01-01 10:15:32.356 0 0 D mv2112_update_link: 3.0x8109(100M): 0x8
01-01 10:15:32.356 0 0 D mv2112_update_link: link 0x0
01-01 10:15:32.356 0 0 D mv2112_read_status: autoneg is disabled
01-01 10:15:33.380 0 0 D : mv2112_read_status
01-01 10:15:33.380 0 0 D mv2112_update_link: 3.0x901(1G): 0x80
01-01 10:15:33.380 0 0 D mv2112_update_link: 3.0x8109(100M): 0x8
01-01 10:15:33.380 0 0 D mv2112_update_link: link 0x0
01-01 10:15:33.380 0 0 D mv2112_read_status: autoneg is disabled
01-01 10:15:34.404 0 0 D : mv2112_read_status
01-01 10:15:34.404 0 0 D mv2112_update_link: 3.0x901(1G): 0x80
01-01 10:15:34.404 0 0 D mv2112_update_link: 3.0x8109(100M): 0x8
01-01 10:15:34.404 0 0 D mv2112_update_link: link 0x0
01-01 10:15:34.404 0 0 D mv2112_read_status: autoneg is disabled
01-01 10:15:35.428 0 0 D : mv2112_read_status
01-01 10:15:35.428 0 0 D mv2112_update_link: 3.0x901(1G): 0x80
01-01 10:15:35.428 0 0 D mv2112_update_link: 3.0x8109(100M): 0x8
01-01 10:15:35.428 0 0 D mv2112_update_link: link 0x0
01-01 10:15:35.428 0 0 D mv2112_read_status: autoneg is disabled
01-01 10:15:36.452 0 0 D : mv2112_read_status
01-01 10:15:36.452 0 0 D mv2112_update_link: 3.0x901(1G): 0x80
01-01 10:15:36.452 0 0 D mv2112_update_link: 3.0x8109(100M): 0x8
01-01 10:15:36.452 0 0 D mv2112_update_link: link 0x0
01-01 10:15:36.452 0 0 D mv2112_read_status: autoneg is disabled
01-01 10:15:37.476 0 0 D : mv2112_read_status
01-01 10:15:37.476 0 0 D mv2112_update_link: 3.0x901(1G): 0x80
01-01 10:15:37.476 0 0 D mv2112_update_link: 3.0x8109(100M): 0x8
01-01 10:15:37.476 0 0 D mv2112_update_link: link 0x0
01-01 10:15:37.476 0 0 D mv2112_read_status: autoneg is disabled
01-01 10:15:38.500 0 0 D : mv2112_read_status
01-01 10:15:38.500 0 0 D mv2112_update_link: 3.0x901(1G): 0x80
01-01 10:15:38.500 0 0 D mv2112_update_link: 3.0x8109(100M): 0x8
01-01 10:15:38.500 0 0 D mv2112_update_link: link 0x0
01-01 10:15:38.500 0 0 D mv2112_read_status: autoneg is disabled
01-01 10:15:39.524 0 0 D : mv2112_read_status
01-01 10:15:39.524 0 0 D mv2112_update_link: 3.0x901(1G): 0x80
01-01 10:15:39.524 0 0 D mv2112_update_link: 3.0x8109(100M): 0x8
01-01 10:15:39.524 0 0 D mv2112_update_link: link 0x0
01-01 10:15:39.524 0 0 D mv2112_read_status: autoneg is disabled
01-01 10:15:40.548 0 0 D : mv2112_read_status
01-01 10:15:40.548 0 0 D mv2112_update_link: 3.0x901(1G): 0x80
01-01 10:15:40.548 0 0 D mv2112_update_link: 3.0x8109(100M): 0x8
01-01 10:15:40.548 0 0 D mv2112_update_link: link 0x0
01-01 10:15:40.548 0 0 D mv2112_read_status: autoneg is disabled
01-01 10:15:41.572 0 0 D : mv2112_read_status
01-01 10:15:41.572 0 0 D mv2112_update_link: 3.0x901(1G): 0x80
01-01 10:15:41.572 0 0 D mv2112_update_link: 3.0x8109(100M): 0x8
01-01 10:15:41.572 0 0 D mv2112_update_link: link 0x0
01-01 10:15:41.572 0 0 D mv2112_read_status: autoneg is disabled
01-01 10:15:42.596 0 0 D : mv2112_read_status
01-01 10:15:42.596 0 0 D mv2112_update_link: 3.0x901(1G): 0x80
01-01 10:15:42.596 0 0 D mv2112_update_link: 3.0x8109(100M): 0x8
01-01 10:15:42.596 0 0 D mv2112_update_link: link 0x0
01-01 10:15:42.596 0 0 D mv2112_read_status: autoneg is disabled
01-01 10:15:43.620 0 0 D : mv2112_read_status
01-01 10:15:43.620 0 0 D mv2112_update_link: 3.0x901(1G): 0x80
01-01 10:15:43.620 0 0 D mv2112_update_link: 3.0x8109(100M): 0x8
01-01 10:15:43.620 0 0 D mv2112_update_link: link 0x0
01-01 10:15:43.620 0 0 D mv2112_read_status: autoneg is disabled
01-01 10:15:44.644 0 0 D : mv2112_read_status
01-01 10:15:44.644 0 0 D mv2112_update_link: 3.0x901(1G): 0x80
01-01 10:15:44.644 0 0 D mv2112_update_link: 3.0x8109(100M): 0x8
01-01 10:15:44.644 0 0 D mv2112_update_link: link 0x0
01-01 10:15:44.644 0 0 D mv2112_read_status: autoneg is disabled
01-01 10:15:45.668 0 0 D : mv2112_read_status
01-01 10:15:45.668 0 0 D mv2112_update_link: 3.0x901(1G): 0x80
01-01 10:15:45.668 0 0 D mv2112_update_link: 3.0x8109(100M): 0x8
01-01 10:15:45.668 0 0 D mv2112_update_link: link 0x0
01-01 10:15:45.668 0 0 D mv2112_read_status: autoneg is disabled
01-01 10:15:46.692 0 0 D : mv2112_read_status
01-01 10:15:46.692 0 0 D mv2112_update_link: 3.0x901(1G): 0x80
01-01 10:15:46.692 0 0 D mv2112_update_link: 3.0x8109(100M): 0x8
01-01 10:15:46.692 0 0 D mv2112_update_link: link 0x0
01-01 10:15:46.692 0 0 D mv2112_read_status: autoneg is disabled
01-01 10:15:47.716 0 0 D : mv2112_read_status
01-01 10:15:47.716 0 0 D mv2112_update_link: 3.0x901(1G): 0x80
01-01 10:15:47.716 0 0 D mv2112_update_link: 3.0x8109(100M): 0x8
01-01 10:15:47.716 0 0 D mv2112_update_link: link 0x0
01-01 10:15:47.716 0 0 D mv2112_read_status: autoneg is disabled
01-01 10:15:48.740 0 0 D : mv2112_read_status
01-01 10:15:48.740 0 0 D mv2112_update_link: 3.0x901(1G): 0x80
01-01 10:15:48.740 0 0 D mv2112_update_link: 3.0x8109(100M): 0x8
01-01 10:15:48.740 0 0 D mv2112_update_link: link 0x0
01-01 10:15:48.740 0 0 D mv2112_read_status: autoneg is disabled
01-01 10:15:49.764 0 0 D : mv2112_read_status
01-01 10:15:49.764 0 0 D mv2112_update_link: 3.0x901(1G): 0x80
01-01 10:15:49.764 0 0 D mv2112_update_link: 3.0x8109(100M): 0x8
01-01 10:15:49.764 0 0 D mv2112_update_link: link 0x0
01-01 10:15:49.764 0 0 D mv2112_read_status: autoneg is disabled
01-01 10:15:50.788 0 0 D : mv2112_read_status
01-01 10:15:50.788 0 0 D mv2112_update_link: 3.0x901(1G): 0x80
01-01 10:15:50.788 0 0 D mv2112_update_link: 3.0x8109(100M): 0x8
01-01 10:15:50.788 0 0 D mv2112_update_link: link 0x0
01-01 10:15:50.788 0 0 D mv2112_read_status: autoneg is disabled
01-01 10:15:51.811 0 0 D : mv2112_read_status
01-01 10:15:51.812 0 0 D mv2112_update_link: 3.0x901(1G): 0x80
01-01 10:15:51.812 0 0 D mv2112_update_link: 3.0x8109(100M): 0x8
01-01 10:15:51.812 0 0 D mv2112_update_link: link 0x0
01-01 10:15:51.812 0 0 D mv2112_read_status: autoneg is disabled
01-01 10:15:52.836 0 0 D : mv2112_read_status
01-01 10:15:52.836 0 0 D mv2112_update_link: 3.0x901(1G): 0x80
01-01 10:15:52.836 0 0 D mv2112_update_link: 3.0x8109(100M): 0x8
01-01 10:15:52.836 0 0 D mv2112_update_link: link 0x0
01-01 10:15:52.836 0 0 D mv2112_read_status: autoneg is disabled
01-01 10:15:53.860 0 0 D : mv2112_read_status
01-01 10:15:53.860 0 0 D mv2112_update_link: 3.0x901(1G): 0x80
01-01 10:15:53.860 0 0 D mv2112_update_link: 3.0x8109(100M): 0x8
01-01 10:15:53.860 0 0 D mv2112_update_link: link 0x0
01-01 10:15:53.860 0 0 D mv2112_read_status: autoneg is disabled
01-01 10:15:54.884 0 0 D : mv2112_read_status
01-01 10:15:54.884 0 0 D mv2112_update_link: 3.0x901(1G): 0x80
01-01 10:15:54.884 0 0 D mv2112_update_link: 3.0x8109(100M): 0x8
01-01 10:15:54.884 0 0 D mv2112_update_link: link 0x0
01-01 10:15:54.884 0 0 D mv2112_read_status: autoneg is disabled
01-01 10:15:55.908 0 0 D : mv2112_read_status
01-01 10:15:55.908 0 0 D mv2112_update_link: 3.0x901(1G): 0x80
01-01 10:15:55.908 0 0 D mv2112_update_link: 3.0x8109(100M): 0x8
01-01 10:15:55.908 0 0 D mv2112_update_link: link 0x0
01-01 10:15:55.908 0 0 D mv2112_read_status: autoneg is disabled
01-01 10:15:56.932 0 0 D : mv2112_read_status
01-01 10:15:56.932 0 0 D mv2112_update_link: 3.0x901(1G): 0x80
01-01 10:15:56.932 0 0 D mv2112_update_link: 3.0x8109(100M): 0x8
01-01 10:15:56.932 0 0 D mv2112_update_link: link 0x0
01-01 10:15:56.932 0 0 D mv2112_read_status: autoneg is disabled
01-01 10:15:57.956 0 0 D : mv2112_read_status
01-01 10:15:57.956 0 0 D mv2112_update_link: 3.0x901(1G): 0x80
01-01 10:15:57.956 0 0 D mv2112_update_link: 3.0x8109(100M): 0x8
01-01 10:15:57.956 0 0 D mv2112_update_link: link 0x0
01-01 10:15:57.956 0 0 D mv2112_read_status: autoneg is disabled
01-01 10:15:58.980 0 0 D : mv2112_read_status
01-01 10:15:58.980 0 0 D mv2112_update_link: 3.0x901(1G): 0x80
01-01 10:15:58.980 0 0 D mv2112_update_link: 3.0x8109(100M): 0x8
01-01 10:15:58.980 0 0 D mv2112_update_link: link 0x0
01-01 10:15:58.980 0 0 D mv2112_read_status: autoneg is disabled
01-01 10:16:00.004 0 0 D : mv2112_read_status
01-01 10:16:00.004 0 0 D mv2112_update_link: 3.0x901(1G): 0x80
01-01 10:16:00.004 0 0 D mv2112_update_link: 3.0x8109(100M): 0x8
01-01 10:16:00.004 0 0 D mv2112_update_link: link 0x0
01-01 10:16:00.004 0 0 D mv2112_read_status: autoneg is disabled
01-01 10:16:01.028 0 0 D : mv2112_read_status
01-01 10:16:01.028 0 0 D mv2112_update_link: 3.0x901(1G): 0x80
01-01 10:16:01.028 0 0 D mv2112_update_link: 3.0x8109(100M): 0x8
01-01 10:16:01.028 0 0 D mv2112_update_link: link 0x0
01-01 10:16:01.028 0 0 D mv2112_read_status: autoneg is disabled
01-01 10:16:02.052 0 0 D : mv2112_read_status
01-01 10:16:02.052 0 0 D mv2112_update_link: 3.0x901(1G): 0x80
01-01 10:16:02.052 0 0 D mv2112_update_link: 3.0x8109(100M): 0x8
01-01 10:16:02.052 0 0 D mv2112_update_link: link 0x0
01-01 10:16:02.052 0 0 D mv2112_read_status: autoneg is disabled
01-01 10:16:03.076 0 0 D : mv2112_read_status
01-01 10:16:03.076 0 0 D mv2112_update_link: 3.0x901(1G): 0x80
01-01 10:16:03.076 0 0 D mv2112_update_link: 3.0x8109(100M): 0x8
01-01 10:16:03.076 0 0 D mv2112_update_link: link 0x0
01-01 10:16:03.076 0 0 D mv2112_read_status: autoneg is disabled
01-01 10:16:04.100 0 0 D : mv2112_read_status
01-01 10:16:04.100 0 0 D mv2112_update_link: 3.0x901(1G): 0x80
01-01 10:16:04.100 0 0 D mv2112_update_link: 3.0x8109(100M): 0x8
01-01 10:16:04.100 0 0 D mv2112_update_link: link 0x0
01-01 10:16:04.100 0 0 D mv2112_read_status: autoneg is disabled
01-01 10:16:05.124 0 0 D : mv2112_read_status
01-01 10:16:05.124 0 0 D mv2112_update_link: 3.0x901(1G): 0x80
01-01 10:16:05.124 0 0 D mv2112_update_link: 3.0x8109(100M): 0x8
01-01 10:16:05.124 0 0 D mv2112_update_link: link 0x0
01-01 10:16:05.124 0 0 D mv2112_read_status: autoneg is disabled
01-01 10:16:06.148 0 0 D : mv2112_read_status
01-01 10:16:06.148 0 0 D mv2112_update_link: 3.0x901(1G): 0x80
01-01 10:16:06.148 0 0 D mv2112_update_link: 3.0x8109(100M): 0x8
01-01 10:16:06.148 0 0 D mv2112_update_link: link 0x0
01-01 10:16:06.148 0 0 D mv2112_read_status: autoneg is disabled
01-01 10:16:07.172 0 0 D : mv2112_read_status
01-01 10:16:07.172 0 0 D mv2112_update_link: 3.0x901(1G): 0x80
01-01 10:16:07.172 0 0 D mv2112_update_link: 3.0x8109(100M): 0x8
01-01 10:16:07.172 0 0 D mv2112_update_link: link 0x0
01-01 10:16:07.172 0 0 D mv2112_read_status: autoneg is disabled
01-01 10:16:08.196 0 0 D : mv2112_read_status
01-01 10:16:08.196 0 0 D mv2112_update_link: 3.0x901(1G): 0x80
