12-31 01:28:25.148 2481 2481 I wm_on_top_resumed_gained_called: [175692250,com.android.launcher3.uioverrides.QuickstepLauncher,topWhenResuming]
12-31 01:28:25.151 1488 1596 I sysui_multi_action: [757,803,799,window_time_0,802,0]
12-31 01:28:25.153 3973 3973 I view_enqueue_input_event: [Motion - Cancel,com.thundercomm.screensaver/android.service.dreams.DreamActivity]
12-31 01:28:25.157 1488 1682 I input_focus: [Focus leaving 2abaf3 com.thundercomm.screensaver/android.service.dreams.DreamActivity (server),reason=NO_WINDOW]
12-31 01:28:25.162 1488 1597 I input_focus: [Focus request affb0e1 com.android.launcher3/com.android.launcher3.uioverrides.QuickstepLauncher,reason=UpdateInputWindows]
12-31 01:28:25.163 1488 1605 I am_pss : [2562,10063,com.thundercomm.gamemode.provider,8385536,5750784,0,94994432,0,19,6]
12-31 01:28:25.170 1488 1605 I am_pss : [2813,10086,com.qualcomm.qti.workloadclassifier,8799232,6512640,0,92475392,0,0,5]
12-31 01:28:25.172 2412 3733 W ContextImpl: Calling a method in the system process without a qualified user: android.app.ContextImpl.startService:1816 android.content.ContextWrapper.startService:774 com.thundercomm.gamemode.ingame.services.GameModeActionUtils.startGameModeService:99 com.thundercomm.gamemode.ingame.services.GameModeActionUtils.startGameModeEntry:22 com.thundercomm.gamemode.ingame.services.ActivityMonitoringService$1.onActivityLaunch:127
12-31 01:28:25.181 1488 1488 I GameModeConfig: Current uri is uri = content://com.thundercomm.gamemode.api/gamemode_settings/gamemode_isgaming
12-31 01:28:25.181 1488 1605 I am_pss : [2805,10079,com.qualcomm.qti.services.systemhelper:systemhelper_service,6788096,4366336,0,92884992,0,0,6]
12-31 01:28:25.181 1488 1488 I am_uid_active: 10063
12-31 01:28:25.186 1488 1488 I GameModeConfig: isGameModeOn = false
12-31 01:28:25.186 1488 1488 I GameModeConfig: isGameModeOn = false
12-31 01:28:25.186 1488 1488 I GameModeConfig: isDisableVoice = true
12-31 01:28:25.187 1488 1605 I am_pss : [2811,10087,com.qualcomm.qti.qccnetstat,6498304,4149248,0,90873856,0,0,6]
12-31 01:28:25.193 1488 1622 I PowerManagerService: Powering on display group fromDreaming (groupId=0, uid=1000, reason=WAKE_REASON_UNKNOWN, details=android.server.power:DREAM_FINISHED)...
12-31 01:28:25.193 1488 1622 I PowerManagerService: Waking up from Dreaming (uid=1000, reason=WAKE_REASON_UNKNOWN, details=android.server.power:DREAM_FINISHED)...
12-31 01:28:25.194 1488 1605 I am_pss : [2785,10055,.pasr,5894144,3653632,0,88481792,0,0,6]
12-31 01:28:25.200 1488 1605 I am_pss : [2737,10088,com.hht.lebocast,42983424,19247104,0,113893376,0,0,5]
12-31 01:28:25.205 1488 1682 I input_focus: [Focus entering affb0e1 com.android.launcher3/com.android.launcher3.uioverrides.QuickstepLauncher (server),reason=Window became focusable. Previous reason: NOT_VISIBLE]
12-31 01:28:25.206 1488 1605 I am_pss : [2746,10059,ts.car.uart,6593536,4354048,0,89497600,0,0,6]
12-31 01:28:25.218 1488 1605 I am_pss : [3202,10065,com.qualcomm.qti.devicestatisticsservice,5732352,3493888,0,88256512,0,0,5]
12-31 01:28:25.252 2412 3733 W ContextImpl: Calling a method in the system process without a qualified user: android.app.ContextImpl.startService:1816 android.content.ContextWrapper.startService:774 com.thundercomm.gamemode.ingame.services.GameModeActionUtils.startGameModeService:99 com.thundercomm.gamemode.ingame.services.GameModeActionUtils.startGameModeEntry:22 com.thundercomm.gamemode.ingame.services.ActivityMonitoringService$1.onActivityLaunch:127
12-31 01:28:25.260 1488 1488 I GameModeConfig: Current uri is uri = content://com.thundercomm.gamemode.api/gamemode_settings/gamemode_isgaming
12-31 01:28:25.261 1488 1488 I GameModeConfig: isGameModeOn = false
12-31 01:28:25.262 1488 1488 I GameModeConfig: isGameModeOn = false
12-31 01:28:25.262 1488 1488 I GameModeConfig: isDisableVoice = true
12-31 01:28:25.445 1488 1596 I wm_destroy_activity: [0,6910039,21,com.thundercomm.screensaver/android.service.dreams.DreamActivity,finish-imm:idle]
12-31 01:28:25.451 2412 3733 W ContextImpl: Calling a method in the system process without a qualified user: android.app.ContextImpl.startService:1816 android.content.ContextWrapper.startService:774 com.thundercomm.gamemode.ingame.services.GameModeActionUtils.startGameModeService:99 com.thundercomm.gamemode.ingame.services.GameModeActionUtils.startGameModeEntry:22 com.thundercomm.gamemode.ingame.services.ActivityMonitoringService$1.onActivityLaunch:127
12-31 01:28:25.455 1488 1488 I GameModeConfig: Current uri is uri = content://com.thundercomm.gamemode.api/gamemode_settings/gamemode_isgaming
12-31 01:28:25.457 1488 1488 I GameModeConfig: isGameModeOn = false
12-31 01:28:25.458 1488 1488 I GameModeConfig: isGameModeOn = false
12-31 01:28:25.458 1488 1488 I GameModeConfig: isDisableVoice = true
12-31 01:28:25.465 3973 3973 I wm_on_stop_called: [6910039,android.service.dreams.DreamActivity,LIFECYCLER_STOP_ACTIVITY]
12-31 01:28:25.465 3973 3973 I wm_on_destroy_called: [6910039,android.service.dreams.DreamActivity,performDestroy]
12-31 01:28:25.467 1488 2083 I DreamManagerService: Leaving dreamland.
12-31 01:28:25.469 1488 1593 I DreamManagerService: Performing gentle wake from dream.
12-31 01:28:25.469 1488 1593 I DreamController: Stopping dream: name=ComponentInfo{com.thundercomm.screensaver/com.thundercomm.saverclock.service.ClockScreensaver}, isTest=false, canDoze=false, userId=0, reason='finished self'(from 'finished self')
12-31 01:28:25.469 1488 1593 I sysui_multi_action: [757,222,758,2]
12-31 01:28:25.469 1488 1593 I sysui_multi_action: [757,804,799,dreaming_minutes,801,10,802,1]
12-31 01:28:25.479 1488 2083 I wm_task_removed: [21,removeChild:removeChild last r=ActivityRecord{697057 u0 com.thundercomm.screensaver/android.service.dreams.DreamActivity t-1 f}} in t=Task{6e188e0 #21 type=dream A=10052:android:com.thundercomm.screensaver/dream U=0 visible=false mode=fullscreen translucent=true sz=0}]
12-31 01:28:25.479 1488 2083 I wm_task_removed: [21,removeChild]
12-31 01:28:25.481 1488 1597 W ActivityTaskManager: Can't find TaskDisplayArea to determine support for multi window. Task id=21 attached=false
12-31 01:29:18.214 1488 1622 V DisplayPowerController[0]: Brightness [0.05] reason changing to: 'manual [ dim ]', previous reason: 'manual'.
12-31 01:29:18.214 1488 1622 I sysui_multi_action: [757,1696,758,6,759,2]
12-31 01:29:18.215 1488 1622 W PowerManagerService: Screen on took 53022 ms
12-31 01:29:18.223 1488 1871 E DisplayDeviceConfig: requesting nits when no mapping exists.
12-31 01:29:18.224 1488 1871 E DisplayDeviceConfig: requesting nits when no mapping exists.
12-31 01:29:18.224 1488 1606 I am_wtf : [0,1488,system_server,-1,DisplayDeviceConfig,requesting nits when no mapping exists.]
12-31 01:29:18.226 1488 1606 I DropBoxManagerService: add tag=system_server_wtf isTagEnabled=true flags=0x2
12-31 01:29:18.228 1488 1606 I am_wtf : [0,1488,system_server,-1,DisplayDeviceConfig,requesting nits when no mapping exists.]
12-31 01:29:18.229 1488 1606 I DropBoxManagerService: add tag=system_server_wtf isTagEnabled=true flags=0x2
12-31 01:29:18.239 1488 1871 E DisplayDeviceConfig: requesting nits when no mapping exists.
12-31 01:29:18.239 1488 1871 E DisplayDeviceConfig: requesting nits when no mapping exists.
12-31 01:29:18.239 1488 1606 I am_wtf : [0,1488,system_server,-1,DisplayDeviceConfig,requesting nits when no mapping exists.]
12-31 01:29:18.240 1488 1606 I DropBoxManagerService: add tag=system_server_wtf isTagEnabled=true flags=0x2
12-31 01:29:18.241 1488 1606 I am_wtf : [0,1488,system_server,-1,DisplayDeviceConfig,requesting nits when no mapping exists.]
12-31 01:29:18.242 1488 1606 I DropBoxManagerService: add tag=system_server_wtf isTagEnabled=true flags=0x2
12-31 01:29:18.249 1488 1871 E DisplayDeviceConfig: requesting nits when no mapping exists.
12-31 01:29:18.249 1488 1871 E DisplayDeviceConfig: requesting nits when no mapping exists.
12-31 01:29:18.250 1488 1606 I am_wtf : [0,1488,system_server,-1,DisplayDeviceConfig,requesting nits when no mapping exists.]
12-31 01:29:18.250 1488 1606 I DropBoxManagerService: add tag=system_server_wtf isTagEnabled=true flags=0x2
12-31 01:29:18.251 1488 1606 I am_wtf : [0,1488,system_server,-1,DisplayDeviceConfig,requesting nits when no mapping exists.]
12-31 01:29:18.266 1488 1871 E DisplayDeviceConfig: requesting nits when no mapping exists.
12-31 01:29:18.266 1488 1871 E DisplayDeviceConfig: requesting nits when no mapping exists.
12-31 01:29:18.266 1488 1606 I am_wtf : [0,1488,system_server,-1,DisplayDeviceConfig,requesting nits when no mapping exists.]
12-31 01:29:18.267 1488 1606 I am_wtf : [0,1488,system_server,-1,DisplayDeviceConfig,requesting nits when no mapping exists.]
12-31 01:29:18.283 1488 1871 E DisplayDeviceConfig: requesting nits when no mapping exists.
12-31 01:29:18.283 1488 1871 E DisplayDeviceConfig: requesting nits when no mapping exists.
12-31 01:29:18.283 1488 1606 I am_wtf : [0,1488,system_server,-1,DisplayDeviceConfig,requesting nits when no mapping exists.]
12-31 01:29:18.284 1488 1606 I am_wtf : [0,1488,system_server,-1,DisplayDeviceConfig,requesting nits when no mapping exists.]
12-31 01:29:18.299 1488 1871 E DisplayDeviceConfig: requesting nits when no mapping exists.
12-31 01:29:18.299 1488 1871 E DisplayDeviceConfig: requesting nits when no mapping exists.
12-31 01:29:18.299 1488 1606 I am_wtf : [0,1488,system_server,-1,DisplayDeviceConfig,requesting nits when no mapping exists.]
12-31 01:29:18.300 1488 1606 I am_wtf : [0,1488,system_server,-1,DisplayDeviceConfig,requesting nits when no mapping exists.]
12-31 01:29:18.316 1488 1871 E DisplayDeviceConfig: requesting nits when no mapping exists.
12-31 01:29:18.317 1488 1871 E DisplayDeviceConfig: requesting nits when no mapping exists.
12-31 01:29:18.317 1488 1606 I am_wtf : [0,1488,system_server,-1,DisplayDeviceConfig,requesting nits when no mapping exists.]
12-31 01:29:18.317 1488 1606 I am_wtf : [0,1488,system_server,-1,DisplayDeviceConfig,requesting nits when no mapping exists.]
12-31 01:29:18.333 1488 1871 E DisplayDeviceConfig: requesting nits when no mapping exists.
12-31 01:29:18.333 1488 1606 I am_wtf : [0,1488,system_server,-1,DisplayDeviceConfig,requesting nits when no mapping exists.]
12-31 01:29:18.333 1488 1871 E DisplayDeviceConfig: requesting nits when no mapping exists.
12-31 01:29:18.334 1488 1606 I am_wtf : [0,1488,system_server,-1,DisplayDeviceConfig,requesting nits when no mapping exists.]
12-31 01:29:18.349 1488 1871 E DisplayDeviceConfig: requesting nits when no mapping exists.
12-31 01:29:18.350 1488 1606 I am_wtf : [0,1488,system_server,-1,DisplayDeviceConfig,requesting nits when no mapping exists.]
12-31 01:29:18.350 1488 1871 E DisplayDeviceConfig: requesting nits when no mapping exists.
12-31 01:29:18.351 1488 1606 I am_wtf : [0,1488,system_server,-1,DisplayDeviceConfig,requesting nits when no mapping exists.]
12-31 01:29:18.366 1488 1871 E DisplayDeviceConfig: requesting nits when no mapping exists.
12-31 01:29:18.367 1488 1606 I am_wtf : [0,1488,system_server,-1,DisplayDeviceConfig,requesting nits when no mapping exists.]
12-31 01:29:18.367 1488 1871 E DisplayDeviceConfig: requesting nits when no mapping exists.
12-31 01:29:18.368 1488 1606 I am_wtf : [0,1488,system_server,-1,DisplayDeviceConfig,requesting nits when no mapping exists.]
12-31 01:29:18.383 1488 1871 E DisplayDeviceConfig: requesting nits when no mapping exists.
12-31 01:29:18.384 1488 1606 I am_wtf : [0,1488,system_server,-1,DisplayDeviceConfig,requesting nits when no mapping exists.]
12-31 01:29:18.384 1488 1871 E DisplayDeviceConfig: requesting nits when no mapping exists.
12-31 01:29:18.384 1488 1606 I am_wtf : [0,1488,system_server,-1,DisplayDeviceConfig,requesting nits when no mapping exists.]
12-31 01:29:18.400 1488 1871 E DisplayDeviceConfig: requesting nits when no mapping exists.
12-31 01:29:18.400 1488 1606 I am_wtf : [0,1488,system_server,-1,DisplayDeviceConfig,requesting nits when no mapping exists.]
12-31 01:29:18.400 1488 1871 E DisplayDeviceConfig: requesting nits when no mapping exists.
12-31 01:29:18.401 1488 1606 I am_wtf : [0,1488,system_server,-1,DisplayDeviceConfig,requesting nits when no mapping exists.]
12-31 01:29:18.417 1488 1871 E DisplayDeviceConfig: requesting nits when no mapping exists.
12-31 01:29:18.417 1488 1606 I am_wtf : [0,1488,system_server,-1,DisplayDeviceConfig,requesting nits when no mapping exists.]
12-31 01:29:18.417 1488 1871 E DisplayDeviceConfig: requesting nits when no mapping exists.
12-31 01:29:18.418 1488 1606 I am_wtf : [0,1488,system_server,-1,DisplayDeviceConfig,requesting nits when no mapping exists.]
12-31 01:29:18.433 1488 1871 E DisplayDeviceConfig: requesting nits when no mapping exists.
12-31 01:29:18.434 1488 1871 E DisplayDeviceConfig: requesting nits when no mapping exists.
12-31 01:29:18.434 1488 1606 I am_wtf : [0,1488,system_server,-1,DisplayDeviceConfig,requesting nits when no mapping exists.]
12-31 01:29:18.436 1488 1606 I am_wtf : [0,1488,system_server,-1,DisplayDeviceConfig,requesting nits when no mapping exists.]
12-31 01:29:18.450 1488 1871 E DisplayDeviceConfig: requesting nits when no mapping exists.
12-31 01:29:18.450 1488 1871 E DisplayDeviceConfig: requesting nits when no mapping exists.
12-31 01:29:18.450 1488 1606 I am_wtf : [0,1488,system_server,-1,DisplayDeviceConfig,requesting nits when no mapping exists.]
12-31 01:29:18.451 1488 1606 I am_wtf : [0,1488,system_server,-1,DisplayDeviceConfig,requesting nits when no mapping exists.]
12-31 01:29:18.467 1488 1871 E DisplayDeviceConfig: requesting nits when no mapping exists.
12-31 01:29:18.467 1488 1606 I am_wtf : [0,1488,system_server,-1,DisplayDeviceConfig,requesting nits when no mapping exists.]
12-31 01:29:18.467 1488 1871 E DisplayDeviceConfig: requesting nits when no mapping exists.
12-31 01:29:18.468 1488 1606 I am_wtf : [0,1488,system_server,-1,DisplayDeviceConfig,requesting nits when no mapping exists.]
12-31 01:29:18.483 1488 1871 E DisplayDeviceConfig: requesting nits when no mapping exists.
12-31 01:29:18.484 1488 1606 I am_wtf : [0,1488,system_server,-1,DisplayDeviceConfig,requesting nits when no mapping exists.]
12-31 01:29:18.484 1488 1871 E DisplayDeviceConfig: requesting nits when no mapping exists.
12-31 01:29:18.485 1488 1606 I am_wtf : [0,1488,system_server,-1,DisplayDeviceConfig,requesting nits when no mapping exists.]
12-31 01:29:18.500 1488 1871 E DisplayDeviceConfig: requesting nits when no mapping exists.
12-31 01:29:18.501 1488 1606 I am_wtf : [0,1488,system_server,-1,DisplayDeviceConfig,requesting nits when no mapping exists.]
12-31 01:29:18.501 1488 1871 E DisplayDeviceConfig: requesting nits when no mapping exists.
12-31 01:29:18.502 1488 1606 I am_wtf : [0,1488,system_server,-1,DisplayDeviceConfig,requesting nits when no mapping exists.]
12-31 01:29:18.517 1488 1871 E DisplayDeviceConfig: requesting nits when no mapping exists.
12-31 01:29:18.517 1488 1606 I am_wtf : [0,1488,system_server,-1,DisplayDeviceConfig,requesting nits when no mapping exists.]
12-31 01:29:18.517 1488 1871 E DisplayDeviceConfig: requesting nits when no mapping exists.
12-31 01:29:18.518 1488 1606 I am_wtf : [0,1488,system_server,-1,DisplayDeviceConfig,requesting nits when no mapping exists.]
12-31 01:29:18.533 1488 1871 E DisplayDeviceConfig: requesting nits when no mapping exists.
12-31 01:29:18.534 1488 1606 I am_wtf : [0,1488,system_server,-1,DisplayDeviceConfig,requesting nits when no mapping exists.]
12-31 01:29:18.534 1488 1871 E DisplayDeviceConfig: requesting nits when no mapping exists.
12-31 01:29:18.535 1488 1606 I am_wtf : [0,1488,system_server,-1,DisplayDeviceConfig,requesting nits when no mapping exists.]
12-31 01:29:18.550 1488 1871 E DisplayDeviceConfig: requesting nits when no mapping exists.
12-31 01:29:18.550 1488 1606 I am_wtf : [0,1488,system_server,-1,DisplayDeviceConfig,requesting nits when no mapping exists.]
12-31 01:29:18.550 1488 1871 E DisplayDeviceConfig: requesting nits when no mapping exists.
12-31 01:29:18.551 1488 1606 I am_wtf : [0,1488,system_server,-1,DisplayDeviceConfig,requesting nits when no mapping exists.]
12-31 01:29:18.566 1488 1871 E DisplayDeviceConfig: requesting nits when no mapping exists.
12-31 01:29:18.567 1488 1606 I am_wtf : [0,1488,system_server,-1,DisplayDeviceConfig,requesting nits when no mapping exists.]
12-31 01:29:18.567 1488 1871 E DisplayDeviceConfig: requesting nits when no mapping exists.
12-31 01:29:18.568 1488 1606 I am_wtf : [0,1488,system_server,-1,DisplayDeviceConfig,requesting nits when no mapping exists.]
12-31 01:29:18.583 1488 1871 E DisplayDeviceConfig: requesting nits when no mapping exists.
12-31 01:29:18.584 1488 1606 I am_wtf : [0,1488,system_server,-1,DisplayDeviceConfig,requesting nits when no mapping exists.]
12-31 01:29:18.584 1488 1871 E DisplayDeviceConfig: requesting nits when no mapping exists.
12-31 01:29:18.585 1488 1606 I am_wtf : [0,1488,system_server,-1,DisplayDeviceConfig,requesting nits when no mapping exists.]
12-31 01:29:18.600 1488 1871 E DisplayDeviceConfig: requesting nits when no mapping exists.
12-31 01:29:18.601 1488 1606 I am_wtf : [0,1488,system_server,-1,DisplayDeviceConfig,requesting nits when no mapping exists.]
12-31 01:29:18.601 1488 1871 E DisplayDeviceConfig: requesting nits when no mapping exists.
12-31 01:29:18.602 1488 1606 I am_wtf : [0,1488,system_server,-1,DisplayDeviceConfig,requesting nits when no mapping exists.]
12-31 01:29:18.617 1488 1871 E DisplayDeviceConfig: requesting nits when no mapping exists.
12-31 01:29:18.617 1488 1606 I am_wtf : [0,1488,system_server,-1,DisplayDeviceConfig,requesting nits when no mapping exists.]
12-31 01:29:18.618 1488 1871 E DisplayDeviceConfig: requesting nits when no mapping exists.
12-31 01:29:18.618 1488 1606 I am_wtf : [0,1488,system_server,-1,DisplayDeviceConfig,requesting nits when no mapping exists.]
12-31 01:29:18.634 1488 1871 E DisplayDeviceConfig: requesting nits when no mapping exists.
12-31 01:29:18.634 1488 1606 I am_wtf : [0,1488,system_server,-1,DisplayDeviceConfig,requesting nits when no mapping exists.]
12-31 01:29:18.634 1488 1871 E DisplayDeviceConfig: requesting nits when no mapping exists.
12-31 01:29:18.635 1488 1606 I am_wtf : [0,1488,system_server,-1,DisplayDeviceConfig,requesting nits when no mapping exists.]
12-31 01:29:18.650 1488 1871 E DisplayDeviceConfig: requesting nits when no mapping exists.
12-31 01:29:18.650 1488 1606 I am_wtf : [0,1488,system_server,-1,DisplayDeviceConfig,requesting nits when no mapping exists.]
12-31 01:29:18.651 1488 1871 E DisplayDeviceConfig: requesting nits when no mapping exists.
12-31 01:29:18.651 1488 1606 I am_wtf : [0,1488,system_server,-1,DisplayDeviceConfig,requesting nits when no mapping exists.]
12-31 01:29:18.667 1488 1871 E DisplayDeviceConfig: requesting nits when no mapping exists.
12-31 01:29:18.668 1488 1606 I am_wtf : [0,1488,system_server,-1,DisplayDeviceConfig,requesting nits when no mapping exists.]
12-31 01:29:18.668 1488 1871 E DisplayDeviceConfig: requesting nits when no mapping exists.
12-31 01:29:18.668 1488 1606 I am_wtf : [0,1488,system_server,-1,DisplayDeviceConfig,requesting nits when no mapping exists.]
12-31 01:29:18.684 1488 1871 E DisplayDeviceConfig: requesting nits when no mapping exists.
12-31 01:29:18.684 1488 1606 I am_wtf : [0,1488,system_server,-1,DisplayDeviceConfig,requesting nits when no mapping exists.]
12-31 01:29:18.684 1488 1871 E DisplayDeviceConfig: requesting nits when no mapping exists.
12-31 01:29:18.685 1488 1606 I am_wtf : [0,1488,system_server,-1,DisplayDeviceConfig,requesting nits when no mapping exists.]
12-31 01:29:18.700 1488 1871 E DisplayDeviceConfig: requesting nits when no mapping exists.
12-31 01:29:18.701 1488 1606 I am_wtf : [0,1488,system_server,-1,DisplayDeviceConfig,requesting nits when no mapping exists.]
12-31 01:29:18.701 1488 1871 E DisplayDeviceConfig: requesting nits when no mapping exists.
12-31 01:29:18.702 1488 1606 I am_wtf : [0,1488,system_server,-1,DisplayDeviceConfig,requesting nits when no mapping exists.]
12-31 01:29:18.717 1488 1871 E DisplayDeviceConfig: requesting nits when no mapping exists.
12-31 01:29:18.717 1488 1606 I am_wtf : [0,1488,system_server,-1,DisplayDeviceConfig,requesting nits when no mapping exists.]
12-31 01:29:18.717 1488 1871 E DisplayDeviceConfig: requesting nits when no mapping exists.
12-31 01:29:18.718 1488 1606 I am_wtf : [0,1488,system_server,-1,DisplayDeviceConfig,requesting nits when no mapping exists.]
12-31 01:29:18.734 1488 1871 E DisplayDeviceConfig: requesting nits when no mapping exists.
12-31 01:29:18.735 1488 1606 I am_wtf : [0,1488,system_server,-1,DisplayDeviceConfig,requesting nits when no mapping exists.]
12-31 01:29:18.735 1488 1871 E DisplayDeviceConfig: requesting nits when no mapping exists.
12-31 01:29:18.735 1488 1606 I am_wtf : [0,1488,system_server,-1,DisplayDeviceConfig,requesting nits when no mapping exists.]
12-31 01:29:18.751 1488 1871 E DisplayDeviceConfig: requesting nits when no mapping exists.
12-31 01:29:18.751 1488 1871 E DisplayDeviceConfig: requesting nits when no mapping exists.
12-31 01:29:18.751 1488 1606 I am_wtf : [0,1488,system_server,-1,DisplayDeviceConfig,requesting nits when no mapping exists.]
12-31 01:29:18.752 1488 1606 I am_wtf : [0,1488,system_server,-1,DisplayDeviceConfig,requesting nits when no mapping exists.]
12-31 01:29:18.767 1488 1871 E DisplayDeviceConfig: requesting nits when no mapping exists.
12-31 01:29:18.768 1488 1606 I am_wtf : [0,1488,system_server,-1,DisplayDeviceConfig,requesting nits when no mapping exists.]
12-31 01:29:18.768 1488 1871 E DisplayDeviceConfig: requesting nits when no mapping exists.
12-31 01:29:18.768 1488 1606 I am_wtf : [0,1488,system_server,-1,DisplayDeviceConfig,requesting nits when no mapping exists.]
12-31 01:29:18.784 1488 1871 E DisplayDeviceConfig: requesting nits when no mapping exists.
12-31 01:29:18.784 1488 1606 I am_wtf : [0,1488,system_server,-1,DisplayDeviceConfig,requesting nits when no mapping exists.]
12-31 01:29:18.784 1488 1871 E DisplayDeviceConfig: requesting nits when no mapping exists.
12-31 01:29:18.786 1488 1606 I am_wtf : [0,1488,system_server,-1,DisplayDeviceConfig,requesting nits when no mapping exists.]
12-31 01:29:18.801 1488 1871 E DisplayDeviceConfig: requesting nits when no mapping exists.
12-31 01:29:18.801 1488 1606 I am_wtf : [0,1488,system_server,-1,DisplayDeviceConfig,requesting nits when no mapping exists.]
12-31 01:29:18.801 1488 1871 E DisplayDeviceConfig: requesting nits when no mapping exists.
12-31 01:29:18.802 1488 1606 I am_wtf : [0,1488,system_server,-1,DisplayDeviceConfig,requesting nits when no mapping exists.]
12-31 01:29:18.817 1488 1871 E DisplayDeviceConfig: requesting nits when no mapping exists.
12-31 01:29:18.818 1488 1606 I am_wtf : [0,1488,system_server,-1,DisplayDeviceConfig,requesting nits when no mapping exists.]
12-31 01:29:18.818 1488 1871 E DisplayDeviceConfig: requesting nits when no mapping exists.
12-31 01:29:18.819 1488 1606 I am_wtf : [0,1488,system_server,-1,DisplayDeviceConfig,requesting nits when no mapping exists.]
12-31 01:29:18.834 1488 1871 E DisplayDeviceConfig: requesting nits when no mapping exists.
12-31 01:29:18.835 1488 1606 I am_wtf : [0,1488,system_server,-1,DisplayDeviceConfig,requesting nits when no mapping exists.]
12-31 01:29:18.835 1488 1871 E DisplayDeviceConfig: requesting nits when no mapping exists.
12-31 01:29:18.836 1488 1606 I am_wtf : [0,1488,system_server,-1,DisplayDeviceConfig,requesting nits when no mapping exists.]
12-31 01:29:18.851 1488 1871 E DisplayDeviceConfig: requesting nits when no mapping exists.
12-31 01:29:18.851 1488 1606 I am_wtf : [0,1488,system_server,-1,DisplayDeviceConfig,requesting nits when no mapping exists.]
12-31 01:29:18.851 1488 1871 E DisplayDeviceConfig: requesting nits when no mapping exists.
12-31 01:29:18.852 1488 1606 I am_wtf : [0,1488,system_server,-1,DisplayDeviceConfig,requesting nits when no mapping exists.]
12-31 01:29:18.867 1488 1871 E DisplayDeviceConfig: requesting nits when no mapping exists.
12-31 01:29:18.868 1488 1606 I am_wtf : [0,1488,system_server,-1,DisplayDeviceConfig,requesting nits when no mapping exists.]
12-31 01:29:18.868 1488 1871 E DisplayDeviceConfig: requesting nits when no mapping exists.
12-31 01:29:18.868 1488 1606 I am_wtf : [0,1488,system_server,-1,DisplayDeviceConfig,requesting nits when no mapping exists.]
12-31 01:29:18.884 1488 1871 E DisplayDeviceConfig: requesting nits when no mapping exists.
12-31 01:29:18.885 1488 1606 I am_wtf : [0,1488,system_server,-1,DisplayDeviceConfig,requesting nits when no mapping exists.]
12-31 01:29:18.885 1488 1871 E DisplayDeviceConfig: requesting nits when no mapping exists.
12-31 01:29:18.886 1488 1606 I am_wtf : [0,1488,system_server,-1,DisplayDeviceConfig,requesting nits when no mapping exists.]
12-31 01:29:18.901 1488 1871 E DisplayDeviceConfig: requesting nits when no mapping exists.
12-31 01:29:18.901 1488 1606 I am_wtf : [0,1488,system_server,-1,DisplayDeviceConfig,requesting nits when no mapping exists.]
12-31 01:29:18.902 1488 1871 E DisplayDeviceConfig: requesting nits when no mapping exists.
12-31 01:29:18.902 1488 1606 I am_wtf : [0,1488,system_server,-1,DisplayDeviceConfig,requesting nits when no mapping exists.]
12-31 01:29:18.918 1488 1871 E DisplayDeviceConfig: requesting nits when no mapping exists.
12-31 01:29:18.918 1488 1606 I am_wtf : [0,1488,system_server,-1,DisplayDeviceConfig,requesting nits when no mapping exists.]
12-31 01:29:18.918 1488 1871 E DisplayDeviceConfig: requesting nits when no mapping exists.
12-31 01:29:18.919 1488 1606 I am_wtf : [0,1488,system_server,-1,DisplayDeviceConfig,requesting nits when no mapping exists.]
12-31 01:29:18.919 1488 1606 I service_manager_stats: [100,50,378903]
12-31 01:29:18.934 1488 1871 E DisplayDeviceConfig: requesting nits when no mapping exists.
12-31 01:29:18.935 1488 1606 I am_wtf : [0,1488,system_server,-1,DisplayDeviceConfig,requesting nits when no mapping exists.]
12-31 01:29:18.935 1488 1871 E DisplayDeviceConfig: requesting nits when no mapping exists.
12-31 01:29:18.935 1488 1606 I am_wtf : [0,1488,system_server,-1,DisplayDeviceConfig,requesting nits when no mapping exists.]
12-31 01:29:18.951 1488 1871 E DisplayDeviceConfig: requesting nits when no mapping exists.
12-31 01:29:18.952 1488 1871 E DisplayDeviceConfig: requesting nits when no mapping exists.
12-31 01:29:18.952 1488 1606 I am_wtf : [0,1488,system_server,-1,DisplayDeviceConfig,requesting nits when no mapping exists.]
12-31 01:29:18.952 1488 1606 I am_wtf : [0,1488,system_server,-1,DisplayDeviceConfig,requesting nits when no mapping exists.]
12-31 01:29:18.968 1488 1871 E DisplayDeviceConfig: requesting nits when no mapping exists.
12-31 01:29:18.968 1488 1871 E DisplayDeviceConfig: requesting nits when no mapping exists.
12-31 01:29:18.968 1488 1606 I am_wtf : [0,1488,system_server,-1,DisplayDeviceConfig,requesting nits when no mapping exists.]
12-31 01:29:18.969 1488 1606 I am_wtf : [0,1488,system_server,-1,DisplayDeviceConfig,requesting nits when no mapping exists.]
12-31 01:29:18.984 1488 1871 E DisplayDeviceConfig: requesting nits when no mapping exists.
12-31 01:29:18.985 1488 1871 E DisplayDeviceConfig: requesting nits when no mapping exists.
12-31 01:29:18.985 1488 1606 I am_wtf : [0,1488,system_server,-1,DisplayDeviceConfig,requesting nits when no mapping exists.]
12-31 01:29:18.986 1488 1606 I am_wtf : [0,1488,system_server,-1,DisplayDeviceConfig,requesting nits when no mapping exists.]
12-31 01:29:19.001 1488 1871 E DisplayDeviceConfig: requesting nits when no mapping exists.
12-31 01:29:19.002 1488 1871 E DisplayDeviceConfig: requesting nits when no mapping exists.
12-31 01:29:19.002 1488 1606 I am_wtf : [0,1488,system_server,-1,DisplayDeviceConfig,requesting nits when no mapping exists.]
12-31 01:29:19.003 1488 1606 I am_wtf : [0,1488,system_server,-1,DisplayDeviceConfig,requesting nits when no mapping exists.]
12-31 01:29:19.018 1488 1871 E DisplayDeviceConfig: requesting nits when no mapping exists.
12-31 01:29:19.019 1488 1606 I am_wtf : [0,1488,system_server,-1,DisplayDeviceConfig,requesting nits when no mapping exists.]
12-31 01:29:19.019 1488 1871 E DisplayDeviceConfig: requesting nits when no mapping exists.
12-31 01:29:19.021 1488 1606 I am_wtf : [0,1488,system_server,-1,DisplayDeviceConfig,requesting nits when no mapping exists.]
12-31 01:29:19.035 1488 1871 E DisplayDeviceConfig: requesting nits when no mapping exists.
12-31 01:29:19.035 1488 1871 E DisplayDeviceConfig: requesting nits when no mapping exists.
12-31 01:29:19.035 1488 1606 I am_wtf : [0,1488,system_server,-1,DisplayDeviceConfig,requesting nits when no mapping exists.]
12-31 01:29:19.036 1488 1606 I am_wtf : [0,1488,system_server,-1,DisplayDeviceConfig,requesting nits when no mapping exists.]
12-31 01:29:19.051 1488 1871 E DisplayDeviceConfig: requesting nits when no mapping exists.
12-31 01:29:19.052 1488 1871 E DisplayDeviceConfig: requesting nits when no mapping exists.
12-31 01:29:19.052 1488 1606 I am_wtf : [0,1488,system_server,-1,DisplayDeviceConfig,requesting nits when no mapping exists.]
12-31 01:29:19.053 1488 1606 I am_wtf : [0,1488,system_server,-1,DisplayDeviceConfig,requesting nits when no mapping exists.]
12-31 01:29:19.068 1488 1871 E DisplayDeviceConfig: requesting nits when no mapping exists.
12-31 01:29:19.068 1488 1871 E DisplayDeviceConfig: requesting nits when no mapping exists.
12-31 01:29:19.069 1488 1606 I am_wtf : [0,1488,system_server,-1,DisplayDeviceConfig,requesting nits when no mapping exists.]
12-31 01:29:19.069 1488 1606 I am_wtf : [0,1488,system_server,-1,DisplayDeviceConfig,requesting nits when no mapping exists.]
12-31 01:29:19.084 1488 1871 E DisplayDeviceConfig: requesting nits when no mapping exists.
12-31 01:29:19.085 1488 1871 E DisplayDeviceConfig: requesting nits when no mapping exists.
12-31 01:29:19.085 1488 1606 I am_wtf : [0,1488,system_server,-1,DisplayDeviceConfig,requesting nits when no mapping exists.]
12-31 01:29:19.086 1488 1606 I am_wtf : [0,1488,system_server,-1,DisplayDeviceConfig,requesting nits when no mapping exists.]
12-31 01:29:19.101 1488 1871 E DisplayDeviceConfig: requesting nits when no mapping exists.
12-31 01:29:19.102 1488 1871 E DisplayDeviceConfig: requesting nits when no mapping exists.
12-31 01:29:19.102 1488 1606 I am_wtf : [0,1488,system_server,-1,DisplayDeviceConfig,requesting nits when no mapping exists.]
12-31 01:29:19.103 1488 1606 I am_wtf : [0,1488,system_server,-1,DisplayDeviceConfig,requesting nits when no mapping exists.]
12-31 01:29:19.118 1488 1871 E DisplayDeviceConfig: requesting nits when no mapping exists.
12-31 01:29:19.119 1488 1871 E DisplayDeviceConfig: requesting nits when no mapping exists.
12-31 01:29:19.119 1488 1606 I am_wtf : [0,1488,system_server,-1,DisplayDeviceConfig,requesting nits when no mapping exists.]
12-31 01:29:19.120 1488 1606 I am_wtf : [0,1488,system_server,-1,DisplayDeviceConfig,requesting nits when no mapping exists.]
12-31 01:29:19.134 1488 1871 E DisplayDeviceConfig: requesting nits when no mapping exists.
12-31 01:29:19.135 1488 1871 E DisplayDeviceConfig: requesting nits when no mapping exists.
12-31 01:29:19.135 1488 1606 I am_wtf : [0,1488,system_server,-1,DisplayDeviceConfig,requesting nits when no mapping exists.]
12-31 01:29:19.136 1488 1606 I am_wtf : [0,1488,system_server,-1,DisplayDeviceConfig,requesting nits when no mapping exists.]
12-31 01:29:19.151 1488 1871 E DisplayDeviceConfig: requesting nits when no mapping exists.
12-31 01:29:19.152 1488 1871 E DisplayDeviceConfig: requesting nits when no mapping exists.
12-31 01:29:19.152 1488 1606 I am_wtf : [0,1488,system_server,-1,DisplayDeviceConfig,requesting nits when no mapping exists.]
12-31 01:29:19.153 1488 1606 I am_wtf : [0,1488,system_server,-1,DisplayDeviceConfig,requesting nits when no mapping exists.]
12-31 01:29:19.168 1488 1871 E DisplayDeviceConfig: requesting nits when no mapping exists.
12-31 01:29:19.168 1488 1606 I am_wtf : [0,1488,system_server,-1,DisplayDeviceConfig,requesting nits when no mapping exists.]
12-31 01:29:19.168 1488 1871 E DisplayDeviceConfig: requesting nits when no mapping exists.
12-31 01:29:19.169 1488 1606 I am_wtf : [0,1488,system_server,-1,DisplayDeviceConfig,requesting nits when no mapping exists.]
12-31 01:29:25.444 1488 1622 I PowerManagerService: Napping display group (groupId=0, uid=1000)...
12-31 01:29:25.444 1488 1622 I PowerManagerService: Nap time (uid 1000)...
12-31 01:29:25.446 1488 1622 I DreamManagerService: Entering dreamland.
12-31 01:29:25.450 1488 1622 I PowerManagerService: Dreaming...
12-31 01:29:25.454 1488 1593 I DreamController: Starting dream: name=ComponentInfo{com.thundercomm.screensaver/com.thundercomm.saverclock.service.ClockScreensaver}, isTest=false, canDoze=false, userId=0
12-31 01:29:25.454 1488 1593 I sysui_multi_action: [757,222,758,1]
12-31 01:29:25.468 1488 4093 I ActivityTaskManager: START u0 {flg=0x10000000 pkg=com.thundercomm.screensaver cmp=com.thundercomm.screensaver/android.service.dreams.DreamActivity (has extras)} from uid 10052
12-31 01:29:25.470 1488 4093 I wm_task_created: [22,-1]
12-31 01:29:25.470 1488 4093 W ActivityTaskManager: Can't find TaskDisplayArea to determine support for multi window. Task id=22 attached=false
12-31 01:29:25.474 1488 4093 I wm_task_moved: [22,1,6]
12-31 01:29:25.474 1488 4093 I wm_task_to_front: [0,22]
12-31 01:29:25.475 1488 4093 I wm_create_task: [0,22]
12-31 01:29:25.475 1488 4093 I wm_create_activity: [0,206801082,22,com.thundercomm.screensaver/android.service.dreams.DreamActivity,NULL,NULL,NULL,276824064]
12-31 01:29:25.475 1488 4093 I wm_task_moved: [22,1,6]
12-31 01:29:25.475 2481 2481 I wm_on_top_resumed_lost_called: [175692250,com.android.launcher3.uioverrides.QuickstepLauncher,topStateChangedWhenResumed]
12-31 01:29:25.475 1488 4093 I wm_pause_activity: [0,175692250,com.android.launcher3/.uioverrides.QuickstepLauncher,userLeaving=true,pauseBackTasks]
12-31 01:29:25.477 2481 2481 I wm_on_paused_called: [175692250,com.android.launcher3.uioverrides.QuickstepLauncher,performPause]
12-31 01:29:25.478 1488 4093 I ActivityTaskManager: FOREGROUND_APPLICATION_CHANGED to android.service.dreams.DreamActivity
12-31 01:29:25.478 1488 4093 I ActivityTaskManager: The Process com.thundercomm.screensaver Already Exists in BG. So sending its PID: 3973
12-31 01:29:25.478 1488 4093 W ActivityTaskManager: Tried to set launchTime (0) < mLastActivityLaunchTime (177417)
12-31 01:29:25.478 1488 4093 I wm_add_to_stopping: [0,175692250,com.android.launcher3/.uioverrides.QuickstepLauncher,makeInvisible]
12-31 01:29:25.479 1488 4093 I wm_restart_activity: [0,206801082,22,com.thundercomm.screensaver/android.service.dreams.DreamActivity]
12-31 01:29:25.479 1488 4093 I wm_set_resumed_activity: [0,com.thundercomm.screensaver/android.service.dreams.DreamActivity,minimalResumeActivityLocked]
12-31 01:29:25.483 1488 1596 I sysui_multi_action: [757,803,799,window_time_0,802,60]
12-31 01:29:25.484 3973 3973 I wm_on_create_called: [206801082,android.service.dreams.DreamActivity,performCreate]
12-31 01:29:25.485 3973 3973 I wm_on_start_called: [206801082,android.service.dreams.DreamActivity,handleStartActivity]
12-31 01:29:25.485 3973 3973 I wm_on_resume_called: [206801082,android.service.dreams.DreamActivity,RESUME_ACTIVITY]
12-31 01:29:25.486 1488 1519 W WindowManager: Failed looking up window session=Session{70b2ea8 3973:u0a10052} callers=com.android.server.wm.WindowManagerService.windowForClientLocked:5628 com.android.server.wm.Session.insetsModified:629 android.view.IWindowSession$Stub.onTransact:1151
12-31 01:29:25.486 2412 3733 W ContextImpl: Calling a method in the system process without a qualified user: android.app.ContextImpl.startService:1816 android.content.ContextWrapper.startService:774 com.thundercomm.gamemode.ingame.services.GameModeActionUtils.startGameModeService:99 com.thundercomm.gamemode.ingame.services.GameModeActionUtils.startGameModeEntry:22 com.thundercomm.gamemode.ingame.services.ActivityMonitoringService$1.onActivityLaunch:127
12-31 01:29:25.487 3973 3973 I wm_on_top_resumed_gained_called: [206801082,android.service.dreams.DreamActivity,topStateChangedWhenResumed]
12-31 01:29:25.488 1488 1488 I GameModeConfig: Current uri is uri = content://com.thundercomm.gamemode.api/gamemode_settings/gamemode_isgaming
12-31 01:29:25.490 1488 1488 I GameModeConfig: isGameModeOn = false
12-31 01:29:25.490 1488 1488 I GameModeConfig: isGameModeOn = false
12-31 01:29:25.490 1488 1488 I GameModeConfig: isDisableVoice = true
12-31 01:29:25.500 1488 1682 I input_focus: [Focus leaving affb0e1 com.android.launcher3/com.android.launcher3.uioverrides.QuickstepLauncher (server),reason=NO_WINDOW]
12-31 01:29:25.507 1488 1597 I input_focus: [Focus request 9217686 com.thundercomm.screensaver/android.service.dreams.DreamActivity,reason=UpdateInputWindows]
12-31 01:29:25.513 1488 1593 I sysui_multi_action: [319,45,322,44,325,891,757,761,758,8,759,2,806,com.thundercomm.screensaver,871,android.service.dreams.DreamActivity,904,com.thundercomm.screensaver,905,0,1320,4,1321,2]
12-31 01:29:25.514 1488 1593 I wm_activity_launch_time: [0,206801082,com.thundercomm.screensaver/android.service.dreams.DreamActivity,44]
12-31 01:29:25.514 1488 1622 V DisplayPowerController[0]: Brightness [1.0] reason changing to: 'manual', previous reason: 'manual [ dim ]'.
12-31 01:29:25.514 1488 1622 I sysui_multi_action: [757,1696,758,6,759,3]
12-31 01:29:25.516 1488 1871 E DisplayDeviceConfig: requesting nits when no mapping exists.
12-31 01:29:25.516 1488 1871 E DisplayDeviceConfig: requesting nits when no mapping exists.
12-31 01:29:25.516 1488 1606 I am_wtf : [0,1488,system_server,-1,DisplayDeviceConfig,requesting nits when no mapping exists.]
12-31 01:29:25.516 1488 1606 I am_wtf : [0,1488,system_server,-1,DisplayDeviceConfig,requesting nits when no mapping exists.]
12-31 01:29:25.532 1488 1871 E DisplayDeviceConfig: requesting nits when no mapping exists.
12-31 01:29:25.532 1488 1871 E DisplayDeviceConfig: requesting nits when no mapping exists.
12-31 01:29:25.532 1488 1606 I am_wtf : [0,1488,system_server,-1,DisplayDeviceConfig,requesting nits when no mapping exists.]
12-31 01:29:25.533 1488 1682 I input_focus: [Focus entering 9217686 com.thundercomm.screensaver/android.service.dreams.DreamActivity (server),reason=Window became focusable. Previous reason: NOT_VISIBLE]
12-31 01:29:25.533 1488 1606 I am_wtf : [0,1488,system_server,-1,DisplayDeviceConfig,requesting nits when no mapping exists.]
12-31 01:29:25.549 1488 1871 E DisplayDeviceConfig: requesting nits when no mapping exists.
12-31 01:29:25.549 1488 1871 E DisplayDeviceConfig: requesting nits when no mapping exists.
12-31 01:29:25.549 1488 1606 I am_wtf : [0,1488,system_server,-1,DisplayDeviceConfig,requesting nits when no mapping exists.]
12-31 01:29:25.549 1488 1606 I am_wtf : [0,1488,system_server,-1,DisplayDeviceConfig,requesting nits when no mapping exists.]
12-31 01:29:25.566 1488 1871 E DisplayDeviceConfig: requesting nits when no mapping exists.
12-31 01:29:25.566 1488 1871 E DisplayDeviceConfig: requesting nits when no mapping exists.
12-31 01:29:25.566 1488 1606 I am_wtf : [0,1488,system_server,-1,DisplayDeviceConfig,requesting nits when no mapping exists.]
12-31 01:29:25.567 1488 1606 I am_wtf : [0,1488,system_server,-1,DisplayDeviceConfig,requesting nits when no mapping exists.]
12-31 01:29:25.582 2412 3733 W ContextImpl: Calling a method in the system process without a qualified user: android.app.ContextImpl.startService:1816 android.content.ContextWrapper.startService:774 com.thundercomm.gamemode.ingame.services.GameModeActionUtils.startGameModeService:99 com.thundercomm.gamemode.ingame.services.GameModeActionUtils.startGameModeEntry:22 com.thundercomm.gamemode.ingame.services.ActivityMonitoringService$1.onActivityLaunch:127
12-31 01:29:25.583 1488 1871 E DisplayDeviceConfig: requesting nits when no mapping exists.
12-31 01:29:25.583 1488 1871 E DisplayDeviceConfig: requesting nits when no mapping exists.
12-31 01:29:25.583 1488 1606 I am_wtf : [0,1488,system_server,-1,DisplayDeviceConfig,requesting nits when no mapping exists.]
12-31 01:29:25.584 1488 1488 I GameModeConfig: Current uri is uri = content://com.thundercomm.gamemode.api/gamemode_settings/gamemode_isgaming
12-31 01:29:25.584 1488 1606 I am_wtf : [0,1488,system_server,-1,DisplayDeviceConfig,requesting nits when no mapping exists.]
12-31 01:29:25.584 1488 1488 I GameModeConfig: isGameModeOn = false
12-31 01:29:25.584 1488 1488 I GameModeConfig: isGameModeOn = false
12-31 01:29:25.584 1488 1488 I GameModeConfig: isDisableVoice = true
12-31 01:29:25.599 1488 1871 E DisplayDeviceConfig: requesting nits when no mapping exists.
12-31 01:29:25.599 1488 1871 E DisplayDeviceConfig: requesting nits when no mapping exists.
12-31 01:29:25.600 1488 1606 I am_wtf : [0,1488,system_server,-1,DisplayDeviceConfig,requesting nits when no mapping exists.]
12-31 01:29:25.600 1488 1606 I am_wtf : [0,1488,system_server,-1,DisplayDeviceConfig,requesting nits when no mapping exists.]
12-31 01:29:25.616 1488 1871 E DisplayDeviceConfig: requesting nits when no mapping exists.
12-31 01:29:25.617 1488 1606 I am_wtf : [0,1488,system_server,-1,DisplayDeviceConfig,requesting nits when no mapping exists.]
12-31 01:29:25.617 1488 1871 E DisplayDeviceConfig: requesting nits when no mapping exists.
12-31 01:29:25.617 1488 1606 I am_wtf : [0,1488,system_server,-1,DisplayDeviceConfig,requesting nits when no mapping exists.]
12-31 01:29:25.633 1488 1871 E DisplayDeviceConfig: requesting nits when no mapping exists.
12-31 01:29:25.634 1488 1871 E DisplayDeviceConfig: requesting nits when no mapping exists.
12-31 01:29:25.634 1488 1606 I am_wtf : [0,1488,system_server,-1,DisplayDeviceConfig,requesting nits when no mapping exists.]
12-31 01:29:25.634 1488 1606 I am_wtf : [0,1488,system_server,-1,DisplayDeviceConfig,requesting nits when no mapping exists.]
12-31 01:29:25.650 1488 1871 E DisplayDeviceConfig: requesting nits when no mapping exists.
12-31 01:29:25.650 1488 1871 E DisplayDeviceConfig: requesting nits when no mapping exists.
12-31 01:29:25.650 1488 1606 I am_wtf : [0,1488,system_server,-1,DisplayDeviceConfig,requesting nits when no mapping exists.]
12-31 01:29:25.650 1488 1606 I am_wtf : [0,1488,system_server,-1,DisplayDeviceConfig,requesting nits when no mapping exists.]
12-31 01:29:25.667 1488 1871 E DisplayDeviceConfig: requesting nits when no mapping exists.
12-31 01:29:25.667 1488 1871 E DisplayDeviceConfig: requesting nits when no mapping exists.
12-31 01:29:25.667 1488 1606 I am_wtf : [0,1488,system_server,-1,DisplayDeviceConfig,requesting nits when no mapping exists.]
12-31 01:29:25.667 1488 1606 I am_wtf : [0,1488,system_server,-1,DisplayDeviceConfig,requesting nits when no mapping exists.]
12-31 01:29:25.683 1488 1871 E DisplayDeviceConfig: requesting nits when no mapping exists.
12-31 01:29:25.683 1488 1871 E DisplayDeviceConfig: requesting nits when no mapping exists.
12-31 01:29:25.683 1488 1606 I am_wtf : [0,1488,system_server,-1,DisplayDeviceConfig,requesting nits when no mapping exists.]
12-31 01:29:25.684 1488 1606 I am_wtf : [0,1488,system_server,-1,DisplayDeviceConfig,requesting nits when no mapping exists.]
12-31 01:29:25.700 1488 1871 E DisplayDeviceConfig: requesting nits when no mapping exists.
12-31 01:29:25.700 1488 1871 E DisplayDeviceConfig: requesting nits when no mapping exists.
12-31 01:29:25.700 1488 1606 I am_wtf : [0,1488,system_server,-1,DisplayDeviceConfig,requesting nits when no mapping exists.]
12-31 01:29:25.700 1488 1606 I am_wtf : [0,1488,system_server,-1,DisplayDeviceConfig,requesting nits when no mapping exists.]
12-31 01:29:25.717 1488 1871 E DisplayDeviceConfig: requesting nits when no mapping exists.
12-31 01:29:25.717 1488 1871 E DisplayDeviceConfig: requesting nits when no mapping exists.
12-31 01:29:25.717 1488 1606 I am_wtf : [0,1488,system_server,-1,DisplayDeviceConfig,requesting nits when no mapping exists.]
12-31 01:29:25.717 1488 1606 I am_wtf : [0,1488,system_server,-1,DisplayDeviceConfig,requesting nits when no mapping exists.]
12-31 01:29:25.733 1488 1871 E DisplayDeviceConfig: requesting nits when no mapping exists.
12-31 01:29:25.733 1488 1606 I am_wtf : [0,1488,system_server,-1,DisplayDeviceConfig,requesting nits when no mapping exists.]
12-31 01:29:25.733 1488 1871 E DisplayDeviceConfig: requesting nits when no mapping exists.
12-31 01:29:25.734 1488 1606 I am_wtf : [0,1488,system_server,-1,DisplayDeviceConfig,requesting nits when no mapping exists.]
12-31 01:29:25.749 1488 1871 E DisplayDeviceConfig: requesting nits when no mapping exists.
12-31 01:29:25.750 1488 1871 E DisplayDeviceConfig: requesting nits when no mapping exists.
12-31 01:29:25.750 1488 1606 I am_wtf : [0,1488,system_server,-1,DisplayDeviceConfig,requesting nits when no mapping exists.]
12-31 01:29:25.750 1488 1606 I am_wtf : [0,1488,system_server,-1,DisplayDeviceConfig,requesting nits when no mapping exists.]
12-31 01:29:25.766 1488 1871 E DisplayDeviceConfig: requesting nits when no mapping exists.
12-31 01:29:25.766 1488 1871 E DisplayDeviceConfig: requesting nits when no mapping exists.
12-31 01:29:25.766 1488 1606 I am_wtf : [0,1488,system_server,-1,DisplayDeviceConfig,requesting nits when no mapping exists.]
12-31 01:29:25.767 1488 1606 I am_wtf : [0,1488,system_server,-1,DisplayDeviceConfig,requesting nits when no mapping exists.]
12-31 01:29:25.783 1488 1871 E DisplayDeviceConfig: requesting nits when no mapping exists.
12-31 01:29:25.784 1488 1871 E DisplayDeviceConfig: requesting nits when no mapping exists.
12-31 01:29:25.784 1488 1606 I am_wtf : [0,1488,system_server,-1,DisplayDeviceConfig,requesting nits when no mapping exists.]
12-31 01:29:25.784 1488 1606 I am_wtf : [0,1488,system_server,-1,DisplayDeviceConfig,requesting nits when no mapping exists.]
12-31 01:29:25.801 1488 1871 E DisplayDeviceConfig: requesting nits when no mapping exists.
12-31 01:29:25.801 1488 1871 E DisplayDeviceConfig: requesting nits when no mapping exists.
12-31 01:29:25.801 1488 1606 I am_wtf : [0,1488,system_server,-1,DisplayDeviceConfig,requesting nits when no mapping exists.]
12-31 01:29:25.801 1488 1606 I am_wtf : [0,1488,system_server,-1,DisplayDeviceConfig,requesting nits when no mapping exists.]
12-31 01:29:25.802 1488 1596 I wm_stop_activity: [0,175692250,com.android.launcher3/.uioverrides.QuickstepLauncher]
12-31 01:29:25.816 1488 1871 E DisplayDeviceConfig: requesting nits when no mapping exists.
12-31 01:29:25.817 1488 1871 E DisplayDeviceConfig: requesting nits when no mapping exists.
12-31 01:29:25.817 1488 1606 I am_wtf : [0,1488,system_server,-1,DisplayDeviceConfig,requesting nits when no mapping exists.]
12-31 01:29:25.817 1488 1606 I am_wtf : [0,1488,system_server,-1,DisplayDeviceConfig,requesting nits when no mapping exists.]
12-31 01:29:25.819 2481 2481 I wm_on_stop_called: [175692250,com.android.launcher3.uioverrides.QuickstepLauncher,STOP_ACTIVITY_ITEM]
12-31 01:29:25.834 1488 1871 E DisplayDeviceConfig: requesting nits when no mapping exists.
12-31 01:29:25.834 1488 1606 I am_wtf : [0,1488,system_server,-1,DisplayDeviceConfig,requesting nits when no mapping exists.]
12-31 01:29:25.834 1488 1871 E DisplayDeviceConfig: requesting nits when no mapping exists.
12-31 01:29:25.834 1488 1606 I am_wtf : [0,1488,system_server,-1,DisplayDeviceConfig,requesting nits when no mapping exists.]
12-31 01:29:25.837 2412 3733 W ContextImpl: Calling a method in the system process without a qualified user: android.app.ContextImpl.startService:1816 android.content.ContextWrapper.startService:774 com.thundercomm.gamemode.ingame.services.GameModeActionUtils.startGameModeService:99 com.thundercomm.gamemode.ingame.services.GameModeActionUtils.startGameModeEntry:22 com.thundercomm.gamemode.ingame.services.ActivityMonitoringService$1.onActivityLaunch:127
12-31 01:29:25.838 1488 1488 I GameModeConfig: Current uri is uri = content://com.thundercomm.gamemode.api/gamemode_settings/gamemode_isgaming
12-31 01:29:25.839 1488 1488 I GameModeConfig: isGameModeOn = false
12-31 01:29:25.839 1488 1488 I GameModeConfig: isGameModeOn = false
12-31 01:29:25.839 1488 1488 I GameModeConfig: isDisableVoice = true
12-31 01:29:25.850 1488 1871 E DisplayDeviceConfig: requesting nits when no mapping exists.
12-31 01:29:25.851 1488 1871 E DisplayDeviceConfig: requesting nits when no mapping exists.
12-31 01:29:25.851 1488 1606 I am_wtf : [0,1488,system_server,-1,DisplayDeviceConfig,requesting nits when no mapping exists.]
12-31 01:29:25.851 1488 1606 I am_wtf : [0,1488,system_server,-1,DisplayDeviceConfig,requesting nits when no mapping exists.]
12-31 01:29:25.866 1488 1871 E DisplayDeviceConfig: requesting nits when no mapping exists.
12-31 01:29:25.867 1488 1871 E DisplayDeviceConfig: requesting nits when no mapping exists.
12-31 01:29:25.867 1488 1606 I am_wtf : [0,1488,system_server,-1,DisplayDeviceConfig,requesting nits when no mapping exists.]
12-31 01:29:25.867 1488 1606 I am_wtf : [0,1488,system_server,-1,DisplayDeviceConfig,requesting nits when no mapping exists.]
12-31 01:29:25.884 1488 1871 E DisplayDeviceConfig: requesting nits when no mapping exists.
12-31 01:29:25.884 1488 1871 E DisplayDeviceConfig: requesting nits when no mapping exists.
12-31 01:29:25.884 1488 1606 I am_wtf : [0,1488,system_server,-1,DisplayDeviceConfig,requesting nits when no mapping exists.]
12-31 01:29:25.885 1488 1606 I am_wtf : [0,1488,system_server,-1,DisplayDeviceConfig,requesting nits when no mapping exists.]
12-31 01:29:25.900 1488 1871 E DisplayDeviceConfig: requesting nits when no mapping exists.
12-31 01:29:25.900 1488 1871 E DisplayDeviceConfig: requesting nits when no mapping exists.
12-31 01:29:25.900 1488 1606 I am_wtf : [0,1488,system_server,-1,DisplayDeviceConfig,requesting nits when no mapping exists.]
