01-01 10:50:48.964 0 0 D mv2112_update_link: link 0x0
01-01 10:50:48.964 0 0 D mv2112_read_status: autoneg is disabled
01-01 10:50:49.988 0 0 D : mv2112_read_status
01-01 10:50:49.988 0 0 D mv2112_update_link: 3.0x901(1G): 0x80
01-01 10:50:49.988 0 0 D mv2112_update_link: 3.0x8109(100M): 0x8
01-01 10:50:49.988 0 0 D mv2112_update_link: link 0x0
01-01 10:50:49.988 0 0 D mv2112_read_status: autoneg is disabled
01-01 10:50:51.012 0 0 D : mv2112_read_status
01-01 10:50:51.012 0 0 D mv2112_update_link: 3.0x901(1G): 0x80
01-01 10:50:51.012 0 0 D mv2112_update_link: 3.0x8109(100M): 0x8
01-01 10:50:51.012 0 0 D mv2112_update_link: link 0x0
01-01 10:50:51.012 0 0 D mv2112_read_status: autoneg is disabled
01-01 10:50:52.036 0 0 D : mv2112_read_status
01-01 10:50:52.036 0 0 D mv2112_update_link: 3.0x901(1G): 0x80
01-01 10:50:52.036 0 0 D mv2112_update_link: 3.0x8109(100M): 0x8
01-01 10:50:52.036 0 0 D mv2112_update_link: link 0x0
01-01 10:50:52.036 0 0 D mv2112_read_status: autoneg is disabled
01-01 10:50:53.060 0 0 D : mv2112_read_status
01-01 10:50:53.060 0 0 D mv2112_update_link: 3.0x901(1G): 0x80
01-01 10:50:53.060 0 0 D mv2112_update_link: 3.0x8109(100M): 0x8
01-01 10:50:53.060 0 0 D mv2112_update_link: link 0x0
01-01 10:50:53.060 0 0 D mv2112_read_status: autoneg is disabled
01-01 10:50:54.084 0 0 D : mv2112_read_status
01-01 10:50:54.084 0 0 D mv2112_update_link: 3.0x901(1G): 0x80
01-01 10:50:54.084 0 0 D mv2112_update_link: 3.0x8109(100M): 0x8
01-01 10:50:54.084 0 0 D mv2112_update_link: link 0x0
01-01 10:50:54.084 0 0 D mv2112_read_status: autoneg is disabled
01-01 10:50:55.108 0 0 D : mv2112_read_status
01-01 10:50:55.108 0 0 D mv2112_update_link: 3.0x901(1G): 0x80
01-01 10:50:55.108 0 0 D mv2112_update_link: 3.0x8109(100M): 0x8
01-01 10:50:55.108 0 0 D mv2112_update_link: link 0x0
01-01 10:50:55.108 0 0 D mv2112_read_status: autoneg is disabled
01-01 10:50:56.132 0 0 D : mv2112_read_status
01-01 10:50:56.132 0 0 D mv2112_update_link: 3.0x901(1G): 0x80
01-01 10:50:56.132 0 0 D mv2112_update_link: 3.0x8109(100M): 0x8
01-01 10:50:56.132 0 0 D mv2112_update_link: link 0x0
01-01 10:50:56.132 0 0 D mv2112_read_status: autoneg is disabled
01-01 10:50:57.156 0 0 D : mv2112_read_status
01-01 10:50:57.156 0 0 D mv2112_update_link: 3.0x901(1G): 0x80
01-01 10:50:57.156 0 0 D mv2112_update_link: 3.0x8109(100M): 0x8
01-01 10:50:57.156 0 0 D mv2112_update_link: link 0x0
01-01 10:50:57.156 0 0 D mv2112_read_status: autoneg is disabled
01-01 10:50:58.180 0 0 D : mv2112_read_status
01-01 10:50:58.180 0 0 D mv2112_update_link: 3.0x901(1G): 0x80
01-01 10:50:58.180 0 0 D mv2112_update_link: 3.0x8109(100M): 0x8
01-01 10:50:58.180 0 0 D mv2112_update_link: link 0x0
01-01 10:50:58.180 0 0 D mv2112_read_status: autoneg is disabled
01-01 10:50:59.204 0 0 D : mv2112_read_status
01-01 10:50:59.204 0 0 D mv2112_update_link: 3.0x901(1G): 0x80
01-01 10:50:59.204 0 0 D mv2112_update_link: 3.0x8109(100M): 0x8
01-01 10:50:59.204 0 0 D mv2112_update_link: link 0x0
01-01 10:50:59.204 0 0 D mv2112_read_status: autoneg is disabled
01-01 10:51:00.227 0 0 D : mv2112_read_status
01-01 10:51:00.228 0 0 D mv2112_update_link: 3.0x901(1G): 0x80
01-01 10:51:00.228 0 0 D mv2112_update_link: 3.0x8109(100M): 0x8
01-01 10:51:00.228 0 0 D mv2112_update_link: link 0x0
01-01 10:51:00.228 0 0 D mv2112_read_status: autoneg is disabled
01-01 10:51:01.251 0 0 D : mv2112_read_status
01-01 10:51:01.252 0 0 D mv2112_update_link: 3.0x901(1G): 0x80
01-01 10:51:01.252 0 0 D mv2112_update_link: 3.0x8109(100M): 0x8
01-01 10:51:01.252 0 0 D mv2112_update_link: link 0x0
01-01 10:51:01.252 0 0 D mv2112_read_status: autoneg is disabled
01-01 10:51:02.276 0 0 D : mv2112_read_status
01-01 10:51:02.276 0 0 D mv2112_update_link: 3.0x901(1G): 0x80
01-01 10:51:02.276 0 0 D mv2112_update_link: 3.0x8109(100M): 0x8
01-01 10:51:02.276 0 0 D mv2112_update_link: link 0x0
01-01 10:51:02.276 0 0 D mv2112_read_status: autoneg is disabled
01-01 10:51:03.299 0 0 D : mv2112_read_status
01-01 10:51:03.300 0 0 D mv2112_update_link: 3.0x901(1G): 0x80
01-01 10:51:03.300 0 0 D mv2112_update_link: 3.0x8109(100M): 0x8
01-01 10:51:03.300 0 0 D mv2112_update_link: link 0x0
01-01 10:51:03.300 0 0 D mv2112_read_status: autoneg is disabled
01-01 10:51:04.324 0 0 D : mv2112_read_status
01-01 10:51:04.324 0 0 D mv2112_update_link: 3.0x901(1G): 0x80
01-01 10:51:04.324 0 0 D mv2112_update_link: 3.0x8109(100M): 0x8
01-01 10:51:04.324 0 0 D mv2112_update_link: link 0x0
01-01 10:51:04.324 0 0 D mv2112_read_status: autoneg is disabled
01-01 10:51:05.348 0 0 D : mv2112_read_status
01-01 10:51:05.348 0 0 D mv2112_update_link: 3.0x901(1G): 0x80
01-01 10:51:05.348 0 0 D mv2112_update_link: 3.0x8109(100M): 0x8
01-01 10:51:05.348 0 0 D mv2112_update_link: link 0x0
01-01 10:51:05.348 0 0 D mv2112_read_status: autoneg is disabled
01-01 10:51:06.372 0 0 D : mv2112_read_status
01-01 10:51:06.372 0 0 D mv2112_update_link: 3.0x901(1G): 0x80
01-01 10:51:06.372 0 0 D mv2112_update_link: 3.0x8109(100M): 0x8
01-01 10:51:06.372 0 0 D mv2112_update_link: link 0x0
01-01 10:51:06.372 0 0 D mv2112_read_status: autoneg is disabled
01-01 10:51:07.396 0 0 D : mv2112_read_status
01-01 10:51:07.396 0 0 D mv2112_update_link: 3.0x901(1G): 0x80
01-01 10:51:07.396 0 0 D mv2112_update_link: 3.0x8109(100M): 0x8
01-01 10:51:07.396 0 0 D mv2112_update_link: link 0x0
01-01 10:51:07.396 0 0 D mv2112_read_status: autoneg is disabled
01-01 10:51:08.419 0 0 D : mv2112_read_status
01-01 10:51:08.420 0 0 D mv2112_update_link: 3.0x901(1G): 0x80
01-01 10:51:08.420 0 0 D mv2112_update_link: 3.0x8109(100M): 0x8
01-01 10:51:08.420 0 0 D mv2112_update_link: link 0x0
01-01 10:51:08.420 0 0 D mv2112_read_status: autoneg is disabled
01-01 10:51:09.443 0 0 D : mv2112_read_status
01-01 10:51:09.444 0 0 D mv2112_update_link: 3.0x901(1G): 0x80
01-01 10:51:09.444 0 0 D mv2112_update_link: 3.0x8109(100M): 0x8
01-01 10:51:09.444 0 0 D mv2112_update_link: link 0x0
01-01 10:51:09.444 0 0 D mv2112_read_status: autoneg is disabled
01-01 10:51:10.468 0 0 D : mv2112_read_status
01-01 10:51:10.468 0 0 D mv2112_update_link: 3.0x901(1G): 0x80
01-01 10:51:10.468 0 0 D mv2112_update_link: 3.0x8109(100M): 0x8
01-01 10:51:10.468 0 0 D mv2112_update_link: link 0x0
01-01 10:51:10.468 0 0 D mv2112_read_status: autoneg is disabled
01-01 10:51:11.492 0 0 D : mv2112_read_status
01-01 10:51:11.492 0 0 D mv2112_update_link: 3.0x901(1G): 0x80
01-01 10:51:11.492 0 0 D mv2112_update_link: 3.0x8109(100M): 0x8
01-01 10:51:11.492 0 0 D mv2112_update_link: link 0x0
01-01 10:51:11.492 0 0 D mv2112_read_status: autoneg is disabled
01-01 10:51:12.515 0 0 D : mv2112_read_status
01-01 10:51:12.516 0 0 D mv2112_update_link: 3.0x901(1G): 0x80
01-01 10:51:12.516 0 0 D mv2112_update_link: 3.0x8109(100M): 0x8
01-01 10:51:12.516 0 0 D mv2112_update_link: link 0x0
01-01 10:51:12.516 0 0 D mv2112_read_status: autoneg is disabled
01-01 10:51:13.539 0 0 D : mv2112_read_status
01-01 10:51:13.540 0 0 D mv2112_update_link: 3.0x901(1G): 0x80
01-01 10:51:13.540 0 0 D mv2112_update_link: 3.0x8109(100M): 0x8
01-01 10:51:13.540 0 0 D mv2112_update_link: link 0x0
01-01 10:51:13.540 0 0 D mv2112_read_status: autoneg is disabled
01-01 10:51:14.564 0 0 D : mv2112_read_status
01-01 10:51:14.564 0 0 D mv2112_update_link: 3.0x901(1G): 0x80
01-01 10:51:14.564 0 0 D mv2112_update_link: 3.0x8109(100M): 0x8
01-01 10:51:14.564 0 0 D mv2112_update_link: link 0x0
01-01 10:51:14.564 0 0 D mv2112_read_status: autoneg is disabled
01-01 10:51:15.588 0 0 D : mv2112_read_status
01-01 10:51:15.588 0 0 D mv2112_update_link: 3.0x901(1G): 0x80
01-01 10:51:15.588 0 0 D mv2112_update_link: 3.0x8109(100M): 0x8
01-01 10:51:15.588 0 0 D mv2112_update_link: link 0x0
01-01 10:51:15.588 0 0 D mv2112_read_status: autoneg is disabled
01-01 10:51:16.612 0 0 D : mv2112_read_status
01-01 10:51:16.612 0 0 D mv2112_update_link: 3.0x901(1G): 0x80
01-01 10:51:16.612 0 0 D mv2112_update_link: 3.0x8109(100M): 0x8
01-01 10:51:16.612 0 0 D mv2112_update_link: link 0x0
01-01 10:51:16.612 0 0 D mv2112_read_status: autoneg is disabled
01-01 10:51:17.635 0 0 D : mv2112_read_status
01-01 10:51:17.636 0 0 D mv2112_update_link: 3.0x901(1G): 0x80
01-01 10:51:17.636 0 0 D mv2112_update_link: 3.0x8109(100M): 0x8
01-01 10:51:17.636 0 0 D mv2112_update_link: link 0x0
01-01 10:51:17.636 0 0 D mv2112_read_status: autoneg is disabled
01-01 10:51:18.660 0 0 D : mv2112_read_status
01-01 10:51:18.660 0 0 D mv2112_update_link: 3.0x901(1G): 0x80
01-01 10:51:18.660 0 0 D mv2112_update_link: 3.0x8109(100M): 0x8
01-01 10:51:18.660 0 0 D mv2112_update_link: link 0x0
01-01 10:51:18.660 0 0 D mv2112_read_status: autoneg is disabled
01-01 10:51:19.684 0 0 D : mv2112_read_status
01-01 10:51:19.684 0 0 D mv2112_update_link: 3.0x901(1G): 0x80
01-01 10:51:19.684 0 0 D mv2112_update_link: 3.0x8109(100M): 0x8
01-01 10:51:19.684 0 0 D mv2112_update_link: link 0x0
01-01 10:51:19.684 0 0 D mv2112_read_status: autoneg is disabled
01-01 10:51:20.708 0 0 D : mv2112_read_status
01-01 10:51:20.708 0 0 D mv2112_update_link: 3.0x901(1G): 0x80
01-01 10:51:20.708 0 0 D mv2112_update_link: 3.0x8109(100M): 0x8
01-01 10:51:20.708 0 0 D mv2112_update_link: link 0x0
01-01 10:51:20.708 0 0 D mv2112_read_status: autoneg is disabled
01-01 10:51:21.732 0 0 D : mv2112_read_status
01-01 10:51:21.732 0 0 D mv2112_update_link: 3.0x901(1G): 0x80
01-01 10:51:21.732 0 0 D mv2112_update_link: 3.0x8109(100M): 0x8
01-01 10:51:21.732 0 0 D mv2112_update_link: link 0x0
01-01 10:51:21.732 0 0 D mv2112_read_status: autoneg is disabled
01-01 10:51:22.756 0 0 D : mv2112_read_status
01-01 10:51:22.756 0 0 D mv2112_update_link: 3.0x901(1G): 0x80
01-01 10:51:22.756 0 0 D mv2112_update_link: 3.0x8109(100M): 0x8
01-01 10:51:22.756 0 0 D mv2112_update_link: link 0x0
01-01 10:51:22.756 0 0 D mv2112_read_status: autoneg is disabled
01-01 10:51:23.780 0 0 D : mv2112_read_status
01-01 10:51:23.780 0 0 D mv2112_update_link: 3.0x901(1G): 0x80
01-01 10:51:23.780 0 0 D mv2112_update_link: 3.0x8109(100M): 0x8
01-01 10:51:23.780 0 0 D mv2112_update_link: link 0x0
01-01 10:51:23.780 0 0 D mv2112_read_status: autoneg is disabled
01-01 10:51:24.803 0 0 D : mv2112_read_status
01-01 10:51:24.804 0 0 D mv2112_update_link: 3.0x901(1G): 0x80
01-01 10:51:24.804 0 0 D mv2112_update_link: 3.0x8109(100M): 0x8
01-01 10:51:24.804 0 0 D mv2112_update_link: link 0x0
01-01 10:51:24.804 0 0 D mv2112_read_status: autoneg is disabled
01-01 10:51:25.828 0 0 D : mv2112_read_status
01-01 10:51:25.828 0 0 D mv2112_update_link: 3.0x901(1G): 0x80
01-01 10:51:25.828 0 0 D mv2112_update_link: 3.0x8109(100M): 0x8
01-01 10:51:25.828 0 0 D mv2112_update_link: link 0x0
01-01 10:51:25.828 0 0 D mv2112_read_status: autoneg is disabled
01-01 10:51:26.852 0 0 D : mv2112_read_status
01-01 10:51:26.852 0 0 D mv2112_update_link: 3.0x901(1G): 0x80
01-01 10:51:26.852 0 0 D mv2112_update_link: 3.0x8109(100M): 0x8
01-01 10:51:26.852 0 0 D mv2112_update_link: link 0x0
01-01 10:51:26.852 0 0 D mv2112_read_status: autoneg is disabled
01-01 10:51:27.876 0 0 D : mv2112_read_status
01-01 10:51:27.876 0 0 D mv2112_update_link: 3.0x901(1G): 0x80
01-01 10:51:27.876 0 0 D mv2112_update_link: 3.0x8109(100M): 0x8
01-01 10:51:27.876 0 0 D mv2112_update_link: link 0x0
01-01 10:51:27.876 0 0 D mv2112_read_status: autoneg is disabled
01-01 10:51:28.900 0 0 D : mv2112_read_status
01-01 10:51:28.900 0 0 D mv2112_update_link: 3.0x901(1G): 0x80
01-01 10:51:28.900 0 0 D mv2112_update_link: 3.0x8109(100M): 0x8
01-01 10:51:28.900 0 0 D mv2112_update_link: link 0x0
01-01 10:51:28.900 0 0 D mv2112_read_status: autoneg is disabled
01-01 10:51:29.927 0 0 D : mv2112_read_status
01-01 10:51:29.928 0 0 D mv2112_update_link: 3.0x901(1G): 0x80
01-01 10:51:29.928 0 0 D mv2112_update_link: 3.0x8109(100M): 0x8
01-01 10:51:29.928 0 0 D mv2112_update_link: link 0x0
01-01 10:51:29.928 0 0 D mv2112_read_status: autoneg is disabled
01-01 10:51:30.948 0 0 D : mv2112_read_status
01-01 10:51:30.948 0 0 D mv2112_update_link: 3.0x901(1G): 0x80
01-01 10:51:30.948 0 0 D mv2112_update_link: 3.0x8109(100M): 0x8
01-01 10:51:30.948 0 0 D mv2112_update_link: link 0x0
01-01 10:51:30.948 0 0 D mv2112_read_status: autoneg is disabled
01-01 10:51:31.972 0 0 D : mv2112_read_status
01-01 10:51:31.972 0 0 D mv2112_update_link: 3.0x901(1G): 0x80
01-01 10:51:31.972 0 0 D mv2112_update_link: 3.0x8109(100M): 0x8
01-01 10:51:31.972 0 0 D mv2112_update_link: link 0x0
01-01 10:51:31.972 0 0 D mv2112_read_status: autoneg is disabled
01-01 10:51:32.996 0 0 D : mv2112_read_status
01-01 10:51:32.996 0 0 D mv2112_update_link: 3.0x901(1G): 0x80
01-01 10:51:32.996 0 0 D mv2112_update_link: 3.0x8109(100M): 0x8
01-01 10:51:32.996 0 0 D mv2112_update_link: link 0x0
01-01 10:51:32.996 0 0 D mv2112_read_status: autoneg is disabled
01-01 10:51:34.020 0 0 D : mv2112_read_status
01-01 10:51:34.020 0 0 D mv2112_update_link: 3.0x901(1G): 0x80
01-01 10:51:34.020 0 0 D mv2112_update_link: 3.0x8109(100M): 0x8
01-01 10:51:34.020 0 0 D mv2112_update_link: link 0x0
01-01 10:51:34.020 0 0 D mv2112_read_status: autoneg is disabled
01-01 10:51:35.044 0 0 D : mv2112_read_status
01-01 10:51:35.044 0 0 D mv2112_update_link: 3.0x901(1G): 0x80
01-01 10:51:35.044 0 0 D mv2112_update_link: 3.0x8109(100M): 0x8
01-01 10:51:35.044 0 0 D mv2112_update_link: link 0x0
01-01 10:51:35.044 0 0 D mv2112_read_status: autoneg is disabled
01-01 10:51:36.068 0 0 D : mv2112_read_status
01-01 10:51:36.068 0 0 D mv2112_update_link: 3.0x901(1G): 0x80
01-01 10:51:36.068 0 0 D mv2112_update_link: 3.0x8109(100M): 0x8
01-01 10:51:36.068 0 0 D mv2112_update_link: link 0x0
01-01 10:51:36.068 0 0 D mv2112_read_status: autoneg is disabled
01-01 10:51:37.091 0 0 D : mv2112_read_status
01-01 10:51:37.092 0 0 D mv2112_update_link: 3.0x901(1G): 0x80
01-01 10:51:37.092 0 0 D mv2112_update_link: 3.0x8109(100M): 0x8
01-01 10:51:37.092 0 0 D mv2112_update_link: link 0x0
01-01 10:51:37.092 0 0 D mv2112_read_status: autoneg is disabled
01-01 10:51:38.116 0 0 D : mv2112_read_status
01-01 10:51:38.116 0 0 D mv2112_update_link: 3.0x901(1G): 0x80
01-01 10:51:38.116 0 0 D mv2112_update_link: 3.0x8109(100M): 0x8
01-01 10:51:38.116 0 0 D mv2112_update_link: link 0x0
01-01 10:51:38.116 0 0 D mv2112_read_status: autoneg is disabled
01-01 10:51:39.140 0 0 D : mv2112_read_status
01-01 10:51:39.140 0 0 D mv2112_update_link: 3.0x901(1G): 0x80
01-01 10:51:39.140 0 0 D mv2112_update_link: 3.0x8109(100M): 0x8
01-01 10:51:39.140 0 0 D mv2112_update_link: link 0x0
01-01 10:51:39.140 0 0 D mv2112_read_status: autoneg is disabled
01-01 10:51:40.164 0 0 D : mv2112_read_status
01-01 10:51:40.164 0 0 D mv2112_update_link: 3.0x901(1G): 0x80
01-01 10:51:40.164 0 0 D mv2112_update_link: 3.0x8109(100M): 0x8
01-01 10:51:40.164 0 0 D mv2112_update_link: link 0x0
01-01 10:51:40.164 0 0 D mv2112_read_status: autoneg is disabled
01-01 10:51:41.188 0 0 D : mv2112_read_status
01-01 10:51:41.188 0 0 D mv2112_update_link: 3.0x901(1G): 0x80
01-01 10:51:41.188 0 0 D mv2112_update_link: 3.0x8109(100M): 0x8
01-01 10:51:41.188 0 0 D mv2112_update_link: link 0x0
01-01 10:51:41.188 0 0 D mv2112_read_status: autoneg is disabled
01-01 10:51:42.212 0 0 D : mv2112_read_status
01-01 10:51:42.212 0 0 D mv2112_update_link: 3.0x901(1G): 0x80
01-01 10:51:42.212 0 0 D mv2112_update_link: 3.0x8109(100M): 0x8
01-01 10:51:42.212 0 0 D mv2112_update_link: link 0x0
01-01 10:51:42.212 0 0 D mv2112_read_status: autoneg is disabled
01-01 10:51:43.236 0 0 D : mv2112_read_status
01-01 10:51:43.236 0 0 D mv2112_update_link: 3.0x901(1G): 0x80
01-01 10:51:43.236 0 0 D mv2112_update_link: 3.0x8109(100M): 0x8
01-01 10:51:43.236 0 0 D mv2112_update_link: link 0x0
01-01 10:51:43.236 0 0 D mv2112_read_status: autoneg is disabled
01-01 10:51:44.259 0 0 D : mv2112_read_status
01-01 10:51:44.260 0 0 D mv2112_update_link: 3.0x901(1G): 0x80
01-01 10:51:44.260 0 0 D mv2112_update_link: 3.0x8109(100M): 0x8
01-01 10:51:44.260 0 0 D mv2112_update_link: link 0x0
01-01 10:51:44.260 0 0 D mv2112_read_status: autoneg is disabled
01-01 10:51:45.284 0 0 D : mv2112_read_status
01-01 10:51:45.284 0 0 D mv2112_update_link: 3.0x901(1G): 0x80
01-01 10:51:45.284 0 0 D mv2112_update_link: 3.0x8109(100M): 0x8
01-01 10:51:45.284 0 0 D mv2112_update_link: link 0x0
01-01 10:51:45.284 0 0 D mv2112_read_status: autoneg is disabled
01-01 10:51:46.308 0 0 D : mv2112_read_status
01-01 10:51:46.308 0 0 D mv2112_update_link: 3.0x901(1G): 0x80
01-01 10:51:46.308 0 0 D mv2112_update_link: 3.0x8109(100M): 0x8
01-01 10:51:46.308 0 0 D mv2112_update_link: link 0x0
01-01 10:51:46.308 0 0 D mv2112_read_status: autoneg is disabled
01-01 10:51:47.332 0 0 D : mv2112_read_status
01-01 10:51:47.332 0 0 D mv2112_update_link: 3.0x901(1G): 0x80
01-01 10:51:47.332 0 0 D mv2112_update_link: 3.0x8109(100M): 0x8
01-01 10:51:47.332 0 0 D mv2112_update_link: link 0x0
01-01 10:51:47.332 0 0 D mv2112_read_status: autoneg is disabled
01-01 10:51:48.356 0 0 D : mv2112_read_status
01-01 10:51:48.356 0 0 D mv2112_update_link: 3.0x901(1G): 0x80
01-01 10:51:48.356 0 0 D mv2112_update_link: 3.0x8109(100M): 0x8
01-01 10:51:48.356 0 0 D mv2112_update_link: link 0x0
01-01 10:51:48.356 0 0 D mv2112_read_status: autoneg is disabled
01-01 10:51:49.380 0 0 D : mv2112_read_status
01-01 10:51:49.380 0 0 D mv2112_update_link: 3.0x901(1G): 0x80
01-01 10:51:49.380 0 0 D mv2112_update_link: 3.0x8109(100M): 0x8
01-01 10:51:49.380 0 0 D mv2112_update_link: link 0x0
01-01 10:51:49.380 0 0 D mv2112_read_status: autoneg is disabled
01-01 10:51:50.404 0 0 D : mv2112_read_status
01-01 10:51:50.404 0 0 D mv2112_update_link: 3.0x901(1G): 0x80
01-01 10:51:50.404 0 0 D mv2112_update_link: 3.0x8109(100M): 0x8
01-01 10:51:50.404 0 0 D mv2112_update_link: link 0x0
01-01 10:51:50.404 0 0 D mv2112_read_status: autoneg is disabled
01-01 10:51:51.428 0 0 D : mv2112_read_status
01-01 10:51:51.428 0 0 D mv2112_update_link: 3.0x901(1G): 0x80
01-01 10:51:51.428 0 0 D mv2112_update_link: 3.0x8109(100M): 0x8
01-01 10:51:51.428 0 0 D mv2112_update_link: link 0x0
01-01 10:51:51.428 0 0 D mv2112_read_status: autoneg is disabled
01-01 10:51:52.452 0 0 D : mv2112_read_status
01-01 10:51:52.452 0 0 D mv2112_update_link: 3.0x901(1G): 0x80
01-01 10:51:52.452 0 0 D mv2112_update_link: 3.0x8109(100M): 0x8
01-01 10:51:52.452 0 0 D mv2112_update_link: link 0x0
01-01 10:51:52.452 0 0 D mv2112_read_status: autoneg is disabled
01-01 10:51:53.476 0 0 D : mv2112_read_status
01-01 10:51:53.476 0 0 D mv2112_update_link: 3.0x901(1G): 0x80
01-01 10:51:53.476 0 0 D mv2112_update_link: 3.0x8109(100M): 0x8
01-01 10:51:53.476 0 0 D mv2112_update_link: link 0x0
01-01 10:51:53.476 0 0 D mv2112_read_status: autoneg is disabled
01-01 10:51:54.499 0 0 D : mv2112_read_status
01-01 10:51:54.500 0 0 D mv2112_update_link: 3.0x901(1G): 0x80
01-01 10:51:54.500 0 0 D mv2112_update_link: 3.0x8109(100M): 0x8
01-01 10:51:54.500 0 0 D mv2112_update_link: link 0x0
01-01 10:51:54.500 0 0 D mv2112_read_status: autoneg is disabled
01-01 10:51:55.524 0 0 D : mv2112_read_status
01-01 10:51:55.524 0 0 D mv2112_update_link: 3.0x901(1G): 0x80
01-01 10:51:55.524 0 0 D mv2112_update_link: 3.0x8109(100M): 0x8
01-01 10:51:55.524 0 0 D mv2112_update_link: link 0x0
01-01 10:51:55.524 0 0 D mv2112_read_status: autoneg is disabled
01-01 10:51:56.548 0 0 D : mv2112_read_status
01-01 10:51:56.548 0 0 D mv2112_update_link: 3.0x901(1G): 0x80
01-01 10:51:56.548 0 0 D mv2112_update_link: 3.0x8109(100M): 0x8
01-01 10:51:56.548 0 0 D mv2112_update_link: link 0x0
01-01 10:51:56.548 0 0 D mv2112_read_status: autoneg is disabled
01-01 10:51:57.572 0 0 D : mv2112_read_status
01-01 10:51:57.572 0 0 D mv2112_update_link: 3.0x901(1G): 0x80
01-01 10:51:57.572 0 0 D mv2112_update_link: 3.0x8109(100M): 0x8
01-01 10:51:57.572 0 0 D mv2112_update_link: link 0x0
01-01 10:51:57.572 0 0 D mv2112_read_status: autoneg is disabled
01-01 10:51:58.596 0 0 D : mv2112_read_status
01-01 10:51:58.596 0 0 D mv2112_update_link: 3.0x901(1G): 0x80
01-01 10:51:58.596 0 0 D mv2112_update_link: 3.0x8109(100M): 0x8
01-01 10:51:58.596 0 0 D mv2112_update_link: link 0x0
01-01 10:51:58.596 0 0 D mv2112_read_status: autoneg is disabled
01-01 10:51:59.620 0 0 D : mv2112_read_status
01-01 10:51:59.620 0 0 D mv2112_update_link: 3.0x901(1G): 0x80
01-01 10:51:59.620 0 0 D mv2112_update_link: 3.0x8109(100M): 0x8
01-01 10:51:59.620 0 0 D mv2112_update_link: link 0x0
01-01 10:51:59.620 0 0 D mv2112_read_status: autoneg is disabled
01-01 10:52:00.644 0 0 D : mv2112_read_status
01-01 10:52:00.644 0 0 D mv2112_update_link: 3.0x901(1G): 0x80
01-01 10:52:00.644 0 0 D mv2112_update_link: 3.0x8109(100M): 0x8
01-01 10:52:00.644 0 0 D mv2112_update_link: link 0x0
01-01 10:52:00.644 0 0 D mv2112_read_status: autoneg is disabled
01-01 10:52:01.668 0 0 D : mv2112_read_status
01-01 10:52:01.668 0 0 D mv2112_update_link: 3.0x901(1G): 0x80
01-01 10:52:01.668 0 0 D mv2112_update_link: 3.0x8109(100M): 0x8
01-01 10:52:01.668 0 0 D mv2112_update_link: link 0x0
01-01 10:52:01.668 0 0 D mv2112_read_status: autoneg is disabled
01-01 10:52:02.692 0 0 D : mv2112_read_status
01-01 10:52:02.692 0 0 D mv2112_update_link: 3.0x901(1G): 0x80
01-01 10:52:02.692 0 0 D mv2112_update_link: 3.0x8109(100M): 0x8
01-01 10:52:02.692 0 0 D mv2112_update_link: link 0x0
01-01 10:52:02.692 0 0 D mv2112_read_status: autoneg is disabled
01-01 10:52:03.716 0 0 D : mv2112_read_status
01-01 10:52:03.716 0 0 D mv2112_update_link: 3.0x901(1G): 0x80
01-01 10:52:03.716 0 0 D mv2112_update_link: 3.0x8109(100M): 0x8
01-01 10:52:03.716 0 0 D mv2112_update_link: link 0x0
01-01 10:52:03.716 0 0 D mv2112_read_status: autoneg is disabled
01-01 10:52:04.740 0 0 D : mv2112_read_status
01-01 10:52:04.740 0 0 D mv2112_update_link: 3.0x901(1G): 0x80
01-01 10:52:04.740 0 0 D mv2112_update_link: 3.0x8109(100M): 0x8
01-01 10:52:04.740 0 0 D mv2112_update_link: link 0x0
01-01 10:52:04.740 0 0 D mv2112_read_status: autoneg is disabled
01-01 10:52:05.764 0 0 D : mv2112_read_status
01-01 10:52:05.764 0 0 D mv2112_update_link: 3.0x901(1G): 0x80
01-01 10:52:05.764 0 0 D mv2112_update_link: 3.0x8109(100M): 0x8
01-01 10:52:05.764 0 0 D mv2112_update_link: link 0x0
01-01 10:52:05.764 0 0 D mv2112_read_status: autoneg is disabled
01-01 10:52:06.788 0 0 D : mv2112_read_status
01-01 10:52:06.788 0 0 D mv2112_update_link: 3.0x901(1G): 0x80
01-01 10:52:06.788 0 0 D mv2112_update_link: 3.0x8109(100M): 0x8
01-01 10:52:06.788 0 0 D mv2112_update_link: link 0x0
01-01 10:52:06.788 0 0 D mv2112_read_status: autoneg is disabled
01-01 10:52:07.812 0 0 D : mv2112_read_status
01-01 10:52:07.812 0 0 D mv2112_update_link: 3.0x901(1G): 0x80
01-01 10:52:07.812 0 0 D mv2112_update_link: 3.0x8109(100M): 0x8
01-01 10:52:07.812 0 0 D mv2112_update_link: link 0x0
01-01 10:52:07.812 0 0 D mv2112_read_status: autoneg is disabled
01-01 10:52:08.836 0 0 D : mv2112_read_status
01-01 10:52:08.836 0 0 D mv2112_update_link: 3.0x901(1G): 0x80
01-01 10:52:08.836 0 0 D mv2112_update_link: 3.0x8109(100M): 0x8
01-01 10:52:08.836 0 0 D mv2112_update_link: link 0x0
01-01 10:52:08.836 0 0 D mv2112_read_status: autoneg is disabled
01-01 10:52:09.860 0 0 D : mv2112_read_status
01-01 10:52:09.860 0 0 D mv2112_update_link: 3.0x901(1G): 0x80
01-01 10:52:09.860 0 0 D mv2112_update_link: 3.0x8109(100M): 0x8
01-01 10:52:09.860 0 0 D mv2112_update_link: link 0x0
01-01 10:52:09.860 0 0 D mv2112_read_status: autoneg is disabled
01-01 10:52:10.884 0 0 D : mv2112_read_status
01-01 10:52:10.884 0 0 D mv2112_update_link: 3.0x901(1G): 0x80
01-01 10:52:10.884 0 0 D mv2112_update_link: 3.0x8109(100M): 0x8
01-01 10:52:10.884 0 0 D mv2112_update_link: link 0x0
01-01 10:52:10.884 0 0 D mv2112_read_status: autoneg is disabled
01-01 10:52:11.908 0 0 D : mv2112_read_status
01-01 10:52:11.908 0 0 D mv2112_update_link: 3.0x901(1G): 0x80
01-01 10:52:11.908 0 0 D mv2112_update_link: 3.0x8109(100M): 0x8
01-01 10:52:11.908 0 0 D mv2112_update_link: link 0x0
01-01 10:52:11.908 0 0 D mv2112_read_status: autoneg is disabled
01-01 10:52:12.932 0 0 D : mv2112_read_status
01-01 10:52:12.932 0 0 D mv2112_update_link: 3.0x901(1G): 0x80
01-01 10:52:12.932 0 0 D mv2112_update_link: 3.0x8109(100M): 0x8
01-01 10:52:12.932 0 0 D mv2112_update_link: link 0x0
01-01 10:52:12.932 0 0 D mv2112_read_status: autoneg is disabled
01-01 10:52:13.956 0 0 D : mv2112_read_status
01-01 10:52:13.956 0 0 D mv2112_update_link: 3.0x901(1G): 0x80
01-01 10:52:13.957 0 0 D mv2112_update_link: 3.0x8109(100M): 0x8
01-01 10:52:13.957 0 0 D mv2112_update_link: link 0x0
01-01 10:52:13.957 0 0 D mv2112_read_status: autoneg is disabled
01-01 10:52:14.980 0 0 D : mv2112_read_status
01-01 10:52:14.980 0 0 D mv2112_update_link: 3.0x901(1G): 0x80
01-01 10:52:14.980 0 0 D mv2112_update_link: 3.0x8109(100M): 0x8
01-01 10:52:14.980 0 0 D mv2112_update_link: link 0x0
01-01 10:52:14.980 0 0 D mv2112_read_status: autoneg is disabled
01-01 10:52:16.004 0 0 D : mv2112_read_status
01-01 10:52:16.004 0 0 D mv2112_update_link: 3.0x901(1G): 0x80
01-01 10:52:16.004 0 0 D mv2112_update_link: 3.0x8109(100M): 0x8
01-01 10:52:16.004 0 0 D mv2112_update_link: link 0x0
01-01 10:52:16.004 0 0 D mv2112_read_status: autoneg is disabled
01-01 10:52:17.028 0 0 D : mv2112_read_status
01-01 10:52:17.028 0 0 D mv2112_update_link: 3.0x901(1G): 0x80
01-01 10:52:17.028 0 0 D mv2112_update_link: 3.0x8109(100M): 0x8
01-01 10:52:17.028 0 0 D mv2112_update_link: link 0x0
01-01 10:52:17.028 0 0 D mv2112_read_status: autoneg is disabled
01-01 10:52:18.052 0 0 D : mv2112_read_status
01-01 10:52:18.052 0 0 D mv2112_update_link: 3.0x901(1G): 0x80
01-01 10:52:18.052 0 0 D mv2112_update_link: 3.0x8109(100M): 0x8
01-01 10:52:18.052 0 0 D mv2112_update_link: link 0x0
01-01 10:52:18.052 0 0 D mv2112_read_status: autoneg is disabled
01-01 10:52:19.076 0 0 D : mv2112_read_status
01-01 10:52:19.076 0 0 D mv2112_update_link: 3.0x901(1G): 0x80
01-01 10:52:19.076 0 0 D mv2112_update_link: 3.0x8109(100M): 0x8
01-01 10:52:19.076 0 0 D mv2112_update_link: link 0x0
01-01 10:52:19.076 0 0 D mv2112_read_status: autoneg is disabled
01-01 10:52:20.100 0 0 D : mv2112_read_status
01-01 10:52:20.100 0 0 D mv2112_update_link: 3.0x901(1G): 0x80
01-01 10:52:20.100 0 0 D mv2112_update_link: 3.0x8109(100M): 0x8
01-01 10:52:20.100 0 0 D mv2112_update_link: link 0x0
01-01 10:52:20.100 0 0 D mv2112_read_status: autoneg is disabled
01-01 10:52:21.124 0 0 D : mv2112_read_status
01-01 10:52:21.124 0 0 D mv2112_update_link: 3.0x901(1G): 0x80
01-01 10:52:21.124 0 0 D mv2112_update_link: 3.0x8109(100M): 0x8
01-01 10:52:21.124 0 0 D mv2112_update_link: link 0x0
01-01 10:52:21.124 0 0 D mv2112_read_status: autoneg is disabled
01-01 10:52:22.148 0 0 D : mv2112_read_status
01-01 10:52:22.148 0 0 D mv2112_update_link: 3.0x901(1G): 0x80
01-01 10:52:22.148 0 0 D mv2112_update_link: 3.0x8109(100M): 0x8
01-01 10:52:22.148 0 0 D mv2112_update_link: link 0x0
01-01 10:52:22.148 0 0 D mv2112_read_status: autoneg is disabled
01-01 10:52:23.172 0 0 D : mv2112_read_status
01-01 10:52:23.172 0 0 D mv2112_update_link: 3.0x901(1G): 0x80
01-01 10:52:23.172 0 0 D mv2112_update_link: 3.0x8109(100M): 0x8
01-01 10:52:23.172 0 0 D mv2112_update_link: link 0x0
01-01 10:52:23.172 0 0 D mv2112_read_status: autoneg is disabled
01-01 10:52:24.196 0 0 D : mv2112_read_status
01-01 10:52:24.196 0 0 D mv2112_update_link: 3.0x901(1G): 0x80
01-01 10:52:24.196 0 0 D mv2112_update_link: 3.0x8109(100M): 0x8
01-01 10:52:24.196 0 0 D mv2112_update_link: link 0x0
01-01 10:52:24.196 0 0 D mv2112_read_status: autoneg is disabled
01-01 10:52:25.220 0 0 D : mv2112_read_status
01-01 10:52:25.220 0 0 D mv2112_update_link: 3.0x901(1G): 0x80
01-01 10:52:25.220 0 0 D mv2112_update_link: 3.0x8109(100M): 0x8
01-01 10:52:25.220 0 0 D mv2112_update_link: link 0x0
01-01 10:52:25.220 0 0 D mv2112_read_status: autoneg is disabled
01-01 10:52:26.244 0 0 D : mv2112_read_status
01-01 10:52:26.244 0 0 D mv2112_update_link: 3.0x901(1G): 0x80
01-01 10:52:26.244 0 0 D mv2112_update_link: 3.0x8109(100M): 0x8
01-01 10:52:26.244 0 0 D mv2112_update_link: link 0x0
01-01 10:52:26.244 0 0 D mv2112_read_status: autoneg is disabled
01-01 10:52:27.268 0 0 D : mv2112_read_status
01-01 10:52:27.268 0 0 D mv2112_update_link: 3.0x901(1G): 0x80
01-01 10:52:27.268 0 0 D mv2112_update_link: 3.0x8109(100M): 0x8
01-01 10:52:27.268 0 0 D mv2112_update_link: link 0x0
01-01 10:52:27.268 0 0 D mv2112_read_status: autoneg is disabled
01-01 10:52:28.292 0 0 D : mv2112_read_status
01-01 10:52:28.293 0 0 D mv2112_update_link: 3.0x901(1G): 0x80
01-01 10:52:28.293 0 0 D mv2112_update_link: 3.0x8109(100M): 0x8
01-01 10:52:28.293 0 0 D mv2112_update_link: link 0x0
01-01 10:52:28.293 0 0 D mv2112_read_status: autoneg is disabled
01-01 10:52:29.316 0 0 D : mv2112_read_status
01-01 10:52:29.316 0 0 D mv2112_update_link: 3.0x901(1G): 0x80
01-01 10:52:29.316 0 0 D mv2112_update_link: 3.0x8109(100M): 0x8
01-01 10:52:29.316 0 0 D mv2112_update_link: link 0x0
01-01 10:52:29.316 0 0 D mv2112_read_status: autoneg is disabled
01-01 10:52:30.340 0 0 D : mv2112_read_status
01-01 10:52:30.341 0 0 D mv2112_update_link: 3.0x901(1G): 0x80
01-01 10:52:30.341 0 0 D mv2112_update_link: 3.0x8109(100M): 0x8
01-01 10:52:30.341 0 0 D mv2112_update_link: link 0x0
01-01 10:52:30.341 0 0 D mv2112_read_status: autoneg is disabled
01-01 10:52:31.367 0 0 D : mv2112_read_status
01-01 10:52:31.367 0 0 D mv2112_update_link: 3.0x901(1G): 0x80
01-01 10:52:31.367 0 0 D mv2112_update_link: 3.0x8109(100M): 0x8
01-01 10:52:31.367 0 0 D mv2112_update_link: link 0x0
01-01 10:52:31.367 0 0 D mv2112_read_status: autoneg is disabled
01-01 10:52:32.388 0 0 D : mv2112_read_status
01-01 10:52:32.388 0 0 D mv2112_update_link: 3.0x901(1G): 0x80
01-01 10:52:32.388 0 0 D mv2112_update_link: 3.0x8109(100M): 0x8
01-01 10:52:32.388 0 0 D mv2112_update_link: link 0x0
01-01 10:52:32.388 0 0 D mv2112_read_status: autoneg is disabled
01-01 10:52:33.412 0 0 D : mv2112_read_status
01-01 10:52:33.412 0 0 D mv2112_update_link: 3.0x901(1G): 0x80
01-01 10:52:33.412 0 0 D mv2112_update_link: 3.0x8109(100M): 0x8
01-01 10:52:33.412 0 0 D mv2112_update_link: link 0x0
01-01 10:52:33.412 0 0 D mv2112_read_status: autoneg is disabled
01-01 10:52:34.436 0 0 D : mv2112_read_status
01-01 10:52:34.436 0 0 D mv2112_update_link: 3.0x901(1G): 0x80
01-01 10:52:34.436 0 0 D mv2112_update_link: 3.0x8109(100M): 0x8
01-01 10:52:34.436 0 0 D mv2112_update_link: link 0x0
01-01 10:52:34.436 0 0 D mv2112_read_status: autoneg is disabled
01-01 10:52:35.459 0 0 D : mv2112_read_status
01-01 10:52:35.460 0 0 D mv2112_update_link: 3.0x901(1G): 0x80
01-01 10:52:35.460 0 0 D mv2112_update_link: 3.0x8109(100M): 0x8
01-01 10:52:35.460 0 0 D mv2112_update_link: link 0x0
01-01 10:52:35.460 0 0 D mv2112_read_status: autoneg is disabled
01-01 10:52:36.484 0 0 D : mv2112_read_status
01-01 10:52:36.484 0 0 D mv2112_update_link: 3.0x901(1G): 0x80
01-01 10:52:36.484 0 0 D mv2112_update_link: 3.0x8109(100M): 0x8
01-01 10:52:36.484 0 0 D mv2112_update_link: link 0x0
01-01 10:52:36.484 0 0 D mv2112_read_status: autoneg is disabled
01-01 10:52:37.508 0 0 D : mv2112_read_status
01-01 10:52:37.508 0 0 D mv2112_update_link: 3.0x901(1G): 0x80
01-01 10:52:37.508 0 0 D mv2112_update_link: 3.0x8109(100M): 0x8
01-01 10:52:37.508 0 0 D mv2112_update_link: link 0x0
01-01 10:52:37.508 0 0 D mv2112_read_status: autoneg is disabled
01-01 10:52:38.532 0 0 D : mv2112_read_status
01-01 10:52:38.532 0 0 D mv2112_update_link: 3.0x901(1G): 0x80
01-01 10:52:38.532 0 0 D mv2112_update_link: 3.0x8109(100M): 0x8
01-01 10:52:38.532 0 0 D mv2112_update_link: link 0x0
01-01 10:52:38.532 0 0 D mv2112_read_status: autoneg is disabled
01-01 10:52:39.556 0 0 D : mv2112_read_status
01-01 10:52:39.556 0 0 D mv2112_update_link: 3.0x901(1G): 0x80
01-01 10:52:39.556 0 0 D mv2112_update_link: 3.0x8109(100M): 0x8
01-01 10:52:39.556 0 0 D mv2112_update_link: link 0x0
01-01 10:52:39.556 0 0 D mv2112_read_status: autoneg is disabled
01-01 10:52:40.580 0 0 D : mv2112_read_status
01-01 10:52:40.580 0 0 D mv2112_update_link: 3.0x901(1G): 0x80
01-01 10:52:40.580 0 0 D mv2112_update_link: 3.0x8109(100M): 0x8
01-01 10:52:40.580 0 0 D mv2112_update_link: link 0x0
01-01 10:52:40.580 0 0 D mv2112_read_status: autoneg is disabled
12-31 04:07:12.913 1488 1707 I netstats_mobile_sample: [0,0,0,0,0,0,0,0,0,0,0,0,1672430832913]
12-31 04:07:12.913 1488 1707 I netstats_wifi_sample: [0,0,0,0,0,0,0,0,0,0,0,0,1672430832913]
12-31 04:07:12.923 1488 1605 I am_pss : [3973,10052,com.thundercomm.screensaver,61765632,54382592,0,177065984,0,2,12]
12-31 04:07:12.937 1488 1605 I am_pss : [3047,10035,com.baidu.input,133062656,113201152,0,277196800,0,7,13]
12-31 04:07:12.946 1488 1605 I am_pss : [1931,1002,com.android.bluetooth,36021248,28217344,0,146698240,0,0,8]
12-31 04:07:12.953 1488 1605 I am_pss : [2877,10094,com.android.providers.media.module,21480448,17301504,0,121835520,0,0,6]
12-31 04:07:12.959 1488 1605 I am_pss : [2441,10095,android.ext.services,7775232,5107712,0,95768576,0,5,6]
12-31 04:07:12.965 1488 1605 I am_pss : [2967,10075,com.qualcomm.location.XT,6927360,4534272,0,92569600,0,6,5]
12-31 04:07:12.970 1488 1605 I am_pss : [2820,10080,com.qualcomm.location,11073536,7524352,0,104509440,0,0,5]
12-31 04:07:12.976 1488 1605 I am_pss : [2223,1073,com.android.networkstack.process,12502016,9367552,0,104488960,0,0,6]
12-31 04:07:12.982 1488 1605 I am_pss : [2132,1001,.dataservices,8781824,6385664,0,93753344,0,0,5]
12-31 04:07:12.996 1488 1605 I am_pss : [1954,10081,com.android.systemui,176854016,155230208,0,338894848,0,0,12]
01-01 10:52:41.604 0 0 D : mv2112_read_status
01-01 10:52:41.604 0 0 D mv2112_update_link: 3.0x901(1G): 0x80
01-01 10:52:41.604 0 0 D mv2112_update_link: 3.0x8109(100M): 0x8
01-01 10:52:41.604 0 0 D mv2112_update_link: link 0x0
01-01 10:52:41.604 0 0 D mv2112_read_status: autoneg is disabled
12-31 04:07:13.017 1488 1605 I am_pss : [1488,1000,system,232634368,141778944,0,553836544,0,0,20]
12-31 04:07:13.038 1488 1605 I commit_sys_config_file: [procstats,9]
01-01 10:52:42.628 0 0 D : mv2112_read_status
01-01 10:52:42.628 0 0 D mv2112_update_link: 3.0x901(1G): 0x80
01-01 10:52:42.628 0 0 D mv2112_update_link: 3.0x8109(100M): 0x8
01-01 10:52:42.628 0 0 D mv2112_update_link: link 0x0
01-01 10:52:42.628 0 0 D mv2112_read_status: autoneg is disabled
01-01 10:52:43.652 0 0 D : mv2112_read_status
01-01 10:52:43.652 0 0 D mv2112_update_link: 3.0x901(1G): 0x80
01-01 10:52:43.652 0 0 D mv2112_update_link: 3.0x8109(100M): 0x8
01-01 10:52:43.652 0 0 D mv2112_update_link: link 0x0
01-01 10:52:43.652 0 0 D mv2112_read_status: autoneg is disabled
12-31 04:07:15.607 1488 1682 I input_interaction: Interaction with: 8c4964f com.thundercomm.screensaver/android.service.dreams.DreamActivity (server), edge-swipe (server), swipe-up (server), PointerEventDispatcher0 (server),
12-31 04:07:15.611 1488 2082 I wm_finish_activity: [0,61935091,29,com.thundercomm.screensaver/android.service.dreams.DreamActivity,finish-activity]
12-31 04:07:15.611 1488 2082 I wm_task_moved: [24,1,6]
12-31 04:07:15.611 1488 2082 I wm_task_to_front: [0,24]
12-31 04:07:15.612 1488 2082 I wm_focused_root_task: [0,0,24,29,finish-top adjustFocusToNextFocusableTask]
12-31 04:07:15.613 1488 2082 I wm_pause_activity: [0,61935091,com.thundercomm.screensaver/android.service.dreams.DreamActivity,userLeaving=false,finish]
12-31 04:07:15.621 1488 1596 I sysui_multi_action: [757,803,799,window_time_0,802,3984]
12-31 04:07:15.622 1488 2082 I DreamManagerService: Gently waking up from dream.
12-31 04:07:15.623 1488 1593 I DreamManagerService: Performing gentle wake from dream.
12-31 04:07:15.624 3973 3973 I wm_on_top_resumed_lost_called: [61935091,android.service.dreams.DreamActivity,topStateChangedWhenResumed]
12-31 04:07:15.624 3973 3973 I wm_on_paused_called: [61935091,android.service.dreams.DreamActivity,performPause]
12-31 04:07:15.624 1488 2010 I wm_add_to_stopping: [0,61935091,com.thundercomm.screensaver/android.service.dreams.DreamActivity,completeFinishing]
12-31 04:07:15.625 1488 2010 I ActivityTaskManager: FOREGROUND_APPLICATION_CHANGED to com.thundercomm.mcuupgrade.MainActivity
12-31 04:07:15.627 1488 2010 I wm_set_resumed_activity: [0,com.thundercomm.mcuupgrade/.MainActivity,resumeTopActivityInnerLocked]
12-31 04:07:15.629 1488 2010 I wm_resume_activity: [0,205731203,24,com.thundercomm.mcuupgrade/.MainActivity]
12-31 04:07:15.637 1488 1596 I sysui_multi_action: [757,803,799,window_time_0,802,0]
12-31 04:07:15.643 1488 1682 I input_focus: [Focus leaving 8c4964f com.thundercomm.screensaver/android.service.dreams.DreamActivity (server),reason=NO_WINDOW]
12-31 04:07:15.644 3973 3973 I view_enqueue_input_event: [Motion - Cancel,com.thundercomm.screensaver/android.service.dreams.DreamActivity]
12-31 04:07:15.645 4458 4458 I wm_on_restart_called: [205731203,com.thundercomm.mcuupgrade.MainActivity,performRestartActivity]
12-31 04:07:15.646 4458 4458 I wm_on_start_called: [205731203,com.thundercomm.mcuupgrade.MainActivity,handleStartActivity]
12-31 04:07:15.646 1488 1605 I am_pss : [2746,10059,ts.car.uart,6736896,4489216,0,89636864,0,0,6]
12-31 04:07:15.646 1488 1682 I input_interaction: Interaction with: edge-swipe (server), swipe-up (server), PointerEventDispatcher0 (server),
12-31 04:07:15.647 4458 4458 I wm_on_resume_called: [205731203,com.thundercomm.mcuupgrade.MainActivity,RESUME_ACTIVITY]
12-31 04:07:15.647 4458 4458 I wm_on_top_resumed_gained_called: [205731203,com.thundercomm.mcuupgrade.MainActivity,topWhenResuming]
12-31 04:07:15.647 2412 3733 W ContextImpl: Calling a method in the system process without a qualified user: android.app.ContextImpl.startService:1816 android.content.ContextWrapper.startService:774 com.thundercomm.gamemode.ingame.services.GameModeActionUtils.startGameModeService:99 com.thundercomm.gamemode.ingame.services.GameModeActionUtils.startGameModeEntry:22 com.thundercomm.gamemode.ingame.services.ActivityMonitoringService$1.onActivityLaunch:127
12-31 04:07:15.650 1488 2010 I am_uid_running: 10063
12-31 04:07:15.650 1488 2010 D CompatibilityChangeReporter: Compat change id reported: 135634846; UID 10063; state: DISABLED
12-31 04:07:15.650 1488 2010 D CompatibilityChangeReporter: Compat change id reported: 177438394; UID 10063; state: DISABLED
12-31 04:07:15.650 1488 2010 D CompatibilityChangeReporter: Compat change id reported: 135772972; UID 10063; state: DISABLED
12-31 04:07:15.650 1488 2010 D CompatibilityChangeReporter: Compat change id reported: 135754954; UID 10063; state: ENABLED
12-31 04:07:15.651 1488 1607 D CompatibilityChangeReporter: Compat change id reported: 143937733; UID 10063; state: ENABLED
12-31 04:07:15.653 1488 1605 I am_pss : [5225,1000,com.qti.diagservices,6418432,3768320,0,93212672,0,10,6]
12-31 04:07:15.658 1488 1607 I am_proc_start: [0,5503,10063,com.thundercomm.gamemode.provider,content provider,{com.thundercomm.gamemode.provider/com.thundercomm.gamemode.provider.SettingsProvider}]
12-31 04:07:15.658 1488 1607 I ActivityManager: Start proc 5503:com.thundercomm.gamemode.provider/u0a63 for content provider {com.thundercomm.gamemode.provider/com.thundercomm.gamemode.provider.SettingsProvider}
12-31 04:07:15.661 1488 1605 I am_pss : [2412,1000,com.thundercomm.gamemode,19601408,14999552,0,121831424,0,10,7]
12-31 04:07:15.663 1488 1597 I input_focus: [Focus request b78bf51 com.thundercomm.mcuupgrade/com.thundercomm.mcuupgrade.MainActivity,reason=UpdateInputWindows]
12-31 04:07:15.667 1488 1605 I am_pss : [3632,2000,com.android.shell,6478848,4173824,0,91160576,0,19,6]
01-01 10:52:44.272 0 0 I binder : 5503:5503 ioctl 40046210 7fe57aefa4 returned -22
12-31 04:07:15.673 1488 4658 I am_proc_bound: [0,5503,com.thundercomm.gamemode.provider]
12-31 04:07:15.673 1488 1622 I PowerManagerService: Powering on display group fromDreaming (groupId=0, uid=1000, reason=WAKE_REASON_UNKNOWN, details=android.server.power:DREAM_FINISHED)...
12-31 04:07:15.674 1488 1622 I PowerManagerService: Waking up from Dreaming (uid=1000, reason=WAKE_REASON_UNKNOWN, details=android.server.power:DREAM_FINISHED)...
12-31 04:07:15.674 1488 1605 I am_pss : [3559,10026,com.android.packageinstaller,7745536,5591040,0,90234880,0,19,5]
12-31 04:07:15.677 1488 4658 D CompatibilityChangeReporter: Compat change id reported: 168419799; UID 10063; state: DISABLED
12-31 04:07:15.680 1488 1605 I am_pss : [3440,10020,com.android.managedprovisioning,9433088,7143424,0,93761536,0,19,4]
12-31 04:07:15.685 1488 1605 I am_pss : [2813,10086,com.qualcomm.qti.workloadclassifier,9450496,6856704,0,96628736,0,0,4]
12-31 04:07:15.689 1488 1682 I input_focus: [Focus entering b78bf51 com.thundercomm.mcuupgrade/com.thundercomm.mcuupgrade.MainActivity (server),reason=Window became focusable. Previous reason: NOT_VISIBLE]
12-31 04:07:15.691 1488 1605 I am_pss : [2805,10079,com.qualcomm.qti.services.systemhelper:systemhelper_service,6759424,4386816,0,93093888,0,0,5]
12-31 04:07:15.697 1488 1605 I am_pss : [2811,10087,com.qualcomm.qti.qccnetstat,6447104,4149248,0,90873856,0,0,5]
12-31 04:07:15.703 1488 1605 I am_pss : [2785,10055,.pasr,5865472,3670016,0,88621056,0,0,5]
12-31 04:07:15.708 1488 1605 I am_pss : [2737,10088,com.hht.lebocast,37906432,16097280,0,101412864,0,0,5]
12-31 04:07:15.714 1488 1605 I am_pss : [2379,1000,com.qualcomm.qti.qdma,10252288,6610944,0,105353216,0,0,5]
12-31 04:07:15.719 1488 1605 I am_pss : [3202,10065,com.qualcomm.qti.devicestatisticsservice,5678080,3493888,0,88256512,0,0,5]
12-31 04:07:15.726 1488 1605 I am_pss : [2358,1000,com.thundercomm.tcservice,9402368,7016448,0,95895552,0,0,6]
12-31 04:07:15.732 1488 1488 I GameModeConfig: Current uri is uri = content://com.thundercomm.gamemode.api/gamemode_settings/gamemode_isgaming
12-31 04:07:15.733 1488 1488 I am_uid_active: 10063
12-31 04:07:15.733 1488 1605 I am_pss : [2319,1000,com.thundercomm.remotecontrolservice,33647616,30490624,0,125964288,0,0,7]
12-31 04:07:15.737 1488 1488 I GameModeConfig: isGameModeOn = false
12-31 04:07:15.737 1488 1488 I GameModeConfig: isGameModeOn = false
12-31 04:07:15.737 1488 1488 I GameModeConfig: isDisableVoice = true
12-31 04:07:15.740 1488 1605 I am_pss : [2315,1068,com.android.se,6164480,3903488,0,90767360,0,0,6]
12-31 04:07:15.746 1488 1605 I am_pss : [2300,10083,com.qti.qualcomm.mstatssystemservice,5859328,3674112,0,89137152,0,0,5]
12-31 04:07:15.746 2412 3733 W ContextImpl: Calling a method in the system process without a qualified user: android.app.ContextImpl.startService:1816 android.content.ContextWrapper.startService:774 com.thundercomm.gamemode.ingame.services.GameModeActionUtils.startGameModeService:99 com.thundercomm.gamemode.ingame.services.GameModeActionUtils.startGameModeEntry:22 com.thundercomm.gamemode.ingame.services.ActivityMonitoringService$1.onActivityLaunch:127
12-31 04:07:15.750 1488 1488 I GameModeConfig: Current uri is uri = content://com.thundercomm.gamemode.api/gamemode_settings/gamemode_isgaming
12-31 04:07:15.751 1488 1488 I GameModeConfig: isGameModeOn = false
12-31 04:07:15.752 1488 1605 I am_pss : [2269,1000,vendor.qti.qesdk.sysservice,5910528,3649536,0,90529792,0,0,5]
12-31 04:07:15.752 1488 1488 I GameModeConfig: isGameModeOn = false
12-31 04:07:15.752 1488 1488 I GameModeConfig: isDisableVoice = true
12-31 04:07:15.758 1488 1605 I am_pss : [2248,1000,com.thundercomm.tcsetupwizard,7190528,5017600,0,90435584,0,0,5]
12-31 04:07:15.764 1488 1605 I am_pss : [2177,1000,com.tc.logclient,8239104,5599232,0,98447360,0,0,6]
12-31 04:07:15.770 1488 1605 I am_pss : [2160,1000,com.thundercomm.tchttpserver,10013696,7778304,0,94195712,0,0,5]
12-31 04:07:15.776 1488 1605 I am_pss : [2137,10054,.qtidataservices,6269952,4042752,0,90521600,0,0,5]
12-31 04:07:15.783 1488 1605 I am_pss : [2123,1000,com.thundercomm.microsettings,30272512,18837504,0,131035136,0,0,6]
12-31 04:07:15.790 1488 1605 I am_pss : [2049,1000,com.thundercomm.microservice,9272320,6918144,0,94969856,0,0,5]
01-01 10:52:44.676 0 0 D : mv2112_read_status
01-01 10:52:44.676 0 0 D mv2112_update_link: 3.0x901(1G): 0x80
01-01 10:52:44.676 0 0 D mv2112_update_link: 3.0x8109(100M): 0x8
01-01 10:52:44.676 0 0 D mv2112_update_link: link 0x0
01-01 10:52:44.676 0 0 D mv2112_read_status: autoneg is disabled
12-31 04:07:16.197 1488 1596 I wm_destroy_activity: [0,61935091,29,com.thundercomm.screensaver/android.service.dreams.DreamActivity,finish-imm:idle]
12-31 04:07:16.208 2412 3733 W ContextImpl: Calling a method in the system process without a qualified user: android.app.ContextImpl.startService:1816 android.content.ContextWrapper.startService:774 com.thundercomm.gamemode.ingame.services.GameModeActionUtils.startGameModeService:99 com.thundercomm.gamemode.ingame.services.GameModeActionUtils.startGameModeEntry:22 com.thundercomm.gamemode.ingame.services.ActivityMonitoringService$1.onActivityLaunch:127
12-31 04:07:16.212 1488 1488 I GameModeConfig: Current uri is uri = content://com.thundercomm.gamemode.api/gamemode_settings/gamemode_isgaming
12-31 04:07:16.214 1488 1488 I GameModeConfig: isGameModeOn = false
12-31 04:07:16.214 1488 1488 I GameModeConfig: isGameModeOn = false
12-31 04:07:16.214 1488 1488 I GameModeConfig: isDisableVoice = true
12-31 04:07:16.218 3973 3973 I wm_on_stop_called: [61935091,android.service.dreams.DreamActivity,LIFECYCLER_STOP_ACTIVITY]
12-31 04:07:16.219 3973 3973 I wm_on_destroy_called: [61935091,android.service.dreams.DreamActivity,performDestroy]
12-31 04:07:16.222 1488 2082 I DreamManagerService: Leaving dreamland.
12-31 04:07:16.223 1488 1593 I DreamManagerService: Performing gentle wake from dream.
12-31 04:07:16.223 1488 1593 I DreamController: Stopping dream: name=ComponentInfo{com.thundercomm.screensaver/com.thundercomm.saverclock.service.ClockScreensaver}, isTest=false, canDoze=false, userId=0, reason='finished self'(from 'finished self')
12-31 04:07:16.223 1488 1593 I sysui_multi_action: [757,222,758,2]
12-31 04:07:16.223 1488 1593 I sysui_multi_action: [757,804,799,dreaming_minutes,801,66,802,1]
12-31 04:07:16.236 1488 2010 I wm_task_removed: [29,removeChild:removeChild last r=ActivityRecord{3b10df3 u0 com.thundercomm.screensaver/android.service.dreams.DreamActivity t-1 f}} in t=Task{e5fda0c #29 type=dream A=10052:android:com.thundercomm.screensaver/dream U=0 visible=false mode=fullscreen translucent=true sz=0}]
12-31 04:07:16.236 1488 2010 I wm_task_removed: [29,removeChild]
12-31 04:07:16.238 1488 1597 W ActivityTaskManager: Can't find TaskDisplayArea to determine support for multi window. Task id=29 attached=false
01-01 10:52:45.700 0 0 D : mv2112_read_status
01-01 10:52:45.700 0 0 D mv2112_update_link: 3.0x901(1G): 0x80
01-01 10:52:45.700 0 0 D mv2112_update_link: 3.0x8109(100M): 0x8
01-01 10:52:45.700 0 0 D mv2112_update_link: link 0x0
01-01 10:52:45.700 0 0 D mv2112_read_status: autoneg is disabled
12-31 04:07:17.914 1488 1682 I input_interaction: Interaction with: b78bf51 com.thundercomm.mcuupgrade/com.thundercomm.mcuupgrade.MainActivity (server), edge-swipe (server), swipe-up (server), PointerEventDispatcher0 (server),
12-31 04:07:17.967 4458 4458 I view_enqueue_input_event: [Motion - Cancel,com.thundercomm.mcuupgrade/com.thundercomm.mcuupgrade.MainActivity]
12-31 04:07:17.980 1488 1682 I input_interaction: Interaction with: edge-swipe (server), swipe-up (server), PointerEventDispatcher0 (server),
12-31 04:07:18.051 1488 1520 I sysui_multi_action: [757,803,799,key_back_press,802,1]
12-31 04:07:18.053 1488 1682 I input_interaction: Interaction with: b78bf51 com.thundercomm.mcuupgrade/com.thundercomm.mcuupgrade.MainActivity (server), PointerEventDispatcher0 (server),
12-31 04:07:18.060 1488 2010 I wm_finish_activity: [0,205731203,24,com.thundercomm.mcuupgrade/.MainActivity,app-request]
12-31 04:07:18.069 1488 2010 I wm_pause_activity: [0,205731203,com.thundercomm.mcuupgrade/.MainActivity,userLeaving=false,finish]
12-31 04:07:18.071 4458 4458 I wm_on_top_resumed_lost_called: [205731203,com.thundercomm.mcuupgrade.MainActivity,topStateChangedWhenResumed]
12-31 04:07:18.071 4458 4458 I wm_on_paused_called: [205731203,com.thundercomm.mcuupgrade.MainActivity,performPause]
12-31 04:07:18.072 1488 1520 I wm_add_to_stopping: [0,205731203,com.thundercomm.mcuupgrade/.MainActivity,completeFinishing]
12-31 04:07:18.074 1488 1520 I ActivityTaskManager: FOREGROUND_APPLICATION_CHANGED to com.android.settings.intelligence.search.SearchActivity
12-31 04:07:18.075 1488 1520 D CompatibilityChangeReporter: Compat change id reported: 168419799; UID 10061; state: DISABLED
12-31 04:07:18.086 1488 1596 I am_uid_running: 10061
12-31 04:07:18.087 1488 1596 D CompatibilityChangeReporter: Compat change id reported: 135634846; UID 10061; state: DISABLED
12-31 04:07:18.087 1488 1596 D CompatibilityChangeReporter: Compat change id reported: 177438394; UID 10061; state: DISABLED
12-31 04:07:18.087 1488 1596 D CompatibilityChangeReporter: Compat change id reported: 135772972; UID 10061; state: DISABLED
12-31 04:07:18.087 1488 1596 D CompatibilityChangeReporter: Compat change id reported: 135754954; UID 10061; state: DISABLED
12-31 04:07:18.088 1488 1607 D CompatibilityChangeReporter: Compat change id reported: 143937733; UID 10061; state: DISABLED
12-31 04:07:18.088 1488 1596 I sysui_multi_action: [757,803,799,window_time_0,802,3]
12-31 04:07:18.094 1488 1607 I am_proc_start: [0,5534,10061,com.android.settings.intelligence,top-activity,{com.android.settings.intelligence/com.android.settings.intelligence.search.SearchActivity}]
12-31 04:07:18.094 1488 1607 I ActivityManager: Start proc 5534:com.android.settings.intelligence/u0a61 for top-activity {com.android.settings.intelligence/com.android.settings.intelligence.search.SearchActivity}
12-31 04:07:18.096 1488 1682 I input_focus: [Focus leaving b78bf51 com.thundercomm.mcuupgrade/com.thundercomm.mcuupgrade.MainActivity (server),reason=NO_WINDOW]
12-31 04:07:18.104 1488 2010 I am_proc_bound: [0,5534,com.android.settings.intelligence]
01-01 10:52:46.705 0 0 I binder : 5534:5534 ioctl 40046210 7fe57aefa4 returned -22
12-31 04:07:18.107 1488 2010 I wm_restart_activity: [0,114485580,24,com.android.settings.intelligence/.search.SearchActivity]
