01-01 08:00:10.496 1488 1488 I SystemServiceManager: Starting com.android.server.usage.UsageStatsService
01-01 08:00:10.499 1488 1488 I SystemServerTiming: StartWebViewUpdateService
01-01 08:00:10.499 1488 1488 I SystemServiceManager: Starting com.android.server.webkit.WebViewUpdateService
01-01 08:00:10.500 1488 1488 I SystemServerTiming: StartCachedDeviceStateService
01-01 08:00:10.500 1488 1488 I SystemServiceManager: Starting com.android.server.CachedDeviceStateService
01-01 08:00:10.501 1488 1488 I SystemServerTiming: StartBinderCallsStatsService
01-01 08:00:10.501 1488 1488 I SystemServiceManager: Starting com.android.server.BinderCallsStatsService$LifeCycle
01-01 08:00:10.501 1488 1488 I SystemServerTiming: StartLooperStatsService
01-01 08:00:10.501 1488 1488 I SystemServiceManager: Starting com.android.server.LooperStatsService$Lifecycle
01-01 08:00:10.502 1488 1488 I SystemServerTiming: StartRollbackManagerService
01-01 08:00:10.502 1488 1488 I SystemServiceManager: Starting com.android.server.rollback.RollbackManagerService
01-01 08:00:10.506 1488 1488 I PackageWatchdog: Syncing state, reason: added new observer
01-01 08:00:10.506 1488 1488 I PackageWatchdog: Not pruning observers, elapsed time: 0ms
01-01 08:00:10.506 1488 1488 I PackageWatchdog: Cancelling state sync, nothing to sync
01-01 08:00:10.506 1488 1605 I PackageWatchdog: Saving observer state to file
01-01 08:00:10.508 1488 1488 I SystemServerTiming: StartNativeTombstoneManagerService
01-01 08:00:10.508 1488 1488 I SystemServiceManager: Starting com.android.server.os.NativeTombstoneManagerService
01-01 08:00:10.508 1488 1488 I SystemServerTiming: StartBugreportManagerService
01-01 08:00:10.509 1488 1488 I SystemServiceManager: Starting com.android.server.os.BugreportManagerService
01-01 08:00:10.509 1488 1488 I SystemServerTiming: GpuService
01-01 08:00:10.509 1488 1488 I SystemServiceManager: Starting com.android.server.gpu.GpuService
01-01 08:00:10.510 1488 1488 I SystemServerTiming: startOtherServices
01-01 08:00:10.510 1488 1488 I SystemServerTiming: StartKeyAttestationApplicationIdProviderService
01-01 08:00:10.510 1488 1663 I SystemServerTimingAsync: InitThreadPoolExec:SecondaryZygotePreload
01-01 08:00:10.510 1488 1663 I SystemServer: SecondaryZygotePreload
01-01 08:00:10.510 1488 1663 I SystemServerTimingAsync: SecondaryZygotePreload
01-01 08:00:10.511 1488 1488 I SystemServerTiming: StartKeyChainSystemService
01-01 08:00:10.511 1488 1488 I SystemServiceManager: Starting com.android.server.security.KeyChainSystemService
01-01 08:00:10.511 1488 1488 I SystemServerTiming: StartSchedulingPolicyService
01-01 08:00:10.511 1488 1664 I SystemServerTimingAsync: InitThreadPoolExec:SchedulingPolicyService.
01-01 08:00:10.511 1488 1488 I SystemServerTiming: StartTelecomLoaderService
01-01 08:00:10.511 1488 1488 I SystemServiceManager: Starting com.android.server.telecom.TelecomLoaderService
01-01 08:00:10.512 1488 1488 I SystemServerTiming: StartTelephonyRegistry
01-01 08:00:10.513 1488 1488 I SystemServerTiming: StartEntropyMixer
01-01 08:00:10.514 1488 1488 I EntropyMixer: Writing entropy...
01-01 08:00:10.517 1488 1488 I SystemServerTiming: StartAccountManagerService
01-01 08:00:10.517 1488 1488 I SystemServiceManager: Starting com.android.server.accounts.AccountManagerService$Lifecycle
01-01 08:00:10.525 1488 1488 I SystemServerTiming: StartContentService
01-01 08:00:10.525 1488 1488 I SystemServiceManager: Starting com.android.server.content.ContentService$Lifecycle
01-01 08:00:10.525 1488 1488 I SystemServerTiming: InstallSystemProviders
01-01 08:00:10.533 805 805 I auditd : type=1400 audit(0.0:205): avc: denied { read write } for comm="HwBinder:805_2" name="diag" dev="tmpfs" ino=14398 scontext=u:r:hal_audio_default:s0 tcontext=u:object_r:vendor_diag_device:s0 tclass=chr_file permissive=0
01-01 08:00:10.584 1488 1606 D ActivityManager: Freezer enabled
01-01 08:00:10.584 1488 1606 D ActivityManager: freezer override set to false
01-01 08:00:10.586 1488 1488 I SystemServerTiming: StartDropBoxManager
01-01 08:00:10.587 1488 1488 I SystemServiceManager: Starting com.android.server.DropBoxManagerService
01-01 08:00:10.587 1488 1488 I SystemServerTiming: StartRoleManagerService
01-01 08:00:10.587 1488 1488 I SystemServiceManager: Starting com.android.role.RoleService
01-01 08:00:10.589 1488 1488 I SystemServerTiming: StartVibratorManagerService
01-01 08:00:10.589 1488 1488 I SystemServiceManager: Starting com.android.server.vibrator.VibratorManagerService$Lifecycle
01-01 08:00:10.593 1488 1488 I SystemServerTiming: StartDynamicSystemService
01-01 08:00:10.593 1488 1488 I SystemServerTiming: StartConsumerIrService
01-01 08:00:10.594 1488 1488 I SystemServerTiming: StartAlarmManagerService
01-01 08:00:10.595 1488 1488 I SystemServiceManager: Starting com.android.server.alarm.AlarmManagerService
01-01 08:00:10.602 1488 1488 I AlarmManager: Current time only 10602, advancing to build time 1672420482000
12-31 01:14:42.001 1488 1488 I SystemServerTiming: StartInputManagerService
12-31 01:14:42.002 1488 1488 I InputManager: Initializing input manager, mUseDevInputEventForAudioJack=true
12-31 01:14:42.008 1488 1488 I SystemServerTiming: DeviceStateManagerService
12-31 01:14:42.008 1488 1488 I SystemServiceManager: Starting com.android.server.devicestate.DeviceStateManagerService
12-31 01:14:42.012 1488 1488 I SystemServerTiming: StartCameraServiceProxy
12-31 01:14:42.012 1488 1488 I SystemServiceManager: Starting com.android.server.camera.CameraServiceProxy
12-31 01:14:42.013 1488 1488 I SystemServerTiming: StartWindowManagerService
12-31 01:14:42.013 1488 1488 I SystemServiceManager: Starting phase 200
12-31 01:14:42.014 1488 1488 I SystemServerTiming: OnBootPhase_200
12-31 01:14:42.014 1488 1488 I SystemServerTiming: OnBootPhase_200_com.android.server.security.FileIntegrityService
12-31 01:14:42.014 1488 1488 I SystemServerTiming: OnBootPhase_200_com.android.server.pm.Installer
12-31 01:14:42.014 1488 1488 I SystemServerTiming: OnBootPhase_200_com.android.server.os.DeviceIdentifiersPolicyService
12-31 01:14:42.014 1488 1488 I SystemServerTiming: OnBootPhase_200_com.android.server.uri.UriGrantsManagerService$Lifecycle
12-31 01:14:42.014 1488 1488 I SystemServerTiming: OnBootPhase_200_com.android.server.powerstats.PowerStatsService
12-31 01:14:42.014 1488 1488 I SystemServerTiming: OnBootPhase_200_com.android.server.wm.ActivityTaskManagerService$Lifecycle
12-31 01:14:42.014 1488 1488 I SystemServerTiming: OnBootPhase_200_com.android.server.am.ActivityManagerService$Lifecycle
12-31 01:14:42.014 1488 1488 I SystemServerTiming: OnBootPhase_200_com.android.server.pm.DataLoaderManagerService
12-31 01:14:42.014 1488 1488 I SystemServerTiming: OnBootPhase_200_com.android.server.power.PowerManagerService
12-31 01:14:42.014 1488 1488 I SystemServerTiming: OnBootPhase_200_com.android.server.power.ThermalManagerService
12-31 01:14:42.014 1488 1488 I SystemServerTiming: OnBootPhase_200_com.android.server.power.hint.HintManagerService
12-31 01:14:42.014 1488 1488 I SystemServerTiming: OnBootPhase_200_com.android.server.recoverysystem.RecoverySystemService$Lifecycle
12-31 01:14:42.014 1488 1488 I SystemServerTiming: OnBootPhase_200_com.android.server.lights.LightsService
12-31 01:14:42.014 1488 1488 I SystemServerTiming: OnBootPhase_200_com.android.server.display.DisplayManagerService
12-31 01:14:42.014 1488 1488 I SystemServerTiming: OnBootPhase_200_com.android.server.pm.verify.domain.DomainVerificationService
12-31 01:14:42.014 1488 1488 I SystemServerTiming: OnBootPhase_200_com.android.server.pm.PackageInstallerService$Lifecycle
12-31 01:14:42.014 1488 1488 I SystemServerTiming: OnBootPhase_200_com.android.server.pm.UserManagerService$LifeCycle
12-31 01:14:42.014 1488 1488 I SystemServerTiming: OnBootPhase_200_com.android.server.om.OverlayManagerService
12-31 01:14:42.014 1488 1488 I SystemServerTiming: OnBootPhase_200_com.android.server.SensorPrivacyService
12-31 01:14:42.014 1488 1488 I SystemServerTiming: OnBootPhase_200_com.android.server.thunderperf.ThunderBoostPerfService
12-31 01:14:42.014 1488 1488 I SystemServerTiming: OnBootPhase_200_com.android.server.sensors.SensorService
12-31 01:14:42.014 1488 1488 I SystemServerTiming: OnBootPhase_200_com.android.server.SystemConfigService
12-31 01:14:42.014 1488 1488 I SystemServerTiming: OnBootPhase_200_com.android.server.BatteryService
12-31 01:14:42.014 1488 1488 I SystemServerTiming: OnBootPhase_200_com.android.server.usage.UsageStatsService
12-31 01:14:42.014 1488 1488 I SystemServerTiming: OnBootPhase_200_com.android.server.webkit.WebViewUpdateService
12-31 01:14:42.014 1488 1488 I SystemServerTiming: OnBootPhase_200_com.android.server.CachedDeviceStateService
12-31 01:14:42.014 1488 1488 I SystemServerTiming: OnBootPhase_200_com.android.server.BinderCallsStatsService$LifeCycle
12-31 01:14:42.014 1488 1488 I SystemServerTiming: OnBootPhase_200_com.android.server.LooperStatsService$Lifecycle
12-31 01:14:42.014 1488 1488 I SystemServerTiming: OnBootPhase_200_com.android.server.rollback.RollbackManagerService
12-31 01:14:42.014 1488 1488 I SystemServerTiming: OnBootPhase_200_com.android.server.os.NativeTombstoneManagerService
12-31 01:14:42.014 1488 1488 I SystemServerTiming: OnBootPhase_200_com.android.server.os.BugreportManagerService
12-31 01:14:42.014 1488 1488 I SystemServerTiming: OnBootPhase_200_com.android.server.gpu.GpuService
12-31 01:14:42.014 1488 1488 I SystemServerTiming: OnBootPhase_200_com.android.server.security.KeyChainSystemService
12-31 01:14:42.014 1488 1488 I SystemServerTiming: OnBootPhase_200_com.android.server.telecom.TelecomLoaderService
12-31 01:14:42.014 1488 1488 I SystemServerTiming: OnBootPhase_200_com.android.server.accounts.AccountManagerService$Lifecycle
12-31 01:14:42.014 1488 1488 I SystemServerTiming: OnBootPhase_200_com.android.server.content.ContentService$Lifecycle
12-31 01:14:42.014 1488 1488 I SystemServerTiming: OnBootPhase_200_com.android.server.DropBoxManagerService
12-31 01:14:42.014 1488 1488 I SystemServerTiming: OnBootPhase_200_com.android.role.RoleService
12-31 01:14:42.014 1488 1488 I SystemServerTiming: OnBootPhase_200_com.android.server.vibrator.VibratorManagerService$Lifecycle
12-31 01:14:42.014 1488 1488 I SystemServerTiming: OnBootPhase_200_com.android.server.alarm.AlarmManagerService
12-31 01:14:42.014 1488 1488 I SystemServerTiming: OnBootPhase_200_com.android.server.devicestate.DeviceStateManagerService
12-31 01:14:42.014 1488 1488 I SystemServerTiming: OnBootPhase_200_com.android.server.camera.CameraServiceProxy
12-31 01:14:42.015 1488 1488 I WindowManager: No existing display settings, starting empty
12-31 01:14:42.015 1488 1488 I WindowManager: No existing display settings, starting empty
12-31 01:14:42.023 989 989 I auditd : type=1400 audit(0.0:206): avc: denied { read write } for comm="sensors.qti" name="diag" dev="tmpfs" ino=14398 scontext=u:r:vendor_sensors_qti:s0 tcontext=u:object_r:vendor_diag_device:s0 tclass=chr_file permissive=0
12-31 01:14:42.046 1488 1488 I SystemServerTiming: SetWindowManagerService
12-31 01:14:42.073 1488 1488 I ActivityTaskManager: Loaded persisted task ids for user 0
12-31 01:14:42.074 1488 1488 I wm_task_created: [1,-1]
12-31 01:14:42.075 1488 1488 I SystemServerTiming: WindowManagerServiceOnInitReady
12-31 01:14:42.078 1488 1596 I sysui_multi_action: [757,1594,758,4,759,0,806,NULL]
12-31 01:14:42.080 1488 1488 I SystemServerTiming: StartInputManager
12-31 01:14:42.080 1488 1488 I InputManager: Starting input manager
12-31 01:14:42.080 1488 1681 I SystemServerTimingAsync: InitThreadPoolExec:StartHidlServices
12-31 01:14:42.080 1488 1681 I SystemServerTimingAsync: StartHidlServices
12-31 01:14:42.082 1488 1488 I SystemServerTiming: DisplayManagerWindowManagerAndInputReady
12-31 01:14:42.083 1488 1488 I SystemServerTiming: StartBluetoothService
12-31 01:14:42.083 1488 1488 I SystemServiceManager: Starting com.android.server.BluetoothService
12-31 01:14:42.083 1488 1596 I LogicalDisplayMapper: Requesting Transition to state: 0
12-31 01:14:42.083 1488 1596 I LogicalDisplayMapper: Applying layout: [{addr: {port=129, model=0x40446d3026322d}, dispId: 0(ON)}], Previous layout: [{addr: {port=129, model=0x40446d3026322d}, dispId: 0(ON)}]
12-31 01:14:42.084 1488 1488 D BluetoothManagerService: Loading stored name and address
12-31 01:14:42.084 1488 1488 D BluetoothManagerService: Stored bluetooth Name=宝弟弟,Address=F0:74:E4:3A:18:78
12-31 01:14:42.084 1488 1488 D BluetoothManagerService: Bluetooth persisted state: 1
12-31 01:14:42.084 1488 1488 D BluetoothManagerService: Startup: Bluetooth persisted state is ON.
12-31 01:14:42.085 1488 1488 D BluetoothManagerService: Detected SystemUiUid: 10081
12-31 01:14:42.085 1488 1488 I SystemServerTiming: IpConnectivityMetrics
12-31 01:14:42.085 1488 1488 I SystemServiceManager: Starting com.android.server.connectivity.IpConnectivityMetrics
12-31 01:14:42.086 1488 1488 I SystemServerTiming: NetworkWatchlistService
12-31 01:14:42.086 1488 1488 I SystemServiceManager: Starting com.android.server.net.watchlist.NetworkWatchlistService$Lifecycle
12-31 01:14:42.083 1488 1488 I auditd : type=1400 audit(0.0:207): avc: denied { read } for comm="InputReader" name="virtualkeys.cyttsp7_mt" dev="sysfs" ino=77506 scontext=u:r:system_server:s0 tcontext=u:object_r:sysfs:s0 tclass=file permissive=0
12-31 01:14:42.089 1488 1488 I WatchlistSettings: Reload watchlist settings done
12-31 01:14:42.090 1488 1488 I SystemServerTiming: PinnerService
12-31 01:14:42.090 1488 1488 I SystemServiceManager: Starting com.android.server.PinnerService
12-31 01:14:42.090 1488 1488 V HistoricalRegistry: Interaction before persistence initialized
12-31 01:14:42.091 1488 1605 D PinnerService: pinRangeStream: null
12-31 01:14:42.092 1488 1688 I WatchlistLoggingHandler: No need to aggregate record yet.
12-31 01:14:42.092 1488 1688 I WatchlistLoggingHandler: Milliseconds spent on tryAggregateRecords(): 0
12-31 01:14:42.092 1488 1488 I SystemServerTiming: IorapForwardingService
12-31 01:14:42.092 1488 1488 I SystemServiceManager: Starting com.google.android.startop.iorap.IorapForwardingService
12-31 01:14:42.093 1488 1488 I SystemServiceManager: Starting com.android.server.ActivityTriggerService
12-31 01:14:42.093 1488 1488 I ActivityTriggerService: Starting ActivityTriggerService
12-31 01:14:42.095 1488 1605 D PinnerService: pinRangeStream: null
12-31 01:14:42.096 1488 1488 I SystemServerTiming: SignedConfigService
12-31 01:14:42.096 1488 1605 D PinnerService: pinRangeStream: null
12-31 01:14:42.096 1488 1488 I SystemServerTiming: AppIntegrityService
12-31 01:14:42.096 1488 1488 I SystemServiceManager: Starting com.android.server.integrity.AppIntegrityManagerService
12-31 01:14:42.096 1488 1605 D PinnerService: pinRangeStream: null
12-31 01:14:42.098 1488 1488 E IntegrityFileManager: Error creating staging and rules directory
12-31 01:14:42.104 1488 1488 I WindowManager: SAFE MODE not enabled
12-31 01:14:42.104 1488 1488 I SystemServerTiming: StartInputMethodManagerLifecycle
12-31 01:14:42.104 1488 1488 I SystemServiceManager: Starting com.android.server.inputmethod.InputMethodManagerService$Lifecycle
12-31 01:14:42.105 1488 1488 I SystemServerTiming: StartAccessibilityManagerService
12-31 01:14:42.106 1488 1488 I SystemServiceManager: Starting com.android.server.accessibility.AccessibilityManagerService$Lifecycle
12-31 01:14:42.110 1488 1488 I SystemServerTiming: MakeDisplayReady
12-31 01:14:42.111 1488 1488 I configuration_changed: 536894968
12-31 01:14:42.111 1488 1488 I ActivityTaskManager: Config changes=20005df8 {1.0 ?mcc?mnc [zh_CN] ldltr sw680dp w1586dp h584dp 240dpi lrg long land ?uimode ?night -touch -keyb/v/h -nav/h winConfig={ mBounds=Rect(0, 0 - 2380, 1020) mAppBounds=Rect(0, 0 - 2380, 948) mMaxBounds=Rect(0, 0 - 2380, 1020) mWindowingMode=fullscreen mDisplayWindowingMode=fullscreen mActivityType=undefined mAlwaysOnTop=undefined mRotation=ROTATION_0} s.2 ?fontWeightAdjustment}
12-31 01:14:42.112 1488 1488 I WindowManager: Override config changes=60007dfc {1.0 ?mcc?mnc [zh_CN] ldltr sw680dp w1586dp h584dp 240dpi lrg long land ?uimode ?night -touch -keyb/v/h -nav/h winConfig={ mBounds=Rect(0, 0 - 2380, 1020) mAppBounds=Rect(0, 0 - 2380, 948) mMaxBounds=Rect(0, 0 - 2380, 1020) mWindowingMode=fullscreen mDisplayWindowingMode=fullscreen mActivityType=undefined mAlwaysOnTop=undefined mRotation=ROTATION_0} s.2 ?fontWeightAdjustment} for displayId=0
12-31 01:14:42.112 1488 1488 I sysui_multi_action: [757,1659,758,4,759,2,1660,0]
12-31 01:14:42.115 1488 1488 I configuration_changed: 8
12-31 01:14:42.115 1488 1488 I ActivityTaskManager: Config changes=8 {1.0 ?mcc?mnc [zh_CN] ldltr sw680dp w1586dp h584dp 240dpi lrg long land ?uimode ?night finger -keyb/v/h -nav/h winConfig={ mBounds=Rect(0, 0 - 2380, 1020) mAppBounds=Rect(0, 0 - 2380, 948) mMaxBounds=Rect(0, 0 - 2380, 1020) mWindowingMode=fullscreen mDisplayWindowingMode=fullscreen mActivityType=undefined mAlwaysOnTop=undefined mRotation=ROTATION_0} s.4 ?fontWeightAdjustment}
12-31 01:14:42.116 1488 1488 I WindowManager: Override config changes=8 {1.0 ?mcc?mnc [zh_CN] ldltr sw680dp w1586dp h584dp 240dpi lrg long land ?uimode ?night finger -keyb/v/h -nav/h winConfig={ mBounds=Rect(0, 0 - 2380, 1020) mAppBounds=Rect(0, 0 - 2380, 948) mMaxBounds=Rect(0, 0 - 2380, 1020) mWindowingMode=fullscreen mDisplayWindowingMode=fullscreen mActivityType=undefined mAlwaysOnTop=undefined mRotation=ROTATION_0} s.4 ?fontWeightAdjustment} for displayId=0
12-31 01:14:42.117 1488 1488 I SystemServerTiming: StartStorageManagerService
12-31 01:14:42.117 1488 1488 I SystemServiceManager: Starting com.android.server.StorageManagerService$Lifecycle
12-31 01:14:42.128 1488 1694 D StorageManagerService: Thinking about init, mBootCompleted=false, mDaemonConnected=true
12-31 01:14:42.128 1488 1694 D StorageManagerService: Thinking about reset, mBootCompleted=false, mDaemonConnected=true
12-31 01:14:42.130 1488 1488 I SystemServerTiming: StartStorageStatsService
12-31 01:14:42.130 1488 1488 I SystemServiceManager: Starting com.android.server.usage.StorageStatsService$Lifecycle
12-31 01:14:42.131 1488 1694 D StorageManagerService: Thinking about init, mBootCompleted=false, mDaemonConnected=true
12-31 01:14:42.131 1488 1694 D StorageManagerService: Thinking about reset, mBootCompleted=false, mDaemonConnected=true
12-31 01:14:42.134 1488 1488 I SystemServerTiming: StartUiModeManager
12-31 01:14:42.134 1488 1488 I SystemServiceManager: Starting com.android.server.UiModeManagerService
12-31 01:14:42.134 1488 1646 I PackageManager: Deferred reconcileAppsData finished 110 packages
12-31 01:14:42.134 1488 1695 I SystemServerTimingAsync: InitThreadPoolExec:UiModeManager.onStart
12-31 01:14:42.134 1488 1488 I SystemServerTiming: UpdatePackagesIfNeeded
12-31 01:14:42.134 1488 1488 I Watchdog: Pausing HandlerChecker: main thread for reason: dexopt. Pause count: 1
12-31 01:14:42.134 1488 1488 I Watchdog: Resuming HandlerChecker: main thread for reason: dexopt. Pause count: 0
12-31 01:14:42.135 1488 1488 I SystemServerTiming: PerformFstrimIfNeeded
12-31 01:14:42.135 1488 1488 I SystemServerTiming: StartLockSettingsService
12-31 01:14:42.135 1488 1488 I SystemServiceManager: Starting com.android.server.locksettings.LockSettingsService$Lifecycle
12-31 01:14:42.136 1488 1605 D PinnerService: pinRangeStream: null
12-31 01:14:42.136 1488 1605 D PinnerService: pinRangeStream: null
12-31 01:14:42.138 1488 1605 D PinnerService: pinRangeStream: null
12-31 01:14:42.146 1488 1605 D PinnerService: pinRangeStream: null
12-31 01:14:42.147 1488 1488 I SystemServerTiming: StartPersistentDataBlock
12-31 01:14:42.147 1488 1488 I SystemServiceManager: Starting com.android.server.PersistentDataBlockService
12-31 01:14:42.150 1488 1488 I SystemServerTiming: StartTestHarnessMode
12-31 01:14:42.150 1488 1488 I SystemServiceManager: Starting com.android.server.testharness.TestHarnessModeService
12-31 01:14:42.150 1488 1488 I SystemServerTiming: StartOemLockService
12-31 01:14:42.150 1488 1488 I SystemServiceManager: Starting com.android.server.oemlock.OemLockService
12-31 01:14:42.150 1488 1488 I OemLock : OemLock HAL not present on device
12-31 01:14:42.150 1488 1488 I OemLock : Using persistent data block based lock
12-31 01:14:42.151 1488 1488 I SystemServerTiming: StartDeviceIdleController
12-31 01:14:42.151 1488 1488 I SystemServiceManager: Starting com.android.server.DeviceIdleController
12-31 01:14:42.151 1488 1700 I SystemServerTimingAsync: InitThreadPoolExec:PersistentDataBlockService.onStart
12-31 01:14:42.152 1488 1605 D PinnerService: pinRangeStream: null
12-31 01:14:42.152 1488 1605 D PinnerService: pinRangeStream: null
12-31 01:14:42.152 1488 1488 I SystemServerTiming: StartDevicePolicyManager
12-31 01:14:42.152 1488 1488 I SystemServiceManager: Starting com.android.server.devicepolicy.DevicePolicyManagerService$Lifecycle
12-31 01:14:42.154 1488 1700 E PersistentDataBlockService: not able to find package com.google.android.gms
12-31 01:14:42.154 1488 1700 E PersistentDataBlockService: android.content.pm.PackageManager$NameNotFoundException: com.google.android.gms
12-31 01:14:42.154 1488 1700 E PersistentDataBlockService: at android.app.ApplicationPackageManager.getPackageUidAsUser(ApplicationPackageManager.java:364)
12-31 01:14:42.154 1488 1700 E PersistentDataBlockService: at com.android.server.PersistentDataBlockService.getAllowedUid(PersistentDataBlockService.java:162)
12-31 01:14:42.154 1488 1700 E PersistentDataBlockService: at com.android.server.PersistentDataBlockService.lambda$onStart$0$PersistentDataBlockService(PersistentDataBlockService.java:176)
12-31 01:14:42.154 1488 1700 E PersistentDataBlockService: at com.android.server.PersistentDataBlockService$$ExternalSyntheticLambda0.run(Unknown Source:2)
12-31 01:14:42.154 1488 1700 E PersistentDataBlockService: at com.android.server.SystemServerInitThreadPool.lambda$submitTask$0$SystemServerInitThreadPool(SystemServerInitThreadPool.java:105)
12-31 01:14:42.154 1488 1700 E PersistentDataBlockService: at com.android.server.SystemServerInitThreadPool$$ExternalSyntheticLambda0.run(Unknown Source:6)
12-31 01:14:42.154 1488 1700 E PersistentDataBlockService: at java.util.concurrent.Executors$RunnableAdapter.call(Executors.java:462)
12-31 01:14:42.154 1488 1700 E PersistentDataBlockService: at java.util.concurrent.FutureTask.run(FutureTask.java:266)
12-31 01:14:42.154 1488 1700 E PersistentDataBlockService: at java.util.concurrent.ThreadPoolExecutor.runWorker(ThreadPoolExecutor.java:1167)
12-31 01:14:42.154 1488 1700 E PersistentDataBlockService: at java.util.concurrent.ThreadPoolExecutor$Worker.run(ThreadPoolExecutor.java:641)
12-31 01:14:42.154 1488 1700 E PersistentDataBlockService: at com.android.internal.util.ConcurrentUtils$1$1.run(ConcurrentUtils.java:65)
12-31 01:14:42.155 1488 1605 D PinnerService: pinRangeStream: null
12-31 01:14:42.155 1488 1605 D PinnerService: pinRangeStream: null
12-31 01:14:42.155 1488 1605 E PinnerService: Could not pin file /system/lib64/libsurfaceflinger.so
12-31 01:14:42.155 1488 1605 E PinnerService: android.system.ErrnoException: open failed: ENOENT (No such file or directory)
12-31 01:14:42.155 1488 1605 E PinnerService: at libcore.io.Linux.open(Native Method)
12-31 01:14:42.155 1488 1605 E PinnerService: at libcore.io.ForwardingOs.open(ForwardingOs.java:567)
12-31 01:14:42.155 1488 1605 E PinnerService: at libcore.io.BlockGuardOs.open(BlockGuardOs.java:273)
12-31 01:14:42.155 1488 1605 E PinnerService: at android.system.Os.open(Os.java:501)
12-31 01:14:42.155 1488 1605 E PinnerService: at com.android.server.PinnerService.pinFileRanges(PinnerService.java:939)
12-31 01:14:42.155 1488 1605 E PinnerService: at com.android.server.PinnerService.pinFile(PinnerService.java:814)
12-31 01:14:42.155 1488 1605 E PinnerService: at com.android.server.PinnerService.handlePinOnStart(PinnerService.java:273)
12-31 01:14:42.155 1488 1605 E PinnerService: at com.android.server.PinnerService.access$1600(PinnerService.java:91)
12-31 01:14:42.155 1488 1605 E PinnerService: at com.android.server.PinnerService$PinnerHandler.handleMessage(PinnerService.java:1183)
12-31 01:14:42.155 1488 1605 E PinnerService: at android.os.Handler.dispatchMessage(Handler.java:106)
12-31 01:14:42.155 1488 1605 E PinnerService: at android.os.Looper.loopOnce(Looper.java:201)
12-31 01:14:42.155 1488 1605 E PinnerService: at android.os.Looper.loop(Looper.java:288)
12-31 01:14:42.155 1488 1605 E PinnerService: at android.os.HandlerThread.run(HandlerThread.java:67)
12-31 01:14:42.155 1488 1605 E PinnerService: Failed to pin file = /system/lib64/libsurfaceflinger.so
12-31 01:14:42.156 1488 1488 I DevicePolicyManager: Set ro.organization_owned property to false
12-31 01:14:42.157 1488 1488 I SystemServerTiming: StartStatusBarManagerService
12-31 01:14:42.157 1488 1488 D SystemServer: MusicRecognitionManagerService not defined by OEM or disabled by flag
12-31 01:14:42.157 1488 1488 D SystemServer: ContentCaptureService disabled because resource is not overlaid
12-31 01:14:42.157 1488 1488 D SystemServer: AttentionService is not configured on this device
12-31 01:14:42.157 1488 1488 D SystemServer: RotationResolverService is not configured on this device
12-31 01:14:42.157 1488 1488 D SystemServer: SystemCaptionsManagerService disabled because resource is not overlaid
12-31 01:14:42.157 1488 1488 I SystemServerTiming: StartTextToSpeechManagerService
12-31 01:14:42.157 1488 1488 I SystemServiceManager: Starting com.android.server.texttospeech.TextToSpeechManagerService
12-31 01:14:42.159 1488 1488 I SystemServerTiming: StartSpeechRecognitionManagerService
12-31 01:14:42.159 1488 1488 I SystemServiceManager: Starting com.android.server.speech.SpeechRecognitionManagerService
12-31 01:14:42.159 1488 1488 D SystemServer: AppPredictionService not defined by OEM
12-31 01:14:42.160 1488 1488 D SystemServer: ContentSuggestionsService not defined by OEM
12-31 01:14:42.160 1488 1488 I SystemServerTiming: StartSearchUiService
12-31 01:14:42.160 1488 1488 I SystemServiceManager: Starting com.android.server.searchui.SearchUiManagerService
12-31 01:14:42.160 1488 1488 I SystemServerTiming: StartSmartspaceService
12-31 01:14:42.161 1488 1488 I SystemServiceManager: Starting com.android.server.smartspace.SmartspaceManagerService
12-31 01:14:42.161 1488 1488 I SystemServerTiming: InitConnectivityModuleConnector
12-31 01:14:42.161 1488 1488 D ConnectivityModuleConnector: Network stack init
12-31 01:14:42.161 1488 1488 I SystemServerTiming: InitNetworkStackClient
12-31 01:14:42.162 1488 1488 I SystemServerTiming: StartNetworkManagementService
12-31 01:14:42.164 1488 1488 I SystemServerTiming: StartIpSecService
12-31 01:14:42.165 1488 1488 I SystemServerTiming: StartFontManagerService
12-31 01:14:42.223 989 989 I auditd : type=1400 audit(0.0:208): avc: denied { read write } for comm="sensors.qti" name="diag" dev="tmpfs" ino=14398 scontext=u:r:vendor_sensors_qti:s0 tcontext=u:object_r:vendor_diag_device:s0 tclass=chr_file permissive=0
12-31 01:14:42.235 1488 1488 I SystemServerTiming: StartTextServicesManager
12-31 01:14:42.235 1488 1488 I SystemServiceManager: Starting com.android.server.textservices.TextServicesManagerService$Lifecycle
12-31 01:14:42.235 1488 1488 I SystemServerTiming: StartTextClassificationManagerService
12-31 01:14:42.235 1488 1488 I SystemServiceManager: Starting com.android.server.textclassifier.TextClassificationManagerService$Lifecycle
12-31 01:14:42.236 1488 1488 I SystemServerTiming: StartNetworkScoreService
12-31 01:14:42.236 1488 1488 I SystemServiceManager: Starting com.android.server.NetworkScoreService$Lifecycle
12-31 01:14:42.237 1488 1488 I SystemServerTiming: StartNetworkStatsService
12-31 01:14:42.242 1488 1488 I SystemServerTiming: StartNetworkPolicyManagerService
12-31 01:14:42.243 1488 1488 I SystemServerTiming: StartWifi
12-31 01:14:42.276 1488 1488 I SystemServiceManager: Starting com.android.server.wifi.WifiService --------- beginning of radio
12-31 01:14:42.314 1488 1488 D TelephonyRegistry: listen oscl: mHasNotifySubscriptionInfoChangedOccurred==false no callback
12-31 01:14:42.325 1212 1212 I wificond: New wificond event callback registered
12-31 01:14:42.328 1488 1488 V HistoricalRegistry: Interaction before persistence initialized
12-31 01:14:42.329 1488 1488 I SystemServerTiming: StartWifiScanning
12-31 01:14:42.330 1488 1488 I SystemServiceManager: Starting com.android.server.wifi.scanner.WifiScanningService
12-31 01:14:42.331 1488 1488 I SystemServerTiming: StartRttService
12-31 01:14:42.331 1488 1488 I SystemServiceManager: Starting com.android.server.wifi.rtt.RttService
12-31 01:14:42.331 1488 1488 I SystemServerTiming: StartWifiAware
12-31 01:14:42.331 1488 1488 I SystemServiceManager: Starting com.android.server.wifi.aware.WifiAwareService
12-31 01:14:42.332 1488 1488 I SystemServerTiming: StartWifiP2P
12-31 01:14:42.332 1488 1488 I SystemServiceManager: Starting com.android.server.wifi.p2p.WifiP2pService
12-31 01:14:42.333 1488 1488 I SystemServerTiming: StartEthernet
12-31 01:14:42.333 1488 1488 I SystemServiceManager: Starting com.android.server.ethernet.EthernetService
12-31 01:14:42.334 1488 1488 I SystemServerTiming: StartPacProxyService
12-31 01:14:42.334 1488 1488 I SystemServerTiming: StartConnectivityService
12-31 01:14:42.342 1488 1488 I SystemServiceManager: Starting com.android.server.ConnectivityServiceInitializer
12-31 01:14:42.351 1488 1488 D CompatibilityChangeReporter: Compat change id reported: 182478738; UID 1000; state: ENABLED
12-31 01:14:42.353 1488 1488 I SystemServerTiming: StartVpnManagerService
12-31 01:14:42.354 1488 1488 I SystemServerTiming: StartVcnManagementService
12-31 01:14:42.355 1488 1488 I SystemServerTiming: StartNsdService
12-31 01:14:42.355 1488 1488 D NsdService: Network service discovery is enabled
12-31 01:14:42.359 1488 1488 I SystemServerTiming: StartSystemUpdateManagerService
12-31 01:14:42.360 1488 1488 I SystemUpdateManagerService: No existing info file /data/system/system-update-info.xml
12-31 01:14:42.360 1488 1488 I SystemServerTiming: StartUpdateLockService
12-31 01:14:42.360 1488 1488 I SystemServerTiming: StartNotificationManager
12-31 01:14:42.361 1488 1488 I SystemServiceManager: Starting com.android.server.notification.NotificationManagerService
12-31 01:14:42.371 1488 1488 D ConditionProviders.SCP: new ScheduleConditionProvider()
12-31 01:14:42.376 1488 1488 I NotificationAssistants: Read notification assistant permissions from xml
12-31 01:14:42.376 1488 1488 I ConditionProviders: Read condition provider permissions from xml
12-31 01:14:42.376 1488 1488 I ConditionProviders: Read condition provider permissions from xml
12-31 01:14:42.377 1488 1488 D NotificationAssistants: Approving default notification assistant for user 0
12-31 01:14:42.377 1488 1488 I ConditionProviders: Allowing condition provider android.ext.services/android.ext.services.notification.Assistant (userSet: true)
12-31 01:14:42.377 1488 1488 I GameModeConfig: isGameModeOn cache is null
12-31 01:14:42.378 1488 1488 I GameModeConfig: isGameModeOn = false
12-31 01:14:42.379 1488 1488 D CompatibilityChangeReporter: Compat change id reported: 157233955; UID 1000; state: ENABLED
12-31 01:14:42.382 1488 1488 I SystemServerTiming: StartDeviceMonitor
12-31 01:14:42.382 1488 1488 I SystemServiceManager: Starting com.android.server.storage.DeviceStorageMonitorService
12-31 01:14:42.389 1488 1488 I SystemServerTiming: StartLocationManagerService
12-31 01:14:42.389 1488 1488 I SystemServiceManager: Starting com.android.server.location.LocationManagerService$Lifecycle
12-31 01:14:42.389 1488 1745 I storage_state: [41217664-9172-527a-b3d5-edabb50a7d69,0,0,116279160832,118610538496]
12-31 01:14:42.391 1488 1488 I SystemServerTiming: StartCountryDetectorService
12-31 01:14:42.391 1488 1488 I SystemServerTiming: StartTimeDetectorService
12-31 01:14:42.391 1488 1488 I SystemServiceManager: Starting com.android.server.timedetector.TimeDetectorService$Lifecycle
12-31 01:14:42.394 1488 1488 I SystemServerTiming: StartTimeZoneDetectorService
12-31 01:14:42.395 1488 1488 I SystemServiceManager: Starting com.android.server.timezonedetector.TimeZoneDetectorService$Lifecycle
12-31 01:14:42.397 1488 1488 I SystemServerTiming: StartLocationTimeZoneManagerService
12-31 01:14:42.397 1488 1488 I SystemServiceManager: Starting com.android.server.timezonedetector.location.LocationTimeZoneManagerService$Lifecycle
12-31 01:14:42.397 1488 1488 I SystemServerTiming: StartSearchManagerService
12-31 01:14:42.397 1488 1488 I SystemServiceManager: Starting com.android.server.search.SearchManagerService$Lifecycle
12-31 01:14:42.398 1488 1488 I SystemServerTiming: StartWallpaperManagerService
12-31 01:14:42.398 1488 1488 I SystemServiceManager: Starting com.android.server.wallpaper.WallpaperManagerService$Lifecycle
12-31 01:14:42.398 1488 1488 I SystemServerTiming: StartAudioService
12-31 01:14:42.398 1488 1488 I SystemServiceManager: Starting com.android.server.audio.AudioService$Lifecycle
12-31 01:14:42.423 989 989 I auditd : type=1400 audit(0.0:209): avc: denied { read write } for comm="sensors.qti" name="diag" dev="tmpfs" ino=14398 scontext=u:r:vendor_sensors_qti:s0 tcontext=u:object_r:vendor_diag_device:s0 tclass=chr_file permissive=0
12-31 01:14:42.434 1488 1698 V HistoricalRegistry: Interaction before persistence initialized
12-31 01:14:42.532 1488 1488 I SystemServerTiming: StartSoundTriggerMiddlewareService
12-31 01:14:42.532 1488 1488 I SystemServiceManager: Starting com.android.server.soundtrigger_middleware.SoundTriggerMiddlewareService$Lifecycle
12-31 01:14:42.534 1488 1488 I SystemServerTiming: StartDockObserver
12-31 01:14:42.534 1488 1488 I SystemServiceManager: Starting com.android.server.DockObserver
12-31 01:14:42.535 1488 1488 W DockObserver: This kernel does not have dock station support
12-31 01:14:42.535 1488 1488 I SystemServerTiming: StartWiredAccessoryManager
12-31 01:14:42.535 1488 1488 W WiredAccessoryManager: This kernel does not have usb audio support
12-31 01:14:42.535 1488 1488 W WiredAccessoryManager: This kernel does not have HDMI audio support
12-31 01:14:42.535 1488 1488 E WiredAccessoryManager: file /sys/devices/platform/soc/soc:qcom,msm-ext-disp/extcon/extcon3/name not found
12-31 01:14:42.535 1488 1488 W WiredAccessoryManager: Conn soc:qcom,msm-ext-disp/3/0 does not have DP audio support
12-31 01:14:42.535 1488 1488 E WiredAccessoryManager: file /sys/devices/platform/soc/soc:qcom,msm-ext-disp/extcon/extcon2/name not found
12-31 01:14:42.535 1488 1488 W WiredAccessoryManager: Conn soc:qcom,msm-ext-disp/2/0 does not have DP audio support
12-31 01:14:42.536 1488 1488 E WiredAccessoryManager: set dev_index 1
12-31 01:14:42.536 1488 1488 W WiredAccessoryManager: checkCableIndex set cable 0
12-31 01:14:42.536 1488 1488 E WiredAccessoryManager: set dev_index 0
12-31 01:14:42.536 1488 1488 W WiredAccessoryManager: checkCableIndex set cable 0
12-31 01:14:42.536 1488 1488 I SystemServerTiming: StartMidiManager
12-31 01:14:42.536 1488 1488 I SystemServiceManager: Starting com.android.server.midi.MidiService$Lifecycle
12-31 01:14:42.536 1488 1488 I SystemServerTiming: StartAdbService
12-31 01:14:42.536 1488 1488 I SystemServiceManager: Starting com.android.server.adb.AdbService$Lifecycle
12-31 01:14:42.537 1488 1488 I SystemServerTiming: StartUsbService
12-31 01:14:42.537 1488 1488 I SystemServiceManager: Starting com.android.server.usb.UsbService$Lifecycle
12-31 01:14:42.537 1488 1488 I SystemServerTiming: StartSerialService
12-31 01:14:42.537 1488 1600 I SystemServerTimingAsync: InitThreadPoolExec:UsbService$Lifecycle#onStart
12-31 01:14:42.537 1488 1488 I SystemServerTiming: StartHardwarePropertiesManagerService
12-31 01:14:42.537 1488 1600 E UsbDeviceManager: failed to write to /sys/class/android_usb/android0/f_rndis/ethaddr
12-31 01:14:42.538 1488 1600 I UsbDeviceManager: USB GADGET HAL not present in the device
12-31 01:14:42.538 1488 1600 I UsbDeviceManager: java.util.NoSuchElementException
12-31 01:14:42.538 1488 1600 I UsbDeviceManager: at android.os.HwBinder.getService(Native Method)
12-31 01:14:42.538 1488 1600 I UsbDeviceManager: at android.hardware.usb.gadget.V1_0.IUsbGadget.getService(IUsbGadget.java:57)
12-31 01:14:42.538 1488 1600 I UsbDeviceManager: at android.hardware.usb.gadget.V1_0.IUsbGadget.getService(IUsbGadget.java:64)
12-31 01:14:42.538 1488 1600 I UsbDeviceManager: at com.android.server.usb.UsbDeviceManager.(UsbDeviceManager.java:293)
12-31 01:14:42.538 1488 1600 I UsbDeviceManager: at com.android.server.usb.UsbService.(UsbService.java:178)
12-31 01:14:42.538 1488 1600 I UsbDeviceManager: at com.android.server.usb.UsbService$Lifecycle.lambda$onStart$0$UsbService$Lifecycle(UsbService.java:92)
12-31 01:14:42.538 1488 1600 I UsbDeviceManager: at com.android.server.usb.UsbService$Lifecycle$$ExternalSyntheticLambda1.run(Unknown Source:2)
12-31 01:14:42.538 1488 1600 I UsbDeviceManager: at com.android.server.SystemServerInitThreadPool.lambda$submitTask$0$SystemServerInitThreadPool(SystemServerInitThreadPool.java:105)
12-31 01:14:42.538 1488 1600 I UsbDeviceManager: at com.android.server.SystemServerInitThreadPool$$ExternalSyntheticLambda0.run(Unknown Source:6)
12-31 01:14:42.538 1488 1600 I UsbDeviceManager: at java.util.concurrent.Executors$RunnableAdapter.call(Executors.java:462)
12-31 01:14:42.538 1488 1600 I UsbDeviceManager: at java.util.concurrent.FutureTask.run(FutureTask.java:266)
12-31 01:14:42.538 1488 1600 I UsbDeviceManager: at java.util.concurrent.ThreadPoolExecutor.runWorker(ThreadPoolExecutor.java:1167)
12-31 01:14:42.538 1488 1600 I UsbDeviceManager: at java.util.concurrent.ThreadPoolExecutor$Worker.run(ThreadPoolExecutor.java:641)
12-31 01:14:42.538 1488 1600 I UsbDeviceManager: at com.android.internal.util.ConcurrentUtils$1$1.run(ConcurrentUtils.java:65)
12-31 01:14:42.538 1488 1600 E UsbDeviceManager: Failed to open control for mtp
12-31 01:14:42.538 1488 1600 E UsbDeviceManager: Failed to open control for ptp
12-31 01:14:42.538 1488 1600 W StorageManagerService: No primary storage defined yet; hacking together a stub
12-31 01:14:42.538 1488 1488 I SystemServerTiming: StartTwilightService
12-31 01:14:42.538 1488 1488 I SystemServiceManager: Starting com.android.server.twilight.TwilightService
12-31 01:14:42.538 1488 1488 I SystemServerTiming: StartColorDisplay
12-31 01:14:42.538 1488 1488 I SystemServiceManager: Starting com.android.server.display.color.ColorDisplayService
12-31 01:14:42.539 1488 1488 I SystemServerTiming: StartJobScheduler
12-31 01:14:42.539 1488 1488 I SystemServiceManager: Starting com.android.server.job.JobSchedulerService
12-31 01:14:42.540 1488 1685 I UsbPortManager: Usb hal service started android.hardware.usb@1.0::IUsb default
12-31 01:14:42.541 1488 1488 D JobStore: Start tag: job-info
12-31 01:14:42.541 1488 1488 W JobStore: Periodic job for uid='10093' persisted run-time is too big [360:00:24, 720:00:24]. Clamping to [360:00:08,720:00:08]
12-31 01:14:42.542 1488 1488 W JobStore: Periodic job for uid='1000' persisted run-time is too big [24:00:20, 48:00:20]. Clamping to [24:00:08,48:00:08]
12-31 01:14:42.542 1488 1488 W JobStore: Periodic job for uid='1000' persisted run-time is too big [24:00:24, 48:00:24]. Clamping to [24:00:08,48:00:08]
12-31 01:14:42.543 1488 1488 W JobStore: Periodic job for uid='1000' persisted run-time is too big [360:00:24, 720:00:24]. Clamping to [360:00:08,720:00:08]
12-31 01:14:42.543 1488 1488 W JobStore: Periodic job for uid='1000' persisted run-time is too big [24:00:24, 48:00:24]. Clamping to [24:00:08,48:00:08]
12-31 01:14:42.543 1488 1488 I JobStore: Read 6 jobs
12-31 01:14:42.545 1488 1600 I UsbPortManager: USB HAL version: 12
12-31 01:14:42.545 1488 1488 V HistoricalRegistry: Interaction before persistence initialized
12-31 01:14:42.545 1488 1488 V HistoricalRegistry: Interaction before persistence initialized
12-31 01:14:42.546 1488 1488 W JobScheduler: !!! RTC not yet good; tracking time updates for job scheduling
12-31 01:14:42.546 1488 1488 I SystemServerTiming: StartSoundTrigger
12-31 01:14:42.546 1488 1488 I SystemServiceManager: Starting com.android.server.soundtrigger.SoundTriggerService
12-31 01:14:42.546 1488 1488 I SystemServerTiming: StartTrustManager
12-31 01:14:42.546 1488 1488 I SystemServiceManager: Starting com.android.server.trust.TrustManagerService
12-31 01:14:42.547 1488 1488 I SystemServerTiming: StartBackupManager
12-31 01:14:42.547 1488 1488 I SystemServiceManager: Starting com.android.server.backup.BackupManagerService$Lifecycle
12-31 01:14:42.547 1488 1488 I SystemServerTiming: StartAppWidgetService
12-31 01:14:42.547 1488 1488 I SystemServiceManager: Starting com.android.server.appwidget.AppWidgetService
12-31 01:14:42.548 1488 1488 I SystemServerTiming: StartVoiceRecognitionManager
12-31 01:14:42.548 1488 1488 I SystemServiceManager: Starting com.android.server.voiceinteraction.VoiceInteractionManagerService
12-31 01:14:42.551 1488 1488 I SystemServerTiming: StartAppHibernationService
12-31 01:14:42.551 1488 1488 I SystemServiceManager: Starting com.android.server.apphibernation.AppHibernationService
12-31 01:14:42.552 1488 1488 I SystemServerTiming: StartGestureLauncher
12-31 01:14:42.552 1488 1488 I SystemServiceManager: Starting com.android.server.GestureLauncherService
12-31 01:14:42.552 1488 1488 I SystemServerTiming: StartSensorNotification
12-31 01:14:42.552 1488 1488 I SystemServiceManager: Starting com.android.server.SensorNotificationService
12-31 01:14:42.552 1488 1488 I SystemServerTiming: StartDiskStatsService
12-31 01:14:42.553 1488 1488 I SystemServerTiming: RuntimeService
12-31 01:14:42.551 1488 1488 I auditd : type=1400 audit(0.0:210): avc: denied { read } for comm="system_server" name="u:object_r:vendor_default_prop:s0" dev="tmpfs" ino=11721 scontext=u:r:system_server:s0 tcontext=u:object_r:vendor_default_prop:s0 tclass=file permissive=0
12-31 01:14:42.553 1488 1488 I SystemServerTiming: StartNetworkTimeUpdateService
12-31 01:14:42.554 1488 1488 I SystemServerTiming: CertBlacklister
12-31 01:14:42.554 1488 1488 I SystemServerTiming: StartEmergencyAffordanceService
12-31 01:14:42.554 1488 1488 I SystemServiceManager: Starting com.android.server.emergency.EmergencyAffordanceService
12-31 01:14:42.554 1488 1488 I SystemServerTiming: startBlobStoreManagerService
12-31 01:14:42.554 1488 1488 I SystemServiceManager: Starting com.android.server.blob.BlobStoreManagerService
12-31 01:14:42.555 1488 1488 I SystemServerTiming: StartDreamManager
12-31 01:14:42.555 1488 1488 I SystemServiceManager: Starting com.android.server.dreams.DreamManagerService
12-31 01:14:42.555 1488 1488 I SystemServerTiming: AddGraphicsStatsService
12-31 01:14:42.558 1488 1488 I SystemServerTiming: StartCompanionDeviceManager
12-31 01:14:42.558 1488 1488 I SystemServiceManager: Starting com.android.server.companion.CompanionDeviceManagerService
12-31 01:14:42.559 1488 1488 I SystemServerTiming: StartRestrictionManager
12-31 01:14:42.559 1488 1488 I SystemServiceManager: Starting com.android.server.restrictions.RestrictionsManagerService
12-31 01:14:42.559 1488 1488 I SystemServerTiming: StartMediaSessionService
12-31 01:14:42.559 1488 1488 I SystemServiceManager: Starting com.android.server.media.MediaSessionService
12-31 01:14:42.560 1488 1488 I SystemServerTiming: StartMediaResourceMonitor
12-31 01:14:42.561 1488 1488 I SystemServiceManager: Starting com.android.server.media.MediaResourceMonitorService
12-31 01:14:42.561 1488 1488 I SystemServerTiming: StartMediaRouterService
12-31 01:14:42.561 1488 1488 V HistoricalRegistry: Interaction before persistence initialized
12-31 01:14:42.562 1488 1488 I SystemServerTiming: StartFingerprintSensor
12-31 01:14:42.562 1488 1488 I SystemServiceManager: Starting com.android.server.biometrics.sensors.fingerprint.FingerprintService
12-31 01:14:42.562 1488 1488 I SystemServerTiming: StartBiometricService
12-31 01:14:42.562 1488 1488 I SystemServiceManager: Starting com.android.server.biometrics.BiometricService
12-31 01:14:42.564 1488 1488 I SystemServerTiming: StartAuthService
12-31 01:14:42.564 1488 1488 I SystemServiceManager: Starting com.android.server.biometrics.AuthService
12-31 01:14:42.564 1488 1488 D AuthService: Registering HIDL ID: 0 Modality: 2 Strength: 15
12-31 01:14:42.564 1488 1488 D AuthService: Registering HIDL ID: 1 Modality: 8 Strength: 15
12-31 01:14:42.568 1488 1488 E AuthService: HIDL face configuration exists, but FaceService is null.
12-31 01:14:42.568 1488 1488 I SystemServerTiming: StartBackgroundDexOptService
12-31 01:14:42.569 1488 1488 W BackgroundDexOptService: SysProp pm.dexopt.downgrade_after_inactive_days not set
12-31 01:14:42.569 1488 1488 I SystemServerTiming: StartDynamicCodeLoggingService
12-31 01:14:42.569 1488 1488 I SystemServerTiming: StartPruneInstantAppsJobService
12-31 01:14:42.569 1488 1488 I SystemServerTiming: StartShortcutServiceLifecycle
12-31 01:14:42.569 1488 1488 I SystemServiceManager: Starting com.android.server.pm.ShortcutService$Lifecycle
12-31 01:14:42.570 1488 1488 V HistoricalRegistry: Interaction before persistence initialized
12-31 01:14:42.570 1488 1488 I SystemServerTiming: StartLauncherAppsService
12-31 01:14:42.570 1488 1488 I SystemServiceManager: Starting com.android.server.pm.LauncherAppsService
12-31 01:14:42.571 1488 1488 I SystemServerTiming: StartCrossProfileAppsService
12-31 01:14:42.571 1488 1488 I SystemServiceManager: Starting com.android.server.pm.CrossProfileAppsService
12-31 01:14:42.571 1488 1488 I SystemServerTiming: StartPeopleService
12-31 01:14:42.571 1488 1488 I SystemServiceManager: Starting com.android.server.people.PeopleService
12-31 01:14:42.571 1488 1488 I SystemServerTiming: StartMediaMetricsManager
12-31 01:14:42.571 1488 1488 I SystemServiceManager: Starting com.android.server.media.metrics.MediaMetricsManagerService
12-31 01:14:42.572 1488 1818 D BiometricService: Registering ID: 0 Modality: 2 Strength: 15
12-31 01:14:42.572 1488 1818 D BiometricStrengthController: updateStrengths: revert sensorId=0 to oemStrength=15
12-31 01:14:42.572 1488 1818 D BiometricService/Sensor: updateStrength: Before(ID(0), oemStrength: 15, updatedStrength: 15, modality 2, state: 0, cookie: 0, props: ID: 0, Strength: 2, Type: 1) After(ID(0), oemStrength: 15, updatedStrength: 15, modality 2, state: 0, cookie: 0, props: ID: 0, Strength: 2, Type: 1)
12-31 01:14:42.572 1488 1488 I SystemServerTiming: StartMediaProjectionManager
12-31 01:14:42.572 1488 1488 I SystemServiceManager: Starting com.android.server.media.projection.MediaProjectionManagerService
12-31 01:14:42.573 1488 1488 I SystemServerTiming: StartSliceManagerService
12-31 01:14:42.573 1488 1488 I SystemServiceManager: Starting com.android.server.slice.SliceManagerService$Lifecycle
12-31 01:14:42.575 1488 1488 I SystemServerTiming: StartStatsCompanion
12-31 01:14:42.575 1488 1667 I commit_sys_config_file: [settings-2-0,1]
12-31 01:14:42.578 1488 1488 I SystemServiceManager: Starting com.android.server.stats.StatsCompanion$Lifecycle
12-31 01:14:42.579 1488 1488 I SystemServerTiming: StartRebootReadinessManagerService
12-31 01:14:42.583 1488 1488 I SystemServiceManager: Starting com.android.server.scheduling.RebootReadinessManagerService$Lifecycle
12-31 01:14:42.585 1488 1488 I SystemServerTiming: StartStatsPullAtomService
12-31 01:14:42.585 1488 1488 I SystemServiceManager: Starting com.android.server.stats.pull.StatsPullAtomService
12-31 01:14:42.585 1488 1488 I SystemServerTiming: StartIncidentCompanionService
12-31 01:14:42.585 1488 1488 I SystemServiceManager: Starting com.android.server.incident.IncidentCompanionService
12-31 01:14:42.585 1488 1488 I SystemServerTiming: StartMmsService
12-31 01:14:42.585 1488 1488 I SystemServiceManager: Starting com.android.server.MmsServiceBroker
12-31 01:14:42.586 1488 1488 I SystemServerTiming: StartAutoFillService
12-31 01:14:42.586 1488 1488 I SystemServiceManager: Starting com.android.server.autofill.AutofillManagerService
12-31 01:14:42.587 1488 1488 D SystemServer: TranslationService not defined by OEM
12-31 01:14:42.587 1488 1488 I SystemServerTiming: StartClipboardService
12-31 01:14:42.587 1488 1488 I SystemServiceManager: Starting com.android.server.clipboard.ClipboardService
12-31 01:14:42.587 1488 1488 I SystemServerTiming: AppServiceManager
12-31 01:14:42.587 1488 1488 I SystemServiceManager: Starting com.android.server.appbinding.AppBindingService$Lifecycle
12-31 01:14:42.588 1488 1488 I SystemServerTiming: startTracingServiceProxy
12-31 01:14:42.588 1488 1488 I SystemServiceManager: Starting com.android.server.tracing.TracingServiceProxy
12-31 01:14:42.588 1488 1488 I SystemServerTiming: MakeLockSettingsServiceReady
12-31 01:14:42.591 1488 1488 I SyntheticPasswordManager: Device does not support weaver
12-31 01:14:42.591 1488 1488 I LockSettingsService: Device doesn't implement AuthSecret HAL
12-31 01:14:42.591 1488 1488 I SystemServerTiming: StartBootPhaseLockSettingsReady
12-31 01:14:42.591 1488 1488 I SystemServiceManager: Starting phase 480
12-31 01:14:42.591 1488 1488 I SystemServerTiming: OnBootPhase_480
12-31 01:14:42.591 1488 1488 I SystemServerTiming: OnBootPhase_480_com.android.server.security.FileIntegrityService
12-31 01:14:42.591 1488 1488 I SystemServerTiming: OnBootPhase_480_com.android.server.pm.Installer
12-31 01:14:42.591 1488 1488 I SystemServerTiming: OnBootPhase_480_com.android.server.os.DeviceIdentifiersPolicyService
12-31 01:14:42.591 1488 1488 I SystemServerTiming: OnBootPhase_480_com.android.server.uri.UriGrantsManagerService$Lifecycle
12-31 01:14:42.591 1488 1488 I SystemServerTiming: OnBootPhase_480_com.android.server.powerstats.PowerStatsService
12-31 01:14:42.591 1488 1488 I SystemServerTiming: OnBootPhase_480_com.android.server.wm.ActivityTaskManagerService$Lifecycle
12-31 01:14:42.591 1488 1488 I SystemServerTiming: OnBootPhase_480_com.android.server.am.ActivityManagerService$Lifecycle
