12-31 01:14:42.985 1488 1488 I SystemServerTiming: OnBootPhase_600_com.android.server.media.MediaCommunicationService
12-31 01:14:42.985 1488 1488 I SystemServerTiming: StartNetworkStack
12-31 01:14:42.985 1488 1488 D ConnectivityModuleConnector: Starting networking module android.net.INetworkStackConnector
12-31 01:14:42.986 1488 1488 D ConnectivityModuleConnector: Starting networking module in network_stack process
12-31 01:14:42.987 1488 1488 I am_uid_running: 1073
12-31 01:14:42.987 1488 1488 D CompatibilityChangeReporter: Compat change id reported: 135634846; UID 1073; state: DISABLED
12-31 01:14:42.987 1488 1488 D CompatibilityChangeReporter: Compat change id reported: 177438394; UID 1073; state: DISABLED
12-31 01:14:42.988 1488 1488 D CompatibilityChangeReporter: Compat change id reported: 135772972; UID 1073; state: DISABLED
12-31 01:14:42.988 1488 1488 D CompatibilityChangeReporter: Compat change id reported: 135754954; UID 1073; state: ENABLED
12-31 01:14:42.988 1488 1488 D ConnectivityModuleConnector: Networking module service start requested
12-31 01:14:42.988 1488 1488 I SystemServerTiming: StartTethering
12-31 01:14:42.988 1488 1488 D ConnectivityModuleConnector: Starting networking module android.net.ITetheringConnector
12-31 01:14:42.989 1488 1488 D ConnectivityModuleConnector: Starting networking module in network_stack process
12-31 01:14:42.989 1488 1488 D ConnectivityModuleConnector: Networking module service start requested
12-31 01:14:42.989 1488 1488 I SystemServerTiming: MakeCountryDetectionServiceReady
12-31 01:14:42.990 1488 1488 I SystemServerTiming: MakeNetworkTimeUpdateReady
12-31 01:14:42.991 1488 1488 I SystemServerTiming: MakeInputManagerServiceReady
12-31 01:14:42.992 1488 1488 I configuration_changed: 16384
12-31 01:14:42.992 1488 1488 I ActivityTaskManager: Config changes=4000 {1.0 ?mcc?mnc [zh_CN] ldltr sw680dp w1586dp h584dp 240dpi lrg long hdr land finger -keyb/v/h -nav/h winConfig={ mBounds=Rect(0, 0 - 2380, 1020) mAppBounds=Rect(0, 0 - 2380, 948) mMaxBounds=Rect(0, 0 - 2380, 1020) mWindowingMode=fullscreen mDisplayWindowingMode=fullscreen mActivityType=undefined mAlwaysOnTop=undefined mRotation=ROTATION_0} s.10 fontWeightAdjustment=0}
12-31 01:14:42.994 1488 1698 W StorageManagerService: No primary storage defined yet; hacking together a stub
12-31 01:14:42.994 1488 1488 I WindowManager: Override config changes=4000 {1.0 ?mcc?mnc [zh_CN] ldltr sw680dp w1586dp h584dp 240dpi lrg long hdr land finger -keyb/v/h -nav/h winConfig={ mBounds=Rect(0, 0 - 2380, 1020) mAppBounds=Rect(0, 0 - 2380, 948) mMaxBounds=Rect(0, 0 - 2380, 1020) mWindowingMode=fullscreen mDisplayWindowingMode=fullscreen mActivityType=undefined mAlwaysOnTop=undefined mRotation=ROTATION_0} s.10 fontWeightAdjustment=0} for displayId=0
12-31 01:14:42.997 1488 1488 I SystemServerTiming: MakeTelephonyRegistryReady
12-31 01:14:42.998 1488 1488 D TelephonyRegistry: systemRunning register for intents
12-31 01:14:42.999 1488 1488 I SystemServerTiming: MakeMediaRouterServiceReady
12-31 01:14:42.999 1488 1488 I SystemServerTiming: MakeMmsServiceReady
12-31 01:14:42.999 1488 1488 I MmsServiceBroker: Delay connecting to MmsService until an API is called
12-31 01:14:42.999 1488 1488 I SystemServerTiming: IncidentDaemonReady
12-31 01:14:43.000 1488 1488 I SystemServerTiming: MakeIncrementalServiceReady
12-31 01:14:43.000 1488 1488 I SystemServerTiming: getCurrentUser
12-31 01:14:43.000 1488 1488 I ActivityManager: Current user:0
12-31 01:14:43.000 1488 1488 I SystemServerTiming: ActivityManagerStartApps
12-31 01:14:43.000 1488 1488 I ssm_user_starting: 0
12-31 01:14:43.000 1488 1488 I SystemServerTiming: ssm.StartUser-0
12-31 01:14:43.000 1488 1488 I SystemServiceManager: Calling onStartUser 0
12-31 01:14:43.000 1488 1488 I SystemServerTiming: ssm.onStartUser-0_com.android.server.security.FileIntegrityService
12-31 01:14:43.000 1488 1488 I SystemServerTiming: ssm.onStartUser-0_com.android.server.pm.Installer
12-31 01:14:43.000 1488 1488 I SystemServerTiming: ssm.onStartUser-0_com.android.server.os.DeviceIdentifiersPolicyService
12-31 01:14:43.000 1488 1488 I SystemServerTiming: ssm.onStartUser-0_com.android.server.uri.UriGrantsManagerService$Lifecycle
12-31 01:14:43.000 1488 1488 I SystemServerTiming: ssm.onStartUser-0_com.android.server.powerstats.PowerStatsService
12-31 01:14:43.000 1488 1488 I SystemServerTiming: ssm.onStartUser-0_com.android.server.wm.ActivityTaskManagerService$Lifecycle
12-31 01:14:43.000 1488 1488 I SystemServerTiming: ssm.onStartUser-0_com.android.server.am.ActivityManagerService$Lifecycle
12-31 01:14:43.000 1488 1488 I SystemServerTiming: ssm.onStartUser-0_com.android.server.pm.DataLoaderManagerService
12-31 01:14:43.000 1488 1488 I SystemServerTiming: ssm.onStartUser-0_com.android.server.power.PowerManagerService
12-31 01:14:43.001 1488 1488 I SystemServerTiming: ssm.onStartUser-0_com.android.server.power.ThermalManagerService
12-31 01:14:43.001 1488 1488 I SystemServerTiming: ssm.onStartUser-0_com.android.server.power.hint.HintManagerService
12-31 01:14:43.001 1488 1488 I SystemServerTiming: ssm.onStartUser-0_com.android.server.recoverysystem.RecoverySystemService$Lifecycle
12-31 01:14:43.001 1488 1488 I SystemServerTiming: ssm.onStartUser-0_com.android.server.lights.LightsService
12-31 01:14:43.001 1488 1488 I SystemServerTiming: ssm.onStartUser-0_com.android.server.display.DisplayManagerService
12-31 01:14:43.001 1488 1488 I SystemServerTiming: ssm.onStartUser-0_com.android.server.pm.verify.domain.DomainVerificationService
12-31 01:14:43.001 1488 1488 I SystemServerTiming: ssm.onStartUser-0_com.android.server.pm.PackageInstallerService$Lifecycle
12-31 01:14:43.001 1488 1488 I SystemServerTiming: ssm.onStartUser-0_com.android.server.pm.UserManagerService$LifeCycle
12-31 01:14:43.001 1488 1488 I SystemServerTiming: ssm.onStartUser-0_com.android.server.om.OverlayManagerService
12-31 01:14:43.001 1488 1488 I SystemServerTiming: ssm.onStartUser-0_com.android.server.SensorPrivacyService
12-31 01:14:43.001 1488 1488 I SystemServerTiming: ssm.onStartUser-0_com.android.server.thunderperf.ThunderBoostPerfService
12-31 01:14:43.001 1488 1488 I SystemServerTiming: ssm.onStartUser-0_com.android.server.sensors.SensorService
12-31 01:14:43.001 1488 1488 I SystemServerTiming: ssm.onStartUser-0_com.android.server.SystemConfigService
12-31 01:14:43.001 1488 1488 I SystemServerTiming: ssm.onStartUser-0_com.android.server.BatteryService
12-31 01:14:43.001 1488 1488 I SystemServerTiming: ssm.onStartUser-0_com.android.server.usage.UsageStatsService
12-31 01:14:43.001 1488 1488 I SystemServerTiming: ssm.onStartUser-0_com.android.server.webkit.WebViewUpdateService
12-31 01:14:43.001 1488 1488 I SystemServerTiming: ssm.onStartUser-0_com.android.server.CachedDeviceStateService
12-31 01:14:43.001 1488 1488 I SystemServerTiming: ssm.onStartUser-0_com.android.server.BinderCallsStatsService$LifeCycle
12-31 01:14:43.001 1488 1488 I SystemServerTiming: ssm.onStartUser-0_com.android.server.LooperStatsService$Lifecycle
12-31 01:14:43.001 1488 1488 I SystemServerTiming: ssm.onStartUser-0_com.android.server.rollback.RollbackManagerService
12-31 01:14:43.001 1488 1488 I SystemServerTiming: ssm.onStartUser-0_com.android.server.os.NativeTombstoneManagerService
12-31 01:14:43.001 1488 1488 I SystemServerTiming: ssm.onStartUser-0_com.android.server.os.BugreportManagerService
12-31 01:14:43.001 1488 1488 I SystemServerTiming: ssm.onStartUser-0_com.android.server.gpu.GpuService
12-31 01:14:43.001 1488 1605 I service_manager_slow: [17,alarm]
12-31 01:14:43.001 1488 1488 I SystemServerTiming: ssm.onStartUser-0_com.android.server.security.KeyChainSystemService
12-31 01:14:43.001 1488 1488 I SystemServerTiming: ssm.onStartUser-0_com.android.server.telecom.TelecomLoaderService
12-31 01:14:43.001 1488 1488 I SystemServerTiming: ssm.onStartUser-0_com.android.server.accounts.AccountManagerService$Lifecycle
12-31 01:14:43.001 1488 1488 I SystemServerTiming: ssm.onStartUser-0_com.android.server.content.ContentService$Lifecycle
12-31 01:14:43.001 1488 1488 I SystemServerTiming: ssm.onStartUser-0_com.android.server.DropBoxManagerService
12-31 01:14:43.001 1488 1488 I SystemServerTiming: ssm.onStartUser-0_com.android.role.RoleService
12-31 01:14:43.005 1488 1488 I SystemServerTiming: ssm.onStartUser-0_com.android.server.vibrator.VibratorManagerService$Lifecycle
12-31 01:14:43.005 1488 1488 I SystemServerTiming: ssm.onStartUser-0_com.android.server.alarm.AlarmManagerService
12-31 01:14:43.006 1488 1488 I SystemServerTiming: ssm.onStartUser-0_com.android.server.devicestate.DeviceStateManagerService
12-31 01:14:43.006 1488 1488 I SystemServerTiming: ssm.onStartUser-0_com.android.server.camera.CameraServiceProxy
12-31 01:14:43.007 1488 1488 I SystemServerTiming: ssm.onStartUser-0_com.android.server.BluetoothService
12-31 01:14:43.007 1488 1488 I SystemServerTiming: ssm.onStartUser-0_com.android.server.connectivity.IpConnectivityMetrics
12-31 01:14:43.007 1488 1488 I SystemServerTiming: ssm.onStartUser-0_com.android.server.net.watchlist.NetworkWatchlistService$Lifecycle
12-31 01:14:43.007 1488 1488 I SystemServerTiming: ssm.onStartUser-0_com.android.server.PinnerService
12-31 01:14:43.007 1488 1488 I SystemServerTiming: ssm.onStartUser-0_com.google.android.startop.iorap.IorapForwardingService
12-31 01:14:43.007 1488 1488 I SystemServerTiming: ssm.onStartUser-0_com.android.server.ActivityTriggerService
12-31 01:14:43.007 1488 1488 I SystemServerTiming: ssm.onStartUser-0_com.android.server.integrity.AppIntegrityManagerService
12-31 01:14:43.007 1488 1488 I SystemServerTiming: ssm.onStartUser-0_com.android.server.inputmethod.InputMethodManagerService$Lifecycle
12-31 01:14:43.007 1488 1488 I SystemServerTiming: ssm.onStartUser-0_com.android.server.accessibility.AccessibilityManagerService$Lifecycle
12-31 01:14:43.008 1488 1488 I SystemServerTiming: ssm.onStartUser-0_com.android.server.StorageManagerService$Lifecycle
12-31 01:14:43.011 1488 1607 W ActivityManager: Slow operation: 126ms so far, now at startProcess: returned from zygote!
12-31 01:14:43.012 1488 1605 I netstats_mobile_sample: [0,0,0,0,0,0,0,0,0,0,0,0,1672420483012]
12-31 01:14:43.012 1488 1605 I netstats_wifi_sample: [0,0,0,0,0,0,0,0,0,0,0,0,1672420483012]
12-31 01:14:43.012 1488 1488 V StorageManagerService: Package com.sohu.inputmethod.sogou.car has legacy storage
12-31 01:14:43.012 1488 1488 V StorageManagerService: Package android.frameworkres.overlay does not have legacy storage
12-31 01:14:43.013 1488 1488 V StorageManagerService: Package com.android.cts.priv.ctsshim does not have legacy storage
12-31 01:14:43.013 1488 1607 W ActivityManager: Slow operation: 127ms so far, now at startProcess: done updating battery stats
12-31 01:14:43.013 1488 1607 I am_proc_start: [0,2011,1037,WebViewLoader-armeabi-v7a,NULL,]
12-31 01:14:43.013 1488 1488 V StorageManagerService: Package com.thundercomm.gamemode.provider does not have legacy storage
12-31 01:14:43.013 1488 1607 W ActivityManager: Slow operation: 127ms so far, now at startProcess: building log message
12-31 01:14:43.013 1488 1607 I ActivityManager: Start proc 2011:WebViewLoader-armeabi-v7a/1037 [android.webkit.WebViewLibraryLoader$RelroFileCreator] for null
12-31 01:14:43.013 1488 1607 W ActivityManager: Slow operation: 127ms so far, now at startProcess: starting to update pids map
12-31 01:14:43.013 1488 1488 V StorageManagerService: Package com.thundercomm.gamemode does not have legacy storage
12-31 01:14:43.013 1488 1488 V StorageManagerService: Package com.thundercomm.microservice does not have legacy storage
12-31 01:14:43.013 1488 1488 V StorageManagerService: Package com.android.dynsystem does not have legacy storage
12-31 01:14:43.013 1488 1607 W ActivityManager: Slow operation: 127ms so far, now at startProcess: done updating pids map
12-31 01:14:43.013 1488 1607 W ActivityManager: Slow operation: 126ms so far, now at startProcess: asking zygote to start proc
12-31 01:14:43.013 1488 1488 V StorageManagerService: Package com.hht.lebocast does not have legacy storage
12-31 01:14:43.013 1488 1488 V StorageManagerService: Package com.android.providers.calendar does not have legacy storage
12-31 01:14:43.013 1488 1488 V StorageManagerService: Package com.android.providers.media does not have legacy storage
12-31 01:14:43.013 1488 1488 V StorageManagerService: Package com.android.internal.systemui.navbar.gestural_wide_back does not have legacy storage
12-31 01:14:43.013 1488 1488 V StorageManagerService: Package com.android.wallpapercropper does not have legacy storage
12-31 01:14:43.013 1488 1488 V StorageManagerService: Package com.thundercomm.microsettings does not have legacy storage
12-31 01:14:43.013 1488 1488 V StorageManagerService: Package com.qualcomm.qti.gpudrivers.kona.api30 does not have legacy storage
12-31 01:14:43.013 1488 1488 V StorageManagerService: Package com.android.documentsui does not have legacy storage
12-31 01:14:43.013 1488 1488 V StorageManagerService: Package com.android.externalstorage does not have legacy storage
12-31 01:14:43.014 1488 1488 V StorageManagerService: Package com.android.htmlviewer does not have legacy storage
12-31 01:14:43.014 1488 1488 V StorageManagerService: Package com.qualcomm.qti.uceShimService does not have legacy storage
12-31 01:14:43.014 1488 1488 V StorageManagerService: Package com.android.companiondevicemanager does not have legacy storage
12-31 01:14:43.014 1488 1488 V StorageManagerService: Package com.qualcomm.qti.qms.service.connectionsecurity does not have legacy storage
12-31 01:14:43.014 1488 1488 V StorageManagerService: Package com.android.providers.downloads does not have legacy storage
12-31 01:14:43.014 1488 1488 V StorageManagerService: Package com.android.internal.systemui.onehanded.gestural does not have legacy storage
12-31 01:14:43.014 1488 1488 V StorageManagerService: Package vendor.qti.hardware.cacert.server does not have legacy storage
12-31 01:14:43.014 1488 1488 V StorageManagerService: Package com.thundercomm.tchttpserver does not have legacy storage
12-31 01:14:43.014 1488 1488 V StorageManagerService: Package vendor.qti.iwlan does not have legacy storage
12-31 01:14:43.014 1488 1488 V StorageManagerService: Package com.tc.logclient does not have legacy storage
12-31 01:14:43.014 1488 1488 V StorageManagerService: Package android.qvaoverlay.common does not have legacy storage
12-31 01:14:43.015 1488 1488 V StorageManagerService: Package com.android.providers.downloads.ui does not have legacy storage
12-31 01:14:43.015 1488 1488 V StorageManagerService: Package com.android.pacprocessor does not have legacy storage
12-31 01:14:43.015 1488 1488 V StorageManagerService: Package com.android.networkstack does not have legacy storage
12-31 01:14:43.015 1488 1488 V StorageManagerService: Package android.overlay.common does not have legacy storage
12-31 01:14:43.015 1488 1488 V StorageManagerService: Package com.android.connectivity.resources does not have legacy storage
12-31 01:14:43.015 1488 1488 V StorageManagerService: Package com.android.modulemetadata does not have legacy storage
12-31 01:14:43.015 1488 1488 V StorageManagerService: Package com.android.certinstaller does not have legacy storage
12-31 01:14:43.015 1488 1488 V StorageManagerService: Package android does not have legacy storage
12-31 01:14:43.015 1488 1488 V StorageManagerService: Package com.qualcomm.wfd.service does not have legacy storage
12-31 01:14:43.015 1488 1488 V StorageManagerService: Package com.thundercomm.tcsetupwizard does not have legacy storage
12-31 01:14:43.015 1488 1488 V StorageManagerService: Package ts.car.uart does not have legacy storage
12-31 01:14:43.015 1488 1488 V StorageManagerService: Package com.android.egg does not have legacy storage
12-31 01:14:43.015 1488 1488 V StorageManagerService: Package com.android.mtp does not have legacy storage
12-31 01:14:43.015 1488 1488 V StorageManagerService: Package com.android.nfc does not have legacy storage
12-31 01:14:43.016 1488 1488 V StorageManagerService: Package com.android.launcher3 does not have legacy storage
12-31 01:14:43.016 1488 1488 V StorageManagerService: Package com.android.backupconfirm does not have legacy storage
12-31 01:14:43.016 1488 1488 V StorageManagerService: Package vendor.qti.qesdk.sysservice does not have legacy storage
12-31 01:14:43.016 1488 1488 V StorageManagerService: Package com.hryt.hiphishowfsecontrol does not have legacy storage
12-31 01:14:43.016 1488 1488 V StorageManagerService: Package com.android.provision does not have legacy storage
12-31 01:14:43.016 1488 1488 V StorageManagerService: Package android.overlay.target does not have legacy storage
12-31 01:14:43.016 1488 1488 V StorageManagerService: Package com.microsoft.emmx does not have legacy storage
12-31 01:14:43.016 1488 1488 V StorageManagerService: Package com.qti.pasrservice does not have legacy storage
12-31 01:14:43.016 1488 1488 V StorageManagerService: Package com.android.settings.intelligence does not have legacy storage
12-31 01:14:43.016 1488 1488 V StorageManagerService: Package com.android.calendar does not have legacy storage
12-31 01:14:43.016 1488 1488 V StorageManagerService: Package com.android.internal.systemui.navbar.gestural_extra_wide_back does not have legacy storage
12-31 01:14:43.016 1488 1488 V StorageManagerService: Package com.qualcomm.qti.dynamicddsservice does not have legacy storage
12-31 01:14:43.016 1488 1488 V StorageManagerService: Package com.qualcomm.qti.xrvd.service does not have legacy storage
12-31 01:14:43.016 1488 1488 V StorageManagerService: Package com.android.providers.settings does not have legacy storage
12-31 01:14:43.017 1488 1488 V StorageManagerService: Package com.android.sharedstoragebackup does not have legacy storage
12-31 01:14:43.017 1488 1488 V StorageManagerService: Package com.android.printspooler does not have legacy storage
12-31 01:14:43.017 1488 1488 V StorageManagerService: Package com.qti.qualcomm.mstatssystemservice does not have legacy storage
12-31 01:14:43.017 1488 1488 V StorageManagerService: Package com.qualcomm.qti.services.systemhelper does not have legacy storage
12-31 01:14:43.017 1488 1488 V StorageManagerService: Package com.android.wifi.resources.overlay.common does not have legacy storage
12-31 01:14:43.017 1488 1607 W ActivityManager: Slow operation: 130ms so far, now at startProcess: returned from zygote!
12-31 01:14:43.017 1488 1488 V StorageManagerService: Package com.android.dreams.basic does not have legacy storage
12-31 01:14:43.017 1488 1488 V StorageManagerService: Package com.android.webview does not have legacy storage
12-31 01:14:43.017 1488 1607 W ActivityManager: Slow operation: 130ms so far, now at startProcess: done updating battery stats
12-31 01:14:43.017 1488 1607 I am_proc_start: [0,2015,1037,WebViewLoader-arm64-v8a,NULL,]
12-31 01:14:43.017 1488 1607 W ActivityManager: Slow operation: 130ms so far, now at startProcess: building log message
12-31 01:14:43.017 1488 1488 V StorageManagerService: Package com.android.se does not have legacy storage
12-31 01:14:43.017 1488 1607 I ActivityManager: Start proc 2015:WebViewLoader-arm64-v8a/1037 [android.webkit.WebViewLibraryLoader$RelroFileCreator] for null
12-31 01:14:43.017 1488 1607 W ActivityManager: Slow operation: 130ms so far, now at startProcess: starting to update pids map
12-31 01:14:43.017 1488 1488 V StorageManagerService: Package com.android.inputdevices does not have legacy storage
12-31 01:14:43.018 1488 1488 V StorageManagerService: Package com.android.bips does not have legacy storage
12-31 01:14:43.018 1488 1488 V StorageManagerService: Package com.qti.dpmserviceapp does not have legacy storage
12-31 01:14:43.018 1488 1488 V StorageManagerService: Package com.thundercomm.remotecontrolservice does not have legacy storage
12-31 01:14:43.018 1488 1607 W ActivityManager: Slow operation: 131ms so far, now at startProcess: done updating pids map
12-31 01:14:43.018 1488 1488 V StorageManagerService: Package com.android.musicfx does not have legacy storage
12-31 01:14:43.018 1488 1488 V StorageManagerService: Package com.android.settings.overlay.common does not have legacy storage
12-31 01:14:43.018 1488 1488 V StorageManagerService: Package com.qualcomm.qti.qccnetstat does not have legacy storage
12-31 01:14:43.018 1488 1488 V StorageManagerService: Package android.ext.shared does not have legacy storage
12-31 01:14:43.018 1488 1488 V StorageManagerService: Package com.android.onetimeinitializer does not have legacy storage
12-31 01:14:43.018 1488 1488 V StorageManagerService: Package com.android.server.telecom does not have legacy storage
12-31 01:14:43.018 1488 1488 V StorageManagerService: Package com.android.keychain does not have legacy storage
12-31 01:14:43.018 1488 1488 V StorageManagerService: Package com.qti.snapdragon.qdcm_ff does not have legacy storage
12-31 01:14:43.018 1488 1488 V StorageManagerService: Package com.android.wifi.resources.overlay.target does not have legacy storage
12-31 01:14:43.019 1488 1488 V StorageManagerService: Package com.android.printservice.recommendation does not have legacy storage
12-31 01:14:43.019 1488 1488 V StorageManagerService: Package com.thundercomm.mcuupgrade does not have legacy storage
12-31 01:14:43.019 1488 1488 V StorageManagerService: Package com.android.gallery3d has legacy storage
12-31 01:14:43.019 1488 1488 V StorageManagerService: Package android.ext.services does not have legacy storage
12-31 01:14:43.019 1488 1488 V StorageManagerService: Package com.android.wifi.resources does not have legacy storage
12-31 01:14:43.019 1488 1488 V StorageManagerService: Package com.baidu.input does not have legacy storage
12-31 01:14:43.019 1488 1488 V StorageManagerService: Package com.android.systemui.overlay.common does not have legacy storage
12-31 01:14:43.019 1488 1488 V StorageManagerService: Package com.android.cameraextensions does not have legacy storage
12-31 01:14:43.019 1488 1488 V StorageManagerService: Package com.thundercomm.tcservice does not have legacy storage
12-31 01:14:43.019 1488 1488 V StorageManagerService: Package com.android.localtransport does not have legacy storage
12-31 01:14:43.020 1488 1488 V StorageManagerService: Package com.android.packageinstaller does not have legacy storage
12-31 01:14:43.020 1488 1488 V StorageManagerService: Package com.qualcomm.qti.devicestatisticsservice does not have legacy storage
12-31 01:14:43.020 1488 1488 V StorageManagerService: Package com.android.theme.font.notoserifsource does not have legacy storage
12-31 01:14:43.020 1488 1488 V StorageManagerService: Package com.android.proxyhandler does not have legacy storage
12-31 01:14:43.020 1488 1488 V StorageManagerService: Package com.android.internal.display.cutout.emulation.waterfall does not have legacy storage
12-31 01:14:43.020 1488 1488 V StorageManagerService: Package com.qualcomm.qti.workloadclassifier does not have legacy storage
12-31 01:14:43.020 1488 1488 V StorageManagerService: Package com.android.inputmethod.latin does not have legacy storage
12-31 01:14:43.020 1488 1488 V StorageManagerService: Package com.android.providers.settings.overlay does not have legacy storage
12-31 01:14:43.020 1488 1488 V StorageManagerService: Package com.android.managedprovisioning does not have legacy storage
12-31 01:14:43.020 1488 1488 V StorageManagerService: Package com.android.networkstack.tethering does not have legacy storage
12-31 01:14:43.021 1488 1488 V StorageManagerService: Package com.android.soundpicker does not have legacy storage
12-31 01:14:43.021 1488 1488 V StorageManagerService: Package com.android.dreams.phototable does not have legacy storage
12-31 01:14:43.021 1488 1488 V StorageManagerService: Package com.thundercomm.screensaver does not have legacy storage
12-31 01:14:43.021 1488 1488 V StorageManagerService: Package com.android.wallpaper.livepicker does not have legacy storage
12-31 01:14:43.021 1488 1488 V StorageManagerService: Package com.android.apps.tag does not have legacy storage
12-31 01:14:43.021 1488 1488 V StorageManagerService: Package com.android.storagemanager does not have legacy storage
12-31 01:14:43.021 1488 1488 V StorageManagerService: Package com.android.bookmarkprovider does not have legacy storage
12-31 01:14:43.021 1488 1488 V StorageManagerService: Package com.android.settings does not have legacy storage
12-31 01:14:43.021 1488 1488 V StorageManagerService: Package com.android.networkstack.permissionconfig does not have legacy storage
12-31 01:14:43.022 1488 1488 V StorageManagerService: Package com.qualcomm.location does not have legacy storage
12-31 01:14:43.022 1488 1488 V StorageManagerService: Package com.android.cts.ctsshim does not have legacy storage
12-31 01:14:43.022 1488 1488 V StorageManagerService: Package com.qti.diagservices does not have legacy storage
12-31 01:14:43.022 1488 1488 V StorageManagerService: Package com.android.vpndialogs does not have legacy storage
12-31 01:14:43.022 1488 1488 V StorageManagerService: Package com.qualcomm.location.XT does not have legacy storage
12-31 01:14:43.022 1488 1488 V StorageManagerService: Package com.android.music does not have legacy storage
12-31 01:14:43.022 1488 1488 V StorageManagerService: Package com.android.shell does not have legacy storage
12-31 01:14:43.022 1488 1488 V StorageManagerService: Package com.android.wallpaperbackup does not have legacy storage
12-31 01:14:43.022 1488 1488 V StorageManagerService: Package com.android.providers.userdictionary does not have legacy storage
12-31 01:14:43.022 1488 1488 V StorageManagerService: Package com.android.providers.media.module does not have legacy storage
12-31 01:14:43.022 1488 1488 V StorageManagerService: Package com.android.emergency does not have legacy storage
12-31 01:14:43.022 1488 1488 V StorageManagerService: Package com.android.hotspot2.osulogin does not have legacy storage
12-31 01:14:43.022 1488 1488 V StorageManagerService: Package com.qualcomm.qti.qdma does not have legacy storage
12-31 01:14:43.023 1488 1488 V StorageManagerService: Package com.qualcomm.qti.xrcb does not have legacy storage
12-31 01:14:43.023 1488 1488 V StorageManagerService: Package com.android.internal.systemui.navbar.gestural does not have legacy storage
12-31 01:14:43.023 1488 1488 V StorageManagerService: Package com.android.location.fused does not have legacy storage
12-31 01:14:43.023 1488 1488 V StorageManagerService: Package com.android.deskclock does not have legacy storage
12-31 01:14:43.023 1488 1488 V StorageManagerService: Package com.android.systemui does not have legacy storage
12-31 01:14:43.023 1488 1488 V StorageManagerService: Package com.android.bluetoothmidiservice does not have legacy storage
12-31 01:14:43.023 1488 1488 V StorageManagerService: Package com.qti.ltebc does not have legacy storage
12-31 01:14:43.023 1488 1488 V StorageManagerService: Package com.android.permissioncontroller does not have legacy storage
12-31 01:14:43.023 1488 1488 V StorageManagerService: Package com.android.traceur does not have legacy storage
12-31 01:14:43.023 1488 1488 V StorageManagerService: Package com.qualcomm.qti.qccauthmgr does not have legacy storage
12-31 01:14:43.023 1488 1488 V StorageManagerService: Package com.qualcomm.qti.qms.service.trustzoneaccess does not have legacy storage
12-31 01:14:43.024 1488 1488 V StorageManagerService: Package com.qualcomm.qtil.aptxui does not have legacy storage
12-31 01:14:43.024 1488 1488 V StorageManagerService: Package com.android.bluetooth does not have legacy storage
12-31 01:14:43.024 1488 1488 V StorageManagerService: Package com.qualcomm.timeservice does not have legacy storage
12-31 01:14:43.024 1488 1488 V StorageManagerService: Package com.qualcomm.embms does not have legacy storage
12-31 01:14:43.024 1488 1488 V StorageManagerService: Package com.android.providers.contacts does not have legacy storage
12-31 01:14:43.024 1488 1488 V StorageManagerService: Package com.android.captiveportallogin does not have legacy storage
12-31 01:14:43.024 1488 1488 V StorageManagerService: Package com.android.internal.systemui.navbar.gestural_narrow_back does not have legacy storage
12-31 01:14:43.024 1488 1488 V StorageManagerService: Package com.android.cellbroadcastreceiver.overlay.common does not have legacy storage
12-31 01:14:43.025 1488 1488 I SystemServerTiming: ssm.onStartUser-0_com.android.server.usage.StorageStatsService$Lifecycle
12-31 01:14:43.025 1488 1488 I SystemServerTiming: ssm.onStartUser-0_com.android.server.UiModeManagerService
12-31 01:14:43.025 1488 1488 I SystemServerTiming: ssm.onStartUser-0_com.android.server.locksettings.LockSettingsService$Lifecycle
12-31 01:14:43.025 1488 1488 I SystemServerTiming: ssm.onStartUser-0_com.android.server.PersistentDataBlockService
12-31 01:14:43.025 1488 1488 I SystemServerTiming: ssm.onStartUser-0_com.android.server.testharness.TestHarnessModeService
12-31 01:14:43.025 1488 1488 I SystemServerTiming: ssm.onStartUser-0_com.android.server.oemlock.OemLockService
12-31 01:14:43.025 1488 1488 I SystemServerTiming: ssm.onStartUser-0_com.android.server.DeviceIdleController
12-31 01:14:43.026 1488 1488 I SystemServerTiming: ssm.onStartUser-0_com.android.server.devicepolicy.DevicePolicyManagerService$Lifecycle
12-31 01:14:43.026 1488 1488 I SystemServerTiming: ssm.onStartUser-0_com.android.server.texttospeech.TextToSpeechManagerService
12-31 01:14:43.026 1488 1488 I SystemServerTiming: ssm.onStartUser-0_com.android.server.speech.SpeechRecognitionManagerService
12-31 01:14:43.026 1488 1488 I SystemServerTiming: ssm.onStartUser-0_com.android.server.searchui.SearchUiManagerService
12-31 01:14:43.026 1488 1488 I SystemServerTiming: ssm.onStartUser-0_com.android.server.smartspace.SmartspaceManagerService
12-31 01:14:43.026 1488 1488 I SystemServerTiming: ssm.onStartUser-0_com.android.server.graphics.fonts.FontManagerService$Lifecycle
12-31 01:14:43.026 1488 1488 I SystemServerTiming: ssm.onStartUser-0_com.android.server.textservices.TextServicesManagerService$Lifecycle
12-31 01:14:43.026 1488 1488 I SystemServerTiming: ssm.onStartUser-0_com.android.server.textclassifier.TextClassificationManagerService$Lifecycle
12-31 01:14:43.027 1488 1488 I SystemServerTiming: ssm.onStartUser-0_com.android.server.NetworkScoreService$Lifecycle
12-31 01:14:43.027 1488 1488 I SystemServerTiming: ssm.onStartUser-0_com.android.server.wifi.WifiService
12-31 01:14:43.027 1488 1488 I SystemServerTiming: ssm.onStartUser-0_com.android.server.wifi.scanner.WifiScanningService
12-31 01:14:43.027 1488 1488 I SystemServerTiming: ssm.onStartUser-0_com.android.server.wifi.rtt.RttService
12-31 01:14:43.027 1488 1488 I SystemServerTiming: ssm.onStartUser-0_com.android.server.wifi.aware.WifiAwareService
12-31 01:14:43.027 1488 1488 I SystemServerTiming: ssm.onStartUser-0_com.android.server.wifi.p2p.WifiP2pService
12-31 01:14:43.027 1488 1488 I SystemServerTiming: ssm.onStartUser-0_com.android.server.ethernet.EthernetService
12-31 01:14:43.027 1488 1488 I SystemServerTiming: ssm.onStartUser-0_com.android.server.ConnectivityServiceInitializer
12-31 01:14:43.027 1488 1488 I SystemServerTiming: ssm.onStartUser-0_com.android.server.notification.NotificationManagerService
12-31 01:14:43.027 1488 1488 I SystemServerTiming: ssm.onStartUser-0_com.android.server.storage.DeviceStorageMonitorService
12-31 01:14:43.027 1488 1488 I SystemServerTiming: ssm.onStartUser-0_com.android.server.location.LocationManagerService$Lifecycle
12-31 01:14:43.027 1488 1488 I SystemServerTiming: ssm.onStartUser-0_com.android.server.timedetector.TimeDetectorService$Lifecycle
12-31 01:14:43.027 1488 1488 I SystemServerTiming: ssm.onStartUser-0_com.android.server.timezonedetector.TimeZoneDetectorService$Lifecycle
12-31 01:14:43.027 1488 1488 I SystemServerTiming: ssm.onStartUser-0_com.android.server.timezonedetector.location.LocationTimeZoneManagerService$Lifecycle
12-31 01:14:43.027 1488 1488 I SystemServerTiming: ssm.onStartUser-0_com.android.server.search.SearchManagerService$Lifecycle
12-31 01:14:43.027 1488 1488 I SystemServerTiming: ssm.onStartUser-0_com.android.server.wallpaper.WallpaperManagerService$Lifecycle
12-31 01:14:43.028 1488 1488 I SystemServerTiming: ssm.onStartUser-0_com.android.server.audio.AudioService$Lifecycle
12-31 01:14:43.028 1488 1488 I SystemServerTiming: ssm.onStartUser-0_com.android.server.soundtrigger_middleware.SoundTriggerMiddlewareService$Lifecycle
12-31 01:14:43.028 1488 1488 I SystemServerTiming: ssm.onStartUser-0_com.android.server.DockObserver
12-31 01:14:43.028 1488 1488 I SystemServerTiming: ssm.onStartUser-0_com.android.server.midi.MidiService$Lifecycle
12-31 01:14:43.028 1488 1488 I SystemServerTiming: ssm.onStartUser-0_com.android.server.adb.AdbService$Lifecycle
12-31 01:14:43.028 1488 1488 I SystemServerTiming: ssm.onStartUser-0_com.android.server.usb.UsbService$Lifecycle
12-31 01:14:43.028 1488 1488 I SystemServerTiming: ssm.onStartUser-0_com.android.server.twilight.TwilightService
12-31 01:14:43.028 1488 1488 I SystemServerTiming: ssm.onStartUser-0_com.android.server.display.color.ColorDisplayService
12-31 01:14:43.028 1488 1488 I SystemServerTiming: ssm.onStartUser-0_com.android.server.job.JobSchedulerService
12-31 01:14:43.028 1488 1488 I SystemServerTiming: ssm.onStartUser-0_com.android.server.soundtrigger.SoundTriggerService
12-31 01:14:43.028 1488 1488 I SystemServerTiming: ssm.onStartUser-0_com.android.server.trust.TrustManagerService
12-31 01:14:43.028 1488 1488 I SystemServerTiming: ssm.onStartUser-0_com.android.server.backup.BackupManagerService$Lifecycle
12-31 01:14:43.028 1488 1488 I SystemServerTiming: ssm.onStartUser-0_com.android.server.appwidget.AppWidgetService
12-31 01:14:43.028 1488 1488 I SystemServerTiming: ssm.onStartUser-0_com.android.server.voiceinteraction.VoiceInteractionManagerService
12-31 01:14:43.028 1488 1488 W VoiceInteractionManager: no available voice recognition services found for user 0
12-31 01:14:43.028 1488 1488 I SystemServerTiming: ssm.onStartUser-0_com.android.server.apphibernation.AppHibernationService
12-31 01:14:43.029 1488 1488 I SystemServerTiming: ssm.onStartUser-0_com.android.server.GestureLauncherService
12-31 01:14:43.029 1488 1488 I SystemServerTiming: ssm.onStartUser-0_com.android.server.SensorNotificationService
12-31 01:14:43.029 1488 1488 I SystemServerTiming: ssm.onStartUser-0_com.android.server.emergency.EmergencyAffordanceService
12-31 01:14:43.029 1488 1488 I SystemServerTiming: ssm.onStartUser-0_com.android.server.blob.BlobStoreManagerService
12-31 01:14:43.029 1488 1488 I SystemServerTiming: ssm.onStartUser-0_com.android.server.dreams.DreamManagerService
12-31 01:14:43.029 1488 1488 I SystemServerTiming: ssm.onStartUser-0_com.android.server.companion.CompanionDeviceManagerService
12-31 01:14:43.029 1488 1488 I SystemServerTiming: ssm.onStartUser-0_com.android.server.restrictions.RestrictionsManagerService
12-31 01:14:43.029 1488 1488 I SystemServerTiming: ssm.onStartUser-0_com.android.server.media.MediaSessionService
12-31 01:14:43.029 1488 1488 I SystemServerTiming: ssm.onStartUser-0_com.android.server.media.MediaResourceMonitorService
12-31 01:14:43.029 1488 1488 I SystemServerTiming: ssm.onStartUser-0_com.android.server.biometrics.sensors.fingerprint.FingerprintService
12-31 01:14:43.029 1488 1488 I SystemServerTiming: ssm.onStartUser-0_com.android.server.biometrics.BiometricService
12-31 01:14:43.029 1488 1488 I SystemServerTiming: ssm.onStartUser-0_com.android.server.biometrics.AuthService
12-31 01:14:43.029 1488 1488 I SystemServerTiming: ssm.onStartUser-0_com.android.server.pm.ShortcutService$Lifecycle
12-31 01:14:43.029 1488 1488 I SystemServerTiming: ssm.onStartUser-0_com.android.server.pm.LauncherAppsService
12-31 01:14:43.029 1488 1488 I SystemServerTiming: ssm.onStartUser-0_com.android.server.pm.CrossProfileAppsService
12-31 01:14:43.029 1488 1488 I SystemServerTiming: ssm.onStartUser-0_com.android.server.people.PeopleService
12-31 01:14:43.029 1488 1488 I SystemServerTiming: ssm.onStartUser-0_com.android.server.media.metrics.MediaMetricsManagerService
12-31 01:14:43.029 1488 1488 I SystemServerTiming: ssm.onStartUser-0_com.android.server.media.projection.MediaProjectionManagerService
12-31 01:14:43.029 1488 1488 I SystemServerTiming: ssm.onStartUser-0_com.android.server.slice.SliceManagerService$Lifecycle
12-31 01:14:43.029 1488 1488 I SystemServerTiming: ssm.onStartUser-0_com.android.server.stats.StatsCompanion$Lifecycle
12-31 01:14:43.029 1488 1488 I SystemServerTiming: ssm.onStartUser-0_com.android.server.scheduling.RebootReadinessManagerService$Lifecycle
12-31 01:14:43.029 1488 1488 I SystemServerTiming: ssm.onStartUser-0_com.android.server.stats.pull.StatsPullAtomService
12-31 01:14:43.029 1488 1488 I SystemServerTiming: ssm.onStartUser-0_com.android.server.incident.IncidentCompanionService
12-31 01:14:43.029 1488 1488 I SystemServerTiming: ssm.onStartUser-0_com.android.server.MmsServiceBroker
12-31 01:14:43.029 1488 1488 I SystemServerTiming: ssm.onStartUser-0_com.android.server.autofill.AutofillManagerService
12-31 01:14:43.029 1488 1488 I SystemServerTiming: ssm.onStartUser-0_com.android.server.clipboard.ClipboardService
12-31 01:14:43.029 1488 1488 I SystemServerTiming: ssm.onStartUser-0_com.android.server.appbinding.AppBindingService$Lifecycle
12-31 01:14:43.030 1488 1488 W AppBindingService: [Default SMS app] u0 Target package not found
12-31 01:14:43.030 1488 1488 I SystemServerTiming: ssm.onStartUser-0_com.android.server.tracing.TracingServiceProxy
12-31 01:14:43.030 1488 1488 I SystemServerTiming: ssm.onStartUser-0_com.android.server.policy.PermissionPolicyService
12-31 01:14:43.030 1488 1488 I SystemServerTiming: ssm.onStartUser-0_com.android.server.pm.StagingManager$Lifecycle
12-31 01:14:43.030 1488 1488 I SystemServerTiming: ssm.onStartUser-0_com.android.server.app.GameManagerService$Lifecycle
12-31 01:14:43.034 1488 1607 I am_proc_start: [0,2020,1073,com.android.networkstack.process,service,{com.android.networkstack/com.android.server.NetworkStackService}]
12-31 01:14:43.035 1488 1607 I ActivityManager: Start proc 2020:com.android.networkstack.process/1073 for service {com.android.networkstack/com.android.server.NetworkStackService}
12-31 01:14:43.038 1488 1488 V GameManagerService: Settings file doesn't exists, skip reading
12-31 01:14:43.038 1488 1488 I SystemServerTiming: ssm.onStartUser-0_com.android.server.appsearch.AppSearchManagerService
12-31 01:14:43.038 1488 1488 I SystemServerTiming: ssm.onStartUser-0_com.android.server.media.MediaCommunicationService
12-31 01:14:43.038 1488 1488 I SystemServerTiming: startPersistentApps
12-31 01:14:43.046 1488 1488 D CompatibilityChangeReporter: Compat change id reported: 135754954; UID 1000; state: ENABLED
12-31 01:14:43.047 1488 1488 I am_uid_running: 1001
12-31 01:14:43.048 1488 1488 D CompatibilityChangeReporter: Compat change id reported: 135634846; UID 1001; state: DISABLED
12-31 01:14:43.048 1488 1488 D CompatibilityChangeReporter: Compat change id reported: 177438394; UID 1001; state: DISABLED
12-31 01:14:43.048 1488 1488 D CompatibilityChangeReporter: Compat change id reported: 135772972; UID 1001; state: DISABLED
12-31 01:14:43.048 1488 1488 D CompatibilityChangeReporter: Compat change id reported: 135754954; UID 1001; state: ENABLED
12-31 01:14:43.048 1488 1488 I am_uid_running: 10054
12-31 01:14:43.051 1488 1488 D CompatibilityChangeReporter: Compat change id reported: 135634846; UID 10054; state: DISABLED
12-31 01:14:43.051 1488 1488 D CompatibilityChangeReporter: Compat change id reported: 177438394; UID 10054; state: DISABLED
12-31 01:14:43.051 1488 1488 D CompatibilityChangeReporter: Compat change id reported: 135772972; UID 10054; state: DISABLED
12-31 01:14:43.051 1488 1488 D CompatibilityChangeReporter: Compat change id reported: 135754954; UID 10054; state: DISABLED
12-31 01:14:43.056 1488 1605 I netstats_mobile_sample: [0,0,0,0,0,0,0,0,0,0,0,0,1672420483056]
12-31 01:14:43.056 1488 1605 I netstats_wifi_sample: [0,0,0,0,0,0,0,0,0,0,0,0,1672420483056]
12-31 01:14:43.062 1488 1488 I am_uid_running: 10083
12-31 01:14:43.062 1488 1488 D CompatibilityChangeReporter: Compat change id reported: 135634846; UID 10083; state: DISABLED
12-31 01:14:43.063 1488 1488 D CompatibilityChangeReporter: Compat change id reported: 177438394; UID 10083; state: DISABLED
12-31 01:14:43.063 1931 2046 I bt_config_source: 1
12-31 01:14:43.063 1488 1488 D CompatibilityChangeReporter: Compat change id reported: 135772972; UID 10083; state: DISABLED
12-31 01:14:43.063 1931 2046 I bt_config_source: 3
12-31 01:14:43.063 1488 1488 D CompatibilityChangeReporter: Compat change id reported: 135754954; UID 10083; state: DISABLED
12-31 01:14:43.063 1488 1488 I am_uid_running: 1068
12-31 01:14:43.064 1488 1488 D CompatibilityChangeReporter: Compat change id reported: 135634846; UID 1068; state: DISABLED
12-31 01:14:43.066 1488 1488 I am_uid_running: 10065
12-31 01:14:43.067 1488 1488 D CompatibilityChangeReporter: Compat change id reported: 135634846; UID 10065; state: DISABLED
12-31 01:14:43.067 1488 1488 D CompatibilityChangeReporter: Compat change id reported: 177438394; UID 10065; state: DISABLED
12-31 01:14:43.067 1488 1488 D CompatibilityChangeReporter: Compat change id reported: 135772972; UID 10065; state: DISABLED
12-31 01:14:43.068 1488 1488 D CompatibilityChangeReporter: Compat change id reported: 135754954; UID 10065; state: ENABLED
12-31 01:14:43.070 1488 1488 I SystemServerTiming: startHomeOnAllDisplays
12-31 01:14:43.071 1488 1605 I netstats_mobile_sample: [0,0,0,0,0,0,0,0,0,0,0,0,1672420483071]
12-31 01:14:43.071 1488 1605 I netstats_wifi_sample: [0,0,0,0,0,0,0,0,0,0,0,0,1672420483071]
12-31 01:14:43.072 1488 1488 I ActivityTaskManager: START u0 {act=android.intent.action.MAIN cat=[android.intent.category.HOME] flg=0x10000100 cmp=com.android.settings/.FallbackHome (has extras)} from uid 0
12-31 01:14:43.082 1488 1605 I netstats_mobile_sample: [0,0,0,0,0,0,0,0,0,0,0,0,1672420483082]
12-31 01:14:43.082 1488 1605 I netstats_wifi_sample: [0,0,0,0,0,0,0,0,0,0,0,0,1672420483082]
12-31 01:14:43.089 1488 1605 I netstats_mobile_sample: [0,0,0,0,0,0,0,0,0,0,0,0,1672420483088]
12-31 01:14:43.089 1488 1605 I netstats_wifi_sample: [0,0,0,0,0,0,0,0,0,0,0,0,1672420483088]
12-31 01:14:43.090 1488 1488 D CompatibilityChangeReporter: Compat change id reported: 174042980; UID 1000; state: DISABLED
12-31 01:14:43.096 1488 1488 I wm_task_created: [2,-1]
12-31 01:14:43.097 1488 1488 I wm_task_moved: [2,1,2147483647]
12-31 01:14:43.099 1488 1488 I wm_task_moved: [1,1,0]
12-31 01:14:43.099 1488 1605 I netstats_mobile_sample: [0,0,0,0,0,0,0,0,0,0,0,0,1672420483099]
12-31 01:14:43.099 1488 1488 I wm_create_task: [0,2]
12-31 01:14:43.099 1488 1488 I wm_create_activity: [0,6391572,2,com.android.settings/.FallbackHome,android.intent.action.MAIN,NULL,NULL,276824320]
12-31 01:14:43.099 1488 1488 I wm_task_moved: [1,1,0]
12-31 01:14:43.099 1488 1488 I wm_task_moved: [2,1,2147483647]
12-31 01:14:43.099 1488 1488 I wm_task_to_front: [0,2]
12-31 01:14:43.100 1488 1605 I netstats_wifi_sample: [0,0,0,0,0,0,0,0,0,0,0,0,1672420483099]
12-31 01:14:43.112 1488 1605 I netstats_mobile_sample: [0,0,0,0,0,0,0,0,0,0,0,0,1672420483112]
12-31 01:14:43.112 1488 1605 I netstats_wifi_sample: [0,0,0,0,0,0,0,0,0,0,0,0,1672420483112]
12-31 01:14:43.115 1488 2103 W ContextImpl: Calling a method in the system process without a qualified user: android.app.ContextImpl.bindService:1895 android.content.ContextWrapper.bindService:810 com.qualcomm.qti.activityextension.ActivityNotifier.bindToDynamicDDSService:103 com.qualcomm.qti.activityextension.ActivityNotifier.handleSendActivityInvokeNotification:184 com.qualcomm.qti.activityextension.ActivityNotifier.access$300:26
12-31 01:14:43.116 1488 1488 I ActivityTaskManager: FOREGROUND_APPLICATION_CHANGED to com.android.settings.FallbackHome
12-31 01:14:43.117 1488 1488 I SystemServerTiming: showSystemReadyErrorDialogs
12-31 01:14:43.117 1488 1605 I netstats_mobile_sample: [0,0,0,0,0,0,0,0,0,0,0,0,1672420483117]
12-31 01:14:43.117 1488 1605 I netstats_wifi_sample: [0,0,0,0,0,0,0,0,0,0,0,0,1672420483117]
12-31 01:14:43.124 1488 1605 I netstats_mobile_sample: [0,0,0,0,0,0,0,0,0,0,0,0,1672420483124]
12-31 01:14:43.124 1488 1605 I netstats_wifi_sample: [0,0,0,0,0,0,0,0,0,0,0,0,1672420483124]
12-31 01:14:43.128 1488 1667 I commit_sys_config_file: [settings-0-0,5]
12-31 01:14:43.147 1488 1605 I netstats_mobile_sample: [0,0,0,0,0,0,0,0,0,0,0,0,1672420483147]
12-31 01:14:43.147 1488 1605 I netstats_wifi_sample: [0,0,0,0,0,0,0,0,0,0,0,0,1672420483147]
12-31 01:14:43.162 1488 1488 I SystemServerTiming: sendUserStartBroadcast
12-31 01:14:43.162 1488 1488 I SystemServerTiming: resumeTopActivities
12-31 01:14:43.163 1488 1488 I SystemServerTiming: sendUserSwitchBroadcasts
12-31 01:14:43.163 1488 1488 I uc_send_user_broadcast: [0,android.intent.action.USER_FOREGROUND]
12-31 01:14:43.163 1488 1488 I uc_send_user_broadcast: [0,android.intent.action.USER_SWITCHED]
12-31 01:14:43.163 1488 1488 I SystemServerTiming: setBinderProxies
12-31 01:14:43.163 1488 1488 I SystemServerTiming: StartSystemUI
12-31 01:14:43.163 1488 1520 I am_proc_bound: [0,2015,WebViewLoader-arm64-v8a]
12-31 01:14:43.164 1488 1605 I netstats_mobile_sample: [0,0,0,0,0,0,0,0,0,0,0,0,1672420483164]
12-31 01:14:43.164 1488 1605 I netstats_wifi_sample: [0,0,0,0,0,0,0,0,0,0,0,0,1672420483164]
12-31 01:14:43.165 1488 1520 I am_uid_active: 1037
12-31 01:14:43.166 1488 2010 I am_proc_bound: [0,2011,WebViewLoader-armeabi-v7a]
12-31 01:14:43.167 1488 2010 D CompatibilityChangeReporter: Compat change id reported: 181136395; UID 1000; state: DISABLED
12-31 01:14:43.167 1488 2010 D CompatibilityChangeReporter: Compat change id reported: 174042936; UID 1000; state: DISABLED
12-31 01:14:43.168 1488 1607 W ActivityManager: Slow operation: 129ms so far, now at startProcess: done updating battery stats
12-31 01:14:43.168 1488 1607 I am_proc_start: [0,2049,1000,com.thundercomm.microservice,added application,com.thundercomm.microservice]
12-31 01:14:43.168 1488 1607 W ActivityManager: Slow operation: 129ms so far, now at startProcess: building log message
12-31 01:14:43.168 1488 1607 I ActivityManager: Start proc 2049:com.thundercomm.microservice/1000 for added application com.thundercomm.microservice
12-31 01:14:43.168 1488 1607 W ActivityManager: Slow operation: 129ms so far, now at startProcess: starting to update pids map
12-31 01:14:43.168 1488 1607 W ActivityManager: Slow operation: 129ms so far, now at startProcess: done updating pids map
12-31 01:14:43.168 1488 1607 W ActivityManager: Slow operation: 121ms so far, now at startProcess: asking zygote to start proc
12-31 01:14:43.169 1488 1698 W ActivityManager: No pending application record for pid 2020 (IApplicationThread android.app.IApplicationThread$Stub$Proxy@307bf62); dropping process
12-31 01:14:43.169 1488 1698 I am_drop_process: 2020
12-31 01:14:43.170 1488 2083 I am_proc_bound: [0,2049,com.thundercomm.microservice]
12-31 01:14:43.171 1488 2083 D CompatibilityChangeReporter: Compat change id reported: 168419799; UID 1000; state: DISABLED
12-31 01:14:43.171 1488 1605 I netstats_mobile_sample: [0,0,0,0,0,0,0,0,0,0,0,0,1672420483171]
12-31 01:14:43.171 1488 1605 I netstats_wifi_sample: [0,0,0,0,0,0,0,0,0,0,0,0,1672420483171]
12-31 01:14:43.175 1488 1596 D CompatibilityChangeReporter: Compat change id reported: 135634846; UID 1000; state: DISABLED
12-31 01:14:43.175 1488 1596 D CompatibilityChangeReporter: Compat change id reported: 177438394; UID 1000; state: DISABLED
12-31 01:14:43.175 1488 1596 D CompatibilityChangeReporter: Compat change id reported: 135772972; UID 1000; state: DISABLED
12-31 01:14:43.176 1488 1596 D CompatibilityChangeReporter: Compat change id reported: 135754954; UID 1000; state: ENABLED
12-31 01:14:43.176 1488 2103 W ContextImpl: Calling a method in the system process without a qualified user: android.app.ContextImpl.bindService:1895 android.content.ContextWrapper.bindService:810 com.qualcomm.qti.activityextension.ActivityNotifier.bindToDynamicDDSService:103 com.qualcomm.qti.activityextension.ActivityNotifier.handleSendActivityInvokeNotification:184 com.qualcomm.qti.activityextension.ActivityNotifier.access$300:26
12-31 01:14:43.178 1488 2083 I wm_task_created: [3,-1]
12-31 01:14:43.181 1488 2083 I wm_task_created: [4,-1]
12-31 01:14:43.182 1488 2103 W ContextImpl: Calling a method in the system process without a qualified user: android.app.ContextImpl.bindService:1895 android.content.ContextWrapper.bindService:810 com.qualcomm.qti.activityextension.ActivityNotifier.bindToDynamicDDSService:103 com.qualcomm.qti.activityextension.ActivityNotifier.handleSendActivityInvokeNotification:184 com.qualcomm.qti.activityextension.ActivityNotifier.access$300:26
12-31 01:14:43.186 1488 1488 I SystemServerTiming: startMicroService
12-31 01:14:43.187 1488 2083 W PackageManager: Loading a package that does not exist for the calling user. package=null, user=0
12-31 01:14:43.188 1488 1488 I SystemServerTiming: startRemoteControlService
12-31 01:14:43.189 1488 1488 I SystemServerTiming: startTcService
12-31 01:14:43.190 1488 1605 I netstats_mobile_sample: [0,0,0,0,0,0,0,0,0,0,0,0,1672420483190]
12-31 01:14:43.190 1488 1605 I netstats_wifi_sample: [0,0,0,0,0,0,0,0,0,0,0,0,1672420483190]
12-31 01:14:43.190 1488 1607 W ActivityManager: Slow operation: 143ms so far, now at startProcess: returned from zygote!
12-31 01:14:43.191 1488 1488 I SystemServerTiming: startBoostPerfService
12-31 01:14:43.193 1488 2083 W PackageManager: Loading a package that does not exist for the calling user. package=null, user=0
12-31 01:14:43.193 1488 1607 W ActivityManager: Slow operation: 146ms so far, now at startProcess: done updating battery stats
12-31 01:14:43.193 1488 1607 I am_proc_start: [0,2123,1000,com.thundercomm.microsettings,added application,com.thundercomm.microsettings]
