12-31 04:07:18.107 1488 2010 I wm_set_resumed_activity: [0,com.android.settings.intelligence/.search.SearchActivity,minimalResumeActivityLocked]
12-31 04:07:18.108 1488 1596 I am_uid_active: 10061
01-01 10:52:46.724 0 0 D : mv2112_read_status
01-01 10:52:46.725 0 0 D mv2112_update_link: 3.0x901(1G): 0x80
01-01 10:52:46.725 0 0 D mv2112_update_link: 3.0x8109(100M): 0x8
01-01 10:52:46.725 0 0 D mv2112_update_link: link 0x0
01-01 10:52:46.725 0 0 D mv2112_read_status: autoneg is disabled
12-31 04:07:18.125 2412 3733 W ContextImpl: Calling a method in the system process without a qualified user: android.app.ContextImpl.startService:1816 android.content.ContextWrapper.startService:774 com.thundercomm.gamemode.ingame.services.GameModeActionUtils.startGameModeService:99 com.thundercomm.gamemode.ingame.services.GameModeActionUtils.startGameModeEntry:22 com.thundercomm.gamemode.ingame.services.ActivityMonitoringService$1.onActivityLaunch:127
12-31 04:07:18.130 1488 1488 I GameModeConfig: Current uri is uri = content://com.thundercomm.gamemode.api/gamemode_settings/gamemode_isgaming
12-31 04:07:18.132 1488 1488 I GameModeConfig: isGameModeOn = false
12-31 04:07:18.132 1488 1488 I GameModeConfig: isGameModeOn = false
12-31 04:07:18.132 1488 1488 I GameModeConfig: isDisableVoice = true
12-31 04:07:18.136 5534 5534 I wm_on_create_called: [114485580,com.android.settings.intelligence.search.SearchActivity,performCreate]
12-31 04:07:18.146 1488 2092 I am_uid_running: 10072
12-31 04:07:18.146 1488 2092 D CompatibilityChangeReporter: Compat change id reported: 135634846; UID 10072; state: DISABLED
12-31 04:07:18.146 1488 2092 D CompatibilityChangeReporter: Compat change id reported: 177438394; UID 10072; state: DISABLED
12-31 04:07:18.146 1488 2092 D CompatibilityChangeReporter: Compat change id reported: 135772972; UID 10072; state: DISABLED
12-31 04:07:18.146 1488 2092 D CompatibilityChangeReporter: Compat change id reported: 135754954; UID 10072; state: ENABLED
12-31 04:07:18.148 1488 1607 D CompatibilityChangeReporter: Compat change id reported: 143937733; UID 10072; state: ENABLED
12-31 04:07:18.150 5534 5534 I wm_on_start_called: [114485580,com.android.settings.intelligence.search.SearchActivity,handleStartActivity]
12-31 04:07:18.150 5534 5534 I wm_on_resume_called: [114485580,com.android.settings.intelligence.search.SearchActivity,RESUME_ACTIVITY]
12-31 04:07:18.153 1488 1607 I am_proc_start: [0,5559,10072,com.android.emergency,content provider,{com.android.emergency/com.android.emergency.EmergencySearchIndexablesProvider}]
12-31 04:07:18.153 1488 1607 I ActivityManager: Start proc 5559:com.android.emergency/u0a72 for content provider {com.android.emergency/com.android.emergency.EmergencySearchIndexablesProvider}
12-31 04:07:18.156 5534 5534 I wm_on_top_resumed_gained_called: [114485580,com.android.settings.intelligence.search.SearchActivity,topStateChangedWhenResumed]
01-01 10:52:46.766 0 0 I binder : 5559:5559 ioctl 40046210 7fe57aefa4 returned -22
12-31 04:07:18.165 1488 4658 I am_proc_bound: [0,5559,com.android.emergency]
12-31 04:07:18.167 1488 1597 I input_focus: [Focus request cb51d65 com.android.settings.intelligence/com.android.settings.intelligence.search.SearchActivity,reason=UpdateInputWindows]
12-31 04:07:18.168 1488 4658 D CompatibilityChangeReporter: Compat change id reported: 168419799; UID 10072; state: DISABLED
12-31 04:07:18.170 1488 4658 I am_uid_active: 10072
01-01 10:52:46.787 0 0 I binder : 5534:5553 ioctl 40046210 6c484271f4 returned -22
12-31 04:07:18.191 2412 3733 W ContextImpl: Calling a method in the system process without a qualified user: android.app.ContextImpl.startService:1816 android.content.ContextWrapper.startService:774 com.thundercomm.gamemode.ingame.services.GameModeActionUtils.startGameModeService:99 com.thundercomm.gamemode.ingame.services.GameModeActionUtils.startGameModeEntry:22 com.thundercomm.gamemode.ingame.services.ActivityMonitoringService$1.onActivityLaunch:127
12-31 04:07:18.201 1488 2092 D CompatibilityChangeReporter: Compat change id reported: 135634846; UID 1000; state: DISABLED
12-31 04:07:18.201 1488 2092 D CompatibilityChangeReporter: Compat change id reported: 177438394; UID 1000; state: DISABLED
12-31 04:07:18.201 1488 2092 D CompatibilityChangeReporter: Compat change id reported: 135772972; UID 1000; state: DISABLED
12-31 04:07:18.201 1488 2092 D CompatibilityChangeReporter: Compat change id reported: 135754954; UID 1000; state: ENABLED
12-31 04:07:18.202 1488 1488 I GameModeConfig: Current uri is uri = content://com.thundercomm.gamemode.api/gamemode_settings/gamemode_isgaming
12-31 04:07:18.203 1488 1488 I GameModeConfig: isGameModeOn = false
12-31 04:07:18.204 1488 1488 I GameModeConfig: isGameModeOn = false
12-31 04:07:18.204 1488 1488 I GameModeConfig: isDisableVoice = true
12-31 04:07:18.206 1488 1607 I am_proc_start: [0,5581,1000,com.android.settings,content provider,{com.android.settings/com.android.settings.search.SettingsSearchIndexablesProvider}]
12-31 04:07:18.206 1488 1607 I ActivityManager: Start proc 5581:com.android.settings/1000 for content provider {com.android.settings/com.android.settings.search.SettingsSearchIndexablesProvider}
12-31 04:07:18.212 1488 1682 I input_focus: [Focus entering cb51d65 com.android.settings.intelligence/com.android.settings.intelligence.search.SearchActivity (server),reason=Window became focusable. Previous reason: NOT_VISIBLE]
01-01 10:52:46.825 0 0 I binder : 5581:5581 ioctl 40046210 7fe57aefa4 returned -22
12-31 04:07:18.226 1488 1519 I am_proc_bound: [0,5581,com.android.settings]
12-31 04:07:18.227 1488 1519 D CompatibilityChangeReporter: Compat change id reported: 168419799; UID 1000; state: DISABLED
12-31 04:07:18.258 1488 1520 I am_wtf : [0,5581,com.android.settings,952647173,RoleParser,com.android.permissioncontroller.role.model.AssistantRoleBehavior]
12-31 04:07:18.260 1488 1520 I am_wtf : [0,5581,com.android.settings,952647173,RoleParser,com.android.permissioncontroller.role.model.BrowserRoleBehavior]
12-31 04:07:18.261 1488 5598 I DropBoxManagerService: add tag=system_app_wtf isTagEnabled=true flags=0x2
12-31 04:07:18.261 1488 5599 I DropBoxManagerService: add tag=system_app_wtf isTagEnabled=true flags=0x2
12-31 04:07:18.261 1488 1519 I am_wtf : [0,5581,com.android.settings,952647173,RoleParser,com.android.permissioncontroller.role.model.DialerRoleBehavior]
12-31 04:07:18.269 1488 5600 I DropBoxManagerService: add tag=system_app_wtf isTagEnabled=true flags=0x2
12-31 04:07:18.270 1488 1519 I am_wtf : [0,5581,com.android.settings,952647173,RoleParser,com.android.permissioncontroller.role.model.SmsRoleBehavior]
12-31 04:07:18.274 1488 5602 I DropBoxManagerService: add tag=system_app_wtf isTagEnabled=true flags=0x2
12-31 04:07:18.274 1488 4658 I am_wtf : [0,5581,com.android.settings,952647173,RoleParser,com.android.permissioncontroller.role.model.EmergencyRoleBehavior]
12-31 04:07:18.278 1488 5604 I DropBoxManagerService: add tag=system_app_wtf isTagEnabled=true flags=0x2
12-31 04:07:18.279 1488 1519 I am_wtf : [0,5581,com.android.settings,952647173,RoleParser,com.android.permissioncontroller.role.model.HomeRoleBehavior]
12-31 04:07:18.281 1488 4658 I am_wtf : [0,5581,com.android.settings,952647173,RoleParser,com.android.permissioncontroller.role.model.SystemAutomotiveClusterRoleBehavior]
12-31 04:07:18.282 1488 4658 I am_wtf : [0,5581,com.android.settings,952647173,RoleParser,com.android.permissioncontroller.role.model.CompanionDeviceWatchRoleBehavior]
12-31 04:07:18.283 1488 4658 I service_manager_stats: [100,37,3986890]
12-31 04:07:18.285 1488 4658 I am_wtf : [0,5581,com.android.settings,952647173,RoleParser,com.android.permissioncontroller.role.model.SystemShellRoleBehavior]
12-31 04:07:18.286 1488 4658 I am_wtf : [0,5581,com.android.settings,952647173,RoleParser,com.android.permissioncontroller.role.model.TelevisionRoleBehavior]
12-31 04:07:18.288 1488 4658 I am_wtf : [0,5581,com.android.settings,952647173,RoleParser,com.android.permissioncontroller.role.model.TelevisionRoleBehavior]
01-01 10:52:46.961 0 0 I binder : 5581:5595 ioctl 40046210 6c4b925eb4 returned -22
12-31 04:07:18.364 1488 1520 D CompatibilityChangeReporter: Compat change id reported: 157233955; UID 1000; state: ENABLED
12-31 04:07:18.370 5581 5595 W CarrierConfigManager: Error getting config for subId -1 ICarrierConfigLoader is null
12-31 04:07:18.372 5581 5595 W CarrierConfigManager: Error getting config for subId -1 ICarrierConfigLoader is null
12-31 04:07:18.372 5581 5595 W CarrierConfigManager: Error getting config for subId -1 ICarrierConfigLoader is null
12-31 04:07:18.373 5581 5595 W CarrierConfigManager: Error getting config for subId -1 ICarrierConfigLoader is null
12-31 04:07:18.373 5581 5595 W CarrierConfigManager: Error getting config for subId -1 ICarrierConfigLoader is null
12-31 04:07:18.374 5581 5595 W CarrierConfigManager: Error getting config for subId -1 ICarrierConfigLoader is null
12-31 04:07:18.374 5581 5595 W CarrierConfigManager: Error getting config for subId -1 ICarrierConfigLoader is null
12-31 04:07:18.374 5581 5595 W CarrierConfigManager: Error getting config for subId -1 ICarrierConfigLoader is null
12-31 04:07:18.374 5581 5595 W CarrierConfigManager: Error getting config for subId -1 ICarrierConfigLoader is null
12-31 04:07:18.375 5581 5595 W CarrierConfigManager: Error getting config for subId -1 ICarrierConfigLoader is null
12-31 04:07:18.399 1488 1520 D CompatibilityChangeReporter: Compat change id reported: 158482162; UID 1000; state: ENABLED
12-31 04:07:18.399 1488 1520 D CompatibilityChangeReporter: Compat change id reported: 158482162; UID 1000; state: DISABLED
12-31 04:07:18.417 1488 1520 W BluetoothManagerService: psc is not null in bindBluetoothProfileService
12-31 04:07:18.454 5581 5595 I service_manager_stats: [100,23,10364813]
12-31 04:07:18.512 1488 1596 I wm_destroy_activity: [0,205731203,24,com.thundercomm.mcuupgrade/.MainActivity,finish-imm:idle]
12-31 04:07:18.519 2412 3733 W ContextImpl: Calling a method in the system process without a qualified user: android.app.ContextImpl.startService:1816 android.content.ContextWrapper.startService:774 com.thundercomm.gamemode.ingame.services.GameModeActionUtils.startGameModeService:99 com.thundercomm.gamemode.ingame.services.GameModeActionUtils.startGameModeEntry:22 com.thundercomm.gamemode.ingame.services.ActivityMonitoringService$1.onActivityLaunch:127
12-31 04:07:18.522 1488 1488 I GameModeConfig: Current uri is uri = content://com.thundercomm.gamemode.api/gamemode_settings/gamemode_isgaming
12-31 04:07:18.524 1488 1488 I GameModeConfig: isGameModeOn = false
12-31 04:07:18.524 1488 1488 I GameModeConfig: isGameModeOn = false
12-31 04:07:18.524 1488 1488 I GameModeConfig: isDisableVoice = true
12-31 04:07:18.534 1488 1519 I am_uid_running: 10028
12-31 04:07:18.534 1488 1519 D CompatibilityChangeReporter: Compat change id reported: 135634846; UID 10028; state: DISABLED
12-31 04:07:18.534 1488 1519 D CompatibilityChangeReporter: Compat change id reported: 177438394; UID 10028; state: DISABLED
12-31 04:07:18.534 1488 1519 D CompatibilityChangeReporter: Compat change id reported: 135772972; UID 10028; state: DISABLED
12-31 04:07:18.534 1488 1519 D CompatibilityChangeReporter: Compat change id reported: 135754954; UID 10028; state: ENABLED
12-31 04:07:18.535 1488 1607 D CompatibilityChangeReporter: Compat change id reported: 143937733; UID 10028; state: ENABLED
12-31 04:07:18.535 4458 4458 I wm_on_stop_called: [205731203,com.thundercomm.mcuupgrade.MainActivity,LIFECYCLER_STOP_ACTIVITY]
12-31 04:07:18.539 4458 4458 I wm_on_destroy_called: [205731203,com.thundercomm.mcuupgrade.MainActivity,performDestroy]
12-31 04:07:18.541 1488 1607 I am_proc_start: [0,5615,10028,com.android.traceur,content provider,{com.android.traceur/com.android.traceur.SearchProvider}]
12-31 04:07:18.541 1488 1607 I ActivityManager: Start proc 5615:com.android.traceur/u0a28 for content provider {com.android.traceur/com.android.traceur.SearchProvider}
01-01 10:52:47.156 0 0 I binder : 5615:5615 ioctl 40046210 7fe57aefa4 returned -22
12-31 04:07:18.557 1488 2083 I am_proc_bound: [0,5615,com.android.traceur]
12-31 04:07:18.558 1488 2083 D CompatibilityChangeReporter: Compat change id reported: 168419799; UID 10028; state: DISABLED
12-31 04:07:18.559 1488 2083 I am_uid_active: 10028
12-31 04:07:18.571 1488 1682 I input_interaction: Interaction with: cb51d65 com.android.settings.intelligence/com.android.settings.intelligence.search.SearchActivity (server), edge-swipe (server), swipe-up (server), PointerEventDispatcher0 (server),
12-31 04:07:18.625 5534 5534 I view_enqueue_input_event: [Motion - Cancel,com.android.settings.intelligence/com.android.settings.intelligence.search.SearchActivity]
12-31 04:07:18.638 1488 1682 I input_interaction: Interaction with: edge-swipe (server), swipe-up (server), PointerEventDispatcher0 (server),
12-31 04:07:18.750 1488 2083 I sysui_multi_action: [757,803,799,key_back_press,802,1]
12-31 04:07:18.754 1488 1682 I input_interaction: Interaction with: cb51d65 com.android.settings.intelligence/com.android.settings.intelligence.search.SearchActivity (server), PointerEventDispatcher0 (server),
01-01 10:52:47.748 0 0 D : mv2112_read_status
01-01 10:52:47.748 0 0 D mv2112_update_link: 3.0x901(1G): 0x80
01-01 10:52:47.748 0 0 D mv2112_update_link: 3.0x8109(100M): 0x8
01-01 10:52:47.748 0 0 D mv2112_update_link: link 0x0
01-01 10:52:47.748 0 0 D mv2112_read_status: autoneg is disabled
12-31 04:07:19.386 1488 1682 I input_interaction: Interaction with: cb51d65 com.android.settings.intelligence/com.android.settings.intelligence.search.SearchActivity (server), edge-swipe (server), swipe-up (server), PointerEventDispatcher0 (server),
01-01 10:52:48.775 0 0 D : mv2112_read_status
01-01 10:52:48.776 0 0 D mv2112_update_link: 3.0x901(1G): 0x80
01-01 10:52:48.776 0 0 D mv2112_update_link: 3.0x8109(100M): 0x8
01-01 10:52:48.776 0 0 D mv2112_update_link: link 0x0
01-01 10:52:48.776 0 0 D mv2112_read_status: autoneg is disabled
12-31 04:07:20.687 5534 5534 I view_enqueue_input_event: [Motion - Cancel,com.android.settings.intelligence/com.android.settings.intelligence.search.SearchActivity]
12-31 04:07:20.693 1488 1682 I input_interaction: Interaction with: edge-swipe (server), swipe-up (server), PointerEventDispatcher0 (server),
12-31 04:07:20.764 1488 1520 I sysui_multi_action: [757,803,799,key_back_press,802,1]
12-31 04:07:20.768 1488 1682 I input_interaction: Interaction with: cb51d65 com.android.settings.intelligence/com.android.settings.intelligence.search.SearchActivity (server), PointerEventDispatcher0 (server),
12-31 04:07:20.775 1488 2083 I wm_finish_activity: [0,114485580,24,com.android.settings.intelligence/.search.SearchActivity,app-request]
12-31 04:07:20.782 1488 2083 I wm_pause_activity: [0,114485580,com.android.settings.intelligence/.search.SearchActivity,userLeaving=false,finish]
12-31 04:07:20.785 5534 5534 I wm_on_top_resumed_lost_called: [114485580,com.android.settings.intelligence.search.SearchActivity,topStateChangedWhenResumed]
12-31 04:07:20.790 5534 5534 I wm_on_paused_called: [114485580,com.android.settings.intelligence.search.SearchActivity,performPause]
12-31 04:07:20.791 1488 2083 I wm_add_to_stopping: [0,114485580,com.android.settings.intelligence/.search.SearchActivity,completeFinishing]
12-31 04:07:20.792 1488 2083 I ActivityTaskManager: FOREGROUND_APPLICATION_CHANGED to com.android.settings.homepage.SettingsHomepageActivity
12-31 04:07:20.796 1488 2083 I ActivityTaskManager: The Process com.android.settings Already Exists in BG. So sending its PID: 5581
12-31 04:07:20.799 1488 2083 D CompatibilityChangeReporter: Compat change id reported: 181136395; UID 1000; state: DISABLED
12-31 04:07:20.800 1488 2083 D CompatibilityChangeReporter: Compat change id reported: 174042936; UID 1000; state: DISABLED
12-31 04:07:20.800 1488 2083 I wm_restart_activity: [0,176649366,24,com.android.settings/.Settings]
12-31 04:07:20.801 1488 2083 I wm_set_resumed_activity: [0,com.android.settings/.Settings,minimalResumeActivityLocked]
12-31 04:07:20.808 1488 1596 I sysui_multi_action: [757,803,799,window_time_0,802,3]
12-31 04:07:20.813 2412 3733 W ContextImpl: Calling a method in the system process without a qualified user: android.app.ContextImpl.startService:1816 android.content.ContextWrapper.startService:774 com.thundercomm.gamemode.ingame.services.GameModeActionUtils.startGameModeService:99 com.thundercomm.gamemode.ingame.services.GameModeActionUtils.startGameModeEntry:22 com.thundercomm.gamemode.ingame.services.ActivityMonitoringService$1.onActivityLaunch:127
12-31 04:07:20.818 1488 1488 I GameModeConfig: Current uri is uri = content://com.thundercomm.gamemode.api/gamemode_settings/gamemode_isgaming
12-31 04:07:20.818 1488 1682 I input_focus: [Focus leaving cb51d65 com.android.settings.intelligence/com.android.settings.intelligence.search.SearchActivity (server),reason=NO_WINDOW]
12-31 04:07:20.819 1488 1488 I GameModeConfig: isGameModeOn = false
12-31 04:07:20.819 1488 1488 I GameModeConfig: isGameModeOn = false
12-31 04:07:20.819 1488 1488 I GameModeConfig: isDisableVoice = true
12-31 04:07:20.825 1488 2083 E UserRestrictionsUtils: Unknown restriction queried by uid 1000 (com.thundercomm.gamemode et al): null
12-31 04:07:20.825 1488 1520 E UserRestrictionsUtils: Unknown restriction queried by uid 1000 (com.thundercomm.gamemode et al): null
12-31 04:07:20.825 1488 4658 E UserRestrictionsUtils: Unknown restriction queried by uid 1000 (com.thundercomm.gamemode et al): null
12-31 04:07:20.825 1488 1519 E UserRestrictionsUtils: Unknown restriction queried by uid 1000 (com.thundercomm.gamemode et al): null
12-31 04:07:20.826 1488 2082 E UserRestrictionsUtils: Unknown restriction queried by uid 1000 (com.thundercomm.gamemode et al): null
12-31 04:07:20.826 1488 2092 E UserRestrictionsUtils: Unknown restriction queried by uid 1000 (com.thundercomm.gamemode et al): null
12-31 04:07:20.826 1488 2010 E UserRestrictionsUtils: Unknown restriction queried by uid 1000 (com.thundercomm.gamemode et al): null
12-31 04:07:20.826 1488 1698 E UserRestrictionsUtils: Unknown restriction queried by uid 1000 (com.thundercomm.gamemode et al): null
12-31 04:07:20.826 1488 4093 E UserRestrictionsUtils: Unknown restriction queried by uid 1000 (com.thundercomm.gamemode et al): null
12-31 04:07:20.826 1488 2095 E UserRestrictionsUtils: Unknown restriction queried by uid 1000 (com.thundercomm.gamemode et al): null
12-31 04:07:20.827 1488 4066 E UserRestrictionsUtils: Unknown restriction queried by uid 1000 (com.thundercomm.gamemode et al): null
12-31 04:07:20.827 1488 2109 E UserRestrictionsUtils: Unknown restriction queried by uid 1000 (com.thundercomm.gamemode et al): null
12-31 04:07:20.827 1488 2115 E UserRestrictionsUtils: Unknown restriction queried by uid 1000 (com.thundercomm.gamemode et al): null
12-31 04:07:20.827 1488 2098 E UserRestrictionsUtils: Unknown restriction queried by uid 1000 (com.thundercomm.gamemode et al): null
12-31 04:07:20.827 1488 2099 E UserRestrictionsUtils: Unknown restriction queried by uid 1000 (com.thundercomm.gamemode et al): null
12-31 04:07:20.828 1488 4650 E UserRestrictionsUtils: Unknown restriction queried by uid 1000 (com.thundercomm.gamemode et al): null
12-31 04:07:20.828 1488 3465 E UserRestrictionsUtils: Unknown restriction queried by uid 1000 (com.thundercomm.gamemode et al): null
12-31 04:07:20.828 1488 4652 E UserRestrictionsUtils: Unknown restriction queried by uid 1000 (com.thundercomm.gamemode et al): null
12-31 04:07:20.845 5581 5581 W CarrierConfigManager: Error getting config for subId -1 ICarrierConfigLoader is null
12-31 04:07:20.847 1488 5654 E UserRestrictionsUtils: Unknown restriction queried by uid 1000 (com.thundercomm.gamemode et al): null
12-31 04:07:20.914 2412 3733 W ContextImpl: Calling a method in the system process without a qualified user: android.app.ContextImpl.startService:1816 android.content.ContextWrapper.startService:774 com.thundercomm.gamemode.ingame.services.GameModeActionUtils.startGameModeService:99 com.thundercomm.gamemode.ingame.services.GameModeActionUtils.startGameModeEntry:22 com.thundercomm.gamemode.ingame.services.ActivityMonitoringService$1.onActivityLaunch:127
12-31 04:07:20.921 1488 1488 I GameModeConfig: Current uri is uri = content://com.thundercomm.gamemode.api/gamemode_settings/gamemode_isgaming
12-31 04:07:20.923 1488 1488 I GameModeConfig: isGameModeOn = false
12-31 04:07:20.923 1488 1488 I GameModeConfig: isGameModeOn = false
12-31 04:07:20.923 1488 1488 I GameModeConfig: isDisableVoice = true
12-31 04:07:20.967 1488 4093 I am_uid_running: 10085
12-31 04:07:20.968 1488 4093 D CompatibilityChangeReporter: Compat change id reported: 135634846; UID 10085; state: DISABLED
12-31 04:07:20.968 1488 4093 D CompatibilityChangeReporter: Compat change id reported: 177438394; UID 10085; state: DISABLED
12-31 04:07:20.968 1488 4093 D CompatibilityChangeReporter: Compat change id reported: 135772972; UID 10085; state: DISABLED
12-31 04:07:20.968 1488 4093 D CompatibilityChangeReporter: Compat change id reported: 135754954; UID 10085; state: ENABLED
12-31 04:07:20.970 5581 5581 I wm_on_create_called: [176649366,com.android.settings.Settings,performCreate]
12-31 04:07:20.973 1488 1607 D CompatibilityChangeReporter: Compat change id reported: 143937733; UID 10085; state: ENABLED
12-31 04:07:20.981 1488 5654 E UserRestrictionsUtils: Unknown restriction queried by uid 1000 (com.thundercomm.gamemode et al): null
12-31 04:07:20.982 1488 5654 E UserRestrictionsUtils: Unknown restriction queried by uid 1000 (com.thundercomm.gamemode et al): null
12-31 04:07:20.982 1488 5654 E UserRestrictionsUtils: Unknown restriction queried by uid 1000 (com.thundercomm.gamemode et al): null
12-31 04:07:20.982 1488 5654 E UserRestrictionsUtils: Unknown restriction queried by uid 1000 (com.thundercomm.gamemode et al): null
12-31 04:07:20.982 1488 1607 I am_proc_start: [0,5659,10085,com.qualcomm.qti.qccauthmgr,content provider,{com.qualcomm.qti.qccauthmgr/com.qualcomm.qti.qccauthmgr.providers.SMQContentProvider}]
12-31 04:07:20.982 1488 1607 I ActivityManager: Start proc 5659:com.qualcomm.qti.qccauthmgr/u0a85 for content provider {com.qualcomm.qti.qccauthmgr/com.qualcomm.qti.qccauthmgr.providers.SMQContentProvider}
12-31 04:07:20.982 1488 5654 E UserRestrictionsUtils: Unknown restriction queried by uid 1000 (com.thundercomm.gamemode et al): null
12-31 04:07:20.982 1488 4093 E UserRestrictionsUtils: Unknown restriction queried by uid 1000 (com.thundercomm.gamemode et al): null
12-31 04:07:20.983 1488 4093 E UserRestrictionsUtils: Unknown restriction queried by uid 1000 (com.thundercomm.gamemode et al): null
12-31 04:07:20.983 1488 4093 E UserRestrictionsUtils: Unknown restriction queried by uid 1000 (com.thundercomm.gamemode et al): null
12-31 04:07:20.983 1488 4093 E UserRestrictionsUtils: Unknown restriction queried by uid 1000 (com.thundercomm.gamemode et al): null
12-31 04:07:20.983 1488 4093 E UserRestrictionsUtils: Unknown restriction queried by uid 1000 (com.thundercomm.gamemode et al): null
12-31 04:07:20.983 1488 4093 E UserRestrictionsUtils: Unknown restriction queried by uid 1000 (com.thundercomm.gamemode et al): null
12-31 04:07:20.983 1488 4093 E UserRestrictionsUtils: Unknown restriction queried by uid 1000 (com.thundercomm.gamemode et al): null
12-31 04:07:20.983 1488 4093 E UserRestrictionsUtils: Unknown restriction queried by uid 1000 (com.thundercomm.gamemode et al): null
12-31 04:07:20.983 1488 4093 E UserRestrictionsUtils: Unknown restriction queried by uid 1000 (com.thundercomm.gamemode et al): null
12-31 04:07:20.983 1488 4093 E UserRestrictionsUtils: Unknown restriction queried by uid 1000 (com.thundercomm.gamemode et al): null
12-31 04:07:20.984 1488 4093 E UserRestrictionsUtils: Unknown restriction queried by uid 1000 (com.thundercomm.gamemode et al): null
12-31 04:07:20.984 1488 4093 E UserRestrictionsUtils: Unknown restriction queried by uid 1000 (com.thundercomm.gamemode et al): null
12-31 04:07:20.984 1488 4093 E UserRestrictionsUtils: Unknown restriction queried by uid 1000 (com.thundercomm.gamemode et al): null
12-31 04:07:20.996 5581 5581 I wm_on_start_called: [176649366,com.android.settings.Settings,handleStartActivity]
12-31 04:07:20.998 5581 5581 I snet_event_log: [120484087,-1,]
12-31 04:07:20.998 1488 1613 W BatteryExternalStatsWorker: error reading modem stats:ERROR_PHONE_NOT_AVAILABLE
12-31 04:07:21.000 5581 5581 I wm_on_activity_result_called: [176649366,com.android.settings.Settings,RESUME_ACTIVITY]
12-31 04:07:21.000 5581 5581 I wm_on_resume_called: [176649366,com.android.settings.Settings,RESUME_ACTIVITY]
12-31 04:07:21.011 5581 5581 I sysui_multi_action: [757,746,758,1,833,0,1089,168]
12-31 04:07:21.014 1488 5654 D TelephonyRegistry: listen oscl: mHasNotifySubscriptionInfoChangedOccurred==false no callback
01-01 10:52:49.617 0 0 I binder : 5659:5659 ioctl 40046210 7fe57aefa4 returned -22
12-31 04:07:21.019 1488 5654 I am_proc_bound: [0,5659,com.qualcomm.qti.qccauthmgr]
12-31 04:07:21.020 1488 4066 D TelephonyRegistry: listen oscl: mHasNotifySubscriptionInfoChangedOccurred==false no callback
12-31 04:07:21.020 1488 5654 D CompatibilityChangeReporter: Compat change id reported: 168419799; UID 10085; state: DISABLED
12-31 04:07:21.022 1488 5654 I am_uid_active: 10085
12-31 04:07:21.023 565 565 I auditd : type=1400 audit(0.0:1055): avc: denied { read } for comm="Binder:565_2" name="wakeup58" dev="sysfs" ino=72259 scontext=u:r:system_suspend:s0 tcontext=u:object_r:sysfs:s0 tclass=dir permissive=0
12-31 04:07:21.023 565 565 I auditd : type=1400 audit(0.0:1056): avc: denied { read } for comm="Binder:565_2" name="wakeup48" dev="sysfs" ino=67673 scontext=u:r:system_suspend:s0 tcontext=u:object_r:sysfs:s0 tclass=dir permissive=0
12-31 04:07:21.026 1488 1613 E KernelCpuSpeedReader: Failed to read cpu-freq: /sys/devices/system/cpu/cpu4/cpufreq/stats/time_in_state: open failed: ENOENT (No such file or directory)
12-31 04:07:21.026 1488 1613 E KernelCpuSpeedReader: Failed to read cpu-freq: /sys/devices/system/cpu/cpu0/cpufreq/stats/time_in_state: open failed: ENOENT (No such file or directory)
12-31 04:07:21.023 565 565 I auditd : type=1400 audit(0.0:1057): avc: denied { read } for comm="Binder:565_2" name="wakeup4" dev="sysfs" ino=47049 scontext=u:r:system_suspend:s0 tcontext=u:object_r:sysfs:s0 tclass=dir permissive=0
12-31 04:07:21.023 565 565 I auditd : type=1400 audit(0.0:1058): avc: denied { read } for comm="Binder:565_2" name="wakeup76" dev="sysfs" ino=77301 scontext=u:r:system_suspend:s0 tcontext=u:object_r:sysfs:s0 tclass=dir permissive=0
12-31 04:07:21.023 565 565 I auditd : type=1400 audit(0.0:1059): avc: denied { read } for comm="Binder:565_2" name="wakeup28" dev="sysfs" ino=53114 scontext=u:r:system_suspend:s0 tcontext=u:object_r:sysfs:s0 tclass=dir permissive=0
12-31 04:07:21.023 565 565 I auditd : type=1400 audit(0.0:1060): avc: denied { read } for comm="Binder:565_2" name="wakeup56" dev="sysfs" ino=72187 scontext=u:r:system_suspend:s0 tcontext=u:object_r:sysfs:s0 tclass=dir permissive=0
12-31 04:07:21.023 565 565 I auditd : type=1400 audit(0.0:1061): avc: denied { read } for comm="Binder:565_2" name="wakeup2" dev="sysfs" ino=46573 scontext=u:r:system_suspend:s0 tcontext=u:object_r:sysfs:s0 tclass=dir permissive=0
12-31 04:07:21.023 565 565 I auditd : type=1400 audit(0.0:1062): avc: denied { read } for comm="Binder:565_2" name="wakeup36" dev="sysfs" ino=58619 scontext=u:r:system_suspend:s0 tcontext=u:object_r:sysfs:s0 tclass=dir permissive=0
12-31 04:07:21.023 565 565 I auditd : type=1400 audit(0.0:1063): avc: denied { read } for comm="Binder:565_2" name="wakeup54" dev="sysfs" ino=72115 scontext=u:r:system_suspend:s0 tcontext=u:object_r:sysfs:s0 tclass=dir permissive=0
01-01 10:52:49.630 0 0 W audit : audit_lost=753 audit_rate_limit=5 audit_backlog_limit=64
01-01 10:52:49.630 0 0 E audit : rate limit exceeded
12-31 04:07:21.030 5581 5581 I sysui_multi_action: [757,1729,758,4,854,isParalleledControllers:false,1089,190]
12-31 04:07:21.030 5581 5581 I sysui_multi_action: [757,35,758,1,833,0,1089,51]
12-31 04:07:21.030 5581 5581 I sysui_multi_action: [757,1729,758,4,854,isParalleledControllers:false,1089,51]
12-31 04:07:21.037 5581 5581 I wm_on_top_resumed_gained_called: [176649366,com.android.settings.Settings,topStateChangedWhenResumed]
12-31 04:07:21.050 1488 1613 W BatteryExternalStatsWorker: error reading modem stats:ERROR_PHONE_NOT_AVAILABLE
12-31 04:07:21.071 1488 1613 E KernelCpuSpeedReader: Failed to read cpu-freq: /sys/devices/system/cpu/cpu4/cpufreq/stats/time_in_state: open failed: ENOENT (No such file or directory)
12-31 04:07:21.072 1488 1613 E KernelCpuSpeedReader: Failed to read cpu-freq: /sys/devices/system/cpu/cpu0/cpufreq/stats/time_in_state: open failed: ENOENT (No such file or directory)
12-31 04:07:21.091 1488 1597 I input_focus: [Focus request c1bfa3d com.android.settings/com.android.settings.Settings,reason=UpdateInputWindows]
12-31 04:07:21.135 1488 1682 I input_focus: [Focus entering c1bfa3d com.android.settings/com.android.settings.Settings (server),reason=Window became focusable. Previous reason: NOT_VISIBLE]
01-01 10:52:49.795 0 0 D : mv2112_read_status
01-01 10:52:49.796 0 0 D mv2112_update_link: 3.0x901(1G): 0x80
01-01 10:52:49.796 0 0 D mv2112_update_link: 3.0x8109(100M): 0x8
01-01 10:52:49.796 0 0 D mv2112_update_link: link 0x0
01-01 10:52:49.796 0 0 D mv2112_read_status: autoneg is disabled
12-31 04:07:21.221 1488 1596 I wm_destroy_activity: [0,114485580,24,com.android.settings.intelligence/.search.SearchActivity,finish-imm:idle]
12-31 04:07:21.237 2412 3733 W ContextImpl: Calling a method in the system process without a qualified user: android.app.ContextImpl.startService:1816 android.content.ContextWrapper.startService:774 com.thundercomm.gamemode.ingame.services.GameModeActionUtils.startGameModeService:99 com.thundercomm.gamemode.ingame.services.GameModeActionUtils.startGameModeEntry:22 com.thundercomm.gamemode.ingame.services.ActivityMonitoringService$1.onActivityLaunch:127
12-31 04:07:21.242 1488 1488 I GameModeConfig: Current uri is uri = content://com.thundercomm.gamemode.api/gamemode_settings/gamemode_isgaming
12-31 04:07:21.244 1488 1488 I GameModeConfig: isGameModeOn = false
12-31 04:07:21.244 1488 1488 I GameModeConfig: isGameModeOn = false
12-31 04:07:21.244 1488 1488 I GameModeConfig: isDisableVoice = true
12-31 04:07:21.248 5534 5534 I wm_on_stop_called: [114485580,com.android.settings.intelligence.search.SearchActivity,LIFECYCLER_STOP_ACTIVITY]
12-31 04:07:21.254 5534 5534 I wm_on_destroy_called: [114485580,com.android.settings.intelligence.search.SearchActivity,performDestroy]
12-31 04:07:21.259 1488 1682 I input_interaction: Interaction with: c1bfa3d com.android.settings/com.android.settings.Settings (server), edge-swipe (server), swipe-up (server), PointerEventDispatcher0 (server),
12-31 04:07:21.284 5581 5581 I view_enqueue_input_event: [Motion - Cancel,com.android.settings/com.android.settings.Settings]
12-31 04:07:21.296 1488 1682 I input_interaction: Interaction with: edge-swipe (server), swipe-up (server), PointerEventDispatcher0 (server),
12-31 04:07:21.410 1488 5654 I sysui_multi_action: [757,803,799,key_back_press,802,1]
12-31 04:07:21.414 1488 1682 I input_interaction: Interaction with: c1bfa3d com.android.settings/com.android.settings.Settings (server), PointerEventDispatcher0 (server),
12-31 04:07:21.417 1488 2095 I ActivityTaskManager: moveTaskToBack: Task{a8eef9c #24 type=standard A=1000:com.android.settings.root U=0 visible=true mode=fullscreen translucent=false sz=1}
12-31 04:07:21.417 1488 2095 I wm_task_moved: [24,0,0]
12-31 04:07:21.419 1488 2095 I wm_focused_root_task: [0,0,1,24,moveTaskToBackLocked]
12-31 04:07:21.419 1488 2095 I wm_add_to_stopping: [0,176649366,com.android.settings/.Settings,makeInvisible]
12-31 04:07:21.420 1488 2095 I wm_pause_activity: [0,176649366,com.android.settings/.Settings,userLeaving=false,pauseBackTasks]
12-31 04:07:21.421 1488 2095 I ActivityTaskManager: FOREGROUND_APPLICATION_CHANGED to com.android.launcher3.uioverrides.QuickstepLauncher
12-31 04:07:21.422 2481 2481 I wm_on_restart_called: [175692250,com.android.launcher3.uioverrides.QuickstepLauncher,performRestartActivity]
12-31 04:07:21.423 2481 2481 I wm_on_start_called: [175692250,com.android.launcher3.uioverrides.QuickstepLauncher,handleStartActivity]
12-31 04:07:21.423 1488 2095 I wm_set_resumed_activity: [0,com.android.launcher3/.uioverrides.QuickstepLauncher,resumeTopActivityInnerLocked]
12-31 04:07:21.426 1488 2095 I wm_resume_activity: [0,175692250,19,com.android.launcher3/.uioverrides.QuickstepLauncher]
12-31 04:07:21.427 5581 5581 I wm_on_top_resumed_lost_called: [176649366,com.android.settings.Settings,topStateChangedWhenResumed]
12-31 04:07:21.436 5581 5581 I sysui_multi_action: [757,746,758,2,1089,428]
12-31 04:07:21.437 1488 1682 I input_focus: [Focus leaving c1bfa3d com.android.settings/com.android.settings.Settings (server),reason=NO_WINDOW]
12-31 04:07:21.444 1488 1596 I sysui_multi_action: [757,803,799,window_time_0,802,0]
12-31 04:07:21.444 1488 1597 I input_focus: [Focus request affb0e1 com.android.launcher3/com.android.launcher3.uioverrides.QuickstepLauncher,reason=UpdateInputWindows]
12-31 04:07:21.445 5581 5581 I sysui_multi_action: [757,35,758,2,1089,415]
12-31 04:07:21.445 5581 5581 I wm_on_paused_called: [176649366,com.android.settings.Settings,performPause]
12-31 04:07:21.449 2412 3733 W ContextImpl: Calling a method in the system process without a qualified user: android.app.ContextImpl.startService:1816 android.content.ContextWrapper.startService:774 com.thundercomm.gamemode.ingame.services.GameModeActionUtils.startGameModeService:99 com.thundercomm.gamemode.ingame.services.GameModeActionUtils.startGameModeEntry:22 com.thundercomm.gamemode.ingame.services.ActivityMonitoringService$1.onActivityLaunch:127
12-31 04:07:21.452 1488 1488 I GameModeConfig: Current uri is uri = content://com.thundercomm.gamemode.api/gamemode_settings/gamemode_isgaming
12-31 04:07:21.453 1488 1488 I GameModeConfig: isGameModeOn = false
12-31 04:07:21.459 1488 1488 I GameModeConfig: isGameModeOn = false
12-31 04:07:21.459 1488 1488 I GameModeConfig: isDisableVoice = true
12-31 04:07:21.461 2481 2481 I wm_on_resume_called: [175692250,com.android.launcher3.uioverrides.QuickstepLauncher,RESUME_ACTIVITY]
12-31 04:07:21.461 2481 2481 I wm_on_top_resumed_gained_called: [175692250,com.android.launcher3.uioverrides.QuickstepLauncher,topStateChangedWhenResumed]
12-31 04:07:21.486 1488 1682 I input_focus: [Focus entering affb0e1 com.android.launcher3/com.android.launcher3.uioverrides.QuickstepLauncher (server),reason=Window became focusable. Previous reason: NOT_VISIBLE]
12-31 04:07:21.529 2412 3733 W ContextImpl: Calling a method in the system process without a qualified user: android.app.ContextImpl.startService:1816 android.content.ContextWrapper.startService:774 com.thundercomm.gamemode.ingame.services.GameModeActionUtils.startGameModeService:99 com.thundercomm.gamemode.ingame.services.GameModeActionUtils.startGameModeEntry:22 com.thundercomm.gamemode.ingame.services.ActivityMonitoringService$1.onActivityLaunch:127
12-31 04:07:21.533 1488 1488 I GameModeConfig: Current uri is uri = content://com.thundercomm.gamemode.api/gamemode_settings/gamemode_isgaming
12-31 04:07:21.536 1488 1488 I GameModeConfig: isGameModeOn = false
12-31 04:07:21.536 1488 1488 I GameModeConfig: isGameModeOn = false
12-31 04:07:21.536 1488 1488 I GameModeConfig: isDisableVoice = true
12-31 04:07:21.840 1488 1596 I wm_stop_activity: [0,176649366,com.android.settings/.Settings]
12-31 04:07:21.880 5581 5581 I wm_on_stop_called: [176649366,com.android.settings.Settings,STOP_ACTIVITY_ITEM]
12-31 04:07:21.897 2412 3733 W ContextImpl: Calling a method in the system process without a qualified user: android.app.ContextImpl.startService:1816 android.content.ContextWrapper.startService:774 com.thundercomm.gamemode.ingame.services.GameModeActionUtils.startGameModeService:99 com.thundercomm.gamemode.ingame.services.GameModeActionUtils.startGameModeEntry:22 com.thundercomm.gamemode.ingame.services.ActivityMonitoringService$1.onActivityLaunch:127
12-31 04:07:21.900 1488 1488 I GameModeConfig: Current uri is uri = content://com.thundercomm.gamemode.api/gamemode_settings/gamemode_isgaming
12-31 04:07:21.901 1488 1488 I GameModeConfig: isGameModeOn = false
12-31 04:07:21.902 1488 1488 I GameModeConfig: isGameModeOn = false
12-31 04:07:21.902 1488 1488 I GameModeConfig: isDisableVoice = true
12-31 04:07:22.056 1488 2739 E TaskPersister: File error accessing recents directory (directory doesn't exist?).
12-31 04:07:22.110 1488 1682 I input_interaction: Interaction with: affb0e1 com.android.launcher3/com.android.launcher3.uioverrides.QuickstepLauncher (server), dcdd28a com.android.systemui.ImageWallpaper (server), edge-swipe (server), swipe-up (server), PointerEventDispatcher0 (server),
01-01 10:52:50.819 0 0 D : mv2112_read_status
01-01 10:52:50.820 0 0 D mv2112_update_link: 3.0x901(1G): 0x80
01-01 10:52:50.820 0 0 D mv2112_update_link: 3.0x8109(100M): 0x8
01-01 10:52:50.820 0 0 D mv2112_update_link: link 0x0
01-01 10:52:50.820 0 0 D mv2112_read_status: autoneg is disabled
12-31 04:07:22.844 1488 5654 I thunderperf: PlatormCompat.setOverrides: Uid1=10074 Pid1=2481 Uid2=10074 Pid2=2481
12-31 04:07:22.844 1488 5654 I thunderperf: PlatormCompat.setOverrides: needCheck:false
12-31 04:07:22.845 1488 5654 I ActivityTaskManager: START u0 {act=android.intent.action.MAIN cat=[android.intent.category.LAUNCHER] flg=0x10200000 cmp=com.android.settings/.Settings bnds=[2128,710][2314,910]} from uid 10074
12-31 04:07:22.847 1488 5654 I wm_task_moved: [24,1,6]
12-31 04:07:22.847 1488 5654 I wm_task_to_front: [0,24]
12-31 04:07:22.848 1488 5654 I wm_focused_root_task: [0,0,24,1,bringingFoundTaskToFront]
12-31 04:07:22.849 1488 5654 I wm_set_resumed_activity: [0,com.android.settings/.Settings,bringingFoundTaskToFront]
12-31 04:07:22.850 1488 5654 I wm_new_intent: [0,176649366,24,com.android.settings/.Settings,android.intent.action.MAIN,NULL,NULL,270532608]
12-31 04:07:22.851 1488 5654 I wm_pause_activity: [0,175692250,com.android.launcher3/.uioverrides.QuickstepLauncher,userLeaving=true,pauseBackTasks]
12-31 04:07:22.860 2481 2481 I wm_on_top_resumed_lost_called: [175692250,com.android.launcher3.uioverrides.QuickstepLauncher,topStateChangedWhenResumed]
12-31 04:07:22.864 2481 2481 I wm_on_paused_called: [175692250,com.android.launcher3.uioverrides.QuickstepLauncher,performPause]
12-31 04:07:22.865 1488 4093 I ActivityTaskManager: FOREGROUND_APPLICATION_CHANGED to com.android.settings.homepage.SettingsHomepageActivity
12-31 04:07:22.868 1488 4093 I wm_set_resumed_activity: [0,com.android.settings/.Settings,resumeTopActivityInnerLocked]
12-31 04:07:22.869 1488 4093 I wm_add_to_stopping: [0,175692250,com.android.launcher3/.uioverrides.QuickstepLauncher,makeInvisible]
12-31 04:07:22.870 1488 4093 I wm_resume_activity: [0,176649366,24,com.android.settings/.Settings]
12-31 04:07:22.887 1488 1596 I sysui_multi_action: [757,803,799,window_time_0,802,2]
12-31 04:07:22.889 1488 1682 I input_focus: [Focus leaving affb0e1 com.android.launcher3/com.android.launcher3.uioverrides.QuickstepLauncher (server),reason=NO_WINDOW]
12-31 04:07:22.891 5581 5581 I wm_on_restart_called: [176649366,com.android.settings.Settings,performRestartActivity]
12-31 04:07:22.898 5581 5581 I wm_on_start_called: [176649366,com.android.settings.Settings,handleStartActivity]
12-31 04:07:22.898 5581 5581 I snet_event_log: [120484087,-1,]
12-31 04:07:22.898 5581 5581 I wm_on_resume_called: [176649366,com.android.settings.Settings,RESUME_ACTIVITY]
12-31 04:07:22.899 2412 3733 W ContextImpl: Calling a method in the system process without a qualified user: android.app.ContextImpl.startService:1816 android.content.ContextWrapper.startService:774 com.thundercomm.gamemode.ingame.services.GameModeActionUtils.startGameModeService:99 com.thundercomm.gamemode.ingame.services.GameModeActionUtils.startGameModeEntry:22 com.thundercomm.gamemode.ingame.services.ActivityMonitoringService$1.onActivityLaunch:127
12-31 04:07:22.903 5581 5581 I sysui_multi_action: [757,746,758,1,833,0,1089,0]
12-31 04:07:22.903 1488 1488 I GameModeConfig: Current uri is uri = content://com.thundercomm.gamemode.api/gamemode_settings/gamemode_isgaming
12-31 04:07:22.904 1488 4093 D TelephonyRegistry: listen oscl: mHasNotifySubscriptionInfoChangedOccurred==false no callback
12-31 04:07:22.910 1488 1488 I GameModeConfig: isGameModeOn = false
12-31 04:07:22.910 1488 1488 I GameModeConfig: isGameModeOn = false
12-31 04:07:22.910 1488 1488 I GameModeConfig: isDisableVoice = true
12-31 04:07:22.914 1488 2092 D TelephonyRegistry: listen oscl: mHasNotifySubscriptionInfoChangedOccurred==false no callback
12-31 04:07:22.918 5581 5581 I sysui_multi_action: [757,35,758,1,833,0,1089,0]
12-31 04:07:22.919 5581 5581 I wm_on_top_resumed_gained_called: [176649366,com.android.settings.Settings,topWhenResuming]
12-31 04:07:22.925 1488 1597 I input_focus: [Focus request c1bfa3d com.android.settings/com.android.settings.Settings,reason=UpdateInputWindows]
12-31 04:07:22.940 1488 1682 I input_focus: [Focus entering c1bfa3d com.android.settings/com.android.settings.Settings (server),reason=setFocusedWindow]
12-31 04:07:22.944 1488 1593 I sysui_multi_action: [319,44,321,42,322,89,325,10369,757,761,758,9,759,4,806,com.android.settings,871,com.android.settings.Settings,904,com.android.launcher3,905,0,1320,21,1321,5]
12-31 04:07:22.983 2412 3733 W ContextImpl: Calling a method in the system process without a qualified user: android.app.ContextImpl.startService:1816 android.content.ContextWrapper.startService:774 com.thundercomm.gamemode.ingame.services.GameModeActionUtils.startGameModeService:99 com.thundercomm.gamemode.ingame.services.GameModeActionUtils.startGameModeEntry:22 com.thundercomm.gamemode.ingame.services.ActivityMonitoringService$1.onActivityLaunch:127
12-31 04:07:22.986 1488 1488 I GameModeConfig: Current uri is uri = content://com.thundercomm.gamemode.api/gamemode_settings/gamemode_isgaming
12-31 04:07:22.990 1488 1488 I GameModeConfig: isGameModeOn = false
12-31 04:07:22.990 1488 1488 I GameModeConfig: isGameModeOn = false
12-31 04:07:22.990 1488 1488 I GameModeConfig: isDisableVoice = true
01-01 10:52:51.843 0 0 D : mv2112_read_status
01-01 10:52:51.844 0 0 D mv2112_update_link: 3.0x901(1G): 0x80
01-01 10:52:51.844 0 0 D mv2112_update_link: 3.0x8109(100M): 0x8
01-01 10:52:51.844 0 0 D mv2112_update_link: link 0x0
01-01 10:52:51.844 0 0 D mv2112_read_status: autoneg is disabled
12-31 04:07:23.431 1488 1596 I wm_stop_activity: [0,175692250,com.android.launcher3/.uioverrides.QuickstepLauncher]
12-31 04:07:23.448 2481 2481 I wm_on_stop_called: [175692250,com.android.launcher3.uioverrides.QuickstepLauncher,STOP_ACTIVITY_ITEM]
12-31 04:07:23.468 2412 3733 W ContextImpl: Calling a method in the system process without a qualified user: android.app.ContextImpl.startService:1816 android.content.ContextWrapper.startService:774 com.thundercomm.gamemode.ingame.services.GameModeActionUtils.startGameModeService:99 com.thundercomm.gamemode.ingame.services.GameModeActionUtils.startGameModeEntry:22 com.thundercomm.gamemode.ingame.services.ActivityMonitoringService$1.onActivityLaunch:127
12-31 04:07:23.473 1488 1488 I GameModeConfig: Current uri is uri = content://com.thundercomm.gamemode.api/gamemode_settings/gamemode_isgaming
12-31 04:07:23.475 1488 1488 I GameModeConfig: isGameModeOn = false
12-31 04:07:23.476 1488 1488 I GameModeConfig: isGameModeOn = false
12-31 04:07:23.476 1488 1488 I GameModeConfig: isDisableVoice = true
01-01 10:52:52.868 0 0 D : mv2112_read_status
01-01 10:52:52.868 0 0 D mv2112_update_link: 3.0x901(1G): 0x80
01-01 10:52:52.868 0 0 D mv2112_update_link: 3.0x8109(100M): 0x8
01-01 10:52:52.868 0 0 D mv2112_update_link: link 0x0
01-01 10:52:52.868 0 0 D mv2112_read_status: autoneg is disabled
12-31 04:07:24.318 1488 1682 I input_interaction: Interaction with: c1bfa3d com.android.settings/com.android.settings.Settings (server), edge-swipe (server), swipe-up (server), PointerEventDispatcher0 (server),
12-31 04:07:24.454 5581 5581 I sysui_multi_action: [757,830,758,4,833,0,854,top_level_network,1089,0]
12-31 04:07:24.571 5581 5581 I sysui_multi_action: [757,746,758,2,1089,1668]
12-31 04:07:24.596 5581 5581 W CarrierConfigManager: Error getting config for subId -1 ICarrierConfigLoader is null
12-31 04:07:24.599 1488 4652 E UserRestrictionsUtils: Unknown restriction queried by uid 1000 (com.thundercomm.gamemode et al): null
12-31 04:07:24.640 5581 5581 I sysui_multi_action: [757,746,758,1,833,0,1089,48]
12-31 04:07:24.640 1488 4652 D TelephonyRegistry: listen oscl: mHasNotifySubscriptionInfoChangedOccurred==false no callback
12-31 04:07:24.644 1488 4652 D TelephonyRegistry: listen oscl: mHasNotifySubscriptionInfoChangedOccurred==false no callback
12-31 04:07:24.651 5581 5581 I sysui_multi_action: [757,1729,758,4,854,isParalleledControllers:false,1089,59]
12-31 04:07:24.667 5581 5581 I service_manager_stats: [100,55,6213]
01-01 10:52:53.892 0 0 D : mv2112_read_status
01-01 10:52:53.892 0 0 D mv2112_update_link: 3.0x901(1G): 0x80
01-01 10:52:53.892 0 0 D mv2112_update_link: 3.0x8109(100M): 0x8
01-01 10:52:53.892 0 0 D mv2112_update_link: link 0x0
01-01 10:52:53.892 0 0 D mv2112_read_status: autoneg is disabled
12-31 04:07:25.563 5581 5581 I sysui_multi_action: [757,830,758,4,833,0,854,main_toggle_wifi,1089,0]
12-31 04:07:25.572 5581 5581 I sysui_multi_action: [757,746,758,2,1089,933]
12-31 04:07:25.597 1488 4093 I netstats_mobile_sample: [0,0,0,0,0,0,0,0,0,0,0,0,1672430845597]
12-31 04:07:25.597 1488 4093 I netstats_wifi_sample: [0,0,0,0,0,0,0,0,0,0,0,0,1672430845597]
12-31 04:07:25.608 1488 4093 I netstats_mobile_sample: [0,0,0,0,0,0,0,0,0,0,0,0,1672430845608]
12-31 04:07:25.608 1488 4093 I netstats_wifi_sample: [0,0,0,0,0,0,0,0,0,0,0,0,1672430845608]
12-31 04:07:25.639 5581 5581 I sysui_multi_action: [757,103,758,1,833,0,1089,57]
12-31 04:07:25.876 1488 2739 E TaskPersister: File error accessing recents directory (directory doesn't exist?).
01-01 10:52:54.916 0 0 D : mv2112_read_status
01-01 10:52:54.916 0 0 D mv2112_update_link: 3.0x901(1G): 0x80
01-01 10:52:54.916 0 0 D mv2112_update_link: 3.0x8109(100M): 0x8
01-01 10:52:54.916 0 0 D mv2112_update_link: link 0x0
01-01 10:52:54.916 0 0 D mv2112_read_status: autoneg is disabled
12-31 04:07:26.743 5581 5581 I sysui_multi_action: [757,830,758,4,833,0,854,top_level_connected_devices,1089,0]
12-31 04:07:26.846 5581 5581 I sysui_multi_action: [757,103,758,2,1089,1207]
12-31 04:07:26.899 5581 5581 E ActivityThread: Failed to find provider info for com.google.android.gms.nearby.fastpair
12-31 04:07:26.900 5581 5663 E ActivityThread: Failed to find provider info for com.google.android.gms.nearby.fastpair
12-31 04:07:26.907 5581 5581 I sysui_multi_action: [757,747,758,1,833,0,1089,45]
12-31 04:07:26.908 5581 5581 I sysui_multi_action: [757,1729,758,4,854,isParalleledControllers:false,1089,47]
01-01 10:52:55.940 0 0 D : mv2112_read_status
01-01 10:52:55.940 0 0 D mv2112_update_link: 3.0x901(1G): 0x80
01-01 10:52:55.940 0 0 D mv2112_update_link: 3.0x8109(100M): 0x8
01-01 10:52:55.940 0 0 D mv2112_update_link: link 0x0
01-01 10:52:55.940 0 0 D mv2112_read_status: autoneg is disabled
12-31 04:07:27.637 5581 5581 I sysui_multi_action: [757,830,758,4,833,0,854,top_level_apps,1089,0]
12-31 04:07:27.740 5581 5581 I sysui_multi_action: [757,747,758,2,1089,833]
12-31 04:07:27.797 5581 5581 I sysui_multi_action: [757,65,758,1,833,0,1089,48]
12-31 04:07:27.821 5581 5581 I sysui_multi_action: [757,1729,758,4,854,isParalleledControllers:false,1089,72]
01-01 10:52:56.964 0 0 D : mv2112_read_status
01-01 10:52:56.964 0 0 D mv2112_update_link: 3.0x901(1G): 0x80
01-01 10:52:56.964 0 0 D mv2112_update_link: 3.0x8109(100M): 0x8
01-01 10:52:56.964 0 0 D mv2112_update_link: link 0x0
01-01 10:52:56.964 0 0 D mv2112_read_status: autoneg is disabled
12-31 04:07:28.654 5581 5581 I sysui_multi_action: [757,830,758,4,833,0,854,all_app_infos,1089,0]
12-31 04:07:28.656 5581 5581 I sysui_multi_action: [757,65,758,2,1089,859]
12-31 04:07:28.704 5581 5581 I sysui_multi_action: [757,65,758,1,833,0,1089,44]
01-01 10:52:57.988 0 0 D : mv2112_read_status
01-01 10:52:57.988 0 0 D mv2112_update_link: 3.0x901(1G): 0x80
01-01 10:52:57.988 0 0 D mv2112_update_link: 3.0x8109(100M): 0x8
01-01 10:52:57.988 0 0 D mv2112_update_link: link 0x0
01-01 10:52:57.988 0 0 D mv2112_read_status: autoneg is disabled
01-01 10:52:59.013 0 0 D : mv2112_read_status
01-01 10:52:59.013 0 0 D mv2112_update_link: 3.0x901(1G): 0x80
01-01 10:52:59.013 0 0 D mv2112_update_link: 3.0x8109(100M): 0x8
01-01 10:52:59.013 0 0 D mv2112_update_link: link 0x0
01-01 10:52:59.013 0 0 D mv2112_read_status: autoneg is disabled
01-01 10:53:00.035 0 0 D : mv2112_read_status
01-01 10:53:00.036 0 0 D mv2112_update_link: 3.0x901(1G): 0x80
01-01 10:53:00.036 0 0 D mv2112_update_link: 3.0x8109(100M): 0x8
01-01 10:53:00.036 0 0 D mv2112_update_link: link 0x0
01-01 10:53:00.036 0 0 D mv2112_read_status: autoneg is disabled
12-31 04:07:32.364 5581 5581 I sysui_multi_action: [757,65,758,2,1089,3661]
12-31 04:07:32.395 5581 5581 I sysui_multi_action: [757,65,758,1,833,0,1089,0]
01-01 10:53:01.059 0 0 D : mv2112_read_status
01-01 10:53:01.060 0 0 D mv2112_update_link: 3.0x901(1G): 0x80
01-01 10:53:01.060 0 0 D mv2112_update_link: 3.0x8109(100M): 0x8
01-01 10:53:01.060 0 0 D mv2112_update_link: link 0x0
01-01 10:53:01.060 0 0 D mv2112_read_status: autoneg is disabled
12-31 04:07:33.295 5581 5581 I view_enqueue_input_event: [Motion - Cancel,com.android.settings/com.android.settings.Settings]
12-31 04:07:33.307 1488 1682 I input_interaction: Interaction with: edge-swipe (server), swipe-up (server), PointerEventDispatcher0 (server),
