12-31 01:44:39.647 1488 1871 E DisplayDeviceConfig: requesting nits when no mapping exists.
12-31 01:44:39.648 1488 1871 E DisplayDeviceConfig: requesting nits when no mapping exists.
12-31 01:44:39.648 1488 1606 I am_wtf : [0,1488,system_server,-1,DisplayDeviceConfig,requesting nits when no mapping exists.]
12-31 01:44:39.649 1488 1606 I am_wtf : [0,1488,system_server,-1,DisplayDeviceConfig,requesting nits when no mapping exists.]
12-31 01:44:39.664 1488 1871 E DisplayDeviceConfig: requesting nits when no mapping exists.
12-31 01:44:39.664 1488 1606 I am_wtf : [0,1488,system_server,-1,DisplayDeviceConfig,requesting nits when no mapping exists.]
12-31 01:44:39.664 1488 1871 E DisplayDeviceConfig: requesting nits when no mapping exists.
12-31 01:44:39.665 1488 1606 I am_wtf : [0,1488,system_server,-1,DisplayDeviceConfig,requesting nits when no mapping exists.]
12-31 01:44:39.681 1488 1871 E DisplayDeviceConfig: requesting nits when no mapping exists.
12-31 01:44:39.681 1488 1606 I am_wtf : [0,1488,system_server,-1,DisplayDeviceConfig,requesting nits when no mapping exists.]
12-31 01:44:39.681 1488 1871 E DisplayDeviceConfig: requesting nits when no mapping exists.
12-31 01:44:39.681 1488 1606 I am_wtf : [0,1488,system_server,-1,DisplayDeviceConfig,requesting nits when no mapping exists.]
12-31 01:44:39.698 1488 1871 E DisplayDeviceConfig: requesting nits when no mapping exists.
12-31 01:44:39.698 1488 1606 I am_wtf : [0,1488,system_server,-1,DisplayDeviceConfig,requesting nits when no mapping exists.]
12-31 01:44:39.698 1488 1871 E DisplayDeviceConfig: requesting nits when no mapping exists.
12-31 01:44:39.699 1488 1606 I am_wtf : [0,1488,system_server,-1,DisplayDeviceConfig,requesting nits when no mapping exists.]
12-31 01:44:39.715 1488 1871 E DisplayDeviceConfig: requesting nits when no mapping exists.
12-31 01:44:39.715 1488 1871 E DisplayDeviceConfig: requesting nits when no mapping exists.
12-31 01:44:39.715 1488 1606 I am_wtf : [0,1488,system_server,-1,DisplayDeviceConfig,requesting nits when no mapping exists.]
12-31 01:44:39.717 1488 1606 I am_wtf : [0,1488,system_server,-1,DisplayDeviceConfig,requesting nits when no mapping exists.]
12-31 01:44:39.731 1488 1871 E DisplayDeviceConfig: requesting nits when no mapping exists.
12-31 01:44:39.731 1488 1871 E DisplayDeviceConfig: requesting nits when no mapping exists.
12-31 01:44:39.731 1488 1606 I am_wtf : [0,1488,system_server,-1,DisplayDeviceConfig,requesting nits when no mapping exists.]
12-31 01:44:39.732 1488 1606 I am_wtf : [0,1488,system_server,-1,DisplayDeviceConfig,requesting nits when no mapping exists.]
12-31 01:44:39.748 1488 1871 E DisplayDeviceConfig: requesting nits when no mapping exists.
12-31 01:44:39.748 1488 1871 E DisplayDeviceConfig: requesting nits when no mapping exists.
12-31 01:44:39.748 1488 1606 I am_wtf : [0,1488,system_server,-1,DisplayDeviceConfig,requesting nits when no mapping exists.]
12-31 01:44:39.749 1488 1606 I am_wtf : [0,1488,system_server,-1,DisplayDeviceConfig,requesting nits when no mapping exists.]
12-31 01:44:39.764 1488 1871 E DisplayDeviceConfig: requesting nits when no mapping exists.
12-31 01:44:39.765 1488 1871 E DisplayDeviceConfig: requesting nits when no mapping exists.
12-31 01:44:39.766 1488 1606 I am_wtf : [0,1488,system_server,-1,DisplayDeviceConfig,requesting nits when no mapping exists.]
12-31 01:44:39.767 1488 1606 I am_wtf : [0,1488,system_server,-1,DisplayDeviceConfig,requesting nits when no mapping exists.]
12-31 01:44:39.781 1488 1871 E DisplayDeviceConfig: requesting nits when no mapping exists.
12-31 01:44:39.781 1488 1871 E DisplayDeviceConfig: requesting nits when no mapping exists.
12-31 01:44:39.782 1488 1606 I am_wtf : [0,1488,system_server,-1,DisplayDeviceConfig,requesting nits when no mapping exists.]
12-31 01:44:39.782 1488 1606 I am_wtf : [0,1488,system_server,-1,DisplayDeviceConfig,requesting nits when no mapping exists.]
12-31 01:44:39.798 1488 1871 E DisplayDeviceConfig: requesting nits when no mapping exists.
12-31 01:44:39.798 1488 1871 E DisplayDeviceConfig: requesting nits when no mapping exists.
12-31 01:44:39.799 1488 1606 I am_wtf : [0,1488,system_server,-1,DisplayDeviceConfig,requesting nits when no mapping exists.]
12-31 01:44:39.799 1488 1606 I am_wtf : [0,1488,system_server,-1,DisplayDeviceConfig,requesting nits when no mapping exists.]
12-31 01:44:39.814 1488 1871 E DisplayDeviceConfig: requesting nits when no mapping exists.
12-31 01:44:39.815 1488 1871 E DisplayDeviceConfig: requesting nits when no mapping exists.
12-31 01:44:39.815 1488 1606 I am_wtf : [0,1488,system_server,-1,DisplayDeviceConfig,requesting nits when no mapping exists.]
12-31 01:44:39.816 1488 1606 I am_wtf : [0,1488,system_server,-1,DisplayDeviceConfig,requesting nits when no mapping exists.]
12-31 01:44:39.831 1488 1871 E DisplayDeviceConfig: requesting nits when no mapping exists.
12-31 01:44:39.832 1488 1871 E DisplayDeviceConfig: requesting nits when no mapping exists.
12-31 01:44:39.832 1488 1606 I am_wtf : [0,1488,system_server,-1,DisplayDeviceConfig,requesting nits when no mapping exists.]
12-31 01:44:39.833 1488 1606 I am_wtf : [0,1488,system_server,-1,DisplayDeviceConfig,requesting nits when no mapping exists.]
12-31 01:44:39.848 1488 1871 E DisplayDeviceConfig: requesting nits when no mapping exists.
12-31 01:44:39.848 1488 1606 I am_wtf : [0,1488,system_server,-1,DisplayDeviceConfig,requesting nits when no mapping exists.]
12-31 01:44:39.848 1488 1871 E DisplayDeviceConfig: requesting nits when no mapping exists.
12-31 01:44:39.849 1488 1606 I am_wtf : [0,1488,system_server,-1,DisplayDeviceConfig,requesting nits when no mapping exists.]
12-31 01:44:46.005 1488 1622 I PowerManagerService: Napping display group (groupId=0, uid=1000)...
12-31 01:44:46.006 1488 1622 I PowerManagerService: Nap time (uid 1000)...
12-31 01:44:46.010 1488 1622 I DreamManagerService: Entering dreamland.
12-31 01:44:46.013 1488 1622 I PowerManagerService: Dreaming...
12-31 01:44:46.020 1488 1593 I DreamController: Starting dream: name=ComponentInfo{com.thundercomm.screensaver/com.thundercomm.saverclock.service.ClockScreensaver}, isTest=false, canDoze=false, userId=0
12-31 01:44:46.020 1488 1593 I sysui_multi_action: [757,222,758,1]
12-31 01:44:46.031 1488 2083 I ActivityTaskManager: START u0 {flg=0x10000000 pkg=com.thundercomm.screensaver cmp=com.thundercomm.screensaver/android.service.dreams.DreamActivity (has extras)} from uid 10052
12-31 01:44:46.033 1488 2083 I wm_task_created: [23,-1]
12-31 01:44:46.033 1488 2083 W ActivityTaskManager: Can't find TaskDisplayArea to determine support for multi window. Task id=23 attached=false
12-31 01:44:46.035 1488 1605 I commit_sys_config_file: [procstats,9]
12-31 01:44:46.037 1488 2083 I wm_task_moved: [23,1,6]
12-31 01:44:46.037 1488 2083 I wm_task_to_front: [0,23]
12-31 01:44:46.037 1488 2083 I wm_create_task: [0,23]
12-31 01:44:46.037 1488 2083 I wm_create_activity: [0,11973002,23,com.thundercomm.screensaver/android.service.dreams.DreamActivity,NULL,NULL,NULL,276824064]
12-31 01:44:46.037 1488 2083 I wm_task_moved: [23,1,6]
12-31 01:44:46.037 2481 2481 I wm_on_top_resumed_lost_called: [175692250,com.android.launcher3.uioverrides.QuickstepLauncher,topStateChangedWhenResumed]
12-31 01:44:46.037 1488 2083 I wm_pause_activity: [0,175692250,com.android.launcher3/.uioverrides.QuickstepLauncher,userLeaving=true,pauseBackTasks]
12-31 01:44:46.039 2481 2481 I wm_on_paused_called: [175692250,com.android.launcher3.uioverrides.QuickstepLauncher,performPause]
12-31 01:44:46.040 1488 1520 I ActivityTaskManager: FOREGROUND_APPLICATION_CHANGED to android.service.dreams.DreamActivity
12-31 01:44:46.040 1488 1520 I ActivityTaskManager: The Process com.thundercomm.screensaver Already Exists in BG. So sending its PID: 3973
12-31 01:44:46.040 1488 1520 W ActivityTaskManager: Tried to set launchTime (0) < mLastActivityLaunchTime (891838)
12-31 01:44:46.040 1488 1520 I wm_add_to_stopping: [0,175692250,com.android.launcher3/.uioverrides.QuickstepLauncher,makeInvisible]
12-31 01:44:46.041 1488 1520 I wm_restart_activity: [0,11973002,23,com.thundercomm.screensaver/android.service.dreams.DreamActivity]
12-31 01:44:46.041 1488 1520 I wm_set_resumed_activity: [0,com.thundercomm.screensaver/android.service.dreams.DreamActivity,minimalResumeActivityLocked]
12-31 01:44:46.044 1488 1596 I sysui_multi_action: [757,803,799,window_time_0,802,60]
12-31 01:44:46.044 3973 3973 I wm_on_create_called: [11973002,android.service.dreams.DreamActivity,performCreate]
12-31 01:44:46.045 3973 3973 I wm_on_start_called: [11973002,android.service.dreams.DreamActivity,handleStartActivity]
12-31 01:44:46.045 3973 3973 I wm_on_resume_called: [11973002,android.service.dreams.DreamActivity,RESUME_ACTIVITY]
12-31 01:44:46.046 1488 2083 W WindowManager: Failed looking up window session=Session{70b2ea8 3973:u0a10052} callers=com.android.server.wm.WindowManagerService.windowForClientLocked:5628 com.android.server.wm.Session.insetsModified:629 android.view.IWindowSession$Stub.onTransact:1151
12-31 01:44:46.047 3973 3973 I wm_on_top_resumed_gained_called: [11973002,android.service.dreams.DreamActivity,topStateChangedWhenResumed]
12-31 01:44:46.049 2412 3733 W ContextImpl: Calling a method in the system process without a qualified user: android.app.ContextImpl.startService:1816 android.content.ContextWrapper.startService:774 com.thundercomm.gamemode.ingame.services.GameModeActionUtils.startGameModeService:99 com.thundercomm.gamemode.ingame.services.GameModeActionUtils.startGameModeEntry:22 com.thundercomm.gamemode.ingame.services.ActivityMonitoringService$1.onActivityLaunch:127
12-31 01:44:46.052 1488 1488 I GameModeConfig: Current uri is uri = content://com.thundercomm.gamemode.api/gamemode_settings/gamemode_isgaming
12-31 01:44:46.053 1488 1488 I GameModeConfig: isGameModeOn = false
12-31 01:44:46.053 1488 1488 I GameModeConfig: isGameModeOn = false
12-31 01:44:46.053 1488 1488 I GameModeConfig: isDisableVoice = true
12-31 01:44:46.063 1488 1682 I input_focus: [Focus leaving affb0e1 com.android.launcher3/com.android.launcher3.uioverrides.QuickstepLauncher (server),reason=NO_WINDOW]
12-31 01:44:46.070 1488 1597 I input_focus: [Focus request 9d65c56 com.thundercomm.screensaver/android.service.dreams.DreamActivity,reason=UpdateInputWindows]
12-31 01:44:46.076 1488 1593 I sysui_multi_action: [319,43,322,43,325,1812,757,761,758,8,759,2,806,com.thundercomm.screensaver,871,android.service.dreams.DreamActivity,904,com.thundercomm.screensaver,905,0,1320,4,1321,2]
12-31 01:44:46.076 1488 1593 I wm_activity_launch_time: [0,11973002,com.thundercomm.screensaver/android.service.dreams.DreamActivity,43]
12-31 01:44:46.076 1488 1622 V DisplayPowerController[0]: Brightness [1.0] reason changing to: 'manual', previous reason: 'manual [ dim ]'.
12-31 01:44:46.076 1488 1622 I sysui_multi_action: [757,1696,758,6,759,3]
12-31 01:44:46.078 1488 1871 E DisplayDeviceConfig: requesting nits when no mapping exists.
12-31 01:44:46.079 1488 1871 E DisplayDeviceConfig: requesting nits when no mapping exists.
12-31 01:44:46.079 1488 1606 I am_wtf : [0,1488,system_server,-1,DisplayDeviceConfig,requesting nits when no mapping exists.]
12-31 01:44:46.079 1488 1606 I am_wtf : [0,1488,system_server,-1,DisplayDeviceConfig,requesting nits when no mapping exists.]
12-31 01:44:46.095 1488 1871 E DisplayDeviceConfig: requesting nits when no mapping exists.
12-31 01:44:46.095 1488 1871 E DisplayDeviceConfig: requesting nits when no mapping exists.
12-31 01:44:46.095 1488 1606 I am_wtf : [0,1488,system_server,-1,DisplayDeviceConfig,requesting nits when no mapping exists.]
12-31 01:44:46.096 1488 1682 I input_focus: [Focus entering 9d65c56 com.thundercomm.screensaver/android.service.dreams.DreamActivity (server),reason=Window became focusable. Previous reason: NOT_VISIBLE]
12-31 01:44:46.096 1488 1606 I am_wtf : [0,1488,system_server,-1,DisplayDeviceConfig,requesting nits when no mapping exists.]
12-31 01:44:46.112 1488 1871 E DisplayDeviceConfig: requesting nits when no mapping exists.
12-31 01:44:46.112 1488 1606 I am_wtf : [0,1488,system_server,-1,DisplayDeviceConfig,requesting nits when no mapping exists.]
12-31 01:44:46.112 1488 1871 E DisplayDeviceConfig: requesting nits when no mapping exists.
12-31 01:44:46.112 1488 1606 I am_wtf : [0,1488,system_server,-1,DisplayDeviceConfig,requesting nits when no mapping exists.]
12-31 01:44:46.129 1488 1871 E DisplayDeviceConfig: requesting nits when no mapping exists.
12-31 01:44:46.129 1488 1871 E DisplayDeviceConfig: requesting nits when no mapping exists.
12-31 01:44:46.129 1488 1606 I am_wtf : [0,1488,system_server,-1,DisplayDeviceConfig,requesting nits when no mapping exists.]
12-31 01:44:46.130 1488 1606 I am_wtf : [0,1488,system_server,-1,DisplayDeviceConfig,requesting nits when no mapping exists.]
12-31 01:44:46.145 2412 3733 W ContextImpl: Calling a method in the system process without a qualified user: android.app.ContextImpl.startService:1816 android.content.ContextWrapper.startService:774 com.thundercomm.gamemode.ingame.services.GameModeActionUtils.startGameModeService:99 com.thundercomm.gamemode.ingame.services.GameModeActionUtils.startGameModeEntry:22 com.thundercomm.gamemode.ingame.services.ActivityMonitoringService$1.onActivityLaunch:127
12-31 01:44:46.145 1488 1871 E DisplayDeviceConfig: requesting nits when no mapping exists.
12-31 01:44:46.146 1488 1871 E DisplayDeviceConfig: requesting nits when no mapping exists.
12-31 01:44:46.146 1488 1606 I am_wtf : [0,1488,system_server,-1,DisplayDeviceConfig,requesting nits when no mapping exists.]
12-31 01:44:46.146 1488 1606 I am_wtf : [0,1488,system_server,-1,DisplayDeviceConfig,requesting nits when no mapping exists.]
12-31 01:44:46.147 1488 1488 I GameModeConfig: Current uri is uri = content://com.thundercomm.gamemode.api/gamemode_settings/gamemode_isgaming
12-31 01:44:46.148 1488 1488 I GameModeConfig: isGameModeOn = false
12-31 01:44:46.148 1488 1488 I GameModeConfig: isGameModeOn = false
12-31 01:44:46.148 1488 1488 I GameModeConfig: isDisableVoice = true
12-31 01:44:46.163 1488 1871 E DisplayDeviceConfig: requesting nits when no mapping exists.
12-31 01:44:46.163 1488 1871 E DisplayDeviceConfig: requesting nits when no mapping exists.
12-31 01:44:46.163 1488 1606 I am_wtf : [0,1488,system_server,-1,DisplayDeviceConfig,requesting nits when no mapping exists.]
12-31 01:44:46.163 1488 1606 I am_wtf : [0,1488,system_server,-1,DisplayDeviceConfig,requesting nits when no mapping exists.]
12-31 01:44:46.179 1488 1871 E DisplayDeviceConfig: requesting nits when no mapping exists.
12-31 01:44:46.179 1488 1871 E DisplayDeviceConfig: requesting nits when no mapping exists.
12-31 01:44:46.179 1488 1606 I am_wtf : [0,1488,system_server,-1,DisplayDeviceConfig,requesting nits when no mapping exists.]
12-31 01:44:46.179 1488 1606 I am_wtf : [0,1488,system_server,-1,DisplayDeviceConfig,requesting nits when no mapping exists.]
12-31 01:44:46.196 1488 1871 E DisplayDeviceConfig: requesting nits when no mapping exists.
12-31 01:44:46.196 1488 1871 E DisplayDeviceConfig: requesting nits when no mapping exists.
12-31 01:44:46.196 1488 1606 I am_wtf : [0,1488,system_server,-1,DisplayDeviceConfig,requesting nits when no mapping exists.]
12-31 01:44:46.196 1488 1606 I am_wtf : [0,1488,system_server,-1,DisplayDeviceConfig,requesting nits when no mapping exists.]
12-31 01:44:46.213 1488 1871 E DisplayDeviceConfig: requesting nits when no mapping exists.
12-31 01:44:46.213 1488 1606 I am_wtf : [0,1488,system_server,-1,DisplayDeviceConfig,requesting nits when no mapping exists.]
12-31 01:44:46.213 1488 1871 E DisplayDeviceConfig: requesting nits when no mapping exists.
12-31 01:44:46.213 1488 1606 I am_wtf : [0,1488,system_server,-1,DisplayDeviceConfig,requesting nits when no mapping exists.]
12-31 01:44:46.230 1488 1871 E DisplayDeviceConfig: requesting nits when no mapping exists.
12-31 01:44:46.230 1488 1871 E DisplayDeviceConfig: requesting nits when no mapping exists.
12-31 01:44:46.230 1488 1606 I am_wtf : [0,1488,system_server,-1,DisplayDeviceConfig,requesting nits when no mapping exists.]
12-31 01:44:46.230 1488 1606 I am_wtf : [0,1488,system_server,-1,DisplayDeviceConfig,requesting nits when no mapping exists.]
12-31 01:44:46.246 1488 1871 E DisplayDeviceConfig: requesting nits when no mapping exists.
12-31 01:44:46.246 1488 1871 E DisplayDeviceConfig: requesting nits when no mapping exists.
12-31 01:44:46.246 1488 1606 I am_wtf : [0,1488,system_server,-1,DisplayDeviceConfig,requesting nits when no mapping exists.]
12-31 01:44:46.246 1488 1606 I am_wtf : [0,1488,system_server,-1,DisplayDeviceConfig,requesting nits when no mapping exists.]
12-31 01:44:46.263 1488 1871 E DisplayDeviceConfig: requesting nits when no mapping exists.
12-31 01:44:46.263 1488 1606 I am_wtf : [0,1488,system_server,-1,DisplayDeviceConfig,requesting nits when no mapping exists.]
12-31 01:44:46.263 1488 1871 E DisplayDeviceConfig: requesting nits when no mapping exists.
12-31 01:44:46.264 1488 1606 I am_wtf : [0,1488,system_server,-1,DisplayDeviceConfig,requesting nits when no mapping exists.]
12-31 01:44:46.279 1488 1871 E DisplayDeviceConfig: requesting nits when no mapping exists.
12-31 01:44:46.280 1488 1871 E DisplayDeviceConfig: requesting nits when no mapping exists.
12-31 01:44:46.280 1488 1606 I am_wtf : [0,1488,system_server,-1,DisplayDeviceConfig,requesting nits when no mapping exists.]
12-31 01:44:46.280 1488 1606 I am_wtf : [0,1488,system_server,-1,DisplayDeviceConfig,requesting nits when no mapping exists.]
12-31 01:44:46.296 1488 1871 E DisplayDeviceConfig: requesting nits when no mapping exists.
12-31 01:44:46.296 1488 1606 I am_wtf : [0,1488,system_server,-1,DisplayDeviceConfig,requesting nits when no mapping exists.]
12-31 01:44:46.296 1488 1871 E DisplayDeviceConfig: requesting nits when no mapping exists.
12-31 01:44:46.296 1488 1606 I am_wtf : [0,1488,system_server,-1,DisplayDeviceConfig,requesting nits when no mapping exists.]
12-31 01:44:46.313 1488 1871 E DisplayDeviceConfig: requesting nits when no mapping exists.
12-31 01:44:46.313 1488 1871 E DisplayDeviceConfig: requesting nits when no mapping exists.
12-31 01:44:46.313 1488 1606 I am_wtf : [0,1488,system_server,-1,DisplayDeviceConfig,requesting nits when no mapping exists.]
12-31 01:44:46.313 1488 1606 I am_wtf : [0,1488,system_server,-1,DisplayDeviceConfig,requesting nits when no mapping exists.]
12-31 01:44:46.313 1488 1606 I service_manager_stats: [100,37,7048]
12-31 01:44:46.329 1488 1871 E DisplayDeviceConfig: requesting nits when no mapping exists.
12-31 01:44:46.329 1488 1871 E DisplayDeviceConfig: requesting nits when no mapping exists.
12-31 01:44:46.329 1488 1606 I am_wtf : [0,1488,system_server,-1,DisplayDeviceConfig,requesting nits when no mapping exists.]
12-31 01:44:46.329 1488 1606 I am_wtf : [0,1488,system_server,-1,DisplayDeviceConfig,requesting nits when no mapping exists.]
12-31 01:44:46.346 1488 1871 E DisplayDeviceConfig: requesting nits when no mapping exists.
12-31 01:44:46.346 1488 1871 E DisplayDeviceConfig: requesting nits when no mapping exists.
12-31 01:44:46.346 1488 1606 I am_wtf : [0,1488,system_server,-1,DisplayDeviceConfig,requesting nits when no mapping exists.]
12-31 01:44:46.347 1488 1606 I am_wtf : [0,1488,system_server,-1,DisplayDeviceConfig,requesting nits when no mapping exists.]
12-31 01:44:46.363 1488 1871 E DisplayDeviceConfig: requesting nits when no mapping exists.
12-31 01:44:46.363 1488 1871 E DisplayDeviceConfig: requesting nits when no mapping exists.
12-31 01:44:46.363 1488 1606 I am_wtf : [0,1488,system_server,-1,DisplayDeviceConfig,requesting nits when no mapping exists.]
12-31 01:44:46.364 1488 1606 I am_wtf : [0,1488,system_server,-1,DisplayDeviceConfig,requesting nits when no mapping exists.]
12-31 01:44:46.364 1488 1596 I wm_stop_activity: [0,175692250,com.android.launcher3/.uioverrides.QuickstepLauncher]
12-31 01:44:46.380 1488 1871 E DisplayDeviceConfig: requesting nits when no mapping exists.
12-31 01:44:46.381 1488 1871 E DisplayDeviceConfig: requesting nits when no mapping exists.
12-31 01:44:46.381 1488 1606 I am_wtf : [0,1488,system_server,-1,DisplayDeviceConfig,requesting nits when no mapping exists.]
12-31 01:44:46.381 1488 1606 I am_wtf : [0,1488,system_server,-1,DisplayDeviceConfig,requesting nits when no mapping exists.]
12-31 01:44:46.382 2481 2481 I wm_on_stop_called: [175692250,com.android.launcher3.uioverrides.QuickstepLauncher,STOP_ACTIVITY_ITEM]
12-31 01:44:46.397 1488 1871 E DisplayDeviceConfig: requesting nits when no mapping exists.
12-31 01:44:46.397 1488 1871 E DisplayDeviceConfig: requesting nits when no mapping exists.
12-31 01:44:46.397 1488 1606 I am_wtf : [0,1488,system_server,-1,DisplayDeviceConfig,requesting nits when no mapping exists.]
12-31 01:44:46.397 1488 1606 I am_wtf : [0,1488,system_server,-1,DisplayDeviceConfig,requesting nits when no mapping exists.]
12-31 01:44:46.400 2412 3733 W ContextImpl: Calling a method in the system process without a qualified user: android.app.ContextImpl.startService:1816 android.content.ContextWrapper.startService:774 com.thundercomm.gamemode.ingame.services.GameModeActionUtils.startGameModeService:99 com.thundercomm.gamemode.ingame.services.GameModeActionUtils.startGameModeEntry:22 com.thundercomm.gamemode.ingame.services.ActivityMonitoringService$1.onActivityLaunch:127
12-31 01:44:46.402 1488 1488 I GameModeConfig: Current uri is uri = content://com.thundercomm.gamemode.api/gamemode_settings/gamemode_isgaming
12-31 01:44:46.402 1488 1488 I GameModeConfig: isGameModeOn = false
12-31 01:44:46.402 1488 1488 I GameModeConfig: isGameModeOn = false
12-31 01:44:46.402 1488 1488 I GameModeConfig: isDisableVoice = true
12-31 01:44:46.413 1488 1871 E DisplayDeviceConfig: requesting nits when no mapping exists.
12-31 01:44:46.413 1488 1871 E DisplayDeviceConfig: requesting nits when no mapping exists.
12-31 01:44:46.413 1488 1606 I am_wtf : [0,1488,system_server,-1,DisplayDeviceConfig,requesting nits when no mapping exists.]
12-31 01:44:46.413 1488 1606 I am_wtf : [0,1488,system_server,-1,DisplayDeviceConfig,requesting nits when no mapping exists.]
12-31 01:44:46.429 1488 1871 E DisplayDeviceConfig: requesting nits when no mapping exists.
12-31 01:44:46.429 1488 1871 E DisplayDeviceConfig: requesting nits when no mapping exists.
12-31 01:44:46.429 1488 1606 I am_wtf : [0,1488,system_server,-1,DisplayDeviceConfig,requesting nits when no mapping exists.]
12-31 01:44:46.430 1488 1606 I am_wtf : [0,1488,system_server,-1,DisplayDeviceConfig,requesting nits when no mapping exists.]
12-31 01:44:46.446 1488 1871 E DisplayDeviceConfig: requesting nits when no mapping exists.
12-31 01:44:46.447 1488 1871 E DisplayDeviceConfig: requesting nits when no mapping exists.
12-31 01:44:46.447 1488 1606 I am_wtf : [0,1488,system_server,-1,DisplayDeviceConfig,requesting nits when no mapping exists.]
12-31 01:44:46.447 1488 1606 I am_wtf : [0,1488,system_server,-1,DisplayDeviceConfig,requesting nits when no mapping exists.]
12-31 01:44:46.464 1488 1871 E DisplayDeviceConfig: requesting nits when no mapping exists.
12-31 01:44:46.464 1488 1871 E DisplayDeviceConfig: requesting nits when no mapping exists.
12-31 01:44:46.464 1488 1606 I am_wtf : [0,1488,system_server,-1,DisplayDeviceConfig,requesting nits when no mapping exists.]
12-31 01:44:46.464 1488 1606 I am_wtf : [0,1488,system_server,-1,DisplayDeviceConfig,requesting nits when no mapping exists.]
12-31 01:44:46.480 1488 1871 E DisplayDeviceConfig: requesting nits when no mapping exists.
12-31 01:44:46.480 1488 1606 I am_wtf : [0,1488,system_server,-1,DisplayDeviceConfig,requesting nits when no mapping exists.]
12-31 01:44:46.480 1488 1871 E DisplayDeviceConfig: requesting nits when no mapping exists.
12-31 01:44:46.480 1488 1606 I am_wtf : [0,1488,system_server,-1,DisplayDeviceConfig,requesting nits when no mapping exists.]
12-31 01:44:46.497 1488 1871 E DisplayDeviceConfig: requesting nits when no mapping exists.
12-31 01:44:46.497 1488 1871 E DisplayDeviceConfig: requesting nits when no mapping exists.
12-31 01:44:46.497 1488 1606 I am_wtf : [0,1488,system_server,-1,DisplayDeviceConfig,requesting nits when no mapping exists.]
12-31 01:44:46.497 1488 1606 I am_wtf : [0,1488,system_server,-1,DisplayDeviceConfig,requesting nits when no mapping exists.]
12-31 01:44:46.513 1488 1871 E DisplayDeviceConfig: requesting nits when no mapping exists.
12-31 01:44:46.513 1488 1871 E DisplayDeviceConfig: requesting nits when no mapping exists.
12-31 01:44:46.513 1488 1606 I am_wtf : [0,1488,system_server,-1,DisplayDeviceConfig,requesting nits when no mapping exists.]
12-31 01:44:46.514 1488 1606 I am_wtf : [0,1488,system_server,-1,DisplayDeviceConfig,requesting nits when no mapping exists.]
12-31 01:44:46.530 1488 1871 E DisplayDeviceConfig: requesting nits when no mapping exists.
12-31 01:44:46.530 1488 1871 E DisplayDeviceConfig: requesting nits when no mapping exists.
12-31 01:44:46.530 1488 1606 I am_wtf : [0,1488,system_server,-1,DisplayDeviceConfig,requesting nits when no mapping exists.]
12-31 01:44:46.530 1488 1606 I am_wtf : [0,1488,system_server,-1,DisplayDeviceConfig,requesting nits when no mapping exists.]
12-31 01:44:46.547 1488 1871 E DisplayDeviceConfig: requesting nits when no mapping exists.
12-31 01:44:46.547 1488 1871 E DisplayDeviceConfig: requesting nits when no mapping exists.
12-31 01:44:46.547 1488 1606 I am_wtf : [0,1488,system_server,-1,DisplayDeviceConfig,requesting nits when no mapping exists.]
12-31 01:44:46.547 1488 1606 I am_wtf : [0,1488,system_server,-1,DisplayDeviceConfig,requesting nits when no mapping exists.]
12-31 01:44:46.563 1488 1871 E DisplayDeviceConfig: requesting nits when no mapping exists.
12-31 01:44:46.563 1488 1871 E DisplayDeviceConfig: requesting nits when no mapping exists.
12-31 01:44:46.563 1488 1606 I am_wtf : [0,1488,system_server,-1,DisplayDeviceConfig,requesting nits when no mapping exists.]
12-31 01:44:46.564 1488 1606 I am_wtf : [0,1488,system_server,-1,DisplayDeviceConfig,requesting nits when no mapping exists.]
12-31 01:44:46.580 1488 1871 E DisplayDeviceConfig: requesting nits when no mapping exists.
12-31 01:44:46.580 1488 1871 E DisplayDeviceConfig: requesting nits when no mapping exists.
12-31 01:44:46.580 1488 1606 I am_wtf : [0,1488,system_server,-1,DisplayDeviceConfig,requesting nits when no mapping exists.]
12-31 01:44:46.580 1488 1606 I am_wtf : [0,1488,system_server,-1,DisplayDeviceConfig,requesting nits when no mapping exists.]
12-31 01:44:46.597 1488 1871 E DisplayDeviceConfig: requesting nits when no mapping exists.
12-31 01:44:46.597 1488 1871 E DisplayDeviceConfig: requesting nits when no mapping exists.
12-31 01:44:46.597 1488 1606 I am_wtf : [0,1488,system_server,-1,DisplayDeviceConfig,requesting nits when no mapping exists.]
12-31 01:44:46.597 1488 1606 I am_wtf : [0,1488,system_server,-1,DisplayDeviceConfig,requesting nits when no mapping exists.]
12-31 01:44:46.613 1488 1871 E DisplayDeviceConfig: requesting nits when no mapping exists.
12-31 01:44:46.614 1488 1871 E DisplayDeviceConfig: requesting nits when no mapping exists.
12-31 01:44:46.614 1488 1606 I am_wtf : [0,1488,system_server,-1,DisplayDeviceConfig,requesting nits when no mapping exists.]
12-31 01:44:46.614 1488 1606 I am_wtf : [0,1488,system_server,-1,DisplayDeviceConfig,requesting nits when no mapping exists.]
12-31 01:44:46.630 1488 1871 E DisplayDeviceConfig: requesting nits when no mapping exists.
12-31 01:44:46.630 1488 1871 E DisplayDeviceConfig: requesting nits when no mapping exists.
12-31 01:44:46.630 1488 1606 I am_wtf : [0,1488,system_server,-1,DisplayDeviceConfig,requesting nits when no mapping exists.]
12-31 01:44:46.630 1488 1606 I am_wtf : [0,1488,system_server,-1,DisplayDeviceConfig,requesting nits when no mapping exists.]
12-31 01:44:46.647 1488 1871 E DisplayDeviceConfig: requesting nits when no mapping exists.
12-31 01:44:46.647 1488 1871 E DisplayDeviceConfig: requesting nits when no mapping exists.
12-31 01:44:46.647 1488 1606 I am_wtf : [0,1488,system_server,-1,DisplayDeviceConfig,requesting nits when no mapping exists.]
12-31 01:44:46.647 1488 1606 I am_wtf : [0,1488,system_server,-1,DisplayDeviceConfig,requesting nits when no mapping exists.]
12-31 01:44:46.664 1488 1871 E DisplayDeviceConfig: requesting nits when no mapping exists.
12-31 01:44:46.664 1488 1871 E DisplayDeviceConfig: requesting nits when no mapping exists.
12-31 01:44:46.664 1488 1606 I am_wtf : [0,1488,system_server,-1,DisplayDeviceConfig,requesting nits when no mapping exists.]
12-31 01:44:46.664 1488 1606 I am_wtf : [0,1488,system_server,-1,DisplayDeviceConfig,requesting nits when no mapping exists.]
12-31 01:44:46.680 1488 1871 E DisplayDeviceConfig: requesting nits when no mapping exists.
12-31 01:44:46.680 1488 1871 E DisplayDeviceConfig: requesting nits when no mapping exists.
12-31 01:44:46.680 1488 1606 I am_wtf : [0,1488,system_server,-1,DisplayDeviceConfig,requesting nits when no mapping exists.]
12-31 01:44:46.681 1488 1606 I am_wtf : [0,1488,system_server,-1,DisplayDeviceConfig,requesting nits when no mapping exists.]
12-31 01:44:46.697 1488 1871 E DisplayDeviceConfig: requesting nits when no mapping exists.
12-31 01:44:46.697 1488 1871 E DisplayDeviceConfig: requesting nits when no mapping exists.
12-31 01:44:46.697 1488 1606 I am_wtf : [0,1488,system_server,-1,DisplayDeviceConfig,requesting nits when no mapping exists.]
12-31 01:44:46.697 1488 1606 I am_wtf : [0,1488,system_server,-1,DisplayDeviceConfig,requesting nits when no mapping exists.]
12-31 01:44:46.714 1488 1871 E DisplayDeviceConfig: requesting nits when no mapping exists.
12-31 01:44:46.714 1488 1871 E DisplayDeviceConfig: requesting nits when no mapping exists.
12-31 01:44:46.714 1488 1606 I am_wtf : [0,1488,system_server,-1,DisplayDeviceConfig,requesting nits when no mapping exists.]
12-31 01:44:46.714 1488 1606 I am_wtf : [0,1488,system_server,-1,DisplayDeviceConfig,requesting nits when no mapping exists.]
12-31 01:44:46.730 1488 1871 E DisplayDeviceConfig: requesting nits when no mapping exists.
12-31 01:44:46.731 1488 1871 E DisplayDeviceConfig: requesting nits when no mapping exists.
12-31 01:44:46.731 1488 1606 I am_wtf : [0,1488,system_server,-1,DisplayDeviceConfig,requesting nits when no mapping exists.]
12-31 01:44:46.731 1488 1606 I am_wtf : [0,1488,system_server,-1,DisplayDeviceConfig,requesting nits when no mapping exists.]
12-31 01:44:46.747 1488 1871 E DisplayDeviceConfig: requesting nits when no mapping exists.
12-31 01:44:46.747 1488 1871 E DisplayDeviceConfig: requesting nits when no mapping exists.
12-31 01:44:46.747 1488 1606 I am_wtf : [0,1488,system_server,-1,DisplayDeviceConfig,requesting nits when no mapping exists.]
12-31 01:44:46.747 1488 1606 I am_wtf : [0,1488,system_server,-1,DisplayDeviceConfig,requesting nits when no mapping exists.]
12-31 01:44:46.764 1488 1871 E DisplayDeviceConfig: requesting nits when no mapping exists.
12-31 01:44:46.764 1488 1871 E DisplayDeviceConfig: requesting nits when no mapping exists.
12-31 01:44:46.764 1488 1606 I am_wtf : [0,1488,system_server,-1,DisplayDeviceConfig,requesting nits when no mapping exists.]
12-31 01:44:46.764 1488 1606 I am_wtf : [0,1488,system_server,-1,DisplayDeviceConfig,requesting nits when no mapping exists.]
12-31 01:44:46.781 1488 1871 E DisplayDeviceConfig: requesting nits when no mapping exists.
12-31 01:44:46.781 1488 1871 E DisplayDeviceConfig: requesting nits when no mapping exists.
12-31 01:44:46.781 1488 1606 I am_wtf : [0,1488,system_server,-1,DisplayDeviceConfig,requesting nits when no mapping exists.]
12-31 01:44:46.781 1488 1606 I am_wtf : [0,1488,system_server,-1,DisplayDeviceConfig,requesting nits when no mapping exists.]
12-31 01:44:46.797 1488 1871 E DisplayDeviceConfig: requesting nits when no mapping exists.
12-31 01:44:46.797 1488 1871 E DisplayDeviceConfig: requesting nits when no mapping exists.
12-31 01:44:46.797 1488 1606 I am_wtf : [0,1488,system_server,-1,DisplayDeviceConfig,requesting nits when no mapping exists.]
12-31 01:44:46.798 1488 1606 I am_wtf : [0,1488,system_server,-1,DisplayDeviceConfig,requesting nits when no mapping exists.]
12-31 01:44:46.814 1488 1871 E DisplayDeviceConfig: requesting nits when no mapping exists.
12-31 01:44:46.814 1488 1871 E DisplayDeviceConfig: requesting nits when no mapping exists.
12-31 01:44:46.814 1488 1606 I am_wtf : [0,1488,system_server,-1,DisplayDeviceConfig,requesting nits when no mapping exists.]
12-31 01:44:46.814 1488 1606 I am_wtf : [0,1488,system_server,-1,DisplayDeviceConfig,requesting nits when no mapping exists.]
12-31 01:44:46.831 1488 1871 E DisplayDeviceConfig: requesting nits when no mapping exists.
12-31 01:44:46.831 1488 1871 E DisplayDeviceConfig: requesting nits when no mapping exists.
12-31 01:44:46.831 1488 1606 I am_wtf : [0,1488,system_server,-1,DisplayDeviceConfig,requesting nits when no mapping exists.]
12-31 01:44:46.831 1488 1606 I am_wtf : [0,1488,system_server,-1,DisplayDeviceConfig,requesting nits when no mapping exists.]
12-31 01:44:46.847 1488 1871 E DisplayDeviceConfig: requesting nits when no mapping exists.
12-31 01:44:46.847 1488 1606 I am_wtf : [0,1488,system_server,-1,DisplayDeviceConfig,requesting nits when no mapping exists.]
12-31 01:44:46.847 1488 1871 E DisplayDeviceConfig: requesting nits when no mapping exists.
12-31 01:44:46.848 1488 1606 I am_wtf : [0,1488,system_server,-1,DisplayDeviceConfig,requesting nits when no mapping exists.]
12-31 01:44:46.864 1488 1871 E DisplayDeviceConfig: requesting nits when no mapping exists.
12-31 01:44:46.864 1488 1606 I am_wtf : [0,1488,system_server,-1,DisplayDeviceConfig,requesting nits when no mapping exists.]
12-31 01:44:46.864 1488 1871 E DisplayDeviceConfig: requesting nits when no mapping exists.
12-31 01:44:46.864 1488 1606 I am_wtf : [0,1488,system_server,-1,DisplayDeviceConfig,requesting nits when no mapping exists.]
12-31 01:44:46.881 1488 1871 E DisplayDeviceConfig: requesting nits when no mapping exists.
12-31 01:44:46.881 1488 1871 E DisplayDeviceConfig: requesting nits when no mapping exists.
12-31 01:44:46.881 1488 1606 I am_wtf : [0,1488,system_server,-1,DisplayDeviceConfig,requesting nits when no mapping exists.]
12-31 01:44:46.881 1488 1606 I am_wtf : [0,1488,system_server,-1,DisplayDeviceConfig,requesting nits when no mapping exists.]
12-31 01:44:46.898 1488 1871 E DisplayDeviceConfig: requesting nits when no mapping exists.
12-31 01:44:46.898 1488 1871 E DisplayDeviceConfig: requesting nits when no mapping exists.
12-31 01:44:46.898 1488 1606 I am_wtf : [0,1488,system_server,-1,DisplayDeviceConfig,requesting nits when no mapping exists.]
12-31 01:44:46.898 1488 1606 I am_wtf : [0,1488,system_server,-1,DisplayDeviceConfig,requesting nits when no mapping exists.]
12-31 01:44:46.914 1488 1871 E DisplayDeviceConfig: requesting nits when no mapping exists.
12-31 01:44:46.914 1488 1606 I am_wtf : [0,1488,system_server,-1,DisplayDeviceConfig,requesting nits when no mapping exists.]
12-31 01:44:46.914 1488 1871 E DisplayDeviceConfig: requesting nits when no mapping exists.
12-31 01:44:46.915 1488 1606 I am_wtf : [0,1488,system_server,-1,DisplayDeviceConfig,requesting nits when no mapping exists.]
12-31 01:44:46.931 1488 1871 E DisplayDeviceConfig: requesting nits when no mapping exists.
12-31 01:44:46.931 1488 1871 E DisplayDeviceConfig: requesting nits when no mapping exists.
12-31 01:44:46.931 1488 1606 I am_wtf : [0,1488,system_server,-1,DisplayDeviceConfig,requesting nits when no mapping exists.]
12-31 01:44:46.931 1488 1606 I am_wtf : [0,1488,system_server,-1,DisplayDeviceConfig,requesting nits when no mapping exists.]
12-31 01:44:46.948 1488 1871 E DisplayDeviceConfig: requesting nits when no mapping exists.
12-31 01:44:46.948 1488 1871 E DisplayDeviceConfig: requesting nits when no mapping exists.
12-31 01:44:46.948 1488 1606 I am_wtf : [0,1488,system_server,-1,DisplayDeviceConfig,requesting nits when no mapping exists.]
12-31 01:44:46.948 1488 1606 I am_wtf : [0,1488,system_server,-1,DisplayDeviceConfig,requesting nits when no mapping exists.]
12-31 01:44:46.964 1488 1871 E DisplayDeviceConfig: requesting nits when no mapping exists.
12-31 01:44:46.964 1488 1871 E DisplayDeviceConfig: requesting nits when no mapping exists.
12-31 01:44:46.964 1488 1606 I am_wtf : [0,1488,system_server,-1,DisplayDeviceConfig,requesting nits when no mapping exists.]
12-31 01:44:46.965 1488 1606 I am_wtf : [0,1488,system_server,-1,DisplayDeviceConfig,requesting nits when no mapping exists.]
12-31 01:44:46.981 1488 1871 E DisplayDeviceConfig: requesting nits when no mapping exists.
12-31 01:44:46.981 1488 1606 I am_wtf : [0,1488,system_server,-1,DisplayDeviceConfig,requesting nits when no mapping exists.]
12-31 01:44:46.981 1488 1871 E DisplayDeviceConfig: requesting nits when no mapping exists.
12-31 01:44:46.981 1488 1606 I am_wtf : [0,1488,system_server,-1,DisplayDeviceConfig,requesting nits when no mapping exists.]
12-31 01:44:46.998 1488 1871 E DisplayDeviceConfig: requesting nits when no mapping exists.
12-31 01:44:46.998 1488 1871 E DisplayDeviceConfig: requesting nits when no mapping exists.
12-31 01:44:46.998 1488 1606 I am_wtf : [0,1488,system_server,-1,DisplayDeviceConfig,requesting nits when no mapping exists.]
12-31 01:44:47.001 1488 1606 I am_wtf : [0,1488,system_server,-1,DisplayDeviceConfig,requesting nits when no mapping exists.]
12-31 01:44:47.014 1488 1871 E DisplayDeviceConfig: requesting nits when no mapping exists.
12-31 01:44:47.015 1488 1606 I am_wtf : [0,1488,system_server,-1,DisplayDeviceConfig,requesting nits when no mapping exists.]
12-31 01:44:47.015 1488 1871 E DisplayDeviceConfig: requesting nits when no mapping exists.
12-31 01:44:47.015 1488 1606 I am_wtf : [0,1488,system_server,-1,DisplayDeviceConfig,requesting nits when no mapping exists.]
12-31 01:44:47.031 1488 1871 E DisplayDeviceConfig: requesting nits when no mapping exists.
12-31 01:44:47.031 1488 1871 E DisplayDeviceConfig: requesting nits when no mapping exists.
12-31 01:44:47.031 1488 1606 I am_wtf : [0,1488,system_server,-1,DisplayDeviceConfig,requesting nits when no mapping exists.]
12-31 01:44:47.031 1488 1606 I am_wtf : [0,1488,system_server,-1,DisplayDeviceConfig,requesting nits when no mapping exists.]
12-31 01:44:52.079 497 516 I auditd : type=1401 audit(0.0:312): op=security_compute_sid invalid_context=u:r:np_thundercomm_tlog_pstore:s0 scontext=u:r:init:s0 tcontext=u:object_r:np_thundercomm_tlog_pstore_exec:s0 tclass=process
12-31 01:45:14.163 1488 1992 I commit_sys_config_file: [appops,1821397]
12-31 01:45:19.512 1488 1682 I input_interaction: Interaction with: 9d65c56 com.thundercomm.screensaver/android.service.dreams.DreamActivity (server), edge-swipe (server), swipe-up (server), PointerEventDispatcher0 (server),
12-31 01:45:19.517 1488 1520 I wm_finish_activity: [0,11973002,23,com.thundercomm.screensaver/android.service.dreams.DreamActivity,finish-activity]
12-31 01:45:19.517 1488 1520 I wm_task_moved: [1,1,5]
12-31 01:45:19.518 1488 1520 I wm_task_moved: [19,1,2147483647]
12-31 01:45:19.518 1488 1520 I wm_task_to_front: [0,19]
12-31 01:45:19.518 1488 1520 I wm_focused_root_task: [0,0,1,23,finish-top adjustFocusToNextFocusableTask]
12-31 01:45:19.518 1488 1520 I wm_set_resumed_activity: [0,com.android.launcher3/.uioverrides.QuickstepLauncher,finish-top adjustFocusToNextFocusableTask]
12-31 01:45:19.519 1488 1520 I wm_pause_activity: [0,11973002,com.thundercomm.screensaver/android.service.dreams.DreamActivity,userLeaving=false,finish]
12-31 01:45:19.524 1488 2083 I DreamManagerService: Gently waking up from dream.
12-31 01:45:19.526 3973 3973 I wm_on_top_resumed_lost_called: [11973002,android.service.dreams.DreamActivity,topStateChangedWhenResumed]
12-31 01:45:19.527 1488 1593 I DreamManagerService: Performing gentle wake from dream.
12-31 01:45:19.527 1488 1596 I sysui_multi_action: [757,803,799,window_time_0,802,33]
12-31 01:45:19.527 3973 3973 I wm_on_paused_called: [11973002,android.service.dreams.DreamActivity,performPause]
12-31 01:45:19.528 1488 2083 I wm_add_to_stopping: [0,11973002,com.thundercomm.screensaver/android.service.dreams.DreamActivity,completeFinishing]
12-31 01:45:19.529 1488 2083 I ActivityTaskManager: FOREGROUND_APPLICATION_CHANGED to com.android.launcher3.uioverrides.QuickstepLauncher
12-31 01:45:19.531 1488 2083 I wm_set_resumed_activity: [0,com.android.launcher3/.uioverrides.QuickstepLauncher,resumeTopActivityInnerLocked]
12-31 01:45:19.533 1488 2083 I wm_resume_activity: [0,175692250,19,com.android.launcher3/.uioverrides.QuickstepLauncher]
12-31 01:45:19.543 3973 3973 I view_enqueue_input_event: [Motion - Cancel,com.thundercomm.screensaver/android.service.dreams.DreamActivity]
12-31 01:45:19.543 1488 1682 I input_focus: [Focus leaving 9d65c56 com.thundercomm.screensaver/android.service.dreams.DreamActivity (server),reason=NO_WINDOW]
12-31 01:45:19.545 1488 1596 I sysui_multi_action: [757,803,799,window_time_0,802,0]
12-31 01:45:19.547 2481 2481 I wm_on_restart_called: [175692250,com.android.launcher3.uioverrides.QuickstepLauncher,performRestartActivity]
12-31 01:45:19.548 2481 2481 I wm_on_start_called: [175692250,com.android.launcher3.uioverrides.QuickstepLauncher,handleStartActivity]
12-31 01:45:19.548 2481 2481 I wm_on_resume_called: [175692250,com.android.launcher3.uioverrides.QuickstepLauncher,RESUME_ACTIVITY]
12-31 01:45:19.548 2481 2481 I wm_on_top_resumed_gained_called: [175692250,com.android.launcher3.uioverrides.QuickstepLauncher,topWhenResuming]
12-31 01:45:19.550 1488 1682 I input_interaction: Interaction with: edge-swipe (server), swipe-up (server), PointerEventDispatcher0 (server),
12-31 01:45:19.552 2412 3733 W ContextImpl: Calling a method in the system process without a qualified user: android.app.ContextImpl.startService:1816 android.content.ContextWrapper.startService:774 com.thundercomm.gamemode.ingame.services.GameModeActionUtils.startGameModeService:99 com.thundercomm.gamemode.ingame.services.GameModeActionUtils.startGameModeEntry:22 com.thundercomm.gamemode.ingame.services.ActivityMonitoringService$1.onActivityLaunch:127
12-31 01:45:19.556 1488 1597 I input_focus: [Focus request affb0e1 com.android.launcher3/com.android.launcher3.uioverrides.QuickstepLauncher,reason=UpdateInputWindows]
12-31 01:45:19.565 1488 1488 I GameModeConfig: Current uri is uri = content://com.thundercomm.gamemode.api/gamemode_settings/gamemode_isgaming
12-31 01:45:19.569 1488 1488 I GameModeConfig: isGameModeOn = false
12-31 01:45:19.569 1488 1488 I GameModeConfig: isGameModeOn = false
12-31 01:45:19.569 1488 1488 I GameModeConfig: isDisableVoice = true
12-31 01:45:19.572 1488 1622 I PowerManagerService: Powering on display group fromDreaming (groupId=0, uid=1000, reason=WAKE_REASON_UNKNOWN, details=android.server.power:DREAM_FINISHED)...
12-31 01:45:19.572 1488 1622 I PowerManagerService: Waking up from Dreaming (uid=1000, reason=WAKE_REASON_UNKNOWN, details=android.server.power:DREAM_FINISHED)...
12-31 01:45:19.578 1488 1682 I input_focus: [Focus entering affb0e1 com.android.launcher3/com.android.launcher3.uioverrides.QuickstepLauncher (server),reason=setFocusedWindow]
12-31 01:45:19.640 2412 3733 W ContextImpl: Calling a method in the system process without a qualified user: android.app.ContextImpl.startService:1816 android.content.ContextWrapper.startService:774 com.thundercomm.gamemode.ingame.services.GameModeActionUtils.startGameModeService:99 com.thundercomm.gamemode.ingame.services.GameModeActionUtils.startGameModeEntry:22 com.thundercomm.gamemode.ingame.services.ActivityMonitoringService$1.onActivityLaunch:127
12-31 01:45:19.642 1488 1488 I GameModeConfig: Current uri is uri = content://com.thundercomm.gamemode.api/gamemode_settings/gamemode_isgaming
12-31 01:45:19.646 1488 1488 I GameModeConfig: isGameModeOn = false
12-31 01:45:19.646 1488 1488 I GameModeConfig: isGameModeOn = false
12-31 01:45:19.646 1488 1488 I GameModeConfig: isDisableVoice = true
12-31 01:45:19.815 1488 1596 I wm_destroy_activity: [0,11973002,23,com.thundercomm.screensaver/android.service.dreams.DreamActivity,finish-imm:idle]
12-31 01:45:19.823 2412 3733 W ContextImpl: Calling a method in the system process without a qualified user: android.app.ContextImpl.startService:1816 android.content.ContextWrapper.startService:774 com.thundercomm.gamemode.ingame.services.GameModeActionUtils.startGameModeService:99 com.thundercomm.gamemode.ingame.services.GameModeActionUtils.startGameModeEntry:22 com.thundercomm.gamemode.ingame.services.ActivityMonitoringService$1.onActivityLaunch:127
12-31 01:45:19.826 1488 1488 I GameModeConfig: Current uri is uri = content://com.thundercomm.gamemode.api/gamemode_settings/gamemode_isgaming
12-31 01:45:19.830 1488 1488 I GameModeConfig: isGameModeOn = false
12-31 01:45:19.830 1488 1488 I GameModeConfig: isGameModeOn = false
12-31 01:45:19.830 1488 1488 I GameModeConfig: isDisableVoice = true
12-31 01:45:19.830 3973 3973 I wm_on_stop_called: [11973002,android.service.dreams.DreamActivity,LIFECYCLER_STOP_ACTIVITY]
12-31 01:45:19.831 3973 3973 I wm_on_destroy_called: [11973002,android.service.dreams.DreamActivity,performDestroy]
12-31 01:45:19.832 1488 2095 I DreamManagerService: Leaving dreamland.
12-31 01:45:19.833 1488 1593 I DreamManagerService: Performing gentle wake from dream.
12-31 01:45:19.833 1488 1593 I DreamController: Stopping dream: name=ComponentInfo{com.thundercomm.screensaver/com.thundercomm.saverclock.service.ClockScreensaver}, isTest=false, canDoze=false, userId=0, reason='finished self'(from 'finished self')
12-31 01:45:19.833 1488 1593 I sysui_multi_action: [757,222,758,2]
12-31 01:45:19.833 1488 1593 I sysui_multi_action: [757,804,799,dreaming_minutes,801,0,802,1]
12-31 01:45:19.836 1488 2095 I wm_task_removed: [23,removeChild:removeChild last r=ActivityRecord{b6b18a u0 com.thundercomm.screensaver/android.service.dreams.DreamActivity t-1 f}} in t=Task{d2d81c7 #23 type=dream A=10052:android:com.thundercomm.screensaver/dream U=0 visible=false mode=fullscreen translucent=true sz=0}]
12-31 01:45:19.836 1488 2095 I wm_task_removed: [23,removeChild]
12-31 01:45:19.837 1488 1597 W ActivityTaskManager: Can't find TaskDisplayArea to determine support for multi window. Task id=23 attached=false
12-31 01:45:20.707 1488 1682 I input_interaction: Interaction with: affb0e1 com.android.launcher3/com.android.launcher3.uioverrides.QuickstepLauncher (server), dcdd28a com.android.systemui.ImageWallpaper (server), edge-swipe (server), swipe-up (server), PointerEventDispatcher0 (server),
12-31 01:45:20.884 1488 4093 I thunderperf: PlatormCompat.setOverrides: Uid1=10074 Pid1=2481 Uid2=10074 Pid2=2481
12-31 01:45:20.884 1488 4093 I thunderperf: PlatormCompat.setOverrides: needCheck:false
12-31 01:45:20.887 1488 4093 I ActivityTaskManager: START u0 {act=android.intent.action.MAIN cat=[android.intent.category.LAUNCHER] flg=0x10200000 cmp=com.android.settings/.Settings bnds=[2128,710][2314,910]} from uid 10074
12-31 01:45:20.892 1488 4093 I wm_task_created: [24,-1]
12-31 01:45:20.892 1488 4093 W ActivityTaskManager: Can't find TaskDisplayArea to determine support for multi window. Task id=24 attached=false
12-31 01:45:20.893 1488 4093 D CompatibilityChangeReporter: Compat change id reported: 174042980; UID 1000; state: DISABLED
12-31 01:45:20.893 1488 4093 I wm_task_moved: [24,1,6]
12-31 01:45:20.894 1488 4093 I wm_task_to_front: [0,24]
12-31 01:45:20.894 1488 4093 I wm_create_task: [0,24]
12-31 01:45:20.894 1488 4093 I wm_create_activity: [0,176649366,24,com.android.settings/.Settings,android.intent.action.MAIN,NULL,NULL,270532608]
12-31 01:45:20.894 1488 4093 I wm_task_moved: [24,1,6]
12-31 01:45:20.895 1488 4093 I wm_pause_activity: [0,175692250,com.android.launcher3/.uioverrides.QuickstepLauncher,userLeaving=true,pauseBackTasks]
12-31 01:45:20.898 2481 2481 I wm_on_top_resumed_lost_called: [175692250,com.android.launcher3.uioverrides.QuickstepLauncher,topStateChangedWhenResumed]
12-31 01:45:20.898 1488 1596 D CompatibilityChangeReporter: Compat change id reported: 135634846; UID 1000; state: DISABLED
12-31 01:45:20.898 1488 1596 D CompatibilityChangeReporter: Compat change id reported: 177438394; UID 1000; state: DISABLED
12-31 01:45:20.898 1488 1596 D CompatibilityChangeReporter: Compat change id reported: 135772972; UID 1000; state: DISABLED
12-31 01:45:20.898 1488 1596 D CompatibilityChangeReporter: Compat change id reported: 135754954; UID 1000; state: ENABLED
12-31 01:45:20.898 2481 2481 I wm_on_paused_called: [175692250,com.android.launcher3.uioverrides.QuickstepLauncher,performPause]
12-31 01:45:20.899 1488 1520 I ActivityTaskManager: FOREGROUND_APPLICATION_CHANGED to com.android.settings.homepage.SettingsHomepageActivity
12-31 01:45:20.899 1954 2133 W StartingSurfaceDrawer: Window background is transparent, fill background with black color
12-31 01:45:20.900 1488 1520 I wm_add_to_stopping: [0,175692250,com.android.launcher3/.uioverrides.QuickstepLauncher,makeInvisible]
12-31 01:45:20.902 1488 1596 I sysui_multi_action: [757,803,799,window_time_0,802,2]
12-31 01:45:20.905 1488 1607 I am_proc_start: [0,4257,1000,com.android.settings,pre-top-activity,{com.android.settings/com.android.settings.Settings}]
12-31 01:45:20.905 1488 1607 I ActivityManager: Start proc 4257:com.android.settings/1000 for pre-top-activity {com.android.settings/com.android.settings.Settings}
12-31 01:45:20.905 1488 4258 W ContextImpl: Calling a method in the system process without a qualified user: android.app.ContextImpl.sendBroadcast:1173 com.qualcomm.qti.Performance$SendGameLaunchBroadcast.run:217 java.lang.Thread.run:920
12-31 01:45:20.903 1169 1169 I auditd : type=1400 audit(0.0:313): avc: denied { read } for comm="traced_probes" name="format" dev="tracefs" ino=6416 scontext=u:r:traced_probes:s0 tcontext=u:object_r:debugfs_tracing_debug:s0 tclass=file permissive=0
