12-31 01:14:44.093 1488 1596 I ActivityManagerTiming: OnBootPhase_1000_com.android.server.usage.UsageStatsService
12-31 01:14:44.093 1488 1596 I ActivityManagerTiming: OnBootPhase_1000_com.android.server.webkit.WebViewUpdateService
12-31 01:14:44.093 1488 1596 I ActivityManagerTiming: OnBootPhase_1000_com.android.server.CachedDeviceStateService
12-31 01:14:44.093 1488 1596 I ActivityManagerTiming: OnBootPhase_1000_com.android.server.BinderCallsStatsService$LifeCycle
12-31 01:14:44.093 1488 1596 I ActivityManagerTiming: OnBootPhase_1000_com.android.server.LooperStatsService$Lifecycle
12-31 01:14:44.093 1488 1596 I ActivityManagerTiming: OnBootPhase_1000_com.android.server.rollback.RollbackManagerService
12-31 01:14:44.093 1488 1596 I ActivityManagerTiming: OnBootPhase_1000_com.android.server.os.NativeTombstoneManagerService
12-31 01:14:44.093 1488 1596 I ActivityManagerTiming: OnBootPhase_1000_com.android.server.os.BugreportManagerService
12-31 01:14:44.093 1488 1596 I ActivityManagerTiming: OnBootPhase_1000_com.android.server.gpu.GpuService
12-31 01:14:44.094 1488 1661 D RollbackManager: mRollbackLifetimeDurationInMillis=1209600000
12-31 01:14:44.094 1488 1657 D AppStandbyController: Loading headless system app cache. appIdleEnabled=false
12-31 01:14:44.096 1488 1596 I ActivityManagerTiming: OnBootPhase_1000_com.android.server.security.KeyChainSystemService
12-31 01:14:44.096 1488 1596 I ActivityManagerTiming: OnBootPhase_1000_com.android.server.telecom.TelecomLoaderService
12-31 01:14:44.096 1488 1596 I ActivityManagerTiming: OnBootPhase_1000_com.android.server.accounts.AccountManagerService$Lifecycle
12-31 01:14:44.096 1488 1596 I ActivityManagerTiming: OnBootPhase_1000_com.android.server.content.ContentService$Lifecycle
12-31 01:14:44.096 1488 1596 I ActivityManagerTiming: OnBootPhase_1000_com.android.server.DropBoxManagerService
12-31 01:14:44.096 1488 1596 I ActivityManagerTiming: OnBootPhase_1000_com.android.role.RoleService
12-31 01:14:44.096 1488 1596 I ActivityManagerTiming: OnBootPhase_1000_com.android.server.vibrator.VibratorManagerService$Lifecycle
12-31 01:14:44.096 1488 1596 I ActivityManagerTiming: OnBootPhase_1000_com.android.server.alarm.AlarmManagerService
12-31 01:14:44.096 1488 1596 I ActivityManagerTiming: OnBootPhase_1000_com.android.server.devicestate.DeviceStateManagerService
12-31 01:14:44.096 1488 1596 I ActivityManagerTiming: OnBootPhase_1000_com.android.server.camera.CameraServiceProxy
12-31 01:14:44.097 1488 1596 I ActivityManagerTiming: OnBootPhase_1000_com.android.server.BluetoothService
12-31 01:14:44.097 1488 1596 I ActivityManagerTiming: OnBootPhase_1000_com.android.server.connectivity.IpConnectivityMetrics
12-31 01:14:44.097 1488 1596 I ActivityManagerTiming: OnBootPhase_1000_com.android.server.net.watchlist.NetworkWatchlistService$Lifecycle
12-31 01:14:44.097 1488 1596 I ActivityManagerTiming: OnBootPhase_1000_com.android.server.PinnerService
12-31 01:14:44.097 1488 1596 I ActivityManagerTiming: OnBootPhase_1000_com.google.android.startop.iorap.IorapForwardingService
12-31 01:14:44.097 1488 1596 I ActivityManagerTiming: OnBootPhase_1000_com.android.server.ActivityTriggerService
12-31 01:14:44.097 1488 1596 I ActivityManagerTiming: OnBootPhase_1000_com.android.server.integrity.AppIntegrityManagerService
12-31 01:14:44.097 1488 1596 I ActivityManagerTiming: OnBootPhase_1000_com.android.server.inputmethod.InputMethodManagerService$Lifecycle
12-31 01:14:44.097 1488 1596 I ActivityManagerTiming: OnBootPhase_1000_com.android.server.accessibility.AccessibilityManagerService$Lifecycle
12-31 01:14:44.097 1488 1596 I ActivityManagerTiming: OnBootPhase_1000_com.android.server.StorageManagerService$Lifecycle
12-31 01:14:44.097 1488 1596 I ActivityManagerTiming: OnBootPhase_1000_com.android.server.usage.StorageStatsService$Lifecycle
12-31 01:14:44.097 1488 1596 I ActivityManagerTiming: OnBootPhase_1000_com.android.server.UiModeManagerService
12-31 01:14:44.097 1488 1596 I ActivityManagerTiming: OnBootPhase_1000_com.android.server.locksettings.LockSettingsService$Lifecycle
12-31 01:14:44.097 1488 1694 D StorageManagerService: Thinking about init, mBootCompleted=true, mDaemonConnected=true
12-31 01:14:44.097 1488 1596 I ActivityManagerTiming: OnBootPhase_1000_com.android.server.PersistentDataBlockService
12-31 01:14:44.097 1488 1694 D StorageManagerService: Thinking about reset, mBootCompleted=true, mDaemonConnected=true
12-31 01:14:44.097 1488 1596 I ActivityManagerTiming: OnBootPhase_1000_com.android.server.testharness.TestHarnessModeService
12-31 01:14:44.098 1488 1694 I StorageSessionController: Started resetting external storage service...
12-31 01:14:44.098 1488 1596 D TestHarnessModeService: Completing Test Harness Mode setup.
12-31 01:14:44.098 1488 1694 I StorageSessionController: Finished resetting external storage service
12-31 01:14:44.098 1488 1694 I StorageManagerService: Resetting vold...
12-31 01:14:44.098 1488 1694 I StorageManagerService: Reset vold
12-31 01:14:44.098 512 512 I vold : onUserAdded: 0
12-31 01:14:44.117 1488 1596 I ActivityManagerTiming: OnBootPhase_1000_com.android.server.oemlock.OemLockService
12-31 01:14:44.117 1488 1596 I ActivityManagerTiming: OnBootPhase_1000_com.android.server.DeviceIdleController
12-31 01:14:44.117 1488 1596 I ActivityManagerTiming: OnBootPhase_1000_com.android.server.devicepolicy.DevicePolicyManagerService$Lifecycle
12-31 01:14:44.117 1488 1596 I ActivityManagerTiming: OnBootPhase_1000_com.android.server.texttospeech.TextToSpeechManagerService
12-31 01:14:44.117 1488 1596 I ActivityManagerTiming: OnBootPhase_1000_com.android.server.speech.SpeechRecognitionManagerService
12-31 01:14:44.117 1488 1596 I ActivityManagerTiming: OnBootPhase_1000_com.android.server.searchui.SearchUiManagerService
12-31 01:14:44.117 1488 1596 I ActivityManagerTiming: OnBootPhase_1000_com.android.server.smartspace.SmartspaceManagerService
12-31 01:14:44.117 1488 1596 I ActivityManagerTiming: OnBootPhase_1000_com.android.server.graphics.fonts.FontManagerService$Lifecycle
12-31 01:14:44.117 1488 1596 I ActivityManagerTiming: OnBootPhase_1000_com.android.server.textservices.TextServicesManagerService$Lifecycle
12-31 01:14:44.117 1488 1596 I ActivityManagerTiming: OnBootPhase_1000_com.android.server.textclassifier.TextClassificationManagerService$Lifecycle
12-31 01:14:44.117 1488 1596 I ActivityManagerTiming: OnBootPhase_1000_com.android.server.NetworkScoreService$Lifecycle
12-31 01:14:44.117 1488 1596 I ActivityManagerTiming: OnBootPhase_1000_com.android.server.wifi.WifiService
12-31 01:14:44.117 1488 1596 I ActivityManagerTiming: OnBootPhase_1000_com.android.server.wifi.scanner.WifiScanningService
12-31 01:14:44.117 1488 1596 I ActivityManagerTiming: OnBootPhase_1000_com.android.server.wifi.rtt.RttService
12-31 01:14:44.117 1488 1596 I ActivityManagerTiming: OnBootPhase_1000_com.android.server.wifi.aware.WifiAwareService
12-31 01:14:44.117 1488 1596 I ActivityManagerTiming: OnBootPhase_1000_com.android.server.wifi.p2p.WifiP2pService
12-31 01:14:44.117 1488 1596 I ActivityManagerTiming: OnBootPhase_1000_com.android.server.ethernet.EthernetService
12-31 01:14:44.117 1488 1596 I ActivityManagerTiming: OnBootPhase_1000_com.android.server.ConnectivityServiceInitializer
12-31 01:14:44.117 1488 1596 I ActivityManagerTiming: OnBootPhase_1000_com.android.server.notification.NotificationManagerService
12-31 01:14:44.117 1488 1596 I ActivityManagerTiming: OnBootPhase_1000_com.android.server.storage.DeviceStorageMonitorService
12-31 01:14:44.117 1488 1596 I ActivityManagerTiming: OnBootPhase_1000_com.android.server.location.LocationManagerService$Lifecycle
12-31 01:14:44.117 1488 1596 I ActivityManagerTiming: OnBootPhase_1000_com.android.server.timedetector.TimeDetectorService$Lifecycle
12-31 01:14:44.117 1488 1596 I ActivityManagerTiming: OnBootPhase_1000_com.android.server.timezonedetector.TimeZoneDetectorService$Lifecycle
12-31 01:14:44.117 1488 1596 I ActivityManagerTiming: OnBootPhase_1000_com.android.server.timezonedetector.location.LocationTimeZoneManagerService$Lifecycle
12-31 01:14:44.117 1488 1596 I ActivityManagerTiming: OnBootPhase_1000_com.android.server.search.SearchManagerService$Lifecycle
12-31 01:14:44.117 1488 1596 I ActivityManagerTiming: OnBootPhase_1000_com.android.server.wallpaper.WallpaperManagerService$Lifecycle
12-31 01:14:44.117 1488 1596 I ActivityManagerTiming: OnBootPhase_1000_com.android.server.audio.AudioService$Lifecycle
12-31 01:14:44.117 1488 1596 I ActivityManagerTiming: OnBootPhase_1000_com.android.server.soundtrigger_middleware.SoundTriggerMiddlewareService$Lifecycle
12-31 01:14:44.117 1488 1596 I ActivityManagerTiming: OnBootPhase_1000_com.android.server.DockObserver
12-31 01:14:44.117 1488 1596 I ActivityManagerTiming: OnBootPhase_1000_com.android.server.midi.MidiService$Lifecycle
12-31 01:14:44.117 1488 1596 I ActivityManagerTiming: OnBootPhase_1000_com.android.server.adb.AdbService$Lifecycle
12-31 01:14:44.117 1488 1596 I ActivityManagerTiming: OnBootPhase_1000_com.android.server.usb.UsbService$Lifecycle
12-31 01:14:44.117 1488 1596 I ActivityManagerTiming: OnBootPhase_1000_com.android.server.twilight.TwilightService
12-31 01:14:44.118 1488 1596 I ActivityManagerTiming: OnBootPhase_1000_com.android.server.display.color.ColorDisplayService
12-31 01:14:44.118 1488 1596 I ActivityManagerTiming: OnBootPhase_1000_com.android.server.job.JobSchedulerService
12-31 01:14:44.118 1488 1596 I ActivityManagerTiming: OnBootPhase_1000_com.android.server.soundtrigger.SoundTriggerService
12-31 01:14:44.118 1488 1596 D SoundTriggerService: onBootPhase: 1000 : false
12-31 01:14:44.118 1488 1596 I ActivityManagerTiming: OnBootPhase_1000_com.android.server.trust.TrustManagerService
12-31 01:14:44.118 1488 1596 I ActivityManagerTiming: OnBootPhase_1000_com.android.server.backup.BackupManagerService$Lifecycle
12-31 01:14:44.118 1488 1596 I ActivityManagerTiming: OnBootPhase_1000_com.android.server.appwidget.AppWidgetService
12-31 01:14:44.118 1488 1596 I ActivityManagerTiming: OnBootPhase_1000_com.android.server.voiceinteraction.VoiceInteractionManagerService
12-31 01:14:44.118 1488 1596 I ActivityManagerTiming: OnBootPhase_1000_com.android.server.apphibernation.AppHibernationService
12-31 01:14:44.118 1488 1596 I ActivityManagerTiming: OnBootPhase_1000_com.android.server.GestureLauncherService
12-31 01:14:44.118 1488 1596 I ActivityManagerTiming: OnBootPhase_1000_com.android.server.SensorNotificationService
12-31 01:14:44.118 1488 2658 I HibernationStateDiskStore: No hibernation file on disk for file /data/system/hibernation/states
12-31 01:14:44.119 1488 1593 E AdbDebuggingManager: Expected keyStore, but got tag=adbKey
12-31 01:14:44.119 1488 1596 D CompatibilityChangeReporter: Compat change id reported: 168936375; UID 1000; state: ENABLED
12-31 01:14:44.119 1488 1593 E AdbDebuggingManager: Expected keyStore, but got tag=adbKey
12-31 01:14:44.119 1488 1596 D CompatibilityChangeReporter: Compat change id reported: 168936375; UID 1000; state: DISABLED
12-31 01:14:44.120 1488 1596 D CompatibilityChangeReporter: Compat change id reported: 73144566; UID 1000; state: ENABLED
12-31 01:14:44.120 1488 1596 D CompatibilityChangeReporter: Compat change id reported: 73144566; UID 1000; state: DISABLED
12-31 01:14:44.121 1488 1596 I ActivityManagerTiming: OnBootPhase_1000_com.android.server.emergency.EmergencyAffordanceService
12-31 01:14:44.121 1488 1596 I ActivityManagerTiming: OnBootPhase_1000_com.android.server.blob.BlobStoreManagerService
12-31 01:14:44.121 1488 1596 I ActivityManagerTiming: OnBootPhase_1000_com.android.server.dreams.DreamManagerService
12-31 01:14:44.121 1488 1596 I ActivityManagerTiming: OnBootPhase_1000_com.android.server.companion.CompanionDeviceManagerService
12-31 01:14:44.121 1488 1596 I ActivityManagerTiming: OnBootPhase_1000_com.android.server.restrictions.RestrictionsManagerService
12-31 01:14:44.121 1488 1596 I ActivityManagerTiming: OnBootPhase_1000_com.android.server.media.MediaSessionService
12-31 01:14:44.122 1488 1596 I ActivityManagerTiming: OnBootPhase_1000_com.android.server.media.MediaResourceMonitorService
12-31 01:14:44.122 1488 1596 I ActivityManagerTiming: OnBootPhase_1000_com.android.server.biometrics.sensors.fingerprint.FingerprintService
12-31 01:14:44.122 1488 1596 I ActivityManagerTiming: OnBootPhase_1000_com.android.server.biometrics.BiometricService
12-31 01:14:44.122 1488 1596 I ActivityManagerTiming: OnBootPhase_1000_com.android.server.biometrics.AuthService
12-31 01:14:44.122 1488 1596 I ActivityManagerTiming: OnBootPhase_1000_com.android.server.pm.ShortcutService$Lifecycle
12-31 01:14:44.122 1488 1596 I ActivityManagerTiming: OnBootPhase_1000_com.android.server.pm.LauncherAppsService
12-31 01:14:44.122 1488 1596 I ActivityManagerTiming: OnBootPhase_1000_com.android.server.pm.CrossProfileAppsService
12-31 01:14:44.122 1488 1596 I ActivityManagerTiming: OnBootPhase_1000_com.android.server.people.PeopleService
12-31 01:14:44.122 1488 1596 I ActivityManagerTiming: OnBootPhase_1000_com.android.server.media.metrics.MediaMetricsManagerService
12-31 01:14:44.122 1488 1596 I ActivityManagerTiming: OnBootPhase_1000_com.android.server.media.projection.MediaProjectionManagerService
12-31 01:14:44.122 1488 1596 I ActivityManagerTiming: OnBootPhase_1000_com.android.server.slice.SliceManagerService$Lifecycle
12-31 01:14:44.122 1488 1596 I ActivityManagerTiming: OnBootPhase_1000_com.android.server.stats.StatsCompanion$Lifecycle
12-31 01:14:44.122 1488 1596 I ActivityManagerTiming: OnBootPhase_1000_com.android.server.scheduling.RebootReadinessManagerService$Lifecycle
12-31 01:14:44.122 1488 1596 I ActivityManagerTiming: OnBootPhase_1000_com.android.server.stats.pull.StatsPullAtomService
12-31 01:14:44.122 1488 1596 I ActivityManagerTiming: OnBootPhase_1000_com.android.server.incident.IncidentCompanionService
12-31 01:14:44.122 1488 1596 I ActivityManagerTiming: OnBootPhase_1000_com.android.server.MmsServiceBroker
12-31 01:14:44.122 1488 1596 I ActivityManagerTiming: OnBootPhase_1000_com.android.server.autofill.AutofillManagerService
12-31 01:14:44.122 1488 1596 I ActivityManagerTiming: OnBootPhase_1000_com.android.server.clipboard.ClipboardService
12-31 01:14:44.122 1488 1596 I ActivityManagerTiming: OnBootPhase_1000_com.android.server.appbinding.AppBindingService$Lifecycle
12-31 01:14:44.122 1488 1596 I ActivityManagerTiming: OnBootPhase_1000_com.android.server.tracing.TracingServiceProxy
12-31 01:14:44.122 1488 1596 I ActivityManagerTiming: OnBootPhase_1000_com.android.server.policy.PermissionPolicyService
12-31 01:14:44.122 1488 1596 I ActivityManagerTiming: OnBootPhase_1000_com.android.server.pm.StagingManager$Lifecycle
12-31 01:14:44.122 1488 1596 I ActivityManagerTiming: OnBootPhase_1000_com.android.server.app.GameManagerService$Lifecycle
12-31 01:14:44.122 1488 1596 D GameManagerService: onBootCompleted
12-31 01:14:44.122 1488 1596 I ActivityManagerTiming: OnBootPhase_1000_com.android.server.appsearch.AppSearchManagerService
12-31 01:14:44.122 1488 1596 I ActivityManagerTiming: OnBootPhase_1000_com.android.server.media.MediaCommunicationService
12-31 01:14:44.122 1488 1596 D ActivityManagerTiming: TotalBootTime took to complete: 3647ms
12-31 01:14:44.122 1488 1596 D SystemServerInitThreadPool: Shutdown requested
12-31 01:14:44.122 1488 1596 I SystemServerTiming: WaitInitThreadPoolShutdown
12-31 01:14:44.123 1488 1596 D SystemServerInitThreadPool: Shutdown successful
12-31 01:14:44.124 1488 1596 I uc_finish_user_boot: 0
12-31 01:14:44.124 1488 1596 I ActivityManager: User 0 state changed from BOOTING to RUNNING_LOCKED
12-31 01:14:44.124 1488 1596 I am_user_state_changed: [0,1]
12-31 01:14:44.124 1488 1596 W ActivityManager: UserLifecycleEvent 4 received without an active userJourneySession.
12-31 01:14:44.125 1488 1596 I uc_send_user_broadcast: [0,android.intent.action.LOCKED_BOOT_COMPLETED]
12-31 01:14:44.125 1488 1596 D StorageManagerService: unlockUserKey: 0 isFileEncryptedNativeOrEmulated: true hasToken: false hasSecret: false
12-31 01:14:44.126 512 512 D vold : fscrypt_unlock_user_key 0 serial=0
12-31 01:14:44.126 512 512 D vold : Trying user CE key /data/misc/vold/user_keys/ce/0/current
12-31 01:14:44.127 1488 2092 D Fingerprint21: Daemon was null, reconnecting, current operation: null
12-31 01:14:44.128 1488 2092 D Fingerprint21: Fingerprint HAL ready, HAL ID: 5326416
12-31 01:14:44.128 1488 1488 D BiometricScheduler/Fingerprint21: [Added] {[0] FingerprintUpdateActiveUserClient, proto=1, owner=android, cookie=0, requestId=-1, userId=0}, new queue size: 1
12-31 01:14:44.128 1488 1488 D BiometricScheduler/Fingerprint21: [Polled] {[0] FingerprintUpdateActiveUserClient, proto=1, owner=android, cookie=0, requestId=-1, userId=0}, State: 0
12-31 01:14:44.128 1488 1488 D BiometricScheduler/Fingerprint21: [Starting] {[0] FingerprintUpdateActiveUserClient, proto=1, owner=android, cookie=0, requestId=-1, userId=0}, State: 0
12-31 01:14:44.128 1488 1488 D BiometricScheduler/Fingerprint21: [Started] {[0] FingerprintUpdateActiveUserClient, proto=1, owner=android, cookie=0, requestId=-1, userId=0}
12-31 01:14:44.134 512 512 D vold : Successfully retrieved key
12-31 01:14:44.141 512 512 D vold : Installed fscrypt key with ref 4612425e09135f5fe28c9532dfc07491 to /data
12-31 01:14:44.141 512 512 D vold : Added fscrypt-provisioning key for 4612425e09135f5fe28c9532dfc07491 to session keyring
12-31 01:14:44.141 512 512 D vold : Installed ce key for user 0
12-31 01:14:44.141 1488 1596 I uc_finish_user_unlocking: 0
12-31 01:14:44.142 1488 1596 W ActivityManager: UserLifecycleEvent 5 received without an active userJourneySession.
12-31 01:14:44.142 1488 1596 D ActivityManager: Started unlocking user 0
12-31 01:14:44.142 1488 1596 D ActivityManager: Unlocking user 0 progress 0
12-31 01:14:44.142 1488 1596 D ActivityManager: Unlocking user 0 progress 5
12-31 01:14:44.142 512 632 D vold : fscrypt_prepare_user_storage for volume null, user 0, serial 0, flags 2
12-31 01:14:44.142 512 632 D vold : Preparing: /data/system_ce/0
12-31 01:14:44.142 512 632 D vold : Preparing: /data/misc_ce/0
12-31 01:14:44.142 512 632 D vold : Preparing: /data/vendor_ce/0
12-31 01:14:44.143 512 632 D vold : Preparing: /data/media/0
12-31 01:14:44.144 1488 1606 I am_uid_running: 10064
12-31 01:14:44.144 1488 1606 D CompatibilityChangeReporter: Compat change id reported: 135634846; UID 10064; state: DISABLED
12-31 01:14:44.144 512 632 D vold : Preparing: /data/data
12-31 01:14:44.144 1488 1606 D CompatibilityChangeReporter: Compat change id reported: 177438394; UID 10064; state: DISABLED
12-31 01:14:44.144 1488 1606 D CompatibilityChangeReporter: Compat change id reported: 135772972; UID 10064; state: DISABLED
12-31 01:14:44.144 1488 1606 D CompatibilityChangeReporter: Compat change id reported: 135754954; UID 10064; state: DISABLED
12-31 01:14:44.144 512 632 I vold : Verified that /data/system_ce/0 has the encryption policy 4612425e09135f5fe28c9532dfc07491 v2 modes 1/4 flags 0xa
12-31 01:14:44.144 512 632 I vold : Verified that /data/misc_ce/0 has the encryption policy 4612425e09135f5fe28c9532dfc07491 v2 modes 1/4 flags 0xa
12-31 01:14:44.144 512 632 I vold : Verified that /data/vendor_ce/0 has the encryption policy 4612425e09135f5fe28c9532dfc07491 v2 modes 1/4 flags 0xa
12-31 01:14:44.144 512 632 I vold : Verified that /data/media/0 has the encryption policy 4612425e09135f5fe28c9532dfc07491 v2 modes 1/4 flags 0xa
12-31 01:14:44.144 512 632 I vold : Verified that /data/data has the encryption policy 4612425e09135f5fe28c9532dfc07491 v2 modes 1/4 flags 0xa
12-31 01:14:44.144 512 632 D vold : Starting restorecon of /data/system_ce/0
12-31 01:14:44.144 1488 1596 D ColorDisplayService: setUp: currentUser=0
12-31 01:14:44.144 1488 1607 D CompatibilityChangeReporter: Compat change id reported: 143937733; UID 10064; state: DISABLED
12-31 01:14:44.145 2665 2665 F libc : Fatal signal 6 (SIGABRT), code -1 (SI_QUEUE) in tid 2665 (init), pid 2665 (init)
12-31 01:14:44.152 512 632 D vold : Finished restorecon of /data/system_ce/0
12-31 01:14:44.152 512 632 D vold : Starting restorecon of /data/vendor_ce/0
12-31 01:14:44.152 1488 1596 D ColorDisplayService: onNightDisplayAutoModeChanged: autoMode=0
12-31 01:14:44.152 1488 1596 I ColorDisplayService: Turning off night display
12-31 01:14:44.152 1488 1596 D ColorDisplayService: Setting bright color reduction level: 50
12-31 01:14:44.152 1488 1622 V DisplayPowerController[0]: Brightness [1.0] manual adjustment.
12-31 01:14:44.153 512 632 D vold : Finished restorecon of /data/vendor_ce/0
12-31 01:14:44.153 512 632 D vold : Starting restorecon of /data/misc_ce/0
12-31 01:14:44.154 1488 1607 I am_proc_start: [0,2671,10064,com.android.deskclock,broadcast,{com.android.deskclock/com.android.deskclock.AlarmInitReceiver}]
12-31 01:14:44.154 1488 1607 I ActivityManager: Start proc 2671:com.android.deskclock/u0a64 for broadcast {com.android.deskclock/com.android.deskclock.AlarmInitReceiver}
12-31 01:14:44.155 512 632 D vold : Finished restorecon of /data/misc_ce/0
12-31 01:14:44.155 512 632 D vold : /system/bin/vold_prepare_subdirs
12-31 01:14:44.155 512 632 D vold : prepare
12-31 01:14:44.155 512 632 D vold :
12-31 01:14:44.155 512 632 D vold : 0
12-31 01:14:44.155 512 632 D vold : 2
12-31 01:14:44.155 2673 2673 I auditd : type=1400 audit(0.0:221): avc: denied { ptrace } for comm="crash_dump64" scontext=u:r:crash_dump:s0 tcontext=u:r:init:s0 tclass=process permissive=0
12-31 01:14:44.159 2665 2665 F libc : crash_dump helper failed to exec, or was killed
12-31 01:14:44.171 1488 2092 I am_proc_bound: [0,2671,com.android.deskclock]
12-31 01:14:44.172 1488 2092 D CompatibilityChangeReporter: Compat change id reported: 168419799; UID 10064; state: DISABLED
12-31 01:14:44.173 1488 2092 I am_uid_active: 10064
12-31 01:14:44.190 1488 1593 V UserDataPreparer: Found /data/user/0 with serial number 0
12-31 01:14:44.190 1488 1593 V UserDataPreparer: Found /data/system_ce/0 with serial number 0
12-31 01:14:44.190 1488 1593 D UserDataPreparer: Setting property: sys.user.0.ce_available=true
12-31 01:14:44.191 1488 1593 V PackageManager: reconcileAppsData for null u0 0x2 migrateAppData=false
12-31 01:14:44.245 1488 2659 W AdbDebuggingManager: Read failed with count -1
12-31 01:14:44.246 1488 2659 E AdbDebuggingManager: Caught an exception opening the socket: java.io.IOException: Connection refused
12-31 01:14:44.252 1488 1593 V PackageManager: reconcileAppsData finished 137 packages
12-31 01:14:44.252 1488 1593 I ActivityManager: User 0 state changed from RUNNING_LOCKED to RUNNING_UNLOCKING
12-31 01:14:44.252 1488 1593 I am_user_state_changed: [0,2]
12-31 01:14:44.254 1488 1593 D ActivityManager: Unlocking user 0 progress 20
12-31 01:14:44.254 1488 1606 I ssm_user_unlocking: 0
12-31 01:14:44.254 1488 1593 W Looper : Slow dispatch took 112ms android.fg h=android.os.Handler c=com.android.server.am.UserController$$ExternalSyntheticLambda3@5213de0 m=0
12-31 01:14:44.254 1488 1606 I SystemServerTimingAsync: ssm.UnlockingUser-0
12-31 01:14:44.254 1488 1606 I SystemServiceManager: Calling onUnlockingUser 0
12-31 01:14:44.254 1488 1606 I SystemServerTimingAsync: ssm.onUnlockingUser-0_com.android.server.security.FileIntegrityService
12-31 01:14:44.254 1488 1606 I SystemServerTimingAsync: ssm.onUnlockingUser-0_com.android.server.pm.Installer
12-31 01:14:44.254 1488 1606 I SystemServerTimingAsync: ssm.onUnlockingUser-0_com.android.server.os.DeviceIdentifiersPolicyService
12-31 01:14:44.254 1488 1606 I SystemServerTimingAsync: ssm.onUnlockingUser-0_com.android.server.uri.UriGrantsManagerService$Lifecycle
12-31 01:14:44.254 1488 1606 I SystemServerTimingAsync: ssm.onUnlockingUser-0_com.android.server.powerstats.PowerStatsService
12-31 01:14:44.254 1488 1606 I SystemServerTimingAsync: ssm.onUnlockingUser-0_com.android.server.wm.ActivityTaskManagerService$Lifecycle
12-31 01:14:44.254 1488 1606 I SystemServerTimingAsync: ssm.onUnlockingUser-0_com.android.server.am.ActivityManagerService$Lifecycle
12-31 01:14:44.254 1488 1606 I SystemServerTimingAsync: ssm.onUnlockingUser-0_com.android.server.pm.DataLoaderManagerService
12-31 01:14:44.254 1488 1606 I SystemServerTimingAsync: ssm.onUnlockingUser-0_com.android.server.power.PowerManagerService
12-31 01:14:44.254 1488 1606 I SystemServerTimingAsync: ssm.onUnlockingUser-0_com.android.server.power.ThermalManagerService
12-31 01:14:44.254 1488 1606 I SystemServerTimingAsync: ssm.onUnlockingUser-0_com.android.server.power.hint.HintManagerService
12-31 01:14:44.254 1488 1606 I SystemServerTimingAsync: ssm.onUnlockingUser-0_com.android.server.recoverysystem.RecoverySystemService$Lifecycle
12-31 01:14:44.254 1488 1606 I SystemServerTimingAsync: ssm.onUnlockingUser-0_com.android.server.lights.LightsService
12-31 01:14:44.254 1488 1606 I SystemServerTimingAsync: ssm.onUnlockingUser-0_com.android.server.display.DisplayManagerService
12-31 01:14:44.254 1488 1606 I SystemServerTimingAsync: ssm.onUnlockingUser-0_com.android.server.pm.verify.domain.DomainVerificationService
12-31 01:14:44.254 1488 1606 I SystemServerTimingAsync: ssm.onUnlockingUser-0_com.android.server.pm.PackageInstallerService$Lifecycle
12-31 01:14:44.254 1488 1606 I SystemServerTimingAsync: ssm.onUnlockingUser-0_com.android.server.pm.UserManagerService$LifeCycle
12-31 01:14:44.254 1488 1606 I SystemServerTimingAsync: ssm.onUnlockingUser-0_com.android.server.om.OverlayManagerService
12-31 01:14:44.254 1488 1606 I SystemServerTimingAsync: ssm.onUnlockingUser-0_com.android.server.SensorPrivacyService
12-31 01:14:44.254 1488 1606 I SystemServerTimingAsync: ssm.onUnlockingUser-0_com.android.server.thunderperf.ThunderBoostPerfService
12-31 01:14:44.254 1488 1606 I SystemServerTimingAsync: ssm.onUnlockingUser-0_com.android.server.sensors.SensorService
12-31 01:14:44.254 1488 1606 I SystemServerTimingAsync: ssm.onUnlockingUser-0_com.android.server.SystemConfigService
12-31 01:14:44.254 1488 1606 I SystemServerTimingAsync: ssm.onUnlockingUser-0_com.android.server.BatteryService
12-31 01:14:44.254 1488 1606 I SystemServerTimingAsync: ssm.onUnlockingUser-0_com.android.server.usage.UsageStatsService
12-31 01:14:44.254 1488 1606 I SystemServerTimingAsync: ssm.onUnlockingUser-0_com.android.server.webkit.WebViewUpdateService
12-31 01:14:44.254 1488 1606 I SystemServerTimingAsync: ssm.onUnlockingUser-0_com.android.server.CachedDeviceStateService
12-31 01:14:44.254 1488 1606 I SystemServerTimingAsync: ssm.onUnlockingUser-0_com.android.server.BinderCallsStatsService$LifeCycle
12-31 01:14:44.254 1488 1606 I SystemServerTimingAsync: ssm.onUnlockingUser-0_com.android.server.LooperStatsService$Lifecycle
12-31 01:14:44.254 1488 1606 I SystemServerTimingAsync: ssm.onUnlockingUser-0_com.android.server.rollback.RollbackManagerService
12-31 01:14:44.255 1488 1606 I SystemServerTimingAsync: ssm.onUnlockingUser-0_com.android.server.os.NativeTombstoneManagerService
12-31 01:14:44.255 1488 1606 I SystemServerTimingAsync: ssm.onUnlockingUser-0_com.android.server.os.BugreportManagerService
12-31 01:14:44.255 1488 1606 I SystemServerTimingAsync: ssm.onUnlockingUser-0_com.android.server.gpu.GpuService
12-31 01:14:44.255 1488 1606 I SystemServerTimingAsync: ssm.onUnlockingUser-0_com.android.server.security.KeyChainSystemService
12-31 01:14:44.255 1488 1606 I SystemServerTimingAsync: ssm.onUnlockingUser-0_com.android.server.telecom.TelecomLoaderService
12-31 01:14:44.255 1488 1606 I SystemServerTimingAsync: ssm.onUnlockingUser-0_com.android.server.accounts.AccountManagerService$Lifecycle
12-31 01:14:44.255 1488 1606 I SystemServerTimingAsync: ssm.onUnlockingUser-0_com.android.server.content.ContentService$Lifecycle
12-31 01:14:44.255 1488 1606 I SystemServerTimingAsync: ssm.onUnlockingUser-0_com.android.server.DropBoxManagerService
12-31 01:14:44.255 1488 1606 I SystemServerTimingAsync: ssm.onUnlockingUser-0_com.android.role.RoleService
12-31 01:14:44.255 1488 1606 I SystemServerTimingAsync: ssm.onUnlockingUser-0_com.android.server.vibrator.VibratorManagerService$Lifecycle
12-31 01:14:44.255 1488 1606 I SystemServerTimingAsync: ssm.onUnlockingUser-0_com.android.server.alarm.AlarmManagerService
12-31 01:14:44.255 1488 1606 I SystemServerTimingAsync: ssm.onUnlockingUser-0_com.android.server.devicestate.DeviceStateManagerService
12-31 01:14:44.255 1488 1606 I SystemServerTimingAsync: ssm.onUnlockingUser-0_com.android.server.camera.CameraServiceProxy
12-31 01:14:44.255 1488 1606 I SystemServerTimingAsync: ssm.onUnlockingUser-0_com.android.server.BluetoothService
12-31 01:14:44.255 1488 1606 D BluetoothManagerService: User 0 unlocked
12-31 01:14:44.255 1488 1606 I SystemServerTimingAsync: ssm.onUnlockingUser-0_com.android.server.connectivity.IpConnectivityMetrics
12-31 01:14:44.255 1488 1606 I SystemServerTimingAsync: ssm.onUnlockingUser-0_com.android.server.net.watchlist.NetworkWatchlistService$Lifecycle
12-31 01:14:44.255 1488 1606 I SystemServerTimingAsync: ssm.onUnlockingUser-0_com.android.server.PinnerService
12-31 01:14:44.255 1488 1606 I SystemServerTimingAsync: ssm.onUnlockingUser-0_com.google.android.startop.iorap.IorapForwardingService
12-31 01:14:44.255 1488 1606 I SystemServerTimingAsync: ssm.onUnlockingUser-0_com.android.server.ActivityTriggerService
12-31 01:14:44.255 1488 1606 I SystemServerTimingAsync: ssm.onUnlockingUser-0_com.android.server.integrity.AppIntegrityManagerService
12-31 01:14:44.255 1488 1606 I SystemServerTimingAsync: ssm.onUnlockingUser-0_com.android.server.inputmethod.InputMethodManagerService$Lifecycle
12-31 01:14:44.255 1488 1606 I SystemServerTimingAsync: ssm.onUnlockingUser-0_com.android.server.accessibility.AccessibilityManagerService$Lifecycle
12-31 01:14:44.255 1488 1606 I SystemServerTimingAsync: ssm.onUnlockingUser-0_com.android.server.StorageManagerService$Lifecycle
12-31 01:14:44.255 1488 1595 D BluetoothManagerService: MESSAGE_USER_UNLOCKED
12-31 01:14:44.255 1488 1606 D StorageManagerService: onUnlockUser 0
12-31 01:14:44.255 1488 1606 I StorageSessionController: On user unlock 0
12-31 01:14:44.255 1488 1606 I StorageSessionController: Initialialising...
12-31 01:14:44.255 512 632 I vold : onUserStarted: 0
12-31 01:14:44.258 1488 2092 V StorageManagerService: Found primary storage at VolumeInfo{emulated;0}:
12-31 01:14:44.258 1488 2092 V StorageManagerService: type=EMULATED diskId=null partGuid= mountFlags=0 mountUserId=0
12-31 01:14:44.258 1488 2092 V StorageManagerService: state=UNMOUNTED
12-31 01:14:44.258 1488 2092 V StorageManagerService: fsType=null fsUuid=null fsLabel=null
12-31 01:14:44.258 1488 2092 V StorageManagerService: path=null internalPath=null
12-31 01:14:44.258 1488 1694 I StorageManagerService: Mounting volume VolumeInfo{emulated;0}:
12-31 01:14:44.258 1488 1694 I StorageManagerService: type=EMULATED diskId=null partGuid= mountFlags=PRIMARY|VISIBLE
12-31 01:14:44.258 1488 1694 I StorageManagerService: mountUserId=0 state=UNMOUNTED
12-31 01:14:44.258 1488 1694 I StorageManagerService: fsType=null fsUuid=null fsLabel=null
12-31 01:14:44.258 1488 1694 I StorageManagerService: path=null internalPath=null
12-31 01:14:44.258 512 632 I vold : Executing sdcardfs
12-31 01:14:44.258 512 632 D vold : Waiting for sdcardfs to spin up...
12-31 01:14:44.265 2711 2711 W sdcard : Device explicitly enabled sdcardfs
12-31 01:14:44.273 1488 1606 I SystemServerTimingAsync: ssm.onUnlockingUser-0_com.android.server.usage.StorageStatsService$Lifecycle
12-31 01:14:44.273 1488 1606 I SystemServerTimingAsync: ssm.onUnlockingUser-0_com.android.server.UiModeManagerService
12-31 01:14:44.273 1488 1606 I SystemServerTimingAsync: ssm.onUnlockingUser-0_com.android.server.locksettings.LockSettingsService$Lifecycle
12-31 01:14:44.273 1488 1606 I SystemServerTimingAsync: ssm.onUnlockingUser-0_com.android.server.PersistentDataBlockService
12-31 01:14:44.273 1488 1606 I SystemServerTimingAsync: ssm.onUnlockingUser-0_com.android.server.testharness.TestHarnessModeService
12-31 01:14:44.273 1488 1606 I SystemServerTimingAsync: ssm.onUnlockingUser-0_com.android.server.oemlock.OemLockService
12-31 01:14:44.273 1488 1606 I SystemServerTimingAsync: ssm.onUnlockingUser-0_com.android.server.DeviceIdleController
12-31 01:14:44.273 1488 1606 I SystemServerTimingAsync: ssm.onUnlockingUser-0_com.android.server.devicepolicy.DevicePolicyManagerService$Lifecycle
12-31 01:14:44.273 1488 1606 I SystemServerTimingAsync: ssm.onUnlockingUser-0_com.android.server.texttospeech.TextToSpeechManagerService
12-31 01:14:44.273 1488 1606 I SystemServerTimingAsync: ssm.onUnlockingUser-0_com.android.server.speech.SpeechRecognitionManagerService
12-31 01:14:44.273 1488 1606 I SystemServerTimingAsync: ssm.onUnlockingUser-0_com.android.server.searchui.SearchUiManagerService
12-31 01:14:44.273 1488 1606 I SystemServerTimingAsync: ssm.onUnlockingUser-0_com.android.server.smartspace.SmartspaceManagerService
12-31 01:14:44.273 1488 1606 I SystemServerTimingAsync: ssm.onUnlockingUser-0_com.android.server.graphics.fonts.FontManagerService$Lifecycle
12-31 01:14:44.273 1488 1606 I SystemServerTimingAsync: ssm.onUnlockingUser-0_com.android.server.textservices.TextServicesManagerService$Lifecycle
12-31 01:14:44.280 1488 1606 I SystemServerTimingAsync: ssm.onUnlockingUser-0_com.android.server.textclassifier.TextClassificationManagerService$Lifecycle
12-31 01:14:44.280 1488 1606 I SystemServerTimingAsync: ssm.onUnlockingUser-0_com.android.server.NetworkScoreService$Lifecycle
12-31 01:14:44.280 1488 1606 I SystemServerTimingAsync: ssm.onUnlockingUser-0_com.android.server.wifi.WifiService
12-31 01:14:44.280 1488 1606 I SystemServerTimingAsync: ssm.onUnlockingUser-0_com.android.server.wifi.scanner.WifiScanningService
12-31 01:14:44.280 1488 1606 I SystemServerTimingAsync: ssm.onUnlockingUser-0_com.android.server.wifi.rtt.RttService
12-31 01:14:44.280 1488 1606 I SystemServerTimingAsync: ssm.onUnlockingUser-0_com.android.server.wifi.aware.WifiAwareService
12-31 01:14:44.280 1488 1606 I SystemServerTimingAsync: ssm.onUnlockingUser-0_com.android.server.wifi.p2p.WifiP2pService
12-31 01:14:44.280 1488 1606 I SystemServerTimingAsync: ssm.onUnlockingUser-0_com.android.server.ethernet.EthernetService
12-31 01:14:44.280 1488 1606 I SystemServerTimingAsync: ssm.onUnlockingUser-0_com.android.server.ConnectivityServiceInitializer
12-31 01:14:44.280 1488 1606 I SystemServerTimingAsync: ssm.onUnlockingUser-0_com.android.server.notification.NotificationManagerService
12-31 01:14:44.281 1488 1606 I SystemServerTimingAsync: ssm.onUnlockingUser-0_com.android.server.storage.DeviceStorageMonitorService
12-31 01:14:44.281 1488 1606 I SystemServerTimingAsync: ssm.onUnlockingUser-0_com.android.server.location.LocationManagerService$Lifecycle
12-31 01:14:44.281 1488 1606 I SystemServerTimingAsync: ssm.onUnlockingUser-0_com.android.server.timedetector.TimeDetectorService$Lifecycle
12-31 01:14:44.281 1488 1606 I SystemServerTimingAsync: ssm.onUnlockingUser-0_com.android.server.timezonedetector.TimeZoneDetectorService$Lifecycle
12-31 01:14:44.281 1488 1606 I SystemServerTimingAsync: ssm.onUnlockingUser-0_com.android.server.timezonedetector.location.LocationTimeZoneManagerService$Lifecycle
12-31 01:14:44.281 1488 1606 I SystemServerTimingAsync: ssm.onUnlockingUser-0_com.android.server.search.SearchManagerService$Lifecycle
12-31 01:14:44.281 1488 1606 I SystemServerTimingAsync: ssm.onUnlockingUser-0_com.android.server.wallpaper.WallpaperManagerService$Lifecycle
12-31 01:14:44.281 1488 1606 I WallpaperManagerService: on-unlock-user-0
12-31 01:14:44.281 1488 1606 I SystemServerTimingAsync: ssm.onUnlockingUser-0_com.android.server.audio.AudioService$Lifecycle
12-31 01:14:44.281 1488 1606 I SystemServerTimingAsync: ssm.onUnlockingUser-0_com.android.server.soundtrigger_middleware.SoundTriggerMiddlewareService$Lifecycle
12-31 01:14:44.281 1488 1606 I SystemServerTimingAsync: ssm.onUnlockingUser-0_com.android.server.DockObserver
12-31 01:14:44.281 1488 1606 I SystemServerTimingAsync: ssm.onUnlockingUser-0_com.android.server.midi.MidiService$Lifecycle
12-31 01:14:44.282 1488 1606 I SystemServerTimingAsync: ssm.onUnlockingUser-0_com.android.server.adb.AdbService$Lifecycle
12-31 01:14:44.282 1488 1606 I SystemServerTimingAsync: ssm.onUnlockingUser-0_com.android.server.usb.UsbService$Lifecycle
12-31 01:14:44.282 1488 1606 I SystemServerTimingAsync: ssm.onUnlockingUser-0_com.android.server.twilight.TwilightService
12-31 01:14:44.282 1488 1606 I SystemServerTimingAsync: ssm.onUnlockingUser-0_com.android.server.display.color.ColorDisplayService
12-31 01:14:44.282 1488 1606 I SystemServerTimingAsync: ssm.onUnlockingUser-0_com.android.server.job.JobSchedulerService
12-31 01:14:44.282 1488 1606 I SystemServerTimingAsync: ssm.onUnlockingUser-0_com.android.server.soundtrigger.SoundTriggerService
12-31 01:14:44.282 1488 1606 I SystemServerTimingAsync: ssm.onUnlockingUser-0_com.android.server.trust.TrustManagerService
12-31 01:14:44.282 1488 1606 I SystemServerTimingAsync: ssm.onUnlockingUser-0_com.android.server.backup.BackupManagerService$Lifecycle
12-31 01:14:44.282 1488 1606 I SystemServerTimingAsync: ssm.onUnlockingUser-0_com.android.server.appwidget.AppWidgetService
12-31 01:14:44.282 1488 1606 I SystemServerTimingAsync: ssm.onUnlockingUser-0_com.android.server.voiceinteraction.VoiceInteractionManagerService
12-31 01:14:44.283 1488 1606 W VoiceInteractionManager: no available voice recognition services found for user 0
12-31 01:14:44.283 1488 1606 I SystemServerTimingAsync: ssm.onUnlockingUser-0_com.android.server.apphibernation.AppHibernationService
12-31 01:14:44.283 1488 1606 I SystemServerTimingAsync: ssm.onUnlockingUser-0_com.android.server.GestureLauncherService
12-31 01:14:44.283 1488 1606 I SystemServerTimingAsync: ssm.onUnlockingUser-0_com.android.server.SensorNotificationService
12-31 01:14:44.283 1488 1606 I SystemServerTimingAsync: ssm.onUnlockingUser-0_com.android.server.emergency.EmergencyAffordanceService
12-31 01:14:44.283 1488 1606 I SystemServerTimingAsync: ssm.onUnlockingUser-0_com.android.server.blob.BlobStoreManagerService
12-31 01:14:44.283 1488 1606 I SystemServerTimingAsync: ssm.onUnlockingUser-0_com.android.server.dreams.DreamManagerService
12-31 01:14:44.283 1488 1606 I SystemServerTimingAsync: ssm.onUnlockingUser-0_com.android.server.companion.CompanionDeviceManagerService
12-31 01:14:44.283 1488 2658 I HibernationStateDiskStore: No hibernation file on disk for file /data/system_ce/0/hibernation/states
12-31 01:14:44.284 1488 1606 I CompanionDeviceManagerService: Read associations from disk: {0=[]}
12-31 01:14:44.284 1488 1606 I SystemServerTimingAsync: ssm.onUnlockingUser-0_com.android.server.restrictions.RestrictionsManagerService
12-31 01:14:44.284 1488 1606 I SystemServerTimingAsync: ssm.onUnlockingUser-0_com.android.server.media.MediaSessionService
12-31 01:14:44.284 1488 1606 I SystemServerTimingAsync: ssm.onUnlockingUser-0_com.android.server.media.MediaResourceMonitorService
12-31 01:14:44.284 1488 1606 I SystemServerTimingAsync: ssm.onUnlockingUser-0_com.android.server.biometrics.sensors.fingerprint.FingerprintService
12-31 01:14:44.284 1488 1606 I SystemServerTimingAsync: ssm.onUnlockingUser-0_com.android.server.biometrics.BiometricService
12-31 01:14:44.284 1488 1606 I SystemServerTimingAsync: ssm.onUnlockingUser-0_com.android.server.biometrics.AuthService
12-31 01:14:44.284 1488 1606 I SystemServerTimingAsync: ssm.onUnlockingUser-0_com.android.server.pm.ShortcutService$Lifecycle
12-31 01:14:44.284 1488 1792 I BackupManagerService: Starting service for user: 0
12-31 01:14:44.284 1488 1792 V BackupManagerService: [UserID:0] Starting with transport com.android.localtransport/.LocalTransport
12-31 01:14:44.284 1488 1606 I SystemServerTimingAsync: ssm.onUnlockingUser-0_com.android.server.pm.LauncherAppsService
12-31 01:14:44.284 1488 1606 I SystemServerTimingAsync: ssm.onUnlockingUser-0_com.android.server.pm.CrossProfileAppsService
12-31 01:14:44.284 1488 1606 I SystemServerTimingAsync: ssm.onUnlockingUser-0_com.android.server.people.PeopleService
12-31 01:14:44.284 1488 1606 I SystemServerTimingAsync: ssm.onUnlockingUser-0_com.android.server.media.metrics.MediaMetricsManagerService
12-31 01:14:44.284 1488 1606 I SystemServerTimingAsync: ssm.onUnlockingUser-0_com.android.server.media.projection.MediaProjectionManagerService
12-31 01:14:44.284 1488 1606 I SystemServerTimingAsync: ssm.onUnlockingUser-0_com.android.server.slice.SliceManagerService$Lifecycle
12-31 01:14:44.284 1488 1606 I SystemServerTimingAsync: ssm.onUnlockingUser-0_com.android.server.stats.StatsCompanion$Lifecycle
12-31 01:14:44.284 1488 1606 I SystemServerTimingAsync: ssm.onUnlockingUser-0_com.android.server.scheduling.RebootReadinessManagerService$Lifecycle
12-31 01:14:44.284 1488 1606 I SystemServerTimingAsync: ssm.onUnlockingUser-0_com.android.server.stats.pull.StatsPullAtomService
12-31 01:14:44.284 1488 1606 I SystemServerTimingAsync: ssm.onUnlockingUser-0_com.android.server.incident.IncidentCompanionService
12-31 01:14:44.284 1488 1606 I SystemServerTimingAsync: ssm.onUnlockingUser-0_com.android.server.MmsServiceBroker
12-31 01:14:44.284 1488 1606 I SystemServerTimingAsync: ssm.onUnlockingUser-0_com.android.server.autofill.AutofillManagerService
12-31 01:14:44.285 1488 1606 I SystemServerTimingAsync: ssm.onUnlockingUser-0_com.android.server.clipboard.ClipboardService
12-31 01:14:44.285 1488 1606 I SystemServerTimingAsync: ssm.onUnlockingUser-0_com.android.server.appbinding.AppBindingService$Lifecycle
12-31 01:14:44.285 1488 1606 W AppBindingService: [Default SMS app] u0 Target package not found
12-31 01:14:44.285 1488 1606 I SystemServerTimingAsync: ssm.onUnlockingUser-0_com.android.server.tracing.TracingServiceProxy
12-31 01:14:44.285 1488 1606 I SystemServerTimingAsync: ssm.onUnlockingUser-0_com.android.server.policy.PermissionPolicyService
12-31 01:14:44.283 813 813 I auditd : type=1400 audit(0.0:222): avc: denied { read } for comm="Loc_hal_worker" name="u:object_r:vendor_pd_locater_dbg_prop:s0" dev="tmpfs" ino=11752 scontext=u:r:vendor_hal_gnss_qti:s0 tcontext=u:object_r:vendor_pd_locater_dbg_prop:s0 tclass=file permissive=0
12-31 01:14:44.285 1488 1606 I SystemServerTimingAsync: ssm.onUnlockingUser-0_com.android.server.pm.StagingManager$Lifecycle
12-31 01:14:44.285 1488 1606 I SystemServerTimingAsync: ssm.onUnlockingUser-0_com.android.server.app.GameManagerService$Lifecycle
12-31 01:14:44.285 1488 1606 I SystemServerTimingAsync: ssm.onUnlockingUser-0_com.android.server.appsearch.AppSearchManagerService
12-31 01:14:44.285 1488 1606 I SystemServerTimingAsync: ssm.onUnlockingUser-0_com.android.server.media.MediaCommunicationService
12-31 01:14:44.285 1488 1606 W ActivityManager: UserLifecycleEvent 5 received without an active userJourneySession.
12-31 01:14:44.285 1488 1606 W ActivityManager: UserLifecycleEvent 6 received without an active userJourneySession.
12-31 01:14:44.285 1488 1606 I uc_finish_user_unlocked: 0
12-31 01:14:44.285 1488 1606 I ActivityManager: User 0 state changed from RUNNING_UNLOCKING to RUNNING_UNLOCKED
12-31 01:14:44.285 1488 1606 I am_user_state_changed: [0,3]
12-31 01:14:44.286 1488 1593 I ActivityTaskManager: Loading recents for user 0 into memory.
12-31 01:14:44.286 1488 1792 D BackupManagerService: [UserID:0] Started thread backup-0
12-31 01:14:44.289 1488 1593 I wm_task_created: [18,-1]
12-31 01:14:44.289 1488 1606 D SystemServerTiming: SystemUserUnlock took to complete: 147ms
12-31 01:14:44.290 1488 1593 I wm_task_created: [17,-1]
12-31 01:14:44.291 1488 1593 V PackageConfigPersister: loadPackages: empty list files from /data/system_ce/0/package_configs
12-31 01:14:44.291 1488 1606 I am_uid_running: 10088
12-31 01:14:44.293 1488 1606 D CompatibilityChangeReporter: Compat change id reported: 135634846; UID 10088; state: DISABLED
12-31 01:14:44.293 1488 1606 I am_uid_running: 10059
12-31 01:14:44.293 1488 1607 D CompatibilityChangeReporter: Compat change id reported: 143937733; UID 10088; state: ENABLED
12-31 01:14:44.293 1488 1606 D CompatibilityChangeReporter: Compat change id reported: 135634846; UID 10059; state: DISABLED
12-31 01:14:44.293 1488 1606 D CompatibilityChangeReporter: Compat change id reported: 177438394; UID 10059; state: DISABLED
12-31 01:14:44.293 1488 1606 D CompatibilityChangeReporter: Compat change id reported: 135772972; UID 10059; state: DISABLED
12-31 01:14:44.293 1488 1606 D CompatibilityChangeReporter: Compat change id reported: 135754954; UID 10059; state: ENABLED
12-31 01:14:44.293 1488 1606 I am_uid_running: 10055
12-31 01:14:44.293 1488 1606 D CompatibilityChangeReporter: Compat change id reported: 135634846; UID 10055; state: DISABLED
12-31 01:14:44.293 1488 1606 D CompatibilityChangeReporter: Compat change id reported: 177438394; UID 10055; state: DISABLED
12-31 01:14:44.293 1488 1606 D CompatibilityChangeReporter: Compat change id reported: 135772972; UID 10055; state: DISABLED
12-31 01:14:44.293 1488 1606 D CompatibilityChangeReporter: Compat change id reported: 135754954; UID 10055; state: ENABLED
12-31 01:14:44.293 1488 1606 I am_uid_running: 10079
12-31 01:14:44.294 1488 1606 D CompatibilityChangeReporter: Compat change id reported: 135634846; UID 10079; state: DISABLED
12-31 01:14:44.294 1488 1606 D CompatibilityChangeReporter: Compat change id reported: 177438394; UID 10079; state: DISABLED
12-31 01:14:44.294 1488 1606 D CompatibilityChangeReporter: Compat change id reported: 135772972; UID 10079; state: DISABLED
12-31 01:14:44.294 1488 1606 D CompatibilityChangeReporter: Compat change id reported: 135754954; UID 10079; state: DISABLED
12-31 01:14:44.294 1488 1606 I am_uid_running: 10087
12-31 01:14:44.294 1488 1606 D CompatibilityChangeReporter: Compat change id reported: 135634846; UID 10087; state: DISABLED
12-31 01:14:44.294 1488 1606 D CompatibilityChangeReporter: Compat change id reported: 177438394; UID 10087; state: DISABLED
12-31 01:14:44.294 1488 1606 D CompatibilityChangeReporter: Compat change id reported: 135772972; UID 10087; state: DISABLED
12-31 01:14:44.294 1488 1606 D CompatibilityChangeReporter: Compat change id reported: 135754954; UID 10087; state: ENABLED
12-31 01:14:44.294 1488 1606 I am_uid_running: 10086
12-31 01:14:44.294 1488 1606 D CompatibilityChangeReporter: Compat change id reported: 135634846; UID 10086; state: DISABLED
12-31 01:14:44.295 1488 1606 D CompatibilityChangeReporter: Compat change id reported: 177438394; UID 10086; state: DISABLED
12-31 01:14:44.295 1488 1606 D CompatibilityChangeReporter: Compat change id reported: 135772972; UID 10086; state: DISABLED
12-31 01:14:44.295 1488 1606 D CompatibilityChangeReporter: Compat change id reported: 135754954; UID 10086; state: ENABLED
12-31 01:14:44.295 1488 1606 I am_uid_running: 10080
12-31 01:14:44.295 1488 1606 D CompatibilityChangeReporter: Compat change id reported: 135634846; UID 10080; state: DISABLED
12-31 01:14:44.295 1488 1606 D CompatibilityChangeReporter: Compat change id reported: 177438394; UID 10080; state: DISABLED
12-31 01:14:44.295 1488 1606 D CompatibilityChangeReporter: Compat change id reported: 135772972; UID 10080; state: DISABLED
12-31 01:14:44.295 1488 1606 D CompatibilityChangeReporter: Compat change id reported: 135754954; UID 10080; state: ENABLED
12-31 01:14:44.296 1488 1606 I uc_send_user_broadcast: [0,android.intent.action.USER_UNLOCKED]
12-31 01:14:44.302 1488 2098 D CompatibilityChangeReporter: Compat change id reported: 168419799; UID 10083; state: DISABLED
12-31 01:14:44.304 1488 1605 I UsageStatsService: User[0] Rollover scheduled @ 2023-01-01 01:14:44(1672506884287)
12-31 01:14:44.306 1488 1606 I uc_finish_user_unlocked_completed: 0
12-31 01:14:44.306 1488 1606 I ActivityManager: Posting BOOT_COMPLETED user #0
12-31 01:14:44.307 1488 1607 I am_proc_start: [0,2737,10088,com.hht.lebocast,added application,com.hht.lebocast]
12-31 01:14:44.307 1488 1607 I ActivityManager: Start proc 2737:com.hht.lebocast/u0a88 for added application com.hht.lebocast
12-31 01:14:44.307 1488 1607 D CompatibilityChangeReporter: Compat change id reported: 143937733; UID 10059; state: ENABLED
12-31 01:14:44.308 1488 1606 I ssm_user_unlocked: 0
12-31 01:14:44.308 1488 1606 I SystemServerTimingAsync: ssm.UnlockedUser-0
12-31 01:14:44.308 1488 1606 I SystemServiceManager: Calling onUnlockedUser 0
12-31 01:14:44.308 1488 1606 I SystemServerTimingAsync: ssm.onUnlockedUser-0_com.android.server.security.FileIntegrityService
12-31 01:14:44.308 1488 1606 I SystemServerTimingAsync: ssm.onUnlockedUser-0_com.android.server.pm.Installer
12-31 01:14:44.308 1488 1606 I SystemServerTimingAsync: ssm.onUnlockedUser-0_com.android.server.os.DeviceIdentifiersPolicyService
12-31 01:14:44.308 1488 1606 I SystemServerTimingAsync: ssm.onUnlockedUser-0_com.android.server.uri.UriGrantsManagerService$Lifecycle
12-31 01:14:44.308 1488 1606 I SystemServerTimingAsync: ssm.onUnlockedUser-0_com.android.server.powerstats.PowerStatsService
12-31 01:14:44.308 1488 1606 I SystemServerTimingAsync: ssm.onUnlockedUser-0_com.android.server.wm.ActivityTaskManagerService$Lifecycle
12-31 01:14:44.309 512 632 I vold : Mounting emulated fuse volume
12-31 01:14:44.310 1488 1605 I UsageStatsService: Time changed in by 1672420471 seconds
12-31 01:14:44.311 1488 1606 I LaunchParamsPersister: Didn't find launch param folder for user 0
12-31 01:14:44.311 1488 1606 I SystemServerTimingAsync: ssm.onUnlockedUser-0_com.android.server.am.ActivityManagerService$Lifecycle
12-31 01:14:44.311 1488 1606 I SystemServerTimingAsync: ssm.onUnlockedUser-0_com.android.server.pm.DataLoaderManagerService
12-31 01:14:44.311 1488 1606 I SystemServerTimingAsync: ssm.onUnlockedUser-0_com.android.server.power.PowerManagerService
12-31 01:14:44.311 1488 1606 I SystemServerTimingAsync: ssm.onUnlockedUser-0_com.android.server.power.ThermalManagerService
12-31 01:14:44.311 1488 1606 I SystemServerTimingAsync: ssm.onUnlockedUser-0_com.android.server.power.hint.HintManagerService
