12-31 01:14:44.979 2371 2371 E AndroidRuntime: at android.app.ActivityThread.handleServiceArgs(ActivityThread.java:4640)
12-31 01:14:44.979 2371 2371 E AndroidRuntime: at android.app.ActivityThread.access$2000(ActivityThread.java:248)
12-31 01:14:44.979 2371 2371 E AndroidRuntime: at android.app.ActivityThread$H.handleMessage(ActivityThread.java:2092)
12-31 01:14:44.979 2371 2371 E AndroidRuntime: at android.os.Handler.dispatchMessage(Handler.java:106)
12-31 01:14:44.979 2371 2371 E AndroidRuntime: at android.os.Looper.loopOnce(Looper.java:201)
12-31 01:14:44.979 2371 2371 E AndroidRuntime: at android.os.Looper.loop(Looper.java:288)
12-31 01:14:44.979 2371 2371 E AndroidRuntime: at android.app.ActivityThread.main(ActivityThread.java:7880)
12-31 01:14:44.979 2371 2371 E AndroidRuntime: at java.lang.reflect.Method.invoke(Native Method)
12-31 01:14:44.979 2371 2371 E AndroidRuntime: at com.android.internal.os.RuntimeInit$MethodAndArgsCaller.run(RuntimeInit.java:548)
12-31 01:14:44.979 2371 2371 E AndroidRuntime: at com.android.internal.os.ZygoteInit.main(ZygoteInit.java:1009)
12-31 01:14:44.979 2371 2371 E AndroidRuntime: Caused by: java.lang.ClassNotFoundException: android.hidl.manager.V1_0.IServiceNotification$Stub
12-31 01:14:44.979 2371 2371 E AndroidRuntime: ... 11 more
12-31 01:14:44.979 1488 2092 I am_crash: [2371,0,com.qualcomm.qti.devicestatisticsservice,814235213,java.lang.ClassNotFoundException,android.hidl.manager.V1_0.IServiceNotification$Stub,DeviceStatisticsService.java,83]
12-31 01:14:44.985 1488 3186 I DropBoxManagerService: add tag=system_app_crash isTagEnabled=true flags=0x2
12-31 01:14:44.985 1488 2109 W StorageManagerService: Reporting emulated;0 unmounted due to system locked
12-31 01:14:44.987 1488 1488 E BootReceiver: Could not open /sys/kernel/tracing/instances/bootreceiver/trace_pipe
12-31 01:14:44.987 1488 1488 E BootReceiver: android.system.ErrnoException: open failed: ENOENT (No such file or directory)
12-31 01:14:44.987 1488 1488 E BootReceiver: at libcore.io.Linux.open(Native Method)
12-31 01:14:44.987 1488 1488 E BootReceiver: at libcore.io.ForwardingOs.open(ForwardingOs.java:567)
12-31 01:14:44.987 1488 1488 E BootReceiver: at libcore.io.BlockGuardOs.open(BlockGuardOs.java:273)
12-31 01:14:44.987 1488 1488 E BootReceiver: at android.system.Os.open(Os.java:501)
12-31 01:14:44.987 1488 1488 E BootReceiver: at com.android.server.BootReceiver.onReceive(BootReceiver.java:167)
12-31 01:14:44.987 1488 1488 E BootReceiver: at android.app.ActivityThread.handleReceiver(ActivityThread.java:4309)
12-31 01:14:44.987 1488 1488 E BootReceiver: at android.app.ActivityThread.access$1600(ActivityThread.java:248)
12-31 01:14:44.987 1488 1488 E BootReceiver: at android.app.ActivityThread$H.handleMessage(ActivityThread.java:2065)
12-31 01:14:44.987 1488 1488 E BootReceiver: at android.os.Handler.dispatchMessage(Handler.java:106)
12-31 01:14:44.987 1488 1488 E BootReceiver: at android.os.Looper.loopOnce(Looper.java:201)
12-31 01:14:44.987 1488 1488 E BootReceiver: at android.os.Looper.loop(Looper.java:288)
12-31 01:14:44.987 1488 1488 E BootReceiver: at com.android.server.SystemServer.run(SystemServer.java:909)
12-31 01:14:44.987 1488 1488 E BootReceiver: at com.android.server.SystemServer.main(SystemServer.java:616)
12-31 01:14:44.987 1488 1488 E BootReceiver: at java.lang.reflect.Method.invoke(Native Method)
12-31 01:14:44.987 1488 1488 E BootReceiver: at com.android.internal.os.RuntimeInit$MethodAndArgsCaller.run(RuntimeInit.java:548)
12-31 01:14:44.987 1488 1488 E BootReceiver: at com.android.internal.os.ZygoteInit.main(ZygoteInit.java:987)
12-31 01:14:44.987 1488 1606 I am_wtf : [0,1488,system_server,-1,BootReceiver,open failed: ENOENT (No such file or directory)]
12-31 01:14:44.990 1488 2092 I sysui_multi_action: [757,316,758,4,759,-1]
12-31 01:14:44.995 3189 3189 I auditd : type=1400 audit(0.0:226): avc: denied { read } for comm="ip" name="rt_tables" dev="dm-10" ino=342 scontext=u:r:ethernet:s0 tcontext=u:object_r:net_data_file:s0 tclass=file permissive=0
12-31 01:14:45.002 1488 3188 I DropBoxManagerService: add tag=SYSTEM_BOOT isTagEnabled=true flags=0x2
12-31 01:14:45.003 1488 3188 I BootReceiver: Copying audit failures to DropBox
12-31 01:14:45.003 1488 3188 I BootReceiver: Checking for fsck errors
12-31 01:14:45.003 1488 3188 I BootReceiver: fs_stat, partition:persist stat:0xb
12-31 01:14:45.003 1488 3188 I BootReceiver: fs_stat, partition:dsp_a stat:0x3
12-31 01:14:45.004 1488 3188 I commit_sys_config_file: [log-files,1]
12-31 01:14:45.005 1488 1739 I GameModeConfig: isGameModeOn = false
12-31 01:14:44.999 3191 3191 I auditd : type=1400 audit(0.0:227): avc: denied { read } for comm="ip" name="rt_tables" dev="dm-10" ino=342 scontext=u:r:ethernet:s0 tcontext=u:object_r:net_data_file:s0 tclass=file permissive=0
12-31 01:14:45.008 1488 3188 I am_uid_running: 10019
12-31 01:14:45.008 1488 3188 D CompatibilityChangeReporter: Compat change id reported: 135634846; UID 10019; state: DISABLED
12-31 01:14:45.008 1488 3188 D CompatibilityChangeReporter: Compat change id reported: 177438394; UID 10019; state: DISABLED
12-31 01:14:45.008 1488 3188 D CompatibilityChangeReporter: Compat change id reported: 135772972; UID 10019; state: DISABLED
12-31 01:14:45.008 1488 3188 D CompatibilityChangeReporter: Compat change id reported: 135754954; UID 10019; state: ENABLED
12-31 01:14:45.008 1488 1607 D CompatibilityChangeReporter: Compat change id reported: 143937733; UID 10019; state: ENABLED
12-31 01:14:45.015 1488 2115 D CompatibilityChangeReporter: Compat change id reported: 168419799; UID 10079; state: DISABLED
12-31 01:14:45.016 1488 1597 I wm_task_removed: [2,cleanUpResourcesForDestroy]
12-31 01:14:45.016 1488 1597 I wm_task_removed: [2,removeChild:removeChild last r=ActivityRecord{618714 u0 com.android.settings/.FallbackHome t-1 f}} in t=Task{854967a #2 type=home A=1000:com.android.settings.FallbackHome U=0 visible=false mode=fullscreen translucent=true sz=0}]
12-31 01:14:45.016 1488 1597 I wm_task_removed: [2,removeChild]
12-31 01:14:45.016 1488 2115 I ActivityManager: Process com.qualcomm.qti.devicestatisticsservice (pid 2371) has died: pers PER
12-31 01:14:45.017 1488 2115 I am_proc_died: [0,2371,com.qualcomm.qti.devicestatisticsservice,-800,0]
12-31 01:14:45.018 1488 2115 W ActivityManager: Scheduling restart of crashed service com.qualcomm.qti.devicestatisticsservice/.DeviceStatisticsService in 0ms for persistent
12-31 01:14:45.018 1488 2115 I am_schedule_service_restart: [0,com.qualcomm.qti.devicestatisticsservice/.DeviceStatisticsService,0]
12-31 01:14:45.019 1488 2115 I am_uid_stopped: 10065
12-31 01:14:45.019 1488 2115 W ActivityManager: Re-adding persistent process ProcessRecord{deb0513 2371:com.qualcomm.qti.devicestatisticsservice/u0a65}
12-31 01:14:45.019 1488 2115 I am_uid_running: 10065
12-31 01:14:45.019 1488 2115 D CompatibilityChangeReporter: Compat change id reported: 135634846; UID 10065; state: DISABLED
12-31 01:14:45.019 1488 2115 D CompatibilityChangeReporter: Compat change id reported: 177438394; UID 10065; state: DISABLED
12-31 01:14:45.019 1488 2115 D CompatibilityChangeReporter: Compat change id reported: 135772972; UID 10065; state: DISABLED
12-31 01:14:45.019 1488 2115 D CompatibilityChangeReporter: Compat change id reported: 135754954; UID 10065; state: ENABLED
12-31 01:14:45.019 1488 2115 I am_uid_active: 10065
12-31 01:14:45.020 1488 1607 I am_proc_start: [0,3197,10019,android.process.media,content provider,{com.android.providers.downloads/com.android.providers.downloads.DownloadProvider}]
12-31 01:14:45.020 1488 1607 I ActivityManager: Start proc 3197:android.process.media/u0a19 for content provider {com.android.providers.downloads/com.android.providers.downloads.DownloadProvider}
12-31 01:14:45.020 1488 1607 D CompatibilityChangeReporter: Compat change id reported: 143937733; UID 10065; state: ENABLED
12-31 01:14:45.021 1488 2115 D TelephonyRegistry: listen oscl: mHasNotifySubscriptionInfoChangedOccurred==false no callback
12-31 01:14:45.028 1488 2109 D CompatibilityChangeReporter: Compat change id reported: 135634846; UID 1000; state: DISABLED
12-31 01:14:45.028 1488 2109 D CompatibilityChangeReporter: Compat change id reported: 177438394; UID 1000; state: DISABLED
12-31 01:14:45.028 1488 2109 D CompatibilityChangeReporter: Compat change id reported: 135772972; UID 1000; state: DISABLED
12-31 01:14:45.028 1488 2109 D CompatibilityChangeReporter: Compat change id reported: 135754954; UID 1000; state: ENABLED
12-31 01:14:45.028 1488 1607 I am_proc_start: [0,3202,10065,com.qualcomm.qti.devicestatisticsservice,restart,com.qualcomm.qti.devicestatisticsservice]
12-31 01:14:45.028 1488 1607 I ActivityManager: Start proc 3202:com.qualcomm.qti.devicestatisticsservice/u0a65 for restart com.qualcomm.qti.devicestatisticsservice
12-31 01:14:45.036 1488 1607 I am_proc_start: [0,3223,1000,com.qti.diagservices,broadcast,{com.qti.diagservices/com.qti.diagservices.Diag_OnBoot}]
12-31 01:14:45.036 1488 1607 I ActivityManager: Start proc 3223:com.qti.diagservices/1000 for broadcast {com.qti.diagservices/com.qti.diagservices.Diag_OnBoot}
12-31 01:14:45.037 1488 2098 I am_proc_bound: [0,3197,android.process.media]
12-31 01:14:45.038 1488 2098 D CompatibilityChangeReporter: Compat change id reported: 168419799; UID 10019; state: DISABLED
12-31 01:14:45.039 1931 1931 I liblog : 51
12-31 01:14:45.039 1931 1931 I liblog : 2
12-31 01:14:45.039 1931 1931 I liblog : 1
12-31 01:14:45.039 1931 1931 I liblog : 2
12-31 01:14:45.039 1931 1931 I liblog : 1
12-31 01:14:45.039 1931 1931 I liblog : 2
12-31 01:14:45.039 1931 1931 I liblog : 3
12-31 01:14:45.039 1931 1931 I liblog : 21
12-31 01:14:45.039 1931 1931 I liblog : 2
12-31 01:14:45.039 1931 1931 I liblog : 1
12-31 01:14:45.039 1931 1931 I liblog : 1
12-31 01:14:45.039 1931 1931 I liblog : 1
12-31 01:14:45.039 1931 1931 I liblog : 1
12-31 01:14:45.039 1931 1931 I liblog : 1
12-31 01:14:45.039 1931 1931 I liblog : 1
12-31 01:14:45.039 1931 1931 I liblog : 1
12-31 01:14:45.039 1931 1931 I liblog : 1
12-31 01:14:45.039 1931 1931 I liblog : 2
12-31 01:14:45.039 1931 1931 I liblog : 1
12-31 01:14:45.039 1931 1931 I liblog : 2
12-31 01:14:45.039 1931 1931 I liblog : 1
12-31 01:14:45.039 1931 1931 I liblog : 1
12-31 01:14:45.041 1488 2098 I am_uid_active: 10019
12-31 01:14:45.045 1488 2109 I am_proc_bound: [0,3202,com.qualcomm.qti.devicestatisticsservice]
12-31 01:14:45.062 1931 1931 I liblog : 214
12-31 01:14:45.063 1488 1488 I Telecom : BluetoothDeviceManager: Got BluetoothHearingAid: android.bluetooth.BluetoothHearingAid@592a77a: BMSL.oSC@AAk
12-31 01:14:45.063 1488 2115 I am_proc_bound: [0,3223,com.qti.diagservices]
12-31 01:14:45.080 1488 2109 I am_uid_running: 10029
12-31 01:14:45.080 1488 2109 D CompatibilityChangeReporter: Compat change id reported: 135634846; UID 10029; state: DISABLED
12-31 01:14:45.080 1488 2109 D CompatibilityChangeReporter: Compat change id reported: 177438394; UID 10029; state: DISABLED
12-31 01:14:45.080 1488 2109 D CompatibilityChangeReporter: Compat change id reported: 135772972; UID 10029; state: DISABLED
12-31 01:14:45.080 1488 2109 D CompatibilityChangeReporter: Compat change id reported: 135754954; UID 10029; state: ENABLED
12-31 01:14:45.080 1488 1607 D CompatibilityChangeReporter: Compat change id reported: 143937733; UID 10029; state: ENABLED
12-31 01:14:45.083 1488 1488 I notification_cancel_all: [1002,1931,com.android.bluetooth,0,0,64,9,NULL]
12-31 01:14:45.084 1488 1739 I GameModeConfig: isGameModeOn = false
12-31 01:14:45.086 1488 1595 D BluetoothManagerService: MESSAGE_BLUETOOTH_STATE_CHANGE: TURNING_ON > ON
12-31 01:14:45.086 1488 1595 D BluetoothManagerService: Broadcasting onBluetoothStateChange(true) to 10 receivers.
12-31 01:14:45.086 1488 1595 D BluetoothManagerService: Creating new ProfileServiceConnections object for profile: 1
12-31 01:14:45.087 1488 1595 W BluetoothManagerService: psc is not null in bindBluetoothProfileService
12-31 01:14:45.087 1488 1595 D BluetoothManagerService: Sending BLE State Change: TURNING_ON > ON
12-31 01:14:45.087 1488 1595 D BluetoothManagerService: Sending State Change: TURNING_ON > ON
12-31 01:14:45.087 1488 1488 D CompanionDeviceManagerService: Received BT state transition broadcast: TURNING_ON -> ON
12-31 01:14:45.087 1488 1488 I CompanionDeviceManagerService: startBleScan()
12-31 01:14:45.089 1488 1607 I am_proc_start: [0,3265,10029,android.process.acore,content provider,{com.android.providers.contacts/com.android.providers.contacts.ContactsProvider2}]
12-31 01:14:45.089 1488 1607 I ActivityManager: Start proc 3265:android.process.acore/u0a29 for content provider {com.android.providers.contacts/com.android.providers.contacts.ContactsProvider2}
12-31 01:14:45.100 1488 1739 I GameModeConfig: isGameModeOn = false
12-31 01:14:45.121 1488 2082 I am_proc_bound: [0,3265,android.process.acore]
12-31 01:14:45.122 3223 3223 W ContextImpl: Calling a method in the system process without a qualified user: android.app.ContextImpl.startService:1816 android.content.ContextWrapper.startService:774 android.content.ContextWrapper.startService:774 com.qti.diagservices.Diag_OnBoot.onReceive:40 android.app.ActivityThread.handleReceiver:4309
12-31 01:14:45.126 1488 2082 D CompatibilityChangeReporter: Compat change id reported: 168419799; UID 10029; state: DISABLED
12-31 01:14:45.126 1488 1605 I am_meminfo: [991928320,4796612608,12288,319533056,607737856]
12-31 01:14:45.128 1488 2082 I am_uid_active: 10029
12-31 01:14:45.131 1488 1605 I am_pss : [2590,10085,com.qualcomm.qti.qccauthmgr,6674432,4243456,0,94425088,2,5,6]
12-31 01:14:45.136 1488 1488 I Telecom : DefaultDialerCache: Refreshing default dialer for user 0: now null: DDC.oR@AAo
12-31 01:14:45.136 1488 1488 I Telecom : MissedCallNotifierImpl: reloadAfterBootComplete: user=0: TSBCR.oR@AAs
12-31 01:14:45.138 1488 1488 I Telecom : MissedCallNotifierImpl: reloadAfterBootComplete: user=0: TSBCR.oR@AAs
12-31 01:14:45.138 1488 1488 I am_uid_running: 10023
12-31 01:14:45.138 1488 1488 D CompatibilityChangeReporter: Compat change id reported: 135634846; UID 10023; state: DISABLED
12-31 01:14:45.139 1488 1488 D CompatibilityChangeReporter: Compat change id reported: 177438394; UID 10023; state: DISABLED
12-31 01:14:45.139 1488 1488 D CompatibilityChangeReporter: Compat change id reported: 135772972; UID 10023; state: DISABLED
12-31 01:14:45.139 1488 1488 D CompatibilityChangeReporter: Compat change id reported: 135754954; UID 10023; state: ENABLED
12-31 01:14:45.135 3223 3223 I auditd : type=1400 audit(0.0:228): avc: denied { read write } for comm="ti.diagservices" name="diag" dev="tmpfs" ino=14398 scontext=u:r:system_app:s0 tcontext=u:object_r:vendor_diag_device:s0 tclass=chr_file permissive=0
12-31 01:14:45.140 1488 1739 I GameModeConfig: isGameModeOn = false
12-31 01:14:45.142 1488 1605 I am_pss : [2441,10095,android.ext.services,9689088,4677632,0,101703680,2,5,5]
12-31 01:14:45.142 1488 1607 D CompatibilityChangeReporter: Compat change id reported: 143937733; UID 10023; state: ENABLED
12-31 01:14:45.145 1488 1488 D Fingerprint21: handleError, client: FingerprintInternalCleanupClient, error: 2, vendorCode: 0
12-31 01:14:45.145 1488 1488 E Fingerprint21: onError for non-error consumer: FingerprintInternalCleanupClient
12-31 01:14:45.148 1488 1607 I am_proc_start: [0,3307,10023,com.hryt.hiphishowfsecontrol,broadcast,{com.hryt.hiphishowfsecontrol/com.hryt.hiphishowfsecontrol.receivers.HiPhiShowReceiver}]
12-31 01:14:45.148 1488 1607 I ActivityManager: Start proc 3307:com.hryt.hiphishowfsecontrol/u0a23 for broadcast {com.hryt.hiphishowfsecontrol/com.hryt.hiphishowfsecontrol.receivers.HiPhiShowReceiver}
12-31 01:14:45.149 1488 1605 I am_pss : [1931,1002,com.android.bluetooth,30301184,23220224,0,137269248,2,0,6]
12-31 01:14:45.156 1488 1605 I am_pss : [2412,1000,com.thundercomm.gamemode,8954880,6684672,0,95551488,2,10,5]
12-31 01:14:45.162 1488 1605 I am_pss : [2379,1000,com.qualcomm.qti.qdma,11157504,7245824,0,105701376,2,0,6]
12-31 01:14:45.168 1488 1605 I am_pss : [2358,1000,com.thundercomm.tcservice,8076288,5873664,0,94175232,2,0,5]
12-31 01:14:45.170 1488 2115 D CountryDetector: The first listener is added
12-31 01:14:45.172 1488 2115 I am_proc_bound: [0,3307,com.hryt.hiphishowfsecontrol]
12-31 01:14:45.173 1488 2115 D CompatibilityChangeReporter: Compat change id reported: 168419799; UID 10023; state: DISABLED
12-31 01:14:45.174 1488 1605 I am_pss : [2319,1000,com.thundercomm.remotecontrolservice,9777152,6942720,0,100249600,2,0,5]
12-31 01:14:45.174 1488 2115 I am_uid_active: 10023
12-31 01:14:45.179 1488 1605 I am_pss : [2315,1068,com.android.se,5866496,3805184,0,90349568,2,0,5]
12-31 01:14:45.185 1488 1605 I am_pss : [2300,10083,com.qti.qualcomm.mstatssystemservice,5522432,3543040,0,88686592,2,0,5]
12-31 01:14:45.190 1488 1605 I am_pss : [2269,1000,vendor.qti.qesdk.sysservice,5598208,3543040,0,90058752,2,0,5]
12-31 01:14:45.196 1488 1605 I am_pss : [2248,1000,com.thundercomm.tcsetupwizard,6854656,4890624,0,89964544,2,0,5]
12-31 01:14:45.191 3335 3335 I auditd : type=1400 audit(0.0:229): avc: denied { read } for comm="ip" name="rt_tables" dev="dm-10" ino=342 scontext=u:r:ethernet:s0 tcontext=u:object_r:net_data_file:s0 tclass=file permissive=0
12-31 01:14:45.195 3336 3336 I auditd : type=1400 audit(0.0:230): avc: denied { read } for comm="ip" name="rt_tables" dev="dm-10" ino=342 scontext=u:r:ethernet:s0 tcontext=u:object_r:net_data_file:s0 tclass=file permissive=0
12-31 01:14:45.202 1488 1605 I am_pss : [2223,1073,com.android.networkstack.process,11192320,8335360,0,102432768,2,0,5]
12-31 01:14:45.208 1488 1605 I am_pss : [2177,1000,com.tc.logclient,6444032,4476928,0,89567232,2,0,5]
12-31 01:14:45.213 1488 1605 I am_pss : [2160,1000,com.thundercomm.tchttpserver,7340032,5378048,0,90431488,2,0,4]
12-31 01:14:45.219 1488 1605 I am_pss : [2137,10054,.qtidataservices,5965824,3952640,0,90091520,2,0,5]
12-31 01:14:45.225 1488 1605 I am_pss : [2132,1001,.dataservices,8394752,6230016,0,93327360,2,0,5]
12-31 01:14:45.231 1488 1605 I am_pss : [2123,1000,com.thundercomm.microsettings,38761472,33394688,0,132808704,2,0,6]
12-31 01:14:45.237 1488 1605 I am_pss : [2049,1000,com.thundercomm.microservice,9075712,6909952,0,94441472,2,0,5]
12-31 01:14:45.248 1488 1605 I am_pss : [1954,10081,com.android.systemui,151344128,137633792,0,278409216,2,0,10]
12-31 01:14:45.264 1488 1605 I am_pss : [1488,1000,system,201508864,101212160,0,509849600,2,0,15]
12-31 01:14:45.314 1488 2115 I am_uid_running: 10070
12-31 01:14:45.315 1488 2115 D CompatibilityChangeReporter: Compat change id reported: 135634846; UID 10070; state: DISABLED
12-31 01:14:45.315 1488 2115 D CompatibilityChangeReporter: Compat change id reported: 177438394; UID 10070; state: DISABLED
12-31 01:14:45.315 1488 2115 D CompatibilityChangeReporter: Compat change id reported: 135772972; UID 10070; state: DISABLED
12-31 01:14:45.315 1488 2115 D CompatibilityChangeReporter: Compat change id reported: 135754954; UID 10070; state: DISABLED
12-31 01:14:45.315 1488 1607 D CompatibilityChangeReporter: Compat change id reported: 143937733; UID 10070; state: DISABLED
12-31 01:14:45.322 1488 1607 I am_proc_start: [0,3348,10070,com.android.calendar,broadcast,{com.android.calendar/com.android.calendar.alerts.AlertReceiver}]
12-31 01:14:45.322 1488 1607 I ActivityManager: Start proc 3348:com.android.calendar/u0a70 for broadcast {com.android.calendar/com.android.calendar.alerts.AlertReceiver}
12-31 01:14:45.343 1488 2109 I am_proc_bound: [0,3348,com.android.calendar]
12-31 01:14:45.344 1488 2109 D CompatibilityChangeReporter: Compat change id reported: 168419799; UID 10070; state: DISABLED
12-31 01:14:45.349 1488 2109 I am_uid_active: 10070
12-31 01:14:45.396 1488 2115 W ShortcutService: Clock rewound
12-31 01:14:45.399 3368 3368 I auditd : type=1400 audit(0.0:231): avc: denied { read } for comm="ip" name="rt_tables" dev="dm-10" ino=342 scontext=u:r:ethernet:s0 tcontext=u:object_r:net_data_file:s0 tclass=file permissive=0
12-31 01:14:45.415 1488 2115 D CompatibilityChangeReporter: Compat change id reported: 135634846; UID 1000; state: DISABLED
12-31 01:14:45.415 1488 2115 D CompatibilityChangeReporter: Compat change id reported: 177438394; UID 1000; state: DISABLED
12-31 01:14:45.415 1488 2115 D CompatibilityChangeReporter: Compat change id reported: 135772972; UID 1000; state: DISABLED
12-31 01:14:45.415 1488 2115 D CompatibilityChangeReporter: Compat change id reported: 135754954; UID 1000; state: ENABLED
12-31 01:14:45.424 1488 1607 I am_proc_start: [0,3371,1000,com.android.dynsystem,broadcast,{com.android.dynsystem/com.android.dynsystem.BootCompletedReceiver}]
12-31 01:14:45.424 1488 1607 I ActivityManager: Start proc 3371:com.android.dynsystem/1000 for broadcast {com.android.dynsystem/com.android.dynsystem.BootCompletedReceiver}
12-31 01:14:45.440 1488 2115 I am_proc_bound: [0,3371,com.android.dynsystem]
12-31 01:14:45.441 1488 2115 D CompatibilityChangeReporter: Compat change id reported: 168419799; UID 1000; state: DISABLED
12-31 01:14:45.485 1488 2115 D CompatibilityChangeReporter: Compat change id reported: 135634846; UID 1000; state: DISABLED
12-31 01:14:45.485 1488 2115 D CompatibilityChangeReporter: Compat change id reported: 177438394; UID 1000; state: DISABLED
12-31 01:14:45.485 1488 2115 D CompatibilityChangeReporter: Compat change id reported: 135772972; UID 1000; state: DISABLED
12-31 01:14:45.485 1488 2115 D CompatibilityChangeReporter: Compat change id reported: 135754954; UID 1000; state: ENABLED
12-31 01:14:45.486 1488 2115 I am_uid_running: 10069
12-31 01:14:45.487 1488 2115 D CompatibilityChangeReporter: Compat change id reported: 135634846; UID 10069; state: DISABLED
12-31 01:14:45.487 1488 2115 D CompatibilityChangeReporter: Compat change id reported: 177438394; UID 10069; state: DISABLED
12-31 01:14:45.487 1488 2115 D CompatibilityChangeReporter: Compat change id reported: 135772972; UID 10069; state: DISABLED
12-31 01:14:45.487 1488 2115 D CompatibilityChangeReporter: Compat change id reported: 135754954; UID 10069; state: ENABLED
12-31 01:14:45.494 1488 1607 I am_proc_start: [0,3390,1000,com.android.dynsystem:dynsystem,service,{com.android.dynsystem/com.android.dynsystem.DynamicSystemInstallationService}]
12-31 01:14:45.495 1488 1607 I ActivityManager: Start proc 3390:com.android.dynsystem:dynsystem/1000 for service {com.android.dynsystem/com.android.dynsystem.DynamicSystemInstallationService}
12-31 01:14:45.495 1488 1607 D CompatibilityChangeReporter: Compat change id reported: 143937733; UID 10069; state: ENABLED
12-31 01:14:45.504 1488 1607 I am_proc_start: [0,3391,10069,com.android.inputmethod.latin,broadcast,{com.android.inputmethod.latin/com.android.inputmethod.latin.SystemBroadcastReceiver}]
12-31 01:14:45.504 1488 1607 I ActivityManager: Start proc 3391:com.android.inputmethod.latin/u0a69 for broadcast {com.android.inputmethod.latin/com.android.inputmethod.latin.SystemBroadcastReceiver}
12-31 01:14:45.523 1488 2082 I am_proc_bound: [0,3390,com.android.dynsystem:dynsystem]
12-31 01:14:45.537 1488 2109 I am_proc_bound: [0,3391,com.android.inputmethod.latin]
12-31 01:14:45.539 1488 2109 D CompatibilityChangeReporter: Compat change id reported: 168419799; UID 10069; state: DISABLED
12-31 01:14:45.542 1488 2109 I am_uid_active: 10069
12-31 01:14:45.545 1488 1606 D CompatibilityChangeReporter: Compat change id reported: 168419799; UID 10019; state: DISABLED
12-31 01:14:45.561 1488 1739 I GameModeConfig: isGameModeOn = false
12-31 01:14:45.564 1488 2109 I DynamicSystemService: isInstalled(): false
12-31 01:14:45.608 512 632 I vold : Bind mounting /mnt/runtime/default/emulated/0/Android/data on /mnt/user/0/emulated/0/Android/data
12-31 01:14:45.608 512 632 I vold : Bind mounted /mnt/runtime/default/emulated/0/Android/data on /mnt/user/0/emulated/0/Android/data
12-31 01:14:45.608 512 632 I vold : Bind mounting /mnt/runtime/default/emulated/0/Android/obb on /mnt/user/0/emulated/0/Android/obb
12-31 01:14:45.609 512 632 I vold : Bind mounted /mnt/runtime/default/emulated/0/Android/obb on /mnt/user/0/emulated/0/Android/obb
12-31 01:14:45.609 512 632 I vold : Bind mounting /mnt/runtime/write/emulated/0/Android/obb on /mnt/installer/0/emulated/0/Android/obb
12-31 01:14:45.609 512 632 I vold : Bind mounted /mnt/runtime/write/emulated/0/Android/obb on /mnt/installer/0/emulated/0/Android/obb
12-31 01:14:45.609 512 632 I vold : Configuring read_ahead of /mnt/user/0/emulated fuse filesystem to 256kb
12-31 01:14:45.610 512 632 I vold : Writing 256 to /sys/class/bdi/0:74/read_ahead_kb
12-31 01:14:45.610 512 632 I vold : Configuring max_ratio of /mnt/user/0/emulated fuse filesystem to 40
12-31 01:14:45.610 512 632 I vold : Writing 40 to /sys/class/bdi/0:74/max_ratio
12-31 01:14:45.610 1488 1694 I StorageManagerService: Mounted volume VolumeInfo{emulated;0}:
12-31 01:14:45.610 1488 1694 I StorageManagerService: type=EMULATED diskId=null partGuid= mountFlags=PRIMARY|VISIBLE
12-31 01:14:45.610 1488 1694 I StorageManagerService: mountUserId=0 state=MOUNTED
12-31 01:14:45.610 1488 1694 I StorageManagerService: fsType=null fsUuid=null fsLabel=null
12-31 01:14:45.610 1488 1694 I StorageManagerService: path=/storage/emulated internalPath=/data/media
12-31 01:14:45.611 1488 1694 I StorageSessionController: Notifying volume state changed for session with id: emulated;0
12-31 01:14:45.614 1488 2092 W StorageManagerService: Reporting emulated;0 unmounted due to system locked
12-31 01:14:45.615 1488 2092 W StorageManagerService: Reporting emulated;0 unmounted due to system locked
12-31 01:14:45.615 1488 1694 I StorageSessionController: Notifying volume state changed for session with id: emulated;0
12-31 01:14:45.617 1488 2092 W StorageManagerService: Reporting emulated;0 unmounted due to system locked
12-31 01:14:45.623 1488 1694 I StorageSessionController: Notifying volume state changed for session with id: emulated;0
12-31 01:14:45.628 1488 2098 D CompatibilityChangeReporter: Compat change id reported: 168419799; UID 10094; state: DISABLED
12-31 01:14:45.636 1488 1694 D StorageManagerService: Volume emulated;0 broadcasting mounted to UserHandle{0}
12-31 01:14:45.637 1488 1694 D StorageManagerService: Volume emulated;0 broadcasting mounted to UserHandle{0}
12-31 01:14:45.639 1488 2098 I ActivityManager: Process com.android.inputmethod.latin (pid 3391) has died: fg RCVR
12-31 01:14:45.641 1488 2098 I am_proc_died: [0,3391,com.android.inputmethod.latin,0,11]
12-31 01:14:45.642 1488 2098 I am_broadcast_discard_app: [0,212479983,android.intent.action.BOOT_COMPLETED,18,ResolveInfo{19e6b02 com.android.inputmethod.latin/.SystemBroadcastReceiver m=0x108000}]
12-31 01:14:45.642 1488 2098 I am_uid_stopped: 10069
12-31 01:14:45.644 1488 1606 I am_uid_running: 10020
12-31 01:14:45.644 1488 1606 I ActivityManager: com.android.managedprovisioning is exempt from freezer
12-31 01:14:45.644 1488 1606 D CompatibilityChangeReporter: Compat change id reported: 135634846; UID 10020; state: DISABLED
12-31 01:14:45.644 1488 1606 D CompatibilityChangeReporter: Compat change id reported: 177438394; UID 10020; state: DISABLED
12-31 01:14:45.644 1488 1606 D CompatibilityChangeReporter: Compat change id reported: 135772972; UID 10020; state: DISABLED
12-31 01:14:45.645 1488 1606 D CompatibilityChangeReporter: Compat change id reported: 135754954; UID 10020; state: ENABLED
12-31 01:14:45.645 1488 1607 D CompatibilityChangeReporter: Compat change id reported: 143937733; UID 10020; state: ENABLED
12-31 01:14:45.651 1488 1607 I am_proc_start: [0,3440,10020,com.android.managedprovisioning,broadcast,{com.android.managedprovisioning/com.android.managedprovisioning.BootReminder}]
12-31 01:14:45.651 1488 1607 I ActivityManager: Start proc 3440:com.android.managedprovisioning/u0a20 for broadcast {com.android.managedprovisioning/com.android.managedprovisioning.BootReminder}
12-31 01:14:45.670 1488 1698 I am_proc_bound: [0,3440,com.android.managedprovisioning]
12-31 01:14:45.671 1488 1698 D CompatibilityChangeReporter: Compat change id reported: 168419799; UID 10020; state: DISABLED
12-31 01:14:45.676 1488 2098 D CompatibilityChangeReporter: Compat change id reported: 149924527; UID 10094; state: ENABLED
12-31 01:14:45.676 1488 2115 D CompatibilityChangeReporter: Compat change id reported: 132649864; UID 10094; state: DISABLED
12-31 01:14:45.677 1488 2115 D CompatibilityChangeReporter: Compat change id reported: 182734110; UID 10094; state: DISABLED
12-31 01:14:45.679 1488 1698 I am_uid_active: 10020
12-31 01:14:45.750 1488 1698 I am_uid_running: 10089
12-31 01:14:45.751 1488 1698 D CompatibilityChangeReporter: Compat change id reported: 135634846; UID 10089; state: DISABLED
12-31 01:14:45.752 1488 1698 D CompatibilityChangeReporter: Compat change id reported: 177438394; UID 10089; state: DISABLED
12-31 01:14:45.752 1488 1698 D CompatibilityChangeReporter: Compat change id reported: 135772972; UID 10089; state: DISABLED
12-31 01:14:45.752 1488 1698 D CompatibilityChangeReporter: Compat change id reported: 135754954; UID 10089; state: ENABLED
12-31 01:14:45.752 1488 1607 D CompatibilityChangeReporter: Compat change id reported: 143937733; UID 10089; state: ENABLED
12-31 01:14:45.758 1488 1607 I am_proc_start: [0,3471,10089,com.android.music,broadcast,{com.android.music/com.android.music.MediaPlaybackReceiver}]
12-31 01:14:45.758 1488 1607 I ActivityManager: Start proc 3471:com.android.music/u0a89 for broadcast {com.android.music/com.android.music.MediaPlaybackReceiver}
12-31 01:14:45.775 1488 3465 I am_proc_bound: [0,3471,com.android.music]
12-31 01:14:45.776 1488 3465 D CompatibilityChangeReporter: Compat change id reported: 168419799; UID 10089; state: DISABLED
12-31 01:14:45.779 1488 3465 I am_uid_active: 10089
12-31 01:14:45.835 1488 1698 D CompatibilityChangeReporter: Compat change id reported: 172100307; UID 10094; state: DISABLED
12-31 01:14:45.850 1488 1698 I am_uid_running: 10060
12-31 01:14:45.850 1488 1698 D CompatibilityChangeReporter: Compat change id reported: 135634846; UID 10060; state: DISABLED
12-31 01:14:45.850 1488 1698 D CompatibilityChangeReporter: Compat change id reported: 177438394; UID 10060; state: DISABLED
12-31 01:14:45.851 1488 1698 D CompatibilityChangeReporter: Compat change id reported: 135772972; UID 10060; state: DISABLED
12-31 01:14:45.851 1488 1698 D CompatibilityChangeReporter: Compat change id reported: 135754954; UID 10060; state: ENABLED
12-31 01:14:45.851 1488 1607 D CompatibilityChangeReporter: Compat change id reported: 143937733; UID 10060; state: ENABLED
12-31 01:14:45.857 1488 1607 I am_proc_start: [0,3533,10060,com.android.onetimeinitializer,broadcast,{com.android.onetimeinitializer/com.android.onetimeinitializer.OneTimeInitializerReceiver}]
12-31 01:14:45.857 1488 1607 I ActivityManager: Start proc 3533:com.android.onetimeinitializer/u0a60 for broadcast {com.android.onetimeinitializer/com.android.onetimeinitializer.OneTimeInitializerReceiver}
12-31 01:14:45.865 1488 1698 D CompatibilityChangeReporter: Compat change id reported: 171306433; UID 10035; state: DISABLED
12-31 01:14:45.865 3047 3527 E ActivityThread: Failed to find provider info for telephony
12-31 01:14:45.880 1488 2092 I am_proc_bound: [0,3533,com.android.onetimeinitializer]
12-31 01:14:45.881 1488 2092 D CompatibilityChangeReporter: Compat change id reported: 168419799; UID 10060; state: DISABLED
12-31 01:14:45.883 1488 2092 I am_uid_active: 10060
12-31 01:14:45.922 1488 2092 I am_uid_running: 10026
12-31 01:14:45.923 1488 2092 I ActivityManager: com.android.packageinstaller is exempt from freezer
12-31 01:14:45.923 1488 2092 D CompatibilityChangeReporter: Compat change id reported: 135634846; UID 10026; state: DISABLED
12-31 01:14:45.923 1488 2092 D CompatibilityChangeReporter: Compat change id reported: 177438394; UID 10026; state: DISABLED
12-31 01:14:45.923 1488 2092 D CompatibilityChangeReporter: Compat change id reported: 135772972; UID 10026; state: DISABLED
12-31 01:14:45.923 1488 2092 D CompatibilityChangeReporter: Compat change id reported: 135754954; UID 10026; state: ENABLED
12-31 01:14:45.923 1488 1607 D CompatibilityChangeReporter: Compat change id reported: 143937733; UID 10026; state: ENABLED
12-31 01:14:45.930 1488 1607 I am_proc_start: [0,3559,10026,com.android.packageinstaller,broadcast,{com.android.packageinstaller/com.android.packageinstaller.TemporaryFileManager}]
12-31 01:14:45.930 1488 1607 I ActivityManager: Start proc 3559:com.android.packageinstaller/u0a26 for broadcast {com.android.packageinstaller/com.android.packageinstaller.TemporaryFileManager}
12-31 01:14:45.939 1488 3465 I service_manager_stats: [729,399,5005]
12-31 01:14:45.939 1488 3465 D CompatibilityChangeReporter: Compat change id reported: 168419799; UID 10035; state: DISABLED
12-31 01:14:45.946 1488 3465 I am_proc_bound: [0,3559,com.android.packageinstaller]
12-31 01:14:45.947 1488 3465 D CompatibilityChangeReporter: Compat change id reported: 168419799; UID 10026; state: DISABLED
12-31 01:14:45.949 1488 3465 I am_uid_active: 10026
12-31 01:14:46.015 1488 3465 I am_uid_running: 10093
12-31 01:14:46.015 1488 3465 D CompatibilityChangeReporter: Compat change id reported: 135634846; UID 10093; state: DISABLED
12-31 01:14:46.015 1488 3465 D CompatibilityChangeReporter: Compat change id reported: 177438394; UID 10093; state: DISABLED
12-31 01:14:46.015 1488 3465 D CompatibilityChangeReporter: Compat change id reported: 135772972; UID 10093; state: DISABLED
12-31 01:14:46.015 1488 3465 D CompatibilityChangeReporter: Compat change id reported: 135754954; UID 10093; state: DISABLED
12-31 01:14:46.016 1488 1607 D CompatibilityChangeReporter: Compat change id reported: 143937733; UID 10093; state: DISABLED
12-31 01:14:46.025 1488 1607 I am_proc_start: [0,3580,10093,com.android.permissioncontroller,broadcast,{com.android.permissioncontroller/com.android.permissioncontroller.permission.service.LocationAccessCheck$SetupPeriodicBackgroundLocationAccessCheck}]
12-31 01:14:46.025 1488 1607 I ActivityManager: Start proc 3580:com.android.permissioncontroller/u0a93 for broadcast {com.android.permissioncontroller/com.android.permissioncontroller.permission.service.LocationAccessCheck$SetupPeriodicBackgroundLocationAccessCheck}
12-31 01:14:46.044 1488 3465 I am_proc_bound: [0,3580,com.android.permissioncontroller]
12-31 01:14:46.046 1488 3465 D CompatibilityChangeReporter: Compat change id reported: 168419799; UID 10093; state: DISABLED
12-31 01:14:46.048 1488 3465 I am_uid_active: 10093
12-31 01:14:46.148 1488 3465 I am_uid_running: 10024
12-31 01:14:46.149 1488 3465 D CompatibilityChangeReporter: Compat change id reported: 135634846; UID 10024; state: DISABLED
12-31 01:14:46.149 1488 3465 D CompatibilityChangeReporter: Compat change id reported: 177438394; UID 10024; state: DISABLED
12-31 01:14:46.149 1488 3465 D CompatibilityChangeReporter: Compat change id reported: 135772972; UID 10024; state: DISABLED
12-31 01:14:46.149 1488 3465 D CompatibilityChangeReporter: Compat change id reported: 135754954; UID 10024; state: ENABLED
12-31 01:14:46.150 1488 1607 D CompatibilityChangeReporter: Compat change id reported: 143937733; UID 10024; state: ENABLED
12-31 01:14:46.159 1488 1607 I am_proc_start: [0,3605,10024,com.android.providers.calendar,broadcast,{com.android.providers.calendar/com.android.providers.calendar.CalendarReceiver}]
12-31 01:14:46.159 1488 1607 I ActivityManager: Start proc 3605:com.android.providers.calendar/u0a24 for broadcast {com.android.providers.calendar/com.android.providers.calendar.CalendarReceiver}
12-31 01:14:46.181 1488 3465 I am_proc_bound: [0,3605,com.android.providers.calendar]
12-31 01:14:46.183 1488 3465 D CompatibilityChangeReporter: Compat change id reported: 168419799; UID 10024; state: DISABLED
12-31 01:14:46.186 1488 3465 I am_uid_active: 10024
12-31 01:14:46.247 1488 2092 D CompatibilityChangeReporter: Compat change id reported: 143231523; UID 10024; state: DISABLED
12-31 01:14:46.247 1488 3465 D CompatibilityChangeReporter: Compat change id reported: 171306433; UID 10024; state: ENABLED
12-31 01:14:46.262 1488 2092 D CompatibilityChangeReporter: Compat change id reported: 168419799; UID 1000; state: DISABLED
12-31 01:14:46.266 1488 1595 I commit_sys_config_file: [jobs,3]
12-31 01:14:46.287 1488 2092 I am_uid_running: 2000
12-31 01:14:46.287 1488 2092 I ActivityManager: com.android.shell is exempt from freezer
12-31 01:14:46.287 1488 2092 D CompatibilityChangeReporter: Compat change id reported: 135634846; UID 2000; state: DISABLED
12-31 01:14:46.288 1488 2092 D CompatibilityChangeReporter: Compat change id reported: 177438394; UID 2000; state: DISABLED
12-31 01:14:46.288 1488 2092 D CompatibilityChangeReporter: Compat change id reported: 135772972; UID 2000; state: DISABLED
12-31 01:14:46.288 1488 2092 D CompatibilityChangeReporter: Compat change id reported: 135754954; UID 2000; state: ENABLED
12-31 01:14:46.300 1488 1607 I am_proc_start: [0,3632,2000,com.android.shell,broadcast,{com.android.shell/com.android.shell.HeapDumpReceiver}]
12-31 01:14:46.300 1488 1607 I ActivityManager: Start proc 3632:com.android.shell/2000 for broadcast {com.android.shell/com.android.shell.HeapDumpReceiver}
12-31 01:14:46.324 1488 2092 I am_proc_bound: [0,3632,com.android.shell]
12-31 01:14:46.326 1488 2092 D CompatibilityChangeReporter: Compat change id reported: 168419799; UID 2000; state: DISABLED
12-31 01:14:46.328 1488 2092 I am_uid_active: 2000
12-31 01:14:46.374 1488 2092 W BroadcastQueue: Permission Denial: receiving Intent { act=android.intent.action.BOOT_COMPLETED flg=0x89000010 (has extras) } to com.baidu.input/.directboot.DirectBootReceiver requires android.permission.RECEIVE_BOOT_COMPLETED due to sender null (uid 1000)
12-31 01:14:46.375 1488 1606 W BroadcastQueue: Permission Denial: receiving Intent { act=android.intent.action.BOOT_COMPLETED flg=0x89000010 (has extras) } to com.baidu.input/.switchguide.InputMethodChangedReceiver requires android.permission.RECEIVE_BOOT_COMPLETED due to sender null (uid 1000)
12-31 01:14:46.378 1488 1606 D CompatibilityChangeReporter: Compat change id reported: 168419799; UID 10088; state: DISABLED
12-31 01:14:46.384 1488 2092 I am_uid_running: 10071
12-31 01:14:46.385 1488 2092 D CompatibilityChangeReporter: Compat change id reported: 135634846; UID 10071; state: DISABLED
12-31 01:14:46.385 1488 2092 D CompatibilityChangeReporter: Compat change id reported: 177438394; UID 10071; state: DISABLED
12-31 01:14:46.385 1488 2092 D CompatibilityChangeReporter: Compat change id reported: 135772972; UID 10071; state: DISABLED
12-31 01:14:46.385 1488 2092 D CompatibilityChangeReporter: Compat change id reported: 135754954; UID 10071; state: ENABLED
12-31 01:14:46.386 1488 1607 D CompatibilityChangeReporter: Compat change id reported: 143937733; UID 10071; state: ENABLED
12-31 01:14:46.396 1488 1607 I am_proc_start: [0,3648,10071,com.qti.ltebc,broadcast,{com.qti.ltebc/com.qualcomm.ltebc.LTEBroadcastBootReceiver}]
12-31 01:14:46.396 1488 1607 I ActivityManager: Start proc 3648:com.qti.ltebc/u0a71 for broadcast {com.qti.ltebc/com.qualcomm.ltebc.LTEBroadcastBootReceiver}
12-31 01:14:46.398 1488 2092 D CompatibilityChangeReporter: Compat change id reported: 149924527; UID 10088; state: ENABLED
12-31 01:14:46.399 1488 2092 D CompatibilityChangeReporter: Compat change id reported: 132649864; UID 10088; state: DISABLED
12-31 01:14:46.416 1488 2092 I am_proc_bound: [0,3648,com.qti.ltebc]
12-31 01:14:46.417 1488 2092 D CompatibilityChangeReporter: Compat change id reported: 168419799; UID 10071; state: DISABLED
12-31 01:14:46.421 1488 2092 I am_uid_active: 10071
12-31 01:14:46.474 824 824 I android.hardware.wifi@1.0-service: Wifi HAL started
12-31 01:14:46.494 1488 1707 I netstats_mobile_sample: [0,0,0,0,0,0,0,0,0,0,0,0,1672420486494]
12-31 01:14:46.494 1488 1707 I netstats_wifi_sample: [0,0,0,0,0,0,0,0,0,0,0,0,1672420486494]
12-31 01:14:46.501 1488 1707 I netstats_mobile_sample: [0,0,0,0,0,0,0,0,0,0,0,0,1672420486501]
12-31 01:14:46.501 1488 1707 I netstats_wifi_sample: [0,0,0,0,0,0,0,0,0,0,0,0,1672420486501]
12-31 01:14:46.503 824 824 I android.hardware.wifi@1.0-service: Adding interface handle for wifi-aware0
12-31 01:14:46.503 824 824 I android.hardware.wifi@1.0-service: Adding interface handle for p2p0
12-31 01:14:46.503 824 824 I android.hardware.wifi@1.0-service: Adding interface handle for wlan0
12-31 01:14:46.503 824 824 W android.hardware.wifi@1.0-service: No active wlan interfaces in use! Using default
12-31 01:14:46.503 824 824 W android.hardware.wifi@1.0-service: No active wlan interfaces in use! Using default
12-31 01:14:46.504 824 824 I android.hardware.wifi@1.0-service: Configured chip in mode 3
12-31 01:14:46.504 824 824 W android.hardware.wifi@1.0-service: No active wlan interfaces in use! Using default
12-31 01:14:46.506 824 824 W android.hardware.wifi@1.0-service: No active wlan interfaces in use! Using default
12-31 01:14:46.524 1488 1858 D CompatibilityChangeReporter: Compat change id reported: 171306433; UID 1000; state: ENABLED
12-31 01:14:46.526 1212 1212 I wificond: createClientInterface: wiphy_index 0 iface_name wlan0
12-31 01:14:46.527 1212 1212 I wificond: create scanner for interface with index: 17
12-31 01:14:46.527 1212 1212 I wificond: subscribe scan result for interface with index: 17
12-31 01:14:46.527 1212 1212 I wificond: add channel type 0 support at wiphy index: 0
12-31 01:14:46.527 1212 1212 I wificond: add channel type 1 support at wiphy index: 0
12-31 01:14:46.650 2737 3684 E ActivityThread: Failed to find provider info for com.tcl.xian.StartandroidService.MyContentProvider
12-31 01:14:46.683 3700 3700 I auditd : type=1400 audit(0.0:255): avc: denied { read } for comm="cat" name="address" dev="sysfs" ino=69478 scontext=u:r:platform_app:s0:c512,c768 tcontext=u:object_r:sysfs:s0 tclass=file permissive=0 app=com.hht.lebocast
12-31 01:14:46.841 1488 2115 D CompatibilityChangeReporter: Compat change id reported: 171306433; UID 10071; state: ENABLED
12-31 01:14:46.843 1488 2099 D CompatibilityChangeReporter: Compat change id reported: 168419799; UID 10055; state: DISABLED
12-31 01:14:46.855 1488 2099 D CompatibilityChangeReporter: Compat change id reported: 168419799; UID 10080; state: DISABLED
12-31 01:14:46.861 1488 2099 D CompatibilityChangeReporter: Compat change id reported: 168419799; UID 10075; state: DISABLED
12-31 01:14:46.870 1488 3465 D CompatibilityChangeReporter: Compat change id reported: 168419799; UID 10087; state: DISABLED
12-31 01:14:46.875 1488 3465 I am_uid_running: 10058
12-31 01:14:46.875 1488 3465 D CompatibilityChangeReporter: Compat change id reported: 135634846; UID 10058; state: DISABLED
12-31 01:14:46.875 1488 1607 D CompatibilityChangeReporter: Compat change id reported: 143937733; UID 10058; state: DISABLED
12-31 01:14:46.886 1488 3465 I ActivityManager: Process com.qti.ltebc (pid 3648) has died: cch+5 CEM
12-31 01:14:46.887 1488 3465 I am_proc_died: [0,3648,com.qti.ltebc,905,19]
12-31 01:14:46.887 1488 3465 I am_uid_stopped: 10071
12-31 01:14:46.888 1488 3465 I am_uid_active: 10058
12-31 01:14:46.889 1488 1607 I am_proc_start: [0,3712,10058,com.qualcomm.qti.qms.service.connectionsecurity,broadcast,{com.qualcomm.qti.qms.service.connectionsecurity/com.qualcomm.qti.qms.service.connectionsecurity.ConnSecBroadcastReceiver}]
12-31 01:14:46.889 1488 1607 I ActivityManager: Start proc 3712:com.qualcomm.qti.qms.service.connectionsecurity/u0a58 for broadcast {com.qualcomm.qti.qms.service.connectionsecurity/com.qualcomm.qti.qms.service.connectionsecurity.ConnSecBroadcastReceiver}
12-31 01:14:46.915 1488 3465 I am_proc_bound: [0,3712,com.qualcomm.qti.qms.service.connectionsecurity]
12-31 01:14:46.918 1488 3465 D CompatibilityChangeReporter: Compat change id reported: 168419799; UID 10058; state: DISABLED
12-31 01:14:46.972 1488 3465 D CompatibilityChangeReporter: Compat change id reported: 168419799; UID 10086; state: DISABLED
12-31 01:14:46.977 1488 3465 D CompatibilityChangeReporter: Compat change id reported: 168419799; UID 10084; state: DISABLED
12-31 01:14:47.028 1488 3465 I ActivityManager: Finished processing BOOT_COMPLETED for u0
12-31 01:14:47.028 1488 3465 W BroadcastQueue: Background execution not allowed: receiving Intent { act=android.intent.action.INPUT_METHOD_CHANGED flg=0x20000010 (has extras) } to com.baidu.input/.switchguide.InputMethodChangedReceiver
12-31 01:14:47.036 1488 3465 I am_uid_running: 10021
12-31 01:14:47.037 1488 3465 D CompatibilityChangeReporter: Compat change id reported: 135634846; UID 10021; state: DISABLED
12-31 01:14:47.037 1488 3465 D CompatibilityChangeReporter: Compat change id reported: 177438394; UID 10021; state: DISABLED
12-31 01:14:47.037 1488 3465 D CompatibilityChangeReporter: Compat change id reported: 135772972; UID 10021; state: DISABLED
12-31 01:14:47.037 1488 3465 D CompatibilityChangeReporter: Compat change id reported: 135754954; UID 10021; state: ENABLED
12-31 01:14:47.038 2412 2412 W ContextImpl: Calling a method in the system process without a qualified user: android.app.ContextImpl.startService:1816 android.content.ContextWrapper.startService:774 com.thundercomm.gamemode.ingame.services.GameModeActionUtils.startGameModeService:99 com.thundercomm.gamemode.ingame.services.GameModeActionUtils.startGameModeEntry:22 com.thundercomm.gamemode.ingame.services.ActivityMonitoringService$1.onActivityLaunch:127
12-31 01:14:47.038 1488 1607 D CompatibilityChangeReporter: Compat change id reported: 143937733; UID 10021; state: ENABLED
12-31 01:14:47.046 1488 1607 I am_proc_start: [0,3740,10021,com.android.externalstorage,broadcast,{com.android.externalstorage/com.android.externalstorage.MountReceiver}]
12-31 01:14:47.046 1488 1607 I ActivityManager: Start proc 3740:com.android.externalstorage/u0a21 for broadcast {com.android.externalstorage/com.android.externalstorage.MountReceiver}
12-31 01:14:47.071 1488 2115 I am_proc_bound: [0,3740,com.android.externalstorage]
12-31 01:14:47.072 1488 2115 D CompatibilityChangeReporter: Compat change id reported: 168419799; UID 10021; state: DISABLED
12-31 01:14:47.143 1488 2010 I am_uid_running: 10071
12-31 01:14:47.143 1488 2010 D CompatibilityChangeReporter: Compat change id reported: 135634846; UID 10071; state: DISABLED
12-31 01:14:47.143 1488 2010 D CompatibilityChangeReporter: Compat change id reported: 177438394; UID 10071; state: DISABLED
12-31 01:14:47.143 1488 2010 D CompatibilityChangeReporter: Compat change id reported: 135772972; UID 10071; state: DISABLED
12-31 01:14:47.143 1488 2010 D CompatibilityChangeReporter: Compat change id reported: 135754954; UID 10071; state: ENABLED
12-31 01:14:47.144 1488 1607 D CompatibilityChangeReporter: Compat change id reported: 143937733; UID 10071; state: ENABLED
12-31 01:14:47.154 1488 1607 I am_proc_start: [0,3755,10071,com.qti.ltebc,broadcast,{com.qti.ltebc/com.qualcomm.ltebc.LTEBroadcastReceiver}]
12-31 01:14:47.154 1488 1607 I ActivityManager: Start proc 3755:com.qti.ltebc/u0a71 for broadcast {com.qti.ltebc/com.qualcomm.ltebc.LTEBroadcastReceiver}
12-31 01:14:47.177 1488 1596 D ColorDisplayService: NightDisplayTintController Animation cancelled: false to matrix:
12-31 01:14:47.177 1488 1596 D ColorDisplayService: 1.000000 0.000000 0.000000 0.000000 0.000000 1.000000 0.000000 0.000000 0.000000 0.000000 1.000000 0.000000 0.000000 0.000000 0.000000 1.000000 min matrix coefficients:
12-31 01:14:47.177 1488 1596 D ColorDisplayService: 1.000000 0.000000 0.000000 0.000000 0.000000 1.000000 0.000000 0.000000 0.000000 0.000000 1.000000 0.000000 0.000000 0.000000 0.000000 1.000000 max matrix coefficients:
12-31 01:14:47.177 1488 1596 D ColorDisplayService: 1.000000 0.000000 0.000000 0.000000 0.000000 1.000000 0.000000 0.000000 0.000000 0.000000 1.000000 0.000000 0.000000 0.000000 0.000000 1.000000
12-31 01:14:47.178 1488 2010 I am_proc_bound: [0,3755,com.qti.ltebc]
12-31 01:14:47.180 1488 2010 D CompatibilityChangeReporter: Compat change id reported: 168419799; UID 10071; state: DISABLED
12-31 01:14:47.183 1488 2010 I am_uid_active: 10071
12-31 01:14:47.248 1488 1488 W Looper : Slow dispatch took 336ms main h=android.app.ActivityThread$H c=android.app.LoadedApk$ReceiverDispatcher$Args$$ExternalSyntheticLambda0@dfa0f27 m=0
12-31 01:14:47.248 1488 1488 W Looper : Slow delivery took 336ms main h=android.app.ActivityThread$H c=android.app.LoadedApk$ReceiverDispatcher$Args$$ExternalSyntheticLambda0@137c37d m=0
12-31 01:14:47.249 1488 1488 I GameModeConfig: Current uri is uri = content://com.thundercomm.gamemode.api/gamemode_settings/gamemode_isgaming
12-31 01:14:47.255 1488 1488 I GameModeConfig: isGameModeOn = false
12-31 01:14:47.256 1488 1488 I GameModeConfig: isGameModeOn = false
12-31 01:14:47.256 1488 1488 I GameModeConfig: isDisableVoice = true
12-31 01:14:47.258 1488 1739 I GameModeConfig: isGameModeOn = false
12-31 01:14:47.260 1488 1488 W Looper : Drained
12-31 01:14:47.264 1488 1488 I Telecom : BluetoothDeviceManager: Got BluetoothHeadset: com.android.server.telecom.BluetoothHeadsetProxy@625fb3b: BMSL.oSC@ABQ
12-31 01:14:47.289 1488 2099 W BluetoothManagerService: psc is not null in bindBluetoothProfileService
12-31 01:14:47.347 1488 2732 D CompatibilityChangeReporter: Compat change id reported: 135634846; UID 1000; state: DISABLED
12-31 01:14:47.347 1488 2732 D CompatibilityChangeReporter: Compat change id reported: 177438394; UID 1000; state: DISABLED
12-31 01:14:47.348 1488 2732 D CompatibilityChangeReporter: Compat change id reported: 135772972; UID 1000; state: DISABLED
12-31 01:14:47.348 1488 2732 D CompatibilityChangeReporter: Compat change id reported: 135754954; UID 1000; state: ENABLED
12-31 01:14:47.348 1488 2732 I backup_transport_lifecycle: [com.android.localtransport/.LocalTransportService,1]
12-31 01:14:47.354 1488 1607 I am_proc_start: [0,3779,1000,com.android.localtransport,service,{com.android.localtransport/com.android.localtransport.LocalTransportService}]
