12-31 02:05:33.469 1488 1622 I PowerManagerService: Waking up from Dreaming (uid=1000, reason=WAKE_REASON_UNKNOWN, details=android.server.power:DREAM_FINISHED)...
12-31 02:05:33.480 1488 1682 I input_focus: [Focus entering b78bf51 com.thundercomm.mcuupgrade/com.thundercomm.mcuupgrade.MainActivity (server),reason=Window became focusable. Previous reason: NOT_VISIBLE]
12-31 02:05:33.513 2412 3733 W ContextImpl: Calling a method in the system process without a qualified user: android.app.ContextImpl.startService:1816 android.content.ContextWrapper.startService:774 com.thundercomm.gamemode.ingame.services.GameModeActionUtils.startGameModeService:99 com.thundercomm.gamemode.ingame.services.GameModeActionUtils.startGameModeEntry:22 com.thundercomm.gamemode.ingame.services.ActivityMonitoringService$1.onActivityLaunch:127
12-31 02:05:33.517 1488 1488 I GameModeConfig: Current uri is uri = content://com.thundercomm.gamemode.api/gamemode_settings/gamemode_isgaming
12-31 02:05:33.517 1488 1488 I GameModeConfig: isGameModeOn = false
12-31 02:05:33.518 1488 1488 I GameModeConfig: isGameModeOn = false
12-31 02:05:33.518 1488 1488 I GameModeConfig: isDisableVoice = true
12-31 02:05:33.968 1488 1596 I wm_destroy_activity: [0,148454256,27,com.thundercomm.screensaver/android.service.dreams.DreamActivity,finish-imm:idle]
12-31 02:05:33.978 2412 3733 W ContextImpl: Calling a method in the system process without a qualified user: android.app.ContextImpl.startService:1816 android.content.ContextWrapper.startService:774 com.thundercomm.gamemode.ingame.services.GameModeActionUtils.startGameModeService:99 com.thundercomm.gamemode.ingame.services.GameModeActionUtils.startGameModeEntry:22 com.thundercomm.gamemode.ingame.services.ActivityMonitoringService$1.onActivityLaunch:127
12-31 02:05:33.985 1488 1488 I GameModeConfig: Current uri is uri = content://com.thundercomm.gamemode.api/gamemode_settings/gamemode_isgaming
12-31 02:05:33.987 1488 1488 I GameModeConfig: isGameModeOn = false
12-31 02:05:33.987 1488 1488 I GameModeConfig: isGameModeOn = false
12-31 02:05:33.987 1488 1488 I GameModeConfig: isDisableVoice = true
12-31 02:05:33.990 3973 3973 I wm_on_stop_called: [148454256,android.service.dreams.DreamActivity,LIFECYCLER_STOP_ACTIVITY]
12-31 02:05:33.991 3973 3973 I wm_on_destroy_called: [148454256,android.service.dreams.DreamActivity,performDestroy]
12-31 02:05:33.993 1488 1520 I DreamManagerService: Leaving dreamland.
12-31 02:05:33.993 1488 1593 I DreamManagerService: Performing gentle wake from dream.
12-31 02:05:33.993 1488 1593 I DreamController: Stopping dream: name=ComponentInfo{com.thundercomm.screensaver/com.thundercomm.saverclock.service.ClockScreensaver}, isTest=false, canDoze=false, userId=0, reason='finished self'(from 'finished self')
12-31 02:05:33.993 1488 1593 I sysui_multi_action: [757,222,758,2]
12-31 02:05:33.994 1488 1593 I sysui_multi_action: [757,804,799,dreaming_minutes,801,7,802,1]
12-31 02:05:34.002 1488 4658 I wm_task_removed: [27,removeChild:removeChild last r=ActivityRecord{8d93b70 u0 com.thundercomm.screensaver/android.service.dreams.DreamActivity t-1 f}} in t=Task{e909d15 #27 type=dream A=10052:android:com.thundercomm.screensaver/dream U=0 visible=false mode=fullscreen translucent=true sz=0}]
12-31 02:05:34.002 1488 4658 I wm_task_removed: [27,removeChild]
12-31 02:05:34.005 1488 1597 W ActivityTaskManager: Can't find TaskDisplayArea to determine support for multi window. Task id=27 attached=false
12-31 02:06:24.320 1488 1683 I sysui_multi_action: [757,804,799,power_consecutive_short_tap_count,801,1,802,1]
12-31 02:06:24.320 1488 1683 I sysui_multi_action: [757,804,799,power_double_tap_interval,801,3110677,802,1]
12-31 02:06:24.321 1488 1683 I intercept_power: [ACTION_DOWN,0,0]
12-31 02:06:24.324 1488 1683 I intercept_power: [ACTION_UP,0,0]
12-31 02:06:24.324 1488 1488 D WindowManager: powerPress: eventTime=3110677 interactive=true count=0 beganFromNonInteractive=false mShortPressOnPowerBehavior=1
12-31 02:06:24.326 1488 1488 I PowerManagerService: Powering off display group due to power_button (groupId= 0, uid= 1000)...
12-31 02:06:24.326 1488 1488 I PowerManagerService: Going to sleep due to power_button (uid 1000)...
12-31 02:06:24.327 1488 1594 D CompatibilityChangeReporter: Compat change id reported: 173031413; UID 1000; state: ENABLED
12-31 02:06:24.327 1488 1594 D CompatibilityChangeReporter: Compat change id reported: 173031413; UID 1000; state: DISABLED
12-31 02:06:24.327 1488 1488 I power_sleep_requested: 0
12-31 02:06:24.328 1488 1622 I PowerManagerService: Sleeping display group (groupId=0, uid=1000)...
12-31 02:06:24.328 1488 1622 I PowerManagerService: Sleeping (uid 1000)...
12-31 02:06:24.334 1488 1488 D CompatibilityChangeReporter: Compat change id reported: 156215187; UID 10035; state: DISABLED
12-31 02:06:24.351 1488 1605 I am_pss : [1954,10081,com.android.systemui,166410240,146444288,0,321417216,0,0,13]
12-31 02:06:24.365 1488 1605 I am_pss : [3047,10035,com.baidu.input,131339264,111161344,0,275091456,0,7,11]
12-31 02:06:24.374 1488 1605 I am_pss : [1931,1002,com.android.bluetooth,35768320,28061696,0,146481152,0,0,8]
12-31 02:06:24.380 1488 1622 I sysui_multi_action: [757,1696,758,6,759,0]
12-31 02:06:24.384 1488 1605 I am_pss : [2877,10094,com.android.providers.media.module,17097728,13012992,0,117428224,0,0,8]
12-31 02:06:24.390 1488 1605 I am_pss : [2441,10095,android.ext.services,7626752,5017600,0,95690752,0,5,6]
12-31 02:06:24.396 1488 1605 I am_pss : [2967,10075,com.qualcomm.location.XT,6871040,4534272,0,92569600,0,6,5]
12-31 02:06:24.402 1488 1605 I am_pss : [3632,2000,com.android.shell,6458368,4173824,0,91160576,0,19,5]
12-31 02:06:24.408 1488 1605 I am_pss : [3559,10026,com.android.packageinstaller,7736320,5591040,0,90234880,0,19,5]
12-31 02:06:24.414 1488 1605 I am_pss : [3440,10020,com.android.managedprovisioning,9436160,7143424,0,93761536,0,19,5]
12-31 02:06:24.422 1488 1605 I am_pss : [2820,10080,com.qualcomm.location,11077632,7524352,0,104509440,0,0,6]
12-31 02:06:24.428 1488 1605 I am_pss : [2813,10086,com.qualcomm.qti.workloadclassifier,9411584,6856704,0,96628736,0,0,6]
12-31 02:06:24.436 1488 1605 I am_pss : [2805,10079,com.qualcomm.qti.services.systemhelper:systemhelper_service,6721536,4366336,0,92884992,0,0,7]
12-31 02:06:24.442 1488 1605 I am_pss : [2811,10087,com.qualcomm.qti.qccnetstat,6440960,4149248,0,90873856,0,0,5]
12-31 02:06:24.448 1488 1605 I am_pss : [2785,10055,.pasr,5841920,3653632,0,88481792,0,0,5]
12-31 02:06:24.456 1488 1605 I am_pss : [2737,10088,com.hht.lebocast,49360896,25669632,0,120332288,0,0,7]
12-31 02:06:24.462 1488 1605 I am_pss : [2746,10059,ts.car.uart,6674432,4489216,0,89636864,0,0,5]
12-31 02:06:24.469 1488 1605 I am_pss : [2379,1000,com.qualcomm.qti.qdma,10323968,6610944,0,105353216,0,0,6]
12-31 02:06:24.476 1488 1605 I am_pss : [3202,10065,com.qualcomm.qti.devicestatisticsservice,5679104,3493888,0,88256512,0,0,7]
12-31 02:06:24.482 1488 1605 I am_pss : [2358,1000,com.thundercomm.tcservice,9402368,7016448,0,95895552,0,0,5]
12-31 02:06:24.489 1488 1605 I am_pss : [2319,1000,com.thundercomm.remotecontrolservice,16951296,14036992,0,107610112,0,0,6]
12-31 02:06:24.495 1488 1605 I am_pss : [2315,1068,com.android.se,6163456,3903488,0,90767360,0,0,5]
12-31 02:06:24.501 1488 1605 I am_pss : [2300,10083,com.qti.qualcomm.mstatssystemservice,5858304,3674112,0,89137152,0,0,5]
12-31 02:06:24.507 1488 1605 I am_pss : [2269,1000,vendor.qti.qesdk.sysservice,5909504,3649536,0,90529792,0,0,5]
12-31 02:06:24.514 1488 1605 I am_pss : [2248,1000,com.thundercomm.tcsetupwizard,7189504,5017600,0,90435584,0,0,6]
12-31 02:06:24.521 1488 1605 I am_pss : [2223,1073,com.android.networkstack.process,12306432,9273344,0,104267776,0,0,7]
12-31 02:06:24.528 1488 1605 I am_pss : [2177,1000,com.tc.logclient,8038400,5398528,0,98254848,0,0,6]
12-31 02:06:24.536 1488 1605 I am_pss : [2160,1000,com.thundercomm.tchttpserver,16468992,14233600,0,100667392,0,0,7]
12-31 02:06:24.542 1488 1605 I am_pss : [2137,10054,.qtidataservices,6268928,4042752,0,90521600,0,0,6]
12-31 02:06:24.549 1488 1605 I am_pss : [2132,1001,.dataservices,8718336,6377472,0,93745152,0,0,5]
12-31 02:06:24.557 1488 1605 I am_pss : [2123,1000,com.thundercomm.microsettings,30269440,18833408,0,131031040,0,0,7]
12-31 02:06:24.563 1488 1605 I am_pss : [2049,1000,com.thundercomm.microservice,9272320,6918144,0,94969856,0,0,5]
12-31 02:06:24.584 1488 1605 I am_pss : [1488,1000,system,272671744,181460992,0,593457152,0,0,19]
12-31 02:06:24.811 1488 1622 I DisplayPowerController[0]: Blocking screen off
12-31 02:06:24.811 1488 1871 E DisplayDeviceConfig: requesting nits when no mapping exists.
12-31 02:06:24.812 1488 1871 E DisplayDeviceConfig: requesting nits when no mapping exists.
12-31 02:06:24.812 1488 1606 I am_wtf : [0,1488,system_server,-1,DisplayDeviceConfig,requesting nits when no mapping exists.]
12-31 02:06:24.813 1488 1622 I DisplayPowerController[0]: Unblocked screen off after 2 ms
12-31 02:06:24.822 1488 1606 I DropBoxManagerService: add tag=system_server_wtf isTagEnabled=true flags=0x2
12-31 02:06:24.829 1488 1606 I am_wtf : [0,1488,system_server,-1,DisplayDeviceConfig,requesting nits when no mapping exists.]
12-31 02:06:24.830 1488 1622 D ActivityTaskManager: Top Process State changed to PROCESS_STATE_TOP_SLEEPING
12-31 02:06:24.830 1488 1606 I DropBoxManagerService: add tag=system_server_wtf isTagEnabled=true flags=0x2
12-31 02:06:24.834 1488 1622 I wm_pause_activity: [0,205731203,com.thundercomm.mcuupgrade/.MainActivity,userLeaving=false,sleep]
12-31 02:06:24.834 4458 4458 I wm_on_top_resumed_lost_called: [205731203,com.thundercomm.mcuupgrade.MainActivity,topStateChangedWhenResumed]
12-31 02:06:24.835 1488 1613 E KernelCpuSpeedReader: Failed to read cpu-freq: /sys/devices/system/cpu/cpu4/cpufreq/stats/time_in_state: open failed: ENOENT (No such file or directory)
12-31 02:06:24.835 1488 1613 E KernelCpuSpeedReader: Failed to read cpu-freq: /sys/devices/system/cpu/cpu0/cpufreq/stats/time_in_state: open failed: ENOENT (No such file or directory)
12-31 02:06:24.841 4458 4458 I wm_on_paused_called: [205731203,com.thundercomm.mcuupgrade.MainActivity,performPause]
12-31 02:06:24.842 1488 1520 I wm_add_to_stopping: [0,205731203,com.thundercomm.mcuupgrade/.MainActivity,completePauseLocked]
12-31 02:06:24.847 1488 1596 I wm_stop_activity: [0,205731203,com.thundercomm.mcuupgrade/.MainActivity]
12-31 02:06:24.848 1488 1596 I sysui_multi_action: [757,803,799,window_time_0,802,52]
12-31 02:06:24.852 1488 1622 V DisplayPowerController[0]: Brightness [0.0] reason changing to: 'screen_off', previous reason: 'manual'.
12-31 02:06:24.853 1488 1682 I input_focus: [Focus leaving b78bf51 com.thundercomm.mcuupgrade/com.thundercomm.mcuupgrade.MainActivity (server),reason=NOT_VISIBLE]
12-31 02:06:24.854 1488 1596 I DisplayDeviceRepository: Display device changed state: "内置屏幕", OFF
12-31 02:06:24.868 4458 4458 I wm_on_stop_called: [205731203,com.thundercomm.mcuupgrade.MainActivity,STOP_ACTIVITY_ITEM]
12-31 02:06:24.905 1488 1488 I sysui_multi_action: [757,198,758,2,759,2,1359,586,1695,4]
12-31 02:06:24.905 1488 1488 I power_screen_state: [0,2,0,0,586]
12-31 02:06:24.905 1488 1488 I screen_toggled: 0
12-31 02:06:24.905 1488 1488 I sysui_multi_action: [757,804,799,screen_timeout,801,60,802,1]
12-31 02:06:24.905 1488 1488 I sysui_multi_action: [757,1594,758,4,759,-2147483648,1359,3101151]
12-31 02:06:24.906 1488 1488 I power_screen_broadcast_send: 1
12-31 02:06:24.914 1488 1488 I battery_saving_stats: [0,1,0,3101346,0,0,3101346,0,0]
12-31 02:06:24.934 1488 1488 I power_screen_broadcast_done: [0,28,1]
12-31 02:06:24.950 2412 3733 W ContextImpl: Calling a method in the system process without a qualified user: android.app.ContextImpl.startService:1816 android.content.ContextWrapper.startService:774 com.thundercomm.gamemode.ingame.services.GameModeActionUtils.startGameModeService:99 com.thundercomm.gamemode.ingame.services.GameModeActionUtils.startGameModeEntry:22 com.thundercomm.gamemode.ingame.services.ActivityMonitoringService$1.onActivityLaunch:127
12-31 02:06:24.956 1488 1488 I GameModeConfig: Current uri is uri = content://com.thundercomm.gamemode.api/gamemode_settings/gamemode_isgaming
12-31 02:06:24.959 1488 1488 I GameModeConfig: isGameModeOn = false
12-31 02:06:24.960 1488 1488 I GameModeConfig: isGameModeOn = false
12-31 02:06:24.960 1488 1488 I GameModeConfig: isDisableVoice = true
12-31 02:06:24.984 1488 1683 I sysui_multi_action: [757,804,799,power_consecutive_short_tap_count,801,1,802,1]
12-31 02:06:24.984 1488 1683 I sysui_multi_action: [757,804,799,power_double_tap_interval,801,665,802,1]
12-31 02:06:24.985 1488 1683 I intercept_power: [ACTION_DOWN,0,0]
12-31 02:06:24.986 1488 1683 I PowerManagerService: Powering on display group fromAsleep (groupId=0, uid=1000, reason=WAKE_REASON_POWER_BUTTON, details=android.policy:POWER)...
12-31 02:06:24.986 1488 1683 I PowerManagerService: Waking up from Asleep (uid=1000, reason=WAKE_REASON_POWER_BUTTON, details=android.policy:POWER)...
12-31 02:06:24.988 1488 1683 I intercept_power: [ACTION_UP,0,0]
12-31 02:06:24.988 1488 1622 I DisplayPowerController[0]: Blocking screen on until initial contents have been drawn.
12-31 02:06:24.989 1488 1622 D ActivityTaskManager: Top Process State changed to PROCESS_STATE_TOP
12-31 02:06:24.991 1488 1613 E KernelCpuSpeedReader: Failed to read cpu-freq: /sys/devices/system/cpu/cpu4/cpufreq/stats/time_in_state: open failed: ENOENT (No such file or directory)
12-31 02:06:24.992 1488 1613 E KernelCpuSpeedReader: Failed to read cpu-freq: /sys/devices/system/cpu/cpu0/cpufreq/stats/time_in_state: open failed: ENOENT (No such file or directory)
12-31 02:06:24.993 1488 1622 I wm_set_resumed_activity: [0,com.thundercomm.mcuupgrade/.MainActivity,resumeTopActivityInnerLocked]
12-31 02:06:24.995 1488 1488 I screen_toggled: 1
12-31 02:06:24.995 1488 1622 I wm_resume_activity: [0,205731203,24,com.thundercomm.mcuupgrade/.MainActivity]
12-31 02:06:24.997 1488 1622 V DisplayPowerController[0]: Brightness [1.0] reason changing to: 'manual', previous reason: 'screen_off'.
12-31 02:06:24.997 1488 1622 I sysui_multi_action: [757,1696,758,6,759,3]
12-31 02:06:25.004 1488 1488 I power_screen_broadcast_send: 1
12-31 02:06:25.005 1488 1596 I DisplayDeviceRepository: Display device changed state: "内置屏幕", ON
12-31 02:06:25.006 1488 1622 I DisplayPowerController[0]: Unblocked screen on after 18 ms
12-31 02:06:25.006 1488 1488 D WindowManager: powerPress: eventTime=3111342 interactive=true count=0 beganFromNonInteractive=true mShortPressOnPowerBehavior=1
12-31 02:06:25.010 1488 1606 W BroadcastQueue: Background execution not allowed: receiving Intent { act=android.intent.action.USER_PRESENT flg=0x24200010 } to com.microsoft.emmx/org.chromium.chrome.browser.sharing.click_to_call.ClickToCallMessageHandler$PhoneUnlockedReceiver
12-31 02:06:25.015 1488 1488 I battery_saving_stats: [0,0,0,101,0,0,101,0,0]
12-31 02:06:25.032 4458 4458 I wm_on_restart_called: [205731203,com.thundercomm.mcuupgrade.MainActivity,performRestartActivity]
12-31 02:06:25.032 4458 4458 I wm_on_start_called: [205731203,com.thundercomm.mcuupgrade.MainActivity,handleStartActivity]
12-31 02:06:25.032 4458 4458 I wm_on_resume_called: [205731203,com.thundercomm.mcuupgrade.MainActivity,RESUME_ACTIVITY]
12-31 02:06:25.033 4458 4458 I wm_on_top_resumed_gained_called: [205731203,com.thundercomm.mcuupgrade.MainActivity,topWhenResuming]
12-31 02:06:25.039 1488 1488 I power_screen_broadcast_done: [1,35,1]
12-31 02:06:25.049 1488 1597 I input_focus: [Focus request b78bf51 com.thundercomm.mcuupgrade/com.thundercomm.mcuupgrade.MainActivity,reason=UpdateInputWindows]
12-31 02:06:25.052 1488 1605 I am_meminfo: [1306976256,4367093760,12288,328429568,609188864]
12-31 02:06:25.059 1488 1871 E DisplayDeviceConfig: requesting nits when no mapping exists.
12-31 02:06:25.059 1488 1605 I am_pss : [2412,1000,com.thundercomm.gamemode,19447808,14876672,0,121708544,1,10,6]
12-31 02:06:25.061 1488 1871 E DisplayDeviceConfig: requesting nits when no mapping exists.
12-31 02:06:25.061 1488 1682 I input_focus: [Focus entering b78bf51 com.thundercomm.mcuupgrade/com.thundercomm.mcuupgrade.MainActivity (server),reason=Window became focusable. Previous reason: NO_WINDOW]
12-31 02:06:25.062 1488 1606 I am_wtf : [0,1488,system_server,-1,DisplayDeviceConfig,requesting nits when no mapping exists.]
12-31 02:06:25.062 1488 1488 I sysui_multi_action: [757,198,758,1,759,1,1359,78,1694,1]
12-31 02:06:25.062 1488 1488 I power_screen_state: [1,0,0,0,78]
12-31 02:06:25.063 1488 1606 I DropBoxManagerService: add tag=system_server_wtf isTagEnabled=true flags=0x2
12-31 02:06:25.064 1488 1606 I am_wtf : [0,1488,system_server,-1,DisplayDeviceConfig,requesting nits when no mapping exists.]
12-31 02:06:25.064 1488 1606 I DropBoxManagerService: add tag=system_server_wtf isTagEnabled=true flags=0x2
12-31 02:06:33.999 1488 1606 I am_uid_idle: 10052
12-31 02:07:12.913 1488 1707 I netstats_mobile_sample: [0,0,0,0,0,0,0,0,0,0,0,0,1672423632913]
12-31 02:07:12.913 1488 1707 I netstats_wifi_sample: [0,0,0,0,0,0,0,0,0,0,0,0,1672423632913]
12-31 02:07:17.991 1488 1622 V DisplayPowerController[0]: Brightness [0.05] reason changing to: 'manual [ dim ]', previous reason: 'manual'.
12-31 02:07:17.991 1488 1622 I sysui_multi_action: [757,1696,758,6,759,2]
12-31 02:07:17.993 1488 1871 E DisplayDeviceConfig: requesting nits when no mapping exists.
12-31 02:07:17.994 1488 1871 E DisplayDeviceConfig: requesting nits when no mapping exists.
12-31 02:07:17.994 1488 1606 I am_wtf : [0,1488,system_server,-1,DisplayDeviceConfig,requesting nits when no mapping exists.]
12-31 02:07:17.996 1488 1606 I DropBoxManagerService: add tag=system_server_wtf isTagEnabled=true flags=0x2
12-31 02:07:17.998 1488 1606 I am_wtf : [0,1488,system_server,-1,DisplayDeviceConfig,requesting nits when no mapping exists.]
12-31 02:07:17.999 1488 1606 I DropBoxManagerService: add tag=system_server_wtf isTagEnabled=true flags=0x2
12-31 02:07:18.010 1488 1871 E DisplayDeviceConfig: requesting nits when no mapping exists.
12-31 02:07:18.010 1488 1871 E DisplayDeviceConfig: requesting nits when no mapping exists.
12-31 02:07:18.010 1488 1606 I am_wtf : [0,1488,system_server,-1,DisplayDeviceConfig,requesting nits when no mapping exists.]
12-31 02:07:18.011 1488 1606 I DropBoxManagerService: add tag=system_server_wtf isTagEnabled=true flags=0x2
12-31 02:07:18.012 1488 1606 I am_wtf : [0,1488,system_server,-1,DisplayDeviceConfig,requesting nits when no mapping exists.]
12-31 02:07:18.013 1488 1606 I DropBoxManagerService: add tag=system_server_wtf isTagEnabled=true flags=0x2
12-31 02:07:18.026 1488 1871 E DisplayDeviceConfig: requesting nits when no mapping exists.
12-31 02:07:18.026 1488 1871 E DisplayDeviceConfig: requesting nits when no mapping exists.
12-31 02:07:18.026 1488 1606 I am_wtf : [0,1488,system_server,-1,DisplayDeviceConfig,requesting nits when no mapping exists.]
12-31 02:07:18.027 1488 1606 I DropBoxManagerService: add tag=system_server_wtf isTagEnabled=true flags=0x2
12-31 02:07:18.028 1488 1606 I am_wtf : [0,1488,system_server,-1,DisplayDeviceConfig,requesting nits when no mapping exists.]
12-31 02:07:18.036 1488 1871 E DisplayDeviceConfig: requesting nits when no mapping exists.
12-31 02:07:18.037 1488 1871 E DisplayDeviceConfig: requesting nits when no mapping exists.
12-31 02:07:18.037 1488 1606 I am_wtf : [0,1488,system_server,-1,DisplayDeviceConfig,requesting nits when no mapping exists.]
12-31 02:07:18.038 1488 1606 I am_wtf : [0,1488,system_server,-1,DisplayDeviceConfig,requesting nits when no mapping exists.]
12-31 02:07:18.053 1488 1871 E DisplayDeviceConfig: requesting nits when no mapping exists.
12-31 02:07:18.053 1488 1871 E DisplayDeviceConfig: requesting nits when no mapping exists.
12-31 02:07:18.053 1488 1606 I am_wtf : [0,1488,system_server,-1,DisplayDeviceConfig,requesting nits when no mapping exists.]
12-31 02:07:18.054 1488 1606 I am_wtf : [0,1488,system_server,-1,DisplayDeviceConfig,requesting nits when no mapping exists.]
12-31 02:07:18.069 1488 1871 E DisplayDeviceConfig: requesting nits when no mapping exists.
12-31 02:07:18.070 1488 1871 E DisplayDeviceConfig: requesting nits when no mapping exists.
12-31 02:07:18.070 1488 1606 I am_wtf : [0,1488,system_server,-1,DisplayDeviceConfig,requesting nits when no mapping exists.]
12-31 02:07:18.071 1488 1606 I am_wtf : [0,1488,system_server,-1,DisplayDeviceConfig,requesting nits when no mapping exists.]
12-31 02:07:18.086 1488 1871 E DisplayDeviceConfig: requesting nits when no mapping exists.
12-31 02:07:18.086 1488 1871 E DisplayDeviceConfig: requesting nits when no mapping exists.
12-31 02:07:18.086 1488 1606 I am_wtf : [0,1488,system_server,-1,DisplayDeviceConfig,requesting nits when no mapping exists.]
12-31 02:07:18.087 1488 1606 I service_manager_stats: [100,37,560087]
12-31 02:07:18.087 1488 1606 I am_wtf : [0,1488,system_server,-1,DisplayDeviceConfig,requesting nits when no mapping exists.]
12-31 02:07:18.103 1488 1871 E DisplayDeviceConfig: requesting nits when no mapping exists.
12-31 02:07:18.104 1488 1606 I am_wtf : [0,1488,system_server,-1,DisplayDeviceConfig,requesting nits when no mapping exists.]
12-31 02:07:18.104 1488 1871 E DisplayDeviceConfig: requesting nits when no mapping exists.
12-31 02:07:18.105 1488 1606 I am_wtf : [0,1488,system_server,-1,DisplayDeviceConfig,requesting nits when no mapping exists.]
12-31 02:07:18.120 1488 1871 E DisplayDeviceConfig: requesting nits when no mapping exists.
12-31 02:07:18.120 1488 1871 E DisplayDeviceConfig: requesting nits when no mapping exists.
12-31 02:07:18.121 1488 1606 I am_wtf : [0,1488,system_server,-1,DisplayDeviceConfig,requesting nits when no mapping exists.]
12-31 02:07:18.121 1488 1606 I am_wtf : [0,1488,system_server,-1,DisplayDeviceConfig,requesting nits when no mapping exists.]
12-31 02:07:18.137 1488 1871 E DisplayDeviceConfig: requesting nits when no mapping exists.
12-31 02:07:18.138 1488 1606 I am_wtf : [0,1488,system_server,-1,DisplayDeviceConfig,requesting nits when no mapping exists.]
12-31 02:07:18.138 1488 1871 E DisplayDeviceConfig: requesting nits when no mapping exists.
12-31 02:07:18.139 1488 1606 I am_wtf : [0,1488,system_server,-1,DisplayDeviceConfig,requesting nits when no mapping exists.]
12-31 02:07:18.153 1488 1871 E DisplayDeviceConfig: requesting nits when no mapping exists.
12-31 02:07:18.154 1488 1606 I am_wtf : [0,1488,system_server,-1,DisplayDeviceConfig,requesting nits when no mapping exists.]
12-31 02:07:18.154 1488 1871 E DisplayDeviceConfig: requesting nits when no mapping exists.
12-31 02:07:18.155 1488 1606 I am_wtf : [0,1488,system_server,-1,DisplayDeviceConfig,requesting nits when no mapping exists.]
12-31 02:07:18.170 1488 1871 E DisplayDeviceConfig: requesting nits when no mapping exists.
12-31 02:07:18.171 1488 1606 I am_wtf : [0,1488,system_server,-1,DisplayDeviceConfig,requesting nits when no mapping exists.]
12-31 02:07:18.171 1488 1871 E DisplayDeviceConfig: requesting nits when no mapping exists.
12-31 02:07:18.172 1488 1606 I am_wtf : [0,1488,system_server,-1,DisplayDeviceConfig,requesting nits when no mapping exists.]
12-31 02:07:18.187 1488 1871 E DisplayDeviceConfig: requesting nits when no mapping exists.
12-31 02:07:18.187 1488 1606 I am_wtf : [0,1488,system_server,-1,DisplayDeviceConfig,requesting nits when no mapping exists.]
12-31 02:07:18.187 1488 1871 E DisplayDeviceConfig: requesting nits when no mapping exists.
12-31 02:07:18.188 1488 1606 I am_wtf : [0,1488,system_server,-1,DisplayDeviceConfig,requesting nits when no mapping exists.]
12-31 02:07:18.203 1488 1871 E DisplayDeviceConfig: requesting nits when no mapping exists.
12-31 02:07:18.204 1488 1606 I am_wtf : [0,1488,system_server,-1,DisplayDeviceConfig,requesting nits when no mapping exists.]
12-31 02:07:18.204 1488 1871 E DisplayDeviceConfig: requesting nits when no mapping exists.
12-31 02:07:18.205 1488 1606 I am_wtf : [0,1488,system_server,-1,DisplayDeviceConfig,requesting nits when no mapping exists.]
12-31 02:07:18.220 1488 1871 E DisplayDeviceConfig: requesting nits when no mapping exists.
12-31 02:07:18.221 1488 1606 I am_wtf : [0,1488,system_server,-1,DisplayDeviceConfig,requesting nits when no mapping exists.]
12-31 02:07:18.221 1488 1871 E DisplayDeviceConfig: requesting nits when no mapping exists.
12-31 02:07:18.221 1488 1606 I am_wtf : [0,1488,system_server,-1,DisplayDeviceConfig,requesting nits when no mapping exists.]
12-31 02:07:18.237 1488 1871 E DisplayDeviceConfig: requesting nits when no mapping exists.
12-31 02:07:18.237 1488 1606 I am_wtf : [0,1488,system_server,-1,DisplayDeviceConfig,requesting nits when no mapping exists.]
12-31 02:07:18.237 1488 1871 E DisplayDeviceConfig: requesting nits when no mapping exists.
12-31 02:07:18.238 1488 1606 I am_wtf : [0,1488,system_server,-1,DisplayDeviceConfig,requesting nits when no mapping exists.]
12-31 02:07:18.254 1488 1871 E DisplayDeviceConfig: requesting nits when no mapping exists.
12-31 02:07:18.254 1488 1606 I am_wtf : [0,1488,system_server,-1,DisplayDeviceConfig,requesting nits when no mapping exists.]
12-31 02:07:18.254 1488 1871 E DisplayDeviceConfig: requesting nits when no mapping exists.
12-31 02:07:18.255 1488 1606 I am_wtf : [0,1488,system_server,-1,DisplayDeviceConfig,requesting nits when no mapping exists.]
12-31 02:07:18.270 1488 1871 E DisplayDeviceConfig: requesting nits when no mapping exists.
12-31 02:07:18.271 1488 1606 I am_wtf : [0,1488,system_server,-1,DisplayDeviceConfig,requesting nits when no mapping exists.]
12-31 02:07:18.271 1488 1871 E DisplayDeviceConfig: requesting nits when no mapping exists.
12-31 02:07:18.271 1488 1606 I am_wtf : [0,1488,system_server,-1,DisplayDeviceConfig,requesting nits when no mapping exists.]
12-31 02:07:18.287 1488 1871 E DisplayDeviceConfig: requesting nits when no mapping exists.
12-31 02:07:18.287 1488 1606 I am_wtf : [0,1488,system_server,-1,DisplayDeviceConfig,requesting nits when no mapping exists.]
12-31 02:07:18.287 1488 1871 E DisplayDeviceConfig: requesting nits when no mapping exists.
12-31 02:07:18.288 1488 1606 I am_wtf : [0,1488,system_server,-1,DisplayDeviceConfig,requesting nits when no mapping exists.]
12-31 02:07:18.304 1488 1871 E DisplayDeviceConfig: requesting nits when no mapping exists.
12-31 02:07:18.305 1488 1606 I am_wtf : [0,1488,system_server,-1,DisplayDeviceConfig,requesting nits when no mapping exists.]
12-31 02:07:18.305 1488 1871 E DisplayDeviceConfig: requesting nits when no mapping exists.
12-31 02:07:18.306 1488 1606 I am_wtf : [0,1488,system_server,-1,DisplayDeviceConfig,requesting nits when no mapping exists.]
12-31 02:07:18.320 1488 1871 E DisplayDeviceConfig: requesting nits when no mapping exists.
12-31 02:07:18.321 1488 1871 E DisplayDeviceConfig: requesting nits when no mapping exists.
12-31 02:07:18.321 1488 1606 I am_wtf : [0,1488,system_server,-1,DisplayDeviceConfig,requesting nits when no mapping exists.]
12-31 02:07:18.322 1488 1606 I am_wtf : [0,1488,system_server,-1,DisplayDeviceConfig,requesting nits when no mapping exists.]
12-31 02:07:18.337 1488 1871 E DisplayDeviceConfig: requesting nits when no mapping exists.
12-31 02:07:18.338 1488 1871 E DisplayDeviceConfig: requesting nits when no mapping exists.
12-31 02:07:18.338 1488 1606 I am_wtf : [0,1488,system_server,-1,DisplayDeviceConfig,requesting nits when no mapping exists.]
12-31 02:07:18.339 1488 1606 I am_wtf : [0,1488,system_server,-1,DisplayDeviceConfig,requesting nits when no mapping exists.]
12-31 02:07:18.354 1488 1871 E DisplayDeviceConfig: requesting nits when no mapping exists.
12-31 02:07:18.355 1488 1871 E DisplayDeviceConfig: requesting nits when no mapping exists.
12-31 02:07:18.355 1488 1606 I am_wtf : [0,1488,system_server,-1,DisplayDeviceConfig,requesting nits when no mapping exists.]
12-31 02:07:18.355 1488 1606 I am_wtf : [0,1488,system_server,-1,DisplayDeviceConfig,requesting nits when no mapping exists.]
12-31 02:07:18.371 1488 1871 E DisplayDeviceConfig: requesting nits when no mapping exists.
12-31 02:07:18.371 1488 1871 E DisplayDeviceConfig: requesting nits when no mapping exists.
12-31 02:07:18.371 1488 1606 I am_wtf : [0,1488,system_server,-1,DisplayDeviceConfig,requesting nits when no mapping exists.]
12-31 02:07:18.372 1488 1606 I am_wtf : [0,1488,system_server,-1,DisplayDeviceConfig,requesting nits when no mapping exists.]
12-31 02:07:18.387 1488 1871 E DisplayDeviceConfig: requesting nits when no mapping exists.
12-31 02:07:18.388 1488 1606 I am_wtf : [0,1488,system_server,-1,DisplayDeviceConfig,requesting nits when no mapping exists.]
12-31 02:07:18.388 1488 1871 E DisplayDeviceConfig: requesting nits when no mapping exists.
12-31 02:07:18.389 1488 1606 I am_wtf : [0,1488,system_server,-1,DisplayDeviceConfig,requesting nits when no mapping exists.]
12-31 02:07:18.404 1488 1871 E DisplayDeviceConfig: requesting nits when no mapping exists.
12-31 02:07:18.405 1488 1871 E DisplayDeviceConfig: requesting nits when no mapping exists.
12-31 02:07:18.405 1488 1606 I am_wtf : [0,1488,system_server,-1,DisplayDeviceConfig,requesting nits when no mapping exists.]
12-31 02:07:18.406 1488 1606 I am_wtf : [0,1488,system_server,-1,DisplayDeviceConfig,requesting nits when no mapping exists.]
12-31 02:07:18.421 1488 1871 E DisplayDeviceConfig: requesting nits when no mapping exists.
12-31 02:07:18.421 1488 1871 E DisplayDeviceConfig: requesting nits when no mapping exists.
12-31 02:07:18.421 1488 1606 I am_wtf : [0,1488,system_server,-1,DisplayDeviceConfig,requesting nits when no mapping exists.]
12-31 02:07:18.422 1488 1606 I am_wtf : [0,1488,system_server,-1,DisplayDeviceConfig,requesting nits when no mapping exists.]
12-31 02:07:18.437 1488 1871 E DisplayDeviceConfig: requesting nits when no mapping exists.
12-31 02:07:18.438 1488 1871 E DisplayDeviceConfig: requesting nits when no mapping exists.
12-31 02:07:18.438 1488 1606 I am_wtf : [0,1488,system_server,-1,DisplayDeviceConfig,requesting nits when no mapping exists.]
12-31 02:07:18.439 1488 1606 I am_wtf : [0,1488,system_server,-1,DisplayDeviceConfig,requesting nits when no mapping exists.]
12-31 02:07:18.454 1488 1871 E DisplayDeviceConfig: requesting nits when no mapping exists.
12-31 02:07:18.455 1488 1871 E DisplayDeviceConfig: requesting nits when no mapping exists.
12-31 02:07:18.455 1488 1606 I am_wtf : [0,1488,system_server,-1,DisplayDeviceConfig,requesting nits when no mapping exists.]
12-31 02:07:18.456 1488 1606 I am_wtf : [0,1488,system_server,-1,DisplayDeviceConfig,requesting nits when no mapping exists.]
12-31 02:07:18.471 1488 1871 E DisplayDeviceConfig: requesting nits when no mapping exists.
12-31 02:07:18.472 1488 1871 E DisplayDeviceConfig: requesting nits when no mapping exists.
12-31 02:07:18.472 1488 1606 I am_wtf : [0,1488,system_server,-1,DisplayDeviceConfig,requesting nits when no mapping exists.]
12-31 02:07:18.472 1488 1606 I am_wtf : [0,1488,system_server,-1,DisplayDeviceConfig,requesting nits when no mapping exists.]
12-31 02:07:18.487 1488 1871 E DisplayDeviceConfig: requesting nits when no mapping exists.
12-31 02:07:18.488 1488 1871 E DisplayDeviceConfig: requesting nits when no mapping exists.
12-31 02:07:18.488 1488 1606 I am_wtf : [0,1488,system_server,-1,DisplayDeviceConfig,requesting nits when no mapping exists.]
12-31 02:07:18.489 1488 1606 I am_wtf : [0,1488,system_server,-1,DisplayDeviceConfig,requesting nits when no mapping exists.]
12-31 02:07:18.504 1488 1871 E DisplayDeviceConfig: requesting nits when no mapping exists.
12-31 02:07:18.505 1488 1871 E DisplayDeviceConfig: requesting nits when no mapping exists.
12-31 02:07:18.505 1488 1606 I am_wtf : [0,1488,system_server,-1,DisplayDeviceConfig,requesting nits when no mapping exists.]
12-31 02:07:18.506 1488 1606 I am_wtf : [0,1488,system_server,-1,DisplayDeviceConfig,requesting nits when no mapping exists.]
12-31 02:07:18.521 1488 1871 E DisplayDeviceConfig: requesting nits when no mapping exists.
12-31 02:07:18.522 1488 1871 E DisplayDeviceConfig: requesting nits when no mapping exists.
12-31 02:07:18.522 1488 1606 I am_wtf : [0,1488,system_server,-1,DisplayDeviceConfig,requesting nits when no mapping exists.]
12-31 02:07:18.522 1488 1606 I am_wtf : [0,1488,system_server,-1,DisplayDeviceConfig,requesting nits when no mapping exists.]
12-31 02:07:18.537 1488 1871 E DisplayDeviceConfig: requesting nits when no mapping exists.
12-31 02:07:18.538 1488 1871 E DisplayDeviceConfig: requesting nits when no mapping exists.
12-31 02:07:18.538 1488 1606 I am_wtf : [0,1488,system_server,-1,DisplayDeviceConfig,requesting nits when no mapping exists.]
12-31 02:07:18.539 1488 1606 I am_wtf : [0,1488,system_server,-1,DisplayDeviceConfig,requesting nits when no mapping exists.]
12-31 02:07:18.554 1488 1871 E DisplayDeviceConfig: requesting nits when no mapping exists.
12-31 02:07:18.554 1488 1606 I am_wtf : [0,1488,system_server,-1,DisplayDeviceConfig,requesting nits when no mapping exists.]
12-31 02:07:18.554 1488 1871 E DisplayDeviceConfig: requesting nits when no mapping exists.
12-31 02:07:18.555 1488 1606 I am_wtf : [0,1488,system_server,-1,DisplayDeviceConfig,requesting nits when no mapping exists.]
12-31 02:07:18.571 1488 1871 E DisplayDeviceConfig: requesting nits when no mapping exists.
12-31 02:07:18.571 1488 1871 E DisplayDeviceConfig: requesting nits when no mapping exists.
12-31 02:07:18.571 1488 1606 I am_wtf : [0,1488,system_server,-1,DisplayDeviceConfig,requesting nits when no mapping exists.]
12-31 02:07:18.572 1488 1606 I am_wtf : [0,1488,system_server,-1,DisplayDeviceConfig,requesting nits when no mapping exists.]
12-31 02:07:18.587 1488 1871 E DisplayDeviceConfig: requesting nits when no mapping exists.
12-31 02:07:18.588 1488 1871 E DisplayDeviceConfig: requesting nits when no mapping exists.
12-31 02:07:18.588 1488 1606 I am_wtf : [0,1488,system_server,-1,DisplayDeviceConfig,requesting nits when no mapping exists.]
12-31 02:07:18.589 1488 1606 I am_wtf : [0,1488,system_server,-1,DisplayDeviceConfig,requesting nits when no mapping exists.]
12-31 02:07:18.604 1488 1871 E DisplayDeviceConfig: requesting nits when no mapping exists.
12-31 02:07:18.605 1488 1871 E DisplayDeviceConfig: requesting nits when no mapping exists.
12-31 02:07:18.605 1488 1606 I am_wtf : [0,1488,system_server,-1,DisplayDeviceConfig,requesting nits when no mapping exists.]
12-31 02:07:18.606 1488 1606 I am_wtf : [0,1488,system_server,-1,DisplayDeviceConfig,requesting nits when no mapping exists.]
12-31 02:07:18.621 1488 1871 E DisplayDeviceConfig: requesting nits when no mapping exists.
12-31 02:07:18.621 1488 1871 E DisplayDeviceConfig: requesting nits when no mapping exists.
12-31 02:07:18.622 1488 1606 I am_wtf : [0,1488,system_server,-1,DisplayDeviceConfig,requesting nits when no mapping exists.]
12-31 02:07:18.623 1488 1606 I am_wtf : [0,1488,system_server,-1,DisplayDeviceConfig,requesting nits when no mapping exists.]
12-31 02:07:18.638 1488 1871 E DisplayDeviceConfig: requesting nits when no mapping exists.
12-31 02:07:18.639 1488 1871 E DisplayDeviceConfig: requesting nits when no mapping exists.
12-31 02:07:18.639 1488 1606 I am_wtf : [0,1488,system_server,-1,DisplayDeviceConfig,requesting nits when no mapping exists.]
12-31 02:07:18.640 1488 1606 I am_wtf : [0,1488,system_server,-1,DisplayDeviceConfig,requesting nits when no mapping exists.]
12-31 02:07:18.654 1488 1871 E DisplayDeviceConfig: requesting nits when no mapping exists.
12-31 02:07:18.655 1488 1871 E DisplayDeviceConfig: requesting nits when no mapping exists.
12-31 02:07:18.655 1488 1606 I am_wtf : [0,1488,system_server,-1,DisplayDeviceConfig,requesting nits when no mapping exists.]
12-31 02:07:18.656 1488 1606 I am_wtf : [0,1488,system_server,-1,DisplayDeviceConfig,requesting nits when no mapping exists.]
12-31 02:07:18.671 1488 1871 E DisplayDeviceConfig: requesting nits when no mapping exists.
12-31 02:07:18.672 1488 1871 E DisplayDeviceConfig: requesting nits when no mapping exists.
12-31 02:07:18.672 1488 1606 I am_wtf : [0,1488,system_server,-1,DisplayDeviceConfig,requesting nits when no mapping exists.]
12-31 02:07:18.673 1488 1606 I am_wtf : [0,1488,system_server,-1,DisplayDeviceConfig,requesting nits when no mapping exists.]
12-31 02:07:18.688 1488 1871 E DisplayDeviceConfig: requesting nits when no mapping exists.
12-31 02:07:18.689 1488 1871 E DisplayDeviceConfig: requesting nits when no mapping exists.
12-31 02:07:18.689 1488 1606 I am_wtf : [0,1488,system_server,-1,DisplayDeviceConfig,requesting nits when no mapping exists.]
12-31 02:07:18.690 1488 1606 I am_wtf : [0,1488,system_server,-1,DisplayDeviceConfig,requesting nits when no mapping exists.]
12-31 02:07:18.705 1488 1871 E DisplayDeviceConfig: requesting nits when no mapping exists.
12-31 02:07:18.705 1488 1871 E DisplayDeviceConfig: requesting nits when no mapping exists.
12-31 02:07:18.706 1488 1606 I am_wtf : [0,1488,system_server,-1,DisplayDeviceConfig,requesting nits when no mapping exists.]
12-31 02:07:18.706 1488 1606 I am_wtf : [0,1488,system_server,-1,DisplayDeviceConfig,requesting nits when no mapping exists.]
12-31 02:07:18.721 1488 1871 E DisplayDeviceConfig: requesting nits when no mapping exists.
12-31 02:07:18.721 1488 1871 E DisplayDeviceConfig: requesting nits when no mapping exists.
12-31 02:07:18.721 1488 1606 I am_wtf : [0,1488,system_server,-1,DisplayDeviceConfig,requesting nits when no mapping exists.]
12-31 02:07:18.722 1488 1606 I am_wtf : [0,1488,system_server,-1,DisplayDeviceConfig,requesting nits when no mapping exists.]
12-31 02:07:18.738 1488 1871 E DisplayDeviceConfig: requesting nits when no mapping exists.
12-31 02:07:18.739 1488 1871 E DisplayDeviceConfig: requesting nits when no mapping exists.
12-31 02:07:18.739 1488 1606 I am_wtf : [0,1488,system_server,-1,DisplayDeviceConfig,requesting nits when no mapping exists.]
12-31 02:07:18.740 1488 1606 I am_wtf : [0,1488,system_server,-1,DisplayDeviceConfig,requesting nits when no mapping exists.]
12-31 02:07:18.754 1488 1871 E DisplayDeviceConfig: requesting nits when no mapping exists.
12-31 02:07:18.755 1488 1606 I am_wtf : [0,1488,system_server,-1,DisplayDeviceConfig,requesting nits when no mapping exists.]
12-31 02:07:18.755 1488 1871 E DisplayDeviceConfig: requesting nits when no mapping exists.
12-31 02:07:18.756 1488 1606 I am_wtf : [0,1488,system_server,-1,DisplayDeviceConfig,requesting nits when no mapping exists.]
12-31 02:07:18.772 1488 1871 E DisplayDeviceConfig: requesting nits when no mapping exists.
12-31 02:07:18.772 1488 1871 E DisplayDeviceConfig: requesting nits when no mapping exists.
12-31 02:07:18.772 1488 1606 I am_wtf : [0,1488,system_server,-1,DisplayDeviceConfig,requesting nits when no mapping exists.]
12-31 02:07:18.773 1488 1606 I am_wtf : [0,1488,system_server,-1,DisplayDeviceConfig,requesting nits when no mapping exists.]
12-31 02:07:18.788 1488 1871 E DisplayDeviceConfig: requesting nits when no mapping exists.
12-31 02:07:18.789 1488 1871 E DisplayDeviceConfig: requesting nits when no mapping exists.
12-31 02:07:18.789 1488 1606 I am_wtf : [0,1488,system_server,-1,DisplayDeviceConfig,requesting nits when no mapping exists.]
12-31 02:07:18.790 1488 1606 I am_wtf : [0,1488,system_server,-1,DisplayDeviceConfig,requesting nits when no mapping exists.]
12-31 02:07:18.805 1488 1871 E DisplayDeviceConfig: requesting nits when no mapping exists.
12-31 02:07:18.806 1488 1606 I am_wtf : [0,1488,system_server,-1,DisplayDeviceConfig,requesting nits when no mapping exists.]
12-31 02:07:18.806 1488 1871 E DisplayDeviceConfig: requesting nits when no mapping exists.
12-31 02:07:18.807 1488 1606 I am_wtf : [0,1488,system_server,-1,DisplayDeviceConfig,requesting nits when no mapping exists.]
12-31 02:07:18.822 1488 1871 E DisplayDeviceConfig: requesting nits when no mapping exists.
12-31 02:07:18.822 1488 1871 E DisplayDeviceConfig: requesting nits when no mapping exists.
12-31 02:07:18.822 1488 1606 I am_wtf : [0,1488,system_server,-1,DisplayDeviceConfig,requesting nits when no mapping exists.]
12-31 02:07:18.823 1488 1606 I am_wtf : [0,1488,system_server,-1,DisplayDeviceConfig,requesting nits when no mapping exists.]
12-31 02:07:18.838 1488 1871 E DisplayDeviceConfig: requesting nits when no mapping exists.
12-31 02:07:18.838 1488 1871 E DisplayDeviceConfig: requesting nits when no mapping exists.
12-31 02:07:18.838 1488 1606 I am_wtf : [0,1488,system_server,-1,DisplayDeviceConfig,requesting nits when no mapping exists.]
12-31 02:07:18.839 1488 1606 I am_wtf : [0,1488,system_server,-1,DisplayDeviceConfig,requesting nits when no mapping exists.]
12-31 02:07:18.855 1488 1871 E DisplayDeviceConfig: requesting nits when no mapping exists.
12-31 02:07:18.856 1488 1871 E DisplayDeviceConfig: requesting nits when no mapping exists.
12-31 02:07:18.856 1488 1606 I am_wtf : [0,1488,system_server,-1,DisplayDeviceConfig,requesting nits when no mapping exists.]
12-31 02:07:18.857 1488 1606 I am_wtf : [0,1488,system_server,-1,DisplayDeviceConfig,requesting nits when no mapping exists.]
12-31 02:07:18.872 1488 1871 E DisplayDeviceConfig: requesting nits when no mapping exists.
12-31 02:07:18.872 1488 1871 E DisplayDeviceConfig: requesting nits when no mapping exists.
12-31 02:07:18.872 1488 1606 I am_wtf : [0,1488,system_server,-1,DisplayDeviceConfig,requesting nits when no mapping exists.]
12-31 02:07:18.873 1488 1606 I am_wtf : [0,1488,system_server,-1,DisplayDeviceConfig,requesting nits when no mapping exists.]
12-31 02:07:18.889 1488 1871 E DisplayDeviceConfig: requesting nits when no mapping exists.
12-31 02:07:18.889 1488 1871 E DisplayDeviceConfig: requesting nits when no mapping exists.
12-31 02:07:18.889 1488 1606 I am_wtf : [0,1488,system_server,-1,DisplayDeviceConfig,requesting nits when no mapping exists.]
12-31 02:07:18.890 1488 1606 I am_wtf : [0,1488,system_server,-1,DisplayDeviceConfig,requesting nits when no mapping exists.]
12-31 02:07:18.905 1488 1871 E DisplayDeviceConfig: requesting nits when no mapping exists.
12-31 02:07:18.906 1488 1606 I am_wtf : [0,1488,system_server,-1,DisplayDeviceConfig,requesting nits when no mapping exists.]
12-31 02:07:18.906 1488 1871 E DisplayDeviceConfig: requesting nits when no mapping exists.
12-31 02:07:18.906 1488 1606 I am_wtf : [0,1488,system_server,-1,DisplayDeviceConfig,requesting nits when no mapping exists.]
12-31 02:07:18.921 1488 1871 E DisplayDeviceConfig: requesting nits when no mapping exists.
12-31 02:07:18.922 1488 1606 I am_wtf : [0,1488,system_server,-1,DisplayDeviceConfig,requesting nits when no mapping exists.]
12-31 02:07:18.922 1488 1871 E DisplayDeviceConfig: requesting nits when no mapping exists.
12-31 02:07:18.923 1488 1606 I am_wtf : [0,1488,system_server,-1,DisplayDeviceConfig,requesting nits when no mapping exists.]
12-31 02:07:18.938 1488 1871 E DisplayDeviceConfig: requesting nits when no mapping exists.
12-31 02:07:18.939 1488 1871 E DisplayDeviceConfig: requesting nits when no mapping exists.
12-31 02:07:18.939 1488 1606 I am_wtf : [0,1488,system_server,-1,DisplayDeviceConfig,requesting nits when no mapping exists.]
12-31 02:07:18.940 1488 1606 I am_wtf : [0,1488,system_server,-1,DisplayDeviceConfig,requesting nits when no mapping exists.]
12-31 02:07:18.955 1488 1871 E DisplayDeviceConfig: requesting nits when no mapping exists.
12-31 02:07:18.956 1488 1871 E DisplayDeviceConfig: requesting nits when no mapping exists.
12-31 02:07:18.956 1488 1606 I am_wtf : [0,1488,system_server,-1,DisplayDeviceConfig,requesting nits when no mapping exists.]
12-31 02:07:18.957 1488 1606 I am_wtf : [0,1488,system_server,-1,DisplayDeviceConfig,requesting nits when no mapping exists.]
12-31 02:07:24.987 1488 1622 I PowerManagerService: Napping display group (groupId=0, uid=1000)...
12-31 02:07:24.987 1488 1622 I PowerManagerService: Nap time (uid 1000)...
12-31 02:07:24.989 1488 1622 I DreamManagerService: Entering dreamland.
12-31 02:07:24.991 1488 1622 I PowerManagerService: Dreaming...
12-31 02:07:24.995 1488 1593 I DreamController: Starting dream: name=ComponentInfo{com.thundercomm.screensaver/com.thundercomm.saverclock.service.ClockScreensaver}, isTest=false, canDoze=false, userId=0
12-31 02:07:24.995 1488 1593 I sysui_multi_action: [757,222,758,1]
12-31 02:07:25.000 1488 1593 I am_uid_active: 10052
12-31 02:07:25.010 1488 1520 I ActivityTaskManager: START u0 {flg=0x10000000 pkg=com.thundercomm.screensaver cmp=com.thundercomm.screensaver/android.service.dreams.DreamActivity (has extras)} from uid 10052
12-31 02:07:25.011 1488 1605 I am_pss : [4458,1000,com.thundercomm.mcuupgrade,55883776,47554560,0,174272512,0,2,11]
12-31 02:07:25.012 1488 1520 I wm_task_created: [28,-1]
12-31 02:07:25.012 1488 1520 W ActivityTaskManager: Can't find TaskDisplayArea to determine support for multi window. Task id=28 attached=false
12-31 02:07:25.017 1488 1520 I wm_task_moved: [28,1,7]
12-31 02:07:25.017 1488 1520 I wm_task_to_front: [0,28]
12-31 02:07:25.018 1488 1520 I wm_create_task: [0,28]
12-31 02:07:25.018 1488 1520 I wm_create_activity: [0,244454435,28,com.thundercomm.screensaver/android.service.dreams.DreamActivity,NULL,NULL,NULL,276824064]
12-31 02:07:25.018 1488 1520 I wm_task_moved: [28,1,7]
12-31 02:07:25.018 4458 4458 I wm_on_top_resumed_lost_called: [205731203,com.thundercomm.mcuupgrade.MainActivity,topStateChangedWhenResumed]
12-31 02:07:25.018 1488 1520 I wm_pause_activity: [0,205731203,com.thundercomm.mcuupgrade/.MainActivity,userLeaving=true,pauseBackTasks]
12-31 02:07:25.020 4458 4458 I wm_on_paused_called: [205731203,com.thundercomm.mcuupgrade.MainActivity,performPause]
12-31 02:07:25.021 1488 4658 I ActivityTaskManager: FOREGROUND_APPLICATION_CHANGED to android.service.dreams.DreamActivity
12-31 02:07:25.021 1488 4658 I ActivityTaskManager: The Process com.thundercomm.screensaver Already Exists in BG. So sending its PID: 3973
12-31 02:07:25.021 1488 4658 W ActivityTaskManager: Tried to set launchTime (0) < mLastActivityLaunchTime (2603956)
12-31 02:07:25.022 1488 4658 I wm_add_to_stopping: [0,205731203,com.thundercomm.mcuupgrade/.MainActivity,makeInvisible]
12-31 02:07:25.022 1488 4658 I wm_restart_activity: [0,244454435,28,com.thundercomm.screensaver/android.service.dreams.DreamActivity]
12-31 02:07:25.023 1488 4658 I wm_set_resumed_activity: [0,com.thundercomm.screensaver/android.service.dreams.DreamActivity,minimalResumeActivityLocked]
12-31 02:07:25.028 1488 1596 I sysui_multi_action: [757,803,799,window_time_0,802,60]
12-31 02:07:25.029 3973 3973 I wm_on_create_called: [244454435,android.service.dreams.DreamActivity,performCreate]
12-31 02:07:25.029 3973 3973 I wm_on_start_called: [244454435,android.service.dreams.DreamActivity,handleStartActivity]
12-31 02:07:25.030 3973 3973 I wm_on_resume_called: [244454435,android.service.dreams.DreamActivity,RESUME_ACTIVITY]
12-31 02:07:25.031 1488 1520 W WindowManager: Failed looking up window session=Session{70b2ea8 3973:u0a10052} callers=com.android.server.wm.WindowManagerService.windowForClientLocked:5628 com.android.server.wm.Session.insetsModified:629 android.view.IWindowSession$Stub.onTransact:1151
12-31 02:07:25.031 2412 3733 W ContextImpl: Calling a method in the system process without a qualified user: android.app.ContextImpl.startService:1816 android.content.ContextWrapper.startService:774 com.thundercomm.gamemode.ingame.services.GameModeActionUtils.startGameModeService:99 com.thundercomm.gamemode.ingame.services.GameModeActionUtils.startGameModeEntry:22 com.thundercomm.gamemode.ingame.services.ActivityMonitoringService$1.onActivityLaunch:127
12-31 02:07:25.032 3973 3973 I wm_on_top_resumed_gained_called: [244454435,android.service.dreams.DreamActivity,topStateChangedWhenResumed]
12-31 02:07:25.033 1488 1488 I GameModeConfig: Current uri is uri = content://com.thundercomm.gamemode.api/gamemode_settings/gamemode_isgaming
12-31 02:07:25.035 1488 1488 I GameModeConfig: isGameModeOn = false
12-31 02:07:25.035 1488 1488 I GameModeConfig: isGameModeOn = false
12-31 02:07:25.035 1488 1488 I GameModeConfig: isDisableVoice = true
12-31 02:07:25.036 1488 1682 I input_focus: [Focus leaving b78bf51 com.thundercomm.mcuupgrade/com.thundercomm.mcuupgrade.MainActivity (server),reason=NO_WINDOW]
12-31 02:07:25.044 1488 1597 I input_focus: [Focus request 8e7cf7f com.thundercomm.screensaver/android.service.dreams.DreamActivity,reason=UpdateInputWindows]
12-31 02:07:25.061 1488 1593 I sysui_multi_action: [319,49,322,41,325,3171,757,761,758,8,759,2,806,com.thundercomm.screensaver,871,android.service.dreams.DreamActivity,904,com.thundercomm.screensaver,905,0,1320,4,1321,2]
12-31 02:07:25.061 1488 1593 I wm_activity_launch_time: [0,244454435,com.thundercomm.screensaver/android.service.dreams.DreamActivity,41]
12-31 02:07:25.062 1488 1622 V DisplayPowerController[0]: Brightness [1.0] reason changing to: 'manual', previous reason: 'manual [ dim ]'.
12-31 02:07:25.062 1488 1622 I sysui_multi_action: [757,1696,758,6,759,3]
12-31 02:07:25.069 1488 1871 E DisplayDeviceConfig: requesting nits when no mapping exists.
12-31 02:07:25.069 1488 1871 E DisplayDeviceConfig: requesting nits when no mapping exists.
12-31 02:07:25.070 1488 1606 I am_wtf : [0,1488,system_server,-1,DisplayDeviceConfig,requesting nits when no mapping exists.]
12-31 02:07:25.070 1488 1606 I service_manager_stats: [106,53,6983]
12-31 02:07:25.070 1488 1606 I am_wtf : [0,1488,system_server,-1,DisplayDeviceConfig,requesting nits when no mapping exists.]
12-31 02:07:25.085 1488 1871 E DisplayDeviceConfig: requesting nits when no mapping exists.
12-31 02:07:25.085 1488 1871 E DisplayDeviceConfig: requesting nits when no mapping exists.
12-31 02:07:25.086 1488 1606 I am_wtf : [0,1488,system_server,-1,DisplayDeviceConfig,requesting nits when no mapping exists.]
12-31 02:07:25.086 1488 1606 I am_wtf : [0,1488,system_server,-1,DisplayDeviceConfig,requesting nits when no mapping exists.]
