01-04 01:20:31.940 1133 3529 I wm_finish_activity: [0,134140385,25,com.android.settings/.Settings$ConnectedDeviceDashboardActivity,app-request]
01-04 01:20:31.940 3047 3047 I wm_on_create_called: [134140385,com.android.settings.Settings$ConnectedDeviceDashboardActivity,performCreate]
01-04 01:20:31.942 1133 5305 I wm_add_to_stopping: [0,134140385,com.android.settings/.Settings$ConnectedDeviceDashboardActivity,completeFinishing]
01-04 01:20:31.943 1133 5305 I ActivityTaskManager: FOREGROUND_APPLICATION_CHANGED to com.android.settings.homepage.SettingsHomepageActivity
01-04 01:20:31.944 1133 5305 I wm_set_resumed_activity: [0,com.android.settings/.Settings,resumeTopActivityInnerLocked]
01-04 01:20:31.947 1133 5305 I wm_resume_activity: [0,9665484,11,com.android.settings/.Settings]
01-04 01:20:31.950 3047 3047 I wm_on_restart_called: [9665484,com.android.settings.Settings,performRestartActivity]
01-04 01:20:31.952 1133 1650 I sysui_multi_action: [757,803,799,window_time_0,802,0]
01-04 01:20:31.954 3047 3047 E ActivityThread: Failed to find provider info for com.google.android.gms.nearby.fastpair
01-04 01:20:31.967 2455 2515 D StartingSurfaceDrawer: Task start finish, remove starting surface for task 25
01-04 01:20:31.967 2455 2515 V StartingSurfaceDrawer: Removing splash screen window for task: 25
01-04 01:20:31.968 3047 5885 E ActivityThread: Failed to find provider info for com.google.android.gms.nearby.fastpair
01-04 01:20:31.969 1133 1672 W BatteryExternalStatsWorker: error reading modem stats:ERROR_PHONE_NOT_AVAILABLE
01-04 01:20:32.015 1133 1672 E KernelCpuSpeedReader: Failed to read cpu-freq: /sys/devices/system/cpu/cpu4/cpufreq/stats/time_in_state: open failed: ENOENT (No such file or directory)
01-04 01:20:32.016 1133 1672 E KernelCpuSpeedReader: Failed to read cpu-freq: /sys/devices/system/cpu/cpu0/cpufreq/stats/time_in_state: open failed: ENOENT (No such file or directory)
01-04 01:20:32.015 576 576 I auditd : type=1400 audit(0.0:194): avc: denied { read } for comm="Binder:576_2" name="wakeup58" dev="sysfs" ino=77276 scontext=u:r:system_suspend:s0 tcontext=u:object_r:sysfs:s0 tclass=dir permissive=0
01-04 01:20:32.058 2956 4759 W ContextImpl: Calling a method in the system process without a qualified user: android.app.ContextImpl.startService:1816 android.content.ContextWrapper.startService:774 com.thundercomm.gamemode.ingame.services.GameModeActionUtils.startGameModeService:99 com.thundercomm.gamemode.ingame.services.GameModeActionUtils.startGameModeEntry:22 com.thundercomm.gamemode.ingame.services.ActivityMonitoringService$1.onActivityLaunch:129
01-04 01:20:32.023 576 576 I auditd : type=1400 audit(0.0:195): avc: denied { read } for comm="Binder:576_2" name="wakeup48" dev="sysfs" ino=72751 scontext=u:r:system_suspend:s0 tcontext=u:object_r:sysfs:s0 tclass=dir permissive=0
01-04 01:20:32.063 1133 1133 I GameModeConfig: Current uri is uri = content://com.thundercomm.gamemode.api/gamemode_settings/gamemode_isgaming
01-04 01:20:32.067 1133 1133 I GameModeConfig: isGameModeOn = false
01-04 01:20:32.067 1133 1133 I GameModeConfig: isGameModeOn = false
01-04 01:20:32.067 1133 1133 I GameModeConfig: isDisableVoice = true
01-01 08:07:11.077 0 0 W audit : audit_lost=19 audit_rate_limit=5 audit_backlog_limit=64
01-01 08:07:11.098 0 0 E audit : rate limit exceeded
01-04 01:20:32.080 1133 1133 I service_manager_slow: [12,phone]
01-04 01:20:32.023 576 576 I auditd : type=1400 audit(0.0:196): avc: denied { read } for comm="Binder:576_2" name="wakeup4" dev="sysfs" ino=47149 scontext=u:r:system_suspend:s0 tcontext=u:object_r:sysfs:s0 tclass=dir permissive=0
01-04 01:20:32.031 576 576 I auditd : type=1400 audit(0.0:197): avc: denied { read } for comm="Binder:576_2" name="wakeup28" dev="sysfs" ino=56449 scontext=u:r:system_suspend:s0 tcontext=u:object_r:sysfs:s0 tclass=dir permissive=0
01-04 01:20:32.035 576 576 I auditd : type=1400 audit(0.0:198): avc: denied { read } for comm="Binder:576_2" name="wakeup56" dev="sysfs" ino=77204 scontext=u:r:system_suspend:s0 tcontext=u:object_r:sysfs:s0 tclass=dir permissive=0
01-04 01:20:32.039 576 576 I auditd : type=1400 audit(0.0:199): avc: denied { read } for comm="Binder:576_2" name="wakeup2" dev="sysfs" ino=46673 scontext=u:r:system_suspend:s0 tcontext=u:object_r:sysfs:s0 tclass=dir permissive=0
01-04 01:20:32.197 1133 1672 D KernelCpuUidUserSysTimeReader: Removing uids 1037-1037
01-04 01:20:32.216 1133 1672 W BatteryExternalStatsWorker: error reading modem stats:ERROR_PHONE_NOT_AVAILABLE
01-04 01:20:32.218 1133 1672 E KernelCpuSpeedReader: Failed to read cpu-freq: /sys/devices/system/cpu/cpu4/cpufreq/stats/time_in_state: open failed: ENOENT (No such file or directory)
01-04 01:20:32.218 1133 1672 E KernelCpuSpeedReader: Failed to read cpu-freq: /sys/devices/system/cpu/cpu0/cpufreq/stats/time_in_state: open failed: ENOENT (No such file or directory)
01-04 01:20:32.260 3047 3047 I wm_on_start_called: [9665484,com.android.settings.Settings,handleStartActivity]
01-04 01:20:32.261 3047 3047 I snet_event_log: [120484087,-1,]
01-04 01:20:32.262 3047 3047 I wm_on_resume_called: [9665484,com.android.settings.Settings,RESUME_ACTIVITY]
01-04 01:20:32.262 3047 3047 I sysui_multi_action: [757,35,758,1,833,0,1089,0]
01-04 01:20:32.263 3047 3047 I sysui_multi_action: [757,747,758,1,833,0,1089,0]
01-04 01:20:32.266 3047 3047 I wm_on_top_resumed_gained_called: [9665484,com.android.settings.Settings,topWhenResuming]
01-04 01:20:32.346 1133 1647 I sysui_multi_action: [319,88,321,69,322,486,325,408,757,761,758,8,759,1,806,com.android.settings,871,com.android.settings.Settings,904,com.android.launcher3,905,0,1320,4,1321,1]
01-04 01:20:32.348 1133 1647 I wm_activity_launch_time: [0,9665484,com.android.settings/.Settings,486]
01-04 01:20:32.444 1133 2396 I GameModeConfig: isGameModeOn = false
01-04 01:20:32.444 1133 2396 I GameModeConfig: isGameModeOn = false
01-04 01:20:32.444 1133 2396 I GameModeConfig: isGameModeOn = false
01-04 01:20:32.444 1133 2396 I GameModeConfig: isGameModeOn = false
01-04 01:20:32.444 1133 1650 I wm_stop_activity: [0,265289557,com.android.music/.MusicBrowserActivity]
01-04 01:20:32.444 1133 2396 I GameModeConfig: isGameModeOn = false
01-04 01:20:32.446 1133 1133 I notification_enqueue: [10087,2455,com.android.systemui,2048,NULL,0,Notification(channel=updateNotification shortcut=null contentView=null vibrate=null sound=null defaults=0x0 flags=0x0 color=0x00000000 vis=PRIVATE),1]
01-04 01:20:32.446 2455 2455 I sysui_multi_action: [757,111,758,2]
01-04 01:20:32.446 2455 2455 I sysui_multi_action: [757,111,758,2]
01-04 01:20:32.459 1133 1651 I input_focus: [Focus request e019439 com.android.settings/com.android.settings.Settings,reason=UpdateInputWindows]
01-04 01:20:32.463 3047 3047 I sysui_multi_action: [757,747,758,2,1089,199]
01-04 01:20:32.471 5277 5277 I wm_on_stop_called: [265289557,com.android.music.MusicBrowserActivity,STOP_ACTIVITY_ITEM]
01-04 01:20:32.478 1133 2848 I sysui_multi_action: [757,128,758,2,793,327536,794,110788,795,327536,796,26,798,0,806,android,857,DEVELOPER_IMPORTANT,858,4,947,0,1395,3,1500,327535,1688,1]
01-04 01:20:32.479 1133 1890 I input_focus: [Focus leaving c9f1bc8 NotificationShade (server),reason=NOT_FOCUSABLE]
01-04 01:20:32.479 1133 2848 I notification_visibility: [-1|android|26|null|1000,0,327536,327536,0,0]
01-04 01:20:32.479 1133 1890 I input_focus: [Focus entering e019439 com.android.settings/com.android.settings.Settings (server),reason=setFocusedWindow]
01-04 01:20:32.479 1133 2848 I sysui_multi_action: [757,128,758,2,793,327449,794,110788,795,327449,796,55,798,1,806,android,857,DEVELOPER,858,2,947,0,1395,3,1500,327449,1688,1]
01-04 01:20:32.479 1133 2848 I notification_visibility: [-1|android|55|null|1000,0,327449,327449,0,1]
01-04 01:20:32.480 1133 2848 I sysui_multi_action: [757,128,758,2,793,328339,794,110789,795,328339,796,32,798,2,806,android,857,USB,858,1,947,0,1395,3,1500,327767,1688,1]
01-04 01:20:32.480 1133 2848 I notification_visibility: [-1|android|32|null|1000,0,328339,328339,0,2]
01-04 01:20:32.481 1133 2848 I sysui_multi_action: [757,127,758,2]
01-04 01:20:32.481 1133 2848 I notification_panel_hidden:
01-04 01:20:32.494 2956 4759 W ContextImpl: Calling a method in the system process without a qualified user: android.app.ContextImpl.startService:1816 android.content.ContextWrapper.startService:774 com.thundercomm.gamemode.ingame.services.GameModeActionUtils.startGameModeService:99 com.thundercomm.gamemode.ingame.services.GameModeActionUtils.startGameModeEntry:22 com.thundercomm.gamemode.ingame.services.ActivityMonitoringService$1.onActivityLaunch:129
01-04 01:20:32.495 2455 2455 I view_enqueue_input_event: [Motion - Cancel,NotificationShade]
01-04 01:20:32.498 1133 1133 I GameModeConfig: Current uri is uri = content://com.thundercomm.gamemode.api/gamemode_settings/gamemode_isgaming
01-04 01:20:32.501 1133 1133 I GameModeConfig: isGameModeOn = false
01-04 01:20:32.501 1133 1133 I GameModeConfig: isGameModeOn = false
01-04 01:20:32.501 1133 1133 I GameModeConfig: isDisableVoice = true
01-04 01:20:32.502 1133 1890 I input_interaction: Interaction with: edge-swipe (server), swipe-up (server), PointerEventDispatcher0 (server),
01-04 01:20:32.648 1133 1133 I GameModeConfig: isGameModeOn = false
01-04 01:20:32.714 3047 3047 E ActivityThread: Failed to find provider info for com.google.android.gms.nearby.fastpair
01-04 01:20:32.714 3047 5662 E ActivityThread: Failed to find provider info for com.google.android.gms.nearby.fastpair
01-04 01:20:32.814 1133 1650 I wm_destroy_activity: [0,134140385,25,com.android.settings/.Settings$ConnectedDeviceDashboardActivity,finish-imm:idle]
01-04 01:20:32.929 3047 3047 I sysui_multi_action: [757,747,758,1,833,0,1089,461]
01-04 01:20:32.931 3047 3047 I sysui_multi_action: [757,1729,758,4,854,isParalleledControllers:false,1089,463]
01-04 01:20:32.960 3047 3047 I wm_on_destroy_called: [134140385,com.android.settings.Settings$ConnectedDeviceDashboardActivity,performDestroy]
01-04 01:20:32.965 1133 3017 I wm_task_removed: [25,removeChild:removeChild last r=ActivityRecord{7fed1e1 u0 com.android.settings/.Settings$ConnectedDeviceDashboardActivity t-1 f}} in t=Task{9eae192 #25 type=standard A=1000:com.android.settings U=0 visible=false mode=fullscreen translucent=true sz=0}]
01-04 01:20:32.965 1133 3017 I wm_task_removed: [25,removeChild]
01-04 01:20:32.969 1133 1651 W ActivityTaskManager: Can't find TaskDisplayArea to determine support for multi window. Task id=25 attached=false
01-04 01:20:32.969 1133 1651 W ActivityTaskManager: Can't find TaskDisplayArea to determine support for multi window. Task id=25 attached=false
01-04 01:20:33.442 1133 1890 I input_interaction: Interaction with: e019439 com.android.settings/com.android.settings.Settings (server), edge-swipe (server), swipe-up (server), PointerEventDispatcher0 (server),
01-04 01:20:33.512 3047 3047 I sysui_multi_action: [757,830,758,4,833,0,854,add_bt_devices,1089,0]
01-04 01:20:33.528 3047 3047 I sysui_multi_action: [757,747,758,2,1089,599]
01-04 01:20:33.551 3047 3047 I sysui_multi_action: [757,1018,758,1,833,0,1089,20]
01-04 01:20:33.553 3047 3047 I sysui_multi_action: [757,1729,758,4,854,isParalleledControllers:false,1089,22]
01-04 01:20:35.080 3047 3047 I sysui_multi_action: [757,866,758,4]
01-04 01:20:35.911 1133 4178 E TaskPersister: File error accessing recents directory (directory doesn't exist?).
01-04 01:20:36.367 1133 1133 D CompanionDeviceManagerService: onDeviceConnected(address = BE:95:6F:08:63:06)
01-04 01:20:36.367 1133 1133 I CompanionDeviceManagerService: onDeviceNearby(justAppeared, address = BE:95:6F:08:63:06)
01-04 01:20:36.913 1133 2503 I thunderperf: PlatormCompat.setOverrides: Uid1=1000 Pid1=3047 Uid2=1000 Pid2=3047
01-04 01:20:36.913 1133 2503 I thunderperf: PlatormCompat.setOverrides: needCheck:false
01-04 01:20:36.940 1133 2503 I ActivityTaskManager: START u0 {act=android.bluetooth.device.action.PAIRING_REQUEST flg=0x10000000 cmp=com.android.settings/.bluetooth.BluetoothPairingDialog (has extras)} from uid 1000
01-04 01:20:36.951 1133 2503 I wm_task_created: [26,-1]
01-04 01:20:36.951 1133 2503 W ActivityTaskManager: Can't find TaskDisplayArea to determine support for multi window. Task id=26 attached=false
01-04 01:20:36.954 1133 2503 I wm_task_moved: [26,1,9]
01-04 01:20:36.954 1133 2503 I wm_task_to_front: [0,26]
01-04 01:20:36.954 1133 2503 I wm_create_task: [0,26]
01-04 01:20:36.954 1133 2503 I wm_create_activity: [0,19296091,26,com.android.settings/.bluetooth.BluetoothPairingDialog,android.bluetooth.device.action.PAIRING_REQUEST,NULL,NULL,276824064]
01-04 01:20:36.954 1133 2503 I wm_task_moved: [26,1,9]
01-04 01:20:36.956 1133 2503 I wm_pause_activity: [0,9665484,com.android.settings/.Settings,userLeaving=true,pauseBackTasks]
01-04 01:20:36.963 3047 3047 I wm_on_top_resumed_lost_called: [9665484,com.android.settings.Settings,topStateChangedWhenResumed]
01-04 01:20:36.965 3047 3047 I sysui_multi_action: [757,35,758,2,1089,4703]
01-04 01:20:36.965 3047 3047 I sysui_multi_action: [757,1018,758,2,1089,3415]
01-04 01:20:36.965 3047 3047 I wm_on_paused_called: [9665484,com.android.settings.Settings,performPause]
01-04 01:20:36.966 1133 3017 I ActivityTaskManager: FOREGROUND_APPLICATION_CHANGED to com.android.settings.bluetooth.BluetoothPairingDialog
01-04 01:20:36.967 1133 3017 I ActivityTaskManager: The Process com.android.settings Already Exists in BG. So sending its PID: 3047
01-04 01:20:36.967 1133 3017 W ActivityTaskManager: Tried to set launchTime (0) < mLastActivityLaunchTime (408630)
01-04 01:20:36.968 1133 3017 I wm_restart_activity: [0,19296091,26,com.android.settings/.bluetooth.BluetoothPairingDialog]
01-04 01:20:36.969 1133 3017 I wm_set_resumed_activity: [0,com.android.settings/.bluetooth.BluetoothPairingDialog,minimalResumeActivityLocked]
01-04 01:20:36.974 1133 1650 I sysui_multi_action: [757,803,799,window_time_0,802,5]
01-04 01:20:36.981 3047 3047 I wm_on_create_called: [19296091,com.android.settings.bluetooth.BluetoothPairingDialog,performCreate]
01-04 01:20:37.000 3047 3047 I wm_on_start_called: [19296091,com.android.settings.bluetooth.BluetoothPairingDialog,handleStartActivity]
01-04 01:20:37.000 3047 3047 I wm_on_resume_called: [19296091,com.android.settings.bluetooth.BluetoothPairingDialog,RESUME_ACTIVITY]
01-04 01:20:37.001 3047 3047 I sysui_multi_action: [757,613,758,1,833,0,1089,17]
01-04 01:20:37.004 3047 3047 I wm_on_top_resumed_gained_called: [19296091,com.android.settings.bluetooth.BluetoothPairingDialog,topStateChangedWhenResumed]
01-04 01:20:37.009 1133 1651 I input_focus: [Focus request 15f10c2 com.android.settings/com.android.settings.bluetooth.BluetoothPairingDialog,reason=UpdateInputWindows]
01-04 01:20:37.021 1133 1890 I input_focus: [Focus leaving e019439 com.android.settings/com.android.settings.Settings (server),reason=Waiting for window because NOT_VISIBLE]
01-04 01:20:37.027 1133 1647 I wm_activity_launch_time: [0,19296091,com.android.settings/.bluetooth.BluetoothPairingDialog,82]
01-04 01:20:37.038 1133 1890 I input_focus: [Focus entering 15f10c2 com.android.settings/com.android.settings.bluetooth.BluetoothPairingDialog (server),reason=Window became focusable. Previous reason: NOT_VISIBLE]
01-04 01:20:37.079 2956 4759 W ContextImpl: Calling a method in the system process without a qualified user: android.app.ContextImpl.startService:1816 android.content.ContextWrapper.startService:774 com.thundercomm.gamemode.ingame.services.GameModeActionUtils.startGameModeService:99 com.thundercomm.gamemode.ingame.services.GameModeActionUtils.startGameModeEntry:22 com.thundercomm.gamemode.ingame.services.ActivityMonitoringService$1.onActivityLaunch:129
01-04 01:20:37.082 1133 1133 I GameModeConfig: Current uri is uri = content://com.thundercomm.gamemode.api/gamemode_settings/gamemode_isgaming
01-04 01:20:37.084 1133 1133 I GameModeConfig: isGameModeOn = false
01-04 01:20:37.084 1133 1133 I GameModeConfig: isGameModeOn = false
01-04 01:20:37.084 1133 1133 I GameModeConfig: isDisableVoice = true
01-04 01:20:38.571 1133 1890 I input_interaction: Interaction with: 15f10c2 com.android.settings/com.android.settings.bluetooth.BluetoothPairingDialog (server), edge-swipe (server), swipe-up (server), PointerEventDispatcher0 (server),
01-04 01:20:39.667 1133 1813 I wm_finish_activity: [0,19296091,26,com.android.settings/.bluetooth.BluetoothPairingDialog,app-request]
01-04 01:20:39.667 1133 1813 I wm_task_moved: [11,1,9]
01-04 01:20:39.667 1133 1813 I wm_task_to_front: [0,11]
01-04 01:20:39.672 1133 1813 I wm_focused_root_task: [0,0,11,26,finish-top adjustFocusToNextFocusableTask]
01-04 01:20:39.692 1133 1813 I wm_pause_activity: [0,19296091,com.android.settings/.bluetooth.BluetoothPairingDialog,userLeaving=false,finish]
01-04 01:20:39.699 1133 1651 I input_focus: [Focus request e019439 com.android.settings/com.android.settings.Settings,reason=UpdateInputWindows]
01-04 01:20:39.717 3047 3047 I wm_on_top_resumed_lost_called: [19296091,com.android.settings.bluetooth.BluetoothPairingDialog,topStateChangedWhenResumed]
01-04 01:20:39.719 3047 3047 I sysui_multi_action: [757,613,758,2,1089,2719]
01-04 01:20:39.720 3047 3047 I wm_on_paused_called: [19296091,com.android.settings.bluetooth.BluetoothPairingDialog,performPause]
01-04 01:20:39.721 1133 2503 I ActivityTaskManager: FOREGROUND_APPLICATION_CHANGED to com.android.settings.homepage.SettingsHomepageActivity
01-04 01:20:39.722 1133 2503 I wm_set_resumed_activity: [0,com.android.settings/.Settings,resumeTopActivityInnerLocked]
01-04 01:20:39.723 1133 2503 I wm_resume_activity: [0,9665484,11,com.android.settings/.Settings]
01-04 01:20:39.729 1133 1890 I input_focus: [Focus entering e019439 com.android.settings/com.android.settings.Settings (server),reason=setFocusedWindow]
01-04 01:20:39.739 3047 3047 I wm_on_resume_called: [9665484,com.android.settings.Settings,RESUME_ACTIVITY]
01-04 01:20:39.739 3047 3047 I sysui_multi_action: [757,35,758,1,833,0,1089,0]
01-04 01:20:39.742 3047 3047 I sysui_multi_action: [757,1018,758,1,833,0,1089,0]
01-04 01:20:39.744 1133 1650 I sysui_multi_action: [757,803,799,window_time_0,802,3]
01-04 01:20:39.746 3047 3047 I wm_on_top_resumed_gained_called: [9665484,com.android.settings.Settings,topWhenResuming]
01-04 01:20:39.778 1133 1583 I wm_destroy_activity: [0,19296091,26,com.android.settings/.bluetooth.BluetoothPairingDialog,finish-idle]
01-04 01:20:39.780 3047 3047 I wm_on_stop_called: [19296091,com.android.settings.bluetooth.BluetoothPairingDialog,LIFECYCLER_STOP_ACTIVITY]
01-04 01:20:39.781 3047 3047 I wm_on_destroy_called: [19296091,com.android.settings.bluetooth.BluetoothPairingDialog,performDestroy]
01-04 01:20:39.843 2956 4759 W ContextImpl: Calling a method in the system process without a qualified user: android.app.ContextImpl.startService:1816 android.content.ContextWrapper.startService:774 com.thundercomm.gamemode.ingame.services.GameModeActionUtils.startGameModeService:99 com.thundercomm.gamemode.ingame.services.GameModeActionUtils.startGameModeEntry:22 com.thundercomm.gamemode.ingame.services.ActivityMonitoringService$1.onActivityLaunch:129
01-04 01:20:39.865 1133 1133 I GameModeConfig: Current uri is uri = content://com.thundercomm.gamemode.api/gamemode_settings/gamemode_isgaming
01-04 01:20:39.873 1133 1133 I GameModeConfig: isGameModeOn = false
01-04 01:20:39.874 1133 1133 I GameModeConfig: isGameModeOn = false
01-04 01:20:39.874 1133 1133 I GameModeConfig: isDisableVoice = true
01-04 01:20:39.993 1133 1651 I wm_task_removed: [26,removeChild:removeChild last r=ActivityRecord{1266f5b u0 com.android.settings/.bluetooth.BluetoothPairingDialog t-1 f}} in t=Task{e9de54b #26 type=standard A=1000:.bluetooth.BluetoothPairingDialog U=0 visible=false mode=fullscreen translucent=true sz=0}]
01-04 01:20:39.993 1133 1651 I wm_task_removed: [26,removeChild]
01-04 01:20:39.997 1133 1651 W ActivityTaskManager: Can't find TaskDisplayArea to determine support for multi window. Task id=26 attached=false
01-04 01:20:39.997 1133 1651 W ActivityTaskManager: Can't find TaskDisplayArea to determine support for multi window. Task id=26 attached=false
01-04 01:20:40.370 1133 1133 I Telecom : BluetoothStateReceiver: Device BE:95:6F:08:63:06 changed state to 1: BSR.oR@ADc
01-04 01:20:40.477 3047 3047 I sysui_multi_action: [757,1018,758,2,1089,736]
01-04 01:20:40.516 3047 3047 E ActivityThread: Failed to find provider info for com.google.android.gms.nearby.fastpair
01-04 01:20:40.518 3047 5918 E ActivityThread: Failed to find provider info for com.google.android.gms.nearby.fastpair
01-04 01:20:40.636 1133 1133 I Telecom : BluetoothStateReceiver: Device BE:95:6F:08:63:06 changed state to 2: BSR.oR@ADg
01-04 01:20:40.637 1133 3159 I Telecom : BluetoothRouteManager: Message received: NEW_DEVICE_CONNECTED.: BSR.oR->BRM.pM_1@ADg
01-04 01:20:40.637 1133 3161 I Telecom : CallAudioRouteStateMachine: Message received: BLUETOOTH_DEVICE_LIST_CHANGED=7, arg1=0: BSR.oR->CARSM.pM_BLUETOOTH_DEVICE_LIST_CHANGED@ADg
01-04 01:20:40.637 1133 3161 I Telecom : QuiescentEarpieceRoute: Processing message BLUETOOTH_DEVICE_LIST_CHANGED: BSR.oR->CARSM.pM_BLUETOOTH_DEVICE_LIST_CHANGED@ADg
01-04 01:20:40.637 1133 3161 I Telecom : Logging.Events: Non-call EVENT: AUDIO_ROUTE, Bluetooth device list changed: BSR.oR->CARSM.pM_BLUETOOTH_DEVICE_LIST_CHANGED@ADg
01-04 01:20:40.643 1133 1133 I Telecom : BluetoothStateReceiver: Device BE:95:6F:08:63:06 is now the preferred BT device for HFP: BSR.oR@ADk
01-04 01:20:40.715 1133 2503 I volume_changed: [6,7,15,15,com.android.bluetooth]
01-04 01:20:40.730 3047 3047 I sysui_multi_action: [757,747,758,1,833,0,1089,0]
01-01 08:07:19.981 0 0 I afe_close: port_id = 0x400e
01-01 08:07:19.992 0 0 I btfm_slim_disable_ch: port:16, grp: 0, ch->grph:0x0, ch->ch_hdl:0x1d
01-01 08:07:20.040 0 0 I afe_find_cal_topo_id_by_port: port id: 0x9000, dev_acdb_id: 0
01-01 08:07:20.047 0 0 I afe_find_cal_topo_id_by_port: top_id:112fc acdb_id:15 afe_port:0x9000
01-01 08:07:20.055 0 0 I afe_get_cal_topology_id: port_id = 0x9000 acdb_id = 15 topology_id = 0x112fc cal_type_index=8 ret=0
01-01 08:07:20.066 0 0 I afe_send_port_topology_id: AFE set topology id 0x112fc enable for port 0x9000 ret 0
01-01 08:07:20.075 0 0 I send_afe_cal_type: cal_index is 0
01-01 08:07:20.080 0 0 I send_afe_cal_type: dev_acdb_id[55] is 0
01-01 08:07:20.085 0 0 I send_afe_cal_type: Sending cal_index cal 0
01-01 08:07:20.090 0 0 E send_afe_cal_type: No cal sent for cal_index 0, port_id = 0x9000! ret -22
01-01 08:07:20.099 0 0 I afe_send_hw_delay: port_id 0x9000 rate 48000 delay_usec 474 status 0
01-01 08:07:20.120 0 0 I afe_close: port_id = 0x9000
01-01 08:07:20.201 0 0 I btfm_slim_hw_init: PGD Enum Addr: 00:01:20:02:17: 02
01-01 08:07:20.207 0 0 I btfm_slim_hw_init: IFD Enum Addr: 00:00:20:02:17: 02
01-01 08:07:20.214 0 0 I btfm_slim_hw_init: chipset soc version:400a0200
01-01 08:07:20.219 0 0 I btfm_slim_hw_init: chipset is hastings 2.0, overwriting EA
01-01 08:07:20.226 0 0 I btfm_slim_hw_init: PGD Enum Addr: 00:01:20:02:17: 02
01-01 08:07:20.232 0 0 I btfm_slim_hw_init: IFD Enum Addr: 00:00:20:02:17: 02
01-01 08:07:20.239 0 0 I btfm_slim_alloc_port: chipset soc version:400a0200
01-01 08:07:20.260 0 0 I btfm_slim_enable_ch: chipset soc version:400a0200
01-01 08:07:20.266 0 0 I btfm_slim_enable_ch: channel define - prot:2, dataf:0, auxf:0
01-01 08:07:20.273 0 0 I btfm_slim_enable_ch: channel define - rates:44100, baser:2, ratem:4
01-01 08:07:20.280 0 0 I btfm_slim_enable_ch: slim_connect_sink(port: 16, ch: 157)
01-01 08:07:20.287 0 0 I btfm_slim_enable_ch: port: 16, ch: 157, grp: 0, ch->grph: 0x0, ch_hdl: 0x1d
01-01 08:07:20.297 0 0 I __afe_port_start: port id: 0x400e
01-01 08:07:20.302 0 0 I afe_find_cal_topo_id_by_port: port id: 0x400e, dev_acdb_id: 20
01-01 08:07:20.309 0 0 I afe_find_cal_topo_id_by_port: top_id:112fc acdb_id:20 afe_port_id:0x400e
01-01 08:07:20.317 0 0 I afe_get_cal_topology_id: port_id = 0x400e acdb_id = 20 topology_id = 0x112fc cal_type_index=8 ret=0
01-01 08:07:20.330 0 0 I afe_send_port_topology_id: AFE set topology id 0x112fc enable for port 0x400e ret 0
01-01 08:07:20.339 0 0 I send_afe_cal_type: cal_index is 0
01-01 08:07:20.343 0 0 I send_afe_cal_type: dev_acdb_id[119] is 20
01-01 08:07:20.348 0 0 I afe_find_cal: cal_index 0 port_id 0x400e port_index 119
01-01 08:07:20.355 0 0 I afe_find_cal: acdb_id 20 dev_acdb_id 20 sample_rate 48000 afe_sample_rates 44100
01-01 08:07:20.364 0 0 I afe_find_cal: no matching cal_block found
01-01 08:07:20.369 0 0 E : send_afe_cal_type cal_block not found!!
01-01 08:07:20.374 0 0 I afe_send_hw_delay: port_id 0x400e rate 44100 delay_usec 0 status 0
01-04 01:20:41.387 1133 2502 I dvm_lock_sample: [system_server,0,Binder:1133_5,514,AudioDeviceBroker.java,1045,void com.android.server.audio.AudioDeviceBroker.setAvrcpAbsoluteVolumeSupported(boolean),-,1063,int com.android.server.audio.AudioDeviceBroker.getA2dpCodec(android.bluetooth.BluetoothDevice),100]
01-04 01:20:41.400 1133 2400 I volume_changed: [3,16,19,39,onBluetoothA2dpActiveDeviceChange]
01-04 01:20:41.400 1133 3017 I dvm_lock_sample: [system_server,1,Binder:1133_A,486,AudioService.java,6202,int com.android.server.audio.AudioService.getDevicesForStreamInt(int),-,6203,int com.android.server.audio.AudioService.getDevicesForStreamInt(int),97]
01-04 01:20:42.147 1133 1829 I commit_sys_config_file: [settings-1-0,14]
01-04 01:20:42.699 1133 2396 I GameModeConfig: isGameModeOn = false
01-04 01:20:42.753 1133 4178 E TaskPersister: File error accessing recents directory (directory doesn't exist?).
01-04 01:20:44.660 1133 1890 I input_interaction: Interaction with: e019439 com.android.settings/com.android.settings.Settings (server), edge-swipe (server), swipe-up (server), PointerEventDispatcher0 (server),
01-04 01:20:44.813 3047 3047 I sysui_multi_action: [757,830,758,4,833,0,854,available_media_bt,1089,0]
01-04 01:20:44.820 1133 3017 I thunderperf: PlatormCompat.setOverrides: Uid1=1000 Pid1=3047 Uid2=1000 Pid2=3047
01-04 01:20:44.820 1133 3017 I thunderperf: PlatormCompat.setOverrides: needCheck:false
01-04 01:20:44.852 1133 3017 I ActivityTaskManager: START u0 {act=android.intent.action.MAIN cmp=com.android.settings/.SubSettings (has extras)} from uid 1000
01-04 01:20:44.859 1133 3017 I wm_task_moved: [11,1,8]
01-04 01:20:44.859 1133 3017 I wm_set_resumed_activity: [0,com.android.settings/.Settings,positionChildAt]
01-04 01:20:44.859 1133 3017 I wm_create_activity: [0,160373727,11,com.android.settings/.SubSettings,android.intent.action.MAIN,NULL,NULL,0]
01-04 01:20:44.862 1133 3017 I wm_pause_activity: [0,9665484,com.android.settings/.Settings,userLeaving=true,resumeTopActivityInnerLocked]
01-04 01:20:44.865 3047 3047 I wm_on_top_resumed_lost_called: [9665484,com.android.settings.Settings,topStateChangedWhenResumed]
01-04 01:20:44.866 3047 3047 I sysui_multi_action: [757,35,758,2,1089,5127]
01-04 01:20:44.867 3047 3047 I sysui_multi_action: [757,747,758,2,1089,4136]
01-04 01:20:44.867 3047 3047 I wm_on_paused_called: [9665484,com.android.settings.Settings,performPause]
01-04 01:20:44.868 1133 3017 I ActivityTaskManager: FOREGROUND_APPLICATION_CHANGED to com.android.settings.SubSettings
01-04 01:20:44.868 1133 3017 I ActivityTaskManager: The Process com.android.settings Already Exists in BG. So sending its PID: 3047
01-04 01:20:44.868 1133 3017 W ActivityTaskManager: Tried to set launchTime (0) < mLastActivityLaunchTime (413720)
01-04 01:20:44.868 1133 3017 I wm_add_to_stopping: [0,9665484,com.android.settings/.Settings,makeInvisible]
01-04 01:20:44.870 1133 3017 I wm_restart_activity: [0,160373727,11,com.android.settings/.SubSettings]
01-04 01:20:44.871 1133 3017 I wm_set_resumed_activity: [0,com.android.settings/.SubSettings,minimalResumeActivityLocked]
01-04 01:20:44.874 1133 1650 I sysui_multi_action: [757,803,799,window_time_0,802,5]
01-04 01:20:44.889 1133 1890 I input_focus: [Focus leaving e019439 com.android.settings/com.android.settings.Settings (server),reason=NO_WINDOW]
01-04 01:20:44.890 1133 3017 I thunderperf: PlatormCompat.setOverrides: Uid1=1000 Pid1=3047 Uid2=1000 Pid2=3047
01-04 01:20:44.890 1133 3017 I thunderperf: PlatormCompat.setOverrides: needCheck:false
01-04 01:20:44.898 1133 3017 I ActivityTaskManager: START u0 {act=android.intent.action.MAIN cmp=com.android.settings/.homepage.SettingsHomepageActivity (has extras)} from uid 1000
01-04 01:20:44.899 1133 3017 I wm_finish_activity: [0,160373727,11,com.android.settings/.SubSettings,clear-task-stack]
01-04 01:20:44.904 1133 3017 I wm_pause_activity: [0,160373727,com.android.settings/.SubSettings,userLeaving=false,finish]
01-04 01:20:44.904 1133 3017 I wm_new_intent: [0,9665484,11,com.android.settings/.Settings,android.intent.action.MAIN,NULL,NULL,270532608]
01-04 01:20:44.905 1133 3017 I wm_task_moved: [11,1,8]
01-04 01:20:44.907 1133 3017 W ActivityTaskManager: Duplicate finish request for r=ActivityRecord{98f1bdf u0 com.android.settings/.SubSettings t11 f}}
01-04 01:20:44.908 3047 3047 I wm_on_create_called: [160373727,com.android.settings.SubSettings,performCreate]
01-04 01:20:44.911 1133 2502 I wm_add_to_stopping: [0,160373727,com.android.settings/.SubSettings,completeFinishing]
01-04 01:20:44.911 1133 2502 I ActivityTaskManager: FOREGROUND_APPLICATION_CHANGED to com.android.settings.homepage.SettingsHomepageActivity
01-04 01:20:44.912 1133 2502 I wm_set_resumed_activity: [0,com.android.settings/.Settings,resumeTopActivityInnerLocked]
01-04 01:20:44.914 1133 2502 I wm_resume_activity: [0,9665484,11,com.android.settings/.Settings]
01-04 01:20:44.918 1133 1651 I input_focus: [Focus request e019439 com.android.settings/com.android.settings.Settings,reason=UpdateInputWindows]
01-04 01:20:44.918 1133 1650 I sysui_multi_action: [757,803,799,window_time_0,802,0]
01-04 01:20:44.919 3047 3047 I wm_on_resume_called: [9665484,com.android.settings.Settings,RESUME_ACTIVITY]
01-04 01:20:44.920 3047 3047 I sysui_multi_action: [757,35,758,1,833,0,1089,0]
01-04 01:20:44.921 3047 3047 I sysui_multi_action: [757,747,758,1,833,0,1089,0]
01-04 01:20:44.928 3047 3047 I wm_on_top_resumed_gained_called: [9665484,com.android.settings.Settings,topWhenResuming]
01-04 01:20:44.939 1133 1890 I input_focus: [Focus entering e019439 com.android.settings/com.android.settings.Settings (server),reason=Window became focusable. Previous reason: NO_WINDOW]
01-04 01:20:44.975 1133 2502 I wm_destroy_activity: [0,160373727,11,com.android.settings/.SubSettings,finish-imm:idle]
01-04 01:20:44.976 3047 3047 I wm_on_destroy_called: [160373727,com.android.settings.SubSettings,performDestroy]
01-04 01:20:45.028 2956 4759 W ContextImpl: Calling a method in the system process without a qualified user: android.app.ContextImpl.startService:1816 android.content.ContextWrapper.startService:774 com.thundercomm.gamemode.ingame.services.GameModeActionUtils.startGameModeService:99 com.thundercomm.gamemode.ingame.services.GameModeActionUtils.startGameModeEntry:22 com.thundercomm.gamemode.ingame.services.ActivityMonitoringService$1.onActivityLaunch:129
01-04 01:20:45.034 1133 1133 I GameModeConfig: Current uri is uri = content://com.thundercomm.gamemode.api/gamemode_settings/gamemode_isgaming
01-04 01:20:45.037 1133 1133 I GameModeConfig: isGameModeOn = false
01-04 01:20:45.038 1133 1133 I GameModeConfig: isGameModeOn = false
01-04 01:20:45.038 1133 1133 I GameModeConfig: isDisableVoice = true
01-04 01:20:45.140 1133 2502 E UserRestrictionsUtils: Unknown restriction queried by uid 1000 (com.android.inputdevices et al): null
01-04 01:20:45.237 3047 3047 I sysui_multi_action: [757,1009,758,1,833,0,1089,116]
01-04 01:20:45.240 3047 3047 I sysui_multi_action: [757,1729,758,4,854,isParalleledControllers:false,1089,119]
01-04 01:20:46.368 1133 1133 D CompanionDeviceManagerService: TriggerDeviceDisappearedRunnable.run(address = BE:95:6F:08:63:06)
01-04 01:20:46.514 3047 3047 I sysui_multi_action: [757,1009,758,2,1089,1277]
01-04 01:20:47.415 3047 3047 I sysui_multi_action: [757,830,758,4,833,0,854,available_media_bt,1089,0]
01-04 01:20:47.424 1133 2502 I thunderperf: PlatormCompat.setOverrides: Uid1=1000 Pid1=3047 Uid2=1000 Pid2=3047
01-04 01:20:47.424 1133 2502 I thunderperf: PlatormCompat.setOverrides: needCheck:false
01-04 01:20:47.458 1133 2502 I ActivityTaskManager: START u0 {act=android.intent.action.MAIN cmp=com.android.settings/.SubSettings (has extras)} from uid 1000
01-04 01:20:47.466 1133 2502 I wm_task_moved: [11,1,8]
01-04 01:20:47.467 1133 2502 I wm_set_resumed_activity: [0,com.android.settings/.Settings,positionChildAt]
01-04 01:20:47.467 1133 2502 I wm_create_activity: [0,146559560,11,com.android.settings/.SubSettings,android.intent.action.MAIN,NULL,NULL,0]
01-04 01:20:47.469 1133 2502 I wm_pause_activity: [0,9665484,com.android.settings/.Settings,userLeaving=true,resumeTopActivityInnerLocked]
01-04 01:20:47.473 3047 3047 I wm_on_top_resumed_lost_called: [9665484,com.android.settings.Settings,topStateChangedWhenResumed]
01-04 01:20:47.474 3047 3047 I sysui_multi_action: [757,35,758,2,1089,2555]
01-04 01:20:47.475 3047 3047 I sysui_multi_action: [757,747,758,2,1089,2553]
01-04 01:20:47.475 3047 3047 I wm_on_paused_called: [9665484,com.android.settings.Settings,performPause]
01-04 01:20:47.476 1133 1583 I ActivityTaskManager: FOREGROUND_APPLICATION_CHANGED to com.android.settings.SubSettings
01-04 01:20:47.476 1133 1583 I ActivityTaskManager: The Process com.android.settings Already Exists in BG. So sending its PID: 3047
01-04 01:20:47.477 1133 1583 W ActivityTaskManager: Tried to set launchTime (0) < mLastActivityLaunchTime (421621)
01-04 01:20:47.477 1133 1583 I wm_add_to_stopping: [0,9665484,com.android.settings/.Settings,makeInvisible]
01-04 01:20:47.478 1133 1583 I wm_restart_activity: [0,146559560,11,com.android.settings/.SubSettings]
01-04 01:20:47.479 1133 1583 I wm_set_resumed_activity: [0,com.android.settings/.SubSettings,minimalResumeActivityLocked]
01-04 01:20:47.483 1133 1650 I sysui_multi_action: [757,803,799,window_time_0,802,3]
01-04 01:20:47.501 1133 1583 I service_manager_stats: [100,138,132660]
01-04 01:20:47.502 1133 1583 I thunderperf: PlatormCompat.setOverrides: Uid1=1000 Pid1=3047 Uid2=1000 Pid2=3047
01-04 01:20:47.502 1133 1583 I thunderperf: PlatormCompat.setOverrides: needCheck:false
01-04 01:20:47.509 1133 1583 I ActivityTaskManager: START u0 {act=android.intent.action.MAIN cmp=com.android.settings/.homepage.SettingsHomepageActivity (has extras)} from uid 1000
01-04 01:20:47.510 1133 1583 I wm_finish_activity: [0,146559560,11,com.android.settings/.SubSettings,clear-task-stack]
01-04 01:20:47.512 1133 1890 I input_focus: [Focus leaving e019439 com.android.settings/com.android.settings.Settings (server),reason=NO_WINDOW]
01-04 01:20:47.522 1133 1583 I wm_pause_activity: [0,146559560,com.android.settings/.SubSettings,userLeaving=false,finish]
01-04 01:20:47.522 1133 1583 I wm_new_intent: [0,9665484,11,com.android.settings/.Settings,android.intent.action.MAIN,NULL,NULL,270532608]
01-04 01:20:47.523 1133 1583 I wm_task_moved: [11,1,8]
01-04 01:20:47.526 1133 1583 W ActivityTaskManager: Duplicate finish request for r=ActivityRecord{8bc5248 u0 com.android.settings/.SubSettings t11 f}}
01-04 01:20:47.526 3047 3047 I wm_on_create_called: [146559560,com.android.settings.SubSettings,performCreate]
01-04 01:20:47.529 1133 2502 I wm_add_to_stopping: [0,146559560,com.android.settings/.SubSettings,completeFinishing]
01-04 01:20:47.529 1133 2502 I ActivityTaskManager: FOREGROUND_APPLICATION_CHANGED to com.android.settings.homepage.SettingsHomepageActivity
01-04 01:20:47.530 1133 2502 I wm_set_resumed_activity: [0,com.android.settings/.Settings,resumeTopActivityInnerLocked]
01-04 01:20:47.532 1133 2502 I wm_resume_activity: [0,9665484,11,com.android.settings/.Settings]
01-04 01:20:47.535 1133 1651 I input_focus: [Focus request e019439 com.android.settings/com.android.settings.Settings,reason=UpdateInputWindows]
01-04 01:20:47.536 3047 3047 I wm_on_resume_called: [9665484,com.android.settings.Settings,RESUME_ACTIVITY]
01-04 01:20:47.537 3047 3047 I sysui_multi_action: [757,35,758,1,833,0,1089,0]
01-04 01:20:47.538 1133 1650 I sysui_multi_action: [757,803,799,window_time_0,802,0]
01-04 01:20:47.539 3047 3047 I sysui_multi_action: [757,747,758,1,833,0,1089,0]
01-04 01:20:47.542 3047 3047 I wm_on_top_resumed_gained_called: [9665484,com.android.settings.Settings,topWhenResuming]
01-04 01:20:47.562 1133 1890 I input_focus: [Focus entering e019439 com.android.settings/com.android.settings.Settings (server),reason=Window became focusable. Previous reason: NO_WINDOW]
01-04 01:20:47.597 1133 5889 I wm_destroy_activity: [0,146559560,11,com.android.settings/.SubSettings,finish-imm:idle]
01-04 01:20:47.599 3047 3047 I wm_on_destroy_called: [146559560,com.android.settings.SubSettings,performDestroy]
01-04 01:20:47.644 2956 4759 W ContextImpl: Calling a method in the system process without a qualified user: android.app.ContextImpl.startService:1816 android.content.ContextWrapper.startService:774 com.thundercomm.gamemode.ingame.services.GameModeActionUtils.startGameModeService:99 com.thundercomm.gamemode.ingame.services.GameModeActionUtils.startGameModeEntry:22 com.thundercomm.gamemode.ingame.services.ActivityMonitoringService$1.onActivityLaunch:129
01-04 01:20:47.651 1133 1133 I GameModeConfig: Current uri is uri = content://com.thundercomm.gamemode.api/gamemode_settings/gamemode_isgaming
01-04 01:20:47.658 1133 1133 I GameModeConfig: isGameModeOn = false
01-04 01:20:47.659 1133 1133 I GameModeConfig: isGameModeOn = false
01-04 01:20:47.659 1133 1133 I GameModeConfig: isDisableVoice = true
01-04 01:20:47.755 1133 2502 E UserRestrictionsUtils: Unknown restriction queried by uid 1000 (com.android.inputdevices et al): null
01-04 01:20:47.834 3047 3047 I sysui_multi_action: [757,1009,758,1,833,0,1089,94]
01-04 01:20:47.838 3047 3047 I sysui_multi_action: [757,1729,758,4,854,isParalleledControllers:false,1089,98]
01-04 01:20:48.367 1133 4178 E TaskPersister: File error accessing recents directory (directory doesn't exist?).
01-04 01:20:48.585 1133 1133 I Telecom : BluetoothStateReceiver: Device BE:95:6F:08:63:06 changed state to 3: BSR.oR@ADo
01-04 01:20:48.586 1133 3161 I Telecom : CallAudioRouteStateMachine: Message received: BLUETOOTH_DEVICE_LIST_CHANGED=7, arg1=0: BSR.oR->CARSM.pM_BLUETOOTH_DEVICE_LIST_CHANGED@ADo
01-04 01:20:48.586 1133 3161 I Telecom : QuiescentEarpieceRoute: Processing message BLUETOOTH_DEVICE_LIST_CHANGED: BSR.oR->CARSM.pM_BLUETOOTH_DEVICE_LIST_CHANGED@ADo
01-04 01:20:48.586 1133 3161 I Telecom : Logging.Events: Non-call EVENT: AUDIO_ROUTE, Bluetooth device list changed: BSR.oR->CARSM.pM_BLUETOOTH_DEVICE_LIST_CHANGED@ADo
01-04 01:20:48.586 1133 3159 I Telecom : BluetoothRouteManager: Message received: LOST_DEVICE.: BSR.oR->BRM.pM_2@ADo
01-04 01:20:48.631 1133 1133 I Telecom : BluetoothStateReceiver: Device null is now the preferred BT device for HFP: BSR.oR@ADs
01-04 01:20:48.632 1133 3161 I Telecom : CallAudioRouteStateMachine: Message received: BT_ACTIVE_DEVICE_GONE=9, arg1=0: BSR.oR->CARSM.pM_BT_ACTIVE_DEVICE_GONE@ADs
01-04 01:20:48.632 1133 3161 I Telecom : QuiescentEarpieceRoute: Processing message BT_ACTIVE_DEVICE_GONE: BSR.oR->CARSM.pM_BT_ACTIVE_DEVICE_GONE@ADs
01-04 01:20:48.632 1133 3161 I Telecom : Logging.Events: Non-call EVENT: AUDIO_ROUTE, Bluetooth active device gone: BSR.oR->CARSM.pM_BT_ACTIVE_DEVICE_GONE@ADs
01-04 01:20:48.639 1133 1133 I Telecom : WiredHeadsetManager: ACTION_HEADSET_PLUG event, plugged in: false, : WHC.oADR@ADw
01-04 01:20:48.654 1133 1133 I Telecom : BluetoothStateReceiver: Device BE:95:6F:08:63:06 changed state to 0: BSR.oR@AD0
01-04 01:20:50.171 1133 1583 I ActivityManager: Background started FGS: Allowed [callingPackage: com.android.music; callingUid: 10094; uidState: SVC ; intent: Intent { act=com.android.music.musicservicecommand cmp=com.android.music/.MediaPlaybackService (has extras) }; code:SYSTEM_ALERT_WINDOW_PERMISSION; tempAllowListReason:; targetSdkVersion:31; callerTargetSdkVersion:31; startForegroundCount:1; bindFromPackage:null]
01-04 01:20:50.181 1133 2396 I GameModeConfig: isGameModeOn = false
01-04 01:20:50.181 1133 2396 I GameModeConfig: isGameModeOn = false
01-04 01:20:50.181 1133 2396 I GameModeConfig: isGameModeOn = false
01-04 01:20:50.181 1133 2396 I GameModeConfig: isGameModeOn = false
01-04 01:20:50.181 1133 2396 I GameModeConfig: isGameModeOn = false
01-04 01:20:50.261 1133 1133 I notification_enqueue: [10094,5277,com.android.music,1,NULL,0,Notification(channel=Channel-music shortcut=null contentView=null vibrate=null sound=null defaults=0x0 flags=0x2 color=0x00000000 category=transport actions=4 vis=PRIVATE),1]
01-04 01:20:50.261 1133 2502 W ActivityManager: Foreground service started from background can not have location/camera/microphone access: service com.android.music/.MediaPlaybackService
01-04 01:20:50.271 1133 2502 E AppOps : Operation not started: uid=10094 pkg=com.android.music(null) op=START_FOREGROUND
01-04 01:20:50.271 1133 1133 I notification_enqueue: [10094,5277,com.android.music,1,NULL,0,Notification(channel=Channel-music shortcut=null contentView=null vibrate=null sound=null defaults=0x0 flags=0x42 color=0x00000000 category=transport actions=4 vis=PRIVATE),1]
01-04 01:20:50.276 1133 1133 I notification_enqueue: [10094,5277,com.android.music,1,NULL,0,Notification(channel=Channel-music shortcut=null contentView=null vibrate=null sound=null defaults=0x0 flags=0x42 color=0x00000000 category=transport actions=4 vis=PRIVATE),1]
01-04 01:20:50.277 1133 3017 I snet_event_log: [172655291,-1,]
01-04 01:20:50.278 1133 2396 I GameModeConfig: isGameModeOn = false
01-04 01:20:50.278 1133 2396 I GameModeConfig: isGameModeOn = false
01-04 01:20:50.278 1133 2396 I GameModeConfig: isGameModeOn = false
01-04 01:20:50.278 1133 2396 I GameModeConfig: isGameModeOn = false
01-04 01:20:50.278 1133 2396 I GameModeConfig: isGameModeOn = false
01-04 01:20:50.309 1133 1133 D CompanionDeviceManagerService: BE:95:6F:08:63:06 disconnected w/ reason: (1100) Local request
01-04 01:20:50.309 1133 1133 D CompanionDeviceManagerService: onDeviceDisconnected(address = BE:95:6F:08:63:06)
01-04 01:20:50.351 1133 1133 I notification_enqueue: [10094,5277,com.android.music,1,NULL,0,Notification(channel=Channel-music shortcut=null contentView=null vibrate=null sound=null defaults=0x0 flags=0x0 color=0x00000000 category=transport actions=4 vis=PRIVATE),1]
01-04 01:20:50.465 1133 1133 I GameModeConfig: isGameModeOn = false
01-04 01:20:50.474 1133 1133 I GameModeConfig: isGameModeOn = false
01-04 01:20:50.478 1133 1133 I GameModeConfig: isGameModeOn = false
01-04 01:20:50.553 1133 1133 I GameModeConfig: isGameModeOn = false
01-01 08:07:29.729 0 0 I afe_close: port_id = 0x400e
01-01 08:07:29.740 0 0 I btfm_slim_disable_ch: port:16, grp: 0, ch->grph:0x0, ch->ch_hdl:0x1d
01-01 08:07:29.782 0 0 I afe_find_cal_topo_id_by_port: port id: 0x9000, dev_acdb_id: 0
01-01 08:07:29.789 0 0 I afe_find_cal_topo_id_by_port: top_id:112fc acdb_id:15 afe_port:0x9000
01-01 08:07:29.797 0 0 I afe_get_cal_topology_id: port_id = 0x9000 acdb_id = 15 topology_id = 0x112fc cal_type_index=8 ret=0
01-01 08:07:29.808 0 0 I afe_send_port_topology_id: AFE set topology id 0x112fc enable for port 0x9000 ret 0
01-01 08:07:29.817 0 0 I send_afe_cal_type: cal_index is 0
01-01 08:07:29.822 0 0 I send_afe_cal_type: dev_acdb_id[55] is 0
01-01 08:07:29.827 0 0 I send_afe_cal_type: Sending cal_index cal 0
01-01 08:07:29.832 0 0 E send_afe_cal_type: No cal sent for cal_index 0, port_id = 0x9000! ret -22
01-01 08:07:29.841 0 0 I afe_send_hw_delay: port_id 0x9000 rate 48000 delay_usec 474 status 0
01-04 01:20:50.874 1133 1133 I Telecom : WiredHeadsetManager: ACTION_HEADSET_PLUG event, plugged in: false, : WHC.oADR@AD4
01-04 01:20:50.921 1133 2400 I stream_devices_changed: [3,128,2]
01-04 01:20:50.946 1133 2400 I stream_devices_changed: [6,128,1]
01-04 01:20:51.145 1133 2503 I dvm_lock_sample: [system_server,1,Binder:1133_6,71,AudioService.java,6202,int com.android.server.audio.AudioService.getDevicesForStreamInt(int),-,7218,int com.android.server.audio.AudioService$VolumeStreamState.getIndex(int),14]
01-04 01:20:51.445 1133 2503 I dvm_lock_sample: [system_server,1,Binder:1133_6,71,AudioService.java,6202,int com.android.server.audio.AudioService.getDevicesForStreamInt(int),-,7218,int com.android.server.audio.AudioService$VolumeStreamState.getIndex(int),14]
01-04 01:20:51.445 1133 1583 I dvm_lock_sample: [system_server,1,Binder:1133_1,70,AudioService.java,6202,int com.android.server.audio.AudioService.getDevicesForStreamInt(int),-,7218,int com.android.server.audio.AudioService$VolumeStreamState.getIndex(int),14]
01-04 01:20:51.589 1133 2503 I dvm_lock_sample: [system_server,1,Binder:1133_6,70,AudioService.java,6202,int com.android.server.audio.AudioService.getDevicesForStreamInt(int),-,7218,int com.android.server.audio.AudioService$VolumeStreamState.getIndex(int),14]
01-04 01:20:51.589 1133 1583 I dvm_lock_sample: [system_server,1,Binder:1133_1,71,AudioService.java,6202,int com.android.server.audio.AudioService.getDevicesForStreamInt(int),-,7218,int com.android.server.audio.AudioService$VolumeStreamState.getIndex(int),14]
01-04 01:20:52.088 3047 3047 I view_enqueue_input_event: [Motion - Cancel,com.android.settings/com.android.settings.Settings]
01-04 01:20:52.107 1133 1890 I input_interaction: Interaction with: edge-swipe (server), swipe-up (server), PointerEventDispatcher0 (server),
01-04 01:20:52.233 1133 1583 I sysui_multi_action: [757,803,799,key_back_press,802,1]
01-04 01:20:52.241 1133 1648 D AutofillManagerService: onBackKeyPressed()
01-04 01:20:52.242 1133 1890 I input_interaction: Interaction with: e019439 com.android.settings/com.android.settings.Settings (server), PointerEventDispatcher0 (server),
01-04 01:20:52.253 3047 3047 I sysui_multi_action: [757,1009,758,2,1089,4418]
01-04 01:20:53.174 1133 1583 E AppOps : Operation not started: uid=10094 pkg=com.android.music(null) op=WAKE_LOCK
01-04 01:20:53.263 1133 1890 I input_interaction: Interaction with: e019439 com.android.settings/com.android.settings.Settings (server), edge-swipe (server), swipe-up (server), PointerEventDispatcher0 (server),
01-01 08:07:32.330 0 0 I afe_close: port_id = 0x9000
01-04 01:20:53.379 3047 3047 I sysui_multi_action: [757,830,758,4,833,0,854,available_media_bt,1089,0]
01-04 01:20:53.708 1133 1133 W Looper : Slow dispatch took 291ms main h=android.app.ActivityThread$H c=android.app.LoadedApk$ReceiverDispatcher$Args$$ExternalSyntheticLambda0@cfa03dd m=0
01-04 01:20:53.709 1133 2502 I dvm_lock_sample: [system_server,1,Binder:1133_5,270,AudioService.java,4964,int com.android.server.audio.AudioService.getMode(),AudioDeviceBroker.java,216,void com.android.server.audio.AudioDeviceBroker.receiveBtEvent(android.content.Intent),54]
01-04 01:20:53.709 1133 1133 I Telecom : BluetoothStateReceiver: Device 11:F5:F4:BC:88:3E is now the preferred BT device for HFP: BSR.oR@AD8
01-04 01:20:53.709 1133 1133 W Looper : Slow delivery took 290ms main h=android.app.ActivityThread$H c=android.app.LoadedApk$ReceiverDispatcher$Args$$ExternalSyntheticLambda0@8949e23 m=0
01-04 01:20:53.709 1133 3161 I Telecom : CallAudioRouteStateMachine: Message received: BT_ACTIVE_DEVICE_PRESENT=8, arg1=0: BSR.oR->CARSM.pM_BT_ACTIVE_DEVICE_PRESENT@AD8
01-04 01:20:53.709 1133 3161 I Telecom : QuiescentEarpieceRoute: Processing message BT_ACTIVE_DEVICE_PRESENT: BSR.oR->CARSM.pM_BT_ACTIVE_DEVICE_PRESENT@AD8
01-04 01:20:53.709 1133 3161 I Telecom : Logging.Events: Non-call EVENT: AUDIO_ROUTE, Bluetooth active device present: BSR.oR->CARSM.pM_BT_ACTIVE_DEVICE_PRESENT@AD8
01-04 01:20:53.709 1133 1133 W Looper : Drained
01-04 01:20:53.710 1133 3161 I Telecom : CallAudioRouteStateMachine: Message received: SWITCH_BLUETOOTH=1002, arg1=0: BSR.oR->CARSM.pM_BT_ACTIVE_DEVICE_PRESENT->CARSM.pM_SWITCH_BLUETOOTH@AD8
01-04 01:20:53.710 1133 3161 I Telecom : QuiescentEarpieceRoute: Processing message SWITCH_BLUETOOTH: BSR.oR->CARSM.pM_BT_ACTIVE_DEVICE_PRESENT->CARSM.pM_SWITCH_BLUETOOTH@AD8
01-04 01:20:53.710 1133 3161 I Telecom : Logging.Events: Non-call EVENT: AUDIO_ROUTE, Leaving state QuiescentEarpieceRoute: BSR.oR->CARSM.pM_BT_ACTIVE_DEVICE_PRESENT->CARSM.pM_SWITCH_BLUETOOTH@AD8
01-04 01:20:53.710 1133 3161 I Telecom : Logging.Events: Non-call EVENT: AUDIO_ROUTE, Entering state QuiescentBluetoothRoute: BSR.oR->CARSM.pM_BT_ACTIVE_DEVICE_PRESENT->CARSM.pM_SWITCH_BLUETOOTH@AD8
01-04 01:20:53.854 1133 2503 I dvm_lock_sample: [system_server,0,Binder:1133_6,448,AudioDeviceBroker.java,1045,void com.android.server.audio.AudioDeviceBroker.setAvrcpAbsoluteVolumeSupported(boolean),,0,null,89]
01-04 01:20:53.862 1133 2400 I volume_changed: [3,19,16,39,onSetA2dpSinkConnectionState]
01-04 01:20:53.863 1133 1583 I stream_devices_changed: [3,2,128]
01-04 01:20:53.865 1133 1133 I Telecom : WiredHeadsetManager: ACTION_HEADSET_PLUG event, plugged in: false, : WHC.oADA@AEA
01-04 01:20:53.954 1133 2400 I stream_devices_changed: [6,1,128]
01-04 01:20:54.104 1133 1133 W Looper : Slow dispatch took 238ms main h=android.app.ActivityThread$H c=android.app.LoadedApk$ReceiverDispatcher$Args$$ExternalSyntheticLambda0@81800d9 m=0
01-04 01:20:54.480 1133 1583 I dvm_lock_sample: [system_server,1,Binder:1133_1,79,AudioService.java,6202,int com.android.server.audio.AudioService.getDevicesForStreamInt(int),-,7218,int com.android.server.audio.AudioService$VolumeStreamState.getIndex(int),15]
01-04 01:20:54.658 1133 1583 I dvm_lock_sample: [system_server,1,Binder:1133_1,87,AudioService.java,6202,int com.android.server.audio.AudioService.getDevicesForStreamInt(int),-,7218,int com.android.server.audio.AudioService$VolumeStreamState.getIndex(int),17]
01-04 01:20:55.076 1133 1890 I input_interaction: Interaction with: 2c759d StatusBar (server), edge-swipe (server), swipe-up (server), PointerEventDispatcher0 (server),
01-04 01:20:55.093 2455 2455 I sysui_multi_action: [757,803,799,panel_open,802,1]
