01-01 08:01:43.491 0 0 D cnss : Assign MSI to user: DP, num_vectors: 18, user_base_data: 814, base_vector: 14
01-01 08:01:43.491 0 0 D cnss : Assign MSI to user: DP, num_vectors: 18, user_base_data: 814, base_vector: 14
01-01 08:01:43.491 0 0 D cnss : Assign MSI to user: DP, num_vectors: 18, user_base_data: 814, base_vector: 14
01-01 08:01:43.491 0 0 D cnss : Assign MSI to user: DP, num_vectors: 18, user_base_data: 814, base_vector: 14
01-01 08:01:43.491 0 0 D cnss : Assign MSI to user: DP, num_vectors: 18, user_base_data: 814, base_vector: 14
01-01 08:01:43.491 0 0 D cnss : Assign MSI to user: DP, num_vectors: 18, user_base_data: 814, base_vector: 14
01-01 08:01:43.492 0 0 I [kworke][0x767005c3][01:15:04.461084] wlan: [336:I:DP] dp_tx_soc_attach Tx Desc Alloc num_pool = 4, descs = 4096
01-01 08:01:43.492 0 0 I [kworke][0x76701c2c][01:15:04.461382] wlan: [336:I:DP] dp_tx_soc_attach MSDU Ext Desc Alloc 4, descs = 4096
01-01 08:01:43.492 0 0 I [kworke][0x76703f5d][01:15:04.461852] wlan: [336:I:DP] dp_tx_soc_attach HAL Tx init Success
01-01 08:01:43.492 0 0 D cnss : Assign MSI to user: DP, num_vectors: 18, user_base_data: 814, base_vector: 14
01-01 08:01:43.493 0 0 D cnss : Assign MSI to user: DP, num_vectors: 18, user_base_data: 814, base_vector: 14
01-01 08:01:43.493 0 0 I [kworke][0x76705d47][01:15:04.462251] wlan: [336:I:DP] dp_soc_cmn_setup: 3274: num_reo_dest_rings 4
01-01 08:01:43.493 0 0 D cnss : Assign MSI to user: DP, num_vectors: 18, user_base_data: 814, base_vector: 14
01-01 08:01:43.493 0 0 D cnss : Assign MSI to user: DP, num_vectors: 18, user_base_data: 814, base_vector: 14
01-01 08:01:43.493 0 0 D cnss : Assign MSI to user: DP, num_vectors: 18, user_base_data: 814, base_vector: 14
01-01 08:01:43.493 0 0 D cnss : Assign MSI to user: DP, num_vectors: 18, user_base_data: 814, base_vector: 14
01-01 08:01:43.493 0 0 D cnss : Assign MSI to user: DP, num_vectors: 18, user_base_data: 814, base_vector: 14
01-01 08:01:43.493 0 0 D cnss : Assign MSI to user: DP, num_vectors: 18, user_base_data: 814, base_vector: 14
01-01 08:01:43.493 0 0 D cnss : Assign MSI to user: DP, num_vectors: 18, user_base_data: 814, base_vector: 14
01-01 08:01:43.494 0 0 D cnss : Assign MSI to user: DP, num_vectors: 18, user_base_data: 814, base_vector: 14
01-01 08:01:43.494 0 0 D cnss : Assign MSI to user: DP, num_vectors: 18, user_base_data: 814, base_vector: 14
01-01 08:01:43.494 0 0 D cnss : Assign MSI to user: DP, num_vectors: 18, user_base_data: 814, base_vector: 14
01-01 08:01:43.494 0 0 D cnss : Assign MSI to user: DP, num_vectors: 18, user_base_data: 814, base_vector: 14
01-01 08:01:43.494 0 0 I [kworke][0x7670e3b2][01:15:04.464043] wlan: [336:I:HAL] hal_reo_set_err_dst_remap_6390: 1024: HWIO_REO_R0_ERROR_DESTINATION_MAPPING_IX_0 0x28005b6d
01-01 08:01:43.494 0 0 D cnss : Assign MSI to user: DP, num_vectors: 18, user_base_data: 814, base_vector: 14
01-01 08:01:43.495 0 0 D cnss : Assign MSI to user: DP, num_vectors: 18, user_base_data: 814, base_vector: 14
01-01 08:01:43.495 0 0 D cnss : Assign MSI to user: DP, num_vectors: 18, user_base_data: 814, base_vector: 14
01-01 08:01:43.495 0 0 D cnss : Assign MSI to user: DP, num_vectors: 18, user_base_data: 814, base_vector: 14
01-01 08:01:43.495 0 0 D cnss : Assign MSI to user: DP, num_vectors: 18, user_base_data: 814, base_vector: 14
01-01 08:01:43.495 0 0 D cnss : Assign MSI to user: DP, num_vectors: 18, user_base_data: 814, base_vector: 14
01-01 08:01:43.531 0 0 E bt_ioctl: unified Current SOC Version : 400a0200
01-01 08:01:43.632 0 0 I [kworke][0x76992c2d][01:15:04.601542] wlan: [336:I:DP] Peer pool init
01-01 08:01:43.632 0 0 W [kworke][0x76993794][01:15:04.601694] wlan: [336:W:DP] dp_rx_pdev_mon_attach: pdev attach id=0
01-01 08:01:43.657 0 0 D cnss : Assign MSI to user: DP, num_vectors: 18, user_base_data: 814, base_vector: 14
01-01 08:01:43.657 0 0 D cnss : Get IRQ number 365 for vector index 14
01-01 08:01:43.657 0 0 D cnss : Assign MSI to user: DP, num_vectors: 18, user_base_data: 814, base_vector: 14
01-01 08:01:43.657 0 0 D cnss : Get IRQ number 366 for vector index 15
01-01 08:01:43.657 0 0 D cnss : Assign MSI to user: DP, num_vectors: 18, user_base_data: 814, base_vector: 14
01-01 08:01:43.657 0 0 D cnss : Get IRQ number 367 for vector index 16
01-01 08:01:43.657 0 0 D cnss : Assign MSI to user: DP, num_vectors: 18, user_base_data: 814, base_vector: 14
01-01 08:01:43.657 0 0 D cnss : Get IRQ number 368 for vector index 17
01-01 08:01:43.657 0 0 D cnss : Assign MSI to user: DP, num_vectors: 18, user_base_data: 814, base_vector: 14
01-01 08:01:43.657 0 0 D cnss : Assign MSI to user: DP, num_vectors: 18, user_base_data: 814, base_vector: 14
01-01 08:01:43.657 0 0 D cnss : Get IRQ number 370 for vector index 19
01-01 08:01:43.657 0 0 D cnss : Assign MSI to user: DP, num_vectors: 18, user_base_data: 814, base_vector: 14
01-01 08:01:43.657 0 0 D cnss : Get IRQ number 371 for vector index 20
01-01 08:01:43.677 0 0 E [kworke][0x76a65d47][01:15:04.646570] wlan: [336:E:HIF] hif_pci_ce_irq_set_affinity_hint: 3708: Unable to set cpu mask for offline CPU 0
01-01 08:01:43.684 0 0 W QSEECOM : __qseecom_unload_app: App (8) is unloaded
01-01 08:01:43.693 0 0 D qbt : qbt_release: entry minor_no=0 fd_available=0
01-01 08:01:43.693 0 0 D qbt : qbt_release: Releasing wakelock
01-01 08:01:43.693 0 0 D qbt : qbt_release: exit : fd_available=1
01-01 08:01:43.693 0 0 D qbt : qbt_release: entry minor_no=1 fd_available=1
01-01 08:01:43.693 0 0 D qbt : qbt_release: exit : fd_available=1
01-01 08:01:43.694 0 0 I [kworke][0x76ab56a7][01:15:04.663549] wlan: [333:I:WMA] wma_rx_service_ready_event: Firmware build version : 101a0521
01-01 08:01:43.694 0 0 I [kworke][0x76ab5809][01:15:04.663567] wlan: [333:I:WMA] wma_rx_service_ready_event: Board id: 0, Board version: 8 0 0 0 6
01-01 08:01:43.698 0 0 I [kworke][0x76ac60a6][01:15:04.667095] wlan: [333:I:WMA] wma_is_dbs_mandatory: 5417: MAC0 does not support both bands 2 DBS is mandatory
01-01 08:01:43.698 0 0 E [kworke][0x76ac6a31][01:15:04.667222] wlan: [333:E:QDF] copy_fw_abi_version_tlv: 6979: copy_fw_abi_version_tlv: INIT_CMD version: 1, 0, 0x5f414351, 0x4c4d, 0x0, 0x0
01-04 01:15:04.670 1133 1133 W Looper : Slow dispatch took 378ms main h=android.os.Handler c=com.android.server.biometrics.sensors.BiometricScheduler$InternalCallback$$ExternalSyntheticLambda0@971362a m=0
01-04 01:15:04.671 1133 1133 D AutofillManagerService: Restriction did not change for user 0
01-04 01:15:04.676 1133 1133 D TelephonyRegistry: notifyCellLocationForSubscriber: subId=2147483647 cellIdentity=null
01-04 01:15:04.679 1133 1133 I notification_enqueue: [1000,1133,android,32,NULL,-1,Notification(channel=USB shortcut=null contentView=null vibrate=null sound=null tick defaults=0x0 flags=0x2 color=0x00000000 vis=PUBLIC),0]
01-04 01:15:04.682 1133 1133 D CompanionDeviceManagerService: Received BT state transition broadcast: OFF -> BLE_TURNING_ON
01-04 01:15:04.685 1133 1133 I Telecom : WiredHeadsetManager: ACTION_HEADSET_PLUG event, plugged in: false, : WHC.oADA@AAI
01-04 01:15:04.697 1133 1133 D BiometricScheduler/Fingerprint21: [Finishing] {[1] FingerprintUpdateActiveUserClient, proto=1, owner=android, cookie=0, requestId=-1, userId=0}, success: true
01-04 01:15:04.697 1133 1133 D BiometricScheduler/Fingerprint21: [Polled] {[2] FingerprintInternalCleanupClient, proto=7, owner=android, cookie=0, requestId=-1, userId=0}, State: 0
01-04 01:15:04.697 1133 1133 D BiometricScheduler/Fingerprint21: [Starting] {[2] FingerprintInternalCleanupClient, proto=7, owner=android, cookie=0, requestId=-1, userId=0}, State: 0
01-04 01:15:04.697 1133 1133 D BiometricScheduler/Fingerprint21: [Started] {[2] FingerprintInternalCleanupClient, proto=7, owner=android, cookie=0, requestId=-1, userId=0}
01-04 01:15:04.697 1133 1133 D Biometrics/InternalCleanupClient: Starting enumerate: {[3] FingerprintInternalEnumerateClient, proto=6, owner=android, cookie=0, requestId=-1, userId=0}
01-01 08:01:43.736 0 0 D qbt : qbt_open: entry minor_no=0 fd_available=1
01-01 08:01:43.736 0 0 D qbt : qbt_open: exit : 0 fd_available=0
01-01 08:01:43.736 0 0 D qbt : qbt_open: entry minor_no=1 fd_available=0
01-01 08:01:43.736 0 0 D qbt : qbt_open: exit : 0 fd_available=0
01-01 08:01:43.737 0 0 D qbt : qbt_ioctl: cmd received 107
01-01 08:01:43.737 0 0 D qbt : qbt_ioctl: Acquiring wakelock
01-04 01:15:04.713 1133 1133 I sysui_multi_action: [757,1501,758,1,793,572,794,0,795,572,796,32,806,android,857,USB,858,1,947,0,1500,0]
01-04 01:15:04.714 1133 1133 I sysui_multi_action: [757,804,799,note_interruptive,801,0,802,1]
01-04 01:15:04.715 1133 1133 I GameModeConfig: isGameModeOn = false
01-04 01:15:04.716 1133 1133 W NotificationHistory: Attempted to add notif for locked/gone/disabled user 0
01-04 01:15:04.718 1133 1133 I GameModeConfig: isGameModeOn = false
01-04 01:15:04.720 1133 1133 I GameModeConfig: isGameModeOn = false
01-04 01:15:04.724 550 550 I Checkpoint: Marked slot as booted successfully.
01-04 01:15:04.746 1133 1133 W Looper : Drained
01-01 08:01:43.781 0 0 I F2FS-fs (dm-10): Preserve previous reserve_root=32768
01-01 08:01:43.798 0 0 W QSEECOM : qseecom_load_app: App (fingerpr) does'nt exist, loading apps for first time
01-04 01:15:04.802 550 550 I Checkpoint: Checkpoint has been committed.
01-04 01:15:04.802 1133 1650 W ActivityManager: FinishBooting sync begin
01-04 01:15:04.838 1133 1650 W ActivityManager: FinishBooting sync end
01-04 01:15:04.838 1133 1650 I SystemServiceManager: Starting phase 1000
01-04 01:15:04.838 1133 1650 I ActivityManagerTiming: OnBootPhase_1000
01-04 01:15:04.839 1133 1650 I ActivityManagerTiming: OnBootPhase_1000_com.android.server.security.FileIntegrityService
01-04 01:15:04.839 1133 1650 D ActivityManagerTiming: OnBootPhase_1000_com.android.server.security.FileIntegrityService took to complete: 0ms
01-04 01:15:04.839 1133 1650 I ActivityManagerTiming: OnBootPhase_1000_com.android.server.pm.Installer
01-04 01:15:04.839 1133 1650 D ActivityManagerTiming: OnBootPhase_1000_com.android.server.pm.Installer took to complete: 0ms
01-04 01:15:04.839 1133 1650 I ActivityManagerTiming: OnBootPhase_1000_com.android.server.os.DeviceIdentifiersPolicyService
01-04 01:15:04.839 1133 1650 D ActivityManagerTiming: OnBootPhase_1000_com.android.server.os.DeviceIdentifiersPolicyService took to complete: 0ms
01-04 01:15:04.839 1133 1650 I ActivityManagerTiming: OnBootPhase_1000_com.android.server.uri.UriGrantsManagerService$Lifecycle
01-04 01:15:04.839 1133 1650 D ActivityManagerTiming: OnBootPhase_1000_com.android.server.uri.UriGrantsManagerService$Lifecycle took to complete: 0ms
01-04 01:15:04.839 1133 1650 I ActivityManagerTiming: OnBootPhase_1000_com.android.server.powerstats.PowerStatsService
01-04 01:15:04.839 1133 1650 E PowerStatsService: Failed to start PowerStatsService loggers
01-04 01:15:04.839 1133 1650 D ActivityManagerTiming: OnBootPhase_1000_com.android.server.powerstats.PowerStatsService took to complete: 0ms
01-04 01:15:04.839 1133 1650 I ActivityManagerTiming: OnBootPhase_1000_com.android.server.wm.ActivityTaskManagerService$Lifecycle
01-04 01:15:04.839 1133 1650 D ActivityManagerTiming: OnBootPhase_1000_com.android.server.wm.ActivityTaskManagerService$Lifecycle took to complete: 0ms
01-04 01:15:04.839 1133 1650 I ActivityManagerTiming: OnBootPhase_1000_com.android.server.am.ActivityManagerService$Lifecycle
01-04 01:15:04.839 1133 1650 D ActivityManagerTiming: OnBootPhase_1000_com.android.server.am.ActivityManagerService$Lifecycle took to complete: 0ms
01-04 01:15:04.839 1133 1650 I ActivityManagerTiming: OnBootPhase_1000_com.android.server.pm.DataLoaderManagerService
01-04 01:15:04.839 1133 1650 D ActivityManagerTiming: OnBootPhase_1000_com.android.server.pm.DataLoaderManagerService took to complete: 0ms
01-04 01:15:04.839 1133 1650 I ActivityManagerTiming: OnBootPhase_1000_com.android.server.power.PowerManagerService
01-04 01:15:04.842 1133 1650 D ActivityManagerTiming: OnBootPhase_1000_com.android.server.power.PowerManagerService took to complete: 3ms
01-04 01:15:04.843 1133 1650 I ActivityManagerTiming: OnBootPhase_1000_com.android.server.power.ThermalManagerService
01-04 01:15:04.843 1133 1650 D ActivityManagerTiming: OnBootPhase_1000_com.android.server.power.ThermalManagerService took to complete: 0ms
01-04 01:15:04.843 1133 1684 V DisplayPowerController[0]: Brightness [1.0] reason changing to: 'manual', previous reason: 'override'.
01-04 01:15:04.844 1133 1650 I ActivityManagerTiming: OnBootPhase_1000_com.android.server.power.hint.HintManagerService
01-04 01:15:04.845 1133 1650 D ActivityManagerTiming: OnBootPhase_1000_com.android.server.power.hint.HintManagerService took to complete: 0ms
01-04 01:15:04.845 1133 1650 I ActivityManagerTiming: OnBootPhase_1000_com.android.server.recoverysystem.RecoverySystemService$Lifecycle
01-04 01:15:04.845 1133 1650 D ActivityManagerTiming: OnBootPhase_1000_com.android.server.recoverysystem.RecoverySystemService$Lifecycle took to complete: 0ms
01-04 01:15:04.845 1133 1650 I ActivityManagerTiming: OnBootPhase_1000_com.android.server.lights.LightsService
01-04 01:15:04.845 1133 1650 D ActivityManagerTiming: OnBootPhase_1000_com.android.server.lights.LightsService took to complete: 0ms
01-04 01:15:04.845 1133 1650 I ActivityManagerTiming: OnBootPhase_1000_com.android.server.display.DisplayManagerService
01-04 01:15:04.847 1133 1650 D ActivityManagerTiming: OnBootPhase_1000_com.android.server.display.DisplayManagerService took to complete: 2ms
01-04 01:15:04.847 1133 1650 I ActivityManagerTiming: OnBootPhase_1000_com.android.server.pm.verify.domain.DomainVerificationService
01-04 01:15:04.847 1133 1650 D ActivityManagerTiming: OnBootPhase_1000_com.android.server.pm.verify.domain.DomainVerificationService took to complete: 0ms
01-04 01:15:04.847 1133 1650 I ActivityManagerTiming: OnBootPhase_1000_com.android.server.pm.PackageInstallerService$Lifecycle
01-04 01:15:04.847 1133 1650 D ActivityManagerTiming: OnBootPhase_1000_com.android.server.pm.PackageInstallerService$Lifecycle took to complete: 0ms
01-04 01:15:04.848 1133 1650 I ActivityManagerTiming: OnBootPhase_1000_com.android.server.pm.UserManagerService$LifeCycle
01-04 01:15:04.848 1133 1650 D ActivityManagerTiming: OnBootPhase_1000_com.android.server.pm.UserManagerService$LifeCycle took to complete: 0ms
01-04 01:15:04.848 1133 1650 I ActivityManagerTiming: OnBootPhase_1000_com.android.server.om.OverlayManagerService
01-04 01:15:04.848 1133 1650 D ActivityManagerTiming: OnBootPhase_1000_com.android.server.om.OverlayManagerService took to complete: 0ms
01-04 01:15:04.848 1133 1650 I ActivityManagerTiming: OnBootPhase_1000_com.android.server.SensorPrivacyService
01-04 01:15:04.849 1133 1650 D ActivityManagerTiming: OnBootPhase_1000_com.android.server.SensorPrivacyService took to complete: 0ms
01-04 01:15:04.849 1133 1650 I ActivityManagerTiming: OnBootPhase_1000_com.android.server.thunderperf.ThunderBoostPerfService
01-04 01:15:04.849 1133 1650 D ActivityManagerTiming: OnBootPhase_1000_com.android.server.thunderperf.ThunderBoostPerfService took to complete: 0ms
01-04 01:15:04.849 1133 1650 I ActivityManagerTiming: OnBootPhase_1000_com.android.server.sensors.SensorService
01-04 01:15:04.849 1133 1650 D ActivityManagerTiming: OnBootPhase_1000_com.android.server.sensors.SensorService took to complete: 0ms
01-04 01:15:04.850 1133 1650 I ActivityManagerTiming: OnBootPhase_1000_com.android.server.SystemConfigService
01-04 01:15:04.851 1133 1650 D ActivityManagerTiming: OnBootPhase_1000_com.android.server.SystemConfigService took to complete: 0ms
01-04 01:15:04.851 1133 1650 I ActivityManagerTiming: OnBootPhase_1000_com.android.server.BatteryService
01-04 01:15:04.851 1133 1650 D ActivityManagerTiming: OnBootPhase_1000_com.android.server.BatteryService took to complete: 0ms
01-04 01:15:04.851 1133 1650 I ActivityManagerTiming: OnBootPhase_1000_com.android.server.usage.UsageStatsService
01-04 01:15:04.851 1133 1650 D ActivityManagerTiming: OnBootPhase_1000_com.android.server.usage.UsageStatsService took to complete: 1ms
01-04 01:15:04.852 1133 1650 I ActivityManagerTiming: OnBootPhase_1000_com.android.server.webkit.WebViewUpdateService
01-04 01:15:04.852 1133 1650 D ActivityManagerTiming: OnBootPhase_1000_com.android.server.webkit.WebViewUpdateService took to complete: 0ms
01-04 01:15:04.852 1133 1650 I ActivityManagerTiming: OnBootPhase_1000_com.android.server.CachedDeviceStateService
01-04 01:15:04.852 1133 1650 D ActivityManagerTiming: OnBootPhase_1000_com.android.server.CachedDeviceStateService took to complete: 0ms
01-04 01:15:04.852 1133 1650 I ActivityManagerTiming: OnBootPhase_1000_com.android.server.BinderCallsStatsService$LifeCycle
01-04 01:15:04.852 1133 1650 D ActivityManagerTiming: OnBootPhase_1000_com.android.server.BinderCallsStatsService$LifeCycle took to complete: 0ms
01-04 01:15:04.852 1133 1650 I ActivityManagerTiming: OnBootPhase_1000_com.android.server.LooperStatsService$Lifecycle
01-04 01:15:04.852 1133 1650 D ActivityManagerTiming: OnBootPhase_1000_com.android.server.LooperStatsService$Lifecycle took to complete: 0ms
01-04 01:15:04.852 1133 1650 I ActivityManagerTiming: OnBootPhase_1000_com.android.server.rollback.RollbackManagerService
01-04 01:15:04.853 1133 1650 D ActivityManagerTiming: OnBootPhase_1000_com.android.server.rollback.RollbackManagerService took to complete: 0ms
01-04 01:15:04.853 1133 1650 I ActivityManagerTiming: OnBootPhase_1000_com.android.server.os.NativeTombstoneManagerService
01-04 01:15:04.853 1133 1650 D ActivityManagerTiming: OnBootPhase_1000_com.android.server.os.NativeTombstoneManagerService took to complete: 0ms
01-04 01:15:04.853 1133 1650 I ActivityManagerTiming: OnBootPhase_1000_com.android.server.os.BugreportManagerService
01-04 01:15:04.853 1133 1650 D ActivityManagerTiming: OnBootPhase_1000_com.android.server.os.BugreportManagerService took to complete: 0ms
01-04 01:15:04.854 1133 1824 D RollbackManager: mRollbackLifetimeDurationInMillis=1209600000
01-04 01:15:04.854 1133 1650 I ActivityManagerTiming: OnBootPhase_1000_com.android.server.gpu.GpuService
01-04 01:15:04.855 1133 1821 D AppStandbyController: Loading headless system app cache. appIdleEnabled=false
01-01 08:01:43.893 0 0 W QSEECOM : qseecom_load_app: App with id 9 (fingerpr) now loaded
01-04 01:15:04.873 1133 1650 D ActivityManagerTiming: OnBootPhase_1000_com.android.server.gpu.GpuService took to complete: 19ms
01-04 01:15:04.875 1133 1650 I ActivityManagerTiming: OnBootPhase_1000_com.android.server.security.KeyChainSystemService
01-04 01:15:04.875 1133 1650 D ActivityManagerTiming: OnBootPhase_1000_com.android.server.security.KeyChainSystemService took to complete: 0ms
01-04 01:15:04.875 1133 1650 I ActivityManagerTiming: OnBootPhase_1000_com.android.server.telecom.TelecomLoaderService
01-04 01:15:04.875 1133 1650 D ActivityManagerTiming: OnBootPhase_1000_com.android.server.telecom.TelecomLoaderService took to complete: 0ms
01-04 01:15:04.876 1133 1650 I ActivityManagerTiming: OnBootPhase_1000_com.android.server.accounts.AccountManagerService$Lifecycle
01-04 01:15:04.876 1133 1650 D ActivityManagerTiming: OnBootPhase_1000_com.android.server.accounts.AccountManagerService$Lifecycle took to complete: 0ms
01-04 01:15:04.876 1133 1650 I ActivityManagerTiming: OnBootPhase_1000_com.android.server.content.ContentService$Lifecycle
01-04 01:15:04.876 1133 1650 D ActivityManagerTiming: OnBootPhase_1000_com.android.server.content.ContentService$Lifecycle took to complete: 0ms
01-04 01:15:04.876 1133 1650 I ActivityManagerTiming: OnBootPhase_1000_com.android.server.DropBoxManagerService
01-04 01:15:04.876 1133 1650 D ActivityManagerTiming: OnBootPhase_1000_com.android.server.DropBoxManagerService took to complete: 0ms
01-04 01:15:04.876 1133 1650 I ActivityManagerTiming: OnBootPhase_1000_com.android.role.RoleService
01-04 01:15:04.876 1133 1650 D ActivityManagerTiming: OnBootPhase_1000_com.android.role.RoleService took to complete: 0ms
01-04 01:15:04.876 1133 1650 I ActivityManagerTiming: OnBootPhase_1000_com.android.server.vibrator.VibratorManagerService$Lifecycle
01-04 01:15:04.876 1133 1650 D ActivityManagerTiming: OnBootPhase_1000_com.android.server.vibrator.VibratorManagerService$Lifecycle took to complete: 0ms
01-04 01:15:04.876 1133 1650 I ActivityManagerTiming: OnBootPhase_1000_com.android.server.alarm.AlarmManagerService
01-04 01:15:04.876 1133 1650 D ActivityManagerTiming: OnBootPhase_1000_com.android.server.alarm.AlarmManagerService took to complete: 0ms
01-04 01:15:04.877 1133 1650 I ActivityManagerTiming: OnBootPhase_1000_com.android.server.devicestate.DeviceStateManagerService
01-04 01:15:04.877 1133 1650 D ActivityManagerTiming: OnBootPhase_1000_com.android.server.devicestate.DeviceStateManagerService took to complete: 0ms
01-04 01:15:04.877 1133 1650 I ActivityManagerTiming: OnBootPhase_1000_com.android.server.camera.CameraServiceProxy
01-04 01:15:04.878 1133 1650 D ActivityManagerTiming: OnBootPhase_1000_com.android.server.camera.CameraServiceProxy took to complete: 2ms
01-04 01:15:04.879 1133 1650 I ActivityManagerTiming: OnBootPhase_1000_com.android.server.BluetoothService
01-04 01:15:04.879 1133 1650 D ActivityManagerTiming: OnBootPhase_1000_com.android.server.BluetoothService took to complete: 0ms
01-04 01:15:04.879 1133 1650 I ActivityManagerTiming: OnBootPhase_1000_com.android.server.connectivity.IpConnectivityMetrics
01-04 01:15:04.879 1133 1650 D ActivityManagerTiming: OnBootPhase_1000_com.android.server.connectivity.IpConnectivityMetrics took to complete: 0ms
01-04 01:15:04.879 1133 1650 I ActivityManagerTiming: OnBootPhase_1000_com.android.server.net.watchlist.NetworkWatchlistService$Lifecycle
01-04 01:15:04.879 1133 1650 D ActivityManagerTiming: OnBootPhase_1000_com.android.server.net.watchlist.NetworkWatchlistService$Lifecycle took to complete: 0ms
01-04 01:15:04.879 1133 1650 I ActivityManagerTiming: OnBootPhase_1000_com.android.server.PinnerService
01-04 01:15:04.879 1133 1650 D ActivityManagerTiming: OnBootPhase_1000_com.android.server.PinnerService took to complete: 0ms
01-04 01:15:04.879 1133 1650 I ActivityManagerTiming: OnBootPhase_1000_com.google.android.startop.iorap.IorapForwardingService
01-04 01:15:04.880 1133 1650 D ActivityManagerTiming: OnBootPhase_1000_com.google.android.startop.iorap.IorapForwardingService took to complete: 0ms
01-04 01:15:04.880 1133 1650 I ActivityManagerTiming: OnBootPhase_1000_com.android.server.ActivityTriggerService
01-04 01:15:04.880 1133 1650 D ActivityManagerTiming: OnBootPhase_1000_com.android.server.ActivityTriggerService took to complete: 0ms
01-04 01:15:04.880 1133 1650 I ActivityManagerTiming: OnBootPhase_1000_com.android.server.integrity.AppIntegrityManagerService
01-04 01:15:04.880 1133 1650 D ActivityManagerTiming: OnBootPhase_1000_com.android.server.integrity.AppIntegrityManagerService took to complete: 0ms
01-04 01:15:04.880 1133 1650 I ActivityManagerTiming: OnBootPhase_1000_com.android.server.inputmethod.InputMethodManagerService$Lifecycle
01-04 01:15:04.880 1133 1650 D ActivityManagerTiming: OnBootPhase_1000_com.android.server.inputmethod.InputMethodManagerService$Lifecycle took to complete: 0ms
01-04 01:15:04.880 1133 1650 I ActivityManagerTiming: OnBootPhase_1000_com.android.server.accessibility.AccessibilityManagerService$Lifecycle
01-04 01:15:04.880 1133 1650 D ActivityManagerTiming: OnBootPhase_1000_com.android.server.accessibility.AccessibilityManagerService$Lifecycle took to complete: 0ms
01-04 01:15:04.880 1133 1650 I ActivityManagerTiming: OnBootPhase_1000_com.android.server.StorageManagerService$Lifecycle
01-04 01:15:04.881 1133 1650 D ActivityManagerTiming: OnBootPhase_1000_com.android.server.StorageManagerService$Lifecycle took to complete: 0ms
01-04 01:15:04.881 1133 1650 I ActivityManagerTiming: OnBootPhase_1000_com.android.server.usage.StorageStatsService$Lifecycle
01-04 01:15:04.881 1133 1650 D ActivityManagerTiming: OnBootPhase_1000_com.android.server.usage.StorageStatsService$Lifecycle took to complete: 0ms
01-04 01:15:04.881 1133 1650 I ActivityManagerTiming: OnBootPhase_1000_com.android.server.UiModeManagerService
01-04 01:15:04.881 1133 1650 D ActivityManagerTiming: OnBootPhase_1000_com.android.server.UiModeManagerService took to complete: 0ms
01-04 01:15:04.881 1133 1650 I ActivityManagerTiming: OnBootPhase_1000_com.android.server.locksettings.LockSettingsService$Lifecycle
01-04 01:15:04.881 1133 1650 D ActivityManagerTiming: OnBootPhase_1000_com.android.server.locksettings.LockSettingsService$Lifecycle took to complete: 0ms
01-04 01:15:04.881 1133 1650 I ActivityManagerTiming: OnBootPhase_1000_com.android.server.PersistentDataBlockService
01-04 01:15:04.881 1133 1650 D ActivityManagerTiming: OnBootPhase_1000_com.android.server.PersistentDataBlockService took to complete: 0ms
01-04 01:15:04.881 1133 1650 I ActivityManagerTiming: OnBootPhase_1000_com.android.server.testharness.TestHarnessModeService
01-04 01:15:04.881 1133 1650 D TestHarnessModeService: Completing Test Harness Mode setup.
01-04 01:15:04.886 1133 1929 D StorageManagerService: Thinking about init, mBootCompleted=true, mDaemonConnected=true
01-04 01:15:04.887 1133 1929 D StorageManagerService: Thinking about reset, mBootCompleted=true, mDaemonConnected=true
01-04 01:15:04.887 1133 1929 I StorageSessionController: Started resetting external storage service...
01-04 01:15:04.887 1133 1929 I StorageSessionController: Finished resetting external storage service
01-04 01:15:04.887 1133 1929 I StorageManagerService: Resetting vold...
01-04 01:15:04.893 1133 1929 I StorageManagerService: Reset vold
01-04 01:15:04.897 550 550 I vold : onUserAdded: 0
01-01 08:01:43.908 0 0 E [kworke][0x76ea016b][01:15:04.877452] wlan: [334:E:QDF] ready_extract_init_status_tlv: 8884: ready_extract_init_status_tlv:0
01-01 08:01:43.927 0 0 E [kworke][0x76ef7dd2][01:15:04.896178] wlan: [334:E:QDF] cds_get_context: 1486: Module ID 65 context is Null
01-01 08:01:43.938 0 0 F [kworke][0x76f2ddca][01:15:04.907698] wlan: [334:F:DP] cdp_ipa_set_uc_tx_partition_base invalid instance
01-01 08:01:43.949 0 0 I [kworke][0x76f61a6c][01:15:04.918747] wlan: [334:I:WMA] wma_he_update_tgt_services: 996: 11ax is enabled
01-04 01:15:04.932 1133 1650 D ActivityManagerTiming: OnBootPhase_1000_com.android.server.testharness.TestHarnessModeService took to complete: 50ms
01-04 01:15:04.932 1133 1650 I ActivityManagerTiming: OnBootPhase_1000_com.android.server.oemlock.OemLockService
01-04 01:15:04.932 1133 1650 D ActivityManagerTiming: OnBootPhase_1000_com.android.server.oemlock.OemLockService took to complete: 0ms
01-01 08:01:43.957 0 0 I [kworke][0x76f87123][01:15:04.926730] wlan: [334:I:HIF] Initializing Runtime PM wakelock &mgmt_txrx_pdev_ctx->wakelock_tx_runtime_cmp
01-04 01:15:04.932 1133 1650 I ActivityManagerTiming: OnBootPhase_1000_com.android.server.DeviceIdleController
01-01 08:01:43.959 0 0 I [kworke][0x76f91f8f][01:15:04.929054] wlan: [334:I:dfs] WLAN_DEBUG_DFS_ALWAYS : wlan_dfs_pdev_obj_create_notification: 421: dfs_offload 1
01-01 08:01:43.960 0 0 I [kworke][0x76f92305][01:15:04.929100] wlan: [334:I:SPECTRAL] null_get_capability: 1715: SPECTRAL : get_capability not registered
01-01 08:01:43.960 0 0 I [kworke][0x76f92404][01:15:04.929114] wlan: [334:I:SPECTRAL] target_if_pdev_spectral_init: 2249: HAL_CAP_PHYDIAG : Capable
01-01 08:01:43.960 0 0 I [kworke][0x76f924cf][01:15:04.929124] wlan: [334:I:SPECTRAL] null_get_capability: 1715: SPECTRAL : get_capability not registered
01-01 08:01:43.960 0 0 I [kworke][0x76f92590][01:15:04.929134] wlan: [334:I:SPECTRAL] target_if_pdev_spectral_init: 2253: HAL_CAP_RADAR : Capable
01-01 08:01:43.960 0 0 I [kworke][0x76f92640][01:15:04.929143] wlan: [334:I:SPECTRAL] null_get_capability: 1715: SPECTRAL : get_capability not registered
01-01 08:01:43.960 0 0 I [kworke][0x76f9270e][01:15:04.929154] wlan: [334:I:SPECTRAL] target_if_pdev_spectral_init: 2258: HAL_CAP_SPECTRAL_SCAN : Capable
01-01 08:01:43.960 0 0 I [kworke][0x76f92832][01:15:04.929169] wlan: [334:I:SPECTRAL] null_get_tsf64: 1703: SPECTRAL : get_tsf64 not registered
01-01 08:01:43.960 0 0 I [kworke][0x76f92b7b][01:15:04.929213] wlan: [334:I:GREEN_AP] wlan_green_ap_pdev_obj_create_notification: 106: Green AP creation successful, green ap ctx: ffffffc172efdce8, pdev: ffffffc1e71200e8
01-01 08:01:43.960 0 0 I [kworke][0x76f934b1][01:15:04.929336] wlan: [334:I:IPA] wlan_ipa_wdi_init: 540: ipa_over_gsi: 1, is_smmu_enabled: 1
01-04 01:15:04.932 1133 1650 D ActivityManagerTiming: OnBootPhase_1000_com.android.server.DeviceIdleController took to complete: 0ms
01-04 01:15:04.932 1133 1650 I ActivityManagerTiming: OnBootPhase_1000_com.android.server.devicepolicy.DevicePolicyManagerService$Lifecycle
01-04 01:15:04.932 1133 1650 D ActivityManagerTiming: OnBootPhase_1000_com.android.server.devicepolicy.DevicePolicyManagerService$Lifecycle took to complete: 0ms
01-04 01:15:04.932 1133 1650 I ActivityManagerTiming: OnBootPhase_1000_com.android.server.texttospeech.TextToSpeechManagerService
01-04 01:15:04.933 1133 1650 D ActivityManagerTiming: OnBootPhase_1000_com.android.server.texttospeech.TextToSpeechManagerService took to complete: 0ms
01-04 01:15:04.933 1133 1650 I ActivityManagerTiming: OnBootPhase_1000_com.android.server.speech.SpeechRecognitionManagerService
01-04 01:15:04.933 1133 1650 D ActivityManagerTiming: OnBootPhase_1000_com.android.server.speech.SpeechRecognitionManagerService took to complete: 0ms
01-04 01:15:04.933 1133 1650 I ActivityManagerTiming: OnBootPhase_1000_com.android.server.searchui.SearchUiManagerService
01-04 01:15:04.933 1133 1650 D ActivityManagerTiming: OnBootPhase_1000_com.android.server.searchui.SearchUiManagerService took to complete: 0ms
01-04 01:15:04.933 1133 1650 I ActivityManagerTiming: OnBootPhase_1000_com.android.server.smartspace.SmartspaceManagerService
01-04 01:15:04.933 1133 1650 D ActivityManagerTiming: OnBootPhase_1000_com.android.server.smartspace.SmartspaceManagerService took to complete: 0ms
01-04 01:15:04.933 1133 1650 I ActivityManagerTiming: OnBootPhase_1000_com.android.server.graphics.fonts.FontManagerService$Lifecycle
01-04 01:15:04.933 1133 1650 D ActivityManagerTiming: OnBootPhase_1000_com.android.server.graphics.fonts.FontManagerService$Lifecycle took to complete: 0ms
01-04 01:15:04.933 1133 1650 I ActivityManagerTiming: OnBootPhase_1000_com.android.server.textservices.TextServicesManagerService$Lifecycle
01-04 01:15:04.933 1133 1650 D ActivityManagerTiming: OnBootPhase_1000_com.android.server.textservices.TextServicesManagerService$Lifecycle took to complete: 0ms
01-04 01:15:04.933 1133 1650 I ActivityManagerTiming: OnBootPhase_1000_com.android.server.textclassifier.TextClassificationManagerService$Lifecycle
01-04 01:15:04.933 1133 1650 D ActivityManagerTiming: OnBootPhase_1000_com.android.server.textclassifier.TextClassificationManagerService$Lifecycle took to complete: 0ms
01-04 01:15:04.933 1133 1650 I ActivityManagerTiming: OnBootPhase_1000_com.android.server.NetworkScoreService$Lifecycle
01-04 01:15:04.933 1133 1650 D ActivityManagerTiming: OnBootPhase_1000_com.android.server.NetworkScoreService$Lifecycle took to complete: 0ms
01-04 01:15:04.933 1133 1650 I ActivityManagerTiming: OnBootPhase_1000_com.android.server.wifi.WifiService
01-04 01:15:04.934 1133 1650 D ActivityManagerTiming: OnBootPhase_1000_com.android.server.wifi.WifiService took to complete: 0ms
01-04 01:15:04.934 1133 1650 I ActivityManagerTiming: OnBootPhase_1000_com.android.server.wifi.scanner.WifiScanningService
01-04 01:15:04.934 1133 1650 D ActivityManagerTiming: OnBootPhase_1000_com.android.server.wifi.scanner.WifiScanningService took to complete: 0ms
01-04 01:15:04.934 1133 1650 I ActivityManagerTiming: OnBootPhase_1000_com.android.server.wifi.rtt.RttService
01-04 01:15:04.934 1133 1650 D ActivityManagerTiming: OnBootPhase_1000_com.android.server.wifi.rtt.RttService took to complete: 0ms
01-04 01:15:04.934 1133 1650 I ActivityManagerTiming: OnBootPhase_1000_com.android.server.wifi.aware.WifiAwareService
01-04 01:15:04.935 1133 1650 D ActivityManagerTiming: OnBootPhase_1000_com.android.server.wifi.aware.WifiAwareService took to complete: 0ms
01-04 01:15:04.935 1133 1650 I ActivityManagerTiming: OnBootPhase_1000_com.android.server.wifi.p2p.WifiP2pService
01-04 01:15:04.935 1133 1650 D ActivityManagerTiming: OnBootPhase_1000_com.android.server.wifi.p2p.WifiP2pService took to complete: 0ms
01-04 01:15:04.935 1133 1650 I ActivityManagerTiming: OnBootPhase_1000_com.android.server.ethernet.EthernetService
01-04 01:15:04.935 1133 1650 D ActivityManagerTiming: OnBootPhase_1000_com.android.server.ethernet.EthernetService took to complete: 0ms
01-04 01:15:04.935 1133 1650 I ActivityManagerTiming: OnBootPhase_1000_com.android.server.ConnectivityServiceInitializer
01-04 01:15:04.935 1133 1650 D ActivityManagerTiming: OnBootPhase_1000_com.android.server.ConnectivityServiceInitializer took to complete: 0ms
01-04 01:15:04.935 1133 1650 I ActivityManagerTiming: OnBootPhase_1000_com.android.server.notification.NotificationManagerService
01-04 01:15:04.935 1133 1650 D ActivityManagerTiming: OnBootPhase_1000_com.android.server.notification.NotificationManagerService took to complete: 0ms
01-04 01:15:04.935 1133 1650 I ActivityManagerTiming: OnBootPhase_1000_com.android.server.storage.DeviceStorageMonitorService
01-04 01:15:04.936 1133 1650 D ActivityManagerTiming: OnBootPhase_1000_com.android.server.storage.DeviceStorageMonitorService took to complete: 0ms
01-04 01:15:04.936 1133 1650 I ActivityManagerTiming: OnBootPhase_1000_com.android.server.location.LocationManagerService$Lifecycle
01-04 01:15:04.936 1133 1650 D ActivityManagerTiming: OnBootPhase_1000_com.android.server.location.LocationManagerService$Lifecycle took to complete: 0ms
01-04 01:15:04.936 1133 1650 I ActivityManagerTiming: OnBootPhase_1000_com.android.server.timedetector.TimeDetectorService$Lifecycle
01-04 01:15:04.936 1133 1650 D ActivityManagerTiming: OnBootPhase_1000_com.android.server.timedetector.TimeDetectorService$Lifecycle took to complete: 0ms
01-04 01:15:04.936 1133 1650 I ActivityManagerTiming: OnBootPhase_1000_com.android.server.timezonedetector.TimeZoneDetectorService$Lifecycle
01-04 01:15:04.936 1133 1650 D ActivityManagerTiming: OnBootPhase_1000_com.android.server.timezonedetector.TimeZoneDetectorService$Lifecycle took to complete: 0ms
01-04 01:15:04.936 1133 1650 I ActivityManagerTiming: OnBootPhase_1000_com.android.server.timezonedetector.location.LocationTimeZoneManagerService$Lifecycle
01-04 01:15:04.936 1133 1650 D ActivityManagerTiming: OnBootPhase_1000_com.android.server.timezonedetector.location.LocationTimeZoneManagerService$Lifecycle took to complete: 0ms
01-04 01:15:04.936 1133 1650 I ActivityManagerTiming: OnBootPhase_1000_com.android.server.search.SearchManagerService$Lifecycle
01-04 01:15:04.936 1133 1650 D ActivityManagerTiming: OnBootPhase_1000_com.android.server.search.SearchManagerService$Lifecycle took to complete: 0ms
01-04 01:15:04.936 1133 1650 I ActivityManagerTiming: OnBootPhase_1000_com.android.server.wallpaper.WallpaperManagerService$Lifecycle
01-04 01:15:04.937 1133 1650 D ActivityManagerTiming: OnBootPhase_1000_com.android.server.wallpaper.WallpaperManagerService$Lifecycle took to complete: 0ms
01-04 01:15:04.937 1133 1650 I ActivityManagerTiming: OnBootPhase_1000_com.android.server.audio.AudioService$Lifecycle
01-04 01:15:04.937 1133 1650 D ActivityManagerTiming: OnBootPhase_1000_com.android.server.audio.AudioService$Lifecycle took to complete: 0ms
01-04 01:15:04.937 1133 1650 I ActivityManagerTiming: OnBootPhase_1000_com.android.server.soundtrigger_middleware.SoundTriggerMiddlewareService$Lifecycle
01-04 01:15:04.937 1133 1650 D ActivityManagerTiming: OnBootPhase_1000_com.android.server.soundtrigger_middleware.SoundTriggerMiddlewareService$Lifecycle took to complete: 0ms
01-04 01:15:04.937 1133 1650 I ActivityManagerTiming: OnBootPhase_1000_com.android.server.DockObserver
01-04 01:15:04.937 1133 1650 D ActivityManagerTiming: OnBootPhase_1000_com.android.server.DockObserver took to complete: 0ms
01-04 01:15:04.937 1133 1650 I ActivityManagerTiming: OnBootPhase_1000_com.android.server.midi.MidiService$Lifecycle
01-04 01:15:04.937 1133 1650 D ActivityManagerTiming: OnBootPhase_1000_com.android.server.midi.MidiService$Lifecycle took to complete: 0ms
01-04 01:15:04.938 1133 1650 I ActivityManagerTiming: OnBootPhase_1000_com.android.server.adb.AdbService$Lifecycle
01-04 01:15:04.938 1133 1650 D ActivityManagerTiming: OnBootPhase_1000_com.android.server.adb.AdbService$Lifecycle took to complete: 0ms
01-04 01:15:04.938 1133 1650 I ActivityManagerTiming: OnBootPhase_1000_com.android.server.usb.UsbService$Lifecycle
01-04 01:15:04.938 1133 1650 D ActivityManagerTiming: OnBootPhase_1000_com.android.server.usb.UsbService$Lifecycle took to complete: 0ms
01-04 01:15:04.938 1133 1650 I ActivityManagerTiming: OnBootPhase_1000_com.android.server.twilight.TwilightService
01-04 01:15:04.943 1133 1133 I notification_enqueue: [1000,1133,android,26,NULL,-1,Notification(channel=DEVELOPER_IMPORTANT shortcut=null contentView=null vibrate=null sound=null tick defaults=0x0 flags=0x2 color=0x00000000 vis=PUBLIC),0]
01-04 01:15:04.943 1133 1133 I sysui_multi_action: [757,1501,758,1,793,1,794,0,795,1,796,26,806,android,857,DEVELOPER_IMPORTANT,858,4,947,0,1500,0]
01-04 01:15:04.944 1133 1133 I sysui_multi_action: [757,804,799,note_interruptive,801,0,802,1]
01-04 01:15:04.945 1133 1133 I GameModeConfig: isGameModeOn = false
01-04 01:15:04.946 1133 1650 D ActivityManagerTiming: OnBootPhase_1000_com.android.server.twilight.TwilightService took to complete: 7ms
01-04 01:15:04.946 1133 1650 I ActivityManagerTiming: OnBootPhase_1000_com.android.server.display.color.ColorDisplayService
01-04 01:15:04.946 1133 1650 D ActivityManagerTiming: OnBootPhase_1000_com.android.server.display.color.ColorDisplayService took to complete: 0ms
01-04 01:15:04.946 1133 1650 I ActivityManagerTiming: OnBootPhase_1000_com.android.server.job.JobSchedulerService
01-04 01:15:04.946 1133 1650 D ActivityManagerTiming: OnBootPhase_1000_com.android.server.job.JobSchedulerService took to complete: 0ms
01-04 01:15:04.946 1133 1650 I ActivityManagerTiming: OnBootPhase_1000_com.android.server.soundtrigger.SoundTriggerService
01-04 01:15:04.946 1133 1650 D SoundTriggerService: onBootPhase: 1000 : false
01-04 01:15:04.946 1133 1650 D ActivityManagerTiming: OnBootPhase_1000_com.android.server.soundtrigger.SoundTriggerService took to complete: 0ms
01-04 01:15:04.946 1133 1650 I ActivityManagerTiming: OnBootPhase_1000_com.android.server.trust.TrustManagerService
01-04 01:15:04.947 1133 1133 W NotificationHistory: Attempted to add notif for locked/gone/disabled user 0
01-01 08:01:43.964 0 0 I [kworke][0x76fa9073][01:15:04.933973] wlan: [334:I:REGULATORY] reg_set_band: 483: set band bitmap: 3
01-04 01:15:04.950 1133 1650 D ActivityManagerTiming: OnBootPhase_1000_com.android.server.trust.TrustManagerService took to complete: 4ms
01-04 01:15:04.950 1133 1650 I ActivityManagerTiming: OnBootPhase_1000_com.android.server.backup.BackupManagerService$Lifecycle
01-04 01:15:04.950 1133 1650 D ActivityManagerTiming: OnBootPhase_1000_com.android.server.backup.BackupManagerService$Lifecycle took to complete: 0ms
01-04 01:15:04.950 1133 1650 I ActivityManagerTiming: OnBootPhase_1000_com.android.server.appwidget.AppWidgetService
01-04 01:15:04.950 1133 1650 D ActivityManagerTiming: OnBootPhase_1000_com.android.server.appwidget.AppWidgetService took to complete: 0ms
01-04 01:15:04.950 1133 1650 I ActivityManagerTiming: OnBootPhase_1000_com.android.server.voiceinteraction.VoiceInteractionManagerService
01-04 01:15:04.950 1133 1650 D ActivityManagerTiming: OnBootPhase_1000_com.android.server.voiceinteraction.VoiceInteractionManagerService took to complete: 0ms
01-04 01:15:04.950 1133 1650 I ActivityManagerTiming: OnBootPhase_1000_com.android.server.apphibernation.AppHibernationService
01-04 01:15:04.951 1133 1650 D ActivityManagerTiming: OnBootPhase_1000_com.android.server.apphibernation.AppHibernationService took to complete: 0ms
01-04 01:15:04.951 1133 1650 I ActivityManagerTiming: OnBootPhase_1000_com.android.server.GestureLauncherService
01-04 01:15:04.951 1133 1650 D ActivityManagerTiming: OnBootPhase_1000_com.android.server.GestureLauncherService took to complete: 0ms
01-04 01:15:04.951 1133 1650 I ActivityManagerTiming: OnBootPhase_1000_com.android.server.SensorNotificationService
01-01 08:01:43.965 0 0 I [kworke][0x76faa598][01:15:04.934254] wlan: [334:I:HIF] Initializing Runtime PM wakelock &ctx->dfs
01-01 08:01:43.965 0 0 I [kworke][0x76faa710][01:15:04.934274] wlan: [334:I:HIF] Initializing Runtime PM wakelock &ctx->connect
01-01 08:01:43.965 0 0 I [kworke][0x76faa847][01:15:04.934290] wlan: [334:I:HIF] Initializing Runtime PM wakelock &ctx->user
01-01 08:01:43.965 0 0 I [kworke][0x76faa9b3][01:15:04.934309] wlan: [334:I:HIF] Initializing Runtime PM wakelock &scan_priv->runtime_pm_lock
01-01 08:01:43.965 0 0 I [kworke][0x76faac77][01:15:04.934346] wlan: [334:I:GREEN_AP] target_if_green_ap_register_egap_event_handler: 131: Set the Enhance Green AP event handler
01-01 08:01:43.965 0 0 E [kworke][0x76faadbb][01:15:04.934363] wlan: [334:E:QDF] dp_peer_map_attach_wifi3: 10048: dp_peer_map_attach_wifi3 max_peers 55, max_ast_index: 144
01-01 08:01:43.985 0 0 I [kworke][0x77007a2c][01:15:04.954158] wlan: [334:I:DP]
01-01 08:01:43.985 0 0 I : <=== cfg max peer id 55 ====>
01-01 08:01:43.985 0 0 I [kworke][0x77007fc7][01:15:04.954230] wlan: [334:I:DP]
01-01 08:01:43.985 0 0 I : <=== cfg max ast idx 144 ====>
01-01 08:01:43.985 0 0 I [kworke][0x77008183][01:15:04.954253] wlan: [334:I:DP] ast hash_elems: 512, max_ast_idx: 144
01-01 08:01:43.985 0 0 I [kworke][0x7700a79f][01:15:04.954763] wlan: [336:I:WMA] wma_wait_for_ready_event: 6926: FW ready event received
01-04 01:15:04.955 1133 3220 I HibernationStateDiskStore: No hibernation file on disk for file /data/system/hibernation/states
01-04 01:15:04.961 1133 1650 D CompatibilityChangeReporter: Compat change id reported: 168936375; UID 1000; state: ENABLED
01-04 01:15:04.962 1133 1650 D CompatibilityChangeReporter: Compat change id reported: 168936375; UID 1000; state: DISABLED
01-04 01:15:04.964 1133 1829 I commit_sys_config_file: [settings-0-0,46]
01-04 01:15:04.966 1133 1650 D CompatibilityChangeReporter: Compat change id reported: 73144566; UID 1000; state: ENABLED
01-04 01:15:04.966 1133 1650 D CompatibilityChangeReporter: Compat change id reported: 73144566; UID 1000; state: DISABLED
01-04 01:15:04.967 1133 1649 I commit_sys_config_file: [notification-policy,5413]
01-04 01:15:04.968 1133 1650 D ActivityManagerTiming: OnBootPhase_1000_com.android.server.SensorNotificationService took to complete: 17ms
01-04 01:15:04.968 1133 1650 I ActivityManagerTiming: OnBootPhase_1000_com.android.server.emergency.EmergencyAffordanceService
01-04 01:15:04.968 1133 1650 D ActivityManagerTiming: OnBootPhase_1000_com.android.server.emergency.EmergencyAffordanceService took to complete: 0ms
01-04 01:15:04.968 1133 1650 I ActivityManagerTiming: OnBootPhase_1000_com.android.server.blob.BlobStoreManagerService
01-04 01:15:04.969 1133 1650 D ActivityManagerTiming: OnBootPhase_1000_com.android.server.blob.BlobStoreManagerService took to complete: 1ms
01-04 01:15:04.969 1133 1650 I ActivityManagerTiming: OnBootPhase_1000_com.android.server.dreams.DreamManagerService
01-04 01:15:04.969 1133 1650 D ActivityManagerTiming: OnBootPhase_1000_com.android.server.dreams.DreamManagerService took to complete: 0ms
01-04 01:15:04.969 1133 1650 I ActivityManagerTiming: OnBootPhase_1000_com.android.server.companion.CompanionDeviceManagerService
01-04 01:15:04.969 1133 1650 D ActivityManagerTiming: OnBootPhase_1000_com.android.server.companion.CompanionDeviceManagerService took to complete: 0ms
01-04 01:15:04.969 1133 1650 I ActivityManagerTiming: OnBootPhase_1000_com.android.server.restrictions.RestrictionsManagerService
01-04 01:15:04.969 1133 1650 D ActivityManagerTiming: OnBootPhase_1000_com.android.server.restrictions.RestrictionsManagerService took to complete: 0ms
01-04 01:15:04.971 1133 1650 I ActivityManagerTiming: OnBootPhase_1000_com.android.server.media.MediaSessionService
01-04 01:15:04.977 1133 1650 D ActivityManagerTiming: OnBootPhase_1000_com.android.server.media.MediaSessionService took to complete: 7ms
01-04 01:15:04.977 1133 1650 I ActivityManagerTiming: OnBootPhase_1000_com.android.server.media.MediaResourceMonitorService
01-04 01:15:04.977 1133 1650 D ActivityManagerTiming: OnBootPhase_1000_com.android.server.media.MediaResourceMonitorService took to complete: 0ms
01-04 01:15:04.977 1133 1650 I ActivityManagerTiming: OnBootPhase_1000_com.android.server.biometrics.sensors.fingerprint.FingerprintService
01-04 01:15:04.977 1133 1650 D ActivityManagerTiming: OnBootPhase_1000_com.android.server.biometrics.sensors.fingerprint.FingerprintService took to complete: 0ms
01-04 01:15:04.977 1133 1650 I ActivityManagerTiming: OnBootPhase_1000_com.android.server.biometrics.BiometricService
01-04 01:15:04.978 1133 1650 D ActivityManagerTiming: OnBootPhase_1000_com.android.server.biometrics.BiometricService took to complete: 0ms
01-04 01:15:04.978 1133 1650 I ActivityManagerTiming: OnBootPhase_1000_com.android.server.biometrics.AuthService
01-04 01:15:04.978 1133 1650 D ActivityManagerTiming: OnBootPhase_1000_com.android.server.biometrics.AuthService took to complete: 0ms
01-04 01:15:04.978 1133 1650 I ActivityManagerTiming: OnBootPhase_1000_com.android.server.pm.ShortcutService$Lifecycle
01-04 01:15:04.978 1133 1650 D ActivityManagerTiming: OnBootPhase_1000_com.android.server.pm.ShortcutService$Lifecycle took to complete: 0ms
01-04 01:15:04.978 1133 1650 I ActivityManagerTiming: OnBootPhase_1000_com.android.server.pm.LauncherAppsService
01-04 01:15:04.978 1133 1650 D ActivityManagerTiming: OnBootPhase_1000_com.android.server.pm.LauncherAppsService took to complete: 0ms
01-04 01:15:04.978 1133 1650 I ActivityManagerTiming: OnBootPhase_1000_com.android.server.pm.CrossProfileAppsService
01-04 01:15:04.978 1133 1650 D ActivityManagerTiming: OnBootPhase_1000_com.android.server.pm.CrossProfileAppsService took to complete: 0ms
01-04 01:15:04.978 1133 1650 I ActivityManagerTiming: OnBootPhase_1000_com.android.server.people.PeopleService
01-04 01:15:04.978 1133 1650 D ActivityManagerTiming: OnBootPhase_1000_com.android.server.people.PeopleService took to complete: 0ms
01-04 01:15:04.978 1133 1650 I ActivityManagerTiming: OnBootPhase_1000_com.android.server.media.metrics.MediaMetricsManagerService
01-04 01:15:04.978 1133 1650 D ActivityManagerTiming: OnBootPhase_1000_com.android.server.media.metrics.MediaMetricsManagerService took to complete: 0ms
01-04 01:15:04.978 1133 1650 I ActivityManagerTiming: OnBootPhase_1000_com.android.server.media.projection.MediaProjectionManagerService
01-04 01:15:04.979 1133 1650 D ActivityManagerTiming: OnBootPhase_1000_com.android.server.media.projection.MediaProjectionManagerService took to complete: 0ms
01-04 01:15:04.979 1133 1650 I ActivityManagerTiming: OnBootPhase_1000_com.android.server.slice.SliceManagerService$Lifecycle
01-04 01:15:04.979 1133 1650 D ActivityManagerTiming: OnBootPhase_1000_com.android.server.slice.SliceManagerService$Lifecycle took to complete: 0ms
01-04 01:15:04.979 1133 1650 I ActivityManagerTiming: OnBootPhase_1000_com.android.server.stats.StatsCompanion$Lifecycle
01-04 01:15:04.979 1133 1650 D ActivityManagerTiming: OnBootPhase_1000_com.android.server.stats.StatsCompanion$Lifecycle took to complete: 1ms
01-04 01:15:04.979 1133 1650 I ActivityManagerTiming: OnBootPhase_1000_com.android.server.scheduling.RebootReadinessManagerService$Lifecycle
01-04 01:15:04.979 1133 1650 D ActivityManagerTiming: OnBootPhase_1000_com.android.server.scheduling.RebootReadinessManagerService$Lifecycle took to complete: 0ms
01-04 01:15:04.979 1133 1650 I ActivityManagerTiming: OnBootPhase_1000_com.android.server.stats.pull.StatsPullAtomService
01-04 01:15:04.979 1133 1650 D ActivityManagerTiming: OnBootPhase_1000_com.android.server.stats.pull.StatsPullAtomService took to complete: 0ms
01-04 01:15:04.979 1133 1650 I ActivityManagerTiming: OnBootPhase_1000_com.android.server.incident.IncidentCompanionService
01-04 01:15:04.980 1133 1650 D ActivityManagerTiming: OnBootPhase_1000_com.android.server.incident.IncidentCompanionService took to complete: 0ms
01-04 01:15:04.980 1133 1650 I ActivityManagerTiming: OnBootPhase_1000_com.android.server.MmsServiceBroker
01-04 01:15:04.980 1133 1650 D ActivityManagerTiming: OnBootPhase_1000_com.android.server.MmsServiceBroker took to complete: 0ms
01-04 01:15:04.980 1133 1650 I ActivityManagerTiming: OnBootPhase_1000_com.android.server.autofill.AutofillManagerService
01-04 01:15:04.980 1133 1650 D ActivityManagerTiming: OnBootPhase_1000_com.android.server.autofill.AutofillManagerService took to complete: 0ms
01-04 01:15:04.980 1133 1650 I ActivityManagerTiming: OnBootPhase_1000_com.android.server.clipboard.ClipboardService
01-04 01:15:04.980 1133 1650 D ActivityManagerTiming: OnBootPhase_1000_com.android.server.clipboard.ClipboardService took to complete: 0ms
01-04 01:15:04.980 1133 1650 I ActivityManagerTiming: OnBootPhase_1000_com.android.server.appbinding.AppBindingService$Lifecycle
01-04 01:15:04.980 1133 1650 D ActivityManagerTiming: OnBootPhase_1000_com.android.server.appbinding.AppBindingService$Lifecycle took to complete: 0ms
01-04 01:15:04.980 1133 1650 I ActivityManagerTiming: OnBootPhase_1000_com.android.server.tracing.TracingServiceProxy
01-04 01:15:04.980 1133 1650 D ActivityManagerTiming: OnBootPhase_1000_com.android.server.tracing.TracingServiceProxy took to complete: 0ms
01-04 01:15:04.980 1133 1650 I ActivityManagerTiming: OnBootPhase_1000_com.android.server.policy.PermissionPolicyService
01-04 01:15:04.980 1133 1650 D ActivityManagerTiming: OnBootPhase_1000_com.android.server.policy.PermissionPolicyService took to complete: 0ms
