01-04 01:15:16.850 1133 1663 D SystemServerTimingAsync: ssm.onUnlockedUser-0_com.android.server.media.MediaResourceMonitorService took to complete: 0ms
01-04 01:15:16.850 1133 1663 I SystemServerTimingAsync: ssm.onUnlockedUser-0_com.android.server.biometrics.sensors.fingerprint.FingerprintService
01-04 01:15:16.850 1133 1663 D SystemServerTimingAsync: ssm.onUnlockedUser-0_com.android.server.biometrics.sensors.fingerprint.FingerprintService took to complete: 0ms
01-04 01:15:16.850 1133 1663 I SystemServerTimingAsync: ssm.onUnlockedUser-0_com.android.server.biometrics.BiometricService
01-04 01:15:16.850 1133 1663 D SystemServerTimingAsync: ssm.onUnlockedUser-0_com.android.server.biometrics.BiometricService took to complete: 0ms
01-04 01:15:16.850 1133 1663 I SystemServerTimingAsync: ssm.onUnlockedUser-0_com.android.server.biometrics.AuthService
01-04 01:15:16.850 1133 1663 D SystemServerTimingAsync: ssm.onUnlockedUser-0_com.android.server.biometrics.AuthService took to complete: 0ms
01-04 01:15:16.850 1133 1663 I SystemServerTimingAsync: ssm.onUnlockedUser-0_com.android.server.pm.ShortcutService$Lifecycle
01-04 01:15:16.850 1133 1663 D SystemServerTimingAsync: ssm.onUnlockedUser-0_com.android.server.pm.ShortcutService$Lifecycle took to complete: 0ms
01-04 01:15:16.850 1133 1663 I SystemServerTimingAsync: ssm.onUnlockedUser-0_com.android.server.pm.LauncherAppsService
01-04 01:15:16.850 1133 1663 D SystemServerTimingAsync: ssm.onUnlockedUser-0_com.android.server.pm.LauncherAppsService took to complete: 0ms
01-04 01:15:16.850 1133 1663 I SystemServerTimingAsync: ssm.onUnlockedUser-0_com.android.server.pm.CrossProfileAppsService
01-04 01:15:16.850 1133 1663 D SystemServerTimingAsync: ssm.onUnlockedUser-0_com.android.server.pm.CrossProfileAppsService took to complete: 0ms
01-04 01:15:16.851 1133 1663 I SystemServerTimingAsync: ssm.onUnlockedUser-0_com.android.server.people.PeopleService
01-04 01:15:16.851 1133 1663 D SystemServerTimingAsync: ssm.onUnlockedUser-0_com.android.server.people.PeopleService took to complete: 1ms
01-04 01:15:16.851 1133 1663 I SystemServerTimingAsync: ssm.onUnlockedUser-0_com.android.server.media.metrics.MediaMetricsManagerService
01-04 01:15:16.851 1133 1663 D SystemServerTimingAsync: ssm.onUnlockedUser-0_com.android.server.media.metrics.MediaMetricsManagerService took to complete: 0ms
01-04 01:15:16.851 1133 1663 I SystemServerTimingAsync: ssm.onUnlockedUser-0_com.android.server.media.projection.MediaProjectionManagerService
01-04 01:15:16.851 1133 1663 D SystemServerTimingAsync: ssm.onUnlockedUser-0_com.android.server.media.projection.MediaProjectionManagerService took to complete: 0ms
01-04 01:15:16.851 1133 1663 I SystemServerTimingAsync: ssm.onUnlockedUser-0_com.android.server.slice.SliceManagerService$Lifecycle
01-04 01:15:16.851 1133 1663 D SystemServerTimingAsync: ssm.onUnlockedUser-0_com.android.server.slice.SliceManagerService$Lifecycle took to complete: 0ms
01-04 01:15:16.851 1133 1663 I SystemServerTimingAsync: ssm.onUnlockedUser-0_com.android.server.stats.StatsCompanion$Lifecycle
01-04 01:15:16.851 1133 1663 D SystemServerTimingAsync: ssm.onUnlockedUser-0_com.android.server.stats.StatsCompanion$Lifecycle took to complete: 0ms
01-04 01:15:16.851 1133 1663 I SystemServerTimingAsync: ssm.onUnlockedUser-0_com.android.server.scheduling.RebootReadinessManagerService$Lifecycle
01-04 01:15:16.851 1133 1663 D SystemServerTimingAsync: ssm.onUnlockedUser-0_com.android.server.scheduling.RebootReadinessManagerService$Lifecycle took to complete: 0ms
01-04 01:15:16.852 1133 1663 I SystemServerTimingAsync: ssm.onUnlockedUser-0_com.android.server.stats.pull.StatsPullAtomService
01-04 01:15:16.852 1133 1663 D SystemServerTimingAsync: ssm.onUnlockedUser-0_com.android.server.stats.pull.StatsPullAtomService took to complete: 0ms
01-04 01:15:16.852 1133 1663 I SystemServerTimingAsync: ssm.onUnlockedUser-0_com.android.server.incident.IncidentCompanionService
01-04 01:15:16.852 1133 1663 D SystemServerTimingAsync: ssm.onUnlockedUser-0_com.android.server.incident.IncidentCompanionService took to complete: 0ms
01-04 01:15:16.852 1133 1663 I SystemServerTimingAsync: ssm.onUnlockedUser-0_com.android.server.MmsServiceBroker
01-04 01:15:16.852 1133 1663 D SystemServerTimingAsync: ssm.onUnlockedUser-0_com.android.server.MmsServiceBroker took to complete: 0ms
01-04 01:15:16.852 1133 1663 I SystemServerTimingAsync: ssm.onUnlockedUser-0_com.android.server.autofill.AutofillManagerService
01-04 01:15:16.852 1133 1663 D SystemServerTimingAsync: ssm.onUnlockedUser-0_com.android.server.autofill.AutofillManagerService took to complete: 0ms
01-04 01:15:16.852 1133 1663 I SystemServerTimingAsync: ssm.onUnlockedUser-0_com.android.server.clipboard.ClipboardService
01-04 01:15:16.852 1133 1663 D SystemServerTimingAsync: ssm.onUnlockedUser-0_com.android.server.clipboard.ClipboardService took to complete: 0ms
01-04 01:15:16.852 1133 1663 I SystemServerTimingAsync: ssm.onUnlockedUser-0_com.android.server.appbinding.AppBindingService$Lifecycle
01-04 01:15:16.852 1133 1663 D SystemServerTimingAsync: ssm.onUnlockedUser-0_com.android.server.appbinding.AppBindingService$Lifecycle took to complete: 0ms
01-04 01:15:16.852 1133 1663 I SystemServerTimingAsync: ssm.onUnlockedUser-0_com.android.server.tracing.TracingServiceProxy
01-04 01:15:16.852 1133 1663 D SystemServerTimingAsync: ssm.onUnlockedUser-0_com.android.server.tracing.TracingServiceProxy took to complete: 0ms
01-04 01:15:16.852 1133 1663 I SystemServerTimingAsync: ssm.onUnlockedUser-0_com.android.server.policy.PermissionPolicyService
01-04 01:15:16.852 1133 1663 D SystemServerTimingAsync: ssm.onUnlockedUser-0_com.android.server.policy.PermissionPolicyService took to complete: 0ms
01-04 01:15:16.852 1133 1663 I SystemServerTimingAsync: ssm.onUnlockedUser-0_com.android.server.pm.StagingManager$Lifecycle
01-04 01:15:16.853 1133 1663 D SystemServerTimingAsync: ssm.onUnlockedUser-0_com.android.server.pm.StagingManager$Lifecycle took to complete: 0ms
01-04 01:15:16.853 1133 1663 I SystemServerTimingAsync: ssm.onUnlockedUser-0_com.android.server.app.GameManagerService$Lifecycle
01-04 01:15:16.853 1133 1663 D SystemServerTimingAsync: ssm.onUnlockedUser-0_com.android.server.app.GameManagerService$Lifecycle took to complete: 0ms
01-04 01:15:16.853 1133 1663 I SystemServerTimingAsync: ssm.onUnlockedUser-0_com.android.server.appsearch.AppSearchManagerService
01-04 01:15:16.853 1133 1663 D SystemServerTimingAsync: ssm.onUnlockedUser-0_com.android.server.appsearch.AppSearchManagerService took to complete: 0ms
01-04 01:15:16.853 1133 1663 I SystemServerTimingAsync: ssm.onUnlockedUser-0_com.android.server.media.MediaCommunicationService
01-04 01:15:16.853 1133 1663 D SystemServerTimingAsync: ssm.onUnlockedUser-0_com.android.server.media.MediaCommunicationService took to complete: 0ms
01-04 01:15:16.853 1133 1663 D SystemServerTimingAsync: ssm.UnlockedUser-0 took to complete: 30ms
01-04 01:15:16.853 1133 1663 W ActivityManager: UserLifecycleEvent 6 received without an active userJourneySession.
01-04 01:15:16.854 1133 1649 I DropBoxManagerService: add tag=system_server_strictmode isTagEnabled=true flags=0x2
01-04 01:15:16.854 1133 1133 D CompatibilityChangeReporter: Compat change id reported: 175319604; UID 10101; state: DISABLED
01-04 01:15:16.859 1133 4178 E TaskPersister: File error accessing recents directory (directory doesn't exist?).
01-04 01:15:16.860 1133 4178 E TaskPersister: File error accessing recents directory (directory doesn't exist?).
01-04 01:15:16.870 1133 1664 I am_proc_start: [0,4180,10080,com.qti.ltebc,broadcast,{com.qti.ltebc/com.qualcomm.ltebc.LTEBroadcastReceiver}]
01-04 01:15:16.870 1133 1664 I ActivityManager: Start proc 4180:com.qti.ltebc/u0a80 for broadcast {com.qti.ltebc/com.qualcomm.ltebc.LTEBroadcastReceiver}
01-01 08:01:55.947 0 0 I binder : 4180:4180 ioctl 40046210 7fe56c0b84 returned -22
01-04 01:15:16.922 1133 3699 I am_proc_bound: [0,4180,com.qti.ltebc]
01-04 01:15:16.952 1133 1133 I NotificationService: Cannot find enqueued record for key: 0|android|13|PreBootBroadcaster|1000
01-04 01:15:16.976 1133 1133 I NotificationService: Cannot find enqueued record for key: 0|android|13|PreBootBroadcaster|1000
01-01 08:01:56.015 0 0 W irq_migrate_all_off_this_cpu: 139 callbacks suppressed
01-01 08:01:56.015 0 0 I IRQ 354 : no longer affine to CPU4
01-01 08:01:56.015 0 0 I IRQ 355 : no longer affine to CPU4
01-01 08:01:56.015 0 0 I IRQ 356 : no longer affine to CPU4
01-01 08:01:56.015 0 0 I IRQ 357 : no longer affine to CPU4
01-01 08:01:56.015 0 0 I IRQ 359 : no longer affine to CPU4
01-01 08:01:56.015 0 0 I IRQ 360 : no longer affine to CPU4
01-01 08:01:56.015 0 0 I IRQ 362 : no longer affine to CPU4
01-01 08:01:56.015 0 0 I IRQ 365 : no longer affine to CPU4
01-01 08:01:56.015 0 0 I IRQ 366 : no longer affine to CPU4
01-01 08:01:56.015 0 0 I IRQ 367 : no longer affine to CPU4
01-04 01:15:17.007 1133 1133 I NotificationService: Cannot find enqueued record for key: 0|android|13|PreBootBroadcaster|1000
01-04 01:15:17.308 1133 3699 I snet_event_log: [172655291,-1,]
01-01 08:01:56.419 0 0 I : VideoDecMsgThre (2071) used greatest stack depth: 8384 bytes left
01-01 08:01:56.422 0 0 I msm_vidc: high: 00000001: h264d: Closed video instance: ffffffc215ee0000
01-01 08:01:56.483 0 0 E q6asm_callback: cmd = 0x10bce returned error = 0xa
01-01 08:01:56.490 0 0 E __q6asm_cmd: DSP returned error[ADSP_ENOTREADY] opcode 68558
01-01 08:01:56.499 0 0 W : ------------[ cut here ]------------
01-01 08:01:56.499 0 0 W : WARNING: CPU: 4 PID: 1830 at sound/soc/soc-pcm.c:124 snd_soc_runtime_deactivate+0x8c/0x148
01-01 08:01:56.499 0 0 I : Modules linked in: cyttsp7_device_access wlan(O) cyttsp7_i2c cyttsp7 atmel_mxt_ts tsnv(O) machine_dlkm(O) wcd938x_slave_dlkm(O) wcd938x_dlkm(O) wcd9xxx_dlkm(O) mbhc_dlkm(O) tx_macro_dlkm(O) rx_macro_dlkm(O) va_macro_dlkm(O) wsa_macro_dlkm(O) swr_ctrl_dlkm(O) bolero_cdc_dlkm(O) wsa881x_dlkm(O) wcd_core_dlkm(O) stub_dlkm(O) hdmi_dlkm(O) swr_dlkm(O) pinctrl_lpi_dlkm(O) pinctrl_wcd_dlkm(O) usf_dlkm(O) native_dlkm(O) platform_dlkm(O) q6_dlkm(O) adsp_loader_dlkm(O) apr_dlkm(O) snd_event_dlkm(O) q6_notifier_dlkm(O) q6_pdr_dlkm(O) msm_11ad_proxy
01-01 08:01:56.499 0 0 I : CPU: 4 PID: 1830 Comm: HwBinder:814_4 Tainted: G S W O 4.19.157+ #1
01-01 08:01:56.499 0 0 I Hardware name: Qualcomm Technologies, Inc. kona MTP-RmPM8150b. VX1(MCE) EVT2 (DT)
01-01 08:01:56.499 0 0 I pstate : 60400005 (nZCv daif +PAN -UAO)
01-01 08:01:56.499 0 0 I pc : snd_soc_runtime_deactivate+0x8c/0x148
01-01 08:01:56.499 0 0 I lr : snd_soc_runtime_deactivate+0x8c/0x148
01-01 08:01:56.499 0 0 I sp : ffffff800cec3bf0
01-01 08:01:56.499 0 0 I : x29: ffffff800cec3bf0 x28: ffffffc1e08bdd40
01-01 08:01:56.499 0 0 I : x27: 0000000000000000 x26: 0000000000000000
01-01 08:01:56.499 0 0 I : x25: 0000000046000000 x24: ffffffc1e4c0ad50
01-01 08:01:56.499 0 0 I : x23: 0000000000000008 x22: 0000000000000000
01-01 08:01:56.499 0 0 I : x21: ffffffc1f7d72b00 x20: 0000000000000000
01-01 08:01:56.499 0 0 I : x19: ffffffc1c7b2da80 x18: 0000000000000002
01-01 08:01:56.499 0 0 I : x17: ffffffad17787f0a x16: ffffffad186ec000
01-01 08:01:56.499 0 0 I : x15: ffffffad177958d6 x14: 0000000000000086
01-01 08:01:56.499 0 0 I : x13: 0000000000000004 x12: 000000006bd2e45f
01-01 08:01:56.499 0 0 I : x11: 0000000000000015 x10: 000000000682aaab
01-01 08:01:56.499 0 0 I : x9 : 1c653a9e9263c400 x8 : 1c653a9e9263c400
01-01 08:01:56.499 0 0 I : x7 : ffffffad159826c0 x6 : 0000000000000000
01-01 08:01:56.499 0 0 I : x5 : 0000000000000080 x4 : 0000000000000001
01-01 08:01:56.499 0 0 I : x3 : ffffff800cec3868 x2 : ffffffad15897b30
01-01 08:01:56.499 0 0 I : x1 : ffffffad15982834 x0 : 0000000000000024
01-01 08:01:56.499 0 0 I Call trace:
01-01 08:01:56.499 0 0 I : snd_soc_runtime_deactivate+0x8c/0x148
01-01 08:01:56.499 0 0 I : soc_compr_free_fe+0x4c/0x190
01-01 08:01:56.499 0 0 I : snd_compr_free+0x70/0xa0
01-01 08:01:56.499 0 0 I : __fput+0xbc/0x1b0
01-01 08:01:56.499 0 0 I : ____fput+0x1c/0x28
01-01 08:01:56.499 0 0 I : task_work_run+0x88/0xa8
01-01 08:01:56.499 0 0 I : do_notify_resume+0x738/0x788
01-01 08:01:56.499 0 0 I : work_pending+0x8/0x14
01-01 08:01:56.499 0 0 I : irq event stamp: 2550
01-01 08:01:56.499 0 0 I : hardirqs last enabled at (2549): [] console_unlock+0x4bc/0x568
01-01 08:01:56.499 0 0 I : hardirqs last disabled at (2550): [] do_debug_exception+0x84/0x150
01-01 08:01:56.499 0 0 I : softirqs last enabled at (2544): [] __do_softirq+0x50c/0x554
01-01 08:01:56.499 0 0 I : softirqs last disabled at (2515): [] irq_exit+0xfc/0x120
01-01 08:01:56.499 0 0 W : ---[ end trace 47428e9c27f1e305 ]---
01-01 08:01:56.561 0 0 I binder : undelivered transaction 84448, process died.
01-01 08:01:56.563 0 0 I init : Service 'bootanim' (pid 1127) exited with status 0 oneshot service took 43.609001 seconds in background
01-01 08:01:56.564 0 0 I init : Sending signal 9 to service 'bootanim' (pid 1127) process group...
01-01 08:01:56.565 0 0 I libprocessgroup: Successfully killed process cgroup uid 1003 pid 1127 in 0ms
01-04 01:15:19.902 1133 1661 I sysui_multi_action: [757,1717,758,1,759,0]
01-04 01:15:19.903 1133 1661 I sysui_multi_action: [757,1717,758,2,759,0]
01-04 01:15:19.904 1133 1661 I sysui_multi_action: [757,1717,758,3,759,0]
01-01 08:01:59.555 0 0 I init : Sending signal 9 to service 'idmap2d' (pid 4084) process group...
01-01 08:01:59.562 0 0 I libprocessgroup: Successfully killed process cgroup uid 1000 pid 4084 in 7ms
01-04 01:15:20.560 1133 3529 W OverlayManager: service 'idmap' died
01-01 08:01:59.605 0 0 I init : Control message: Processed ctl.stop for 'idmap2d' from pid: 1133 (system_server)
01-01 08:01:59.607 0 0 I init : Service 'idmap2d' (pid 4084) received signal 9
01-04 01:15:20.578 1133 1696 I commit_sys_config_file: [package-user-0,10]
01-04 01:15:21.370 1133 1663 I ActivityManager: Waited long enough for: ServiceRecord{7933a23 u0 com.qualcomm.location/.LocationService}
01-04 01:15:21.394 1133 1663 I ActivityManager: Waited long enough for: ServiceRecord{51c494c u0 com.qualcomm.location/.izat.IzatService}
01-04 01:15:22.378 1133 3529 I ActivityManager: Process com.qti.ltebc (pid 4180) has died: fg RCVR
01-04 01:15:22.380 1133 3529 I am_proc_died: [0,4180,com.qti.ltebc,0,11]
01-04 01:15:22.381 1133 3529 I am_broadcast_discard_app: [0,86180375,android.intent.action.MEDIA_MOUNTED,2,ResolveInfo{391acb com.qti.ltebc/com.qualcomm.ltebc.LTEBroadcastReceiver m=0x208000}]
01-04 01:15:22.382 1133 3529 I am_uid_stopped: 10080
01-04 01:15:22.388 1133 1663 I am_uid_running: 10025
01-04 01:15:22.388 1133 1663 D CompatibilityChangeReporter: Compat change id reported: 135634846; UID 10025; state: DISABLED
01-04 01:15:22.389 1133 1663 D CompatibilityChangeReporter: Compat change id reported: 177438394; UID 10025; state: DISABLED
01-04 01:15:22.389 1133 1663 D CompatibilityChangeReporter: Compat change id reported: 135772972; UID 10025; state: DISABLED
01-04 01:15:22.389 1133 1663 D CompatibilityChangeReporter: Compat change id reported: 135754954; UID 10025; state: ENABLED
01-04 01:15:22.390 1133 1664 D CompatibilityChangeReporter: Compat change id reported: 143937733; UID 10025; state: ENABLED
01-04 01:15:22.440 1133 1664 W ActivityManager: Slow operation: 52ms so far, now at startProcess: returned from zygote!
01-04 01:15:22.440 1133 1664 W ActivityManager: Slow operation: 53ms so far, now at startProcess: done updating battery stats
01-04 01:15:22.440 1133 1664 I am_proc_start: [0,4211,10025,com.android.traceur,broadcast,{com.android.traceur/com.android.traceur.Receiver}]
01-04 01:15:22.440 1133 1664 W ActivityManager: Slow operation: 53ms so far, now at startProcess: building log message
01-04 01:15:22.440 1133 1664 I ActivityManager: Start proc 4211:com.android.traceur/u0a25 for broadcast {com.android.traceur/com.android.traceur.Receiver}
01-04 01:15:22.440 1133 1664 W ActivityManager: Slow operation: 53ms so far, now at startProcess: starting to update pids map
01-04 01:15:22.441 1133 1664 W ActivityManager: Slow operation: 53ms so far, now at startProcess: done updating pids map
01-01 08:02:01.524 0 0 I binder : 4211:4211 ioctl 40046210 7fe56c0b84 returned -22
01-04 01:15:22.501 1133 3529 I am_proc_bound: [0,4211,com.android.traceur]
01-04 01:15:22.503 1133 3529 D CompatibilityChangeReporter: Compat change id reported: 168419799; UID 10025; state: DISABLED
01-04 01:15:22.513 1133 3529 I am_uid_active: 10025
01-04 01:15:22.638 1133 3529 I sysui_multi_action: [757,856,758,1,806,com.android.traceur,857,trace-is-being-recorded,858,4]
01-04 01:15:22.640 1133 3529 I sysui_multi_action: [757,856,758,1,806,com.android.traceur,857,system-tracing,858,4]
01-04 01:15:22.662 1133 3529 D PackageManager: Instant App installer not found with android.intent.action.INSTALL_INSTANT_APP_PACKAGE
01-04 01:15:22.662 1133 3529 D PackageManager: Clear ephemeral installer activity
01-04 01:15:22.675 1133 3529 D PackageManager: Instant App installer not found with android.intent.action.INSTALL_INSTANT_APP_PACKAGE
01-04 01:15:22.675 1133 3529 D PackageManager: Clear ephemeral installer activity
01-04 01:15:22.685 1133 1812 D CompatibilityChangeReporter: Compat change id reported: 135634846; UID 1000; state: DISABLED
01-04 01:15:22.685 1133 1812 D CompatibilityChangeReporter: Compat change id reported: 177438394; UID 1000; state: DISABLED
01-04 01:15:22.685 1133 1812 D CompatibilityChangeReporter: Compat change id reported: 135772972; UID 1000; state: DISABLED
01-04 01:15:22.686 1133 1812 D CompatibilityChangeReporter: Compat change id reported: 135754954; UID 1000; state: DISABLED
01-04 01:15:22.734 1133 1664 I am_proc_start: [0,4228,1000,com.qualcomm.qti.qmmi,broadcast,{com.qualcomm.qti.qmmi/com.qualcomm.qti.qmmi.framework.QmmiReceiver}]
01-04 01:15:22.734 1133 1664 I ActivityManager: Start proc 4228:com.qualcomm.qti.qmmi/1000 for broadcast {com.qualcomm.qti.qmmi/com.qualcomm.qti.qmmi.framework.QmmiReceiver}
01-01 08:02:01.843 0 0 I binder : 4228:4228 ioctl 40046210 7fe56c0b84 returned -22
01-04 01:15:22.827 1133 1812 I am_proc_bound: [0,4228,com.qualcomm.qti.qmmi]
01-04 01:15:22.895 1133 1829 I commit_sys_config_file: [settings-2-0,11]
01-04 01:15:22.898 1133 1649 I commit_sys_config_file: [notification-policy,23345]
01-04 01:15:22.995 1133 1812 D CompatibilityChangeReporter: Compat change id reported: 168419799; UID 10070; state: DISABLED --------- beginning of crash
01-04 01:15:23.006 2857 2857 E AndroidRuntime: FATAL EXCEPTION: main
01-04 01:15:23.006 2857 2857 E AndroidRuntime: Process: com.qualcomm.qti.devicestatisticsservice, PID: 2857
01-04 01:15:23.006 2857 2857 E AndroidRuntime: java.lang.NoClassDefFoundError: Failed resolution of: Landroid/hidl/manager/V1_0/IServiceNotification$Stub;
01-04 01:15:23.006 2857 2857 E AndroidRuntime: at com.qualcomm.qti.devicestatisticsservice.DeviceStatisticsService.onStartCommand(DeviceStatisticsService.java:83)
01-04 01:15:23.006 2857 2857 E AndroidRuntime: at android.app.ActivityThread.handleServiceArgs(ActivityThread.java:4640)
01-04 01:15:23.006 2857 2857 E AndroidRuntime: at android.app.ActivityThread.access$2000(ActivityThread.java:248)
01-04 01:15:23.006 2857 2857 E AndroidRuntime: at android.app.ActivityThread$H.handleMessage(ActivityThread.java:2092)
01-04 01:15:23.006 2857 2857 E AndroidRuntime: at android.os.Handler.dispatchMessage(Handler.java:106)
01-04 01:15:23.006 2857 2857 E AndroidRuntime: at android.os.Looper.loopOnce(Looper.java:201)
01-04 01:15:23.006 2857 2857 E AndroidRuntime: at android.os.Looper.loop(Looper.java:288)
01-04 01:15:23.006 2857 2857 E AndroidRuntime: at android.app.ActivityThread.main(ActivityThread.java:7880)
01-04 01:15:23.006 2857 2857 E AndroidRuntime: at java.lang.reflect.Method.invoke(Native Method)
01-04 01:15:23.006 2857 2857 E AndroidRuntime: at com.android.internal.os.RuntimeInit$MethodAndArgsCaller.run(RuntimeInit.java:548)
01-04 01:15:23.006 2857 2857 E AndroidRuntime: at com.android.internal.os.ZygoteInit.main(ZygoteInit.java:1009)
01-04 01:15:23.006 2857 2857 E AndroidRuntime: Caused by: java.lang.ClassNotFoundException: android.hidl.manager.V1_0.IServiceNotification$Stub
01-04 01:15:23.006 2857 2857 E AndroidRuntime: ... 11 more
01-04 01:15:23.008 1133 1812 I am_crash: [2857,0,com.qualcomm.qti.devicestatisticsservice,814235213,java.lang.ClassNotFoundException,android.hidl.manager.V1_0.IServiceNotification$Stub,DeviceStatisticsService.java,83]
01-04 01:15:23.016 1133 4245 I DropBoxManagerService: add tag=system_app_crash isTagEnabled=true flags=0x2
01-04 01:15:23.017 1133 1812 I sysui_multi_action: [757,316,758,4,759,-1]
01-04 01:15:23.018 1133 3529 D CompatibilityChangeReporter: Compat change id reported: 168419799; UID 1000; state: DISABLED
01-04 01:15:23.023 1133 1133 E BootReceiver: Could not open /sys/kernel/tracing/instances/bootreceiver/trace_pipe
01-04 01:15:23.023 1133 1133 E BootReceiver: android.system.ErrnoException: open failed: ENOENT (No such file or directory)
01-04 01:15:23.023 1133 1133 E BootReceiver: at libcore.io.Linux.open(Native Method)
01-04 01:15:23.023 1133 1133 E BootReceiver: at libcore.io.ForwardingOs.open(ForwardingOs.java:567)
01-04 01:15:23.023 1133 1133 E BootReceiver: at libcore.io.BlockGuardOs.open(BlockGuardOs.java:273)
01-04 01:15:23.023 1133 1133 E BootReceiver: at android.system.Os.open(Os.java:501)
01-04 01:15:23.023 1133 1133 E BootReceiver: at com.android.server.BootReceiver.onReceive(BootReceiver.java:167)
01-04 01:15:23.023 1133 1133 E BootReceiver: at android.app.ActivityThread.handleReceiver(ActivityThread.java:4309)
01-04 01:15:23.023 1133 1133 E BootReceiver: at android.app.ActivityThread.access$1600(ActivityThread.java:248)
01-04 01:15:23.023 1133 1133 E BootReceiver: at android.app.ActivityThread$H.handleMessage(ActivityThread.java:2065)
01-04 01:15:23.023 1133 1133 E BootReceiver: at android.os.Handler.dispatchMessage(Handler.java:106)
01-04 01:15:23.023 1133 1133 E BootReceiver: at android.os.Looper.loopOnce(Looper.java:201)
01-04 01:15:23.023 1133 1133 E BootReceiver: at android.os.Looper.loop(Looper.java:288)
01-04 01:15:23.023 1133 1133 E BootReceiver: at com.android.server.SystemServer.run(SystemServer.java:909)
01-04 01:15:23.023 1133 1133 E BootReceiver: at com.android.server.SystemServer.main(SystemServer.java:616)
01-04 01:15:23.023 1133 1133 E BootReceiver: at java.lang.reflect.Method.invoke(Native Method)
01-04 01:15:23.023 1133 1133 E BootReceiver: at com.android.internal.os.RuntimeInit$MethodAndArgsCaller.run(RuntimeInit.java:548)
01-04 01:15:23.023 1133 1133 E BootReceiver: at com.android.internal.os.ZygoteInit.main(ZygoteInit.java:987)
01-04 01:15:23.026 1133 1663 I am_wtf : [0,1133,system_server,-1,BootReceiver,open failed: ENOENT (No such file or directory)]
01-04 01:15:23.031 1133 1663 I DropBoxManagerService: add tag=system_server_wtf isTagEnabled=true flags=0x2
01-04 01:15:23.033 1133 4246 I service_manager_slow: [10,dropbox]
01-04 01:15:23.040 1133 4246 I BootReceiver: No existing last log timestamp file /data/system/log-files.xml; starting empty
01-04 01:15:23.047 1133 4246 I DropBoxManagerService: add tag=SYSTEM_BOOT isTagEnabled=true flags=0x2
01-04 01:15:23.055 1133 4246 I BootReceiver: Copying audit failures to DropBox
01-04 01:15:23.059 1133 4246 I BootReceiver: Checking for fsck errors
01-04 01:15:23.061 1133 4246 I BootReceiver: fs_stat, partition:persist stat:0x3
01-04 01:15:23.061 1133 4246 I BootReceiver: fs_stat, partition:dsp_a stat:0x3
01-04 01:15:23.073 1133 4246 I commit_sys_config_file: [log-files,11]
01-04 01:15:23.075 1133 3529 D CompatibilityChangeReporter: Compat change id reported: 168419799; UID 10081; state: DISABLED
01-04 01:15:23.097 1133 3529 D TelephonyRegistry: listen oscl: mHasNotifySubscriptionInfoChangedOccurred==false no callback
01-04 01:15:23.104 1133 3529 I ActivityManager: Process com.qualcomm.qti.devicestatisticsservice (pid 2857) has died: pers PER
01-04 01:15:23.104 1133 3529 I am_proc_died: [0,2857,com.qualcomm.qti.devicestatisticsservice,-800,0]
01-04 01:15:23.106 1133 3529 W ActivityManager: Scheduling restart of crashed service com.qualcomm.qti.devicestatisticsservice/.DeviceStatisticsService in 0ms for persistent
01-04 01:15:23.106 1133 3529 I am_schedule_service_restart: [0,com.qualcomm.qti.devicestatisticsservice/.DeviceStatisticsService,0]
01-04 01:15:23.111 1133 3529 I am_uid_stopped: 10070
01-04 01:15:23.111 1133 3529 W ActivityManager: Re-adding persistent process ProcessRecord{8f1b006 2857:com.qualcomm.qti.devicestatisticsservice/u0a70}
01-04 01:15:23.111 1133 3529 I am_uid_running: 10070
01-04 01:15:23.117 1133 3529 D CompatibilityChangeReporter: Compat change id reported: 135634846; UID 10070; state: DISABLED
01-04 01:15:23.118 1133 3529 D CompatibilityChangeReporter: Compat change id reported: 177438394; UID 10070; state: DISABLED
01-04 01:15:23.118 1133 3529 D CompatibilityChangeReporter: Compat change id reported: 135772972; UID 10070; state: DISABLED
01-04 01:15:23.119 1133 3529 D CompatibilityChangeReporter: Compat change id reported: 135754954; UID 10070; state: ENABLED
01-04 01:15:23.120 1133 1664 D CompatibilityChangeReporter: Compat change id reported: 143937733; UID 10070; state: ENABLED
01-04 01:15:23.121 1133 3529 I am_uid_active: 10070
01-04 01:15:23.127 1133 2549 D CompatibilityChangeReporter: Compat change id reported: 135634846; UID 1000; state: DISABLED
01-04 01:15:23.127 1133 2549 D CompatibilityChangeReporter: Compat change id reported: 177438394; UID 1000; state: DISABLED
01-04 01:15:23.127 1133 2549 D CompatibilityChangeReporter: Compat change id reported: 135772972; UID 1000; state: DISABLED
01-04 01:15:23.127 1133 2549 D CompatibilityChangeReporter: Compat change id reported: 135754954; UID 1000; state: ENABLED
01-01 08:02:02.162 0 0 I binder : 3503:4250 ioctl 40046210 7a5d514604 returned -22
01-04 01:15:23.162 1133 1664 W ActivityManager: Slow operation: 51ms so far, now at startProcess: returned from zygote!
01-04 01:15:23.163 1133 1664 W ActivityManager: Slow operation: 51ms so far, now at startProcess: done updating battery stats
01-04 01:15:23.163 1133 1664 I am_proc_start: [0,4253,10070,com.qualcomm.qti.devicestatisticsservice,restart,com.qualcomm.qti.devicestatisticsservice]
01-04 01:15:23.163 1133 1664 W ActivityManager: Slow operation: 51ms so far, now at startProcess: building log message
01-04 01:15:23.163 1133 1664 I ActivityManager: Start proc 4253:com.qualcomm.qti.devicestatisticsservice/u0a70 for restart com.qualcomm.qti.devicestatisticsservice
01-04 01:15:23.163 1133 1664 W ActivityManager: Slow operation: 51ms so far, now at startProcess: starting to update pids map
01-04 01:15:23.163 1133 1664 W ActivityManager: Slow operation: 51ms so far, now at startProcess: done updating pids map
01-04 01:15:23.199 1133 1664 W ActivityManager: Slow operation: 72ms so far, now at startProcess: returned from zygote!
01-04 01:15:23.199 1133 1664 W ActivityManager: Slow operation: 73ms so far, now at startProcess: done updating battery stats
01-04 01:15:23.200 1133 1664 I am_proc_start: [0,4258,1000,com.qti.diagservices,broadcast,{com.qti.diagservices/com.qti.diagservices.Diag_OnBoot}]
01-04 01:15:23.200 1133 1664 W ActivityManager: Slow operation: 73ms so far, now at startProcess: building log message
01-04 01:15:23.200 1133 1664 I ActivityManager: Start proc 4258:com.qti.diagservices/1000 for broadcast {com.qti.diagservices/com.qti.diagservices.Diag_OnBoot}
01-04 01:15:23.200 1133 1664 W ActivityManager: Slow operation: 73ms so far, now at startProcess: starting to update pids map
01-04 01:15:23.201 1133 1664 W ActivityManager: Slow operation: 74ms so far, now at startProcess: done updating pids map
01-01 08:02:02.265 0 0 I binder : 4253:4253 ioctl 40046210 7fe56c0b84 returned -22
01-04 01:15:23.242 1133 2549 I am_proc_bound: [0,4253,com.qualcomm.qti.devicestatisticsservice]
01-01 08:02:02.280 0 0 I binder : 4258:4258 ioctl 40046210 7fe56c0b84 returned -22
01-04 01:15:23.258 1133 2549 I am_proc_bound: [0,4258,com.qti.diagservices]
01-01 08:02:02.402 0 0 I : boot log copy done
01-04 01:15:23.368 4258 4258 W ContextImpl: Calling a method in the system process without a qualified user: android.app.ContextImpl.startService:1816 android.content.ContextWrapper.startService:774 android.content.ContextWrapper.startService:774 com.qti.diagservices.Diag_OnBoot.onReceive:40 android.app.ActivityThread.handleReceiver:4309
01-04 01:15:23.390 1133 1133 I Telecom : DefaultDialerCache: Refreshing default dialer for user 0: now null: DDC.oR@ABA
01-04 01:15:23.390 1133 1133 I Telecom : MissedCallNotifierImpl: reloadAfterBootComplete: user=0: TSBCR.oR@ABE
01-04 01:15:23.396 1133 1133 I Telecom : MissedCallNotifierImpl: reloadAfterBootComplete: user=0: TSBCR.oR@ABE
01-04 01:15:23.396 1133 1133 I am_uid_running: 10068
01-04 01:15:23.397 1133 1133 D CompatibilityChangeReporter: Compat change id reported: 135634846; UID 10068; state: DISABLED
01-04 01:15:23.397 1133 1133 D CompatibilityChangeReporter: Compat change id reported: 177438394; UID 10068; state: DISABLED
01-04 01:15:23.398 1133 1133 D CompatibilityChangeReporter: Compat change id reported: 135772972; UID 10068; state: DISABLED
01-04 01:15:23.398 1133 1133 D CompatibilityChangeReporter: Compat change id reported: 135754954; UID 10068; state: DISABLED
01-04 01:15:23.399 1133 1664 D CompatibilityChangeReporter: Compat change id reported: 143937733; UID 10068; state: DISABLED
01-01 08:02:02.432 0 0 W irq_migrate_all_off_this_cpu: 59 callbacks suppressed
01-01 08:02:02.432 0 0 I IRQ 354 : no longer affine to CPU5
01-01 08:02:02.432 0 0 I IRQ 355 : no longer affine to CPU5
01-01 08:02:02.432 0 0 I IRQ 356 : no longer affine to CPU5
01-01 08:02:02.432 0 0 I IRQ 357 : no longer affine to CPU5
01-01 08:02:02.432 0 0 I IRQ 359 : no longer affine to CPU5
01-01 08:02:02.432 0 0 I IRQ 360 : no longer affine to CPU5
01-01 08:02:02.432 0 0 I IRQ 362 : no longer affine to CPU5
01-01 08:02:02.432 0 0 I IRQ 365 : no longer affine to CPU5
01-01 08:02:02.432 0 0 I IRQ 366 : no longer affine to CPU5
01-01 08:02:02.432 0 0 I IRQ 367 : no longer affine to CPU5
01-04 01:15:23.455 1133 1664 W ActivityManager: Slow operation: 59ms so far, now at startProcess: returned from zygote!
01-04 01:15:23.455 1133 1664 W ActivityManager: Slow operation: 59ms so far, now at startProcess: done updating battery stats
01-04 01:15:23.455 1133 1664 I am_proc_start: [0,4290,10068,com.android.calendar,broadcast,{com.android.calendar/com.android.calendar.UpgradeReceiver}]
01-04 01:15:23.456 1133 1664 W ActivityManager: Slow operation: 59ms so far, now at startProcess: building log message
01-04 01:15:23.456 1133 1664 I ActivityManager: Start proc 4290:com.android.calendar/u0a68 for broadcast {com.android.calendar/com.android.calendar.UpgradeReceiver}
01-04 01:15:23.456 1133 1664 W ActivityManager: Slow operation: 59ms so far, now at startProcess: starting to update pids map
01-04 01:15:23.456 1133 1664 W ActivityManager: Slow operation: 59ms so far, now at startProcess: done updating pids map
01-01 08:02:02.535 0 0 I binder : 4290:4290 ioctl 40046210 7fe56c0b84 returned -22
01-04 01:15:23.512 1133 3529 I am_proc_bound: [0,4290,com.android.calendar]
01-04 01:15:23.517 1133 3529 D CompatibilityChangeReporter: Compat change id reported: 168419799; UID 10068; state: DISABLED
01-04 01:15:23.523 1133 3529 I am_uid_active: 10068
01-04 01:15:23.650 1133 3529 D PackageManager: Instant App installer not found with android.intent.action.INSTALL_INSTANT_APP_PACKAGE
01-04 01:15:23.651 1133 3529 D PackageManager: Clear ephemeral installer activity
01-04 01:15:23.675 1133 3529 I am_uid_running: 10031
01-04 01:15:23.676 1133 3529 D CompatibilityChangeReporter: Compat change id reported: 135634846; UID 10031; state: DISABLED
01-04 01:15:23.679 1133 3529 D CompatibilityChangeReporter: Compat change id reported: 177438394; UID 10031; state: DISABLED
01-04 01:15:23.679 1133 3529 D CompatibilityChangeReporter: Compat change id reported: 135772972; UID 10031; state: DISABLED
01-04 01:15:23.680 1133 3529 D CompatibilityChangeReporter: Compat change id reported: 135754954; UID 10031; state: ENABLED
01-04 01:15:23.681 1133 1664 D CompatibilityChangeReporter: Compat change id reported: 143937733; UID 10031; state: ENABLED
01-04 01:15:23.733 1133 1664 W ActivityManager: Slow operation: 58ms so far, now at startProcess: returned from zygote!
01-04 01:15:23.734 1133 1664 W ActivityManager: Slow operation: 58ms so far, now at startProcess: done updating battery stats
01-04 01:15:23.734 1133 1664 I am_proc_start: [0,4309,10031,com.hryt.hiphishowfsecontrol,broadcast,{com.hryt.hiphishowfsecontrol/com.hryt.hiphishowfsecontrol.receivers.HiPhiShowReceiver}]
01-04 01:15:23.734 1133 1664 W ActivityManager: Slow operation: 58ms so far, now at startProcess: building log message
01-04 01:15:23.734 1133 1664 I ActivityManager: Start proc 4309:com.hryt.hiphishowfsecontrol/u0a31 for broadcast {com.hryt.hiphishowfsecontrol/com.hryt.hiphishowfsecontrol.receivers.HiPhiShowReceiver}
01-04 01:15:23.734 1133 1664 W ActivityManager: Slow operation: 58ms so far, now at startProcess: starting to update pids map
01-04 01:15:23.734 1133 1664 W ActivityManager: Slow operation: 59ms so far, now at startProcess: done updating pids map
01-01 08:02:02.849 0 0 I binder : 4309:4309 ioctl 40046210 7fe56c04a4 returned -22
01-04 01:15:23.833 1133 3529 I am_proc_bound: [0,4309,com.hryt.hiphishowfsecontrol]
01-04 01:15:23.835 1133 3529 D CompatibilityChangeReporter: Compat change id reported: 168419799; UID 10031; state: DISABLED
01-04 01:15:23.837 1133 3529 I am_uid_active: 10031
01-04 01:15:24.013 1133 2549 D CompatibilityChangeReporter: Compat change id reported: 168419799; UID 10071; state: DISABLED
01-04 01:15:24.086 1133 2549 D CompatibilityChangeReporter: Compat change id reported: 135634846; UID 1000; state: DISABLED
01-04 01:15:24.086 1133 2549 D CompatibilityChangeReporter: Compat change id reported: 177438394; UID 1000; state: DISABLED
01-04 01:15:24.087 1133 2549 D CompatibilityChangeReporter: Compat change id reported: 135772972; UID 1000; state: DISABLED
01-04 01:15:24.087 1133 2549 D CompatibilityChangeReporter: Compat change id reported: 135754954; UID 1000; state: ENABLED
01-04 01:15:24.097 1133 1649 I DropBoxManagerService: add tag=system_server_strictmode isTagEnabled=true flags=0x2
01-04 01:15:24.131 1133 1664 W ActivityManager: Slow operation: 51ms so far, now at startProcess: done updating battery stats
01-04 01:15:24.131 1133 1664 I am_proc_start: [0,4330,1000,com.android.dynsystem,broadcast,{com.android.dynsystem/com.android.dynsystem.BootCompletedReceiver}]
01-04 01:15:24.131 1133 1664 W ActivityManager: Slow operation: 51ms so far, now at startProcess: building log message
01-04 01:15:24.131 1133 1664 I ActivityManager: Start proc 4330:com.android.dynsystem/1000 for broadcast {com.android.dynsystem/com.android.dynsystem.BootCompletedReceiver}
01-04 01:15:24.131 1133 1664 W ActivityManager: Slow operation: 51ms so far, now at startProcess: starting to update pids map
01-04 01:15:24.132 1133 1664 W ActivityManager: Slow operation: 51ms so far, now at startProcess: done updating pids map
01-01 08:02:03.217 0 0 I binder : 4330:4330 ioctl 40046210 7fe56c0b84 returned -22
01-04 01:15:24.197 1133 2549 I am_proc_bound: [0,4330,com.android.dynsystem]
01-04 01:15:24.199 1133 2549 D CompatibilityChangeReporter: Compat change id reported: 168419799; UID 1000; state: DISABLED
01-04 01:15:24.312 1133 2549 D CompatibilityChangeReporter: Compat change id reported: 135634846; UID 1000; state: DISABLED
01-04 01:15:24.313 1133 2549 D CompatibilityChangeReporter: Compat change id reported: 177438394; UID 1000; state: DISABLED
01-04 01:15:24.313 1133 2549 D CompatibilityChangeReporter: Compat change id reported: 135772972; UID 1000; state: DISABLED
01-04 01:15:24.313 1133 2549 D CompatibilityChangeReporter: Compat change id reported: 135754954; UID 1000; state: ENABLED
01-04 01:15:24.316 1133 2549 I am_uid_running: 10076
01-04 01:15:24.317 1133 2549 D CompatibilityChangeReporter: Compat change id reported: 135634846; UID 10076; state: DISABLED
01-04 01:15:24.317 1133 2549 D CompatibilityChangeReporter: Compat change id reported: 177438394; UID 10076; state: DISABLED
01-04 01:15:24.317 1133 2549 D CompatibilityChangeReporter: Compat change id reported: 135772972; UID 10076; state: DISABLED
01-04 01:15:24.318 1133 2549 D CompatibilityChangeReporter: Compat change id reported: 135754954; UID 10076; state: DISABLED
01-04 01:15:24.354 1133 1664 I am_proc_start: [0,4347,1000,com.android.dynsystem:dynsystem,service,{com.android.dynsystem/com.android.dynsystem.DynamicSystemInstallationService}]
01-04 01:15:24.354 1133 1664 I ActivityManager: Start proc 4347:com.android.dynsystem:dynsystem/1000 for service {com.android.dynsystem/com.android.dynsystem.DynamicSystemInstallationService}
01-04 01:15:24.355 1133 1664 D CompatibilityChangeReporter: Compat change id reported: 143937733; UID 10076; state: DISABLED
01-04 01:15:24.390 1133 1664 W ActivityManager: Slow operation: 74ms so far, now at startProcess: returned from zygote!
01-04 01:15:24.391 1133 1664 W ActivityManager: Slow operation: 74ms so far, now at startProcess: done updating battery stats
01-04 01:15:24.391 1133 1664 I am_proc_start: [0,4348,10076,com.android.gallery3d,broadcast,{com.android.gallery3d/com.android.camera.DisableCameraReceiver}]
01-04 01:15:24.391 1133 1664 W ActivityManager: Slow operation: 74ms so far, now at startProcess: building log message
01-04 01:15:24.391 1133 1664 I ActivityManager: Start proc 4348:com.android.gallery3d/u0a76 for broadcast {com.android.gallery3d/com.android.camera.DisableCameraReceiver}
01-04 01:15:24.391 1133 1664 W ActivityManager: Slow operation: 75ms so far, now at startProcess: starting to update pids map
01-04 01:15:24.391 1133 1664 W ActivityManager: Slow operation: 75ms so far, now at startProcess: done updating pids map
01-01 08:02:03.443 0 0 I binder : 4347:4347 ioctl 40046210 7fe56c0b84 returned -22
01-04 01:15:24.430 1133 2549 I am_proc_bound: [0,4347,com.android.dynsystem:dynsystem]
01-01 08:02:03.482 0 0 I binder : 4348:4348 ioctl 40046210 7fe56c0b84 returned -22
01-04 01:15:24.461 1133 2549 I am_proc_bound: [0,4348,com.android.gallery3d]
01-04 01:15:24.463 1133 2549 D CompatibilityChangeReporter: Compat change id reported: 168419799; UID 10076; state: DISABLED
01-04 01:15:24.469 1133 2549 I am_uid_active: 10076
01-04 01:15:24.525 1133 2549 I sysui_multi_action: [757,856,758,1,806,com.android.dynsystem,857,com.android.dynsystem,858,2]
01-04 01:15:24.546 1133 3529 I DynamicSystemService: isInstalled(): false
01-04 01:15:24.607 1133 3529 D PackageManager: Instant App installer not found with android.intent.action.INSTALL_INSTANT_APP_PACKAGE
01-04 01:15:24.607 1133 3529 D PackageManager: Clear ephemeral installer activity
01-04 01:15:24.610 1133 3529 D PackageManager: Instant App installer not found with android.intent.action.INSTALL_INSTANT_APP_PACKAGE
01-04 01:15:24.610 1133 3529 D PackageManager: Clear ephemeral installer activity
01-04 01:15:24.612 1133 3529 I am_uid_running: 10075
01-04 01:15:24.614 1133 3529 D CompatibilityChangeReporter: Compat change id reported: 135634846; UID 10075; state: DISABLED
01-04 01:15:24.615 1133 3529 D CompatibilityChangeReporter: Compat change id reported: 177438394; UID 10075; state: DISABLED
01-04 01:15:24.615 1133 3529 D CompatibilityChangeReporter: Compat change id reported: 135772972; UID 10075; state: DISABLED
01-04 01:15:24.616 1133 3529 D CompatibilityChangeReporter: Compat change id reported: 135754954; UID 10075; state: ENABLED
01-04 01:15:24.617 1133 1664 D CompatibilityChangeReporter: Compat change id reported: 143937733; UID 10075; state: ENABLED
01-04 01:15:24.657 1133 1664 I am_proc_start: [0,4382,10075,com.android.inputmethod.latin,broadcast,{com.android.inputmethod.latin/com.android.inputmethod.latin.SystemBroadcastReceiver}]
01-04 01:15:24.657 1133 1664 I ActivityManager: Start proc 4382:com.android.inputmethod.latin/u0a75 for broadcast {com.android.inputmethod.latin/com.android.inputmethod.latin.SystemBroadcastReceiver}
01-01 08:02:03.763 0 0 I binder : 4382:4382 ioctl 40046210 7fe56c0b84 returned -22
01-04 01:15:24.743 1133 3529 I am_proc_bound: [0,4382,com.android.inputmethod.latin]
01-04 01:15:24.744 1133 3529 D CompatibilityChangeReporter: Compat change id reported: 168419799; UID 10075; state: DISABLED
01-04 01:15:24.749 1133 3529 I am_uid_active: 10075
01-04 01:15:24.791 1133 1649 I commit_sys_config_file: [notification-policy,25237]
01-04 01:15:24.865 1133 3529 D PackageManager: Instant App installer not found with android.intent.action.INSTALL_INSTANT_APP_PACKAGE
01-04 01:15:24.865 1133 3529 D PackageManager: Clear ephemeral installer activity
01-04 01:15:25.099 1133 2549 I ActivityManager: Process com.android.inputmethod.latin (pid 4382) has died: fg RCVR
01-04 01:15:25.102 1133 2549 I am_proc_died: [0,4382,com.android.inputmethod.latin,0,11]
01-04 01:15:25.103 1133 2549 I am_broadcast_discard_app: [0,204098747,android.intent.action.BOOT_COMPLETED,21,ResolveInfo{5c6abfb com.android.inputmethod.latin/.SystemBroadcastReceiver m=0x108000}]
01-04 01:15:25.105 1133 2549 I am_uid_stopped: 10075
01-04 01:15:25.133 1133 1663 D CompatibilityChangeReporter: Compat change id reported: 168419799; UID 10036; state: DISABLED
01-04 01:15:25.162 1133 3529 I am_uid_running: 10094
01-04 01:15:25.163 1133 3529 D CompatibilityChangeReporter: Compat change id reported: 135634846; UID 10094; state: DISABLED
01-04 01:15:25.163 1133 3529 D CompatibilityChangeReporter: Compat change id reported: 177438394; UID 10094; state: DISABLED
01-04 01:15:25.164 1133 3529 D CompatibilityChangeReporter: Compat change id reported: 135772972; UID 10094; state: DISABLED
01-04 01:15:25.164 1133 3529 D CompatibilityChangeReporter: Compat change id reported: 135754954; UID 10094; state: ENABLED
01-04 01:15:25.165 1133 1664 D CompatibilityChangeReporter: Compat change id reported: 143937733; UID 10094; state: ENABLED
01-04 01:15:25.227 1133 1664 W ActivityManager: Slow operation: 65ms so far, now at startProcess: returned from zygote!
01-04 01:15:25.227 1133 1664 W ActivityManager: Slow operation: 65ms so far, now at startProcess: done updating battery stats
01-04 01:15:25.227 1133 1664 I am_proc_start: [0,4400,10094,com.android.music,broadcast,{com.android.music/com.android.music.MediaPlaybackReceiver}]
01-04 01:15:25.227 1133 1664 W ActivityManager: Slow operation: 65ms so far, now at startProcess: building log message
01-04 01:15:25.227 1133 1664 I ActivityManager: Start proc 4400:com.android.music/u0a94 for broadcast {com.android.music/com.android.music.MediaPlaybackReceiver}
01-04 01:15:25.228 1133 1664 W ActivityManager: Slow operation: 65ms so far, now at startProcess: starting to update pids map
01-04 01:15:25.228 1133 1664 W ActivityManager: Slow operation: 65ms so far, now at startProcess: done updating pids map
01-01 08:02:04.315 0 0 I binder : 4400:4400 ioctl 40046210 7fe56c0b84 returned -22
01-04 01:15:25.291 1133 3529 I am_proc_bound: [0,4400,com.android.music]
01-04 01:15:25.293 1133 3529 D CompatibilityChangeReporter: Compat change id reported: 168419799; UID 10094; state: DISABLED
01-04 01:15:25.295 1133 3529 I am_uid_active: 10094
01-04 01:15:25.404 1133 3529 I am_uid_running: 1027
01-04 01:15:25.405 1133 3529 D CompatibilityChangeReporter: Compat change id reported: 135634846; UID 1027; state: DISABLED
01-04 01:15:25.467 1133 1664 W ActivityManager: Slow operation: 64ms so far, now at startProcess: returned from zygote!
01-04 01:15:25.468 1133 1664 W ActivityManager: Slow operation: 64ms so far, now at startProcess: done updating battery stats
01-04 01:15:25.468 1133 1664 I am_proc_start: [0,4418,1027,com.android.nfc,broadcast,{com.android.nfc/com.android.nfc.NfcBootCompletedReceiver}]
01-04 01:15:25.468 1133 1664 W ActivityManager: Slow operation: 64ms so far, now at startProcess: building log message
01-04 01:15:25.468 1133 1664 I ActivityManager: Start proc 4418:com.android.nfc/1027 for broadcast {com.android.nfc/com.android.nfc.NfcBootCompletedReceiver}
01-04 01:15:25.468 1133 1664 W ActivityManager: Slow operation: 64ms so far, now at startProcess: starting to update pids map
01-04 01:15:25.468 1133 1664 W ActivityManager: Slow operation: 65ms so far, now at startProcess: done updating pids map
01-01 08:02:04.552 0 0 I binder : 4418:4418 ioctl 40046210 7fe56c0b84 returned -22
01-04 01:15:25.531 1133 3529 I am_proc_bound: [0,4418,com.android.nfc]
01-04 01:15:25.535 1133 3529 D CompatibilityChangeReporter: Compat change id reported: 168419799; UID 1027; state: DISABLED
01-04 01:15:25.540 1133 3529 I am_uid_active: 1027
01-04 01:15:25.697 1133 3529 D PackageManager: Instant App installer not found with android.intent.action.INSTALL_INSTANT_APP_PACKAGE
01-04 01:15:25.697 1133 3529 D PackageManager: Clear ephemeral installer activity
01-04 01:15:25.700 1133 1696 I am_uid_stopped: 1027
01-04 01:15:25.701 1133 1696 I ActivityManager: Killing 4418:com.android.nfc/1027 (adj 0): change com.android.nfc
01-04 01:15:25.701 1133 1696 I am_kill : [0,4418,com.android.nfc,0,change com.android.nfc]
01-04 01:15:25.706 1133 1696 I am_broadcast_discard_app: [0,204098747,android.intent.action.BOOT_COMPLETED,25,ResolveInfo{acb858e com.android.nfc/.NfcBootCompletedReceiver m=0x108000}]
01-04 01:15:25.713 1133 1647 D CompanionDeviceManagerService: onPackageModified(packageName = com.android.nfc)
01-04 01:15:25.724 1133 1663 I am_uid_running: 10063
01-04 01:15:25.724 1133 1663 D CompatibilityChangeReporter: Compat change id reported: 135634846; UID 10063; state: DISABLED
01-04 01:15:25.724 1133 1663 D CompatibilityChangeReporter: Compat change id reported: 177438394; UID 10063; state: DISABLED
01-04 01:15:25.724 1133 1663 D CompatibilityChangeReporter: Compat change id reported: 135772972; UID 10063; state: DISABLED
01-04 01:15:25.724 1133 1663 D CompatibilityChangeReporter: Compat change id reported: 135754954; UID 10063; state: ENABLED
01-04 01:15:25.725 1133 1133 I Telecom : DefaultDialerCache: Refreshing default dialer for user 0: now null: DDC.oR@ABY
01-04 01:15:25.725 1133 1664 D CompatibilityChangeReporter: Compat change id reported: 143937733; UID 10063; state: ENABLED
01-04 01:15:25.725 1133 1133 I notification_cancel_all: [1000,1133,com.android.nfc,0,0,0,5,NULL]
01-04 01:15:25.739 1133 1845 D CompatibilityChangeReporter: Compat change id reported: 168419799; UID 10099; state: DISABLED
01-04 01:15:25.765 1133 1664 I am_proc_start: [0,4441,10063,com.android.onetimeinitializer,broadcast,{com.android.onetimeinitializer/com.android.onetimeinitializer.OneTimeInitializerReceiver}]
01-04 01:15:25.765 1133 1664 I ActivityManager: Start proc 4441:com.android.onetimeinitializer/u0a63 for broadcast {com.android.onetimeinitializer/com.android.onetimeinitializer.OneTimeInitializerReceiver}
01-04 01:15:25.784 1133 1661 W VoiceInteractionManager: no available voice recognition services found for user 0
01-01 08:02:04.849 0 0 I binder : 4441:4441 ioctl 40046210 7fe56c0b84 returned -22
01-04 01:15:25.827 1133 2848 I am_proc_bound: [0,4441,com.android.onetimeinitializer]
01-04 01:15:25.830 1133 2848 D CompatibilityChangeReporter: Compat change id reported: 168419799; UID 10063; state: DISABLED
01-04 01:15:25.835 1133 2848 I am_uid_active: 10063
01-04 01:15:25.945 4441 4458 E ActivityThread: Failed to find provider info for com.android.launcher2.settings
01-04 01:15:25.959 1133 1812 I am_uid_running: 10022
01-04 01:15:25.960 1133 1812 I ActivityManager: com.android.packageinstaller is exempt from freezer
01-04 01:15:25.960 1133 1812 D CompatibilityChangeReporter: Compat change id reported: 135634846; UID 10022; state: DISABLED
01-04 01:15:25.961 1133 1812 D CompatibilityChangeReporter: Compat change id reported: 177438394; UID 10022; state: DISABLED
01-04 01:15:25.961 1133 1812 D CompatibilityChangeReporter: Compat change id reported: 135772972; UID 10022; state: DISABLED
01-04 01:15:25.961 1133 1812 D CompatibilityChangeReporter: Compat change id reported: 135754954; UID 10022; state: ENABLED
01-04 01:15:25.962 1133 1664 D CompatibilityChangeReporter: Compat change id reported: 143937733; UID 10022; state: ENABLED
01-04 01:15:25.982 1133 1812 V ActivityManager: Got obituary of 4418:com.android.nfc
01-04 01:15:26.001 1133 1664 I am_proc_start: [0,4460,10022,com.android.packageinstaller,broadcast,{com.android.packageinstaller/com.android.packageinstaller.TemporaryFileManager}]
01-04 01:15:26.001 1133 1664 I ActivityManager: Start proc 4460:com.android.packageinstaller/u0a22 for broadcast {com.android.packageinstaller/com.android.packageinstaller.TemporaryFileManager}
01-01 08:02:05.089 0 0 I binder : 4460:4460 ioctl 40046210 7fe56c0b84 returned -22
01-04 01:15:26.068 1133 1812 I am_proc_bound: [0,4460,com.android.packageinstaller]
01-04 01:15:26.071 1133 1812 D CompatibilityChangeReporter: Compat change id reported: 168419799; UID 10022; state: DISABLED
01-04 01:15:26.077 1133 1812 I am_uid_active: 10022
01-04 01:15:26.256 1133 1812 D CompatibilityChangeReporter: Compat change id reported: 168419799; UID 10019; state: DISABLED
01-04 01:15:26.292 1133 2848 D CompatibilityChangeReporter: Compat change id reported: 171306433; UID 10019; state: ENABLED
01-04 01:15:26.329 1133 2848 D CompatibilityChangeReporter: Compat change id reported: 168419799; UID 1000; state: DISABLED
01-04 01:15:26.500 1133 3529 I am_uid_running: 2000
01-04 01:15:26.502 1133 3529 I ActivityManager: com.android.shell is exempt from freezer
01-04 01:15:26.503 1133 3529 D CompatibilityChangeReporter: Compat change id reported: 135634846; UID 2000; state: DISABLED
01-04 01:15:26.503 1133 3529 D CompatibilityChangeReporter: Compat change id reported: 177438394; UID 2000; state: DISABLED
01-04 01:15:26.503 1133 3529 D CompatibilityChangeReporter: Compat change id reported: 135772972; UID 2000; state: DISABLED
