01-04 01:18:27.369 1133 1133 I GameModeConfig: isGameModeOn = false
01-04 01:18:27.369 1133 1133 I GameModeConfig: isDisableVoice = true
01-04 01:18:27.644 1133 1650 I wm_destroy_activity: [0,155707028,23,com.android.musicfx/.ActivityMusic,finish-imm:idle]
01-04 01:18:27.654 2956 4759 W ContextImpl: Calling a method in the system process without a qualified user: android.app.ContextImpl.startService:1816 android.content.ContextWrapper.startService:774 com.thundercomm.gamemode.ingame.services.GameModeActionUtils.startGameModeService:99 com.thundercomm.gamemode.ingame.services.GameModeActionUtils.startGameModeEntry:22 com.thundercomm.gamemode.ingame.services.ActivityMonitoringService$1.onActivityLaunch:129
01-04 01:18:27.656 1133 1133 I GameModeConfig: Current uri is uri = content://com.thundercomm.gamemode.api/gamemode_settings/gamemode_isgaming
01-04 01:18:27.658 1133 1133 I GameModeConfig: isGameModeOn = false
01-04 01:18:27.658 1133 1133 I GameModeConfig: isGameModeOn = false
01-04 01:18:27.658 1133 1133 I GameModeConfig: isDisableVoice = true
01-04 01:18:27.664 5346 5346 I wm_on_stop_called: [155707028,com.android.musicfx.ActivityMusic,LIFECYCLER_STOP_ACTIVITY]
01-04 01:18:27.664 5346 5346 I wm_on_destroy_called: [155707028,com.android.musicfx.ActivityMusic,performDestroy]
01-04 01:18:27.778 1133 1647 D CompanionDeviceManagerService: onPackageModified(packageName = com.android.musicfx)
01-04 01:18:27.780 1133 1133 I Telecom : DefaultDialerCache: Refreshing default dialer for user 0: now null: DDC.oR@ACw
01-04 01:18:27.781 1133 1845 I am_uid_active: 10099
01-04 01:18:27.796 1133 1661 W VoiceInteractionManager: no available voice recognition services found for user 0
01-04 01:18:27.844 1133 1890 I input_interaction: Interaction with: d44242d com.android.music/com.android.music.MusicBrowserActivity (server), edge-swipe (server), swipe-up (server), PointerEventDispatcher0 (server),
01-04 01:18:27.862 1133 1133 D CompanionDeviceManagerService: TriggerDeviceDisappearedRunnable.run(address = 11:F5:F4:BC:88:3E)
01-04 01:18:27.870 5277 5277 I view_enqueue_input_event: [Motion - Cancel,com.android.music/com.android.music.MusicBrowserActivity]
01-04 01:18:27.883 1133 1890 I input_interaction: Interaction with: edge-swipe (server), swipe-up (server), PointerEventDispatcher0 (server),
01-04 01:18:28.008 1133 2503 I sysui_multi_action: [757,803,799,key_back_press,802,1]
01-04 01:18:28.010 1133 1648 D AutofillManagerService: onBackKeyPressed()
01-04 01:18:28.011 1133 1890 I input_interaction: Interaction with: d44242d com.android.music/com.android.music.MusicBrowserActivity (server), PointerEventDispatcher0 (server),
01-04 01:18:28.013 1133 2503 I wm_finish_activity: [0,234259538,23,com.android.music/.MusicBrowserActivity,app-request]
01-04 01:18:28.013 1133 2503 I wm_task_moved: [1,1,8]
01-04 01:18:28.013 1133 2503 I wm_task_moved: [10,1,2147483647]
01-04 01:18:28.013 1133 2503 I wm_task_to_front: [0,10]
01-04 01:18:28.013 1133 2503 I wm_focused_root_task: [0,0,1,23,finish-top adjustFocusToNextFocusableTask]
01-04 01:18:28.013 1133 2503 I wm_set_resumed_activity: [0,com.android.launcher3/.uioverrides.QuickstepLauncher,finish-top adjustFocusToNextFocusableTask]
01-04 01:18:28.020 1133 2503 I wm_pause_activity: [0,234259538,com.android.music/.MusicBrowserActivity,userLeaving=false,finish]
01-04 01:18:28.022 5277 5277 I wm_on_top_resumed_lost_called: [234259538,com.android.music.MusicBrowserActivity,topStateChangedWhenResumed]
01-04 01:18:28.023 5277 5277 I wm_on_paused_called: [234259538,com.android.music.MusicBrowserActivity,performPause]
01-04 01:18:28.024 1133 1812 I wm_add_to_stopping: [0,234259538,com.android.music/.MusicBrowserActivity,completeFinishing]
01-04 01:18:28.025 1133 1812 I ActivityTaskManager: FOREGROUND_APPLICATION_CHANGED to com.android.launcher3.uioverrides.QuickstepLauncher
01-04 01:18:28.026 1133 1812 I wm_set_resumed_activity: [0,com.android.launcher3/.uioverrides.QuickstepLauncher,resumeTopActivityInnerLocked]
01-04 01:18:28.029 1133 1812 I wm_resume_activity: [0,80062843,10,com.android.launcher3/.uioverrides.QuickstepLauncher]
01-04 01:18:28.035 1133 1650 I sysui_multi_action: [757,803,799,window_time_0,802,0]
01-04 01:18:28.045 2992 2992 I wm_on_restart_called: [80062843,com.android.launcher3.uioverrides.QuickstepLauncher,performRestartActivity]
01-04 01:18:28.045 2992 2992 I wm_on_start_called: [80062843,com.android.launcher3.uioverrides.QuickstepLauncher,handleStartActivity]
01-04 01:18:28.045 2956 4759 W ContextImpl: Calling a method in the system process without a qualified user: android.app.ContextImpl.startService:1816 android.content.ContextWrapper.startService:774 com.thundercomm.gamemode.ingame.services.GameModeActionUtils.startGameModeService:99 com.thundercomm.gamemode.ingame.services.GameModeActionUtils.startGameModeEntry:22 com.thundercomm.gamemode.ingame.services.ActivityMonitoringService$1.onActivityLaunch:129
01-04 01:18:28.045 1133 1890 I input_focus: [Focus leaving d44242d com.android.music/com.android.music.MusicBrowserActivity (server),reason=NO_WINDOW]
01-04 01:18:28.045 2992 2992 I wm_on_resume_called: [80062843,com.android.launcher3.uioverrides.QuickstepLauncher,RESUME_ACTIVITY]
01-04 01:18:28.045 2992 2992 I wm_on_top_resumed_gained_called: [80062843,com.android.launcher3.uioverrides.QuickstepLauncher,topWhenResuming]
01-04 01:18:28.049 1133 1133 I GameModeConfig: Current uri is uri = content://com.thundercomm.gamemode.api/gamemode_settings/gamemode_isgaming
01-04 01:18:28.051 1133 1133 I GameModeConfig: isGameModeOn = false
01-04 01:18:28.052 1133 1133 I GameModeConfig: isGameModeOn = false
01-04 01:18:28.052 1133 1133 I GameModeConfig: isDisableVoice = true
01-04 01:18:28.065 1133 1651 I input_focus: [Focus request dad8335 com.android.launcher3/com.android.launcher3.uioverrides.QuickstepLauncher,reason=UpdateInputWindows]
01-04 01:18:28.096 1133 1890 I input_focus: [Focus entering dad8335 com.android.launcher3/com.android.launcher3.uioverrides.QuickstepLauncher (server),reason=Window became focusable. Previous reason: NOT_VISIBLE]
01-04 01:18:28.136 2956 4759 W ContextImpl: Calling a method in the system process without a qualified user: android.app.ContextImpl.startService:1816 android.content.ContextWrapper.startService:774 com.thundercomm.gamemode.ingame.services.GameModeActionUtils.startGameModeService:99 com.thundercomm.gamemode.ingame.services.GameModeActionUtils.startGameModeEntry:22 com.thundercomm.gamemode.ingame.services.ActivityMonitoringService$1.onActivityLaunch:129
01-04 01:18:28.139 1133 1133 I GameModeConfig: Current uri is uri = content://com.thundercomm.gamemode.api/gamemode_settings/gamemode_isgaming
01-04 01:18:28.140 1133 1133 I GameModeConfig: isGameModeOn = false
01-04 01:18:28.141 1133 1133 I GameModeConfig: isGameModeOn = false
01-04 01:18:28.141 1133 1133 I GameModeConfig: isDisableVoice = true
01-04 01:18:28.429 1133 1650 I wm_destroy_activity: [0,234259538,23,com.android.music/.MusicBrowserActivity,finish-imm:idle]
01-04 01:18:28.437 2956 4759 W ContextImpl: Calling a method in the system process without a qualified user: android.app.ContextImpl.startService:1816 android.content.ContextWrapper.startService:774 com.thundercomm.gamemode.ingame.services.GameModeActionUtils.startGameModeService:99 com.thundercomm.gamemode.ingame.services.GameModeActionUtils.startGameModeEntry:22 com.thundercomm.gamemode.ingame.services.ActivityMonitoringService$1.onActivityLaunch:129
01-04 01:18:28.440 1133 1133 I GameModeConfig: Current uri is uri = content://com.thundercomm.gamemode.api/gamemode_settings/gamemode_isgaming
01-04 01:18:28.442 1133 1133 I GameModeConfig: isGameModeOn = false
01-04 01:18:28.442 1133 1133 I GameModeConfig: isGameModeOn = false
01-04 01:18:28.442 1133 1133 I GameModeConfig: isDisableVoice = true
01-04 01:18:28.446 5277 5277 I wm_on_stop_called: [234259538,com.android.music.MusicBrowserActivity,LIFECYCLER_STOP_ACTIVITY]
01-04 01:18:28.447 5277 5277 I wm_on_destroy_called: [234259538,com.android.music.MusicBrowserActivity,performDestroy]
01-04 01:18:28.452 1133 1813 I wm_task_removed: [23,removeChild:removeChild last r=ActivityRecord{df68452 u0 com.android.music/.MusicBrowserActivity t-1 f}} in t=Task{b1b7b13 #23 type=standard A=10094:android.task.music U=0 visible=false mode=fullscreen translucent=true sz=0}]
01-04 01:18:28.452 1133 1813 I wm_task_removed: [23,removeChild]
01-04 01:18:28.455 1133 1651 W ActivityTaskManager: Can't find TaskDisplayArea to determine support for multi window. Task id=23 attached=false
01-04 01:18:28.455 1133 1651 W ActivityTaskManager: Can't find TaskDisplayArea to determine support for multi window. Task id=23 attached=false
01-04 01:18:28.464 1133 1813 I sysui_multi_action: [757,856,758,2,806,com.android.music,857,Channel-music,858,2]
01-04 01:18:28.464 1133 1813 W NotificationHistory: Attempted to remove channel for locked/gone/disabled user 0
01-04 01:18:28.464 1133 1133 I notification_cancel_all: [1000,1133,com.android.music,0,0,0,20,NULL]
01-04 01:18:28.470 1133 2848 W BroadcastQueue: Background execution not allowed: receiving Intent { act=com.android.music.updatewidget flg=0x10 } to com.android.music/.MediaAppWidgetProvider
01-04 01:18:28.470 1133 1663 W BroadcastQueue: Background execution not allowed: receiving Intent { act=com.android.music.updatewidget flg=0x10 } to com.android.music/.MediaAppWidgetProviderLarge
01-04 01:18:28.717 1133 1649 I commit_sys_config_file: [notification-policy,209164]
01-04 01:18:28.989 1133 1890 I input_interaction: Interaction with: dad8335 com.android.launcher3/com.android.launcher3.uioverrides.QuickstepLauncher (server), 48a1821 com.android.systemui.ImageWallpaper (server), edge-swipe (server), swipe-up (server), PointerEventDispatcher0 (server),
01-04 01:18:29.099 1133 5201 I thunderperf: PlatormCompat.setOverrides: Uid1=10084 Pid1=2992 Uid2=10084 Pid2=2992
01-04 01:18:29.099 1133 5201 I thunderperf: PlatormCompat.setOverrides: needCheck:false
01-04 01:18:29.127 1133 5201 I ActivityTaskManager: START u0 {act=android.intent.action.MAIN cat=[android.intent.category.LAUNCHER] flg=0x10200000 cmp=com.android.music/.MusicBrowserActivity bnds=[2128,310][2314,510]} from uid 10084
01-04 01:18:29.136 1133 5201 I wm_task_created: [24,-1]
01-04 01:18:29.136 1133 5201 W ActivityTaskManager: Can't find TaskDisplayArea to determine support for multi window. Task id=24 attached=false
01-04 01:18:29.141 1133 5201 I wm_task_moved: [24,1,8]
01-04 01:18:29.141 1133 5201 I wm_task_to_front: [0,24]
01-04 01:18:29.141 1133 5201 I wm_create_task: [0,24]
01-04 01:18:29.142 1133 5201 I wm_create_activity: [0,265289557,24,com.android.music/.MusicBrowserActivity,android.intent.action.MAIN,NULL,NULL,270532608]
01-04 01:18:29.142 1133 5201 I wm_task_moved: [24,1,8]
01-04 01:18:29.143 2455 2515 D PhoneStartingWindowTypeAlgorithm: preferredStartingWindowType newTask:true taskSwitch:true processRunning:true allowTaskSnapshot:true activityCreated:false useEmptySplashScreen:false legacySplashScreen:false topIsHome:false
01-04 01:18:29.143 2455 2515 D StartingSurfaceDrawer: addSplashScreen com.android.music theme=7f110009 task=24 suggestType=1
01-04 01:18:29.143 1133 5201 I wm_pause_activity: [0,80062843,com.android.launcher3/.uioverrides.QuickstepLauncher,userLeaving=true,pauseBackTasks]
01-04 01:18:29.145 2455 2516 D StartingSurfaceDrawer: window attributes color: 0 icon null duration 0 brandImage null
01-04 01:18:29.147 2455 2516 D StartingSurfaceDrawer: FgMainColor=ff000000 BgMainColor=0 IsBgComplex=false FromCache=true ThemeColor=fffafafa
01-04 01:18:29.147 2992 2992 I wm_on_top_resumed_lost_called: [80062843,com.android.launcher3.uioverrides.QuickstepLauncher,topStateChangedWhenResumed]
01-04 01:18:29.147 2455 2516 D StartingSurfaceDrawer: isRgbSimilarInHsv a: fffafafa b 0 contrast ratio: 20.119467
01-04 01:18:29.147 2455 2516 D StartingSurfaceDrawer: hsvDiff 0 ah 0.0 bh 0.0 as 0.0 bs 0.0 av 0.98039216 bv 0.0 sqH 0.0 sqS 0.0 sqV 0.9611687835295903 root 0.5660296763508637
01-04 01:18:29.147 2455 2516 D StartingSurfaceDrawer: isRgbSimilarInHsv a: fffafafa b ff000000 contrast ratio: 20.119467
01-04 01:18:29.147 2455 2516 D StartingSurfaceDrawer: hsvDiff 0 ah 0.0 bh 0.0 as 0.0 bs 0.0 av 0.98039216 bv 0.0 sqH 0.0 sqS 0.0 sqV 0.9611687835295903 root 0.5660296763508637
01-04 01:18:29.147 2455 2516 D StartingSurfaceDrawer: makeSplashScreenContentView: choose fg icon
01-04 01:18:29.148 2455 2516 D StartingSurfaceDrawer: fillViewWithIcon surfaceWindowView android.window.SplashScreenView{bcc729 V.E...... ......ID 0,0-0,0}
01-04 01:18:29.152 2992 2992 I wm_on_paused_called: [80062843,com.android.launcher3.uioverrides.QuickstepLauncher,performPause]
01-04 01:18:29.153 1133 2848 I ActivityTaskManager: FOREGROUND_APPLICATION_CHANGED to com.android.music.MusicBrowserActivity
01-04 01:18:29.154 1133 2848 I ActivityTaskManager: The Process com.android.music Already Exists in BG. So sending its PID: 5277
01-04 01:18:29.154 1133 2848 W ActivityTaskManager: Tried to set launchTime (0) < mLastActivityLaunchTime (280149)
01-04 01:18:29.154 1133 2848 I wm_add_to_stopping: [0,80062843,com.android.launcher3/.uioverrides.QuickstepLauncher,makeInvisible]
01-04 01:18:29.155 1133 2848 I wm_restart_activity: [0,265289557,24,com.android.music/.MusicBrowserActivity]
01-04 01:18:29.155 1133 2848 I wm_set_resumed_activity: [0,com.android.music/.MusicBrowserActivity,minimalResumeActivityLocked]
01-04 01:18:29.161 1133 1650 I sysui_multi_action: [757,803,799,window_time_0,802,1]
01-04 01:18:29.172 2956 4759 W ContextImpl: Calling a method in the system process without a qualified user: android.app.ContextImpl.startService:1816 android.content.ContextWrapper.startService:774 com.thundercomm.gamemode.ingame.services.GameModeActionUtils.startGameModeService:99 com.thundercomm.gamemode.ingame.services.GameModeActionUtils.startGameModeEntry:22 com.thundercomm.gamemode.ingame.services.ActivityMonitoringService$1.onActivityLaunch:129
01-04 01:18:29.176 1133 1133 I GameModeConfig: Current uri is uri = content://com.thundercomm.gamemode.api/gamemode_settings/gamemode_isgaming
01-04 01:18:29.179 1133 1133 I GameModeConfig: isGameModeOn = false
01-04 01:18:29.179 1133 1133 I GameModeConfig: isGameModeOn = false
01-04 01:18:29.179 1133 1133 I GameModeConfig: isDisableVoice = true
01-04 01:18:29.180 1133 1890 I input_focus: [Focus leaving dad8335 com.android.launcher3/com.android.launcher3.uioverrides.QuickstepLauncher (server),reason=NO_WINDOW]
01-04 01:18:29.188 5277 5277 I wm_on_create_called: [265289557,com.android.music.MusicBrowserActivity,performCreate]
01-04 01:18:29.199 5277 5277 I wm_on_start_called: [265289557,com.android.music.MusicBrowserActivity,handleStartActivity]
01-04 01:18:29.199 5277 5277 I wm_on_resume_called: [265289557,com.android.music.MusicBrowserActivity,RESUME_ACTIVITY]
01-04 01:18:29.204 5277 5277 I wm_on_top_resumed_gained_called: [265289557,com.android.music.MusicBrowserActivity,topStateChangedWhenResumed]
01-04 01:18:29.227 1133 2848 I sysui_multi_action: [757,856,758,1,806,com.android.music,857,Channel-music,858,2]
01-04 01:18:29.228 1133 2396 I GameModeConfig: isGameModeOn = false
01-04 01:18:29.229 1133 2396 I GameModeConfig: isGameModeOn = false
01-04 01:18:29.229 1133 2396 I GameModeConfig: isGameModeOn = false
01-04 01:18:29.229 1133 2396 I GameModeConfig: isGameModeOn = false
01-04 01:18:29.229 1133 2396 I GameModeConfig: isGameModeOn = false
01-04 01:18:29.236 1133 1133 I notification_enqueue: [10094,5277,com.android.music,1,NULL,0,Notification(channel=Channel-music shortcut=null contentView=null vibrate=null sound=null defaults=0x0 flags=0x0 color=0x00000000 category=transport actions=4 vis=PRIVATE),0]
01-04 01:18:29.237 1133 1133 I notification_enqueue: [10094,5277,com.android.music,1,NULL,0,Notification(channel=Channel-music shortcut=null contentView=null vibrate=null sound=null defaults=0x0 flags=0x40 color=0x00000000 category=transport actions=4 vis=PRIVATE),0]
01-04 01:18:29.241 1133 2396 I GameModeConfig: isGameModeOn = false
01-04 01:18:29.241 1133 2396 I GameModeConfig: isGameModeOn = false
01-04 01:18:29.242 1133 2396 I GameModeConfig: isGameModeOn = false
01-04 01:18:29.243 1133 2396 I GameModeConfig: isGameModeOn = false
01-04 01:18:29.243 1133 2396 I GameModeConfig: isGameModeOn = false
01-04 01:18:29.244 1133 1133 I notification_enqueue: [10094,5277,com.android.music,1,NULL,0,Notification(channel=Channel-music shortcut=null contentView=null vibrate=null sound=null defaults=0x0 flags=0x40 color=0x00000000 category=transport actions=4 vis=PRIVATE),0]
01-04 01:18:29.246 1133 1133 I notification_enqueue: [10094,5277,com.android.music,1,NULL,0,Notification(channel=Channel-music shortcut=null contentView=null vibrate=null sound=null defaults=0x0 flags=0x40 color=0x00000000 category=transport actions=4 vis=PRIVATE),0]
01-04 01:18:29.266 2956 4759 W ContextImpl: Calling a method in the system process without a qualified user: android.app.ContextImpl.startService:1816 android.content.ContextWrapper.startService:774 com.thundercomm.gamemode.ingame.services.GameModeActionUtils.startGameModeService:99 com.thundercomm.gamemode.ingame.services.GameModeActionUtils.startGameModeEntry:22 com.thundercomm.gamemode.ingame.services.ActivityMonitoringService$1.onActivityLaunch:129
01-04 01:18:29.269 1133 1133 I GameModeConfig: Current uri is uri = content://com.thundercomm.gamemode.api/gamemode_settings/gamemode_isgaming
01-04 01:18:29.271 1133 1133 I GameModeConfig: isGameModeOn = false
01-04 01:18:29.272 1133 1133 I GameModeConfig: isGameModeOn = false
01-04 01:18:29.272 1133 1133 I GameModeConfig: isDisableVoice = true
01-04 01:18:29.273 1133 1651 I input_focus: [Focus request 65a35b3 com.android.music/com.android.music.MusicBrowserActivity,reason=UpdateInputWindows]
01-04 01:18:29.282 1133 2396 I GameModeConfig: isGameModeOn = false
01-04 01:18:29.283 1133 2396 I GameModeConfig: isGameModeOn = false
01-04 01:18:29.283 1133 2396 I GameModeConfig: isGameModeOn = false
01-04 01:18:29.283 1133 2396 I GameModeConfig: isGameModeOn = false
01-04 01:18:29.284 1133 2396 I GameModeConfig: isGameModeOn = false
01-04 01:18:29.289 1133 1133 I notification_enqueue: [10094,5277,com.android.music,1,NULL,0,Notification(channel=Channel-music shortcut=null contentView=null vibrate=null sound=null defaults=0x0 flags=0x40 color=0x00000000 category=transport actions=4 vis=PRIVATE),0]
01-04 01:18:29.291 1133 1133 I notification_enqueue: [10094,5277,com.android.music,1,NULL,0,Notification(channel=Channel-music shortcut=null contentView=null vibrate=null sound=null defaults=0x0 flags=0x40 color=0x00000000 category=transport actions=4 vis=PRIVATE),0]
01-04 01:18:29.291 1133 1647 I sysui_multi_action: [319,51,321,47,322,160,325,285,757,761,758,8,759,1,806,com.android.music,871,com.android.music.MusicBrowserActivity,904,com.android.launcher3,905,0,1320,4,1321,1]
01-04 01:18:29.294 1133 1647 I wm_activity_launch_time: [0,265289557,com.android.music/.MusicBrowserActivity,160]
01-04 01:18:29.298 2455 2515 D StartingSurfaceDrawer: Task start finish, remove starting surface for task 24
01-04 01:18:29.299 2455 2515 V StartingSurfaceDrawer: Removing splash screen window for task: 24
01-04 01:18:29.308 1133 1133 I sysui_multi_action: [757,128,758,5,759,8,793,73,794,0,795,73,796,1,806,com.android.music,857,Channel-music,858,2,947,0,1500,73,1641,transport,1688,1,1745,1043716538]
01-04 01:18:29.308 1133 1133 I notification_canceled: [0|com.android.music|1|null|10094,8,73,73,0,-1,-1,NULL]
01-04 01:18:29.314 1133 1890 I input_focus: [Focus entering 65a35b3 com.android.music/com.android.music.MusicBrowserActivity (server),reason=Window became focusable. Previous reason: NOT_VISIBLE]
01-04 01:18:29.321 1133 1649 I DropBoxManagerService: add tag=system_app_strictmode isTagEnabled=true flags=0x2
01-04 01:18:29.338 1133 1649 I DropBoxManagerService: add tag=system_app_strictmode isTagEnabled=true flags=0x2
01-04 01:18:29.436 1133 1133 I NotificationService: Cannot find enqueued record for key: 0|com.android.music|1|null|10094
01-04 01:18:29.437 1133 1133 I NotificationService: Cannot find enqueued record for key: 0|com.android.music|1|null|10094
01-04 01:18:29.446 1133 1133 I NotificationService: Cannot find enqueued record for key: 0|com.android.music|1|null|10094
01-04 01:18:29.447 1133 1133 I NotificationService: Cannot find enqueued record for key: 0|com.android.music|1|null|10094
01-04 01:18:29.482 1133 1649 I commit_sys_config_file: [notification-policy,209928]
01-04 01:18:29.490 1133 1133 I NotificationService: Cannot find enqueued record for key: 0|com.android.music|1|null|10094
01-04 01:18:29.490 1133 1133 I NotificationService: Cannot find enqueued record for key: 0|com.android.music|1|null|10094
01-04 01:18:29.716 1133 1650 I wm_stop_activity: [0,80062843,com.android.launcher3/.uioverrides.QuickstepLauncher]
01-04 01:18:29.747 2992 2992 I wm_on_stop_called: [80062843,com.android.launcher3.uioverrides.QuickstepLauncher,STOP_ACTIVITY_ITEM]
01-04 01:18:29.759 2956 4759 W ContextImpl: Calling a method in the system process without a qualified user: android.app.ContextImpl.startService:1816 android.content.ContextWrapper.startService:774 com.thundercomm.gamemode.ingame.services.GameModeActionUtils.startGameModeService:99 com.thundercomm.gamemode.ingame.services.GameModeActionUtils.startGameModeEntry:22 com.thundercomm.gamemode.ingame.services.ActivityMonitoringService$1.onActivityLaunch:129
01-04 01:18:29.761 1133 1133 I GameModeConfig: Current uri is uri = content://com.thundercomm.gamemode.api/gamemode_settings/gamemode_isgaming
01-04 01:18:29.763 1133 1133 I GameModeConfig: isGameModeOn = false
01-04 01:18:29.763 1133 1133 I GameModeConfig: isGameModeOn = false
01-04 01:18:29.763 1133 1133 I GameModeConfig: isDisableVoice = true
01-04 01:18:30.432 1133 1890 I input_interaction: Interaction with: 65a35b3 com.android.music/com.android.music.MusicBrowserActivity (server), edge-swipe (server), swipe-up (server), PointerEventDispatcher0 (server),
01-04 01:18:30.727 1133 4178 E TaskPersister: File error accessing recents directory (directory doesn't exist?).
01-04 01:18:32.145 1133 2396 I GameModeConfig: isGameModeOn = false
01-04 01:18:32.146 1133 2396 I GameModeConfig: isGameModeOn = false
01-04 01:18:32.146 1133 2396 I GameModeConfig: isGameModeOn = false
01-04 01:18:32.146 1133 2396 I GameModeConfig: isGameModeOn = false
01-04 01:18:32.146 1133 2396 I GameModeConfig: isGameModeOn = false
01-04 01:18:32.162 1133 1133 I notification_enqueue: [10094,5277,com.android.music,1,NULL,0,Notification(channel=Channel-music shortcut=null contentView=null vibrate=null sound=null defaults=0x0 flags=0x40 color=0x00000000 category=transport actions=4 vis=PRIVATE),0]
01-04 01:18:32.164 1133 1133 I notification_enqueue: [10094,5277,com.android.music,1,NULL,0,Notification(channel=Channel-music shortcut=null contentView=null vibrate=null sound=null defaults=0x0 flags=0x40 color=0x00000000 category=transport actions=4 vis=PRIVATE),0]
01-04 01:18:32.219 1133 1649 I DropBoxManagerService: add tag=system_app_strictmode isTagEnabled=true flags=0x2
01-04 01:18:32.222 1133 1649 I DropBoxManagerService: add tag=system_app_strictmode isTagEnabled=true flags=0x2
01-04 01:18:32.227 1133 1649 I DropBoxManagerService: add tag=system_app_strictmode isTagEnabled=true flags=0x2
01-04 01:18:32.230 1133 1649 I DropBoxManagerService: add tag=system_app_strictmode isTagEnabled=true flags=0x2
01-04 01:18:32.234 1133 1649 I DropBoxManagerService: add tag=system_app_strictmode isTagEnabled=true flags=0x2
01-04 01:18:32.237 1133 1649 I DropBoxManagerService: add tag=system_app_strictmode isTagEnabled=true flags=0x2
01-04 01:18:32.239 1133 1649 I DropBoxManagerService: add tag=system_app_strictmode isTagEnabled=true flags=0x2
01-04 01:18:32.249 1133 1649 I DropBoxManagerService: add tag=system_app_strictmode isTagEnabled=true flags=0x2
01-04 01:18:32.364 1133 1133 I sysui_multi_action: [757,1501,758,1,793,203,794,0,795,203,796,1,806,com.android.music,857,Channel-music,858,2,947,0,1500,0,1641,transport,1688,1,1745,1043716538]
01-04 01:18:32.364 1133 1133 I sysui_multi_action: [757,804,799,note_interruptive,801,0,802,1]
01-04 01:18:32.365 1133 1133 I GameModeConfig: isGameModeOn = false
01-04 01:18:32.370 1133 1133 W NotificationHistory: Attempted to add notif for locked/gone/disabled user 0
01-04 01:18:32.371 1133 1133 I GameModeConfig: isGameModeOn = false
01-04 01:18:32.500 1133 1133 I sysui_multi_action: [757,128,758,5,759,8,793,65559,794,0,795,65559,796,1,797,empty_media,806,com.android.systemui,857,empty_media_style_id,858,4,947,0,1500,65354,1641,transport,1688,1,1745,1043716538]
01-04 01:18:32.501 1133 1133 I notification_canceled: [0|com.android.systemui|1|empty_media|10087,8,65559,65559,0,-1,-1,NULL]
01-04 01:18:34.752 1133 1133 I notification_enqueue: [10094,5277,com.android.music,1,NULL,0,Notification(channel=Channel-music shortcut=null contentView=null vibrate=null sound=null defaults=0x0 flags=0x62 color=0x00000000 category=transport actions=4 vis=PRIVATE),1]
01-04 01:18:34.839 1133 1649 I DropBoxManagerService: add tag=system_server_strictmode isTagEnabled=true flags=0x2
01-04 01:18:34.841 1133 1663 I service_manager_stats: [100,107,46417]
01-04 01:18:34.957 1133 1133 I GameModeConfig: isGameModeOn = false
01-04 01:18:34.961 1133 2396 I GameModeConfig: isGameModeOn = false
01-04 01:18:34.961 1133 2396 I GameModeConfig: isGameModeOn = false
01-04 01:18:34.961 1133 2396 I GameModeConfig: isGameModeOn = false
01-04 01:18:34.961 1133 2396 I GameModeConfig: isGameModeOn = false
01-04 01:18:34.962 1133 2396 I GameModeConfig: isGameModeOn = false
01-04 01:18:35.006 1133 1133 I notification_enqueue: [10094,5277,com.android.music,1,NULL,0,Notification(channel=Channel-music shortcut=null contentView=null vibrate=null sound=null defaults=0x0 flags=0x2 color=0x00000000 category=transport actions=4 vis=PRIVATE),1]
01-01 08:05:14.199 0 0 I btfm_slim_hw_init: PGD Enum Addr: 00:01:20:02:17: 02
01-01 08:05:14.205 0 0 I btfm_slim_hw_init: IFD Enum Addr: 00:00:20:02:17: 02
01-01 08:05:14.212 0 0 I btfm_slim_hw_init: chipset soc version:400a0200
01-01 08:05:14.217 0 0 I btfm_slim_hw_init: chipset is hastings 2.0, overwriting EA
01-01 08:05:14.224 0 0 I btfm_slim_hw_init: PGD Enum Addr: 00:01:20:02:17: 02
01-01 08:05:14.230 0 0 I btfm_slim_hw_init: IFD Enum Addr: 00:00:20:02:17: 02
01-04 01:18:35.209 1133 1133 I sysui_multi_action: [757,1501,758,1,793,3047,794,0,795,205,796,1,806,com.android.music,857,Channel-music,858,2,947,0,1500,0,1641,transport,1688,1,1745,1043716538]
01-04 01:18:35.210 1133 1133 I sysui_multi_action: [757,804,799,note_interruptive,801,0,802,1]
01-04 01:18:35.210 1133 1133 I GameModeConfig: isGameModeOn = false
01-04 01:18:35.214 1133 1133 W NotificationHistory: Attempted to add notif for locked/gone/disabled user 0
01-01 08:05:14.243 0 0 I slimbus : 1 laddr:0xcf, EAPC:0x1:0x20
01-01 08:05:14.248 0 0 I slimbus : 1 laddr:0xce, EAPC:0x0:0x20
01-01 08:05:14.253 0 0 I btfm_slim_alloc_port: chipset soc version:400a0200
01-01 08:05:14.260 0 0 I btfm_slim_enable_ch: chipset soc version:400a0200
01-01 08:05:14.266 0 0 I btfm_slim_enable_ch: channel define - prot:2, dataf:0, auxf:0
01-01 08:05:14.273 0 0 I btfm_slim_enable_ch: channel define - rates:44100, baser:2, ratem:4
01-01 08:05:14.281 0 0 I btfm_slim_enable_ch: slim_connect_sink(port: 16, ch: 157)
01-01 08:05:14.287 0 0 I btfm_slim_enable_ch: port: 16, ch: 157, grp: 0, ch->grph: 0x0, ch_hdl: 0x1d
01-01 08:05:14.297 0 0 I __afe_port_start: port id: 0x400e
01-01 08:05:14.302 0 0 I afe_find_cal_topo_id_by_port: port id: 0x400e, dev_acdb_id: 20
01-01 08:05:14.309 0 0 I afe_find_cal_topo_id_by_port: top_id:112fc acdb_id:20 afe_port_id:0x400e
01-01 08:05:14.317 0 0 I afe_get_cal_topology_id: port_id = 0x400e acdb_id = 20 topology_id = 0x112fc cal_type_index=8 ret=0
01-01 08:05:14.328 0 0 I afe_send_port_topology_id: AFE set topology id 0x112fc enable for port 0x400e ret 0
01-01 08:05:14.337 0 0 I send_afe_cal_type: cal_index is 0
01-01 08:05:14.341 0 0 I send_afe_cal_type: dev_acdb_id[119] is 20
01-04 01:18:35.319 1133 1663 I am_uid_idle: 10033
01-01 08:05:14.346 0 0 I afe_find_cal: cal_index 0 port_id 0x400e port_index 119
01-01 08:05:14.353 0 0 I afe_find_cal: acdb_id 20 dev_acdb_id 20 sample_rate 48000 afe_sample_rates 44100
01-01 08:05:14.361 0 0 I afe_find_cal: no matching cal_block found
01-01 08:05:14.367 0 0 E : send_afe_cal_type cal_block not found!!
01-01 08:05:14.372 0 0 I afe_send_hw_delay: port_id 0x400e rate 44100 delay_usec 0 status 0
01-04 01:18:35.439 1133 1813 W ActivityManager: Receiver with filter android.content.IntentFilter@b79872f already registered for pid 5277, callerPackage is com.android.music
01-04 01:18:36.678 1133 1663 I am_uid_idle: 10021
01-04 01:18:36.834 1133 1696 I commit_sys_config_file: [package-user-0,9]
01-04 01:18:41.629 1133 1890 I input_interaction: Interaction with: 2c759d StatusBar (server), edge-swipe (server), swipe-up (server), PointerEventDispatcher0 (server),
01-04 01:18:41.648 2455 2455 I sysui_multi_action: [757,803,799,panel_open,802,1]
01-04 01:18:41.652 2455 2455 I sysui_multi_action: [757,1328,758,4,1326,87,1327,4,1329,0]
01-04 01:18:41.665 1133 5201 I sysui_multi_action: [757,127,758,1]
01-04 01:18:41.665 1133 5201 I sysui_multi_action: [757,804,799,note_load,801,3,802,1]
01-04 01:18:41.666 1133 5201 I notification_panel_revealed: 3
01-04 01:18:41.680 1133 1651 I input_focus: [Focus request c9f1bc8 NotificationShade,reason=UpdateInputWindows]
01-04 01:18:41.691 1133 5201 I sysui_multi_action: [757,128,758,1,793,216748,794,0,795,216748,796,26,798,0,806,android,857,DEVELOPER_IMPORTANT,858,4,947,0,1395,3,1500,216747,1688,1]
01-04 01:18:41.691 1133 5201 I sysui_multi_action: [757,804,799,note_freshness,801,216748,802,1]
01-04 01:18:41.691 1133 5201 I notification_visibility: [-1|android|26|null|1000,1,216748,216748,0,0]
01-04 01:18:41.691 1133 5201 I sysui_multi_action: [757,128,758,1,793,216661,794,0,795,216661,796,55,798,1,806,android,857,DEVELOPER,858,2,947,0,1395,3,1500,216661,1688,1]
01-04 01:18:41.691 1133 5201 I sysui_multi_action: [757,804,799,note_freshness,801,216661,802,1]
01-04 01:18:41.691 1133 5201 I notification_visibility: [-1|android|55|null|1000,1,216661,216661,0,1]
01-04 01:18:41.691 1133 5201 I sysui_multi_action: [757,128,758,1,793,217550,794,0,795,217550,796,32,798,2,806,android,857,USB,858,1,947,0,1395,3,1500,216978,1688,1]
01-04 01:18:41.691 1133 5201 I sysui_multi_action: [757,804,799,note_freshness,801,217550,802,1]
01-04 01:18:41.691 1133 5201 I notification_visibility: [-1|android|32|null|1000,1,217550,217550,0,2]
01-04 01:18:41.712 1133 1890 I input_focus: [Focus leaving 65a35b3 com.android.music/com.android.music.MusicBrowserActivity (server),reason=setFocusedWindow]
01-04 01:18:41.712 1133 1890 I input_focus: [Focus entering c9f1bc8 NotificationShade (server),reason=setFocusedWindow]
01-04 01:18:41.727 2455 2455 I sysui_multi_action: [757,111,758,1]
01-04 01:18:41.727 2455 2455 I sysui_multi_action: [757,126,758,1,759,126,927,0,928,1,1593,1]
01-04 01:18:41.727 2455 2455 I sysui_multi_action: [757,113,758,1,759,113,927,1,928,1,1593,1]
01-04 01:18:41.727 2455 2455 I sysui_multi_action: [757,0,758,1,759,0,927,2,928,0,1593,1]
01-04 01:18:41.727 2455 2455 I sysui_multi_action: [757,0,758,1,759,0,927,3,928,0,1593,1]
01-04 01:18:41.728 2455 2455 I sysui_multi_action: [757,491,758,1,759,491,927,4,928,0,1311,-1,1593,0]
01-04 01:18:41.728 2455 2455 I sysui_multi_action: [757,0,758,1,759,0,927,5,928,0,1593,0]
01-04 01:18:41.728 2455 2455 I sysui_multi_action: [757,0,758,1,759,0,927,6,1593,0]
01-04 01:18:41.728 2455 2455 I sysui_multi_action: [757,111,758,1]
01-04 01:18:41.728 2455 2455 I sysui_multi_action: [757,126,758,1,759,126,927,0,928,1,1593,1]
01-04 01:18:41.728 2455 2455 I sysui_multi_action: [757,113,758,1,759,113,927,1,928,1,1593,1]
01-04 01:18:41.728 2455 2455 I sysui_multi_action: [757,0,758,1,759,0,927,2,928,0,1593,1]
01-04 01:18:41.728 2455 2455 I sysui_multi_action: [757,0,758,1,759,0,927,3,928,0,1593,1]
01-04 01:18:42.520 1133 1890 I input_interaction: Interaction with: c9f1bc8 NotificationShade (server), edge-swipe (server), swipe-up (server), PointerEventDispatcher0 (server),
01-04 01:18:42.878 1133 2848 I volume_changed: [3,19,36,39,com.android.systemui]
01-04 01:18:43.616 1133 1829 I commit_sys_config_file: [settings-1-0,12]
01-04 01:18:43.639 1133 2848 I volume_changed: [3,36,39,39,com.android.systemui]
01-04 01:18:44.372 1133 1829 I commit_sys_config_file: [settings-1-0,13]
01-04 01:18:44.596 1133 1812 I volume_changed: [3,39,13,39,com.android.systemui]
01-04 01:18:45.324 1133 1829 I commit_sys_config_file: [settings-1-0,9]
01-04 01:18:45.934 1133 1812 I volume_changed: [3,13,21,39,com.android.systemui]
01-04 01:18:45.998 1133 1661 I am_pss : [5277,10094,com.android.music,69257216,63029248,0,201916416,0,2,16]
01-04 01:18:46.016 1133 1661 I am_pss : [3765,10024,com.android.documentsui,29576192,23457792,0,160509952,0,16,13]
01-04 01:18:46.665 1133 1829 I commit_sys_config_file: [settings-1-0,12]
01-04 01:18:48.987 1133 1663 I am_uid_idle: 10024
01-04 01:18:52.218 1133 1812 I volume_changed: [3,21,28,39,com.android.systemui]
01-04 01:18:52.947 1133 1829 I commit_sys_config_file: [settings-1-0,11]
01-04 01:18:54.047 1133 2396 I GameModeConfig: isGameModeOn = false
01-04 01:18:54.047 1133 2396 I GameModeConfig: isGameModeOn = false
01-04 01:18:54.048 1133 2396 I GameModeConfig: isGameModeOn = false
01-04 01:18:54.048 1133 2396 I GameModeConfig: isGameModeOn = false
01-04 01:18:54.048 1133 2396 I GameModeConfig: isGameModeOn = false
01-04 01:18:54.102 1133 1133 I notification_enqueue: [10094,5277,com.android.music,1,NULL,0,Notification(channel=Channel-music shortcut=null contentView=null vibrate=null sound=null defaults=0x0 flags=0x0 color=0x00000000 category=transport actions=4 vis=PRIVATE),1]
01-04 01:18:54.117 1133 4602 I snet_event_log: [172655291,-1,]
01-04 01:18:54.140 1133 5305 W ActivityManager: Receiver with filter android.content.IntentFilter@6bb891 already registered for pid 5277, callerPackage is com.android.music
01-04 01:18:54.308 1133 1133 I GameModeConfig: isGameModeOn = false
01-04 01:18:54.495 1133 1663 I am_uid_idle: 10093
01-04 01:18:55.735 1133 2396 I GameModeConfig: isGameModeOn = false
01-04 01:18:55.735 1133 2396 I GameModeConfig: isGameModeOn = false
01-04 01:18:55.735 1133 2396 I GameModeConfig: isGameModeOn = false
01-04 01:18:55.736 1133 2396 I GameModeConfig: isGameModeOn = false
01-04 01:18:55.736 1133 2396 I GameModeConfig: isGameModeOn = false
01-04 01:18:55.793 1133 1133 I notification_enqueue: [10094,5277,com.android.music,1,NULL,0,Notification(channel=Channel-music shortcut=null contentView=null vibrate=null sound=null defaults=0x0 flags=0x2 color=0x00000000 category=transport actions=4 vis=PRIVATE),1]
01-04 01:18:55.859 1133 5305 W ActivityManager: Receiver with filter android.content.IntentFilter@fc66a8a already registered for pid 5277, callerPackage is com.android.music
01-04 01:18:55.998 1133 1133 I GameModeConfig: isGameModeOn = false
01-04 01:18:58.607 1133 2396 I GameModeConfig: isGameModeOn = false
01-04 01:18:58.607 1133 2396 I GameModeConfig: isGameModeOn = false
01-04 01:18:58.607 1133 2396 I GameModeConfig: isGameModeOn = false
01-04 01:18:58.607 1133 2396 I GameModeConfig: isGameModeOn = false
01-04 01:18:58.608 1133 2396 I GameModeConfig: isGameModeOn = false
01-04 01:18:58.661 1133 1133 I notification_enqueue: [10094,5277,com.android.music,1,NULL,0,Notification(channel=Channel-music shortcut=null contentView=null vibrate=null sound=null defaults=0x0 flags=0x0 color=0x00000000 category=transport actions=4 vis=PRIVATE),1]
01-04 01:18:58.667 1133 2549 I snet_event_log: [172655291,-1,]
01-04 01:18:58.690 1133 3529 W ActivityManager: Receiver with filter android.content.IntentFilter@503bc60 already registered for pid 5277, callerPackage is com.android.music
01-04 01:18:58.864 1133 1133 I GameModeConfig: isGameModeOn = false
01-04 01:18:59.853 1133 2396 I GameModeConfig: isGameModeOn = false
01-04 01:18:59.853 1133 2396 I GameModeConfig: isGameModeOn = false
01-04 01:18:59.853 1133 2396 I GameModeConfig: isGameModeOn = false
01-04 01:18:59.853 1133 2396 I GameModeConfig: isGameModeOn = false
01-04 01:18:59.854 1133 2396 I GameModeConfig: isGameModeOn = false
01-04 01:18:59.912 1133 1133 I notification_enqueue: [10094,5277,com.android.music,1,NULL,0,Notification(channel=Channel-music shortcut=null contentView=null vibrate=null sound=null defaults=0x0 flags=0x2 color=0x00000000 category=transport actions=4 vis=PRIVATE),1]
01-04 01:18:59.955 1133 1813 W ActivityManager: Receiver with filter android.content.IntentFilter@2db0966 already registered for pid 5277, callerPackage is com.android.music
01-04 01:19:00.117 1133 1133 I GameModeConfig: isGameModeOn = false
01-04 01:19:04.253 1133 2396 I GameModeConfig: isGameModeOn = false
01-04 01:19:04.253 1133 2396 I GameModeConfig: isGameModeOn = false
01-04 01:19:04.253 1133 2396 I GameModeConfig: isGameModeOn = false
01-04 01:19:04.254 1133 2396 I GameModeConfig: isGameModeOn = false
01-04 01:19:04.254 1133 2396 I GameModeConfig: isGameModeOn = false
01-04 01:19:04.308 1133 1133 I notification_enqueue: [10094,5277,com.android.music,1,NULL,0,Notification(channel=Channel-music shortcut=null contentView=null vibrate=null sound=null defaults=0x0 flags=0x0 color=0x00000000 category=transport actions=4 vis=PRIVATE),1]
01-04 01:19:04.310 1133 1812 I snet_event_log: [172655291,-1,]
01-04 01:19:04.336 1133 5305 W ActivityManager: Receiver with filter android.content.IntentFilter@389ef1c already registered for pid 5277, callerPackage is com.android.music
01-04 01:19:04.511 1133 1133 I GameModeConfig: isGameModeOn = false
01-04 01:19:05.118 1133 2396 I GameModeConfig: isGameModeOn = false
01-04 01:19:05.118 1133 2396 I GameModeConfig: isGameModeOn = false
01-04 01:19:05.119 1133 2396 I GameModeConfig: isGameModeOn = false
01-04 01:19:05.119 1133 2396 I GameModeConfig: isGameModeOn = false
01-04 01:19:05.119 1133 2396 I GameModeConfig: isGameModeOn = false
01-04 01:19:05.171 1133 1133 I notification_enqueue: [10094,5277,com.android.music,1,NULL,0,Notification(channel=Channel-music shortcut=null contentView=null vibrate=null sound=null defaults=0x0 flags=0x2 color=0x00000000 category=transport actions=4 vis=PRIVATE),1]
01-04 01:19:05.209 1133 1812 W ActivityManager: Receiver with filter android.content.IntentFilter@ec41702 already registered for pid 5277, callerPackage is com.android.music
01-04 01:19:05.377 1133 1133 I GameModeConfig: isGameModeOn = false
01-01 08:05:51.517 0 0 I [schedu][0x19247d747][01:19:12.486918] wlan: [3172:I:OSIF] scan start scan id 40965
01-01 08:05:52.512 0 0 I [schedu][0x1936b510f][01:19:13.481821] wlan: [3172:I:OSIF] vdev 0, scan id 40965 type COMPLETED(1) reason COMPLETED(1) scan found 99 bss
01-04 01:19:16.026 575 575 E spcomlib: [spcom_wait_for_event] event [1] [nvm_ready] EVENT_STATUS_TIMEOUT
01-04 01:19:16.026 575 575 E spdaemon: spcom_wait_for_nvm_ready() failed. ret [-110] [Connection timed out].
01-04 01:19:16.026 575 575 E spdaemon: Initial SP initialization failed. ret [-110].
01-04 01:19:16.026 575 575 D spdaemon: going to sleep for a day.
01-01 08:05:55.048 0 0 E spss_utils [spss_wait_for_event]: wait for event [1] timeout [300] sec expired
01-04 01:19:27.251 3437 3437 I auditd : type=1400 audit(0.0:186): avc: granted { read } for comm=4173796E635461736B20233337 name="arp" dev="proc" ino=4026532247 scontext=u:r:platform_app:s0:c512,c768 tcontext=u:object_r:proc_net:s0 tclass=file app=com.hht.lebocast
01-04 01:19:27.251 3437 3437 I auditd : type=1400 audit(0.0:187): avc: granted { read open } for comm=4173796E635461736B20233337 path="/proc/3437/net/arp" dev="proc" ino=4026532247 scontext=u:r:platform_app:s0:c512,c768 tcontext=u:object_r:proc_net:s0 tclass=file app=com.hht.lebocast
01-04 01:19:27.251 3437 3437 I auditd : type=1400 audit(0.0:188): avc: granted { getattr } for comm=4173796E635461736B20233337 path="/proc/3437/net/arp" dev="proc" ino=4026532247 scontext=u:r:platform_app:s0:c512,c768 tcontext=u:object_r:proc_net:s0 tclass=file app=com.hht.lebocast
01-04 01:19:27.251 3437 3437 I auditd : type=1400 audit(0.0:189): avc: granted { getattr } for comm=4173796E635461736B20233337 path="/proc/3437/net/arp" dev="proc" ino=4026532247 scontext=u:r:platform_app:s0:c512,c768 tcontext=u:object_r:proc_net:s0 tclass=file app=com.hht.lebocast
01-04 01:19:27.393 1133 1663 I am_uid_idle: 10018
01-04 01:19:34.428 1133 1661 I am_pss : [5277,10094,com.android.music,75123712,68874240,0,207855616,0,2,19]
01-04 01:19:35.769 1133 1663 I am_uid_idle: 10074
01-04 01:19:42.860 1133 1663 I am_uid_idle: 10099
01-04 01:19:50.976 1133 2549 I volume_changed: [3,28,10,39,com.android.systemui]
01-04 01:19:51.708 1133 1829 I commit_sys_config_file: [settings-1-0,12]
01-04 01:19:52.550 1133 5305 I volume_changed: [3,10,16,39,com.android.systemui]
01-04 01:19:53.282 1133 1829 I commit_sys_config_file: [settings-1-0,9]
01-01 08:06:32.350 0 0 I perf : interrupt took too long (4946 > 4937), lowering kernel.perf_event_max_sample_rate to 40250
01-04 01:19:58.696 1133 2396 I GameModeConfig: isGameModeOn = false
01-04 01:19:58.698 1133 2396 I GameModeConfig: isGameModeOn = false
01-04 01:19:58.698 1133 2396 I GameModeConfig: isGameModeOn = false
01-04 01:19:58.699 1133 2396 I GameModeConfig: isGameModeOn = false
01-04 01:19:58.699 1133 2396 I GameModeConfig: isGameModeOn = false
01-04 01:19:58.754 1133 1812 I snet_event_log: [172655291,-1,]
01-04 01:19:58.761 1133 1133 I notification_enqueue: [10094,5277,com.android.music,1,NULL,0,Notification(channel=Channel-music shortcut=null contentView=null vibrate=null sound=null defaults=0x0 flags=0x0 color=0x00000000 category=transport actions=4 vis=PRIVATE),1]
01-04 01:19:58.791 1133 5305 W ActivityManager: Receiver with filter android.content.IntentFilter@4d24157 already registered for pid 5277, callerPackage is com.android.music
01-04 01:19:58.966 1133 1133 I GameModeConfig: isGameModeOn = false
01-04 01:19:59.615 1133 2398 I storage_state: [41217664-9172-527a-b3d5-edabb50a7d69,0,0,116412727296,118610538496]
01-04 01:20:00.013 1133 1649 I DropBoxManagerService: add tag=system_server_strictmode isTagEnabled=true flags=0x2
01-04 01:20:00.017 1133 1649 I DropBoxManagerService: add tag=system_server_strictmode isTagEnabled=true flags=0x2
01-04 01:20:00.020 1133 1649 I DropBoxManagerService: add tag=system_server_strictmode isTagEnabled=true flags=0x2
01-04 01:20:00.022 1133 1649 I DropBoxManagerService: add tag=system_server_strictmode isTagEnabled=true flags=0x2
01-04 01:20:00.107 1133 2396 I GameModeConfig: isGameModeOn = false
01-04 01:20:00.107 1133 2396 I GameModeConfig: isGameModeOn = false
01-04 01:20:00.108 1133 2396 I GameModeConfig: isGameModeOn = false
01-04 01:20:00.108 1133 2396 I GameModeConfig: isGameModeOn = false
01-04 01:20:00.108 1133 2396 I GameModeConfig: isGameModeOn = false
01-04 01:20:00.164 1133 1133 I notification_enqueue: [10094,5277,com.android.music,1,NULL,0,Notification(channel=Channel-music shortcut=null contentView=null vibrate=null sound=null defaults=0x0 flags=0x2 color=0x00000000 category=transport actions=4 vis=PRIVATE),1]
01-04 01:20:00.211 1133 5305 W ActivityManager: Receiver with filter android.content.IntentFilter@e3f4c0e already registered for pid 5277, callerPackage is com.android.music
01-04 01:20:00.368 1133 1133 I GameModeConfig: isGameModeOn = false
01-04 01:20:27.251 3437 3437 I auditd : type=1400 audit(0.0:190): avc: granted { read } for comm=4173796E635461736B20233339 name="arp" dev="proc" ino=4026532247 scontext=u:r:platform_app:s0:c512,c768 tcontext=u:object_r:proc_net:s0 tclass=file app=com.hht.lebocast
01-04 01:20:27.251 3437 3437 I auditd : type=1400 audit(0.0:191): avc: granted { read open } for comm=4173796E635461736B20233339 path="/proc/3437/net/arp" dev="proc" ino=4026532247 scontext=u:r:platform_app:s0:c512,c768 tcontext=u:object_r:proc_net:s0 tclass=file app=com.hht.lebocast
01-04 01:20:27.251 3437 3437 I auditd : type=1400 audit(0.0:192): avc: granted { getattr } for comm=4173796E635461736B20233339 path="/proc/3437/net/arp" dev="proc" ino=4026532247 scontext=u:r:platform_app:s0:c512,c768 tcontext=u:object_r:proc_net:s0 tclass=file app=com.hht.lebocast
01-04 01:20:27.251 3437 3437 I auditd : type=1400 audit(0.0:193): avc: granted { getattr } for comm=4173796E635461736B20233339 path="/proc/3437/net/arp" dev="proc" ino=4026532247 scontext=u:r:platform_app:s0:c512,c768 tcontext=u:object_r:proc_net:s0 tclass=file app=com.hht.lebocast
01-04 01:20:30.113 1133 1661 I am_pss : [2956,1000,com.thundercomm.gamemode,18162688,14897152,0,123355136,0,10,12]
01-04 01:20:31.794 2455 2455 I sysui_multi_action: [757,366,758,4,759,113,927,1,928,1,1592,0,1593,1]
01-04 01:20:31.833 1133 3529 I ActivityTaskManager: START u0 {act=android.settings.BLUETOOTH_SETTINGS flg=0x14000000 cmp=com.android.settings/.Settings$ConnectedDeviceDashboardActivity} from uid 10087
01-04 01:20:31.849 1133 3529 I wm_task_created: [25,-1]
01-04 01:20:31.849 1133 3529 W ActivityTaskManager: Can't find TaskDisplayArea to determine support for multi window. Task id=25 attached=false
01-04 01:20:31.853 1133 3529 I wm_task_moved: [25,1,9]
01-04 01:20:31.853 1133 3529 I wm_task_to_front: [0,25]
01-04 01:20:31.854 1133 3529 I wm_create_task: [0,25]
01-04 01:20:31.854 1133 3529 I wm_create_activity: [0,134140385,25,com.android.settings/.Settings$ConnectedDeviceDashboardActivity,android.settings.BLUETOOTH_SETTINGS,NULL,NULL,335544320]
01-04 01:20:31.854 1133 3529 I wm_task_moved: [25,1,9]
01-04 01:20:31.855 2455 2515 D PhoneStartingWindowTypeAlgorithm: preferredStartingWindowType newTask:true taskSwitch:true processRunning:true allowTaskSnapshot:true activityCreated:false useEmptySplashScreen:true legacySplashScreen:false topIsHome:false
01-04 01:20:31.855 2455 2515 D StartingSurfaceDrawer: addSplashScreen com.android.settings theme=7f140467 task=25 suggestType=3
01-04 01:20:31.855 1133 3529 I wm_pause_activity: [0,265289557,com.android.music/.MusicBrowserActivity,userLeaving=true,pauseBackTasks]
01-04 01:20:31.858 5277 5277 I wm_on_top_resumed_lost_called: [265289557,com.android.music.MusicBrowserActivity,topStateChangedWhenResumed]
01-04 01:20:31.862 2455 2516 D StartingSurfaceDrawer: window attributes color: 0 icon null duration 0 brandImage null
01-04 01:20:31.862 2455 2516 D StartingSurfaceDrawer: fillViewWithIcon surfaceWindowView android.window.SplashScreenView{d94cbf1 V.E...... ......ID 0,0-0,0}
01-04 01:20:31.874 5277 5277 I wm_on_paused_called: [265289557,com.android.music.MusicBrowserActivity,performPause]
01-04 01:20:31.876 1133 5305 I ActivityTaskManager: FOREGROUND_APPLICATION_CHANGED to com.android.settings.Settings$ConnectedDeviceDashboardActivity
01-04 01:20:31.877 1133 5305 I ActivityTaskManager: The Process com.android.settings Already Exists in BG. So sending its PID: 3047
01-04 01:20:31.877 1133 5305 W ActivityTaskManager: Tried to set launchTime (0) < mLastActivityLaunchTime (275301)
01-04 01:20:31.877 1133 5305 I wm_add_to_stopping: [0,265289557,com.android.music/.MusicBrowserActivity,makeInvisible]
01-04 01:20:31.878 1133 5305 I wm_restart_activity: [0,134140385,25,com.android.settings/.Settings$ConnectedDeviceDashboardActivity]
01-04 01:20:31.879 1133 5305 I wm_set_resumed_activity: [0,com.android.settings/.Settings$ConnectedDeviceDashboardActivity,minimalResumeActivityLocked]
01-04 01:20:31.895 1133 1813 I am_uid_active: 10093
01-04 01:20:31.898 1133 1650 I sysui_multi_action: [757,803,799,window_time_0,802,123]
01-04 01:20:31.904 1133 3529 I thunderperf: PlatormCompat.setOverrides: Uid1=1000 Pid1=3047 Uid2=1000 Pid2=3047
01-04 01:20:31.904 1133 3529 I thunderperf: PlatormCompat.setOverrides: needCheck:false
01-04 01:20:31.909 2956 4759 W ContextImpl: Calling a method in the system process without a qualified user: android.app.ContextImpl.startService:1816 android.content.ContextWrapper.startService:774 com.thundercomm.gamemode.ingame.services.GameModeActionUtils.startGameModeService:99 com.thundercomm.gamemode.ingame.services.GameModeActionUtils.startGameModeEntry:22 com.thundercomm.gamemode.ingame.services.ActivityMonitoringService$1.onActivityLaunch:129
01-04 01:20:31.922 1133 1133 I GameModeConfig: Current uri is uri = content://com.thundercomm.gamemode.api/gamemode_settings/gamemode_isgaming
01-04 01:20:31.922 1133 1133 I am_uid_active: 10074
01-04 01:20:31.930 1133 3529 I ActivityTaskManager: START u0 {act=android.settings.BLUETOOTH_SETTINGS flg=0x14000000 cmp=com.android.settings/.homepage.SettingsHomepageActivity (has extras)} from uid 1000
01-04 01:20:31.931 1133 3529 I wm_task_moved: [11,1,9]
01-04 01:20:31.931 1133 3529 I wm_task_to_front: [0,11]
01-04 01:20:31.932 1133 3529 I wm_focused_root_task: [0,0,11,25,bringingFoundTaskToFront]
01-04 01:20:31.932 1133 3529 I wm_set_resumed_activity: [0,com.android.settings/.Settings,bringingFoundTaskToFront]
01-04 01:20:31.933 1133 3529 I wm_new_intent: [0,9665484,11,com.android.settings/.Settings,android.intent.action.MAIN,NULL,NULL,270532608]
01-04 01:20:31.933 1133 1133 I GameModeConfig: isGameModeOn = false
01-04 01:20:31.933 1133 1133 I GameModeConfig: isGameModeOn = false
01-04 01:20:31.933 1133 1133 I GameModeConfig: isDisableVoice = true
01-04 01:20:31.935 1133 3529 I wm_pause_activity: [0,134140385,com.android.settings/.Settings$ConnectedDeviceDashboardActivity,userLeaving=true,pauseBackTasks]
01-04 01:20:31.938 1133 1650 I dvm_lock_sample: [system_server,1,android.display,6,RootWindowContainer.java,3809,void com.android.server.wm.RootWindowContainer$RankTaskLayersRunnable.run(),TaskChangeNotificationController.java,342,void com.android.server.wm.TaskChangeNotificationController.forAllLocalListeners(com.android.server.wm.TaskChangeNotificationController$TaskStackConsumer, android.os.Message),1]
