01-04 01:20:55.095 2455 2455 I sysui_multi_action: [757,1328,758,4,1326,82,1327,4,1329,0]
01-04 01:20:55.115 1133 1583 I sysui_multi_action: [757,127,758,1]
01-04 01:20:55.115 1133 1583 I sysui_multi_action: [757,804,799,note_load,801,3,802,1]
01-04 01:20:55.116 1133 1583 I notification_panel_revealed: 3
01-04 01:20:55.131 1133 1651 I input_focus: [Focus request c9f1bc8 NotificationShade,reason=UpdateInputWindows]
01-04 01:20:55.143 1133 1829 I commit_sys_config_file: [settings-1-0,13]
01-04 01:20:55.146 1133 2502 I sysui_multi_action: [757,128,758,1,793,350204,794,0,795,350204,796,26,798,0,806,android,857,DEVELOPER_IMPORTANT,858,4,947,0,1395,3,1500,350203,1688,1]
01-04 01:20:55.146 1133 2502 I sysui_multi_action: [757,804,799,note_freshness,801,350204,802,1]
01-04 01:20:55.146 1133 2502 I notification_visibility: [-1|android|26|null|1000,1,350204,350204,0,0]
01-04 01:20:55.147 1133 2502 I sysui_multi_action: [757,128,758,1,793,350117,794,0,795,350117,796,55,798,1,806,android,857,DEVELOPER,858,2,947,0,1395,3,1500,350117,1688,1]
01-04 01:20:55.147 1133 2502 I sysui_multi_action: [757,804,799,note_freshness,801,350117,802,1]
01-04 01:20:55.147 1133 2502 I notification_visibility: [-1|android|55|null|1000,1,350117,350117,0,1]
01-04 01:20:55.147 1133 2502 I sysui_multi_action: [757,128,758,1,793,351006,794,0,795,351006,796,32,798,2,806,android,857,USB,858,1,947,0,1395,3,1500,350434,1688,1]
01-04 01:20:55.147 1133 2502 I sysui_multi_action: [757,804,799,note_freshness,801,351006,802,1]
01-04 01:20:55.147 1133 2502 I notification_visibility: [-1|android|32|null|1000,1,351006,351006,0,2]
01-04 01:20:55.150 1133 1890 I input_focus: [Focus leaving e019439 com.android.settings/com.android.settings.Settings (server),reason=Waiting for window because NOT_VISIBLE]
01-04 01:20:55.164 1133 1890 I input_focus: [Focus entering c9f1bc8 NotificationShade (server),reason=Window became focusable. Previous reason: NOT_VISIBLE]
01-04 01:20:55.231 2455 2455 I sysui_multi_action: [757,111,758,1]
01-04 01:20:55.231 2455 2455 I sysui_multi_action: [757,126,758,1,759,126,927,0,928,1,1593,1]
01-04 01:20:55.232 2455 2455 I sysui_multi_action: [757,113,758,1,759,113,927,1,928,1,1593,1]
01-04 01:20:55.232 2455 2455 I sysui_multi_action: [757,0,758,1,759,0,927,2,928,0,1593,1]
01-04 01:20:55.232 2455 2455 I sysui_multi_action: [757,0,758,1,759,0,927,3,928,0,1593,1]
01-04 01:20:55.233 2455 2455 I sysui_multi_action: [757,491,758,1,759,491,927,4,928,0,1311,-1,1593,0]
01-04 01:20:55.233 2455 2455 I sysui_multi_action: [757,0,758,1,759,0,927,5,928,0,1593,0]
01-04 01:20:55.233 2455 2455 I sysui_multi_action: [757,0,758,1,759,0,927,6,1593,0]
01-04 01:20:55.234 2455 2455 I sysui_multi_action: [757,111,758,1]
01-04 01:20:55.235 2455 2455 I sysui_multi_action: [757,126,758,1,759,126,927,0,928,1,1593,1]
01-04 01:20:55.235 2455 2455 I sysui_multi_action: [757,113,758,1,759,113,927,1,928,1,1593,1]
01-04 01:20:55.235 2455 2455 I sysui_multi_action: [757,0,758,1,759,0,927,2,928,0,1593,1]
01-04 01:20:55.236 2455 2455 I sysui_multi_action: [757,0,758,1,759,0,927,3,928,0,1593,1]
01-04 01:20:56.549 1133 1890 I input_interaction: Interaction with: c9f1bc8 NotificationShade (server), edge-swipe (server), swipe-up (server), PointerEventDispatcher0 (server),
01-04 01:20:56.690 1133 2396 I GameModeConfig: isGameModeOn = false
01-04 01:20:56.690 1133 2396 I GameModeConfig: isGameModeOn = false
01-04 01:20:56.690 1133 2396 I GameModeConfig: isGameModeOn = false
01-04 01:20:56.690 1133 2396 I GameModeConfig: isGameModeOn = false
01-04 01:20:56.691 1133 2396 I GameModeConfig: isGameModeOn = false
01-04 01:20:56.780 1133 1133 I notification_enqueue: [10094,5277,com.android.music,1,NULL,0,Notification(channel=Channel-music shortcut=null contentView=null vibrate=null sound=null defaults=0x0 flags=0x2 color=0x00000000 category=transport actions=4 vis=PRIVATE),1]
01-01 08:07:35.916 0 0 I btfm_slim_hw_init: PGD Enum Addr: 00:01:20:02:17: 02
01-01 08:07:35.922 0 0 I btfm_slim_hw_init: IFD Enum Addr: 00:00:20:02:17: 02
01-01 08:07:35.928 0 0 I btfm_slim_hw_init: chipset soc version:400a0200
01-01 08:07:35.934 0 0 I btfm_slim_hw_init: chipset is hastings 2.0, overwriting EA
01-01 08:07:35.941 0 0 I btfm_slim_hw_init: PGD Enum Addr: 00:01:20:02:17: 02
01-01 08:07:35.947 0 0 I btfm_slim_hw_init: IFD Enum Addr: 00:00:20:02:17: 02
01-01 08:07:35.953 0 0 I btfm_slim_alloc_port: chipset soc version:400a0200
01-01 08:07:35.967 0 0 I btfm_slim_enable_ch: chipset soc version:400a0200
01-01 08:07:35.974 0 0 I btfm_slim_enable_ch: channel define - prot:2, dataf:0, auxf:0
01-01 08:07:35.981 0 0 I btfm_slim_enable_ch: channel define - rates:44100, baser:2, ratem:4
01-01 08:07:35.988 0 0 I btfm_slim_enable_ch: slim_connect_sink(port: 16, ch: 157)
01-01 08:07:35.995 0 0 I btfm_slim_enable_ch: port: 16, ch: 157, grp: 0, ch->grph: 0x0, ch_hdl: 0x1d
01-01 08:07:36.004 0 0 I __afe_port_start: port id: 0x400e
01-01 08:07:36.009 0 0 I afe_find_cal_topo_id_by_port: port id: 0x400e, dev_acdb_id: 20
01-01 08:07:36.016 0 0 I afe_find_cal_topo_id_by_port: top_id:112fc acdb_id:20 afe_port_id:0x400e
01-04 01:20:56.983 1133 1133 I GameModeConfig: isGameModeOn = false
01-01 08:07:36.024 0 0 I afe_get_cal_topology_id: port_id = 0x400e acdb_id = 20 topology_id = 0x112fc cal_type_index=8 ret=0
01-01 08:07:36.035 0 0 I afe_send_port_topology_id: AFE set topology id 0x112fc enable for port 0x400e ret 0
01-01 08:07:36.044 0 0 I send_afe_cal_type: cal_index is 0
01-01 08:07:36.048 0 0 I send_afe_cal_type: dev_acdb_id[119] is 20
01-01 08:07:36.053 0 0 I afe_find_cal: cal_index 0 port_id 0x400e port_index 119
01-01 08:07:36.060 0 0 I afe_find_cal: acdb_id 20 dev_acdb_id 20 sample_rate 48000 afe_sample_rates 44100
01-01 08:07:36.068 0 0 I afe_find_cal: no matching cal_block found
01-01 08:07:36.074 0 0 E : send_afe_cal_type cal_block not found!!
01-01 08:07:36.079 0 0 I afe_send_hw_delay: port_id 0x400e rate 44100 delay_usec 0 status 0
01-04 01:20:59.148 1133 2396 I GameModeConfig: isGameModeOn = false
01-04 01:20:59.148 1133 2396 I GameModeConfig: isGameModeOn = false
01-04 01:20:59.149 1133 2396 I GameModeConfig: isGameModeOn = false
01-04 01:20:59.149 1133 2396 I GameModeConfig: isGameModeOn = false
01-04 01:20:59.150 1133 2396 I GameModeConfig: isGameModeOn = false
01-04 01:20:59.151 1133 1133 I notification_enqueue: [10087,2455,com.android.systemui,2048,NULL,0,Notification(channel=updateNotification shortcut=null contentView=null vibrate=null sound=null defaults=0x0 flags=0x0 color=0x00000000 vis=PRIVATE),1]
01-04 01:20:59.151 2455 2455 I sysui_multi_action: [757,111,758,2]
01-04 01:20:59.152 2455 2455 I sysui_multi_action: [757,111,758,2]
01-04 01:20:59.306 1133 1651 I input_focus: [Focus request e019439 com.android.settings/com.android.settings.Settings,reason=UpdateInputWindows]
01-04 01:20:59.313 1133 1583 I sysui_multi_action: [757,128,758,2,793,354371,794,4167,795,354371,796,26,798,0,806,android,857,DEVELOPER_IMPORTANT,858,4,947,0,1395,3,1500,354370,1688,1]
01-04 01:20:59.313 1133 1583 I notification_visibility: [-1|android|26|null|1000,0,354371,354371,0,0]
01-04 01:20:59.314 1133 1583 I sysui_multi_action: [757,128,758,2,793,354283,794,4166,795,354283,796,55,798,1,806,android,857,DEVELOPER,858,2,947,0,1395,3,1500,354283,1688,1]
01-04 01:20:59.314 1133 1583 I notification_visibility: [-1|android|55|null|1000,0,354283,354283,0,1]
01-04 01:20:59.314 1133 1583 I sysui_multi_action: [757,128,758,2,793,355173,794,4167,795,355173,796,32,798,2,806,android,857,USB,858,1,947,0,1395,3,1500,354601,1688,1]
01-04 01:20:59.314 1133 1583 I notification_visibility: [-1|android|32|null|1000,0,355173,355173,0,2]
01-04 01:20:59.315 1133 5889 I sysui_multi_action: [757,127,758,2]
01-04 01:20:59.315 1133 5889 I notification_panel_hidden:
01-04 01:20:59.342 1133 1890 I input_focus: [Focus leaving c9f1bc8 NotificationShade (server),reason=NO_WINDOW]
01-04 01:20:59.342 1133 1890 I input_focus: [Focus entering e019439 com.android.settings/com.android.settings.Settings (server),reason=setFocusedWindow]
01-04 01:20:59.356 1133 1133 I GameModeConfig: isGameModeOn = false
01-04 01:21:00.747 1133 1890 I input_interaction: Interaction with: e019439 com.android.settings/com.android.settings.Settings (server), edge-swipe (server), swipe-up (server), PointerEventDispatcher0 (server),
01-04 01:21:00.884 3047 3047 I sysui_multi_action: [757,830,758,4,833,0,854,saved_bt,1089,0]
01-04 01:21:00.893 1133 2503 I thunderperf: PlatormCompat.setOverrides: Uid1=1000 Pid1=3047 Uid2=1000 Pid2=3047
01-04 01:21:00.893 1133 2503 I thunderperf: PlatormCompat.setOverrides: needCheck:false
01-04 01:21:00.921 1133 2503 I ActivityTaskManager: START u0 {act=android.intent.action.MAIN cmp=com.android.settings/.SubSettings (has extras)} from uid 1000
01-04 01:21:00.927 1133 2503 I wm_task_moved: [11,1,8]
01-04 01:21:00.927 1133 2503 I wm_set_resumed_activity: [0,com.android.settings/.Settings,positionChildAt]
01-04 01:21:00.927 1133 2503 I wm_create_activity: [0,220314776,11,com.android.settings/.SubSettings,android.intent.action.MAIN,NULL,NULL,0]
01-04 01:21:00.929 1133 2503 I wm_pause_activity: [0,9665484,com.android.settings/.Settings,userLeaving=true,resumeTopActivityInnerLocked]
01-04 01:21:00.934 3047 3047 I wm_on_top_resumed_lost_called: [9665484,com.android.settings.Settings,topStateChangedWhenResumed]
01-04 01:21:00.935 3047 3047 I sysui_multi_action: [757,35,758,2,1089,13398]
01-04 01:21:00.936 3047 3047 I sysui_multi_action: [757,747,758,2,1089,13397]
01-04 01:21:00.936 3047 3047 I wm_on_paused_called: [9665484,com.android.settings.Settings,performPause]
01-04 01:21:00.937 1133 5889 I ActivityTaskManager: FOREGROUND_APPLICATION_CHANGED to com.android.settings.SubSettings
01-04 01:21:00.937 1133 5889 I ActivityTaskManager: The Process com.android.settings Already Exists in BG. So sending its PID: 3047
01-04 01:21:00.937 1133 5889 W ActivityTaskManager: Tried to set launchTime (0) < mLastActivityLaunchTime (424230)
01-04 01:21:00.938 1133 5889 I wm_add_to_stopping: [0,9665484,com.android.settings/.Settings,makeInvisible]
01-04 01:21:00.939 1133 5889 I wm_restart_activity: [0,220314776,11,com.android.settings/.SubSettings]
01-04 01:21:00.940 1133 5889 I wm_set_resumed_activity: [0,com.android.settings/.SubSettings,minimalResumeActivityLocked]
01-04 01:21:00.943 1133 1650 I sysui_multi_action: [757,803,799,window_time_0,802,13]
01-04 01:21:00.958 1133 5889 I thunderperf: PlatormCompat.setOverrides: Uid1=1000 Pid1=3047 Uid2=1000 Pid2=3047
01-04 01:21:00.958 1133 5889 I thunderperf: PlatormCompat.setOverrides: needCheck:false
01-04 01:21:00.961 1133 1890 I input_focus: [Focus leaving e019439 com.android.settings/com.android.settings.Settings (server),reason=NO_WINDOW]
01-04 01:21:00.966 1133 5889 I ActivityTaskManager: START u0 {act=android.intent.action.MAIN cmp=com.android.settings/.homepage.SettingsHomepageActivity (has extras)} from uid 1000
01-04 01:21:00.966 1133 5889 I wm_finish_activity: [0,220314776,11,com.android.settings/.SubSettings,clear-task-stack]
01-04 01:21:00.972 1133 5889 I wm_pause_activity: [0,220314776,com.android.settings/.SubSettings,userLeaving=false,finish]
01-04 01:21:00.972 1133 5889 I wm_new_intent: [0,9665484,11,com.android.settings/.Settings,android.intent.action.MAIN,NULL,NULL,270532608]
01-04 01:21:00.972 1133 5889 I wm_task_moved: [11,1,8]
01-04 01:21:00.975 1133 5889 W ActivityTaskManager: Duplicate finish request for r=ActivityRecord{d21bc98 u0 com.android.settings/.SubSettings t11 f}}
01-04 01:21:00.975 3047 3047 I wm_on_create_called: [220314776,com.android.settings.SubSettings,performCreate]
01-04 01:21:00.978 1133 2503 I wm_add_to_stopping: [0,220314776,com.android.settings/.SubSettings,completeFinishing]
01-04 01:21:00.978 1133 2503 I ActivityTaskManager: FOREGROUND_APPLICATION_CHANGED to com.android.settings.homepage.SettingsHomepageActivity
01-04 01:21:00.980 1133 2503 I wm_set_resumed_activity: [0,com.android.settings/.Settings,resumeTopActivityInnerLocked]
01-04 01:21:00.981 1133 2503 I wm_resume_activity: [0,9665484,11,com.android.settings/.Settings]
01-04 01:21:00.985 1133 1651 I input_focus: [Focus request e019439 com.android.settings/com.android.settings.Settings,reason=UpdateInputWindows]
01-04 01:21:00.985 1133 1650 I sysui_multi_action: [757,803,799,window_time_0,802,0]
01-04 01:21:00.986 3047 3047 I wm_on_resume_called: [9665484,com.android.settings.Settings,RESUME_ACTIVITY]
01-04 01:21:00.987 3047 3047 I sysui_multi_action: [757,35,758,1,833,0,1089,0]
01-04 01:21:00.989 3047 3047 I sysui_multi_action: [757,747,758,1,833,0,1089,0]
01-04 01:21:00.992 3047 3047 I wm_on_top_resumed_gained_called: [9665484,com.android.settings.Settings,topWhenResuming]
01-04 01:21:01.011 1133 1890 I input_focus: [Focus entering e019439 com.android.settings/com.android.settings.Settings (server),reason=Window became focusable. Previous reason: NO_WINDOW]
01-04 01:21:01.049 1133 2502 I wm_destroy_activity: [0,220314776,11,com.android.settings/.SubSettings,finish-imm:idle]
01-04 01:21:01.051 3047 3047 I wm_on_destroy_called: [220314776,com.android.settings.SubSettings,performDestroy]
01-04 01:21:01.102 2956 4759 W ContextImpl: Calling a method in the system process without a qualified user: android.app.ContextImpl.startService:1816 android.content.ContextWrapper.startService:774 com.thundercomm.gamemode.ingame.services.GameModeActionUtils.startGameModeService:99 com.thundercomm.gamemode.ingame.services.GameModeActionUtils.startGameModeEntry:22 com.thundercomm.gamemode.ingame.services.ActivityMonitoringService$1.onActivityLaunch:129
01-04 01:21:01.118 1133 1133 I GameModeConfig: Current uri is uri = content://com.thundercomm.gamemode.api/gamemode_settings/gamemode_isgaming
01-04 01:21:01.123 1133 1133 I GameModeConfig: isGameModeOn = false
01-04 01:21:01.124 1133 1133 I GameModeConfig: isGameModeOn = false
01-04 01:21:01.124 1133 1133 I GameModeConfig: isDisableVoice = true
01-04 01:21:01.203 1133 2502 E UserRestrictionsUtils: Unknown restriction queried by uid 1000 (com.android.inputdevices et al): null
01-04 01:21:01.278 3047 3047 I sysui_multi_action: [757,1009,758,1,833,0,1089,90]
01-04 01:21:01.281 3047 3047 I sysui_multi_action: [757,1729,758,4,854,isParalleledControllers:false,1089,93]
01-04 01:21:02.103 1133 1133 I Telecom : BluetoothStateReceiver: Device BE:95:6F:08:63:06 changed state to 1: BSR.oR@AEI
01-04 01:21:03.485 1133 1133 D CompanionDeviceManagerService: onDeviceConnected(address = BE:95:6F:08:63:06)
01-04 01:21:03.485 1133 1133 I CompanionDeviceManagerService: onDeviceNearby(justAppeared, address = BE:95:6F:08:63:06)
01-04 01:21:03.903 1133 1133 I Telecom : BluetoothStateReceiver: Device BE:95:6F:08:63:06 changed state to 2: BSR.oR@AEM
01-04 01:21:03.905 1133 3161 I Telecom : CallAudioRouteStateMachine: Message received: BLUETOOTH_DEVICE_LIST_CHANGED=7, arg1=0: BSR.oR->CARSM.pM_BLUETOOTH_DEVICE_LIST_CHANGED@AEM
01-04 01:21:03.905 1133 3161 I Telecom : QuiescentBluetoothRoute: Processing message BLUETOOTH_DEVICE_LIST_CHANGED: BSR.oR->CARSM.pM_BLUETOOTH_DEVICE_LIST_CHANGED@AEM
01-04 01:21:03.905 1133 3161 I Telecom : Logging.Events: Non-call EVENT: AUDIO_ROUTE, Bluetooth device list changed: BSR.oR->CARSM.pM_BLUETOOTH_DEVICE_LIST_CHANGED@AEM
01-04 01:21:03.906 1133 3159 I Telecom : BluetoothRouteManager: Message received: NEW_DEVICE_CONNECTED.: BSR.oR->BRM.pM_1@AEM
01-04 01:21:03.915 1133 1133 I Telecom : BluetoothStateReceiver: Device BE:95:6F:08:63:06 is now the preferred BT device for HFP: BSR.oR@AEQ
01-04 01:21:04.456 1133 4178 E TaskPersister: File error accessing recents directory (directory doesn't exist?).
01-01 08:07:45.086 0 0 I afe_close: port_id = 0x400e
01-01 08:07:45.097 0 0 I btfm_slim_disable_ch: port:16, grp: 0, ch->grph:0x0, ch->ch_hdl:0x1d
01-01 08:07:45.146 0 0 I afe_find_cal_topo_id_by_port: port id: 0x9000, dev_acdb_id: 0
01-01 08:07:45.153 0 0 I afe_find_cal_topo_id_by_port: top_id:112fc acdb_id:15 afe_port:0x9000
01-01 08:07:45.161 0 0 I afe_get_cal_topology_id: port_id = 0x9000 acdb_id = 15 topology_id = 0x112fc cal_type_index=8 ret=0
01-01 08:07:45.172 0 0 I afe_send_port_topology_id: AFE set topology id 0x112fc enable for port 0x9000 ret 0
01-01 08:07:45.181 0 0 I send_afe_cal_type: cal_index is 0
01-01 08:07:45.185 0 0 I send_afe_cal_type: dev_acdb_id[55] is 0
01-01 08:07:45.190 0 0 I send_afe_cal_type: Sending cal_index cal 0
01-01 08:07:45.196 0 0 E send_afe_cal_type: No cal sent for cal_index 0, port_id = 0x9000! ret -22
01-01 08:07:45.204 0 0 I afe_send_hw_delay: port_id 0x9000 rate 48000 delay_usec 474 status 0
01-01 08:07:45.232 0 0 I afe_close: port_id = 0x9000
01-01 08:07:45.316 0 0 I btfm_slim_hw_init: PGD Enum Addr: 00:01:20:02:17: 02
01-01 08:07:45.322 0 0 I btfm_slim_hw_init: IFD Enum Addr: 00:00:20:02:17: 02
01-01 08:07:45.328 0 0 I btfm_slim_hw_init: chipset soc version:400a0200
01-01 08:07:45.334 0 0 I btfm_slim_hw_init: chipset is hastings 2.0, overwriting EA
01-01 08:07:45.341 0 0 I btfm_slim_hw_init: PGD Enum Addr: 00:01:20:02:17: 02
01-01 08:07:45.347 0 0 I btfm_slim_hw_init: IFD Enum Addr: 00:00:20:02:17: 02
01-01 08:07:45.353 0 0 I btfm_slim_alloc_port: chipset soc version:400a0200
01-01 08:07:45.379 0 0 I btfm_slim_enable_ch: chipset soc version:400a0200
01-01 08:07:45.385 0 0 I btfm_slim_enable_ch: channel define - prot:2, dataf:0, auxf:0
01-01 08:07:45.392 0 0 I btfm_slim_enable_ch: channel define - rates:44100, baser:2, ratem:4
01-01 08:07:45.400 0 0 I btfm_slim_enable_ch: slim_connect_sink(port: 16, ch: 157)
01-01 08:07:45.407 0 0 I btfm_slim_enable_ch: port: 16, ch: 157, grp: 0, ch->grph: 0x0, ch_hdl: 0x1d
01-01 08:07:45.416 0 0 I __afe_port_start: port id: 0x400e
01-01 08:07:45.421 0 0 I afe_find_cal_topo_id_by_port: port id: 0x400e, dev_acdb_id: 20
01-01 08:07:45.428 0 0 I afe_find_cal_topo_id_by_port: top_id:112fc acdb_id:20 afe_port_id:0x400e
01-01 08:07:45.436 0 0 I afe_get_cal_topology_id: port_id = 0x400e acdb_id = 20 topology_id = 0x112fc cal_type_index=8 ret=0
01-01 08:07:45.447 0 0 I afe_send_port_topology_id: AFE set topology id 0x112fc enable for port 0x400e ret 0
01-01 08:07:45.456 0 0 I send_afe_cal_type: cal_index is 0
01-01 08:07:45.461 0 0 I send_afe_cal_type: dev_acdb_id[119] is 20
01-01 08:07:45.466 0 0 I afe_find_cal: cal_index 0 port_id 0x400e port_index 119
01-01 08:07:45.472 0 0 I afe_find_cal: acdb_id 20 dev_acdb_id 20 sample_rate 48000 afe_sample_rates 44100
01-01 08:07:45.481 0 0 I afe_find_cal: no matching cal_block found
01-01 08:07:45.486 0 0 E : send_afe_cal_type cal_block not found!!
01-01 08:07:45.491 0 0 I afe_send_hw_delay: port_id 0x400e rate 44100 delay_usec 0 status 0
01-04 01:21:06.527 1133 2400 I volume_changed: [3,16,19,39,onBluetoothA2dpActiveDeviceChange]
01-04 01:21:06.528 1133 1583 I dvm_lock_sample: [system_server,1,Binder:1133_1,532,AudioService.java,6202,int com.android.server.audio.AudioService.getDevicesForStreamInt(int),-,6203,int com.android.server.audio.AudioService.getDevicesForStreamInt(int),100]
01-04 01:21:06.767 1133 1829 I commit_sys_config_file: [settings-1-0,12]
01-04 01:21:07.269 1133 1829 I commit_sys_config_file: [settings-1-0,14]
01-04 01:21:09.280 3047 3047 I view_enqueue_input_event: [Motion - Cancel,com.android.settings/com.android.settings.Settings]
01-04 01:21:09.281 1133 1890 I input_interaction: Interaction with: edge-swipe (server), swipe-up (server), PointerEventDispatcher0 (server),
01-04 01:21:09.393 1133 2502 I sysui_multi_action: [757,803,799,key_back_press,802,1]
01-04 01:21:09.403 1133 1648 D AutofillManagerService: onBackKeyPressed()
01-04 01:21:09.403 1133 1890 I input_interaction: Interaction with: e019439 com.android.settings/com.android.settings.Settings (server), PointerEventDispatcher0 (server),
01-04 01:21:09.404 1133 2396 I GameModeConfig: isGameModeOn = false
01-04 01:21:09.408 3047 3047 I sysui_multi_action: [757,1009,758,2,1089,8128]
01-04 01:21:09.888 1133 1890 I input_interaction: Interaction with: 2c759d StatusBar (server), edge-swipe (server), swipe-up (server), PointerEventDispatcher0 (server),
01-04 01:21:09.902 2455 2455 I sysui_multi_action: [757,803,799,panel_open,802,1]
01-04 01:21:09.904 2455 2455 I sysui_multi_action: [757,1328,758,4,1326,91,1327,4,1329,0]
01-04 01:21:09.951 1133 2502 I sysui_multi_action: [757,127,758,1]
01-04 01:21:09.951 1133 2502 I sysui_multi_action: [757,804,799,note_load,801,3,802,1]
01-04 01:21:09.951 1133 2502 I notification_panel_revealed: 3
01-04 01:21:09.964 1133 1651 I input_focus: [Focus request c9f1bc8 NotificationShade,reason=UpdateInputWindows]
01-04 01:21:09.976 1133 2502 I sysui_multi_action: [757,128,758,1,793,365034,794,0,795,365034,796,26,798,0,806,android,857,DEVELOPER_IMPORTANT,858,4,947,0,1395,3,1500,365033,1688,1]
01-04 01:21:09.976 1133 2502 I sysui_multi_action: [757,804,799,note_freshness,801,365034,802,1]
01-04 01:21:09.976 1133 2502 I notification_visibility: [-1|android|26|null|1000,1,365034,365034,0,0]
01-04 01:21:09.976 1133 2502 I sysui_multi_action: [757,128,758,1,793,364946,794,0,795,364946,796,55,798,1,806,android,857,DEVELOPER,858,2,947,0,1395,3,1500,364946,1688,1]
01-04 01:21:09.976 1133 2502 I sysui_multi_action: [757,804,799,note_freshness,801,364946,802,1]
01-04 01:21:09.976 1133 2502 I notification_visibility: [-1|android|55|null|1000,1,364946,364946,0,1]
01-04 01:21:09.977 1133 2502 I sysui_multi_action: [757,128,758,1,793,365836,794,0,795,365836,796,32,798,2,806,android,857,USB,858,1,947,0,1395,3,1500,365264,1688,1]
01-04 01:21:09.977 1133 2502 I sysui_multi_action: [757,804,799,note_freshness,801,365836,802,1]
01-04 01:21:09.977 1133 2502 I notification_visibility: [-1|android|32|null|1000,1,365836,365836,0,2]
01-04 01:21:09.986 1133 1890 I input_focus: [Focus leaving e019439 com.android.settings/com.android.settings.Settings (server),reason=setFocusedWindow]
01-04 01:21:09.986 1133 1890 I input_focus: [Focus entering c9f1bc8 NotificationShade (server),reason=setFocusedWindow]
01-04 01:21:10.083 2455 2455 I sysui_multi_action: [757,111,758,1]
01-04 01:21:10.083 2455 2455 I sysui_multi_action: [757,126,758,1,759,126,927,0,928,1,1593,0]
01-04 01:21:10.084 2455 2455 I sysui_multi_action: [757,113,758,1,759,113,927,1,928,1,1593,0]
01-04 01:21:10.084 2455 2455 I sysui_multi_action: [757,0,758,1,759,0,927,2,928,0,1593,0]
01-04 01:21:10.084 2455 2455 I sysui_multi_action: [757,0,758,1,759,0,927,3,928,0,1593,0]
01-04 01:21:10.085 2455 2455 I sysui_multi_action: [757,491,758,1,759,491,927,4,928,0,1311,-1,1593,0]
01-04 01:21:10.085 2455 2455 I sysui_multi_action: [757,0,758,1,759,0,927,5,928,0,1593,0]
01-04 01:21:10.085 2455 2455 I sysui_multi_action: [757,0,758,1,759,0,927,6,1593,0]
01-04 01:21:10.086 2455 2455 I sysui_multi_action: [757,111,758,1]
01-04 01:21:10.087 2455 2455 I sysui_multi_action: [757,126,758,1,759,126,927,0,928,1,1593,0]
01-04 01:21:10.087 2455 2455 I sysui_multi_action: [757,113,758,1,759,113,927,1,928,1,1593,0]
01-04 01:21:10.087 2455 2455 I sysui_multi_action: [757,0,758,1,759,0,927,2,928,0,1593,0]
01-04 01:21:10.087 2455 2455 I sysui_multi_action: [757,0,758,1,759,0,927,3,928,0,1593,0]
01-04 01:21:12.618 1133 1890 I input_interaction: Interaction with: c9f1bc8 NotificationShade (server), edge-swipe (server), swipe-up (server), PointerEventDispatcher0 (server),
01-04 01:21:13.117 1133 2396 I GameModeConfig: isGameModeOn = false
01-04 01:21:13.117 1133 2396 I GameModeConfig: isGameModeOn = false
01-04 01:21:13.118 1133 2396 I GameModeConfig: isGameModeOn = false
01-04 01:21:13.118 1133 2396 I GameModeConfig: isGameModeOn = false
01-04 01:21:13.118 1133 2396 I GameModeConfig: isGameModeOn = false
01-04 01:21:13.120 1133 1133 I notification_enqueue: [10087,2455,com.android.systemui,2048,NULL,0,Notification(channel=updateNotification shortcut=null contentView=null vibrate=null sound=null defaults=0x0 flags=0x0 color=0x00000000 vis=PRIVATE),1]
01-04 01:21:13.120 2455 2455 I sysui_multi_action: [757,111,758,2]
01-04 01:21:13.122 2455 2455 I sysui_multi_action: [757,111,758,2]
01-04 01:21:13.264 1133 1651 I input_focus: [Focus request e019439 com.android.settings/com.android.settings.Settings,reason=UpdateInputWindows]
01-04 01:21:13.270 1133 2502 I sysui_multi_action: [757,128,758,2,793,368328,794,3294,795,368328,796,26,798,0,806,android,857,DEVELOPER_IMPORTANT,858,4,947,0,1395,3,1500,368327,1688,1]
01-04 01:21:13.270 1133 2502 I notification_visibility: [-1|android|26|null|1000,0,368328,368328,0,0]
01-04 01:21:13.271 1133 2502 I sysui_multi_action: [757,128,758,2,793,368241,794,3295,795,368241,796,55,798,1,806,android,857,DEVELOPER,858,2,947,0,1395,3,1500,368241,1688,1]
01-04 01:21:13.274 1133 2502 I notification_visibility: [-1|android|55|null|1000,0,368241,368241,0,1]
01-04 01:21:13.278 1133 2502 I sysui_multi_action: [757,128,758,2,793,369137,794,3301,795,369137,796,32,798,2,806,android,857,USB,858,1,947,0,1395,3,1500,368565,1688,1]
01-04 01:21:13.279 1133 2502 I notification_visibility: [-1|android|32|null|1000,0,369137,369137,0,2]
01-04 01:21:13.280 1133 1813 I sysui_multi_action: [757,127,758,2]
01-04 01:21:13.280 1133 1813 I notification_panel_hidden:
01-04 01:21:13.292 1133 1890 I input_focus: [Focus leaving c9f1bc8 NotificationShade (server),reason=NO_WINDOW]
01-04 01:21:13.292 1133 1890 I input_focus: [Focus entering e019439 com.android.settings/com.android.settings.Settings (server),reason=setFocusedWindow]
01-04 01:21:13.334 1133 1133 I GameModeConfig: isGameModeOn = false
01-04 01:21:13.486 1133 1133 D CompanionDeviceManagerService: TriggerDeviceDisappearedRunnable.run(address = BE:95:6F:08:63:06)
01-04 01:21:13.935 1133 1890 I input_interaction: Interaction with: e019439 com.android.settings/com.android.settings.Settings (server), edge-swipe (server), swipe-up (server), PointerEventDispatcher0 (server),
01-04 01:21:14.033 3047 3047 I sysui_multi_action: [757,830,758,4,833,0,854,available_media_bt,1089,0]
01-01 08:07:53.234 0 0 I afe_close: port_id = 0x400e
01-01 08:07:53.245 0 0 I btfm_slim_disable_ch: port:16, grp: 0, ch->grph:0x0, ch->ch_hdl:0x1d
01-01 08:07:53.296 0 0 I afe_find_cal_topo_id_by_port: port id: 0x9000, dev_acdb_id: 0
01-01 08:07:53.304 0 0 I afe_find_cal_topo_id_by_port: top_id:112fc acdb_id:15 afe_port:0x9000
01-01 08:07:53.312 0 0 I afe_get_cal_topology_id: port_id = 0x9000 acdb_id = 15 topology_id = 0x112fc cal_type_index=8 ret=0
01-01 08:07:53.323 0 0 I afe_send_port_topology_id: AFE set topology id 0x112fc enable for port 0x9000 ret 0
01-01 08:07:53.332 0 0 I send_afe_cal_type: cal_index is 0
01-01 08:07:53.337 0 0 I send_afe_cal_type: dev_acdb_id[55] is 0
01-01 08:07:53.342 0 0 I send_afe_cal_type: Sending cal_index cal 0
01-01 08:07:53.347 0 0 E send_afe_cal_type: No cal sent for cal_index 0, port_id = 0x9000! ret -22
01-01 08:07:53.355 0 0 I afe_send_hw_delay: port_id 0x9000 rate 48000 delay_usec 474 status 0
01-01 08:07:53.384 0 0 I afe_close: port_id = 0x9000
01-01 08:07:53.469 0 0 I btfm_slim_hw_init: PGD Enum Addr: 00:01:20:02:17: 02
01-01 08:07:53.476 0 0 I btfm_slim_hw_init: IFD Enum Addr: 00:00:20:02:17: 02
01-01 08:07:53.482 0 0 I btfm_slim_hw_init: chipset soc version:400a0200
01-01 08:07:53.488 0 0 I btfm_slim_hw_init: chipset is hastings 2.0, overwriting EA
01-01 08:07:53.495 0 0 I btfm_slim_hw_init: PGD Enum Addr: 00:01:20:02:17: 02
01-01 08:07:53.501 0 0 I btfm_slim_hw_init: IFD Enum Addr: 00:00:20:02:17: 02
01-01 08:07:53.508 0 0 I btfm_slim_alloc_port: chipset soc version:400a0200
01-01 08:07:53.534 0 0 I btfm_slim_enable_ch: chipset soc version:400a0200
01-01 08:07:53.540 0 0 I btfm_slim_enable_ch: channel define - prot:2, dataf:0, auxf:0
01-01 08:07:53.547 0 0 I btfm_slim_enable_ch: channel define - rates:44100, baser:2, ratem:4
01-01 08:07:53.554 0 0 I btfm_slim_enable_ch: slim_connect_sink(port: 16, ch: 157)
01-01 08:07:53.562 0 0 I btfm_slim_enable_ch: port: 16, ch: 157, grp: 0, ch->grph: 0x0, ch_hdl: 0x1d
01-01 08:07:53.573 0 0 I __afe_port_start: port id: 0x400e
01-01 08:07:53.577 0 0 I afe_find_cal_topo_id_by_port: port id: 0x400e, dev_acdb_id: 20
01-01 08:07:53.585 0 0 I afe_find_cal_topo_id_by_port: top_id:112fc acdb_id:20 afe_port_id:0x400e
01-01 08:07:53.593 0 0 I afe_get_cal_topology_id: port_id = 0x400e acdb_id = 20 topology_id = 0x112fc cal_type_index=8 ret=0
01-01 08:07:53.605 0 0 I afe_send_port_topology_id: AFE set topology id 0x112fc enable for port 0x400e ret 0
01-01 08:07:53.614 0 0 I send_afe_cal_type: cal_index is 0
01-01 08:07:53.618 0 0 I send_afe_cal_type: dev_acdb_id[119] is 20
01-01 08:07:53.624 0 0 I afe_find_cal: cal_index 0 port_id 0x400e port_index 119
01-01 08:07:53.630 0 0 I afe_find_cal: acdb_id 20 dev_acdb_id 20 sample_rate 48000 afe_sample_rates 44100
01-01 08:07:53.639 0 0 I afe_find_cal: no matching cal_block found
01-01 08:07:53.644 0 0 E : send_afe_cal_type cal_block not found!!
01-01 08:07:53.650 0 0 I afe_send_hw_delay: port_id 0x400e rate 44100 delay_usec 0 status 0
01-04 01:21:14.668 1133 1133 I dvm_lock_sample: [system_server,0,main,549,AudioDeviceBroker.java,213,void com.android.server.audio.AudioDeviceBroker.receiveBtEvent(android.content.Intent),-,1063,int com.android.server.audio.AudioDeviceBroker.getA2dpCodec(android.bluetooth.BluetoothDevice),100]
01-04 01:21:14.671 1133 1133 W Looper : Slow dispatch took 553ms main h=android.app.ActivityThread$H c=android.app.LoadedApk$ReceiverDispatcher$Args$$ExternalSyntheticLambda0@6cf50f7 m=0
01-04 01:21:14.672 1133 3017 I dvm_lock_sample: [system_server,1,Binder:1133_A,525,AudioService.java,4964,int com.android.server.audio.AudioService.getMode(),AudioDeviceBroker.java,216,void com.android.server.audio.AudioDeviceBroker.receiveBtEvent(android.content.Intent),100]
01-04 01:21:14.672 1133 1133 I Telecom : BluetoothStateReceiver: Device 11:F5:F4:BC:88:3E is now the preferred BT device for HFP: BSR.oR@AEU
01-04 01:21:14.672 1133 1133 W Looper : Slow delivery took 551ms main h=android.app.ActivityThread$H c=android.app.LoadedApk$ReceiverDispatcher$Args$$ExternalSyntheticLambda0@fe6e1cd m=0
01-04 01:21:14.697 1133 2848 I dvm_lock_sample: [system_server,1,Binder:1133_9,509,AudioService.java,6202,int com.android.server.audio.AudioService.getDevicesForStreamInt(int),-,6203,int com.android.server.audio.AudioService.getDevicesForStreamInt(int),100]
01-04 01:21:14.703 1133 1133 W Looper : Drained
01-04 01:21:14.715 1133 2400 I volume_changed: [3,19,16,39,onBluetoothA2dpActiveDeviceChange]
01-04 01:21:14.882 1133 1890 I input_interaction: Interaction with: 2c759d StatusBar (server), edge-swipe (server), swipe-up (server), PointerEventDispatcher0 (server),
01-04 01:21:14.899 2455 2455 I sysui_multi_action: [757,803,799,panel_open,802,1]
01-04 01:21:14.902 2455 2455 I sysui_multi_action: [757,1328,758,4,1326,71,1327,4,1329,0]
01-04 01:21:14.935 1133 1583 I sysui_multi_action: [757,127,758,1]
01-04 01:21:14.935 1133 1583 I sysui_multi_action: [757,804,799,note_load,801,3,802,1]
01-04 01:21:14.935 1133 1583 I notification_panel_revealed: 3
01-04 01:21:14.948 1133 1651 I input_focus: [Focus request c9f1bc8 NotificationShade,reason=UpdateInputWindows]
01-04 01:21:14.963 1133 3017 I sysui_multi_action: [757,128,758,1,793,370021,794,0,795,370021,796,26,798,0,806,android,857,DEVELOPER_IMPORTANT,858,4,947,0,1395,3,1500,370020,1688,1]
01-04 01:21:14.963 1133 3017 I sysui_multi_action: [757,804,799,note_freshness,801,370021,802,1]
01-04 01:21:14.963 1133 3017 I notification_visibility: [-1|android|26|null|1000,1,370021,370021,0,0]
01-04 01:21:14.964 1133 3017 I sysui_multi_action: [757,128,758,1,793,369934,794,0,795,369934,796,55,798,1,806,android,857,DEVELOPER,858,2,947,0,1395,3,1500,369934,1688,1]
01-04 01:21:14.964 1133 3017 I sysui_multi_action: [757,804,799,note_freshness,801,369934,802,1]
01-04 01:21:14.964 1133 3017 I notification_visibility: [-1|android|55|null|1000,1,369934,369934,0,1]
01-04 01:21:14.965 1133 3017 I sysui_multi_action: [757,128,758,1,793,370824,794,0,795,370824,796,32,798,2,806,android,857,USB,858,1,947,0,1395,3,1500,370252,1688,1]
01-04 01:21:14.965 1133 3017 I sysui_multi_action: [757,804,799,note_freshness,801,370824,802,1]
01-04 01:21:14.965 1133 3017 I notification_visibility: [-1|android|32|null|1000,1,370824,370824,0,2]
01-04 01:21:14.982 1133 1890 I input_focus: [Focus leaving e019439 com.android.settings/com.android.settings.Settings (server),reason=setFocusedWindow]
01-04 01:21:14.982 1133 1890 I input_focus: [Focus entering c9f1bc8 NotificationShade (server),reason=setFocusedWindow]
01-04 01:21:15.034 2455 2455 I sysui_multi_action: [757,111,758,1]
01-04 01:21:15.035 2455 2455 I sysui_multi_action: [757,126,758,1,759,126,927,0,928,1,1593,0]
01-04 01:21:15.035 2455 2455 I sysui_multi_action: [757,113,758,1,759,113,927,1,928,1,1593,0]
01-04 01:21:15.035 2455 2455 I sysui_multi_action: [757,0,758,1,759,0,927,2,928,0,1593,0]
01-04 01:21:15.035 2455 2455 I sysui_multi_action: [757,0,758,1,759,0,927,3,928,0,1593,0]
01-04 01:21:15.036 2455 2455 I sysui_multi_action: [757,491,758,1,759,491,927,4,928,0,1311,-1,1593,0]
01-04 01:21:15.037 2455 2455 I sysui_multi_action: [757,0,758,1,759,0,927,5,928,0,1593,0]
01-04 01:21:15.037 2455 2455 I sysui_multi_action: [757,0,758,1,759,0,927,6,1593,0]
01-04 01:21:15.037 2455 2455 I sysui_multi_action: [757,111,758,1]
01-04 01:21:15.038 2455 2455 I sysui_multi_action: [757,126,758,1,759,126,927,0,928,1,1593,0]
01-04 01:21:15.038 2455 2455 I sysui_multi_action: [757,113,758,1,759,113,927,1,928,1,1593,0]
01-04 01:21:15.038 2455 2455 I sysui_multi_action: [757,0,758,1,759,0,927,2,928,0,1593,0]
01-04 01:21:15.038 2455 2455 I sysui_multi_action: [757,0,758,1,759,0,927,3,928,0,1593,0]
01-04 01:21:15.411 1133 1829 I commit_sys_config_file: [settings-1-0,11]
01-04 01:21:16.044 1133 1890 I input_interaction: Interaction with: c9f1bc8 NotificationShade (server), edge-swipe (server), swipe-up (server), PointerEventDispatcher0 (server),
01-04 01:21:16.362 1133 1583 I volume_changed: [3,16,25,39,com.android.systemui]
01-04 01:21:17.095 1133 1829 I commit_sys_config_file: [settings-1-0,11]
01-04 01:21:17.837 1133 2503 I volume_changed: [3,25,7,39,com.android.systemui]
01-04 01:21:18.566 1133 1829 I commit_sys_config_file: [settings-1-0,9]
01-04 01:21:19.322 1133 3017 I volume_changed: [3,7,10,39,com.android.systemui]
01-04 01:21:20.052 1133 3017 I volume_changed: [3,10,11,39,com.android.systemui]
01-04 01:21:20.061 1133 1829 I commit_sys_config_file: [settings-1-0,23]
01-04 01:21:20.788 1133 1829 I commit_sys_config_file: [settings-1-0,11]
01-04 01:21:23.385 1133 2396 I GameModeConfig: isGameModeOn = false
01-04 01:21:26.707 1133 1661 I am_pss : [5277,10094,com.android.music,36499456,30162944,0,169127936,0,10,16]
01-04 01:21:26.720 1133 1661 I am_pss : [4258,1000,com.qti.diagservices,5916672,4124672,0,95256576,0,10,10]
01-04 01:21:27.251 3437 3437 I auditd : type=1400 audit(0.0:294): avc: granted { read } for comm=4173796E635461736B20233431 name="arp" dev="proc" ino=4026532247 scontext=u:r:platform_app:s0:c512,c768 tcontext=u:object_r:proc_net:s0 tclass=file app=com.hht.lebocast
01-04 01:21:27.255 3437 3437 I auditd : type=1400 audit(0.0:295): avc: granted { read open } for comm=4173796E635461736B20233431 path="/proc/3437/net/arp" dev="proc" ino=4026532247 scontext=u:r:platform_app:s0:c512,c768 tcontext=u:object_r:proc_net:s0 tclass=file app=com.hht.lebocast
01-04 01:21:27.255 3437 3437 I auditd : type=1400 audit(0.0:296): avc: granted { getattr } for comm=4173796E635461736B20233431 path="/proc/3437/net/arp" dev="proc" ino=4026532247 scontext=u:r:platform_app:s0:c512,c768 tcontext=u:object_r:proc_net:s0 tclass=file app=com.hht.lebocast
01-04 01:21:27.255 3437 3437 I auditd : type=1400 audit(0.0:297): avc: granted { getattr } for comm=4173796E635461736B20233431 path="/proc/3437/net/arp" dev="proc" ino=4026532247 scontext=u:r:platform_app:s0:c512,c768 tcontext=u:object_r:proc_net:s0 tclass=file app=com.hht.lebocast
01-04 01:21:34.164 1133 1661 I am_pss : [3047,1000,com.android.settings,185271296,167469056,0,338849792,0,2,24]
01-04 01:21:47.416 1133 2396 I GameModeConfig: isGameModeOn = false
01-04 01:21:47.417 1133 2396 I GameModeConfig: isGameModeOn = false
01-04 01:21:47.417 1133 2396 I GameModeConfig: isGameModeOn = false
01-04 01:21:47.417 1133 2396 I GameModeConfig: isGameModeOn = false
01-04 01:21:47.418 1133 2396 I GameModeConfig: isGameModeOn = false
01-04 01:21:47.419 2455 2455 I sysui_multi_action: [757,111,758,2]
01-04 01:21:47.420 2455 2455 I sysui_multi_action: [757,111,758,2]
01-04 01:21:47.420 1133 1133 I notification_enqueue: [10087,2455,com.android.systemui,2048,NULL,0,Notification(channel=updateNotification shortcut=null contentView=null vibrate=null sound=null defaults=0x0 flags=0x0 color=0x00000000 vis=PRIVATE),1]
01-04 01:21:47.483 1133 1890 I input_interaction: Interaction with: c9f1bc8 NotificationShade (server), 48a1821 com.android.systemui.ImageWallpaper (server), edge-swipe (server), swipe-up (server), PointerEventDispatcher0 (server),
01-04 01:21:47.498 1133 2503 I wm_task_moved: [1,0,0]
01-04 01:21:47.499 1133 2503 I wm_task_moved: [1,0,7]
01-04 01:21:47.507 2992 2992 I wm_on_restart_called: [80062843,com.android.launcher3.uioverrides.QuickstepLauncher,performRestartActivity]
01-04 01:21:47.508 1133 3017 W FreeFormWindowHelper: getCurrentDisplayedFreeFormTask is null
01-04 01:21:47.534 2992 2992 I wm_on_start_called: [80062843,com.android.launcher3.uioverrides.QuickstepLauncher,handleStartActivity]
01-04 01:21:47.542 1133 1647 D AutofillManagerService: Close system dialogs
01-04 01:21:47.546 2956 4759 W ContextImpl: Calling a method in the system process without a qualified user: android.app.ContextImpl.startService:1816 android.content.ContextWrapper.startService:774 com.thundercomm.gamemode.ingame.services.GameModeActionUtils.startGameModeService:99 com.thundercomm.gamemode.ingame.services.GameModeActionUtils.startGameModeEntry:22 com.thundercomm.gamemode.ingame.services.ActivityMonitoringService$1.onActivityLaunch:129
01-04 01:21:47.551 2455 2455 I view_enqueue_input_event: [Motion - Cancel,NotificationShade]
01-04 01:21:47.552 1133 1890 I input_interaction: Interaction with: edge-swipe (server), swipe-up (server), PointerEventDispatcher0 (server),
01-04 01:21:47.557 1133 1133 I GameModeConfig: Current uri is uri = content://com.thundercomm.gamemode.api/gamemode_settings/gamemode_isgaming
01-04 01:21:47.558 1133 3017 W FreeFormWindowHelper: getCurrentDisplayedFreeFormTask is null
01-04 01:21:47.560 2992 2992 I sysui_latency: [1,76]
01-04 01:21:47.564 1133 1133 I GameModeConfig: isGameModeOn = false
01-04 01:21:47.564 1133 1133 I GameModeConfig: isGameModeOn = false
01-04 01:21:47.564 1133 1133 I GameModeConfig: isDisableVoice = true
01-04 01:21:47.573 1133 2848 W FreeFormWindowHelper: getCurrentDisplayedFreeFormTask is null
01-04 01:21:47.574 1133 1890 I input_focus: [Focus leaving c9f1bc8 NotificationShade (server),reason=NOT_FOCUSABLE]
01-04 01:21:47.574 1133 1651 I input_focus: [Focus request c9f1bc8 NotificationShade,reason=UpdateInputWindows]
01-04 01:21:47.591 1133 1647 I sysui_multi_action: [319,12,322,81,325,484,757,761,758,9,759,5,806,com.android.launcher3,871,com.android.launcher3.uioverrides.QuickstepLauncher,905,0,1320,4,1321,1]
01-04 01:21:47.592 1133 1890 I input_focus: [Focus entering c9f1bc8 NotificationShade (server),reason=Window became focusable. Previous reason: NOT_FOCUSABLE]
01-04 01:21:47.617 2455 2455 I sysui_multi_action: [757,111,758,1]
01-04 01:21:47.617 2455 2455 I sysui_multi_action: [757,126,758,1,759,126,927,0,928,1,1593,1]
01-04 01:21:47.617 2455 2455 I sysui_multi_action: [757,113,758,1,759,113,927,1,928,1,1593,1]
01-04 01:21:47.617 2455 2455 I sysui_multi_action: [757,0,758,1,759,0,927,2,928,0,1593,1]
01-04 01:21:47.618 2455 2455 I sysui_multi_action: [757,0,758,1,759,0,927,3,928,0,1593,1]
01-04 01:21:47.618 2455 2455 I sysui_multi_action: [757,491,758,1,759,491,927,4,928,0,1311,-1,1593,0]
01-04 01:21:47.618 2455 2455 I sysui_multi_action: [757,0,758,1,759,0,927,5,928,0,1593,0]
01-04 01:21:47.618 2455 2455 I sysui_multi_action: [757,0,758,1,759,0,927,6,1593,0]
01-04 01:21:47.618 2455 2455 I sysui_multi_action: [757,111,758,1]
01-04 01:21:47.619 2455 2455 I sysui_multi_action: [757,126,758,1,759,126,927,0,928,1,1593,1]
01-04 01:21:47.619 2455 2455 I sysui_multi_action: [757,113,758,1,759,113,927,1,928,1,1593,1]
01-04 01:21:47.619 2455 2455 I sysui_multi_action: [757,0,758,1,759,0,927,2,928,0,1593,1]
01-04 01:21:47.619 2455 2455 I sysui_multi_action: [757,0,758,1,759,0,927,3,928,0,1593,1]
01-04 01:21:47.623 1133 3529 W FreeFormWindowHelper: getCurrentDisplayedFreeFormTask is null
01-04 01:21:47.623 1133 1133 I GameModeConfig: isGameModeOn = false
01-04 01:21:47.640 1133 1813 W FreeFormWindowHelper: getCurrentDisplayedFreeFormTask is null
01-04 01:21:47.654 1133 2503 W ActivityTaskManager: getTaskSnapshot: taskId=3020 not found
01-04 01:21:47.658 1133 2503 W ActivityTaskManager: getTaskSnapshot: taskId=2020 not found
01-04 01:21:47.660 1133 2503 W ActivityTaskManager: getTaskSnapshot: taskId=1020 not found
01-04 01:21:47.714 1133 1813 W FreeFormWindowHelper: getCurrentDisplayedFreeFormTask is null
01-04 01:21:47.739 1133 1829 I commit_sys_config_file: [settings-1-0,8]
01-04 01:21:47.881 1133 1661 I sysui_latency: [8,91]
01-04 01:21:48.284 1133 1813 W FreeFormWindowHelper: getCurrentDisplayedFreeFormTask is null
01-04 01:21:48.296 1133 3017 I wm_task_moved: [1,1,8]
01-04 01:21:48.297 1133 3017 I wm_task_moved: [10,1,2147483647]
01-04 01:21:48.297 1133 3017 I wm_task_to_front: [0,10]
01-04 01:21:48.297 1133 3017 I wm_focused_root_task: [0,0,1,11,RecentsAnimation.onAnimationFinished()]
01-04 01:21:48.297 1133 3017 I wm_set_resumed_activity: [0,com.android.launcher3/.uioverrides.QuickstepLauncher,RecentsAnimation.onAnimationFinished()]
01-04 01:21:48.297 3047 3047 I wm_on_top_resumed_lost_called: [9665484,com.android.settings.Settings,topStateChangedWhenResumed]
01-04 01:21:48.298 1133 3017 I wm_pause_activity: [0,9665484,com.android.settings/.Settings,userLeaving=true,pauseBackTasks]
01-04 01:21:48.299 1133 3017 I wm_add_to_stopping: [0,9665484,com.android.settings/.Settings,makeInvisible]
01-04 01:21:48.299 1133 3017 I ActivityTaskManager: FOREGROUND_APPLICATION_CHANGED to com.android.launcher3.uioverrides.QuickstepLauncher
01-04 01:21:48.299 1133 3017 I wm_set_resumed_activity: [0,com.android.launcher3/.uioverrides.QuickstepLauncher,resumeTopActivityInnerLocked]
01-04 01:21:48.303 1133 3017 I wm_resume_activity: [0,80062843,10,com.android.launcher3/.uioverrides.QuickstepLauncher]
01-04 01:21:48.310 2992 2992 I wm_on_resume_called: [80062843,com.android.launcher3.uioverrides.QuickstepLauncher,RESUME_ACTIVITY]
01-04 01:21:48.313 1133 1813 I dvm_lock_sample: [system_server,1,Binder:1133_4,16,ActivityClientController.java,187,void com.android.server.wm.ActivityClientController.activityTopResumedStateLost(),RecentsAnimation.java,411,void com.android.server.wm.RecentsAnimation.finishAnimation(int, boolean),3]
01-04 01:21:48.314 2992 2992 I wm_on_top_resumed_gained_called: [80062843,com.android.launcher3.uioverrides.QuickstepLauncher,topStateChangedWhenResumed]
01-04 01:21:48.316 3047 3047 I sysui_multi_action: [757,35,758,2,1089,47329]
01-04 01:21:48.317 3047 3047 I sysui_multi_action: [757,747,758,2,1089,47328]
01-04 01:21:48.317 3047 3047 I wm_on_paused_called: [9665484,com.android.settings.Settings,performPause]
01-04 01:21:48.320 1133 1650 I wm_stop_activity: [0,9665484,com.android.settings/.Settings]
01-04 01:21:48.321 1133 1650 I sysui_multi_action: [757,803,799,window_time_0,802,48]
01-04 01:21:48.321 1133 1650 I sysui_multi_action: [757,803,799,window_time_0,802,0]
01-04 01:21:48.371 1133 1661 I am_pss : [5277,10094,com.android.music,36499456,30162944,0,169127936,0,10,15]
01-04 01:21:48.375 3047 3047 I wm_on_stop_called: [9665484,com.android.settings.Settings,STOP_ACTIVITY_ITEM]
01-04 01:21:48.435 2956 4759 W ContextImpl: Calling a method in the system process without a qualified user: android.app.ContextImpl.startService:1816 android.content.ContextWrapper.startService:774 com.thundercomm.gamemode.ingame.services.GameModeActionUtils.startGameModeService:99 com.thundercomm.gamemode.ingame.services.GameModeActionUtils.startGameModeEntry:22 com.thundercomm.gamemode.ingame.services.ActivityMonitoringService$1.onActivityLaunch:129
01-04 01:21:48.440 1133 1133 I GameModeConfig: Current uri is uri = content://com.thundercomm.gamemode.api/gamemode_settings/gamemode_isgaming
01-04 01:21:48.445 1133 1133 I GameModeConfig: isGameModeOn = false
01-04 01:21:48.446 1133 1133 I GameModeConfig: isGameModeOn = false
01-04 01:21:48.446 1133 1133 I GameModeConfig: isDisableVoice = true
01-04 01:21:48.618 1133 1890 I input_interaction: Interaction with: c9f1bc8 NotificationShade (server), edge-swipe (server), swipe-up (server), PointerEventDispatcher0 (server),
01-04 01:21:49.023 1133 2396 I GameModeConfig: isGameModeOn = false
01-04 01:21:49.024 1133 2396 I GameModeConfig: isGameModeOn = false
01-04 01:21:49.024 1133 2396 I GameModeConfig: isGameModeOn = false
01-04 01:21:49.024 1133 2396 I GameModeConfig: isGameModeOn = false
01-04 01:21:49.024 1133 2396 I GameModeConfig: isGameModeOn = false
01-04 01:21:49.030 1133 1133 I notification_enqueue: [10087,2455,com.android.systemui,2048,NULL,0,Notification(channel=updateNotification shortcut=null contentView=null vibrate=null sound=null defaults=0x0 flags=0x0 color=0x00000000 vis=PRIVATE),1]
01-04 01:21:49.030 2455 2455 I sysui_multi_action: [757,111,758,2]
01-04 01:21:49.030 2455 2455 I sysui_multi_action: [757,111,758,2]
01-04 01:21:49.195 1133 1651 I input_focus: [Focus request dad8335 com.android.launcher3/com.android.launcher3.uioverrides.QuickstepLauncher,reason=UpdateInputWindows]
01-04 01:21:49.202 1133 1813 I sysui_multi_action: [757,128,758,2,793,404260,794,34239,795,404260,796,26,798,0,806,android,857,DEVELOPER_IMPORTANT,858,4,947,0,1395,3,1500,404259,1688,1]
01-04 01:21:49.203 1133 1813 I notification_visibility: [-1|android|26|null|1000,0,404260,404260,0,0]
01-04 01:21:49.204 1133 1813 I sysui_multi_action: [757,128,758,2,793,404174,794,34240,795,404174,796,55,798,1,806,android,857,DEVELOPER,858,2,947,0,1395,3,1500,404174,1688,1]
01-04 01:21:49.204 1133 1813 I notification_visibility: [-1|android|55|null|1000,0,404174,404174,0,1]
01-04 01:21:49.204 1133 1813 I sysui_multi_action: [757,128,758,2,793,405063,794,34239,795,405063,796,32,798,2,806,android,857,USB,858,1,947,0,1395,3,1500,404491,1688,1]
01-04 01:21:49.204 1133 1813 I notification_visibility: [-1|android|32|null|1000,0,405063,405063,0,2]
01-04 01:21:49.205 1133 3017 I sysui_multi_action: [757,127,758,2]
01-04 01:21:49.205 1133 3017 I notification_panel_hidden:
01-04 01:21:49.229 1133 1890 I input_focus: [Focus leaving c9f1bc8 NotificationShade (server),reason=NO_WINDOW]
01-04 01:21:49.229 1133 1890 I input_focus: [Focus entering dad8335 com.android.launcher3/com.android.launcher3.uioverrides.QuickstepLauncher (server),reason=setFocusedWindow]
01-04 01:21:49.248 1133 1133 I GameModeConfig: isGameModeOn = false
01-04 01:21:50.066 1133 1890 I input_interaction: Interaction with: dad8335 com.android.launcher3/com.android.launcher3.uioverrides.QuickstepLauncher (server), 48a1821 com.android.systemui.ImageWallpaper (server), edge-swipe (server), swipe-up (server), PointerEventDispatcher0 (server),
01-04 01:21:50.196 1133 2503 I thunderperf: PlatormCompat.setOverrides: Uid1=10084 Pid1=2992 Uid2=10084 Pid2=2992
01-04 01:21:50.196 1133 2503 I thunderperf: PlatormCompat.setOverrides: needCheck:false
01-04 01:21:50.224 1133 2503 I ActivityTaskManager: START u0 {act=android.intent.action.MAIN cat=[android.intent.category.LAUNCHER] flg=0x10200000 cmp=com.android.settings/.Settings bnds=[2128,710][2314,910]} from uid 10084
01-04 01:21:50.227 1133 2503 I wm_task_moved: [11,1,8]
01-04 01:21:50.227 1133 2503 I wm_task_to_front: [0,11]
01-04 01:21:50.228 1133 2503 I wm_focused_root_task: [0,0,11,1,bringingFoundTaskToFront]
01-04 01:21:50.229 1133 2503 I wm_set_resumed_activity: [0,com.android.settings/.Settings,bringingFoundTaskToFront]
01-04 01:21:50.229 1133 2503 I wm_new_intent: [0,9665484,11,com.android.settings/.Settings,android.intent.action.MAIN,NULL,NULL,270532608]
01-04 01:21:50.233 1133 2503 I wm_pause_activity: [0,80062843,com.android.launcher3/.uioverrides.QuickstepLauncher,userLeaving=true,pauseBackTasks]
01-04 01:21:50.234 2455 2515 D PhoneStartingWindowTypeAlgorithm: preferredStartingWindowType newTask:false taskSwitch:true processRunning:true allowTaskSnapshot:true activityCreated:true useEmptySplashScreen:false legacySplashScreen:false topIsHome:false
01-04 01:21:50.234 2455 2515 D PhoneStartingWindowTypeAlgorithm: isSnapshotCompatible rotation 0 snapshot 0
01-04 01:21:50.241 2992 2992 I wm_on_top_resumed_lost_called: [80062843,com.android.launcher3.uioverrides.QuickstepLauncher,topStateChangedWhenResumed]
01-04 01:21:50.243 2992 2992 I wm_on_paused_called: [80062843,com.android.launcher3.uioverrides.QuickstepLauncher,performPause]
01-04 01:21:50.252 1133 3017 I ActivityTaskManager: FOREGROUND_APPLICATION_CHANGED to com.android.settings.homepage.SettingsHomepageActivity
01-04 01:21:50.255 1133 3017 I wm_set_resumed_activity: [0,com.android.settings/.Settings,resumeTopActivityInnerLocked]
01-04 01:21:50.256 1133 3017 I wm_add_to_stopping: [0,80062843,com.android.launcher3/.uioverrides.QuickstepLauncher,makeInvisible]
01-04 01:21:50.259 1133 3017 I wm_resume_activity: [0,9665484,11,com.android.settings/.Settings]
01-04 01:21:50.273 3047 3047 I wm_on_restart_called: [9665484,com.android.settings.Settings,performRestartActivity]
01-04 01:21:50.280 1133 1890 I input_focus: [Focus leaving dad8335 com.android.launcher3/com.android.launcher3.uioverrides.QuickstepLauncher (server),reason=NO_WINDOW]
01-04 01:21:50.283 3047 3047 E ActivityThread: Failed to find provider info for com.google.android.gms.nearby.fastpair
01-04 01:21:50.283 3047 6059 E ActivityThread: Failed to find provider info for com.google.android.gms.nearby.fastpair
