01-04 01:22:35.457 1133 1890 I input_interaction: Interaction with: db1c671 MediaOutputDialog (server), edge-swipe (server), swipe-up (server), PointerEventDispatcher0 (server),
01-04 01:22:35.798 1133 2400 I volume_changed: [3,13,19,39,onBluetoothA2dpActiveDeviceChange]
01-04 01:22:36.490 1133 1829 I commit_sys_config_file: [settings-1-0,17]
01-04 01:22:36.969 1133 2396 I GameModeConfig: isGameModeOn = false
01-04 01:22:37.058 1133 1890 I input_interaction: Interaction with: 2c759d StatusBar (server), edge-swipe (server), swipe-up (server), PointerEventDispatcher0 (server),
01-04 01:22:37.070 2455 2455 I sysui_multi_action: [757,803,799,panel_open,802,1]
01-04 01:22:37.072 2455 2455 I sysui_multi_action: [757,1328,758,4,1326,81,1327,5,1329,0]
01-04 01:22:37.097 1133 5201 I sysui_multi_action: [757,127,758,1]
01-04 01:22:37.097 1133 5201 I sysui_multi_action: [757,804,799,note_load,801,3,802,1]
01-04 01:22:37.097 1133 5201 I notification_panel_revealed: 3
01-04 01:22:37.108 1133 1651 I input_focus: [Focus request c9f1bc8 NotificationShade,reason=UpdateInputWindows]
01-04 01:22:37.122 1133 5201 I sysui_multi_action: [757,128,758,1,793,452180,794,0,795,452180,796,26,798,0,806,android,857,DEVELOPER_IMPORTANT,858,4,947,0,1395,3,1500,452179,1688,1]
01-04 01:22:37.122 1133 5201 I sysui_multi_action: [757,804,799,note_freshness,801,452180,802,1]
01-04 01:22:37.122 1133 5201 I notification_visibility: [-1|android|26|null|1000,1,452180,452180,0,0]
01-04 01:22:37.122 1133 5201 I sysui_multi_action: [757,128,758,1,793,452092,794,0,795,452092,796,55,798,1,806,android,857,DEVELOPER,858,2,947,0,1395,3,1500,452092,1688,1]
01-04 01:22:37.122 1133 5201 I sysui_multi_action: [757,804,799,note_freshness,801,452092,802,1]
01-04 01:22:37.122 1133 5201 I notification_visibility: [-1|android|55|null|1000,1,452092,452092,0,1]
01-04 01:22:37.122 1133 5201 I sysui_multi_action: [757,128,758,1,793,452981,794,0,795,452981,796,32,798,2,806,android,857,USB,858,1,947,0,1395,3,1500,452409,1688,1]
01-04 01:22:37.122 1133 5201 I sysui_multi_action: [757,804,799,note_freshness,801,452981,802,1]
01-04 01:22:37.123 1133 5201 I notification_visibility: [-1|android|32|null|1000,1,452981,452981,0,2]
01-04 01:22:37.127 1133 1890 I input_focus: [Focus leaving db1c671 MediaOutputDialog (server),reason=setFocusedWindow]
01-04 01:22:37.127 1133 1890 I input_focus: [Focus entering c9f1bc8 NotificationShade (server),reason=setFocusedWindow]
01-04 01:22:37.209 2455 2455 I sysui_multi_action: [757,111,758,1]
01-04 01:22:37.209 2455 2455 I sysui_multi_action: [757,126,758,1,759,126,927,0,928,1,1593,0]
01-04 01:22:37.209 2455 2455 I sysui_multi_action: [757,113,758,1,759,113,927,1,928,1,1593,0]
01-04 01:22:37.210 2455 2455 I sysui_multi_action: [757,0,758,1,759,0,927,2,928,0,1593,0]
01-04 01:22:37.210 2455 2455 I sysui_multi_action: [757,0,758,1,759,0,927,3,928,0,1593,0]
01-04 01:22:37.211 2455 2455 I sysui_multi_action: [757,491,758,1,759,491,927,4,928,0,1311,-1,1593,0]
01-04 01:22:37.211 2455 2455 I sysui_multi_action: [757,0,758,1,759,0,927,5,928,0,1593,0]
01-04 01:22:37.211 2455 2455 I sysui_multi_action: [757,0,758,1,759,0,927,6,1593,0]
01-04 01:22:37.212 2455 2455 I sysui_multi_action: [757,111,758,1]
01-04 01:22:37.212 2455 2455 I sysui_multi_action: [757,126,758,1,759,126,927,0,928,1,1593,0]
01-04 01:22:37.212 2455 2455 I sysui_multi_action: [757,113,758,1,759,113,927,1,928,1,1593,0]
01-04 01:22:37.213 2455 2455 I sysui_multi_action: [757,0,758,1,759,0,927,2,928,0,1593,0]
01-04 01:22:37.213 2455 2455 I sysui_multi_action: [757,0,758,1,759,0,927,3,928,0,1593,0]
01-04 01:22:37.798 1133 1890 I input_interaction: Interaction with: c9f1bc8 NotificationShade (server), edge-swipe (server), swipe-up (server), PointerEventDispatcher0 (server),
01-04 01:22:38.235 1133 2396 I GameModeConfig: isGameModeOn = false
01-04 01:22:38.235 1133 1890 I input_interaction: Interaction with: c9f1bc8 NotificationShade (server), 48a1821 com.android.systemui.ImageWallpaper (server), edge-swipe (server), swipe-up (server), PointerEventDispatcher0 (server),
01-04 01:22:38.235 1133 2396 I GameModeConfig: isGameModeOn = false
01-04 01:22:38.235 1133 2396 I GameModeConfig: isGameModeOn = false
01-04 01:22:38.235 1133 2396 I GameModeConfig: isGameModeOn = false
01-04 01:22:38.235 1133 2396 I GameModeConfig: isGameModeOn = false
01-04 01:22:38.238 1133 1133 I notification_enqueue: [10087,2455,com.android.systemui,2048,NULL,0,Notification(channel=updateNotification shortcut=null contentView=null vibrate=null sound=null defaults=0x0 flags=0x0 color=0x00000000 vis=PRIVATE),1]
01-04 01:22:38.248 2455 2455 I sysui_multi_action: [757,111,758,2]
01-04 01:22:38.249 2455 2455 I sysui_multi_action: [757,111,758,2]
01-04 01:22:38.409 1133 1651 I input_focus: [Focus request e019439 com.android.settings/com.android.settings.Settings,reason=UpdateInputWindows]
01-04 01:22:38.416 1133 3017 I sysui_multi_action: [757,128,758,2,793,453474,794,1294,795,453474,796,26,798,0,806,android,857,DEVELOPER_IMPORTANT,858,4,947,0,1395,3,1500,453473,1688,1]
01-04 01:22:38.416 1133 3017 I notification_visibility: [-1|android|26|null|1000,0,453474,453474,0,0]
01-04 01:22:38.416 1133 3017 I sysui_multi_action: [757,128,758,2,793,453386,794,1294,795,453386,796,55,798,1,806,android,857,DEVELOPER,858,2,947,0,1395,3,1500,453386,1688,1]
01-04 01:22:38.417 1133 3017 I notification_visibility: [-1|android|55|null|1000,0,453386,453386,0,1]
01-04 01:22:38.417 1133 3017 I sysui_multi_action: [757,128,758,2,793,454276,794,1295,795,454276,796,32,798,2,806,android,857,USB,858,1,947,0,1395,3,1500,453704,1688,1]
01-04 01:22:38.417 1133 3017 I notification_visibility: [-1|android|32|null|1000,0,454276,454276,0,2]
01-04 01:22:38.417 1133 5201 I sysui_multi_action: [757,127,758,2]
01-04 01:22:38.417 1133 5201 I notification_panel_hidden:
01-04 01:22:38.430 1133 1890 I input_focus: [Focus leaving c9f1bc8 NotificationShade (server),reason=NO_WINDOW]
01-04 01:22:38.431 1133 1890 I input_focus: [Focus entering e019439 com.android.settings/com.android.settings.Settings (server),reason=setFocusedWindow]
01-04 01:22:38.440 1133 1133 I GameModeConfig: isGameModeOn = false
01-04 01:22:38.674 1133 1890 I input_interaction: Interaction with: e019439 com.android.settings/com.android.settings.Settings (server), edge-swipe (server), swipe-up (server), PointerEventDispatcher0 (server),
01-04 01:22:38.685 1133 5201 I wm_task_moved: [1,0,0]
01-04 01:22:38.686 1133 5201 I wm_task_moved: [1,0,6]
01-04 01:22:38.696 2992 2992 I wm_on_restart_called: [80062843,com.android.launcher3.uioverrides.QuickstepLauncher,performRestartActivity]
01-04 01:22:38.698 1133 6131 W FreeFormWindowHelper: getCurrentDisplayedFreeFormTask is null
01-04 01:22:38.708 1133 1650 I dvm_lock_sample: [system_server,1,android.display,18,RootWindowContainer.java,3809,void com.android.server.wm.RootWindowContainer$RankTaskLayersRunnable.run(),,0,null,3]
01-04 01:22:38.732 2992 2992 I wm_on_start_called: [80062843,com.android.launcher3.uioverrides.QuickstepLauncher,handleStartActivity]
01-04 01:22:38.733 3047 3047 I view_enqueue_input_event: [Motion - Cancel,com.android.settings/com.android.settings.Settings]
01-04 01:22:38.734 2956 4759 W ContextImpl: Calling a method in the system process without a qualified user: android.app.ContextImpl.startService:1816 android.content.ContextWrapper.startService:774 com.thundercomm.gamemode.ingame.services.GameModeActionUtils.startGameModeService:99 com.thundercomm.gamemode.ingame.services.GameModeActionUtils.startGameModeEntry:22 com.thundercomm.gamemode.ingame.services.ActivityMonitoringService$1.onActivityLaunch:129
01-04 01:22:38.735 1133 1647 D AutofillManagerService: Close system dialogs
01-04 01:22:38.735 1133 1651 I input_focus: [Focus request recents_animation_input_consumer,reason=UpdateInputWindows]
01-04 01:22:38.743 1133 1133 I GameModeConfig: Current uri is uri = content://com.thundercomm.gamemode.api/gamemode_settings/gamemode_isgaming
01-04 01:22:38.745 1133 1890 I input_interaction: Interaction with: edge-swipe (server), swipe-up (server), PointerEventDispatcher0 (server),
01-04 01:22:38.747 1133 1890 I input_focus: [Focus leaving e019439 com.android.settings/com.android.settings.Settings (server),reason=NOT_FOCUSABLE]
01-04 01:22:38.747 1133 4602 W FreeFormWindowHelper: getCurrentDisplayedFreeFormTask is null
01-04 01:22:38.747 1133 1890 I input_focus: [Focus entering recents_animation_input_consumer (server),reason=setFocusedWindow]
01-04 01:22:38.748 2992 2992 I sysui_latency: [1,74]
01-04 01:22:38.751 1133 1133 I GameModeConfig: isGameModeOn = false
01-04 01:22:38.752 1133 1133 I GameModeConfig: isGameModeOn = false
01-04 01:22:38.752 1133 1133 I GameModeConfig: isDisableVoice = true
01-04 01:22:38.766 1133 3017 W FreeFormWindowHelper: getCurrentDisplayedFreeFormTask is null
01-04 01:22:38.774 1133 1647 I sysui_multi_action: [319,17,322,78,325,535,757,761,758,9,759,5,806,com.android.launcher3,871,com.android.launcher3.uioverrides.QuickstepLauncher,905,0,1320,4,1321,1]
01-04 01:22:38.797 1133 3017 W FreeFormWindowHelper: getCurrentDisplayedFreeFormTask is null
01-04 01:22:38.814 1133 4602 W FreeFormWindowHelper: getCurrentDisplayedFreeFormTask is null
01-04 01:22:38.847 1133 5305 W FreeFormWindowHelper: getCurrentDisplayedFreeFormTask is null
01-04 01:22:38.866 1133 5201 W ActivityTaskManager: getTaskSnapshot: taskId=3020 not found
01-04 01:22:38.866 1133 5201 W ActivityTaskManager: getTaskSnapshot: taskId=2020 not found
01-04 01:22:38.867 1133 5201 W ActivityTaskManager: getTaskSnapshot: taskId=1020 not found
01-04 01:22:38.931 1133 5305 W FreeFormWindowHelper: getCurrentDisplayedFreeFormTask is null
01-04 01:22:38.946 1133 1829 I commit_sys_config_file: [settings-1-0,12]
01-04 01:22:39.065 1133 1661 I sysui_latency: [8,87]
01-04 01:22:39.459 1133 3017 W FreeFormWindowHelper: getCurrentDisplayedFreeFormTask is null
01-04 01:22:39.477 1133 3017 I wm_task_moved: [1,1,7]
01-04 01:22:39.478 1133 3017 I wm_task_moved: [10,1,2147483647]
01-04 01:22:39.478 1133 3017 I wm_task_to_front: [0,10]
01-04 01:22:39.479 1133 3017 I wm_focused_root_task: [0,0,1,11,RecentsAnimation.onAnimationFinished()]
01-04 01:22:39.479 3047 3047 I wm_on_top_resumed_lost_called: [9665484,com.android.settings.Settings,topStateChangedWhenResumed]
01-04 01:22:39.479 1133 3017 I wm_set_resumed_activity: [0,com.android.launcher3/.uioverrides.QuickstepLauncher,RecentsAnimation.onAnimationFinished()]
01-04 01:22:39.481 1133 3017 I wm_pause_activity: [0,9665484,com.android.settings/.Settings,userLeaving=true,pauseBackTasks]
01-04 01:22:39.482 1133 3017 I wm_add_to_stopping: [0,9665484,com.android.settings/.Settings,makeInvisible]
01-04 01:22:39.482 1133 3017 I ActivityTaskManager: FOREGROUND_APPLICATION_CHANGED to com.android.launcher3.uioverrides.QuickstepLauncher
01-04 01:22:39.482 1133 3017 I wm_set_resumed_activity: [0,com.android.launcher3/.uioverrides.QuickstepLauncher,resumeTopActivityInnerLocked]
01-04 01:22:39.486 1133 3017 I wm_resume_activity: [0,80062843,10,com.android.launcher3/.uioverrides.QuickstepLauncher]
01-04 01:22:39.487 2992 2992 I wm_on_resume_called: [80062843,com.android.launcher3.uioverrides.QuickstepLauncher,RESUME_ACTIVITY]
01-04 01:22:39.492 1133 1651 I input_focus: [Focus request dad8335 com.android.launcher3/com.android.launcher3.uioverrides.QuickstepLauncher,reason=UpdateInputWindows]
01-04 01:22:39.493 2992 2992 I wm_on_top_resumed_gained_called: [80062843,com.android.launcher3.uioverrides.QuickstepLauncher,topStateChangedWhenResumed]
01-04 01:22:39.494 3047 3047 I sysui_multi_action: [757,35,758,2,1089,49009]
01-04 01:22:39.497 3047 3047 I sysui_multi_action: [757,336,758,2,1089,43816]
01-04 01:22:39.498 3047 3047 I wm_on_paused_called: [9665484,com.android.settings.Settings,performPause]
01-04 01:22:39.499 1133 1890 I input_focus: [Focus leaving recents_animation_input_consumer (server),reason=NOT_VISIBLE]
01-04 01:22:39.499 1133 1890 I input_focus: [Focus entering dad8335 com.android.launcher3/com.android.launcher3.uioverrides.QuickstepLauncher (server),reason=setFocusedWindow]
01-04 01:22:39.501 1133 5305 I wm_stop_activity: [0,9665484,com.android.settings/.Settings]
01-04 01:22:39.517 1133 1650 I sysui_multi_action: [757,803,799,window_time_0,802,49]
01-04 01:22:39.526 3047 3047 I wm_on_stop_called: [9665484,com.android.settings.Settings,STOP_ACTIVITY_ITEM]
01-04 01:22:39.527 1133 1650 I sysui_multi_action: [757,803,799,window_time_0,802,0]
01-04 01:22:39.554 2956 4759 W ContextImpl: Calling a method in the system process without a qualified user: android.app.ContextImpl.startService:1816 android.content.ContextWrapper.startService:774 com.thundercomm.gamemode.ingame.services.GameModeActionUtils.startGameModeService:99 com.thundercomm.gamemode.ingame.services.GameModeActionUtils.startGameModeEntry:22 com.thundercomm.gamemode.ingame.services.ActivityMonitoringService$1.onActivityLaunch:129
01-04 01:22:39.562 1133 1133 I GameModeConfig: Current uri is uri = content://com.thundercomm.gamemode.api/gamemode_settings/gamemode_isgaming
01-04 01:22:39.566 1133 1133 I GameModeConfig: isGameModeOn = false
01-04 01:22:39.566 1133 1133 I GameModeConfig: isGameModeOn = false
01-04 01:22:39.567 1133 1133 I GameModeConfig: isDisableVoice = true
01-04 01:22:39.604 2956 4759 W ContextImpl: Calling a method in the system process without a qualified user: android.app.ContextImpl.startService:1816 android.content.ContextWrapper.startService:774 com.thundercomm.gamemode.ingame.services.GameModeActionUtils.startGameModeService:99 com.thundercomm.gamemode.ingame.services.GameModeActionUtils.startGameModeEntry:22 com.thundercomm.gamemode.ingame.services.ActivityMonitoringService$1.onActivityLaunch:129
01-04 01:22:39.610 1133 1133 I GameModeConfig: Current uri is uri = content://com.thundercomm.gamemode.api/gamemode_settings/gamemode_isgaming
01-04 01:22:39.614 1133 1133 I GameModeConfig: isGameModeOn = false
01-04 01:22:39.614 1133 1133 I GameModeConfig: isGameModeOn = false
01-04 01:22:39.614 1133 1133 I GameModeConfig: isDisableVoice = true
01-04 01:22:39.659 1133 1890 I input_interaction: Interaction with: dad8335 com.android.launcher3/com.android.launcher3.uioverrides.QuickstepLauncher (server), 48a1821 com.android.systemui.ImageWallpaper (server), edge-swipe (server), swipe-up (server), PointerEventDispatcher0 (server),
01-04 01:22:39.778 1133 3017 I thunderperf: PlatormCompat.setOverrides: Uid1=10084 Pid1=2992 Uid2=10084 Pid2=2992
01-04 01:22:39.778 1133 3017 I thunderperf: PlatormCompat.setOverrides: needCheck:false
01-04 01:22:39.811 1133 3017 I ActivityTaskManager: START u0 {act=android.intent.action.MAIN cat=[android.intent.category.LAUNCHER] flg=0x10200000 cmp=com.android.music/.MusicBrowserActivity bnds=[2128,310][2314,510]} from uid 10084
01-04 01:22:39.820 1133 3017 I wm_task_created: [27,-1]
01-04 01:22:39.820 1133 3017 W ActivityTaskManager: Can't find TaskDisplayArea to determine support for multi window. Task id=27 attached=false
01-04 01:22:39.825 1133 3017 I wm_task_moved: [27,1,8]
01-04 01:22:39.825 1133 3017 I wm_task_to_front: [0,27]
01-04 01:22:39.826 1133 3017 I wm_create_task: [0,27]
01-04 01:22:39.826 1133 3017 I wm_create_activity: [0,164860644,27,com.android.music/.MusicBrowserActivity,android.intent.action.MAIN,NULL,NULL,270532608]
01-04 01:22:39.826 1133 3017 I wm_task_moved: [27,1,8]
01-04 01:22:39.828 1133 3017 I wm_pause_activity: [0,80062843,com.android.launcher3/.uioverrides.QuickstepLauncher,userLeaving=true,pauseBackTasks]
01-04 01:22:39.828 2455 2515 D PhoneStartingWindowTypeAlgorithm: preferredStartingWindowType newTask:true taskSwitch:true processRunning:true allowTaskSnapshot:true activityCreated:false useEmptySplashScreen:false legacySplashScreen:false topIsHome:false
01-04 01:22:39.828 2455 2515 D StartingSurfaceDrawer: addSplashScreen com.android.music theme=7f110009 task=27 suggestType=1
01-04 01:22:39.830 2455 2516 D StartingSurfaceDrawer: window attributes color: 0 icon null duration 0 brandImage null
01-04 01:22:39.832 2455 2516 D StartingSurfaceDrawer: FgMainColor=ff000000 BgMainColor=0 IsBgComplex=false FromCache=true ThemeColor=fffafafa
01-04 01:22:39.832 2455 2516 D StartingSurfaceDrawer: isRgbSimilarInHsv a: fffafafa b 0 contrast ratio: 20.119467
01-04 01:22:39.833 2455 2516 D StartingSurfaceDrawer: hsvDiff 0 ah 0.0 bh 0.0 as 0.0 bs 0.0 av 0.98039216 bv 0.0 sqH 0.0 sqS 0.0 sqV 0.9611687835295903 root 0.5660296763508637
01-04 01:22:39.833 2455 2516 D StartingSurfaceDrawer: isRgbSimilarInHsv a: fffafafa b ff000000 contrast ratio: 20.119467
01-04 01:22:39.833 2455 2516 D StartingSurfaceDrawer: hsvDiff 0 ah 0.0 bh 0.0 as 0.0 bs 0.0 av 0.98039216 bv 0.0 sqH 0.0 sqS 0.0 sqV 0.9611687835295903 root 0.5660296763508637
01-04 01:22:39.833 2455 2516 D StartingSurfaceDrawer: makeSplashScreenContentView: choose fg icon
01-04 01:22:39.833 2992 2992 I wm_on_top_resumed_lost_called: [80062843,com.android.launcher3.uioverrides.QuickstepLauncher,topStateChangedWhenResumed]
01-04 01:22:39.834 2455 2516 D StartingSurfaceDrawer: fillViewWithIcon surfaceWindowView android.window.SplashScreenView{d0d78f8 V.E...... ......ID 0,0-0,0}
01-04 01:22:39.835 2992 2992 I wm_on_paused_called: [80062843,com.android.launcher3.uioverrides.QuickstepLauncher,performPause]
01-04 01:22:39.836 1133 4602 I ActivityTaskManager: FOREGROUND_APPLICATION_CHANGED to com.android.music.MusicBrowserActivity
01-04 01:22:39.837 1133 4602 I ActivityTaskManager: The Process com.android.music Already Exists in BG. So sending its PID: 5277
01-04 01:22:39.837 1133 4602 W ActivityTaskManager: Tried to set launchTime (0) < mLastActivityLaunchTime (285906)
01-04 01:22:39.837 1133 4602 I wm_add_to_stopping: [0,80062843,com.android.launcher3/.uioverrides.QuickstepLauncher,makeInvisible]
01-04 01:22:39.838 1133 4602 I wm_restart_activity: [0,164860644,27,com.android.music/.MusicBrowserActivity]
01-04 01:22:39.839 1133 4602 I wm_set_resumed_activity: [0,com.android.music/.MusicBrowserActivity,minimalResumeActivityLocked]
01-04 01:22:39.841 1133 1650 I am_uid_active: 10094
01-04 01:22:39.845 1133 1650 I sysui_multi_action: [757,803,799,window_time_0,802,0]
01-04 01:22:39.854 2956 4759 W ContextImpl: Calling a method in the system process without a qualified user: android.app.ContextImpl.startService:1816 android.content.ContextWrapper.startService:774 com.thundercomm.gamemode.ingame.services.GameModeActionUtils.startGameModeService:99 com.thundercomm.gamemode.ingame.services.GameModeActionUtils.startGameModeEntry:22 com.thundercomm.gamemode.ingame.services.ActivityMonitoringService$1.onActivityLaunch:129
01-04 01:22:39.857 1133 1133 I GameModeConfig: Current uri is uri = content://com.thundercomm.gamemode.api/gamemode_settings/gamemode_isgaming
01-04 01:22:39.860 1133 1133 I GameModeConfig: isGameModeOn = false
01-04 01:22:39.860 1133 1133 I GameModeConfig: isGameModeOn = false
01-04 01:22:39.860 1133 1133 I GameModeConfig: isDisableVoice = true
01-04 01:22:39.866 1133 1890 I input_focus: [Focus leaving dad8335 com.android.launcher3/com.android.launcher3.uioverrides.QuickstepLauncher (server),reason=NO_WINDOW]
01-04 01:22:39.869 5277 5277 I wm_on_create_called: [164860644,com.android.music.MusicBrowserActivity,performCreate]
01-04 01:22:39.878 5277 5277 I wm_on_start_called: [164860644,com.android.music.MusicBrowserActivity,handleStartActivity]
01-04 01:22:39.878 5277 5277 I wm_on_resume_called: [164860644,com.android.music.MusicBrowserActivity,RESUME_ACTIVITY]
01-04 01:22:39.885 5277 5277 I wm_on_top_resumed_gained_called: [164860644,com.android.music.MusicBrowserActivity,topStateChangedWhenResumed]
01-04 01:22:39.947 2956 4759 W ContextImpl: Calling a method in the system process without a qualified user: android.app.ContextImpl.startService:1816 android.content.ContextWrapper.startService:774 com.thundercomm.gamemode.ingame.services.GameModeActionUtils.startGameModeService:99 com.thundercomm.gamemode.ingame.services.GameModeActionUtils.startGameModeEntry:22 com.thundercomm.gamemode.ingame.services.ActivityMonitoringService$1.onActivityLaunch:129
01-04 01:22:39.951 1133 1133 I GameModeConfig: Current uri is uri = content://com.thundercomm.gamemode.api/gamemode_settings/gamemode_isgaming
01-04 01:22:39.953 1133 1133 I GameModeConfig: isGameModeOn = false
01-04 01:22:39.953 1133 1133 I GameModeConfig: isGameModeOn = false
01-04 01:22:39.953 1133 1133 I GameModeConfig: isDisableVoice = true
01-04 01:22:39.971 1133 2502 I sysui_multi_action: [757,856,758,1,806,com.android.music,857,Channel-music,858,2]
01-04 01:22:39.972 1133 2396 I GameModeConfig: isGameModeOn = false
01-04 01:22:39.972 1133 2396 I GameModeConfig: isGameModeOn = false
01-04 01:22:39.972 1133 2396 I GameModeConfig: isGameModeOn = false
01-04 01:22:39.972 1133 2396 I GameModeConfig: isGameModeOn = false
01-04 01:22:39.972 1133 2396 I GameModeConfig: isGameModeOn = false
01-04 01:22:39.998 1133 1133 I notification_enqueue: [10094,5277,com.android.music,1,NULL,0,Notification(channel=Channel-music shortcut=null contentView=null vibrate=null sound=null defaults=0x0 flags=0x0 color=0x00000000 category=transport actions=4 vis=PRIVATE),0]
01-04 01:22:40.000 1133 1133 I notification_enqueue: [10094,5277,com.android.music,1,NULL,0,Notification(channel=Channel-music shortcut=null contentView=null vibrate=null sound=null defaults=0x0 flags=0x40 color=0x00000000 category=transport actions=4 vis=PRIVATE),0]
01-04 01:22:40.002 1133 2396 I GameModeConfig: isGameModeOn = false
01-04 01:22:40.002 1133 2396 I GameModeConfig: isGameModeOn = false
01-04 01:22:40.002 1133 2396 I GameModeConfig: isGameModeOn = false
01-04 01:22:40.002 1133 2396 I GameModeConfig: isGameModeOn = false
01-04 01:22:40.003 1133 2396 I GameModeConfig: isGameModeOn = false
01-04 01:22:40.022 1133 1133 I notification_enqueue: [10094,5277,com.android.music,1,NULL,0,Notification(channel=Channel-music shortcut=null contentView=null vibrate=null sound=null defaults=0x0 flags=0x40 color=0x00000000 category=transport actions=4 vis=PRIVATE),0]
01-04 01:22:40.023 1133 1133 I notification_enqueue: [10094,5277,com.android.music,1,NULL,0,Notification(channel=Channel-music shortcut=null contentView=null vibrate=null sound=null defaults=0x0 flags=0x40 color=0x00000000 category=transport actions=4 vis=PRIVATE),0]
01-04 01:22:40.025 1133 2396 I GameModeConfig: isGameModeOn = false
01-04 01:22:40.025 1133 2396 I GameModeConfig: isGameModeOn = false
01-04 01:22:40.025 1133 2396 I GameModeConfig: isGameModeOn = false
01-04 01:22:40.025 1133 2396 I GameModeConfig: isGameModeOn = false
01-04 01:22:40.025 1133 2396 I GameModeConfig: isGameModeOn = false
01-04 01:22:40.048 1133 1133 I notification_enqueue: [10094,5277,com.android.music,1,NULL,0,Notification(channel=Channel-music shortcut=null contentView=null vibrate=null sound=null defaults=0x0 flags=0x40 color=0x00000000 category=transport actions=4 vis=PRIVATE),0]
01-04 01:22:40.050 1133 1133 I notification_enqueue: [10094,5277,com.android.music,1,NULL,0,Notification(channel=Channel-music shortcut=null contentView=null vibrate=null sound=null defaults=0x0 flags=0x40 color=0x00000000 category=transport actions=4 vis=PRIVATE),0]
01-04 01:22:40.054 1133 1651 I input_focus: [Focus request cbf8e29 com.android.music/com.android.music.MusicBrowserActivity,reason=UpdateInputWindows]
01-04 01:22:40.066 2455 2515 D StartingSurfaceDrawer: Task start finish, remove starting surface for task 27
01-04 01:22:40.066 2455 2515 V StartingSurfaceDrawer: Removing splash screen window for task: 27
01-04 01:22:40.067 1133 1647 I sysui_multi_action: [319,53,321,50,322,253,325,536,757,761,758,8,759,1,806,com.android.music,871,com.android.music.MusicBrowserActivity,904,com.android.launcher3,905,0,1320,4,1321,1]
01-04 01:22:40.068 1133 1647 I wm_activity_launch_time: [0,164860644,com.android.music/.MusicBrowserActivity,253]
01-04 01:22:40.087 1133 1890 I input_focus: [Focus entering cbf8e29 com.android.music/com.android.music.MusicBrowserActivity (server),reason=Window became focusable. Previous reason: NOT_VISIBLE]
01-04 01:22:40.116 1133 1649 I DropBoxManagerService: add tag=system_app_strictmode isTagEnabled=true flags=0x2
01-04 01:22:40.130 1133 1649 I DropBoxManagerService: add tag=system_app_strictmode isTagEnabled=true flags=0x2
01-04 01:22:40.134 1133 5305 W ActivityTaskManager: Request to remove task ignored for non-existent task 26
01-04 01:22:40.200 1133 1133 I sysui_multi_action: [757,1501,758,1,793,202,794,0,795,202,796,1,806,com.android.music,857,Channel-music,858,2,947,0,1500,0,1641,transport,1688,1,1745,1043716538]
01-04 01:22:40.200 1133 1133 I sysui_multi_action: [757,804,799,note_interruptive,801,0,802,1]
01-04 01:22:40.200 1133 1133 I GameModeConfig: isGameModeOn = false
01-04 01:22:40.201 1133 1133 W NotificationHistory: Attempted to add notif for locked/gone/disabled user 0
01-04 01:22:40.201 1133 1133 I GameModeConfig: isGameModeOn = false
01-04 01:22:40.223 1133 1133 I GameModeConfig: isGameModeOn = false
01-04 01:22:40.223 1133 1133 I GameModeConfig: isGameModeOn = false
01-04 01:22:40.227 1133 1649 I commit_sys_config_file: [notification-policy,460673]
01-04 01:22:40.249 1133 1133 I GameModeConfig: isGameModeOn = false
01-04 01:22:40.250 1133 1133 I GameModeConfig: isGameModeOn = false
01-04 01:22:40.334 1133 1133 I sysui_multi_action: [757,128,758,5,759,8,793,13605,794,0,795,13605,796,1,797,empty_media,806,com.android.systemui,857,empty_media_style_id,858,4,947,0,1500,13392,1641,transport,1688,1,1745,1043716538]
01-04 01:22:40.334 1133 1133 I notification_canceled: [0|com.android.systemui|1|empty_media|10087,8,13605,13605,0,-1,-1,NULL]
01-04 01:22:40.404 1133 1650 I wm_stop_activity: [0,80062843,com.android.launcher3/.uioverrides.QuickstepLauncher]
01-04 01:22:40.435 2992 2992 I wm_on_stop_called: [80062843,com.android.launcher3.uioverrides.QuickstepLauncher,STOP_ACTIVITY_ITEM]
01-04 01:22:40.447 2956 4759 W ContextImpl: Calling a method in the system process without a qualified user: android.app.ContextImpl.startService:1816 android.content.ContextWrapper.startService:774 com.thundercomm.gamemode.ingame.services.GameModeActionUtils.startGameModeService:99 com.thundercomm.gamemode.ingame.services.GameModeActionUtils.startGameModeEntry:22 com.thundercomm.gamemode.ingame.services.ActivityMonitoringService$1.onActivityLaunch:129
01-04 01:22:40.450 1133 1133 I GameModeConfig: Current uri is uri = content://com.thundercomm.gamemode.api/gamemode_settings/gamemode_isgaming
01-04 01:22:40.451 1133 1133 I GameModeConfig: isGameModeOn = false
01-04 01:22:40.451 1133 1133 I GameModeConfig: isGameModeOn = false
01-04 01:22:40.452 1133 1133 I GameModeConfig: isDisableVoice = true
01-04 01:22:41.036 1133 1890 I input_interaction: Interaction with: cbf8e29 com.android.music/com.android.music.MusicBrowserActivity (server), edge-swipe (server), swipe-up (server), PointerEventDispatcher0 (server),
01-04 01:22:41.211 1133 2396 I GameModeConfig: isGameModeOn = false
01-04 01:22:41.211 1133 2396 I GameModeConfig: isGameModeOn = false
01-04 01:22:41.211 1133 2396 I GameModeConfig: isGameModeOn = false
01-04 01:22:41.212 1133 2396 I GameModeConfig: isGameModeOn = false
01-04 01:22:41.212 1133 2396 I GameModeConfig: isGameModeOn = false
01-04 01:22:41.245 1133 1133 I notification_enqueue: [10094,5277,com.android.music,1,NULL,0,Notification(channel=Channel-music shortcut=null contentView=null vibrate=null sound=null defaults=0x0 flags=0x42 color=0x00000000 category=transport actions=4 vis=PRIVATE),1]
01-04 01:22:41.315 1133 1813 W ActivityManager: Receiver with filter android.content.IntentFilter@e2730eb already registered for pid 5277, callerPackage is com.android.music
01-04 01:22:41.446 1133 1133 I GameModeConfig: isGameModeOn = false
01-01 08:09:20.672 0 0 I btfm_slim_hw_init: PGD Enum Addr: 00:01:20:02:17: 02
01-01 08:09:20.679 0 0 I btfm_slim_hw_init: IFD Enum Addr: 00:00:20:02:17: 02
01-01 08:09:20.685 0 0 I btfm_slim_hw_init: chipset soc version:400a0200
01-01 08:09:20.691 0 0 I btfm_slim_hw_init: chipset is hastings 2.0, overwriting EA
01-01 08:09:20.697 0 0 I btfm_slim_hw_init: PGD Enum Addr: 00:01:20:02:17: 02
01-04 01:22:41.677 1133 2396 I GameModeConfig: isGameModeOn = false
01-01 08:09:20.704 0 0 I btfm_slim_hw_init: IFD Enum Addr: 00:00:20:02:17: 02
01-01 08:09:20.710 0 0 I btfm_slim_alloc_port: chipset soc version:400a0200
01-01 08:09:20.723 0 0 I btfm_slim_enable_ch: chipset soc version:400a0200
01-01 08:09:20.729 0 0 I btfm_slim_enable_ch: channel define - prot:2, dataf:0, auxf:0
01-01 08:09:20.736 0 0 I btfm_slim_enable_ch: channel define - rates:44100, baser:2, ratem:4
01-01 08:09:20.744 0 0 I btfm_slim_enable_ch: slim_connect_sink(port: 16, ch: 157)
01-01 08:09:20.751 0 0 I btfm_slim_enable_ch: port: 16, ch: 157, grp: 0, ch->grph: 0x0, ch_hdl: 0x1d
01-01 08:09:20.760 0 0 I __afe_port_start: port id: 0x400e
01-01 08:09:20.764 0 0 I afe_find_cal_topo_id_by_port: port id: 0x400e, dev_acdb_id: 20
01-01 08:09:20.772 0 0 I afe_find_cal_topo_id_by_port: top_id:112fc acdb_id:20 afe_port_id:0x400e
01-01 08:09:20.780 0 0 I afe_get_cal_topology_id: port_id = 0x400e acdb_id = 20 topology_id = 0x112fc cal_type_index=8 ret=0
01-01 08:09:20.790 0 0 I afe_send_port_topology_id: AFE set topology id 0x112fc enable for port 0x400e ret 0
01-01 08:09:20.800 0 0 I send_afe_cal_type: cal_index is 0
01-01 08:09:20.804 0 0 I send_afe_cal_type: dev_acdb_id[119] is 20
01-01 08:09:20.809 0 0 I afe_find_cal: cal_index 0 port_id 0x400e port_index 119
01-01 08:09:20.816 0 0 I afe_find_cal: acdb_id 20 dev_acdb_id 20 sample_rate 48000 afe_sample_rates 44100
01-01 08:09:20.825 0 0 I afe_find_cal: no matching cal_block found
01-01 08:09:20.830 0 0 E : send_afe_cal_type cal_block not found!!
01-01 08:09:20.835 0 0 I afe_send_hw_delay: port_id 0x400e rate 44100 delay_usec 0 status 0
01-04 01:22:43.355 1133 4178 E TaskPersister: File error accessing recents directory (directory doesn't exist?).
01-04 01:22:43.877 1133 5305 W FreeFormWindowHelper: getCurrentDisplayedFreeFormTask is null
01-04 01:22:43.883 1133 5305 I wm_task_moved: [1,0,0]
01-04 01:22:43.884 1133 5305 I wm_task_moved: [1,0,7]
01-04 01:22:43.896 5277 5277 I view_enqueue_input_event: [Motion - Cancel,com.android.music/com.android.music.MusicBrowserActivity]
01-04 01:22:43.904 1133 1890 I input_interaction: Interaction with: edge-swipe (server), swipe-up (server), PointerEventDispatcher0 (server),
01-04 01:22:43.908 2992 2992 I wm_on_restart_called: [80062843,com.android.launcher3.uioverrides.QuickstepLauncher,performRestartActivity]
01-04 01:22:43.909 1133 4602 W FreeFormWindowHelper: getCurrentDisplayedFreeFormTask is null
01-04 01:22:43.912 1133 1647 D AutofillManagerService: Close system dialogs
01-04 01:22:43.926 2956 4759 W ContextImpl: Calling a method in the system process without a qualified user: android.app.ContextImpl.startService:1816 android.content.ContextWrapper.startService:774 com.thundercomm.gamemode.ingame.services.GameModeActionUtils.startGameModeService:99 com.thundercomm.gamemode.ingame.services.GameModeActionUtils.startGameModeEntry:22 com.thundercomm.gamemode.ingame.services.ActivityMonitoringService$1.onActivityLaunch:129
01-04 01:22:43.933 1133 1133 I GameModeConfig: Current uri is uri = content://com.thundercomm.gamemode.api/gamemode_settings/gamemode_isgaming
01-04 01:22:43.933 2992 2992 I wm_on_start_called: [80062843,com.android.launcher3.uioverrides.QuickstepLauncher,handleStartActivity]
01-04 01:22:43.935 1133 1651 I input_focus: [Focus request recents_animation_input_consumer,reason=UpdateInputWindows]
01-04 01:22:43.937 1133 1133 I GameModeConfig: isGameModeOn = false
01-04 01:22:43.937 1133 1133 I GameModeConfig: isGameModeOn = false
01-04 01:22:43.937 1133 1133 I GameModeConfig: isDisableVoice = true
01-04 01:22:43.939 1133 4602 W ActivityTaskManager: getTaskSnapshot: taskId=3020 not found
01-04 01:22:43.939 1133 5305 W ActivityTaskManager: getTaskSnapshot: taskId=2020 not found
01-04 01:22:43.939 1133 5305 W ActivityTaskManager: getTaskSnapshot: taskId=1020 not found
01-04 01:22:43.942 1133 5305 W FreeFormWindowHelper: getCurrentDisplayedFreeFormTask is null
01-04 01:22:43.942 1133 1890 I input_focus: [Focus leaving cbf8e29 com.android.music/com.android.music.MusicBrowserActivity (server),reason=NOT_FOCUSABLE]
01-04 01:22:43.942 1133 1890 I input_focus: [Focus entering recents_animation_input_consumer (server),reason=setFocusedWindow]
01-04 01:22:43.944 2992 2992 I sysui_latency: [1,92]
01-04 01:22:43.953 1133 5201 W FreeFormWindowHelper: getCurrentDisplayedFreeFormTask is null
01-04 01:22:43.959 1133 5305 W FreeFormWindowHelper: getCurrentDisplayedFreeFormTask is null
01-04 01:22:43.963 1133 1647 I sysui_multi_action: [319,17,322,71,325,540,757,761,758,9,759,5,806,com.android.launcher3,871,com.android.launcher3.uioverrides.QuickstepLauncher,905,0,1320,4,1321,1]
01-04 01:22:43.975 1133 5201 W FreeFormWindowHelper: getCurrentDisplayedFreeFormTask is null
01-04 01:22:43.988 1133 6131 W ActivityTaskManager: getTaskSnapshot: taskId=1020 not found
01-04 01:22:43.989 1133 6131 W ActivityTaskManager: getTaskSnapshot: taskId=2020 not found
01-04 01:22:43.989 1133 6131 W ActivityTaskManager: getTaskSnapshot: taskId=3020 not found
01-04 01:22:44.046 1133 6131 W FreeFormWindowHelper: getCurrentDisplayedFreeFormTask is null
01-04 01:22:44.139 1133 1829 I commit_sys_config_file: [settings-1-0,9]
01-04 01:22:44.256 1133 1661 I sysui_latency: [8,97]
01-01 08:09:23.621 0 0 I perf : interrupt took too long (6215 > 6182), lowering kernel.perf_event_max_sample_rate to 32000
01-04 01:22:44.663 1133 3699 W FreeFormWindowHelper: getCurrentDisplayedFreeFormTask is null
01-04 01:22:44.667 1133 3699 I wm_task_moved: [1,1,8]
01-04 01:22:44.667 1133 3699 I wm_task_moved: [10,1,2147483647]
01-04 01:22:44.667 1133 3699 I wm_task_to_front: [0,10]
01-04 01:22:44.667 1133 3699 I wm_focused_root_task: [0,0,1,27,RecentsAnimation.onAnimationFinished()]
01-04 01:22:44.668 1133 3699 I wm_set_resumed_activity: [0,com.android.launcher3/.uioverrides.QuickstepLauncher,RecentsAnimation.onAnimationFinished()]
01-04 01:22:44.669 1133 3699 I wm_pause_activity: [0,164860644,com.android.music/.MusicBrowserActivity,userLeaving=true,pauseBackTasks]
01-04 01:22:44.670 1133 3699 I wm_add_to_stopping: [0,164860644,com.android.music/.MusicBrowserActivity,makeInvisible]
01-04 01:22:44.670 1133 3699 I ActivityTaskManager: FOREGROUND_APPLICATION_CHANGED to com.android.launcher3.uioverrides.QuickstepLauncher
01-04 01:22:44.670 1133 3699 I wm_set_resumed_activity: [0,com.android.launcher3/.uioverrides.QuickstepLauncher,resumeTopActivityInnerLocked]
01-04 01:22:44.677 1133 3699 I wm_resume_activity: [0,80062843,10,com.android.launcher3/.uioverrides.QuickstepLauncher]
01-04 01:22:44.678 2992 2992 I wm_on_resume_called: [80062843,com.android.launcher3.uioverrides.QuickstepLauncher,RESUME_ACTIVITY]
01-04 01:22:44.687 1133 1651 I input_focus: [Focus request dad8335 com.android.launcher3/com.android.launcher3.uioverrides.QuickstepLauncher,reason=UpdateInputWindows]
01-04 01:22:44.688 5277 5277 I wm_on_top_resumed_lost_called: [164860644,com.android.music.MusicBrowserActivity,topStateChangedWhenResumed]
01-04 01:22:44.691 2992 2992 I wm_on_top_resumed_gained_called: [80062843,com.android.launcher3.uioverrides.QuickstepLauncher,topStateChangedWhenResumed]
01-04 01:22:44.691 1133 1650 I wm_stop_activity: [0,164860644,com.android.music/.MusicBrowserActivity]
01-04 01:22:44.693 1133 1650 I sysui_multi_action: [757,803,799,window_time_0,802,5]
01-04 01:22:44.695 1133 1890 I input_focus: [Focus leaving recents_animation_input_consumer (server),reason=NOT_VISIBLE]
01-04 01:22:44.695 1133 1890 I input_focus: [Focus entering dad8335 com.android.launcher3/com.android.launcher3.uioverrides.QuickstepLauncher (server),reason=setFocusedWindow]
01-04 01:22:44.697 5277 5277 I wm_on_paused_called: [164860644,com.android.music.MusicBrowserActivity,performPause]
01-04 01:22:44.701 1133 1650 I sysui_multi_action: [757,803,799,window_time_0,802,0]
01-04 01:22:44.729 5277 5277 I wm_on_stop_called: [164860644,com.android.music.MusicBrowserActivity,STOP_ACTIVITY_ITEM]
01-04 01:22:44.756 2956 4759 W ContextImpl: Calling a method in the system process without a qualified user: android.app.ContextImpl.startService:1816 android.content.ContextWrapper.startService:774 com.thundercomm.gamemode.ingame.services.GameModeActionUtils.startGameModeService:99 com.thundercomm.gamemode.ingame.services.GameModeActionUtils.startGameModeEntry:22 com.thundercomm.gamemode.ingame.services.ActivityMonitoringService$1.onActivityLaunch:129
01-04 01:22:44.762 1133 1133 I GameModeConfig: Current uri is uri = content://com.thundercomm.gamemode.api/gamemode_settings/gamemode_isgaming
01-04 01:22:44.767 1133 1133 I GameModeConfig: isGameModeOn = false
01-04 01:22:44.767 1133 1133 I GameModeConfig: isGameModeOn = false
01-04 01:22:44.767 1133 1133 I GameModeConfig: isDisableVoice = true
01-04 01:22:44.805 2956 4759 W ContextImpl: Calling a method in the system process without a qualified user: android.app.ContextImpl.startService:1816 android.content.ContextWrapper.startService:774 com.thundercomm.gamemode.ingame.services.GameModeActionUtils.startGameModeService:99 com.thundercomm.gamemode.ingame.services.GameModeActionUtils.startGameModeEntry:22 com.thundercomm.gamemode.ingame.services.ActivityMonitoringService$1.onActivityLaunch:129
01-04 01:22:44.812 1133 1133 I GameModeConfig: Current uri is uri = content://com.thundercomm.gamemode.api/gamemode_settings/gamemode_isgaming
01-04 01:22:44.817 1133 1133 I GameModeConfig: isGameModeOn = false
01-04 01:22:44.818 1133 1133 I GameModeConfig: isGameModeOn = false
01-04 01:22:44.818 1133 1133 I GameModeConfig: isDisableVoice = true
01-04 01:22:45.009 1133 1890 I input_interaction: Interaction with: dad8335 com.android.launcher3/com.android.launcher3.uioverrides.QuickstepLauncher (server), 48a1821 com.android.systemui.ImageWallpaper (server), edge-swipe (server), swipe-up (server), PointerEventDispatcher0 (server),
01-04 01:22:45.145 1133 3699 I thunderperf: PlatormCompat.setOverrides: Uid1=10084 Pid1=2992 Uid2=10084 Pid2=2992
01-04 01:22:45.145 1133 3699 I thunderperf: PlatormCompat.setOverrides: needCheck:false
01-04 01:22:45.174 1133 3699 I ActivityTaskManager: START u0 {act=android.intent.action.MAIN cat=[android.intent.category.LAUNCHER] flg=0x10200000 cmp=com.android.settings/.Settings bnds=[2128,710][2314,910]} from uid 10084
01-04 01:22:45.177 1133 3699 I wm_task_moved: [11,1,8]
01-04 01:22:45.177 1133 3699 I wm_task_to_front: [0,11]
01-04 01:22:45.178 1133 3699 I wm_focused_root_task: [0,0,11,1,bringingFoundTaskToFront]
01-04 01:22:45.178 1133 3699 I wm_set_resumed_activity: [0,com.android.settings/.Settings,bringingFoundTaskToFront]
01-04 01:22:45.179 1133 3699 I wm_new_intent: [0,9665484,11,com.android.settings/.Settings,android.intent.action.MAIN,NULL,NULL,270532608]
01-04 01:22:45.182 1133 3699 I wm_pause_activity: [0,80062843,com.android.launcher3/.uioverrides.QuickstepLauncher,userLeaving=true,pauseBackTasks]
01-04 01:22:45.183 2455 2515 D PhoneStartingWindowTypeAlgorithm: preferredStartingWindowType newTask:false taskSwitch:true processRunning:true allowTaskSnapshot:true activityCreated:true useEmptySplashScreen:false legacySplashScreen:false topIsHome:false
01-04 01:22:45.184 2455 2515 D PhoneStartingWindowTypeAlgorithm: isSnapshotCompatible rotation 0 snapshot 0
01-04 01:22:45.188 2992 2992 I wm_on_top_resumed_lost_called: [80062843,com.android.launcher3.uioverrides.QuickstepLauncher,topStateChangedWhenResumed]
01-04 01:22:45.191 2992 2992 I wm_on_paused_called: [80062843,com.android.launcher3.uioverrides.QuickstepLauncher,performPause]
01-04 01:22:45.193 1133 5305 I ActivityTaskManager: FOREGROUND_APPLICATION_CHANGED to com.android.settings.homepage.SettingsHomepageActivity
01-04 01:22:45.196 1133 5305 I wm_set_resumed_activity: [0,com.android.settings/.Settings,resumeTopActivityInnerLocked]
01-04 01:22:45.197 1133 5305 I wm_add_to_stopping: [0,80062843,com.android.launcher3/.uioverrides.QuickstepLauncher,makeInvisible]
01-04 01:22:45.200 1133 5305 I wm_resume_activity: [0,9665484,11,com.android.settings/.Settings]
01-04 01:22:45.219 1133 1650 I sysui_multi_action: [757,803,799,window_time_0,802,0]
01-04 01:22:45.219 3047 3047 I wm_on_restart_called: [9665484,com.android.settings.Settings,performRestartActivity]
01-04 01:22:45.227 3047 3047 I wm_on_start_called: [9665484,com.android.settings.Settings,handleStartActivity]
01-04 01:22:45.228 3047 3047 I snet_event_log: [120484087,-1,]
01-04 01:22:45.229 3047 3047 I wm_on_resume_called: [9665484,com.android.settings.Settings,RESUME_ACTIVITY]
01-04 01:22:45.230 1133 1890 I input_focus: [Focus leaving dad8335 com.android.launcher3/com.android.launcher3.uioverrides.QuickstepLauncher (server),reason=NO_WINDOW]
01-04 01:22:45.232 3047 3047 I sysui_multi_action: [757,35,758,1,833,0,1089,0]
01-04 01:22:45.235 3047 3047 I sysui_multi_action: [757,336,758,1,833,0,1089,0]
01-04 01:22:45.244 2956 4759 W ContextImpl: Calling a method in the system process without a qualified user: android.app.ContextImpl.startService:1816 android.content.ContextWrapper.startService:774 com.thundercomm.gamemode.ingame.services.GameModeActionUtils.startGameModeService:99 com.thundercomm.gamemode.ingame.services.GameModeActionUtils.startGameModeEntry:22 com.thundercomm.gamemode.ingame.services.ActivityMonitoringService$1.onActivityLaunch:129
01-04 01:22:45.254 1133 1133 I GameModeConfig: Current uri is uri = content://com.thundercomm.gamemode.api/gamemode_settings/gamemode_isgaming
01-04 01:22:45.255 3047 3047 I wm_on_top_resumed_gained_called: [9665484,com.android.settings.Settings,topWhenResuming]
01-04 01:22:45.258 1133 1133 I GameModeConfig: isGameModeOn = false
01-04 01:22:45.258 1133 1133 I GameModeConfig: isGameModeOn = false
01-04 01:22:45.258 1133 1133 I GameModeConfig: isDisableVoice = true
01-04 01:22:45.263 1133 1651 I input_focus: [Focus request e019439 com.android.settings/com.android.settings.Settings,reason=UpdateInputWindows]
01-04 01:22:45.288 1133 1647 I sysui_multi_action: [319,50,321,46,322,106,325,541,757,761,758,9,759,4,806,com.android.settings,871,com.android.settings.Settings,904,com.android.launcher3,905,0,1320,4,1321,1]
01-04 01:22:45.291 2455 2515 D StartingSurfaceDrawer: Task start finish, remove starting surface for task 11
01-04 01:22:45.296 1133 1890 I input_focus: [Focus entering e019439 com.android.settings/com.android.settings.Settings (server),reason=setFocusedWindow]
01-04 01:22:45.318 2956 4759 W ContextImpl: Calling a method in the system process without a qualified user: android.app.ContextImpl.startService:1816 android.content.ContextWrapper.startService:774 com.thundercomm.gamemode.ingame.services.GameModeActionUtils.startGameModeService:99 com.thundercomm.gamemode.ingame.services.GameModeActionUtils.startGameModeEntry:22 com.thundercomm.gamemode.ingame.services.ActivityMonitoringService$1.onActivityLaunch:129
01-04 01:22:45.325 1133 1133 I GameModeConfig: Current uri is uri = content://com.thundercomm.gamemode.api/gamemode_settings/gamemode_isgaming
01-04 01:22:45.333 1133 1133 I GameModeConfig: isGameModeOn = false
01-04 01:22:45.333 1133 1133 I GameModeConfig: isGameModeOn = false
01-04 01:22:45.333 1133 1133 I GameModeConfig: isDisableVoice = true
01-04 01:22:45.803 1133 1650 I wm_stop_activity: [0,80062843,com.android.launcher3/.uioverrides.QuickstepLauncher]
01-04 01:22:45.862 2992 2992 I wm_on_stop_called: [80062843,com.android.launcher3.uioverrides.QuickstepLauncher,STOP_ACTIVITY_ITEM]
01-04 01:22:45.901 2956 4759 W ContextImpl: Calling a method in the system process without a qualified user: android.app.ContextImpl.startService:1816 android.content.ContextWrapper.startService:774 com.thundercomm.gamemode.ingame.services.GameModeActionUtils.startGameModeService:99 com.thundercomm.gamemode.ingame.services.GameModeActionUtils.startGameModeEntry:22 com.thundercomm.gamemode.ingame.services.ActivityMonitoringService$1.onActivityLaunch:129
01-04 01:22:45.908 1133 1133 I GameModeConfig: Current uri is uri = content://com.thundercomm.gamemode.api/gamemode_settings/gamemode_isgaming
01-04 01:22:45.911 1133 1133 I GameModeConfig: isGameModeOn = false
01-04 01:22:45.912 1133 1133 I GameModeConfig: isGameModeOn = false
01-04 01:22:45.912 1133 1133 I GameModeConfig: isDisableVoice = true
01-04 01:22:46.616 1133 1890 I input_interaction: Interaction with: e019439 com.android.settings/com.android.settings.Settings (server), edge-swipe (server), swipe-up (server), PointerEventDispatcher0 (server),
01-04 01:22:46.742 3047 3047 W ContextImpl: Calling a method in the system process without a qualified user: android.app.ContextImpl.sendBroadcast:1173 android.content.ContextWrapper.sendBroadcast:479 com.android.settings.sound.MediaOutputPreferenceController.handlePreferenceTreeClick:136 com.android.settings.dashboard.DashboardFragment.onPreferenceTreeClick:237 com.android.settings.notification.SoundSettings.onPreferenceTreeClick:126
01-04 01:22:46.744 1133 1663 I am_wtf : [0,1133,system_server,-1,ActivityManager,Sending non-protected broadcast com.android.systemui.action.LAUNCH_MEDIA_OUTPUT_DIALOG from system 3047:com.android.settings/1000 pkg com.android.settings]
01-04 01:22:46.745 3047 3047 I sysui_multi_action: [757,830,758,4,833,0,854,media_output,1089,0]
01-04 01:22:46.746 1133 1663 I DropBoxManagerService: add tag=system_server_wtf isTagEnabled=true flags=0x2
01-04 01:22:46.808 1133 2848 W AppOps : Noting op not finished: uid 10087 pkg com.android.systemui code 24 startTime of in progress event=1672766100532
01-04 01:22:46.840 1133 1651 I input_focus: [Focus request d3f52b0 MediaOutputDialog,reason=UpdateInputWindows]
01-04 01:22:46.867 1133 1890 I input_focus: [Focus leaving e019439 com.android.settings/com.android.settings.Settings (server),reason=setFocusedWindow]
01-04 01:22:46.868 1133 1890 I input_focus: [Focus entering d3f52b0 MediaOutputDialog (server),reason=setFocusedWindow]
01-04 01:22:48.221 1133 4178 E TaskPersister: File error accessing recents directory (directory doesn't exist?).
01-04 01:22:48.269 1133 2396 I GameModeConfig: isGameModeOn = false
01-04 01:22:48.440 1133 2396 I GameModeConfig: isGameModeOn = false
01-04 01:22:49.973 1133 2396 I GameModeConfig: isGameModeOn = false
01-04 01:22:50.003 1133 2396 I GameModeConfig: isGameModeOn = false
01-04 01:22:50.027 1133 2396 I GameModeConfig: isGameModeOn = false
01-04 01:22:50.236 1133 1890 I input_interaction: Interaction with: d3f52b0 MediaOutputDialog (server), edge-swipe (server), swipe-up (server), PointerEventDispatcher0 (server),
01-04 01:22:51.214 1133 2396 I GameModeConfig: isGameModeOn = false
01-04 01:22:52.800 1133 1133 I volume_changed: [3,19,3,39,android]
01-04 01:22:52.886 1133 1133 I volume_changed: [3,3,2,39,android]
01-04 01:22:53.548 1133 1829 I commit_sys_config_file: [settings-1-0,17]
01-04 01:22:54.088 1133 1133 I volume_changed: [3,2,3,39,android]
01-04 01:22:54.178 1133 1133 I volume_changed: [3,3,4,39,android]
01-04 01:22:54.828 1133 1829 I commit_sys_config_file: [settings-1-0,18]
01-01 08:09:35.469 0 0 I afe_close: port_id = 0x400e
01-01 08:09:35.480 0 0 I btfm_slim_disable_ch: port:16, grp: 0, ch->grph:0x0, ch->ch_hdl:0x1d
01-01 08:09:35.520 0 0 I afe_find_cal_topo_id_by_port: port id: 0x9000, dev_acdb_id: 0
01-01 08:09:35.527 0 0 I afe_find_cal_topo_id_by_port: top_id:112fc acdb_id:15 afe_port:0x9000
01-01 08:09:35.535 0 0 I afe_get_cal_topology_id: port_id = 0x9000 acdb_id = 15 topology_id = 0x112fc cal_type_index=8 ret=0
01-01 08:09:35.546 0 0 I afe_send_port_topology_id: AFE set topology id 0x112fc enable for port 0x9000 ret 0
01-01 08:09:35.555 0 0 I send_afe_cal_type: cal_index is 0
01-01 08:09:35.560 0 0 I send_afe_cal_type: dev_acdb_id[55] is 0
01-01 08:09:35.565 0 0 I send_afe_cal_type: Sending cal_index cal 0
01-01 08:09:35.570 0 0 E send_afe_cal_type: No cal sent for cal_index 0, port_id = 0x9000! ret -22
01-01 08:09:35.578 0 0 I afe_send_hw_delay: port_id 0x9000 rate 48000 delay_usec 474 status 0
01-04 01:22:56.647 1133 2502 I stream_devices_changed: [3,128,2]
01-04 01:22:56.650 1133 1133 I Telecom : WiredHeadsetManager: ACTION_HEADSET_PLUG event, plugged in: false, : WHC.oADR@AEo
01-04 01:22:56.679 1133 2400 I stream_devices_changed: [6,128,1]
01-04 01:22:56.809 1133 6131 I dvm_lock_sample: [system_server,1,Binder:1133_16,72,AudioService.java,6202,int com.android.server.audio.AudioService.getDevicesForStreamInt(int),,0,null,14]
01-01 08:09:38.672 0 0 I afe_close: port_id = 0x9000
01-01 08:09:38.753 0 0 I btfm_slim_hw_init: PGD Enum Addr: 00:01:20:02:17: 02
01-01 08:09:38.760 0 0 I btfm_slim_hw_init: IFD Enum Addr: 00:00:20:02:17: 02
01-01 08:09:38.766 0 0 I btfm_slim_hw_init: chipset soc version:400a0200
01-01 08:09:38.772 0 0 I btfm_slim_hw_init: chipset is hastings 2.0, overwriting EA
01-01 08:09:38.779 0 0 I btfm_slim_hw_init: PGD Enum Addr: 00:01:20:02:17: 02
01-01 08:09:38.785 0 0 I btfm_slim_hw_init: IFD Enum Addr: 00:00:20:02:17: 02
01-01 08:09:38.791 0 0 I btfm_slim_alloc_port: chipset soc version:400a0200
01-01 08:09:38.812 0 0 I btfm_slim_enable_ch: chipset soc version:400a0200
01-01 08:09:38.818 0 0 I btfm_slim_enable_ch: channel define - prot:2, dataf:0, auxf:0
01-01 08:09:38.825 0 0 I btfm_slim_enable_ch: channel define - rates:44100, baser:2, ratem:4
01-01 08:09:38.833 0 0 I btfm_slim_enable_ch: slim_connect_sink(port: 16, ch: 157)
01-01 08:09:38.840 0 0 I btfm_slim_enable_ch: port: 16, ch: 157, grp: 0, ch->grph: 0x0, ch_hdl: 0x1d
01-01 08:09:38.849 0 0 I __afe_port_start: port id: 0x400e
01-01 08:09:38.854 0 0 I afe_find_cal_topo_id_by_port: port id: 0x400e, dev_acdb_id: 20
01-01 08:09:38.861 0 0 I afe_find_cal_topo_id_by_port: top_id:112fc acdb_id:20 afe_port_id:0x400e
01-01 08:09:38.869 0 0 I afe_get_cal_topology_id: port_id = 0x400e acdb_id = 20 topology_id = 0x112fc cal_type_index=8 ret=0
