01-04 01:15:06.399 1133 1663 D SystemServerTimingAsync: ssm.onUnlockingUser-0_com.android.server.notification.NotificationManagerService took to complete: 0ms
01-04 01:15:06.399 1133 1663 I SystemServerTimingAsync: ssm.onUnlockingUser-0_com.android.server.storage.DeviceStorageMonitorService
01-04 01:15:06.399 1133 1663 D SystemServerTimingAsync: ssm.onUnlockingUser-0_com.android.server.storage.DeviceStorageMonitorService took to complete: 0ms
01-04 01:15:06.399 1133 1663 I SystemServerTimingAsync: ssm.onUnlockingUser-0_com.android.server.location.LocationManagerService$Lifecycle
01-04 01:15:06.399 1133 1663 D SystemServerTimingAsync: ssm.onUnlockingUser-0_com.android.server.location.LocationManagerService$Lifecycle took to complete: 0ms
01-04 01:15:06.399 1133 1663 I SystemServerTimingAsync: ssm.onUnlockingUser-0_com.android.server.timedetector.TimeDetectorService$Lifecycle
01-04 01:15:06.399 1133 1663 D SystemServerTimingAsync: ssm.onUnlockingUser-0_com.android.server.timedetector.TimeDetectorService$Lifecycle took to complete: 0ms
01-04 01:15:06.399 1133 1663 I SystemServerTimingAsync: ssm.onUnlockingUser-0_com.android.server.timezonedetector.TimeZoneDetectorService$Lifecycle
01-04 01:15:06.399 1133 1663 D SystemServerTimingAsync: ssm.onUnlockingUser-0_com.android.server.timezonedetector.TimeZoneDetectorService$Lifecycle took to complete: 0ms
01-04 01:15:06.399 1133 1663 I SystemServerTimingAsync: ssm.onUnlockingUser-0_com.android.server.timezonedetector.location.LocationTimeZoneManagerService$Lifecycle
01-04 01:15:06.399 1133 1663 D SystemServerTimingAsync: ssm.onUnlockingUser-0_com.android.server.timezonedetector.location.LocationTimeZoneManagerService$Lifecycle took to complete: 0ms
01-04 01:15:06.399 1133 1663 I SystemServerTimingAsync: ssm.onUnlockingUser-0_com.android.server.search.SearchManagerService$Lifecycle
01-04 01:15:06.399 1133 1663 D SystemServerTimingAsync: ssm.onUnlockingUser-0_com.android.server.search.SearchManagerService$Lifecycle took to complete: 0ms
01-04 01:15:06.399 1133 1663 I SystemServerTimingAsync: ssm.onUnlockingUser-0_com.android.server.wallpaper.WallpaperManagerService$Lifecycle
01-04 01:15:06.399 1133 1663 I WallpaperManagerService: on-unlock-user-0
01-04 01:15:06.400 1133 1663 D WallpaperManagerService: on-unlock-user-0 took to complete: 0ms
01-04 01:15:06.400 1133 1663 D SystemServerTimingAsync: ssm.onUnlockingUser-0_com.android.server.wallpaper.WallpaperManagerService$Lifecycle took to complete: 0ms
01-04 01:15:06.400 1133 1663 I SystemServerTimingAsync: ssm.onUnlockingUser-0_com.android.server.audio.AudioService$Lifecycle
01-04 01:15:06.400 1133 1663 D SystemServerTimingAsync: ssm.onUnlockingUser-0_com.android.server.audio.AudioService$Lifecycle took to complete: 0ms
01-04 01:15:06.400 1133 1663 I SystemServerTimingAsync: ssm.onUnlockingUser-0_com.android.server.soundtrigger_middleware.SoundTriggerMiddlewareService$Lifecycle
01-04 01:15:06.400 1133 1663 D SystemServerTimingAsync: ssm.onUnlockingUser-0_com.android.server.soundtrigger_middleware.SoundTriggerMiddlewareService$Lifecycle took to complete: 0ms
01-04 01:15:06.400 1133 1663 I SystemServerTimingAsync: ssm.onUnlockingUser-0_com.android.server.DockObserver
01-04 01:15:06.400 1133 1663 D SystemServerTimingAsync: ssm.onUnlockingUser-0_com.android.server.DockObserver took to complete: 0ms
01-04 01:15:06.400 1133 1663 I SystemServerTimingAsync: ssm.onUnlockingUser-0_com.android.server.midi.MidiService$Lifecycle
01-04 01:15:06.400 1133 1663 D SystemServerTimingAsync: ssm.onUnlockingUser-0_com.android.server.midi.MidiService$Lifecycle took to complete: 0ms
01-04 01:15:06.400 1133 1663 I SystemServerTimingAsync: ssm.onUnlockingUser-0_com.android.server.adb.AdbService$Lifecycle
01-04 01:15:06.400 1133 1663 D SystemServerTimingAsync: ssm.onUnlockingUser-0_com.android.server.adb.AdbService$Lifecycle took to complete: 0ms
01-04 01:15:06.400 1133 1663 I SystemServerTimingAsync: ssm.onUnlockingUser-0_com.android.server.usb.UsbService$Lifecycle
01-04 01:15:06.401 1133 1663 D SystemServerTimingAsync: ssm.onUnlockingUser-0_com.android.server.usb.UsbService$Lifecycle took to complete: 0ms
01-04 01:15:06.401 1133 1663 I SystemServerTimingAsync: ssm.onUnlockingUser-0_com.android.server.twilight.TwilightService
01-04 01:15:06.401 1133 1663 D SystemServerTimingAsync: ssm.onUnlockingUser-0_com.android.server.twilight.TwilightService took to complete: 0ms
01-04 01:15:06.401 1133 1663 I SystemServerTimingAsync: ssm.onUnlockingUser-0_com.android.server.display.color.ColorDisplayService
01-04 01:15:06.401 1133 1663 D SystemServerTimingAsync: ssm.onUnlockingUser-0_com.android.server.display.color.ColorDisplayService took to complete: 0ms
01-04 01:15:06.401 1133 1663 I SystemServerTimingAsync: ssm.onUnlockingUser-0_com.android.server.job.JobSchedulerService
01-04 01:15:06.401 1133 1663 D SystemServerTimingAsync: ssm.onUnlockingUser-0_com.android.server.job.JobSchedulerService took to complete: 0ms
01-04 01:15:06.401 1133 1663 I SystemServerTimingAsync: ssm.onUnlockingUser-0_com.android.server.soundtrigger.SoundTriggerService
01-04 01:15:06.401 1133 1663 D SystemServerTimingAsync: ssm.onUnlockingUser-0_com.android.server.soundtrigger.SoundTriggerService took to complete: 0ms
01-04 01:15:06.401 1133 1663 I SystemServerTimingAsync: ssm.onUnlockingUser-0_com.android.server.trust.TrustManagerService
01-04 01:15:06.401 1133 1663 D SystemServerTimingAsync: ssm.onUnlockingUser-0_com.android.server.trust.TrustManagerService took to complete: 0ms
01-04 01:15:06.401 1133 1663 I SystemServerTimingAsync: ssm.onUnlockingUser-0_com.android.server.backup.BackupManagerService$Lifecycle
01-04 01:15:06.401 1133 1663 D SystemServerTimingAsync: ssm.onUnlockingUser-0_com.android.server.backup.BackupManagerService$Lifecycle took to complete: 0ms
01-04 01:15:06.401 1133 1663 I SystemServerTimingAsync: ssm.onUnlockingUser-0_com.android.server.appwidget.AppWidgetService
01-04 01:15:06.401 1133 1663 D SystemServerTimingAsync: ssm.onUnlockingUser-0_com.android.server.appwidget.AppWidgetService took to complete: 0ms
01-04 01:15:06.401 1133 1663 I SystemServerTimingAsync: ssm.onUnlockingUser-0_com.android.server.voiceinteraction.VoiceInteractionManagerService
01-04 01:15:06.402 1133 1663 W VoiceInteractionManager: no available voice recognition services found for user 0
01-04 01:15:06.402 1133 2409 I BackupManagerService: Starting service for user: 0
01-04 01:15:06.402 1133 2409 V BackupManagerService: [UserID:0] Starting with transport com.android.localtransport/.LocalTransport
01-04 01:15:06.402 1133 2409 D BackupManagerService: [UserID:0] Started thread backup-0
01-04 01:15:06.407 1133 1661 I UsageStatsService: Starting migration to system CE for user 0
01-04 01:15:06.408 1133 1663 D SystemServerTimingAsync: ssm.onUnlockingUser-0_com.android.server.voiceinteraction.VoiceInteractionManagerService took to complete: 7ms
01-04 01:15:06.408 1133 1663 I SystemServerTimingAsync: ssm.onUnlockingUser-0_com.android.server.apphibernation.AppHibernationService
01-04 01:15:06.409 1133 1663 D SystemServerTimingAsync: ssm.onUnlockingUser-0_com.android.server.apphibernation.AppHibernationService took to complete: 0ms
01-04 01:15:06.409 1133 1663 I SystemServerTimingAsync: ssm.onUnlockingUser-0_com.android.server.GestureLauncherService
01-04 01:15:06.409 1133 1663 D SystemServerTimingAsync: ssm.onUnlockingUser-0_com.android.server.GestureLauncherService took to complete: 0ms
01-04 01:15:06.409 1133 3220 I HibernationStateDiskStore: No hibernation file on disk for file /data/system_ce/0/hibernation/states
01-04 01:15:06.409 1133 1663 I SystemServerTimingAsync: ssm.onUnlockingUser-0_com.android.server.SensorNotificationService
01-04 01:15:06.409 1133 1663 D SystemServerTimingAsync: ssm.onUnlockingUser-0_com.android.server.SensorNotificationService took to complete: 0ms
01-04 01:15:06.409 1133 1663 I SystemServerTimingAsync: ssm.onUnlockingUser-0_com.android.server.emergency.EmergencyAffordanceService
01-04 01:15:06.409 1133 1663 D SystemServerTimingAsync: ssm.onUnlockingUser-0_com.android.server.emergency.EmergencyAffordanceService took to complete: 0ms
01-04 01:15:06.409 1133 1663 I SystemServerTimingAsync: ssm.onUnlockingUser-0_com.android.server.blob.BlobStoreManagerService
01-04 01:15:06.409 1133 1663 D SystemServerTimingAsync: ssm.onUnlockingUser-0_com.android.server.blob.BlobStoreManagerService took to complete: 0ms
01-04 01:15:06.409 1133 1663 I SystemServerTimingAsync: ssm.onUnlockingUser-0_com.android.server.dreams.DreamManagerService
01-04 01:15:06.409 1133 1663 D SystemServerTimingAsync: ssm.onUnlockingUser-0_com.android.server.dreams.DreamManagerService took to complete: 0ms
01-04 01:15:06.409 1133 1663 I SystemServerTimingAsync: ssm.onUnlockingUser-0_com.android.server.companion.CompanionDeviceManagerService
01-04 01:15:06.410 1133 1663 I CompanionDeviceManagerService: Read associations from disk: {0=[]}
01-04 01:15:06.412 1133 1661 I UsageStatsService: Finished migration to system CE for user 0
01-04 01:15:06.415 1133 1663 D SystemServerTimingAsync: ssm.onUnlockingUser-0_com.android.server.companion.CompanionDeviceManagerService took to complete: 1ms
01-04 01:15:06.415 1133 1663 I SystemServerTimingAsync: ssm.onUnlockingUser-0_com.android.server.restrictions.RestrictionsManagerService
01-04 01:15:06.415 1133 1663 D SystemServerTimingAsync: ssm.onUnlockingUser-0_com.android.server.restrictions.RestrictionsManagerService took to complete: 0ms
01-04 01:15:06.415 1133 1663 I SystemServerTimingAsync: ssm.onUnlockingUser-0_com.android.server.media.MediaSessionService
01-04 01:15:06.415 1133 1663 D SystemServerTimingAsync: ssm.onUnlockingUser-0_com.android.server.media.MediaSessionService took to complete: 0ms
01-04 01:15:06.415 1133 1663 I SystemServerTimingAsync: ssm.onUnlockingUser-0_com.android.server.media.MediaResourceMonitorService
01-04 01:15:06.415 1133 1663 D SystemServerTimingAsync: ssm.onUnlockingUser-0_com.android.server.media.MediaResourceMonitorService took to complete: 0ms
01-04 01:15:06.415 1133 1663 I SystemServerTimingAsync: ssm.onUnlockingUser-0_com.android.server.biometrics.sensors.fingerprint.FingerprintService
01-04 01:15:06.415 1133 1663 D SystemServerTimingAsync: ssm.onUnlockingUser-0_com.android.server.biometrics.sensors.fingerprint.FingerprintService took to complete: 0ms
01-04 01:15:06.415 1133 1663 I SystemServerTimingAsync: ssm.onUnlockingUser-0_com.android.server.biometrics.BiometricService
01-04 01:15:06.415 1133 1663 D SystemServerTimingAsync: ssm.onUnlockingUser-0_com.android.server.biometrics.BiometricService took to complete: 0ms
01-04 01:15:06.415 1133 1663 I SystemServerTimingAsync: ssm.onUnlockingUser-0_com.android.server.biometrics.AuthService
01-04 01:15:06.415 1133 1663 D SystemServerTimingAsync: ssm.onUnlockingUser-0_com.android.server.biometrics.AuthService took to complete: 0ms
01-04 01:15:06.415 1133 1663 I SystemServerTimingAsync: ssm.onUnlockingUser-0_com.android.server.pm.ShortcutService$Lifecycle
01-04 01:15:06.415 1133 1663 D SystemServerTimingAsync: ssm.onUnlockingUser-0_com.android.server.pm.ShortcutService$Lifecycle took to complete: 0ms
01-04 01:15:06.416 1133 1663 I SystemServerTimingAsync: ssm.onUnlockingUser-0_com.android.server.pm.LauncherAppsService
01-04 01:15:06.416 1133 1663 D SystemServerTimingAsync: ssm.onUnlockingUser-0_com.android.server.pm.LauncherAppsService took to complete: 0ms
01-04 01:15:06.416 1133 1663 I SystemServerTimingAsync: ssm.onUnlockingUser-0_com.android.server.pm.CrossProfileAppsService
01-04 01:15:06.416 1133 1663 D SystemServerTimingAsync: ssm.onUnlockingUser-0_com.android.server.pm.CrossProfileAppsService took to complete: 0ms
01-04 01:15:06.416 1133 1663 I SystemServerTimingAsync: ssm.onUnlockingUser-0_com.android.server.people.PeopleService
01-04 01:15:06.416 1133 1663 D SystemServerTimingAsync: ssm.onUnlockingUser-0_com.android.server.people.PeopleService took to complete: 0ms
01-04 01:15:06.416 1133 1663 I SystemServerTimingAsync: ssm.onUnlockingUser-0_com.android.server.media.metrics.MediaMetricsManagerService
01-04 01:15:06.416 1133 1663 D SystemServerTimingAsync: ssm.onUnlockingUser-0_com.android.server.media.metrics.MediaMetricsManagerService took to complete: 0ms
01-04 01:15:06.416 1133 1663 I SystemServerTimingAsync: ssm.onUnlockingUser-0_com.android.server.media.projection.MediaProjectionManagerService
01-04 01:15:06.416 1133 1663 D SystemServerTimingAsync: ssm.onUnlockingUser-0_com.android.server.media.projection.MediaProjectionManagerService took to complete: 0ms
01-04 01:15:06.416 1133 1663 I SystemServerTimingAsync: ssm.onUnlockingUser-0_com.android.server.slice.SliceManagerService$Lifecycle
01-04 01:15:06.416 1133 1663 D SystemServerTimingAsync: ssm.onUnlockingUser-0_com.android.server.slice.SliceManagerService$Lifecycle took to complete: 0ms
01-04 01:15:06.416 1133 1663 I SystemServerTimingAsync: ssm.onUnlockingUser-0_com.android.server.stats.StatsCompanion$Lifecycle
01-04 01:15:06.416 1133 1663 D SystemServerTimingAsync: ssm.onUnlockingUser-0_com.android.server.stats.StatsCompanion$Lifecycle took to complete: 0ms
01-04 01:15:06.416 1133 1663 I SystemServerTimingAsync: ssm.onUnlockingUser-0_com.android.server.scheduling.RebootReadinessManagerService$Lifecycle
01-04 01:15:06.416 1133 1663 D SystemServerTimingAsync: ssm.onUnlockingUser-0_com.android.server.scheduling.RebootReadinessManagerService$Lifecycle took to complete: 0ms
01-04 01:15:06.416 1133 1663 I SystemServerTimingAsync: ssm.onUnlockingUser-0_com.android.server.stats.pull.StatsPullAtomService
01-04 01:15:06.416 1133 1663 D SystemServerTimingAsync: ssm.onUnlockingUser-0_com.android.server.stats.pull.StatsPullAtomService took to complete: 0ms
01-01 08:01:45.493 0 0 I : sdcardfs version 2.0
01-01 08:01:45.493 0 0 I sdcardfs: dev_name -> /data/media
01-01 08:01:45.493 0 0 I sdcardfs: options -> fsuid=1023,fsgid=1023,multiuser,derive_gid,default_normal,unshared_obb,mask=6,userid=0,gid=1015
01-01 08:01:45.493 0 0 I sdcardfs: mnt -> ffffffc16d75b160
01-01 08:01:45.497 0 0 I sdcardfs: mounted on top of /data/media type f2fs
01-01 08:01:45.502 0 0 I : Remount options were mask=23,gid=9997 for vfsmnt ffffffc170e94d60.
01-01 08:01:45.502 0 0 I sdcardfs: options - debug:1
01-01 08:01:45.502 0 0 I sdcardfs: options - gid:9997
01-01 08:01:45.502 0 0 I sdcardfs: options - mask:23
01-01 08:01:45.505 0 0 I binder : 3305:3367 ioctl 40046210 7a56716934 returned -22
01-01 08:01:45.508 0 0 I : Remount options were mask=7,gid=9997 for vfsmnt ffffffc16a6b50e0.
01-01 08:01:45.508 0 0 I sdcardfs: options - debug:1
01-01 08:01:45.509 0 0 I sdcardfs: options - gid:9997
01-01 08:01:45.509 0 0 I sdcardfs: options - mask:7
01-01 08:01:45.510 0 0 I : Remount options were mask=7,gid=9997 for vfsmnt ffffffc170d50e60.
01-01 08:01:45.510 0 0 I sdcardfs: options - debug:1
01-01 08:01:45.510 0 0 I sdcardfs: options - gid:9997
01-01 08:01:45.510 0 0 I sdcardfs: options - mask:7
01-04 01:15:06.416 1133 1663 I SystemServerTimingAsync: ssm.onUnlockingUser-0_com.android.server.incident.IncidentCompanionService
01-04 01:15:06.416 1133 1663 D SystemServerTimingAsync: ssm.onUnlockingUser-0_com.android.server.incident.IncidentCompanionService took to complete: 0ms
01-04 01:15:06.416 1133 1663 I SystemServerTimingAsync: ssm.onUnlockingUser-0_com.android.server.MmsServiceBroker
01-04 01:15:06.417 1133 1663 D SystemServerTimingAsync: ssm.onUnlockingUser-0_com.android.server.MmsServiceBroker took to complete: 0ms
01-04 01:15:06.417 1133 1663 I SystemServerTimingAsync: ssm.onUnlockingUser-0_com.android.server.autofill.AutofillManagerService
01-04 01:15:06.419 1133 1663 D AutofillManagerServiceImpl: Reset component for user 0:
01-04 01:15:06.419 1133 1663 D FieldClassificationStrategy: reset(): service is not bound. Do nothing.
01-04 01:15:06.419 1133 1663 D SystemServerTimingAsync: ssm.onUnlockingUser-0_com.android.server.autofill.AutofillManagerService took to complete: 3ms
01-04 01:15:06.419 1133 1663 I SystemServerTimingAsync: ssm.onUnlockingUser-0_com.android.server.clipboard.ClipboardService
01-04 01:15:06.419 1133 1663 D SystemServerTimingAsync: ssm.onUnlockingUser-0_com.android.server.clipboard.ClipboardService took to complete: 0ms
01-04 01:15:06.419 1133 1663 I SystemServerTimingAsync: ssm.onUnlockingUser-0_com.android.server.appbinding.AppBindingService$Lifecycle
01-04 01:15:06.420 1133 1663 W AppBindingService: [Default SMS app] u0 Target package not found
01-04 01:15:06.420 1133 1663 D SystemServerTimingAsync: ssm.onUnlockingUser-0_com.android.server.appbinding.AppBindingService$Lifecycle took to complete: 0ms
01-04 01:15:06.420 1133 1663 I SystemServerTimingAsync: ssm.onUnlockingUser-0_com.android.server.tracing.TracingServiceProxy
01-04 01:15:06.420 1133 1648 D AutofillUI: destroySaveUiUiThread(): already destroyed
01-04 01:15:06.420 1133 1661 I UsageStatsDatabase: Upgrading from version 0 to 5
01-04 01:15:06.420 1133 1661 I UsageStatsDatabase: Deleting all usage stats files
01-04 01:15:06.424 1133 1663 D SystemServerTimingAsync: ssm.onUnlockingUser-0_com.android.server.tracing.TracingServiceProxy took to complete: 0ms
01-04 01:15:06.424 1133 1663 I SystemServerTimingAsync: ssm.onUnlockingUser-0_com.android.server.policy.PermissionPolicyService
01-04 01:15:06.424 1133 1663 D SystemServerTimingAsync: ssm.onUnlockingUser-0_com.android.server.policy.PermissionPolicyService took to complete: 0ms
01-04 01:15:06.424 1133 1663 I SystemServerTimingAsync: ssm.onUnlockingUser-0_com.android.server.pm.StagingManager$Lifecycle
01-04 01:15:06.424 1133 1663 D SystemServerTimingAsync: ssm.onUnlockingUser-0_com.android.server.pm.StagingManager$Lifecycle took to complete: 0ms
01-04 01:15:06.424 1133 1663 I SystemServerTimingAsync: ssm.onUnlockingUser-0_com.android.server.app.GameManagerService$Lifecycle
01-04 01:15:06.424 1133 1663 D SystemServerTimingAsync: ssm.onUnlockingUser-0_com.android.server.app.GameManagerService$Lifecycle took to complete: 0ms
01-04 01:15:06.424 1133 1663 I SystemServerTimingAsync: ssm.onUnlockingUser-0_com.android.server.appsearch.AppSearchManagerService
01-04 01:15:06.425 1133 1663 D SystemServerTimingAsync: ssm.onUnlockingUser-0_com.android.server.appsearch.AppSearchManagerService took to complete: 0ms
01-04 01:15:06.425 1133 1663 I SystemServerTimingAsync: ssm.onUnlockingUser-0_com.android.server.media.MediaCommunicationService
01-04 01:15:06.425 1133 1663 D SystemServerTimingAsync: ssm.onUnlockingUser-0_com.android.server.media.MediaCommunicationService took to complete: 0ms
01-04 01:15:06.425 1133 1663 D SystemServerTimingAsync: ssm.UnlockingUser-0 took to complete: 67ms
01-04 01:15:06.425 1133 1663 W ActivityManager: UserLifecycleEvent 5 received without an active userJourneySession.
01-04 01:15:06.425 1133 1647 I ActivityTaskManager: Loading recents for user 0 into memory.
01-04 01:15:06.425 1133 1647 E TaskPersister: restoreTasksForUserLocked: Unable to list files from /data/system_ce/0/recent_tasks
01-04 01:15:06.426 1133 1647 V PackageConfigPersister: loadPackages: empty list files from /data/system_ce/0/package_configs
01-04 01:15:06.426 1133 1663 W ActivityManager: UserLifecycleEvent 6 received without an active userJourneySession.
01-04 01:15:06.426 1133 1663 I uc_finish_user_unlocked: 0
01-04 01:15:06.426 1133 1663 I ActivityManager: User 0 state changed from RUNNING_UNLOCKING to RUNNING_UNLOCKED
01-04 01:15:06.426 1133 1663 I am_user_state_changed: [0,3]
01-04 01:15:06.428 1133 1661 I UsageStatsService: User[0] Rollover scheduled @ 2023-01-05 01:15:06(1672852506413)
01-04 01:15:06.428 1133 1661 D AppStandbyController: Initializing defaults for system apps on user 0, appIdleEnabled=false
01-04 01:15:06.437 1133 2409 I service_manager_slow: [34,mount]
01-04 01:15:06.441 550 550 D vold : Waiting for sdcardfs to spin up...
01-04 01:15:06.461 3361 3361 W sdcard : Device explicitly enabled sdcardfs
01-01 08:01:45.521 0 0 I android_work: sent uevent USB_STATE=DISCONNECTED
01-04 01:15:06.507 1133 2409 E BackupPasswordManager: Unable to read backup pw version
01-04 01:15:06.508 550 550 I vold : Mounting emulated fuse volume
01-01 08:01:45.531 0 0 I [wifi@1][0x78c56c87][01:15:06.500214] wlan: [943:I:DP] dp_vdev_attach_wifi3: wlan_cfg_ap_bridge_enabled 0
01-04 01:15:06.519 1133 2409 E BackupPasswordManager: Unable to read saved backup pw hash
01-01 08:01:45.580 0 0 E [wifi@1][0x78d3d92c][01:15:06.549449] wlan: [3244:E:wifipos] wifi_pos_process_app_reg_req: 608: Received App Req Req pid(-171965521), len(16)
01-01 08:01:45.605 0 0 I [wifi@1][0x78db39bf][01:15:06.574630] wlan: [3244:I:wifipos] wifi_pos_get_ch_info: 461: num channels: 26
01-01 08:01:45.612 0 0 I [wifi@1][0x78dd3a53][01:15:06.581466] wlan: [3244:I:wifipos] wifi_pos_get_ch_info: 461: num channels: 26
01-01 08:01:45.621 0 0 E msm-dwc3 a600000.ssusb: Could not get usb psy
01-04 01:15:06.625 1133 1663 D SystemServerTiming: SystemUserUnlock took to complete: 1601ms
01-04 01:15:06.627 1133 1661 I dvm_lock_sample: [system_server,0,android.bg,197,UserManagerService.java,5587,boolean com.android.server.pm.UserManagerService$LocalService.isUserUnlockingOrUnlocked(int),-,5557,void com.android.server.pm.UserManagerService$LocalService.setUserState(int, int),39]
01-04 01:15:06.630 1133 1586 I dvm_lock_sample: [system_server,1,Binder:1133_2,199,UserManagerService.java,5587,boolean com.android.server.pm.UserManagerService$LocalService.isUserUnlockingOrUnlocked(int),-,5557,void com.android.server.pm.UserManagerService$LocalService.setUserState(int, int),39]
01-04 01:15:06.633 1133 2384 I dvm_lock_sample: [system_server,0,WifiHandlerThread,72,UserManagerService.java,5587,boolean com.android.server.pm.UserManagerService$LocalService.isUserUnlockingOrUnlocked(int),-,5557,void com.android.server.pm.UserManagerService$LocalService.setUserState(int, int),14]
01-04 01:15:06.639 1133 1812 D TelephonyRegistry: listen oscl: mHasNotifySubscriptionInfoChangedOccurred==false no callback
01-04 01:15:06.641 1133 1663 I am_uid_running: 10095
01-04 01:15:06.643 1133 1663 D CompatibilityChangeReporter: Compat change id reported: 135634846; UID 10095; state: DISABLED
01-04 01:15:06.647 1133 1663 I am_uid_running: 10061
01-04 01:15:06.647 1133 1664 D CompatibilityChangeReporter: Compat change id reported: 143937733; UID 10095; state: ENABLED
01-04 01:15:06.648 1133 1663 D CompatibilityChangeReporter: Compat change id reported: 135634846; UID 10061; state: DISABLED
01-04 01:15:06.648 1133 1663 D CompatibilityChangeReporter: Compat change id reported: 177438394; UID 10061; state: DISABLED
01-04 01:15:06.650 1133 1663 D CompatibilityChangeReporter: Compat change id reported: 135772972; UID 10061; state: DISABLED
01-04 01:15:06.651 1133 1663 D CompatibilityChangeReporter: Compat change id reported: 135754954; UID 10061; state: ENABLED
01-04 01:15:06.651 1133 1663 I am_uid_running: 10057
01-04 01:15:06.653 550 550 I vold : Bind mounting /mnt/runtime/full/emulated to /mnt/pass_through/0/emulated
01-04 01:15:06.654 1133 1663 D CompatibilityChangeReporter: Compat change id reported: 135634846; UID 10057; state: DISABLED
01-04 01:15:06.655 1133 1663 D CompatibilityChangeReporter: Compat change id reported: 177438394; UID 10057; state: DISABLED
01-04 01:15:06.659 1133 1663 D CompatibilityChangeReporter: Compat change id reported: 135772972; UID 10057; state: DISABLED
01-04 01:15:06.659 1133 1663 D CompatibilityChangeReporter: Compat change id reported: 135754954; UID 10057; state: ENABLED
01-04 01:15:06.659 1133 1663 I am_uid_running: 10081
01-04 01:15:06.671 1133 1929 I StorageSessionController: On volume mount VolumeInfo{emulated;0}:
01-04 01:15:06.671 1133 1929 I StorageSessionController: type=EMULATED diskId=null partGuid= mountFlags=PRIMARY|VISIBLE
01-04 01:15:06.671 1133 1929 I StorageSessionController: mountUserId=0 state=CHECKING
01-04 01:15:06.671 1133 1929 I StorageSessionController: fsType=null fsUuid=null fsLabel=null
01-04 01:15:06.671 1133 1929 I StorageSessionController: path=/storage/emulated internalPath=/data/media
01-04 01:15:06.671 1133 1663 D CompatibilityChangeReporter: Compat change id reported: 135634846; UID 10081; state: DISABLED
01-04 01:15:06.671 1133 1663 D CompatibilityChangeReporter: Compat change id reported: 177438394; UID 10081; state: DISABLED
01-04 01:15:06.671 1133 1663 D CompatibilityChangeReporter: Compat change id reported: 135772972; UID 10081; state: DISABLED
01-04 01:15:06.679 1133 1663 D CompatibilityChangeReporter: Compat change id reported: 135754954; UID 10081; state: DISABLED
01-04 01:15:06.679 1133 1663 I am_uid_running: 10088
01-04 01:15:06.680 1133 1663 D CompatibilityChangeReporter: Compat change id reported: 135634846; UID 10088; state: DISABLED
01-04 01:15:06.680 1133 1663 D CompatibilityChangeReporter: Compat change id reported: 177438394; UID 10088; state: DISABLED
01-04 01:15:06.680 1133 1663 D CompatibilityChangeReporter: Compat change id reported: 135772972; UID 10088; state: DISABLED
01-04 01:15:06.680 1133 1663 D CompatibilityChangeReporter: Compat change id reported: 135754954; UID 10088; state: ENABLED
01-04 01:15:06.681 1133 1663 I am_uid_running: 10090
01-04 01:15:06.681 1133 1663 D CompatibilityChangeReporter: Compat change id reported: 135634846; UID 10090; state: DISABLED
01-04 01:15:06.681 1133 1663 D CompatibilityChangeReporter: Compat change id reported: 177438394; UID 10090; state: DISABLED
01-04 01:15:06.682 1133 1663 D CompatibilityChangeReporter: Compat change id reported: 135772972; UID 10090; state: DISABLED
01-04 01:15:06.682 1133 1663 D CompatibilityChangeReporter: Compat change id reported: 135754954; UID 10090; state: ENABLED
01-04 01:15:06.682 1133 1663 I uc_send_user_broadcast: [0,android.intent.action.USER_UNLOCKED]
01-04 01:15:06.683 1133 1663 I uc_send_user_broadcast: [0,android.intent.action.PRE_BOOT_COMPLETED]
01-04 01:15:06.684 1133 1663 I PreBootBroadcaster: Pre-boot of {com.android.documentsui/com.android.documentsui.PreBootReceiver} for user 0
01-04 01:15:06.684 1133 1663 I am_pre_boot: [0,com.android.documentsui]
01-04 01:15:06.693 1133 1929 I StorageSessionController: Creating connection for user: 0
01-04 01:15:06.693 1133 1649 I DropBoxManagerService: add tag=system_server_strictmode isTagEnabled=true flags=0x2
01-04 01:15:06.694 1133 1929 I StorageSessionController: Creating and starting session with id: emulated;0
01-04 01:15:06.694 1133 1929 I StorageUserConnection: Binding to the ExternalStorageService for user 0
01-04 01:15:06.712 1133 1829 I commit_sys_config_file: [settings-2-0,112]
01-04 01:15:06.714 1133 2527 I wm_finish_activity: [0,173430459,8,com.android.settings/.FallbackHome,app-request]
01-04 01:15:06.716 1133 2527 I wm_pause_activity: [0,173430459,com.android.settings/.FallbackHome,userLeaving=false,finish]
01-04 01:15:06.721 3047 3047 I wm_on_top_resumed_lost_called: [173430459,com.android.settings.FallbackHome,topStateChangedWhenResumed]
01-04 01:15:06.722 3047 3047 I wm_on_paused_called: [173430459,com.android.settings.FallbackHome,performPause]
01-04 01:15:06.725 1133 1650 I sysui_multi_action: [757,1144,758,7,806,com.android.settings,871,com.android.settings.FallbackHome]
01-04 01:15:06.731 1133 2503 W StorageManagerService: Reporting emulated;0 unmounted due to system locked
01-04 01:15:06.737 1133 1583 I ActivityTaskManager: START u0 {act=android.intent.action.MAIN cat=[android.intent.category.HOME] flg=0x10000100 cmp=com.android.provision/.DefaultActivity (has extras)} from uid 0
01-04 01:15:06.746 1133 1583 D CompatibilityChangeReporter: Compat change id reported: 174042980; UID 1000; state: DISABLED
01-01 08:01:45.713 0 0 E msm-dwc3 a600000.ssusb: Could not get usb psy
01-01 08:01:45.783 0 0 I android_work: did not send uevent (0 0 0000000000000000)
01-04 01:15:06.755 1133 1649 I commit_sys_config_file: [jobs,19]
01-04 01:15:06.755 1133 1649 D BluetoothManagerService: MESSAGE_BLUETOOTH_STATE_CHANGE: BLE_TURNING_ON > BLE_ON
01-04 01:15:06.755 1133 1649 D BluetoothManagerService: Bluetooth is in LE only mode
01-04 01:15:06.755 1133 1649 D BluetoothManagerService: Binding Bluetooth GATT service
01-04 01:15:06.763 1133 1583 I wm_task_created: [9,-1]
01-04 01:15:06.765 1133 1583 I wm_task_moved: [9,1,2147483647]
01-04 01:15:06.767 1133 1583 I wm_task_moved: [1,1,5]
01-04 01:15:06.767 1133 1583 I wm_create_task: [0,9]
01-04 01:15:06.767 1133 1583 I wm_create_activity: [0,57579859,9,com.android.provision/.DefaultActivity,android.intent.action.MAIN,NULL,NULL,276824320]
01-04 01:15:06.767 1133 1583 I wm_task_moved: [1,1,5]
01-04 01:15:06.767 1133 1583 I wm_task_moved: [9,1,2147483647]
01-04 01:15:06.767 1133 1583 I wm_task_to_front: [0,9]
01-04 01:15:06.771 1133 1583 D CompatibilityChangeReporter: Compat change id reported: 168419799; UID 1000; state: DISABLED
01-04 01:15:06.773 1133 1583 I ActivityTaskManager: FOREGROUND_APPLICATION_CHANGED to com.android.provision.DefaultActivity
01-04 01:15:06.783 1133 2409 V BackupManagerService: [UserID:0] No ancestral data
01-04 01:15:06.788 1133 1661 I UsageStatsService: Time changed in by 1672766000 seconds
01-01 08:01:45.826 0 0 E msm-dwc3 a600000.ssusb: Could not get usb psy
01-01 08:01:45.841 0 0 I configfs-gadget gadget: high-speed config #1: b
01-04 01:15:06.808 1133 1649 D BluetoothManagerService: Sending BLE State Change: BLE_TURNING_ON > BLE_ON
01-04 01:15:06.808 1133 1664 W ActivityManager: Slow operation: 167ms so far, now at startProcess: returned from zygote!
01-04 01:15:06.817 1133 1929 I am_uid_running: 10100
01-04 01:15:06.818 1133 1929 D CompatibilityChangeReporter: Compat change id reported: 135634846; UID 10100; state: DISABLED
01-04 01:15:06.818 1133 1929 D CompatibilityChangeReporter: Compat change id reported: 177438394; UID 10100; state: DISABLED
01-04 01:15:06.818 1133 1929 D CompatibilityChangeReporter: Compat change id reported: 135772972; UID 10100; state: DISABLED
01-04 01:15:06.818 1133 1929 D CompatibilityChangeReporter: Compat change id reported: 135754954; UID 10100; state: ENABLED
01-04 01:15:06.819 1133 1929 I StorageUserConnection: Bound to the ExternalStorageService for user 0
01-04 01:15:06.821 1133 1664 W ActivityManager: Slow operation: 179ms so far, now at startProcess: done updating battery stats
01-04 01:15:06.821 1133 1664 I am_proc_start: [0,3437,10095,com.hht.lebocast,added application,com.hht.lebocast]
01-04 01:15:06.821 1133 1664 W ActivityManager: Slow operation: 179ms so far, now at startProcess: building log message
01-04 01:15:06.821 1133 1664 I ActivityManager: Start proc 3437:com.hht.lebocast/u0a95 for added application com.hht.lebocast
01-04 01:15:06.821 1133 1664 W ActivityManager: Slow operation: 180ms so far, now at startProcess: starting to update pids map
01-04 01:15:06.823 1133 1664 W ActivityManager: Slow operation: 182ms so far, now at startProcess: done updating pids map
01-04 01:15:06.824 1133 1664 W ActivityManager: Slow operation: 176ms so far, now at startProcess: asking zygote to start proc
01-04 01:15:06.824 1133 1664 D CompatibilityChangeReporter: Compat change id reported: 143937733; UID 10061; state: ENABLED
01-01 08:01:45.854 0 0 I [schedu][0x79240f4a][01:15:06.823237] wlan: [3172:I:OSIF] scan start scan id 40961
01-04 01:15:06.827 1133 1661 I UsageStatsService: User[0] Flushing usage stats to disk
01-04 01:15:06.833 1133 1650 D CompatibilityChangeReporter: Compat change id reported: 135634846; UID 1000; state: DISABLED
01-04 01:15:06.833 1133 1650 D CompatibilityChangeReporter: Compat change id reported: 177438394; UID 1000; state: DISABLED
01-04 01:15:06.834 1133 1650 D CompatibilityChangeReporter: Compat change id reported: 135772972; UID 1000; state: DISABLED
01-04 01:15:06.834 1133 1650 D CompatibilityChangeReporter: Compat change id reported: 135754954; UID 1000; state: ENABLED
01-04 01:15:06.834 1133 1650 I sysui_multi_action: [757,803,799,window_time_0,802,4]
01-04 01:15:06.834 2904 2904 W ContextImpl: Calling a method in the system process without a qualified user: android.app.ContextImpl.startService:1816 android.content.ContextWrapper.startService:774 android.content.ContextWrapper.startService:774 com.qualcomm.qti.qdma.app.BootReceiver.onBootReceived:115 com.qualcomm.qti.innodme.InnoBootReceiver.onReceive:22
01-01 08:01:45.866 0 0 E msm-dwc3 a600000.ssusb: Could not get usb psy
01-01 08:01:45.884 0 0 I android_work: sent uevent USB_STATE=CONNECTED
01-01 08:01:45.890 0 0 I android_work: sent uevent USB_STATE=CONFIGURED
01-04 01:15:06.872 1133 1663 I am_uid_running: 10021
01-04 01:15:06.873 1133 1663 D CompatibilityChangeReporter: Compat change id reported: 135634846; UID 10021; state: DISABLED
01-04 01:15:06.874 1133 1663 D CompatibilityChangeReporter: Compat change id reported: 177438394; UID 10021; state: DISABLED
01-04 01:15:06.874 1133 1663 D CompatibilityChangeReporter: Compat change id reported: 135772972; UID 10021; state: DISABLED
01-04 01:15:06.878 1133 1663 D CompatibilityChangeReporter: Compat change id reported: 135754954; UID 10021; state: ENABLED
01-04 01:15:06.910 1133 3017 I am_uid_running: 10085
01-04 01:15:06.911 1133 3017 D CompatibilityChangeReporter: Compat change id reported: 135634846; UID 10085; state: DISABLED
01-04 01:15:06.911 1133 3017 D CompatibilityChangeReporter: Compat change id reported: 177438394; UID 10085; state: DISABLED
01-04 01:15:06.911 1133 3017 D CompatibilityChangeReporter: Compat change id reported: 135772972; UID 10085; state: DISABLED
01-04 01:15:06.912 1133 3017 D CompatibilityChangeReporter: Compat change id reported: 135754954; UID 10085; state: ENABLED
01-01 08:01:45.964 0 0 I binder : 3437:3437 ioctl 40046210 ffc94548 returned -22
01-04 01:15:06.937 1133 3017 I dvm_lock_sample: [system_server,1,Binder:1133_A,6,ActivityManagerService.java,12480,android.content.Intent com.android.server.am.ActivityManagerService.registerReceiverWithFeature(android.app.IApplicationThread, java.lang.String, java.lang.String, java.lang.String, android.content.IIntentReceiver, android.content.IntentFilter, java.lang.String, int, int),-,11980,android.content.ComponentName com.android.server.am.ActivityManagerService.startService(android.app.IApplicationThread, android.content.Intent, java.lang.String, boolean, java.lang.String, java.lang.String, int),1]
01-04 01:15:06.939 1133 3017 I am_uid_running: 10092
01-04 01:15:06.940 1133 3017 D CompatibilityChangeReporter: Compat change id reported: 135634846; UID 10092; state: DISABLED
01-04 01:15:06.940 1133 3017 D CompatibilityChangeReporter: Compat change id reported: 177438394; UID 10092; state: DISABLED
01-04 01:15:06.940 1133 3017 D CompatibilityChangeReporter: Compat change id reported: 135772972; UID 10092; state: DISABLED
01-04 01:15:06.940 1133 3017 D CompatibilityChangeReporter: Compat change id reported: 135754954; UID 10092; state: ENABLED
01-04 01:15:06.941 1133 2503 I am_proc_bound: [0,3437,com.hht.lebocast]
01-04 01:15:06.942 1133 2503 D CompatibilityChangeReporter: Compat change id reported: 168419799; UID 10095; state: DISABLED
01-04 01:15:06.944 1133 2503 D CompatibilityChangeReporter: Compat change id reported: 181136395; UID 1000; state: DISABLED
01-04 01:15:06.945 1133 2503 D CompatibilityChangeReporter: Compat change id reported: 174042936; UID 1000; state: DISABLED
01-04 01:15:06.945 1133 2503 I am_uid_active: 10095
01-04 01:15:06.953 2904 3449 W ContextImpl: Calling a method in the system process without a qualified user: android.app.ContextImpl.startService:1816 android.content.ContextWrapper.startService:774 com.qualcomm.qti.qdma.util.PeriodicCI.run:477 com.qualcomm.qti.qdma.util.PeriodicCI.start:390 com.qualcomm.qti.qdma.app.ActiveCareService$ProcessSessionRequest.run:457
01-01 08:01:45.992 0 0 I devfreq-qcom-fw 18590000.qcom,devfreq-l3: qcom,cdsp-cdsp-l3-lat: Successfully started CDSP L3 governor
01-04 01:15:06.982 1133 1664 W ActivityManager: Slow operation: 335ms so far, now at startProcess: returned from zygote!
01-04 01:15:06.982 1133 1664 W ActivityManager: Slow operation: 335ms so far, now at startProcess: done updating battery stats
01-04 01:15:06.982 1133 1664 I am_proc_start: [0,3479,10061,ts.car.uart,added application,ts.car.uart]
01-04 01:15:06.982 1133 1664 W ActivityManager: Slow operation: 335ms so far, now at startProcess: building log message
01-04 01:15:06.983 1133 1664 I ActivityManager: Start proc 3479:ts.car.uart/u0a61 for added application ts.car.uart
01-04 01:15:06.983 1133 1664 W ActivityManager: Slow operation: 335ms so far, now at startProcess: starting to update pids map
01-04 01:15:06.983 1133 1664 W ActivityManager: Slow operation: 335ms so far, now at startProcess: done updating pids map
01-04 01:15:06.983 1133 1664 W ActivityManager: Slow operation: 328ms so far, now at startProcess: asking zygote to start proc
01-04 01:15:06.983 1133 1664 D CompatibilityChangeReporter: Compat change id reported: 143937733; UID 10057; state: ENABLED
01-04 01:15:06.999 1133 1583 D CompatibilityChangeReporter: Compat change id reported: 182478738; UID 1001; state: DISABLED
01-04 01:15:07.033 1133 1664 W ActivityManager: Slow operation: 379ms so far, now at startProcess: returned from zygote!
01-04 01:15:07.033 1133 1664 W ActivityManager: Slow operation: 379ms so far, now at startProcess: done updating battery stats
01-04 01:15:07.033 1133 1664 I am_proc_start: [0,3480,10057,.pasr,added application,.pasr]
01-04 01:15:07.033 1133 1664 W ActivityManager: Slow operation: 379ms so far, now at startProcess: building log message
01-04 01:15:07.033 1133 1664 I ActivityManager: Start proc 3480:.pasr/u0a57 for added application .pasr
01-04 01:15:07.033 1133 1664 W ActivityManager: Slow operation: 379ms so far, now at startProcess: starting to update pids map
01-04 01:15:07.034 1133 1664 W ActivityManager: Slow operation: 379ms so far, now at startProcess: done updating pids map
01-04 01:15:07.034 1133 1664 W ActivityManager: Slow operation: 363ms so far, now at startProcess: asking zygote to start proc
01-04 01:15:07.034 1133 1664 D CompatibilityChangeReporter: Compat change id reported: 143937733; UID 10081; state: DISABLED
01-01 08:01:46.138 0 0 I binder : 3480:3480 ioctl 40046210 7fe56c0b84 returned -22
01-04 01:15:07.100 1133 2503 D CompatibilityChangeReporter: Compat change id reported: 168419799; UID 10084; state: DISABLED
01-04 01:15:07.118 1133 1586 I dvm_lock_sample: [system_server,1,Binder:1133_2,27,ActivityManagerService.java,12661,void com.android.server.am.ActivityManagerService.unregisterReceiver(android.content.IIntentReceiver),-,12127,int com.android.server.am.ActivityManagerService.bindIsolatedService(android.app.IApplicationThread, android.os.IBinder, android.content.Intent, java.lang.String, android.app.IServiceConnection, int, java.lang.String, java.lang.String, int),5]
01-04 01:15:07.128 1133 1664 W ActivityManager: Slow operation: 458ms so far, now at startProcess: returned from zygote!
01-04 01:15:07.129 1133 1664 W ActivityManager: Slow operation: 458ms so far, now at startProcess: done updating battery stats
01-04 01:15:07.129 1133 1664 I am_proc_start: [0,3503,10081,com.qualcomm.qti.services.systemhelper:systemhelper_service,added application,com.qualcomm.qti.services.systemhelper:systemhelper_service]
01-04 01:15:07.129 1133 1664 W ActivityManager: Slow operation: 459ms so far, now at startProcess: building log message
01-04 01:15:07.129 1133 1664 I ActivityManager: Start proc 3503:com.qualcomm.qti.services.systemhelper:systemhelper_service/u0a81 for added application com.qualcomm.qti.services.systemhelper:systemhelper_service
01-01 08:01:46.160 0 0 I binder : 3479:3479 ioctl 40046210 7fe56c0b84 returned -22
01-04 01:15:07.129 1133 1664 W ActivityManager: Slow operation: 459ms so far, now at startProcess: starting to update pids map
01-01 08:01:46.168 0 0 I zram0 : detected capacity change from 0 to 4294967296
01-04 01:15:07.130 1133 1664 W ActivityManager: Slow operation: 459ms so far, now at startProcess: done updating pids map
01-04 01:15:07.130 1133 1664 W ActivityManager: Slow operation: 451ms so far, now at startProcess: asking zygote to start proc
01-04 01:15:07.130 1133 1664 D CompatibilityChangeReporter: Compat change id reported: 143937733; UID 10088; state: ENABLED
01-01 08:01:46.230 0 0 I binder : 3503:3503 ioctl 40046210 7fe56c0b84 returned -22
01-04 01:15:07.137 2691 3482 I service_manager_slow: [56,isub]
01-04 01:15:07.142 1133 2848 I service_manager_slow: [46,platform_compat]
01-04 01:15:07.144 1133 2848 D CompatibilityChangeReporter: Compat change id reported: 157233955; UID 10079; state: DISABLED
01-04 01:15:07.155 1133 1663 I am_wtf : [0,1133,system_server,-1,ActivityManager,Sending non-protected broadcast android.location.HIGH_POWER_REQUEST_CHANGE from system 3305:com.qualcomm.location/u0a79 pkg com.qualcomm.location]
01-04 01:15:07.156 1133 3017 I am_proc_bound: [0,3480,.pasr]
01-04 01:15:07.163 1133 3017 D CompatibilityChangeReporter: Compat change id reported: 168419799; UID 10057; state: DISABLED
01-04 01:15:07.168 1133 3017 I am_uid_active: 10057
01-04 01:15:07.181 1133 1664 W ActivityManager: Slow operation: 501ms so far, now at startProcess: returned from zygote!
01-04 01:15:07.181 1133 1133 W Looper : Slow dispatch took 916ms main h=android.app.ActivityThread$H c=android.app.LoadedApk$ReceiverDispatcher$Args$$ExternalSyntheticLambda0@8486309 m=0
01-04 01:15:07.181 1133 1133 W Looper : Slow delivery took 919ms main h=android.app.ActivityThread$H c=android.app.LoadedApk$ReceiverDispatcher$Args$$ExternalSyntheticLambda0@6f5190e m=0
01-04 01:15:07.186 1133 1586 I am_proc_bound: [0,3479,ts.car.uart]
01-04 01:15:07.190 1133 1586 D CompatibilityChangeReporter: Compat change id reported: 168419799; UID 10061; state: DISABLED
01-04 01:15:07.199 1133 1586 I am_uid_active: 10061
01-04 01:15:07.209 1133 2503 I dvm_lock_sample: [system_server,1,Binder:1133_6,34,ActivityManagerService.java,12480,android.content.Intent com.android.server.am.ActivityManagerService.registerReceiverWithFeature(android.app.IApplicationThread, java.lang.String, java.lang.String, java.lang.String, android.content.IIntentReceiver, android.content.IntentFilter, java.lang.String, int, int),-,4737,void com.android.server.am.ActivityManagerService.attachApplication(android.app.IApplicationThread, long),6]
01-04 01:15:07.211 1133 1650 I dvm_lock_sample: [system_server,1,android.display,42,ActivityManagerService.java,16165,void com.android.server.am.ActivityManagerService$LocalService.startProcess(java.lang.String, android.content.pm.ApplicationInfo, boolean, boolean, java.lang.String, android.content.ComponentName),-,4737,void com.android.server.am.ActivityManagerService.attachApplication(android.app.IApplicationThread, long),8]
01-04 01:15:07.216 1133 1664 W ActivityManager: Slow operation: 537ms so far, now at startProcess: done updating battery stats
01-04 01:15:07.216 1133 1664 I am_proc_start: [0,3515,10088,com.qualcomm.qti.qccnetstat,added application,com.qualcomm.qti.qccnetstat]
01-04 01:15:07.217 1133 1664 W ActivityManager: Slow operation: 537ms so far, now at startProcess: building log message
01-04 01:15:07.217 1133 1664 I ActivityManager: Start proc 3515:com.qualcomm.qti.qccnetstat/u0a88 for added application com.qualcomm.qti.qccnetstat
01-04 01:15:07.217 1133 1664 W ActivityManager: Slow operation: 537ms so far, now at startProcess: starting to update pids map
01-04 01:15:07.221 1133 1664 W ActivityManager: Slow operation: 541ms so far, now at startProcess: done updating pids map
01-04 01:15:07.221 1133 1664 W ActivityManager: Slow operation: 540ms so far, now at startProcess: asking zygote to start proc
01-04 01:15:07.221 1133 1664 D CompatibilityChangeReporter: Compat change id reported: 143937733; UID 10090; state: ENABLED
01-04 01:15:07.245 2904 3477 I service_manager_slow: [15,isub]
01-04 01:15:07.249 1133 3529 I am_proc_bound: [0,3503,com.qualcomm.qti.services.systemhelper:systemhelper_service]
01-04 01:15:07.250 1133 3362 V BackupManagerConstants: getKeyValueBackupIntervalMilliseconds(...) returns 14400000
01-04 01:15:07.250 1133 3362 V BackupManagerConstants: getKeyValueBackupFuzzMilliseconds(...) returns 600000
01-04 01:15:07.250 1133 1133 I NotificationHistory: Attempted to unlock gone/disabled user 0
01-04 01:15:07.257 1133 3529 D CompatibilityChangeReporter: Compat change id reported: 168419799; UID 10081; state: DISABLED
01-04 01:15:07.261 1133 3362 V BackupManagerConstants: getKeyValueBackupRequiredNetworkType(...) returns 1
01-04 01:15:07.261 1133 3362 V BackupManagerConstants: getKeyValueBackupRequireCharging(...) returns true
01-04 01:15:07.261 1133 3362 V KeyValueBackupJob: Scheduling k/v pass in 241 minutes
01-04 01:15:07.279 1133 3529 I am_uid_active: 10081
01-04 01:15:07.281 1133 1133 I notification_enqueue: [1000,1133,android,13,PreBootBroadcaster,0,Notification(channel=UPDATES shortcut=null contentView=null vibrate=null sound=null tick defaults=0x0 flags=0x2 color=0x00000000 vis=PUBLIC),0]
01-04 01:15:07.281 1133 2549 I dvm_lock_sample: [system_server,1,Binder:1133_8,27,ActivityManagerService.java,5206,java.lang.String com.android.server.am.ActivityManagerService.getTagForIntentSender(android.content.IIntentSender, java.lang.String),-,4737,void com.android.server.am.ActivityManagerService.attachApplication(android.app.IApplicationThread, long),5]
01-04 01:15:07.283 1133 1133 D BluetoothManagerService: Bluetooth Adapter address changed to F0:74:E4:3A:18:78
01-04 01:15:07.283 1133 1133 D BluetoothManagerService: Stored Bluetoothaddress: F0:74:E4:3A:18:78
01-04 01:15:07.283 1133 1133 D BluetoothManagerService: Bluetooth Adapter name changed to QCOM-BTD by android
01-04 01:15:07.283 1133 1133 D BluetoothManagerService: Stored Bluetooth name: QCOM-BTD
01-04 01:15:07.283 1133 1133 D BluetoothManagerService: Bluetooth Adapter address changed to F0:74:E4:3A:18:78
01-04 01:15:07.283 1133 1133 D BluetoothManagerService: Stored Bluetoothaddress: F0:74:E4:3A:18:78
01-04 01:15:07.285 1133 1133 V NotificationAssistants: disabling notification assistant for user 0: ComponentInfo{android.ext.services/android.ext.services.notification.Assistant}
01-04 01:15:07.285 1133 1133 D NotificationListeners: Removing active service ComponentInfo{android.ext.services/android.ext.services.notification.Assistant}
01-04 01:15:07.291 1133 1133 V NotificationAssistants: enabling notification assistant for 0: ComponentInfo{android.ext.services/android.ext.services.notification.Assistant}
01-04 01:15:07.291 1133 1133 V NotificationAssistants: binding: Intent { act=android.service.notification.NotificationAssistantService cmp=android.ext.services/.notification.Assistant (has extras) }
01-04 01:15:07.297 1133 1133 D CompatibilityChangeReporter: Compat change id reported: 168419799; UID 10101; state: DISABLED
01-04 01:15:07.305 1133 1663 I am_wtf : [0,1133,system_server,-1,Binder,Outgoing transactions from this process must be FLAG_ONEWAY]
01-01 08:01:46.347 0 0 I binder : 3479:3479 ioctl 40046210 7fe56bfa74 returned -22
01-04 01:15:07.318 1133 2409 I BackupManagerService: isBackupEnabled() => false due to absent settings file
01-04 01:15:07.318 1133 2409 D BackupManagerService: user:0 readBackupEnableState enabled:false
01-04 01:15:07.318 1133 2409 I BackupManagerService: [UserID:0] Backup enabled => false
01-01 08:01:46.350 0 0 I : Adding 4194300k swap on /dev/block/zram0. Priority:32758 extents:1 across:4194300k SS
01-04 01:15:07.323 1133 1664 W ActivityManager: Slow operation: 643ms so far, now at startProcess: returned from zygote!
01-04 01:15:07.326 1133 1664 W ActivityManager: Slow operation: 646ms so far, now at startProcess: done updating battery stats
01-04 01:15:07.326 1133 1664 I am_proc_start: [0,3538,10090,com.qualcomm.qti.workloadclassifier,added application,com.qualcomm.qti.workloadclassifier]
01-04 01:15:07.326 1133 1664 W ActivityManager: Slow operation: 646ms so far, now at startProcess: building log message
01-04 01:15:07.326 1133 1664 I ActivityManager: Start proc 3538:com.qualcomm.qti.workloadclassifier/u0a90 for added application com.qualcomm.qti.workloadclassifier
01-04 01:15:07.326 1133 1664 W ActivityManager: Slow operation: 646ms so far, now at startProcess: starting to update pids map
01-04 01:15:07.326 1133 1664 W ActivityManager: Slow operation: 646ms so far, now at startProcess: done updating pids map
01-04 01:15:07.327 1133 1664 W ActivityManager: Slow operation: 509ms so far, now at startProcess: asking zygote to start proc
01-04 01:15:07.327 1133 1664 D CompatibilityChangeReporter: Compat change id reported: 143937733; UID 10100; state: ENABLED
01-01 08:01:46.407 0 0 I binder : 3515:3515 ioctl 40046210 7fe56c0b84 returned -22
01-04 01:15:07.386 1133 2549 I am_proc_bound: [0,3515,com.qualcomm.qti.qccnetstat]
01-04 01:15:07.386 1133 1664 W ActivityManager: Slow operation: 569ms so far, now at startProcess: returned from zygote!
01-04 01:15:07.389 1133 3362 V BackupManagerConstants: getKeyValueBackupIntervalMilliseconds(...) returns 14400000
01-04 01:15:07.389 1133 3362 V BackupManagerConstants: getKeyValueBackupFuzzMilliseconds(...) returns 600000
01-04 01:15:07.389 1133 3362 V BackupManagerConstants: getKeyValueBackupRequiredNetworkType(...) returns 1
01-04 01:15:07.389 1133 3362 V BackupManagerConstants: getKeyValueBackupRequireCharging(...) returns true
01-04 01:15:07.389 1133 3362 V KeyValueBackupJob: Scheduling k/v pass in 241 minutes
01-04 01:15:07.389 1133 2549 D CompatibilityChangeReporter: Compat change id reported: 168419799; UID 10088; state: DISABLED
01-04 01:15:07.397 1133 2549 I am_uid_active: 10088
01-04 01:15:07.399 1133 1664 W ActivityManager: Slow operation: 581ms so far, now at startProcess: done updating battery stats
01-04 01:15:07.399 1133 1664 I am_proc_start: [0,3563,10100,com.android.providers.media.module,service,{com.android.providers.media.module/com.android.providers.media.fuse.ExternalStorageServiceImpl}]
01-04 01:15:07.399 1133 1664 I Watchdog: Interesting Java process com.android.providers.media.module started. Pid 3563
01-04 01:15:07.399 1133 1664 W ActivityManager: Slow operation: 582ms so far, now at startProcess: building log message
