01-04 01:15:00.907 1133 1133 I SystemServerTiming: OnBootPhase_600_com.android.server.pm.verify.domain.DomainVerificationService
01-04 01:15:00.907 1133 1133 D SystemServerTiming: OnBootPhase_600_com.android.server.pm.verify.domain.DomainVerificationService took to complete: 0ms
01-04 01:15:00.907 1133 1133 I SystemServerTiming: OnBootPhase_600_com.android.server.pm.PackageInstallerService$Lifecycle
01-04 01:15:00.907 1133 1133 D SystemServerTiming: OnBootPhase_600_com.android.server.pm.PackageInstallerService$Lifecycle took to complete: 0ms
01-04 01:15:00.907 1133 1133 I SystemServerTiming: OnBootPhase_600_com.android.server.pm.UserManagerService$LifeCycle
01-04 01:15:00.907 1133 1133 D SystemServerTiming: OnBootPhase_600_com.android.server.pm.UserManagerService$LifeCycle took to complete: 0ms
01-04 01:15:00.907 1133 1133 I SystemServerTiming: OnBootPhase_600_com.android.server.om.OverlayManagerService
01-04 01:15:00.907 1133 1133 D SystemServerTiming: OnBootPhase_600_com.android.server.om.OverlayManagerService took to complete: 0ms
01-04 01:15:00.907 1133 1133 I SystemServerTiming: OnBootPhase_600_com.android.server.SensorPrivacyService
01-04 01:15:00.907 1133 1133 D SystemServerTiming: OnBootPhase_600_com.android.server.SensorPrivacyService took to complete: 0ms
01-04 01:15:00.907 1133 1133 I SystemServerTiming: OnBootPhase_600_com.android.server.thunderperf.ThunderBoostPerfService
01-04 01:15:00.907 1133 1133 D SystemServerTiming: OnBootPhase_600_com.android.server.thunderperf.ThunderBoostPerfService took to complete: 0ms
01-04 01:15:00.907 1133 1133 I SystemServerTiming: OnBootPhase_600_com.android.server.sensors.SensorService
01-04 01:15:00.907 1133 1133 D SystemServerTiming: OnBootPhase_600_com.android.server.sensors.SensorService took to complete: 0ms
01-04 01:15:00.907 1133 1133 I SystemServerTiming: OnBootPhase_600_com.android.server.SystemConfigService
01-04 01:15:00.908 1133 1133 D SystemServerTiming: OnBootPhase_600_com.android.server.SystemConfigService took to complete: 0ms
01-04 01:15:00.908 1133 1133 I SystemServerTiming: OnBootPhase_600_com.android.server.BatteryService
01-04 01:15:00.908 1133 1133 D SystemServerTiming: OnBootPhase_600_com.android.server.BatteryService took to complete: 0ms
01-04 01:15:00.908 1133 1133 I SystemServerTiming: OnBootPhase_600_com.android.server.usage.UsageStatsService
01-04 01:15:00.908 1133 1133 D SystemServerTiming: OnBootPhase_600_com.android.server.usage.UsageStatsService took to complete: 0ms
01-04 01:15:00.908 1133 1133 I SystemServerTiming: OnBootPhase_600_com.android.server.webkit.WebViewUpdateService
01-04 01:15:00.908 1133 1133 D SystemServerTiming: OnBootPhase_600_com.android.server.webkit.WebViewUpdateService took to complete: 0ms
01-04 01:15:00.908 1133 1133 I SystemServerTiming: OnBootPhase_600_com.android.server.CachedDeviceStateService
01-04 01:15:00.908 1133 1133 D SystemServerTiming: OnBootPhase_600_com.android.server.CachedDeviceStateService took to complete: 0ms
01-04 01:15:00.908 1133 1133 I SystemServerTiming: OnBootPhase_600_com.android.server.BinderCallsStatsService$LifeCycle
01-04 01:15:00.908 1133 1133 D SystemServerTiming: OnBootPhase_600_com.android.server.BinderCallsStatsService$LifeCycle took to complete: 0ms
01-04 01:15:00.908 1133 1133 I SystemServerTiming: OnBootPhase_600_com.android.server.LooperStatsService$Lifecycle
01-04 01:15:00.909 1133 1133 D SystemServerTiming: OnBootPhase_600_com.android.server.LooperStatsService$Lifecycle took to complete: 0ms
01-04 01:15:00.909 1133 1133 I SystemServerTiming: OnBootPhase_600_com.android.server.rollback.RollbackManagerService
01-04 01:15:00.909 1133 1133 D SystemServerTiming: OnBootPhase_600_com.android.server.rollback.RollbackManagerService took to complete: 0ms
01-04 01:15:00.909 1133 1133 I SystemServerTiming: OnBootPhase_600_com.android.server.os.NativeTombstoneManagerService
01-04 01:15:00.909 1133 1133 D SystemServerTiming: OnBootPhase_600_com.android.server.os.NativeTombstoneManagerService took to complete: 0ms
01-04 01:15:00.909 1133 1133 I SystemServerTiming: OnBootPhase_600_com.android.server.os.BugreportManagerService
01-04 01:15:00.909 1133 1133 D SystemServerTiming: OnBootPhase_600_com.android.server.os.BugreportManagerService took to complete: 0ms
01-04 01:15:00.909 1133 1133 I SystemServerTiming: OnBootPhase_600_com.android.server.gpu.GpuService
01-04 01:15:00.909 1133 1133 D SystemServerTiming: OnBootPhase_600_com.android.server.gpu.GpuService took to complete: 0ms
01-04 01:15:00.909 1133 1133 I SystemServerTiming: OnBootPhase_600_com.android.server.security.KeyChainSystemService
01-04 01:15:00.909 1133 1133 D SystemServerTiming: OnBootPhase_600_com.android.server.security.KeyChainSystemService took to complete: 0ms
01-04 01:15:00.909 1133 1133 I SystemServerTiming: OnBootPhase_600_com.android.server.telecom.TelecomLoaderService
01-04 01:15:00.909 1133 1133 D SystemServerTiming: OnBootPhase_600_com.android.server.telecom.TelecomLoaderService took to complete: 0ms
01-04 01:15:00.909 1133 1133 I SystemServerTiming: OnBootPhase_600_com.android.server.accounts.AccountManagerService$Lifecycle
01-04 01:15:00.909 1133 1133 D SystemServerTiming: OnBootPhase_600_com.android.server.accounts.AccountManagerService$Lifecycle took to complete: 0ms
01-04 01:15:00.909 1133 1133 I SystemServerTiming: OnBootPhase_600_com.android.server.content.ContentService$Lifecycle
01-04 01:15:00.909 1133 1133 D SystemServerTiming: OnBootPhase_600_com.android.server.content.ContentService$Lifecycle took to complete: 0ms
01-04 01:15:00.910 1133 1133 I SystemServerTiming: OnBootPhase_600_com.android.server.DropBoxManagerService
01-04 01:15:00.910 1133 1133 D SystemServerTiming: OnBootPhase_600_com.android.server.DropBoxManagerService took to complete: 0ms
01-04 01:15:00.910 1133 1133 I SystemServerTiming: OnBootPhase_600_com.android.role.RoleService
01-04 01:15:00.910 1133 1133 D SystemServerTiming: OnBootPhase_600_com.android.role.RoleService took to complete: 0ms
01-04 01:15:00.910 1133 1133 I SystemServerTiming: OnBootPhase_600_com.android.server.vibrator.VibratorManagerService$Lifecycle
01-04 01:15:00.910 1133 1133 D SystemServerTiming: OnBootPhase_600_com.android.server.vibrator.VibratorManagerService$Lifecycle took to complete: 0ms
01-04 01:15:00.910 1133 1133 I SystemServerTiming: OnBootPhase_600_com.android.server.alarm.AlarmManagerService
01-04 01:15:00.910 1133 1133 D SystemServerTiming: OnBootPhase_600_com.android.server.alarm.AlarmManagerService took to complete: 0ms
01-04 01:15:00.910 1133 1133 I SystemServerTiming: OnBootPhase_600_com.android.server.devicestate.DeviceStateManagerService
01-04 01:15:00.910 1133 1133 D SystemServerTiming: OnBootPhase_600_com.android.server.devicestate.DeviceStateManagerService took to complete: 0ms
01-04 01:15:00.910 1133 1133 I SystemServerTiming: OnBootPhase_600_com.android.server.camera.CameraServiceProxy
01-04 01:15:00.910 1133 1133 D SystemServerTiming: OnBootPhase_600_com.android.server.camera.CameraServiceProxy took to complete: 0ms
01-04 01:15:00.910 1133 1133 I SystemServerTiming: OnBootPhase_600_com.android.server.BluetoothService
01-04 01:15:00.910 1133 1133 D SystemServerTiming: OnBootPhase_600_com.android.server.BluetoothService took to complete: 0ms
01-04 01:15:00.910 1133 1133 I SystemServerTiming: OnBootPhase_600_com.android.server.connectivity.IpConnectivityMetrics
01-04 01:15:00.910 1133 1133 D SystemServerTiming: OnBootPhase_600_com.android.server.connectivity.IpConnectivityMetrics took to complete: 0ms
01-04 01:15:00.911 1133 1133 I SystemServerTiming: OnBootPhase_600_com.android.server.net.watchlist.NetworkWatchlistService$Lifecycle
01-04 01:15:00.911 1133 1133 D SystemServerTiming: OnBootPhase_600_com.android.server.net.watchlist.NetworkWatchlistService$Lifecycle took to complete: 0ms
01-04 01:15:00.911 1133 1133 I SystemServerTiming: OnBootPhase_600_com.android.server.PinnerService
01-04 01:15:00.911 1133 1133 D SystemServerTiming: OnBootPhase_600_com.android.server.PinnerService took to complete: 0ms
01-04 01:15:00.911 1133 1133 I SystemServerTiming: OnBootPhase_600_com.google.android.startop.iorap.IorapForwardingService
01-04 01:15:00.911 1133 1133 D SystemServerTiming: OnBootPhase_600_com.google.android.startop.iorap.IorapForwardingService took to complete: 0ms
01-04 01:15:00.911 1133 1133 I SystemServerTiming: OnBootPhase_600_com.android.server.ActivityTriggerService
01-04 01:15:00.911 1133 1133 D SystemServerTiming: OnBootPhase_600_com.android.server.ActivityTriggerService took to complete: 0ms
01-04 01:15:00.911 1133 1133 I SystemServerTiming: OnBootPhase_600_com.android.server.integrity.AppIntegrityManagerService
01-04 01:15:00.911 1133 1133 D SystemServerTiming: OnBootPhase_600_com.android.server.integrity.AppIntegrityManagerService took to complete: 0ms
01-04 01:15:00.911 1133 1133 I SystemServerTiming: OnBootPhase_600_com.android.server.inputmethod.InputMethodManagerService$Lifecycle
01-04 01:15:00.911 1133 1133 D SystemServerTiming: OnBootPhase_600_com.android.server.inputmethod.InputMethodManagerService$Lifecycle took to complete: 0ms
01-04 01:15:00.911 1133 1133 I SystemServerTiming: OnBootPhase_600_com.android.server.accessibility.AccessibilityManagerService$Lifecycle
01-04 01:15:00.911 1133 1133 D SystemServerTiming: OnBootPhase_600_com.android.server.accessibility.AccessibilityManagerService$Lifecycle took to complete: 0ms
01-04 01:15:00.911 1133 1133 I SystemServerTiming: OnBootPhase_600_com.android.server.StorageManagerService$Lifecycle
01-04 01:15:00.911 1133 1133 D SystemServerTiming: OnBootPhase_600_com.android.server.StorageManagerService$Lifecycle took to complete: 0ms
01-04 01:15:00.912 1133 1133 I SystemServerTiming: OnBootPhase_600_com.android.server.usage.StorageStatsService$Lifecycle
01-04 01:15:00.912 1133 1133 D SystemServerTiming: OnBootPhase_600_com.android.server.usage.StorageStatsService$Lifecycle took to complete: 0ms
01-04 01:15:00.912 1133 1133 I SystemServerTiming: OnBootPhase_600_com.android.server.UiModeManagerService
01-04 01:15:00.912 1133 1133 D SystemServerTiming: OnBootPhase_600_com.android.server.UiModeManagerService took to complete: 0ms
01-04 01:15:00.912 1133 1133 I SystemServerTiming: OnBootPhase_600_com.android.server.locksettings.LockSettingsService$Lifecycle
01-04 01:15:00.912 1133 1133 D SystemServerTiming: OnBootPhase_600_com.android.server.locksettings.LockSettingsService$Lifecycle took to complete: 0ms
01-04 01:15:00.912 1133 1133 I SystemServerTiming: OnBootPhase_600_com.android.server.PersistentDataBlockService
01-04 01:15:00.912 1133 1133 D SystemServerTiming: OnBootPhase_600_com.android.server.PersistentDataBlockService took to complete: 0ms
01-04 01:15:00.912 1133 1133 I SystemServerTiming: OnBootPhase_600_com.android.server.testharness.TestHarnessModeService
01-04 01:15:00.912 1133 1133 D SystemServerTiming: OnBootPhase_600_com.android.server.testharness.TestHarnessModeService took to complete: 0ms
01-04 01:15:00.912 1133 1133 I SystemServerTiming: OnBootPhase_600_com.android.server.oemlock.OemLockService
01-04 01:15:00.912 1133 1133 D SystemServerTiming: OnBootPhase_600_com.android.server.oemlock.OemLockService took to complete: 0ms
01-04 01:15:00.913 1133 1133 I SystemServerTiming: OnBootPhase_600_com.android.server.DeviceIdleController
01-04 01:15:00.913 1133 1133 D SystemServerTiming: OnBootPhase_600_com.android.server.DeviceIdleController took to complete: 0ms
01-04 01:15:00.913 1133 1133 I SystemServerTiming: OnBootPhase_600_com.android.server.devicepolicy.DevicePolicyManagerService$Lifecycle
01-04 01:15:00.913 1133 1133 D SystemServerTiming: OnBootPhase_600_com.android.server.devicepolicy.DevicePolicyManagerService$Lifecycle took to complete: 0ms
01-04 01:15:00.913 1133 1133 I SystemServerTiming: OnBootPhase_600_com.android.server.texttospeech.TextToSpeechManagerService
01-04 01:15:00.913 1133 1133 D SystemServerTiming: OnBootPhase_600_com.android.server.texttospeech.TextToSpeechManagerService took to complete: 1ms
01-04 01:15:00.913 1133 1133 I SystemServerTiming: OnBootPhase_600_com.android.server.speech.SpeechRecognitionManagerService
01-04 01:15:00.913 1133 1133 D SystemServerTiming: OnBootPhase_600_com.android.server.speech.SpeechRecognitionManagerService took to complete: 0ms
01-04 01:15:00.914 1133 1133 I SystemServerTiming: OnBootPhase_600_com.android.server.searchui.SearchUiManagerService
01-04 01:15:00.914 1133 1133 D SystemServerTiming: OnBootPhase_600_com.android.server.searchui.SearchUiManagerService took to complete: 0ms
01-04 01:15:00.914 1133 1133 I SystemServerTiming: OnBootPhase_600_com.android.server.smartspace.SmartspaceManagerService
01-04 01:15:00.914 1133 1133 D SystemServerTiming: OnBootPhase_600_com.android.server.smartspace.SmartspaceManagerService took to complete: 1ms
01-04 01:15:00.914 1133 1133 I SystemServerTiming: OnBootPhase_600_com.android.server.graphics.fonts.FontManagerService$Lifecycle
01-04 01:15:00.914 1133 1133 D SystemServerTiming: OnBootPhase_600_com.android.server.graphics.fonts.FontManagerService$Lifecycle took to complete: 0ms
01-04 01:15:00.914 1133 1133 I SystemServerTiming: OnBootPhase_600_com.android.server.textservices.TextServicesManagerService$Lifecycle
01-04 01:15:00.915 1133 1133 D SystemServerTiming: OnBootPhase_600_com.android.server.textservices.TextServicesManagerService$Lifecycle took to complete: 0ms
01-04 01:15:00.915 1133 1133 I SystemServerTiming: OnBootPhase_600_com.android.server.textclassifier.TextClassificationManagerService$Lifecycle
01-04 01:15:00.915 1133 1133 D SystemServerTiming: OnBootPhase_600_com.android.server.textclassifier.TextClassificationManagerService$Lifecycle took to complete: 0ms
01-04 01:15:00.915 1133 1133 I SystemServerTiming: OnBootPhase_600_com.android.server.NetworkScoreService$Lifecycle
01-04 01:15:00.915 1133 1133 D SystemServerTiming: OnBootPhase_600_com.android.server.NetworkScoreService$Lifecycle took to complete: 0ms
01-04 01:15:00.915 1133 1133 I SystemServerTiming: OnBootPhase_600_com.android.server.wifi.WifiService
01-04 01:15:00.915 1133 1133 D SystemServerTiming: OnBootPhase_600_com.android.server.wifi.WifiService took to complete: 0ms
01-04 01:15:00.915 1133 1133 I SystemServerTiming: OnBootPhase_600_com.android.server.wifi.scanner.WifiScanningService
01-04 01:15:00.915 1133 1133 D SystemServerTiming: OnBootPhase_600_com.android.server.wifi.scanner.WifiScanningService took to complete: 0ms
01-04 01:15:00.915 1133 1133 I SystemServerTiming: OnBootPhase_600_com.android.server.wifi.rtt.RttService
01-04 01:15:00.915 1133 1133 D SystemServerTiming: OnBootPhase_600_com.android.server.wifi.rtt.RttService took to complete: 0ms
01-04 01:15:00.915 1133 1133 I SystemServerTiming: OnBootPhase_600_com.android.server.wifi.aware.WifiAwareService
01-04 01:15:00.916 1133 1133 D SystemServerTiming: OnBootPhase_600_com.android.server.wifi.aware.WifiAwareService took to complete: 0ms
01-04 01:15:00.916 1133 1133 I SystemServerTiming: OnBootPhase_600_com.android.server.wifi.p2p.WifiP2pService
01-04 01:15:00.916 1133 1133 D SystemServerTiming: OnBootPhase_600_com.android.server.wifi.p2p.WifiP2pService took to complete: 0ms
01-04 01:15:00.916 1133 1133 I SystemServerTiming: OnBootPhase_600_com.android.server.ethernet.EthernetService
01-04 01:15:00.916 1133 1133 D SystemServerTiming: OnBootPhase_600_com.android.server.ethernet.EthernetService took to complete: 0ms
01-04 01:15:00.916 2455 2455 D SystemUIBootTiming: DependencyInjection took to complete: 2ms
01-04 01:15:00.916 1133 1133 I SystemServerTiming: OnBootPhase_600_com.android.server.ConnectivityServiceInitializer
01-04 01:15:00.916 1133 1133 D SystemServerTiming: OnBootPhase_600_com.android.server.ConnectivityServiceInitializer took to complete: 0ms
01-04 01:15:00.916 1133 1133 I SystemServerTiming: OnBootPhase_600_com.android.server.notification.NotificationManagerService
01-04 01:15:00.927 1133 1133 D SystemServerTiming: OnBootPhase_600_com.android.server.notification.NotificationManagerService took to complete: 10ms
01-04 01:15:00.927 1133 1133 I SystemServerTiming: OnBootPhase_600_com.android.server.storage.DeviceStorageMonitorService
01-04 01:15:00.927 1133 1133 D SystemServerTiming: OnBootPhase_600_com.android.server.storage.DeviceStorageMonitorService took to complete: 0ms
01-04 01:15:00.927 1133 1133 I SystemServerTiming: OnBootPhase_600_com.android.server.location.LocationManagerService$Lifecycle
01-04 01:15:00.928 1133 1664 W ActivityManager: Slow operation: 144ms so far, now at startProcess: returned from zygote!
01-04 01:15:00.929 1133 1664 W ActivityManager: Slow operation: 144ms so far, now at startProcess: done updating battery stats
01-04 01:15:00.929 1133 1664 I am_proc_start: [0,2557,1037,WebViewLoader-armeabi-v7a,NULL,]
01-04 01:15:00.929 1133 1664 W ActivityManager: Slow operation: 144ms so far, now at startProcess: building log message
01-04 01:15:00.929 1133 1664 I ActivityManager: Start proc 2557:WebViewLoader-armeabi-v7a/1037 [android.webkit.WebViewLibraryLoader$RelroFileCreator] for null
01-04 01:15:00.929 1133 1664 W ActivityManager: Slow operation: 144ms so far, now at startProcess: starting to update pids map
01-04 01:15:00.929 1133 1664 W ActivityManager: Slow operation: 145ms so far, now at startProcess: done updating pids map
01-04 01:15:00.929 1133 1664 W ActivityManager: Slow operation: 143ms so far, now at startProcess: asking zygote to start proc
01-04 01:15:00.929 1133 1664 W ActivityManager: com.android.inputdevices inode == 0 (b/152760674)
01-04 01:15:00.960 1133 1664 W ActivityManager: Slow operation: 174ms so far, now at startProcess: returned from zygote!
01-04 01:15:00.961 1133 1664 W ActivityManager: Slow operation: 174ms so far, now at startProcess: done updating battery stats
01-04 01:15:00.961 1133 1664 I am_proc_start: [0,2560,1037,WebViewLoader-arm64-v8a,NULL,]
01-04 01:15:00.961 1133 1664 W ActivityManager: Slow operation: 174ms so far, now at startProcess: building log message
01-04 01:15:00.961 1133 1664 I ActivityManager: Start proc 2560:WebViewLoader-arm64-v8a/1037 [android.webkit.WebViewLibraryLoader$RelroFileCreator] for null
01-04 01:15:00.961 1133 1664 W ActivityManager: Slow operation: 174ms so far, now at startProcess: starting to update pids map
01-04 01:15:00.962 1133 1664 W ActivityManager: Slow operation: 175ms so far, now at startProcess: done updating pids map
01-01 08:01:39.984 0 0 E init : Control message: Could not find 'vendor.qti.hardware.iop@2.0::IIop/default' for ctl.interface_start from pid: 505 (/system/bin/hwservicemanager)
01-04 01:15:00.973 1133 1133 D TelephonyRegistry: listen oscl: mHasNotifySubscriptionInfoChangedOccurred==false no callback
01-04 01:15:00.992 1133 1133 W SystemServiceManager: Service com.android.server.location.LocationManagerService$Lifecycle took 64 ms in onBootPhase
01-04 01:15:00.992 1133 1133 D SystemServerTiming: OnBootPhase_600_com.android.server.location.LocationManagerService$Lifecycle took to complete: 64ms
01-04 01:15:00.992 1133 1133 I SystemServerTiming: OnBootPhase_600_com.android.server.timedetector.TimeDetectorService$Lifecycle
01-04 01:15:00.992 1133 1133 D SystemServerTiming: OnBootPhase_600_com.android.server.timedetector.TimeDetectorService$Lifecycle took to complete: 0ms
01-04 01:15:00.992 1133 1133 I SystemServerTiming: OnBootPhase_600_com.android.server.timezonedetector.TimeZoneDetectorService$Lifecycle
01-04 01:15:00.992 1133 1133 D SystemServerTiming: OnBootPhase_600_com.android.server.timezonedetector.TimeZoneDetectorService$Lifecycle took to complete: 0ms
01-04 01:15:00.992 1133 1133 I SystemServerTiming: OnBootPhase_600_com.android.server.timezonedetector.location.LocationTimeZoneManagerService$Lifecycle
01-04 01:15:00.992 1133 1133 D SystemServerTiming: OnBootPhase_600_com.android.server.timezonedetector.location.LocationTimeZoneManagerService$Lifecycle took to complete: 0ms
01-04 01:15:00.992 1133 1133 I SystemServerTiming: OnBootPhase_600_com.android.server.search.SearchManagerService$Lifecycle
01-04 01:15:00.992 1133 1133 D SystemServerTiming: OnBootPhase_600_com.android.server.search.SearchManagerService$Lifecycle took to complete: 0ms
01-04 01:15:00.992 1133 1133 I SystemServerTiming: OnBootPhase_600_com.android.server.wallpaper.WallpaperManagerService$Lifecycle
01-04 01:15:00.992 1133 1133 I WallpaperManagerService: switch-user-0
01-04 01:15:00.993 1133 1133 V WallpaperManagerService: bindWallpaperComponentLocked: componentName=null
01-04 01:15:00.993 1133 1133 V WallpaperManagerService: No default component; using image wallpaper
01-04 01:15:00.993 1133 1133 D WallpaperManagerService: switch-user-0 took to complete: 1ms
01-04 01:15:00.994 1133 1133 D SystemServerTiming: OnBootPhase_600_com.android.server.wallpaper.WallpaperManagerService$Lifecycle took to complete: 1ms
01-04 01:15:00.994 1133 1133 I SystemServerTiming: OnBootPhase_600_com.android.server.audio.AudioService$Lifecycle
01-04 01:15:00.994 1133 1133 D SystemServerTiming: OnBootPhase_600_com.android.server.audio.AudioService$Lifecycle took to complete: 0ms
01-04 01:15:00.994 1133 1133 I SystemServerTiming: OnBootPhase_600_com.android.server.soundtrigger_middleware.SoundTriggerMiddlewareService$Lifecycle
01-04 01:15:00.994 1133 1133 D SystemServerTiming: OnBootPhase_600_com.android.server.soundtrigger_middleware.SoundTriggerMiddlewareService$Lifecycle took to complete: 0ms
01-04 01:15:00.994 1133 1133 I SystemServerTiming: OnBootPhase_600_com.android.server.DockObserver
01-04 01:15:00.994 1133 1133 D SystemServerTiming: OnBootPhase_600_com.android.server.DockObserver took to complete: 0ms
01-04 01:15:00.994 1133 1133 I SystemServerTiming: OnBootPhase_600_com.android.server.midi.MidiService$Lifecycle
01-04 01:15:00.994 1133 1133 D SystemServerTiming: OnBootPhase_600_com.android.server.midi.MidiService$Lifecycle took to complete: 0ms
01-04 01:15:00.994 1133 1133 I SystemServerTiming: OnBootPhase_600_com.android.server.adb.AdbService$Lifecycle
01-04 01:15:00.994 1133 1133 D SystemServerTiming: OnBootPhase_600_com.android.server.adb.AdbService$Lifecycle took to complete: 0ms
01-04 01:15:00.994 1133 1133 I SystemServerTiming: OnBootPhase_600_com.android.server.usb.UsbService$Lifecycle
01-04 01:15:00.994 1133 1133 D SystemServerTiming: OnBootPhase_600_com.android.server.usb.UsbService$Lifecycle took to complete: 0ms
01-04 01:15:00.994 1133 1133 I SystemServerTiming: OnBootPhase_600_com.android.server.twilight.TwilightService
01-04 01:15:00.994 1133 1133 D SystemServerTiming: OnBootPhase_600_com.android.server.twilight.TwilightService took to complete: 0ms
01-04 01:15:00.994 1133 1133 I SystemServerTiming: OnBootPhase_600_com.android.server.display.color.ColorDisplayService
01-04 01:15:00.994 1133 1133 D SystemServerTiming: OnBootPhase_600_com.android.server.display.color.ColorDisplayService took to complete: 0ms
01-04 01:15:00.994 1133 1133 I SystemServerTiming: OnBootPhase_600_com.android.server.job.JobSchedulerService
01-04 01:15:00.996 1133 1133 D SystemServerTiming: OnBootPhase_600_com.android.server.job.JobSchedulerService took to complete: 1ms
01-04 01:15:00.996 1133 1133 I SystemServerTiming: OnBootPhase_600_com.android.server.soundtrigger.SoundTriggerService
01-04 01:15:00.996 1133 1133 D SoundTriggerService: onBootPhase: 600 : false
01-04 01:15:00.996 1133 1133 D SystemServerTiming: OnBootPhase_600_com.android.server.soundtrigger.SoundTriggerService took to complete: 0ms
01-04 01:15:00.996 1133 1133 I SystemServerTiming: OnBootPhase_600_com.android.server.trust.TrustManagerService
01-04 01:15:01.002 1133 1133 D BiometricService: Sensor ID(0), oemStrength: 15, updatedStrength: 15, modality 2, state: 0, cookie: 0, props: ID: 0, Strength: 2, Type: 1, sensorId 0, hasEnrollments: false cannot participate in Keystore operations
01-04 01:15:01.006 1133 1133 D SystemServerTiming: OnBootPhase_600_com.android.server.trust.TrustManagerService took to complete: 9ms
01-04 01:15:01.006 1133 1133 I SystemServerTiming: OnBootPhase_600_com.android.server.backup.BackupManagerService$Lifecycle
01-04 01:15:01.006 1133 1133 D SystemServerTiming: OnBootPhase_600_com.android.server.backup.BackupManagerService$Lifecycle took to complete: 0ms
01-04 01:15:01.006 1133 1133 I SystemServerTiming: OnBootPhase_600_com.android.server.appwidget.AppWidgetService
01-04 01:15:01.006 1133 1133 D SystemServerTiming: OnBootPhase_600_com.android.server.appwidget.AppWidgetService took to complete: 0ms
01-04 01:15:01.006 1133 1133 I SystemServerTiming: OnBootPhase_600_com.android.server.voiceinteraction.VoiceInteractionManagerService
01-04 01:15:01.007 1133 1133 D SystemServerTiming: OnBootPhase_600_com.android.server.voiceinteraction.VoiceInteractionManagerService took to complete: 1ms
01-04 01:15:01.007 1133 1133 I SystemServerTiming: OnBootPhase_600_com.android.server.apphibernation.AppHibernationService
01-04 01:15:01.007 1133 1133 D SystemServerTiming: OnBootPhase_600_com.android.server.apphibernation.AppHibernationService took to complete: 0ms
01-04 01:15:01.007 1133 1133 I SystemServerTiming: OnBootPhase_600_com.android.server.GestureLauncherService
01-04 01:15:01.008 1133 1133 D SystemServerTiming: OnBootPhase_600_com.android.server.GestureLauncherService took to complete: 1ms
01-04 01:15:01.008 1133 1133 I SystemServerTiming: OnBootPhase_600_com.android.server.SensorNotificationService
01-04 01:15:01.011 1133 1133 D SystemServerTiming: OnBootPhase_600_com.android.server.SensorNotificationService took to complete: 2ms
01-04 01:15:01.011 1133 1133 I SystemServerTiming: OnBootPhase_600_com.android.server.emergency.EmergencyAffordanceService
01-04 01:15:01.011 1133 1133 D SystemServerTiming: OnBootPhase_600_com.android.server.emergency.EmergencyAffordanceService took to complete: 1ms
01-04 01:15:01.011 1133 1133 I SystemServerTiming: OnBootPhase_600_com.android.server.blob.BlobStoreManagerService
01-04 01:15:01.013 1133 1133 D SystemServerTiming: OnBootPhase_600_com.android.server.blob.BlobStoreManagerService took to complete: 1ms
01-04 01:15:01.013 1133 1133 I SystemServerTiming: OnBootPhase_600_com.android.server.dreams.DreamManagerService
01-04 01:15:01.014 1133 1133 D SystemServerTiming: OnBootPhase_600_com.android.server.dreams.DreamManagerService took to complete: 1ms
01-04 01:15:01.014 1133 1133 I SystemServerTiming: OnBootPhase_600_com.android.server.companion.CompanionDeviceManagerService
01-04 01:15:01.014 1133 1133 D SystemServerTiming: OnBootPhase_600_com.android.server.companion.CompanionDeviceManagerService took to complete: 0ms
01-04 01:15:01.014 1133 1133 I SystemServerTiming: OnBootPhase_600_com.android.server.restrictions.RestrictionsManagerService
01-04 01:15:01.014 1133 1813 D Fingerprint21: Daemon was null, reconnecting, current operation: null
01-04 01:15:01.015 1133 1647 I service_manager_slow: [14,isub]
01-04 01:15:01.019 1133 1813 D Fingerprint21: Fingerprint HAL ready, HAL ID: 5326416
01-04 01:15:01.020 1133 1133 D SystemServerTiming: OnBootPhase_600_com.android.server.restrictions.RestrictionsManagerService took to complete: 0ms
01-04 01:15:01.021 1133 1133 I SystemServerTiming: OnBootPhase_600_com.android.server.media.MediaSessionService
01-04 01:15:01.021 1133 1647 W CarrierConfigManager: Error getting config for subId -1 ICarrierConfigLoader is null
01-04 01:15:01.021 1133 1133 D SystemServerTiming: OnBootPhase_600_com.android.server.media.MediaSessionService took to complete: 0ms
01-04 01:15:01.021 1133 1133 I SystemServerTiming: OnBootPhase_600_com.android.server.media.MediaResourceMonitorService
01-04 01:15:01.021 1133 1133 D SystemServerTiming: OnBootPhase_600_com.android.server.media.MediaResourceMonitorService took to complete: 0ms
01-04 01:15:01.021 1133 1133 I SystemServerTiming: OnBootPhase_600_com.android.server.biometrics.sensors.fingerprint.FingerprintService
01-04 01:15:01.021 1133 1133 D SystemServerTiming: OnBootPhase_600_com.android.server.biometrics.sensors.fingerprint.FingerprintService took to complete: 0ms
01-04 01:15:01.021 1133 1133 I SystemServerTiming: OnBootPhase_600_com.android.server.biometrics.BiometricService
01-04 01:15:01.021 1133 1133 D SystemServerTiming: OnBootPhase_600_com.android.server.biometrics.BiometricService took to complete: 0ms
01-04 01:15:01.021 1133 1133 I SystemServerTiming: OnBootPhase_600_com.android.server.biometrics.AuthService
01-04 01:15:01.022 1133 1133 D SystemServerTiming: OnBootPhase_600_com.android.server.biometrics.AuthService took to complete: 0ms
01-04 01:15:01.022 1133 1133 I SystemServerTiming: OnBootPhase_600_com.android.server.pm.ShortcutService$Lifecycle
01-04 01:15:01.022 1133 1133 D SystemServerTiming: OnBootPhase_600_com.android.server.pm.ShortcutService$Lifecycle took to complete: 0ms
01-04 01:15:01.022 1133 1133 I SystemServerTiming: OnBootPhase_600_com.android.server.pm.LauncherAppsService
01-04 01:15:01.022 1133 1133 D SystemServerTiming: OnBootPhase_600_com.android.server.pm.LauncherAppsService took to complete: 0ms
01-04 01:15:01.022 1133 1133 I SystemServerTiming: OnBootPhase_600_com.android.server.pm.CrossProfileAppsService
01-04 01:15:01.022 1133 1133 D SystemServerTiming: OnBootPhase_600_com.android.server.pm.CrossProfileAppsService took to complete: 0ms
01-04 01:15:01.022 1133 1133 I SystemServerTiming: OnBootPhase_600_com.android.server.people.PeopleService
01-04 01:15:01.022 1133 1133 D SystemServerTiming: OnBootPhase_600_com.android.server.people.PeopleService took to complete: 0ms
01-04 01:15:01.022 1133 1133 I SystemServerTiming: OnBootPhase_600_com.android.server.media.metrics.MediaMetricsManagerService
01-04 01:15:01.022 1133 1133 D SystemServerTiming: OnBootPhase_600_com.android.server.media.metrics.MediaMetricsManagerService took to complete: 0ms
01-04 01:15:01.022 1133 1133 I SystemServerTiming: OnBootPhase_600_com.android.server.media.projection.MediaProjectionManagerService
01-04 01:15:01.022 1133 1133 D SystemServerTiming: OnBootPhase_600_com.android.server.media.projection.MediaProjectionManagerService took to complete: 0ms
01-04 01:15:01.022 1133 1133 I SystemServerTiming: OnBootPhase_600_com.android.server.slice.SliceManagerService$Lifecycle
01-04 01:15:01.023 1133 1133 D SystemServerTiming: OnBootPhase_600_com.android.server.slice.SliceManagerService$Lifecycle took to complete: 0ms
01-04 01:15:01.023 1133 1133 I SystemServerTiming: OnBootPhase_600_com.android.server.stats.StatsCompanion$Lifecycle
01-04 01:15:01.039 1133 1647 D CompatibilityChangeReporter: Compat change id reported: 168936375; UID 1000; state: ENABLED
01-04 01:15:01.040 1133 1647 D CompatibilityChangeReporter: Compat change id reported: 168936375; UID 1000; state: DISABLED
01-04 01:15:01.085 1133 1133 W SystemServiceManager: Service com.android.server.stats.StatsCompanion$Lifecycle took 63 ms in onBootPhase
01-04 01:15:01.085 1133 1133 D SystemServerTiming: OnBootPhase_600_com.android.server.stats.StatsCompanion$Lifecycle took to complete: 63ms
01-04 01:15:01.085 1133 1133 I SystemServerTiming: OnBootPhase_600_com.android.server.scheduling.RebootReadinessManagerService$Lifecycle
01-04 01:15:01.085 1133 1133 D SystemServerTiming: OnBootPhase_600_com.android.server.scheduling.RebootReadinessManagerService$Lifecycle took to complete: 0ms
01-04 01:15:01.085 1133 1133 I SystemServerTiming: OnBootPhase_600_com.android.server.stats.pull.StatsPullAtomService
01-04 01:15:01.086 1133 1133 D SystemServerTiming: OnBootPhase_600_com.android.server.stats.pull.StatsPullAtomService took to complete: 1ms
01-04 01:15:01.086 1133 1133 I SystemServerTiming: OnBootPhase_600_com.android.server.incident.IncidentCompanionService
01-04 01:15:01.086 1133 1133 D SystemServerTiming: OnBootPhase_600_com.android.server.incident.IncidentCompanionService took to complete: 0ms
01-01 08:01:40.120 0 0 I binder : 2557:2557 ioctl 40046210 ffc94548 returned -22
01-01 08:01:40.121 0 0 I binder : 2560:2560 ioctl 40046210 7fe56c0b84 returned -22
01-04 01:15:01.086 1133 1133 I SystemServerTiming: OnBootPhase_600_com.android.server.MmsServiceBroker
01-04 01:15:01.086 1133 1133 D SystemServerTiming: OnBootPhase_600_com.android.server.MmsServiceBroker took to complete: 0ms
01-04 01:15:01.087 1133 1133 I SystemServerTiming: OnBootPhase_600_com.android.server.autofill.AutofillManagerService
01-04 01:15:01.087 1133 1661 D StatsPullAtomService: Registering NetworkStats pullers with statsd
01-04 01:15:01.088 1133 1133 D SystemServerTiming: OnBootPhase_600_com.android.server.autofill.AutofillManagerService took to complete: 1ms
01-04 01:15:01.088 1133 1133 I SystemServerTiming: OnBootPhase_600_com.android.server.clipboard.ClipboardService
01-04 01:15:01.088 1133 1133 D SystemServerTiming: OnBootPhase_600_com.android.server.clipboard.ClipboardService took to complete: 0ms
01-04 01:15:01.088 1133 1133 I SystemServerTiming: OnBootPhase_600_com.android.server.appbinding.AppBindingService$Lifecycle
01-04 01:15:01.089 1133 1133 D SystemServerTiming: OnBootPhase_600_com.android.server.appbinding.AppBindingService$Lifecycle took to complete: 0ms
01-04 01:15:01.089 1133 1133 I SystemServerTiming: OnBootPhase_600_com.android.server.tracing.TracingServiceProxy
01-04 01:15:01.089 1133 1133 D SystemServerTiming: OnBootPhase_600_com.android.server.tracing.TracingServiceProxy took to complete: 0ms
01-04 01:15:01.089 1133 1133 I SystemServerTiming: OnBootPhase_600_com.android.server.policy.PermissionPolicyService
01-04 01:15:01.089 1133 1133 D SystemServerTiming: OnBootPhase_600_com.android.server.policy.PermissionPolicyService took to complete: 0ms
01-04 01:15:01.089 1133 1133 I SystemServerTiming: OnBootPhase_600_com.android.server.pm.StagingManager$Lifecycle
01-04 01:15:01.089 1133 1133 D SystemServerTiming: OnBootPhase_600_com.android.server.pm.StagingManager$Lifecycle took to complete: 0ms
01-04 01:15:01.089 1133 1133 I SystemServerTiming: OnBootPhase_600_com.android.server.app.GameManagerService$Lifecycle
01-04 01:15:01.089 1133 1133 D SystemServerTiming: OnBootPhase_600_com.android.server.app.GameManagerService$Lifecycle took to complete: 0ms
01-04 01:15:01.089 1133 1133 I SystemServerTiming: OnBootPhase_600_com.android.server.appsearch.AppSearchManagerService
01-04 01:15:01.089 1133 1133 D SystemServerTiming: OnBootPhase_600_com.android.server.appsearch.AppSearchManagerService took to complete: 0ms
01-04 01:15:01.089 1133 1133 I SystemServerTiming: OnBootPhase_600_com.android.server.media.MediaCommunicationService
01-04 01:15:01.089 1133 1133 D SystemServerTiming: OnBootPhase_600_com.android.server.media.MediaCommunicationService took to complete: 0ms
01-04 01:15:01.090 1133 1133 D SystemServerTiming: OnBootPhase_600 took to complete: 193ms
01-04 01:15:01.090 1133 1133 D SystemServerTiming: PhaseThirdPartyAppsCanStart took to complete: 193ms
01-04 01:15:01.090 1133 1133 I SystemServerTiming: StartNetworkStack
01-04 01:15:01.091 1133 1133 D ConnectivityModuleConnector: Starting networking module android.net.INetworkStackConnector
01-04 01:15:01.091 1133 1133 D ConnectivityModuleConnector: Starting networking module in network_stack process
01-04 01:15:01.100 1133 1133 I am_uid_running: 1073
01-04 01:15:01.101 1133 1133 D CompatibilityChangeReporter: Compat change id reported: 135634846; UID 1073; state: DISABLED
01-04 01:15:01.102 1133 1133 D CompatibilityChangeReporter: Compat change id reported: 177438394; UID 1073; state: DISABLED
01-04 01:15:01.102 1133 1133 D CompatibilityChangeReporter: Compat change id reported: 135772972; UID 1073; state: DISABLED
01-04 01:15:01.102 1133 1133 D CompatibilityChangeReporter: Compat change id reported: 135754954; UID 1073; state: ENABLED
01-04 01:15:01.103 1133 1664 W ActivityManager: com.android.networkstack inode == 0 (b/152760674)
01-04 01:15:01.105 1133 1133 D ConnectivityModuleConnector: Networking module service start requested
01-04 01:15:01.105 1133 1812 I am_proc_bound: [0,2560,WebViewLoader-arm64-v8a]
01-04 01:15:01.105 1133 1133 D SystemServerTiming: StartNetworkStack took to complete: 14ms
01-04 01:15:01.105 1133 1133 I SystemServerTiming: StartTethering
01-04 01:15:01.105 1133 1133 D ConnectivityModuleConnector: Starting networking module android.net.ITetheringConnector
01-04 01:15:01.106 1133 1133 D ConnectivityModuleConnector: Starting networking module in network_stack process
01-04 01:15:01.111 1133 1812 I am_uid_active: 1037
01-04 01:15:01.114 1133 1813 I am_proc_bound: [0,2557,WebViewLoader-armeabi-v7a]
01-04 01:15:01.123 1133 1133 D ConnectivityModuleConnector: Networking module service start requested
01-04 01:15:01.123 1133 1133 D SystemServerTiming: StartTethering took to complete: 18ms
01-04 01:15:01.123 1133 1133 I SystemServerTiming: MakeCountryDetectionServiceReady
01-04 01:15:01.123 1133 1133 D SystemServerTiming: MakeCountryDetectionServiceReady took to complete: 0ms
01-04 01:15:01.123 1133 1133 I SystemServerTiming: MakeNetworkTimeUpdateReady
01-04 01:15:01.134 1133 1661 I service_manager_slow: [22,alarm]
01-04 01:15:01.136 1133 1661 I netstats_mobile_sample: [0,0,0,0,0,0,0,0,0,0,0,0,1672766101135]
01-04 01:15:01.136 1133 1661 I netstats_wifi_sample: [0,0,0,0,0,0,0,0,0,0,0,0,1672766101135]
01-04 01:15:01.136 1133 1649 I commit_sys_config_file: [notification-policy,1581]
01-04 01:15:01.143 1133 2549 W PackageManager: Loading a package that does not exist for the calling user. package=null, user=0
01-04 01:15:01.145 1133 1829 I commit_sys_config_file: [settings-0-0,34]
01-04 01:15:01.146 1133 2549 W PackageManager: Loading a package that does not exist for the calling user. package=null, user=0
01-04 01:15:01.154 1133 1133 D SystemServerTiming: MakeNetworkTimeUpdateReady took to complete: 30ms
01-04 01:15:01.154 1133 1133 I SystemServerTiming: MakeInputManagerServiceReady
01-04 01:15:01.154 1133 1133 I configuration_changed: 16384
01-04 01:15:01.155 1133 1133 I ActivityTaskManager: Config changes=4000 {1.0 ?mcc?mnc [zh_CN] ldltr sw680dp w1586dp h584dp 240dpi lrg long hdr land finger -keyb/v/h -nav/h winConfig={ mBounds=Rect(0, 0 - 2380, 1020) mAppBounds=Rect(0, 0 - 2380, 948) mMaxBounds=Rect(0, 0 - 2380, 1020) mWindowingMode=fullscreen mDisplayWindowingMode=fullscreen mActivityType=undefined mAlwaysOnTop=undefined mRotation=ROTATION_0} s.10 fontWeightAdjustment=0}
01-04 01:15:01.156 1133 1133 I WindowManager: Override config changes=4000 {1.0 ?mcc?mnc [zh_CN] ldltr sw680dp w1586dp h584dp 240dpi lrg long hdr land finger -keyb/v/h -nav/h winConfig={ mBounds=Rect(0, 0 - 2380, 1020) mAppBounds=Rect(0, 0 - 2380, 948) mMaxBounds=Rect(0, 0 - 2380, 1020) mWindowingMode=fullscreen mDisplayWindowingMode=fullscreen mActivityType=undefined mAlwaysOnTop=undefined mRotation=ROTATION_0} s.10 fontWeightAdjustment=0} for displayId=0
01-04 01:15:01.168 1133 1133 D SystemServerTiming: MakeInputManagerServiceReady took to complete: 15ms
01-04 01:15:01.168 1133 1133 I SystemServerTiming: MakeTelephonyRegistryReady
01-04 01:15:01.169 1133 1133 D TelephonyRegistry: systemRunning register for intents
01-04 01:15:01.169 1133 1133 D SystemServerTiming: MakeTelephonyRegistryReady took to complete: 0ms
01-04 01:15:01.169 1133 1133 I SystemServerTiming: MakeMediaRouterServiceReady
01-04 01:15:01.169 1133 1133 D SystemServerTiming: MakeMediaRouterServiceReady took to complete: 1ms
01-04 01:15:01.169 1133 1133 I SystemServerTiming: MakeMmsServiceReady
01-04 01:15:01.169 1133 1133 I MmsServiceBroker: Delay connecting to MmsService until an API is called
01-04 01:15:01.169 1133 1133 D SystemServerTiming: MakeMmsServiceReady took to complete: 0ms
01-04 01:15:01.170 1133 1133 I SystemServerTiming: IncidentDaemonReady
01-04 01:15:01.172 1133 1133 D SystemServerTiming: IncidentDaemonReady took to complete: 3ms
01-04 01:15:01.172 1133 1133 I SystemServerTiming: MakeIncrementalServiceReady
01-04 01:15:01.172 1133 1133 D SystemServerTiming: MakeIncrementalServiceReady took to complete: 0ms
01-04 01:15:01.172 1133 1133 I SystemServerTiming: getCurrentUser
01-04 01:15:01.172 1133 1133 I ActivityManager: Current user:0
01-04 01:15:01.172 1133 1133 D SystemServerTiming: getCurrentUser took to complete: 0ms
01-04 01:15:01.173 1133 1133 I SystemServerTiming: ActivityManagerStartApps
01-04 01:15:01.173 1133 1133 I ssm_user_starting: 0
01-04 01:15:01.173 1133 1133 I SystemServerTiming: ssm.StartUser-0
01-04 01:15:01.173 1133 1133 I SystemServiceManager: Calling onStartUser 0
01-04 01:15:01.173 1133 1133 I SystemServerTiming: ssm.onStartUser-0_com.android.server.security.FileIntegrityService
01-04 01:15:01.173 1133 1133 D SystemServerTiming: ssm.onStartUser-0_com.android.server.security.FileIntegrityService took to complete: 0ms
01-04 01:15:01.173 1133 1133 I SystemServerTiming: ssm.onStartUser-0_com.android.server.pm.Installer
01-04 01:15:01.173 1133 1133 D SystemServerTiming: ssm.onStartUser-0_com.android.server.pm.Installer took to complete: 0ms
01-04 01:15:01.173 1133 1133 I SystemServerTiming: ssm.onStartUser-0_com.android.server.os.DeviceIdentifiersPolicyService
01-04 01:15:01.173 1133 1133 D SystemServerTiming: ssm.onStartUser-0_com.android.server.os.DeviceIdentifiersPolicyService took to complete: 0ms
01-04 01:15:01.174 1133 1133 I SystemServerTiming: ssm.onStartUser-0_com.android.server.uri.UriGrantsManagerService$Lifecycle
01-04 01:15:01.174 1133 1133 D SystemServerTiming: ssm.onStartUser-0_com.android.server.uri.UriGrantsManagerService$Lifecycle took to complete: 0ms
01-04 01:15:01.174 1133 1133 I SystemServerTiming: ssm.onStartUser-0_com.android.server.powerstats.PowerStatsService
01-04 01:15:01.174 1133 1133 D SystemServerTiming: ssm.onStartUser-0_com.android.server.powerstats.PowerStatsService took to complete: 0ms
01-04 01:15:01.174 1133 1133 I SystemServerTiming: ssm.onStartUser-0_com.android.server.wm.ActivityTaskManagerService$Lifecycle
01-04 01:15:01.174 1133 1133 D SystemServerTiming: ssm.onStartUser-0_com.android.server.wm.ActivityTaskManagerService$Lifecycle took to complete: 0ms
01-04 01:15:01.174 1133 1133 I SystemServerTiming: ssm.onStartUser-0_com.android.server.am.ActivityManagerService$Lifecycle
01-04 01:15:01.174 1133 1133 D SystemServerTiming: ssm.onStartUser-0_com.android.server.am.ActivityManagerService$Lifecycle took to complete: 0ms
01-04 01:15:01.174 1133 1133 I SystemServerTiming: ssm.onStartUser-0_com.android.server.pm.DataLoaderManagerService
01-04 01:15:01.174 1133 1133 D SystemServerTiming: ssm.onStartUser-0_com.android.server.pm.DataLoaderManagerService took to complete: 0ms
01-04 01:15:01.174 1133 1133 I SystemServerTiming: ssm.onStartUser-0_com.android.server.power.PowerManagerService
01-04 01:15:01.174 1133 1133 D SystemServerTiming: ssm.onStartUser-0_com.android.server.power.PowerManagerService took to complete: 0ms
01-04 01:15:01.175 1133 1133 I SystemServerTiming: ssm.onStartUser-0_com.android.server.power.ThermalManagerService
01-04 01:15:01.175 1133 1133 D SystemServerTiming: ssm.onStartUser-0_com.android.server.power.ThermalManagerService took to complete: 0ms
01-04 01:15:01.175 1133 1133 I SystemServerTiming: ssm.onStartUser-0_com.android.server.power.hint.HintManagerService
01-04 01:15:01.175 1133 1133 D SystemServerTiming: ssm.onStartUser-0_com.android.server.power.hint.HintManagerService took to complete: 0ms
01-04 01:15:01.176 1133 1133 I SystemServerTiming: ssm.onStartUser-0_com.android.server.recoverysystem.RecoverySystemService$Lifecycle
01-04 01:15:01.176 1133 1133 D SystemServerTiming: ssm.onStartUser-0_com.android.server.recoverysystem.RecoverySystemService$Lifecycle took to complete: 0ms
01-04 01:15:01.176 1133 1133 I SystemServerTiming: ssm.onStartUser-0_com.android.server.lights.LightsService
01-04 01:15:01.176 1133 1133 D SystemServerTiming: ssm.onStartUser-0_com.android.server.lights.LightsService took to complete: 0ms
01-04 01:15:01.176 1133 1133 I SystemServerTiming: ssm.onStartUser-0_com.android.server.display.DisplayManagerService
01-04 01:15:01.176 1133 1133 D SystemServerTiming: ssm.onStartUser-0_com.android.server.display.DisplayManagerService took to complete: 0ms
01-04 01:15:01.176 1133 1133 I SystemServerTiming: ssm.onStartUser-0_com.android.server.pm.verify.domain.DomainVerificationService
01-04 01:15:01.176 1133 1133 D SystemServerTiming: ssm.onStartUser-0_com.android.server.pm.verify.domain.DomainVerificationService took to complete: 0ms
01-04 01:15:01.176 1133 1133 I SystemServerTiming: ssm.onStartUser-0_com.android.server.pm.PackageInstallerService$Lifecycle
01-04 01:15:01.176 1133 1133 D SystemServerTiming: ssm.onStartUser-0_com.android.server.pm.PackageInstallerService$Lifecycle took to complete: 0ms
01-04 01:15:01.176 1133 1133 I SystemServerTiming: ssm.onStartUser-0_com.android.server.pm.UserManagerService$LifeCycle
01-04 01:15:01.176 1133 1133 D SystemServerTiming: ssm.onStartUser-0_com.android.server.pm.UserManagerService$LifeCycle took to complete: 0ms
01-04 01:15:01.177 1133 1133 I SystemServerTiming: ssm.onStartUser-0_com.android.server.om.OverlayManagerService
01-04 01:15:01.177 1133 1133 D SystemServerTiming: ssm.onStartUser-0_com.android.server.om.OverlayManagerService took to complete: 0ms
01-04 01:15:01.177 1133 1133 I SystemServerTiming: ssm.onStartUser-0_com.android.server.SensorPrivacyService
01-04 01:15:01.177 1133 1133 D SystemServerTiming: ssm.onStartUser-0_com.android.server.SensorPrivacyService took to complete: 1ms
01-04 01:15:01.177 1133 1133 I SystemServerTiming: ssm.onStartUser-0_com.android.server.thunderperf.ThunderBoostPerfService
01-04 01:15:01.177 1133 1133 D SystemServerTiming: ssm.onStartUser-0_com.android.server.thunderperf.ThunderBoostPerfService took to complete: 0ms
01-04 01:15:01.177 1133 1133 I SystemServerTiming: ssm.onStartUser-0_com.android.server.sensors.SensorService
01-04 01:15:01.178 1133 1133 D SystemServerTiming: ssm.onStartUser-0_com.android.server.sensors.SensorService took to complete: 0ms
01-04 01:15:01.178 1133 1133 I SystemServerTiming: ssm.onStartUser-0_com.android.server.SystemConfigService
01-04 01:15:01.178 1133 1133 D SystemServerTiming: ssm.onStartUser-0_com.android.server.SystemConfigService took to complete: 0ms
01-04 01:15:01.178 1133 1133 I SystemServerTiming: ssm.onStartUser-0_com.android.server.BatteryService
01-04 01:15:01.178 1133 1133 D SystemServerTiming: ssm.onStartUser-0_com.android.server.BatteryService took to complete: 0ms
01-04 01:15:01.178 1133 1133 I SystemServerTiming: ssm.onStartUser-0_com.android.server.usage.UsageStatsService
01-04 01:15:01.178 1133 1133 D SystemServerTiming: ssm.onStartUser-0_com.android.server.usage.UsageStatsService took to complete: 0ms
01-04 01:15:01.178 1133 1133 I SystemServerTiming: ssm.onStartUser-0_com.android.server.webkit.WebViewUpdateService
01-04 01:15:01.178 1133 1133 D SystemServerTiming: ssm.onStartUser-0_com.android.server.webkit.WebViewUpdateService took to complete: 0ms
01-04 01:15:01.178 1133 1133 I SystemServerTiming: ssm.onStartUser-0_com.android.server.CachedDeviceStateService
01-04 01:15:01.179 1133 1133 D SystemServerTiming: ssm.onStartUser-0_com.android.server.CachedDeviceStateService took to complete: 0ms
01-04 01:15:01.179 1133 1133 I SystemServerTiming: ssm.onStartUser-0_com.android.server.BinderCallsStatsService$LifeCycle
01-04 01:15:01.179 1133 1133 D SystemServerTiming: ssm.onStartUser-0_com.android.server.BinderCallsStatsService$LifeCycle took to complete: 0ms
01-04 01:15:01.179 1133 1133 I SystemServerTiming: ssm.onStartUser-0_com.android.server.LooperStatsService$Lifecycle
01-04 01:15:01.179 1133 1133 D SystemServerTiming: ssm.onStartUser-0_com.android.server.LooperStatsService$Lifecycle took to complete: 0ms
01-04 01:15:01.179 1133 1133 I SystemServerTiming: ssm.onStartUser-0_com.android.server.rollback.RollbackManagerService
01-04 01:15:01.179 1133 1133 D SystemServerTiming: ssm.onStartUser-0_com.android.server.rollback.RollbackManagerService took to complete: 0ms
01-04 01:15:01.179 1133 1133 I SystemServerTiming: ssm.onStartUser-0_com.android.server.os.NativeTombstoneManagerService
01-04 01:15:01.179 1133 1133 D SystemServerTiming: ssm.onStartUser-0_com.android.server.os.NativeTombstoneManagerService took to complete: 0ms
01-04 01:15:01.179 1133 1133 I SystemServerTiming: ssm.onStartUser-0_com.android.server.os.BugreportManagerService
01-04 01:15:01.179 1133 1133 D SystemServerTiming: ssm.onStartUser-0_com.android.server.os.BugreportManagerService took to complete: 0ms
01-04 01:15:01.182 1133 1133 I SystemServerTiming: ssm.onStartUser-0_com.android.server.gpu.GpuService
01-04 01:15:01.182 1133 1133 D SystemServerTiming: ssm.onStartUser-0_com.android.server.gpu.GpuService took to complete: 0ms
01-04 01:15:01.182 1133 1133 I SystemServerTiming: ssm.onStartUser-0_com.android.server.security.KeyChainSystemService
01-04 01:15:01.182 1133 1133 D SystemServerTiming: ssm.onStartUser-0_com.android.server.security.KeyChainSystemService took to complete: 0ms
01-04 01:15:01.183 1133 1133 I SystemServerTiming: ssm.onStartUser-0_com.android.server.telecom.TelecomLoaderService
01-04 01:15:01.183 1133 1133 D SystemServerTiming: ssm.onStartUser-0_com.android.server.telecom.TelecomLoaderService took to complete: 0ms
01-04 01:15:01.183 1133 1133 I SystemServerTiming: ssm.onStartUser-0_com.android.server.accounts.AccountManagerService$Lifecycle
01-04 01:15:01.183 1133 1133 D SystemServerTiming: ssm.onStartUser-0_com.android.server.accounts.AccountManagerService$Lifecycle took to complete: 0ms
01-04 01:15:01.183 1133 1133 I SystemServerTiming: ssm.onStartUser-0_com.android.server.content.ContentService$Lifecycle
01-04 01:15:01.183 1133 1133 D SystemServerTiming: ssm.onStartUser-0_com.android.server.content.ContentService$Lifecycle took to complete: 0ms
01-04 01:15:01.184 1133 1133 I SystemServerTiming: ssm.onStartUser-0_com.android.server.DropBoxManagerService
01-04 01:15:01.184 1133 1133 D SystemServerTiming: ssm.onStartUser-0_com.android.server.DropBoxManagerService took to complete: 0ms
01-04 01:15:01.184 1133 1133 I SystemServerTiming: ssm.onStartUser-0_com.android.role.RoleService
01-04 01:15:01.196 1133 1661 I netstats_mobile_sample: [0,0,0,0,0,0,0,0,0,0,0,0,1672766101196]
