01-01 08:01:36.308 0 0 D cnss : Get IRQ number 354 for vector index 3
01-01 08:01:36.308 0 0 D cnss : Get IRQ number 355 for vector index 4
01-01 08:01:36.308 0 0 D cnss : Get IRQ number 356 for vector index 5
01-01 08:01:36.308 0 0 D cnss : Get IRQ number 357 for vector index 6
01-01 08:01:36.309 0 0 D cnss : Get IRQ number 359 for vector index 8
01-01 08:01:36.309 0 0 D cnss : Get IRQ number 360 for vector index 9
01-01 08:01:36.309 0 0 D cnss : Get IRQ number 362 for vector index 11
01-01 08:01:36.309 0 0 I [kworke][0x6e37aa6b][01:14:57.278213] wlan: [1710:I:WMI] WMI Stop
01-01 08:01:36.309 0 0 I [kworke][0x6e37ab6d][01:14:57.278225] wlan: [1710:I:HTC] htc_stop: endpoints cleanup
01-01 08:01:36.309 0 0 I [kworke][0x6e37bfd9][01:14:57.278498] wlan: [1710:I:HTC] htc_stop: stopping hif layer
01-01 08:01:36.347 0 0 I [kworke][0x6e42d7f5][01:14:57.316366] wlan: [1710:I:HTC] htc_stop: flush endpoints Tx lookup queue
01-01 08:01:36.347 0 0 I [kworke][0x6e42d93e][01:14:57.316383] wlan: [1710:I:HTC] htc_stop: resetting endpoints state
01-01 08:01:36.371 0 0 I [kworke][0x6e4a0318][01:14:57.340834] wlan: [1710:I:HIF] Deinitializing Runtime PM wakelock &ctx->user
01-01 08:01:36.371 0 0 I [kworke][0x6e4a143d][01:14:57.341063] wlan: [1710:I:HIF] Deinitializing Runtime PM wakelock &ctx->connect
01-01 08:01:36.372 0 0 I [kworke][0x6e4a1535][01:14:57.341076] wlan: [1710:I:HIF] Deinitializing Runtime PM wakelock &ctx->dfs
01-01 08:01:36.372 0 0 I [kworke][0x6e4a16c2][01:14:57.341096] wlan: [1710:I:HIF] Deinitializing Runtime PM wakelock &scan_priv->runtime_pm_lock
01-01 08:01:36.482 0 0 E [kworke][0x6e6a74df][01:14:57.451579] wlan: [1710:E:DP] dp_srng_cleanup: 1669: Ring type: 14, num:1 not setup
01-01 08:01:36.493 0 0 E [kworke][0x6e6dc4c0][01:14:57.462883] wlan: [1710:E:DP] dp_srng_cleanup: 1669: Ring type: 14, num:1 not setup
01-01 08:01:36.505 0 0 E [kworke][0x6e7113e7][01:14:57.474178] wlan: [1710:E:DP] dp_srng_cleanup: 1669: Ring type: 14, num:2 not setup
01-01 08:01:36.516 0 0 E [kworke][0x6e7463c5][01:14:57.485483] wlan: [1710:E:DP] dp_srng_cleanup: 1669: Ring type: 15, num:0 not setup
01-01 08:01:36.527 0 0 E [kworke][0x6e77b26e][01:14:57.496772] wlan: [1710:E:DP] dp_srng_cleanup: 1669: Ring type: 15, num:0 not setup
01-01 08:01:36.538 0 0 I [kworke][0x6e7b00e7][01:14:57.508058] wlan: [1710:I:DP] dp_tx_soc_detach Tx Desc Pool Free num_pool = 4, descs = 4096
01-01 08:01:36.539 0 0 I [kworke][0x6e7b1024][01:14:57.508261] wlan: [1710:I:DP] dp_tx_soc_detach MSDU Ext Desc Pool 4 Free descs = 4096
01-01 08:01:36.547 0 0 E [kworke][0x6e7d712d][01:14:57.516382] wlan: [1710:E:DP] dp_srng_cleanup: 1669: Ring type: 13, num:3 not setup
01-01 08:01:36.570 0 0 I [kworke][0x6e841b06][01:14:57.539127] wlan: [1710:I:HIF] Deinitializing Runtime PM wakelock &wma_handle->sap_prevent_runtime_pm_lock
01-01 08:01:36.570 0 0 I [kworke][0x6e841d0a][01:14:57.539154] wlan: [1710:I:HIF] Deinitializing Runtime PM wakelock &wma_handle->wmi_cmd_rsp_runtime_lock
01-01 08:01:36.571 0 0 I [kworke][0x6e84976d][01:14:57.540785] wlan: [1710:I:HIF] Deinitializing Runtime PM wakelock &vdev->vdev_set_key_runtime_wakelock
01-01 08:01:36.572 0 0 I [kworke][0x6e84d47b][01:14:57.541600] wlan: [1710:I:HIF] Deinitializing Runtime PM wakelock &vdev->vdev_set_key_runtime_wakelock
01-01 08:01:36.573 0 0 I [kworke][0x6e85139c][01:14:57.542441] wlan: [1710:I:HIF] Deinitializing Runtime PM wakelock &vdev->vdev_set_key_runtime_wakelock
01-01 08:01:36.574 0 0 I [kworke][0x6e85542c][01:14:57.543302] wlan: [1710:I:HIF] Deinitializing Runtime PM wakelock &vdev->vdev_set_key_runtime_wakelock
01-01 08:01:36.575 0 0 I [kworke][0x6e8594af][01:14:57.544162] wlan: [1710:I:HIF] Deinitializing Runtime PM wakelock &vdev->vdev_set_key_runtime_wakelock
01-01 08:01:36.576 0 0 I [kworke][0x6e85dfa0][01:14:57.545162] wlan: [1710:I:HIF] Deinitializing Runtime PM wakelock &vdev->vdev_set_key_runtime_wakelock
01-01 08:01:36.577 0 0 I [kworke][0x6e862c29][01:14:57.546182] wlan: [1710:I:HIF] Deinitializing Runtime PM wakelock &p2p_soc_obj->roc_runtime_lock
01-01 08:01:36.577 0 0 E [kworke][0x6e863025][01:14:57.546235] wlan: [1710:E:WMI] WMI handle is NULL
01-01 08:01:36.585 0 0 I [kworke][0x6e88adf6][01:14:57.554739] wlan: [1710:I:OSIF] os_if_spectral_free_skb: 558: Socket buffer is null, msg_type= 0
01-01 08:01:36.585 0 0 I [kworke][0x6e88ae82][01:14:57.554746] wlan: [1710:I:OSIF] os_if_spectral_free_skb: 558: Socket buffer is null, msg_type= 1
01-01 08:01:36.585 0 0 I [kworke][0x6e88aef3][01:14:57.554752] wlan: [1710:I:OSIF] os_if_spectral_free_skb: 558: Socket buffer is null, msg_type= 2
01-01 08:01:36.587 0 0 I [kworke][0x6e892a5e][01:14:57.556398] wlan: [1710:I:HIF] Deinitializing Runtime PM wakelock &mgmt_txrx_pdev_ctx->wakelock_tx_runtime_cmp
01-01 08:01:36.594 0 0 I [kworke][0x6e8b2e9c][01:14:57.563281] wlan: [1710:I:SPECTRAL] target_if_spectral_detach: 2036: spectral detach
01-01 08:01:36.594 0 0 I [kworke][0x6e8b3104][01:14:57.563313] wlan: [1710:I:GREEN_AP] wlan_green_ap_pdev_obj_destroy_notification: 146: Deleting green ap pdev obj, green ap ctx: ffffffc1c39de0e8, pdev: ffffffc1c5fe8ae8
01-01 08:01:36.594 0 0 I [kworke][0x6e8b3714][01:14:57.563394] wlan: [1710:I:GREEN_AP] wlan_green_ap_pdev_obj_destroy_notification: 159: green ap deletion successful
01-01 08:01:36.596 0 0 I [kworke][0x6e8be0dc][01:14:57.565658] wlan: [1710:I:HIF] Deinitializing Runtime PM wakelock &psoc_wakelock->wmi_cmd_rsp_runtime_lock
01-01 08:01:36.596 0 0 I [kworke][0x6e8bf83d][01:14:57.565969] wlan: [1710:I:HIF] hif_pci_disable_bus: X
01-01 08:01:36.596 0 0 D cnss : Sending mode message, mode: OFF(4), state: 0x187
01-01 08:01:36.607 0 0 E [kworke][0x6e8f2846][01:14:57.576851] wlan: [1710:E:QDF] cds_get_context: 1486: Module ID 61 context is Null
01-01 08:01:36.610 0 0 I cnss-daemon: wlfw_qmi_err_cb: Server disconnect, err -2 client 0x6K
01-01 08:01:36.610 0 0 D cnss : WLFW server exiting
01-01 08:01:36.619 0 0 I [kworke][0x6e9276e0][01:14:57.588138] wlan: [1710:I:HIF] Deinitializing Runtime PM wakelock &sc->prevent_linkdown_lock
01-01 08:01:36.619 0 0 D cnss : Posting event: SERVER_EXIT(1), state: 0x20187 flags: 0x0
01-01 08:01:36.620 0 0 D cnss : Read register offset 0x1f8031c, val = 0x2
01-01 08:01:36.620 0 0 D cnss : Write val 0x3 to register offset 0x1f8031c
01-01 08:01:36.623 0 0 D cnss : Setting MHI state: POWER_OFF(4)
01-01 08:01:36.651 0 0 D cnss : Suspending PCI link
01-01 08:01:36.662 0 0 I msm_pcie_disable: PCIe: Assert the reset of endpoint of RC0.
01-01 08:01:36.662 0 0 D cnss : Setting MHI state: DEINIT(1)
01-01 08:01:36.662 0 0 D cnss : De-assert WLAN_EN GPIO successfully
01-01 08:01:36.662 0 0 D cnss : Regulator vdd-wlan-rfa2 is being disabled
01-01 08:01:36.662 0 0 D cnss : Regulator vdd-wlan-rfa1 is being disabled
01-01 08:01:36.662 0 0 D cnss : Regulator vdd-wlan-dig is being disabled
01-01 08:01:36.663 0 0 D cnss : Regulator vdd-wlan-aon is being disabled
01-01 08:01:36.663 0 0 D cnss : Regulator wlan-ant-switch is being disabled
01-01 08:01:36.663 0 0 D cnss : Regulator vdd-wlan-io is being disabled
01-01 08:01:36.663 0 0 D cnss : Processing driver event: SERVER_EXIT(1), state: 0x20101
01-01 08:01:36.663 0 0 I cnss : QMI WLFW service disconnected, state: 0x20100
01-01 08:01:36.663 0 0 D cnss : Completed event: IDLE_SHUTDOWN(14), state: 0x20100, ret: 0/0
01-01 08:01:36.664 0 0 D cnss : PM relax, state: 0x100, count: 0
01-01 08:01:36.664 0 0 D cnss : PM stay awake, state: 0x100, count: 1
01-01 08:01:36.664 0 0 D cnss : PM relax, state: 0x100, count: 0
01-04 01:14:58.919 1133 1133 I sysui_multi_action: [757,804,799,opt_dialog_num_dexopted,801,30,802,1]
01-04 01:14:58.919 1133 1133 I sysui_multi_action: [757,804,799,opt_dialog_num_skipped,801,114,802,1]
01-04 01:14:58.920 1133 1133 I sysui_multi_action: [757,804,799,opt_dialog_num_failed,801,0,802,1]
01-04 01:14:58.920 1133 1133 I sysui_multi_action: [757,804,799,opt_dialog_num_total,801,131,802,1]
01-04 01:14:58.921 1133 1133 I sysui_multi_action: [757,804,799,opt_dialog_time_s,801,14,802,1]
01-04 01:14:58.921 1133 1133 I Watchdog: Resuming HandlerChecker: main thread for reason: dexopt. Pause count: 0
01-04 01:14:58.921 1133 1133 D SystemServerTiming: UpdatePackagesIfNeeded took to complete: 14485ms
01-04 01:14:58.921 1133 1133 I SystemServerTiming: PerformFstrimIfNeeded
01-04 01:14:58.922 1133 1133 I service_manager_stats: [124,91,16535]
01-04 01:14:58.922 1133 1133 W PackageManager: No disk maintenance in 1672766098922; running immediately
01-04 01:14:58.922 1133 1133 D SystemServerTiming: PerformFstrimIfNeeded took to complete: 0ms
01-04 01:14:58.922 1133 1133 I SystemServerTiming: StartLockSettingsService
01-04 01:14:58.922 1133 1133 I SystemServiceManager: Starting com.android.server.locksettings.LockSettingsService$Lifecycle
01-04 01:14:58.922 1133 1929 I StorageManagerService: Running fstrim idle maintenance
01-04 01:14:58.925 550 2374 D vold : Starting trim of /metadata
01-04 01:14:58.927 550 2374 I vold : Trimmed 7716864 bytes on /metadata in 1ms
01-04 01:14:58.928 550 2374 D vold : Starting trim of /data
01-04 01:14:58.928 550 2374 I vold : Trimmed 0 bytes on /data in 0ms
01-04 01:14:58.928 550 2374 D vold : Starting trim of /mnt/vendor/persist
01-04 01:14:58.928 1133 1583 I DropBoxManagerService: add tag=storage_trim isTagEnabled=true flags=0x2
01-04 01:14:58.930 1133 1583 I DropBoxManagerService: add tag=storage_trim isTagEnabled=true flags=0x2
01-04 01:14:58.931 550 550 I auditd : type=1400 audit(0.0:121): avc: denied { read } for comm="Binder:550_2" name="spunvm" dev="tmpfs" ino=38266 scontext=u:r:vold:s0 tcontext=u:object_r:vendor_spunvm_file:s0 tclass=dir permissive=0
01-04 01:14:58.933 550 2374 I vold : Trimmed 23830528 bytes on /mnt/vendor/persist in 4ms
01-04 01:14:58.933 550 2374 D vold : Starting trim of /mnt/vendor/spunvm
01-04 01:14:58.933 550 2374 W vold : Failed to open /mnt/vendor/spunvm: Permission denied
01-04 01:14:58.933 1133 1583 I DropBoxManagerService: add tag=storage_trim isTagEnabled=true flags=0x2
01-04 01:14:58.936 1133 1133 D SystemServerTiming: StartLockSettingsService took to complete: 14ms
01-04 01:14:58.936 1133 1133 I SystemServerTiming: StartPersistentDataBlock
01-04 01:14:58.936 1133 1133 I SystemServiceManager: Starting com.android.server.PersistentDataBlockService
01-04 01:14:58.937 1133 1133 D SystemServerTiming: StartPersistentDataBlock took to complete: 1ms
01-04 01:14:58.937 1133 1133 I SystemServerTiming: StartTestHarnessMode
01-04 01:14:58.937 1133 1133 I SystemServiceManager: Starting com.android.server.testharness.TestHarnessModeService
01-04 01:14:58.937 1133 2376 I SystemServerTimingAsync: InitThreadPoolExec:PersistentDataBlockService.onStart
01-04 01:14:58.938 1133 2376 D SystemServerInitThreadPool: Started executing PersistentDataBlockService.onStart
01-04 01:14:58.938 1133 1133 D SystemServerTiming: StartTestHarnessMode took to complete: 1ms
01-04 01:14:58.938 1133 1133 I SystemServerTiming: StartOemLockService
01-04 01:14:58.938 1133 1133 I SystemServiceManager: Starting com.android.server.oemlock.OemLockService
01-04 01:14:58.939 1133 1133 I OemLock : OemLock HAL not present on device
01-04 01:14:58.939 1133 1133 I OemLock : Using persistent data block based lock
01-04 01:14:58.940 1133 1133 D SystemServerTiming: StartOemLockService took to complete: 1ms
01-04 01:14:58.940 1133 1133 I SystemServerTiming: StartDeviceIdleController
01-04 01:14:58.940 1133 1133 I SystemServiceManager: Starting com.android.server.DeviceIdleController
01-04 01:14:58.941 1133 2376 E PersistentDataBlockService: not able to find package com.google.android.gms
01-04 01:14:58.941 1133 2376 E PersistentDataBlockService: android.content.pm.PackageManager$NameNotFoundException: com.google.android.gms
01-04 01:14:58.941 1133 2376 E PersistentDataBlockService: at android.app.ApplicationPackageManager.getPackageUidAsUser(ApplicationPackageManager.java:364)
01-04 01:14:58.941 1133 2376 E PersistentDataBlockService: at com.android.server.PersistentDataBlockService.getAllowedUid(PersistentDataBlockService.java:162)
01-04 01:14:58.941 1133 2376 E PersistentDataBlockService: at com.android.server.PersistentDataBlockService.lambda$onStart$0$PersistentDataBlockService(PersistentDataBlockService.java:176)
01-04 01:14:58.941 1133 2376 E PersistentDataBlockService: at com.android.server.PersistentDataBlockService$$ExternalSyntheticLambda0.run(Unknown Source:2)
01-04 01:14:58.941 1133 2376 E PersistentDataBlockService: at com.android.server.SystemServerInitThreadPool.lambda$submitTask$0$SystemServerInitThreadPool(SystemServerInitThreadPool.java:105)
01-04 01:14:58.941 1133 2376 E PersistentDataBlockService: at com.android.server.SystemServerInitThreadPool$$ExternalSyntheticLambda0.run(Unknown Source:6)
01-04 01:14:58.941 1133 2376 E PersistentDataBlockService: at java.util.concurrent.Executors$RunnableAdapter.call(Executors.java:462)
01-04 01:14:58.941 1133 2376 E PersistentDataBlockService: at java.util.concurrent.FutureTask.run(FutureTask.java:266)
01-04 01:14:58.941 1133 2376 E PersistentDataBlockService: at java.util.concurrent.ThreadPoolExecutor.runWorker(ThreadPoolExecutor.java:1167)
01-04 01:14:58.941 1133 2376 E PersistentDataBlockService: at java.util.concurrent.ThreadPoolExecutor$Worker.run(ThreadPoolExecutor.java:641)
01-04 01:14:58.941 1133 2376 E PersistentDataBlockService: at com.android.internal.util.ConcurrentUtils$1$1.run(ConcurrentUtils.java:65)
01-04 01:14:58.942 1133 1133 D SystemServerTiming: StartDeviceIdleController took to complete: 3ms
01-04 01:14:58.942 1133 1133 I SystemServerTiming: StartDevicePolicyManager
01-04 01:14:58.942 1133 1133 I SystemServiceManager: Starting com.android.server.devicepolicy.DevicePolicyManagerService$Lifecycle
01-04 01:14:58.945 1133 1133 D SystemServerTiming: StartDevicePolicyManager took to complete: 3ms
01-04 01:14:58.945 1133 1133 I SystemServerTiming: StartStatusBarManagerService
01-04 01:14:58.946 1133 1133 D SystemServerTiming: StartStatusBarManagerService took to complete: 1ms
01-04 01:14:58.946 1133 1133 D SystemServer: MusicRecognitionManagerService not defined by OEM or disabled by flag
01-04 01:14:58.946 1133 1133 D SystemServer: ContentCaptureService disabled because resource is not overlaid
01-04 01:14:58.946 1133 1133 D SystemServer: AttentionService is not configured on this device
01-04 01:14:58.946 1133 1133 D SystemServer: RotationResolverService is not configured on this device
01-04 01:14:58.947 1133 1133 D SystemServer: SystemCaptionsManagerService disabled because resource is not overlaid
01-04 01:14:58.947 1133 1133 I SystemServerTiming: StartTextToSpeechManagerService
01-04 01:14:58.947 1133 1133 I SystemServiceManager: Starting com.android.server.texttospeech.TextToSpeechManagerService
01-04 01:14:58.948 1133 1133 D SystemServerTiming: StartTextToSpeechManagerService took to complete: 1ms
01-04 01:14:58.948 1133 1133 I SystemServerTiming: StartSpeechRecognitionManagerService
01-04 01:14:58.948 1133 1133 I SystemServiceManager: Starting com.android.server.speech.SpeechRecognitionManagerService
01-04 01:14:58.949 1133 1133 D SystemServerTiming: StartSpeechRecognitionManagerService took to complete: 1ms
01-04 01:14:58.949 1133 1133 D SystemServer: AppPredictionService not defined by OEM
01-04 01:14:58.949 1133 1133 D SystemServer: ContentSuggestionsService not defined by OEM
01-04 01:14:58.949 1133 1133 I SystemServerTiming: StartSearchUiService
01-04 01:14:58.950 1133 1133 I SystemServiceManager: Starting com.android.server.searchui.SearchUiManagerService
01-04 01:14:58.951 1133 1133 D SystemServerTiming: StartSearchUiService took to complete: 1ms
01-04 01:14:58.951 1133 1133 I SystemServerTiming: StartSmartspaceService
01-04 01:14:58.951 1133 1133 I SystemServiceManager: Starting com.android.server.smartspace.SmartspaceManagerService
01-04 01:14:58.952 1133 1133 D SystemServerTiming: StartSmartspaceService took to complete: 2ms
01-04 01:14:58.952 1133 1133 I SystemServerTiming: InitConnectivityModuleConnector
01-04 01:14:58.952 1133 1133 D ConnectivityModuleConnector: Network stack init
01-04 01:14:58.954 1133 1133 D SystemServerTiming: InitConnectivityModuleConnector took to complete: 1ms
01-04 01:14:58.954 1133 1133 I SystemServerTiming: InitNetworkStackClient
01-04 01:14:58.954 1133 1133 D SystemServerTiming: InitNetworkStackClient took to complete: 1ms
01-04 01:14:58.954 1133 1133 I SystemServerTiming: StartNetworkManagementService
01-04 01:14:58.959 1133 1133 D SystemServerTiming: StartNetworkManagementService took to complete: 4ms
01-04 01:14:58.959 1133 1133 I SystemServerTiming: StartIpSecService
01-04 01:14:58.960 1133 1133 D SystemServerTiming: StartIpSecService took to complete: 2ms
01-04 01:14:58.960 1133 1133 I SystemServerTiming: StartFontManagerService
01-04 01:14:58.966 1133 2376 D SystemServerInitThreadPool: Finished executing PersistentDataBlockService.onStart
01-04 01:14:58.966 1133 2376 D SystemServerTimingAsync: InitThreadPoolExec:PersistentDataBlockService.onStart took to complete: 28ms
01-04 01:14:59.057 1133 1133 D SystemServerTiming: StartFontManagerService took to complete: 97ms
01-04 01:14:59.057 1133 1133 I SystemServerTiming: StartTextServicesManager
01-04 01:14:59.057 1133 1133 I SystemServiceManager: Starting com.android.server.textservices.TextServicesManagerService$Lifecycle
01-04 01:14:59.058 1133 1133 D SystemServerTiming: StartTextServicesManager took to complete: 1ms
01-04 01:14:59.058 1133 1133 I SystemServerTiming: StartTextClassificationManagerService
01-04 01:14:59.058 1133 1133 I SystemServiceManager: Starting com.android.server.textclassifier.TextClassificationManagerService$Lifecycle
01-04 01:14:59.059 1133 1133 D SystemServerTiming: StartTextClassificationManagerService took to complete: 1ms
01-04 01:14:59.059 1133 1133 I SystemServerTiming: StartNetworkScoreService
01-04 01:14:59.059 1133 1133 I SystemServiceManager: Starting com.android.server.NetworkScoreService$Lifecycle
01-04 01:14:59.060 1133 1133 D SystemServerTiming: StartNetworkScoreService took to complete: 1ms
01-04 01:14:59.060 1133 1133 I SystemServerTiming: StartNetworkStatsService
01-04 01:14:59.062 1133 1133 D SystemServerTiming: StartNetworkStatsService took to complete: 2ms
01-04 01:14:59.062 1133 1133 I SystemServerTiming: StartNetworkPolicyManagerService
01-01 08:01:38.095 0 0 I cnss-daemon: DMS thread joined succesfully
01-01 08:01:38.095 0 0 I cnss-daemon: wlfw_stop: Stop done: 0
01-01 08:01:38.095 0 0 I cnss-daemon: wlfw_start: Starting
01-04 01:14:59.066 1133 1133 D SystemServerTiming: StartNetworkPolicyManagerService took to complete: 3ms
01-04 01:14:59.066 1133 1133 I SystemServerTiming: StartWifi
01-01 08:01:38.096 0 0 I cnss-daemon: wlfw_service_request: Start the pthread: 0x0K
01-01 08:01:38.106 0 0 I cnss-daemon: ro.baseband : [apq]
01-04 01:14:59.124 1133 1133 I SystemServiceManager: Starting com.android.server.wifi.WifiService --------- beginning of radio
01-04 01:14:59.178 1133 1133 D TelephonyRegistry: listen oscl: mHasNotifySubscriptionInfoChangedOccurred==false no callback
01-04 01:14:59.197 1279 1279 I wificond: New wificond event callback registered
01-04 01:14:59.201 1133 1133 V HistoricalRegistry: Interaction before persistence initialized
01-04 01:14:59.206 1133 1133 D SystemServerTiming: StartWifi took to complete: 141ms
01-04 01:14:59.206 1133 1133 I SystemServerTiming: StartWifiScanning
01-04 01:14:59.206 1133 1133 I SystemServiceManager: Starting com.android.server.wifi.scanner.WifiScanningService
01-04 01:14:59.210 1133 1133 D SystemServerTiming: StartWifiScanning took to complete: 4ms
01-04 01:14:59.210 1133 1133 I SystemServerTiming: StartRttService
01-04 01:14:59.211 1133 1133 I SystemServiceManager: Starting com.android.server.wifi.rtt.RttService
01-04 01:14:59.212 1133 1133 D SystemServerTiming: StartRttService took to complete: 1ms
01-04 01:14:59.212 1133 1133 I SystemServerTiming: StartWifiAware
01-04 01:14:59.212 1133 1133 I SystemServiceManager: Starting com.android.server.wifi.aware.WifiAwareService
01-04 01:14:59.212 1133 1133 D SystemServerTiming: StartWifiAware took to complete: 1ms
01-04 01:14:59.212 1133 1133 I SystemServerTiming: StartWifiP2P
01-04 01:14:59.213 1133 1133 I SystemServiceManager: Starting com.android.server.wifi.p2p.WifiP2pService
01-04 01:14:59.219 1133 1133 D SystemServerTiming: StartWifiP2P took to complete: 7ms
01-04 01:14:59.219 1133 1133 I SystemServerTiming: StartEthernet
01-04 01:14:59.220 1133 1133 I SystemServiceManager: Starting com.android.server.ethernet.EthernetService
01-04 01:14:59.221 1133 1133 D SystemServerTiming: StartEthernet took to complete: 1ms
01-04 01:14:59.221 1133 1133 I SystemServerTiming: StartPacProxyService
01-04 01:14:59.223 1133 1133 D SystemServerTiming: StartPacProxyService took to complete: 2ms
01-04 01:14:59.223 1133 1133 I SystemServerTiming: StartConnectivityService
01-04 01:14:59.246 1133 1133 I SystemServiceManager: Starting com.android.server.ConnectivityServiceInitializer
01-04 01:14:59.278 1133 1133 D CompatibilityChangeReporter: Compat change id reported: 182478738; UID 1000; state: ENABLED
01-04 01:14:59.284 1133 1133 D SystemServerTiming: StartConnectivityService took to complete: 61ms
01-04 01:14:59.284 1133 1133 I SystemServerTiming: StartVpnManagerService
01-04 01:14:59.286 1133 1133 D SystemServerTiming: StartVpnManagerService took to complete: 3ms
01-04 01:14:59.286 1133 1133 I SystemServerTiming: StartVcnManagementService
01-04 01:14:59.289 1133 1133 D SystemServerTiming: StartVcnManagementService took to complete: 2ms
01-04 01:14:59.289 1133 1133 I SystemServerTiming: StartNsdService
01-04 01:14:59.290 1133 1133 D NsdService: Network service discovery is enabled
01-04 01:14:59.292 1133 1133 D SystemServerTiming: StartNsdService took to complete: 3ms
01-04 01:14:59.292 1133 1133 I SystemServerTiming: StartSystemUpdateManagerService
01-04 01:14:59.293 1133 1133 I SystemUpdateManagerService: No existing info file /data/system/system-update-info.xml
01-04 01:14:59.294 1133 1133 D SystemServerTiming: StartSystemUpdateManagerService took to complete: 2ms
01-04 01:14:59.294 1133 1133 I SystemServerTiming: StartUpdateLockService
01-04 01:14:59.295 1133 1133 D SystemServerTiming: StartUpdateLockService took to complete: 0ms
01-04 01:14:59.295 1133 1133 I SystemServerTiming: StartNotificationManager
01-04 01:14:59.295 1133 1133 I SystemServiceManager: Starting com.android.server.notification.NotificationManagerService
01-04 01:14:59.300 1133 1133 D ConditionProviders.SCP: new ScheduleConditionProvider()
01-04 01:14:59.303 1133 1133 I ConditionProviders: Allowing condition provider com.android.camera2 (userSet: true)
01-04 01:14:59.303 1133 1133 I ConditionProviders: Allowing condition provider android.ext.services/android.ext.services.notification.Assistant (userSet: true)
01-04 01:14:59.303 1133 1133 I NotificationAssistants: Allowing notification assistant android.ext.services/android.ext.services.notification.Assistant (userSet: false)
01-04 01:14:59.304 1133 1133 V NotificationAssistants: enabling notification assistant for 0: ComponentInfo{android.ext.services/android.ext.services.notification.Assistant}
01-04 01:14:59.304 1133 1133 V NotificationAssistants: binding: Intent { act=android.service.notification.NotificationAssistantService cmp=android.ext.services/.notification.Assistant (has extras) }
01-04 01:14:59.305 1133 1133 I GameModeConfig: isGameModeOn cache is null
01-04 01:14:59.306 1133 1133 I GameModeConfig: isGameModeOn = false
01-04 01:14:59.308 1133 1133 D CompatibilityChangeReporter: Compat change id reported: 157233955; UID 1000; state: ENABLED
01-04 01:14:59.314 1133 1133 I sysui_multi_action: [757,856,758,1,806,android,857,VIRTUAL_KEYBOARD,858,2]
01-04 01:14:59.315 1133 1133 I sysui_multi_action: [757,856,758,1,806,android,857,PHYSICAL_KEYBOARD,858,3]
01-04 01:14:59.316 1133 1133 I sysui_multi_action: [757,856,758,1,806,android,857,SECURITY,858,2]
01-04 01:14:59.316 1133 1133 I sysui_multi_action: [757,856,758,1,806,android,857,CAR_MODE,858,2]
01-04 01:14:59.317 1133 1133 I sysui_multi_action: [757,856,758,1,806,android,857,ACCOUNT,858,2]
01-04 01:14:59.317 1133 1133 I sysui_multi_action: [757,856,758,1,806,android,857,DEVELOPER,858,2]
01-04 01:14:59.318 1133 1133 I sysui_multi_action: [757,856,758,1,806,android,857,DEVELOPER_IMPORTANT,858,4]
01-04 01:14:59.319 1133 1133 I sysui_multi_action: [757,856,758,1,806,android,857,UPDATES,858,2]
01-04 01:14:59.319 1133 1133 I sysui_multi_action: [757,856,758,1,806,android,857,NETWORK_STATUS,858,2]
01-04 01:14:59.320 1133 1133 I sysui_multi_action: [757,856,758,1,806,android,857,NETWORK_ALERTS,858,4]
01-04 01:14:59.320 1133 1133 I sysui_multi_action: [757,856,758,1,806,android,857,NETWORK_AVAILABLE,858,2]
01-04 01:14:59.321 1133 1133 I sysui_multi_action: [757,856,758,1,806,android,857,VPN,858,2]
01-04 01:14:59.321 1133 1133 I sysui_multi_action: [757,856,758,1,806,android,857,DEVICE_ADMIN_ALERTS,858,4]
01-04 01:14:59.322 1133 1133 I sysui_multi_action: [757,856,758,1,806,android,857,ALERTS,858,3]
01-04 01:14:59.322 1133 1133 I sysui_multi_action: [757,856,758,1,806,android,857,RETAIL_MODE,858,2]
01-04 01:14:59.323 1133 1133 I sysui_multi_action: [757,856,758,1,806,android,857,USB,858,1]
01-04 01:14:59.323 1133 1133 I sysui_multi_action: [757,856,758,1,806,android,857,FOREGROUND_SERVICE,858,2]
01-04 01:14:59.324 1133 1133 I sysui_multi_action: [757,856,758,1,806,android,857,HEAVY_WEIGHT_APP,858,3]
01-04 01:14:59.324 1133 1133 I sysui_multi_action: [757,856,758,1,806,android,857,SYSTEM_CHANGES,858,2]
01-04 01:14:59.325 1133 1133 I sysui_multi_action: [757,856,758,1,806,android,857,DO_NOT_DISTURB,858,2]
01-04 01:14:59.325 1133 1133 I sysui_multi_action: [757,856,758,1,806,android,857,ACCESSIBILITY_MAGNIFICATION,858,4]
01-04 01:14:59.326 1133 1133 I sysui_multi_action: [757,856,758,1,806,android,857,ACCESSIBILITY_SECURITY_POLICY,858,2]
01-04 01:14:59.327 1133 1133 D SystemServerTiming: StartNotificationManager took to complete: 32ms
01-04 01:14:59.327 1133 1133 I SystemServerTiming: StartDeviceMonitor
01-04 01:14:59.327 1133 1133 I SystemServiceManager: Starting com.android.server.storage.DeviceStorageMonitorService
01-04 01:14:59.329 1133 1133 D SystemServerTiming: StartDeviceMonitor took to complete: 2ms
01-04 01:14:59.329 1133 1133 I SystemServerTiming: StartLocationManagerService
01-04 01:14:59.329 1133 1133 I SystemServiceManager: Starting com.android.server.location.LocationManagerService$Lifecycle
01-04 01:14:59.330 1133 2398 I storage_state: [41217664-9172-527a-b3d5-edabb50a7d69,0,0,116482211840,118610538496]
01-04 01:14:59.333 1133 1133 D SystemServerTiming: StartLocationManagerService took to complete: 3ms
01-04 01:14:59.333 1133 1133 I SystemServerTiming: StartCountryDetectorService
01-04 01:14:59.333 1133 1133 D SystemServerTiming: StartCountryDetectorService took to complete: 1ms
01-04 01:14:59.333 1133 1133 I SystemServerTiming: StartTimeDetectorService
01-04 01:14:59.334 1133 1133 I SystemServiceManager: Starting com.android.server.timedetector.TimeDetectorService$Lifecycle
01-04 01:14:59.335 1133 1133 D SystemServerTiming: StartTimeDetectorService took to complete: 1ms
01-04 01:14:59.335 1133 1133 I SystemServerTiming: StartTimeZoneDetectorService
01-04 01:14:59.335 1133 1133 I SystemServiceManager: Starting com.android.server.timezonedetector.TimeZoneDetectorService$Lifecycle
01-04 01:14:59.336 1133 1133 D SystemServerTiming: StartTimeZoneDetectorService took to complete: 2ms
01-04 01:14:59.336 1133 1133 I SystemServerTiming: StartLocationTimeZoneManagerService
01-04 01:14:59.336 1133 1133 I SystemServiceManager: Starting com.android.server.timezonedetector.location.LocationTimeZoneManagerService$Lifecycle
01-04 01:14:59.337 1133 1133 D SystemServerTiming: StartLocationTimeZoneManagerService took to complete: 0ms
01-04 01:14:59.337 1133 1133 I SystemServerTiming: StartSearchManagerService
01-04 01:14:59.337 1133 1133 I SystemServiceManager: Starting com.android.server.search.SearchManagerService$Lifecycle
01-04 01:14:59.338 1133 1133 D SystemServerTiming: StartSearchManagerService took to complete: 0ms
01-04 01:14:59.338 1133 1133 I SystemServerTiming: StartWallpaperManagerService
01-04 01:14:59.338 1133 1133 I SystemServiceManager: Starting com.android.server.wallpaper.WallpaperManagerService$Lifecycle
01-04 01:14:59.339 1133 1133 D SystemServerTiming: StartWallpaperManagerService took to complete: 0ms
01-04 01:14:59.339 1133 1133 I SystemServerTiming: StartAudioService
01-04 01:14:59.339 1133 1133 I SystemServiceManager: Starting com.android.server.audio.AudioService$Lifecycle
01-04 01:14:59.426 1133 1133 D SystemServerTiming: StartAudioService took to complete: 87ms
01-04 01:14:59.426 1133 1133 I SystemServerTiming: StartSoundTriggerMiddlewareService
01-04 01:14:59.426 1133 1133 I SystemServiceManager: Starting com.android.server.soundtrigger_middleware.SoundTriggerMiddlewareService$Lifecycle
01-04 01:14:59.431 1133 1133 D SystemServerTiming: StartSoundTriggerMiddlewareService took to complete: 5ms
01-04 01:14:59.431 1133 1133 I SystemServerTiming: StartDockObserver
01-04 01:14:59.431 1133 1133 I SystemServiceManager: Starting com.android.server.DockObserver
01-04 01:14:59.432 1133 1133 W DockObserver: This kernel does not have dock station support
01-04 01:14:59.432 1133 1133 D SystemServerTiming: StartDockObserver took to complete: 1ms
01-04 01:14:59.433 1133 1133 I SystemServerTiming: StartWiredAccessoryManager
01-04 01:14:59.433 1133 1133 W WiredAccessoryManager: This kernel does not have usb audio support
01-04 01:14:59.433 1133 1133 W WiredAccessoryManager: This kernel does not have HDMI audio support
01-04 01:14:59.434 1133 1133 E WiredAccessoryManager: file /sys/devices/platform/soc/soc:qcom,msm-ext-disp/extcon/extcon3/name not found
01-04 01:14:59.434 1133 1133 W WiredAccessoryManager: Conn soc:qcom,msm-ext-disp/3/0 does not have DP audio support
01-04 01:14:59.434 1133 1133 E WiredAccessoryManager: file /sys/devices/platform/soc/soc:qcom,msm-ext-disp/extcon/extcon2/name not found
01-04 01:14:59.434 1133 1133 W WiredAccessoryManager: Conn soc:qcom,msm-ext-disp/2/0 does not have DP audio support
01-04 01:14:59.435 1133 1133 E WiredAccessoryManager: set dev_index 1
01-04 01:14:59.436 1133 1133 W WiredAccessoryManager: checkCableIndex set cable 0
01-04 01:14:59.436 1133 1133 E WiredAccessoryManager: set dev_index 0
01-04 01:14:59.437 1133 1133 W WiredAccessoryManager: checkCableIndex set cable 0
01-04 01:14:59.437 1133 1133 D SystemServerTiming: StartWiredAccessoryManager took to complete: 4ms
01-04 01:14:59.437 1133 1133 I SystemServerTiming: StartMidiManager
01-04 01:14:59.437 1133 1133 I SystemServiceManager: Starting com.android.server.midi.MidiService$Lifecycle
01-04 01:14:59.438 1133 1133 D SystemServerTiming: StartMidiManager took to complete: 0ms
01-04 01:14:59.438 1133 1133 I SystemServerTiming: StartAdbService
01-04 01:14:59.438 1133 1133 I SystemServiceManager: Starting com.android.server.adb.AdbService$Lifecycle
01-04 01:14:59.439 1133 1133 D SystemServerTiming: StartAdbService took to complete: 1ms
01-04 01:14:59.439 1133 1133 I SystemServerTiming: StartUsbService
01-04 01:14:59.439 1133 1133 I SystemServiceManager: Starting com.android.server.usb.UsbService$Lifecycle
01-04 01:14:59.439 1133 1133 D SystemServerTiming: StartUsbService took to complete: 0ms
01-04 01:14:59.439 1133 1133 I SystemServerTiming: StartSerialService
01-04 01:14:59.440 1133 1655 I SystemServerTimingAsync: InitThreadPoolExec:UsbService$Lifecycle#onStart
01-04 01:14:59.440 1133 1655 D SystemServerInitThreadPool: Started executing UsbService$Lifecycle#onStart
01-04 01:14:59.440 1133 1133 D SystemServerTiming: StartSerialService took to complete: 1ms
01-04 01:14:59.440 1133 1133 I SystemServerTiming: StartHardwarePropertiesManagerService
01-04 01:14:59.441 1133 1655 E UsbDeviceManager: failed to write to /sys/class/android_usb/android0/f_rndis/ethaddr
01-04 01:14:59.443 1133 1655 I UsbDeviceManager: USB GADGET HAL not present in the device
01-04 01:14:59.443 1133 1655 I UsbDeviceManager: java.util.NoSuchElementException
01-04 01:14:59.443 1133 1655 I UsbDeviceManager: at android.os.HwBinder.getService(Native Method)
01-04 01:14:59.443 1133 1655 I UsbDeviceManager: at android.hardware.usb.gadget.V1_0.IUsbGadget.getService(IUsbGadget.java:57)
01-04 01:14:59.443 1133 1655 I UsbDeviceManager: at android.hardware.usb.gadget.V1_0.IUsbGadget.getService(IUsbGadget.java:64)
01-04 01:14:59.443 1133 1655 I UsbDeviceManager: at com.android.server.usb.UsbDeviceManager.(UsbDeviceManager.java:293)
01-04 01:14:59.443 1133 1655 I UsbDeviceManager: at com.android.server.usb.UsbService.(UsbService.java:178)
01-04 01:14:59.443 1133 1655 I UsbDeviceManager: at com.android.server.usb.UsbService$Lifecycle.lambda$onStart$0$UsbService$Lifecycle(UsbService.java:92)
01-04 01:14:59.443 1133 1655 I UsbDeviceManager: at com.android.server.usb.UsbService$Lifecycle$$ExternalSyntheticLambda1.run(Unknown Source:2)
01-04 01:14:59.443 1133 1655 I UsbDeviceManager: at com.android.server.SystemServerInitThreadPool.lambda$submitTask$0$SystemServerInitThreadPool(SystemServerInitThreadPool.java:105)
01-04 01:14:59.443 1133 1655 I UsbDeviceManager: at com.android.server.SystemServerInitThreadPool$$ExternalSyntheticLambda0.run(Unknown Source:6)
01-04 01:14:59.443 1133 1655 I UsbDeviceManager: at java.util.concurrent.Executors$RunnableAdapter.call(Executors.java:462)
01-04 01:14:59.443 1133 1655 I UsbDeviceManager: at java.util.concurrent.FutureTask.run(FutureTask.java:266)
01-04 01:14:59.443 1133 1655 I UsbDeviceManager: at java.util.concurrent.ThreadPoolExecutor.runWorker(ThreadPoolExecutor.java:1167)
01-04 01:14:59.443 1133 1655 I UsbDeviceManager: at java.util.concurrent.ThreadPoolExecutor$Worker.run(ThreadPoolExecutor.java:641)
01-04 01:14:59.443 1133 1655 I UsbDeviceManager: at com.android.internal.util.ConcurrentUtils$1$1.run(ConcurrentUtils.java:65)
01-04 01:14:59.443 1133 1655 E UsbDeviceManager: Failed to open control for mtp
01-04 01:14:59.443 1133 1133 D SystemServerTiming: StartHardwarePropertiesManagerService took to complete: 2ms
01-04 01:14:59.443 1133 1133 I SystemServerTiming: StartTwilightService
01-04 01:14:59.443 1133 1133 I SystemServiceManager: Starting com.android.server.twilight.TwilightService
01-04 01:14:59.443 1133 1655 E UsbDeviceManager: Failed to open control for ptp
01-04 01:14:59.443 1133 1133 D SystemServerTiming: StartTwilightService took to complete: 0ms
01-04 01:14:59.443 1133 1133 I SystemServerTiming: StartColorDisplay
01-04 01:14:59.443 1133 1133 I SystemServiceManager: Starting com.android.server.display.color.ColorDisplayService
01-04 01:14:59.444 1133 1133 D SystemServerTiming: StartColorDisplay took to complete: 1ms
01-04 01:14:59.445 1133 1133 I SystemServerTiming: StartJobScheduler
01-04 01:14:59.445 1133 1133 I SystemServiceManager: Starting com.android.server.job.JobSchedulerService
01-04 01:14:59.447 1133 1133 I JobStore: Read 0 jobs
01-04 01:14:59.448 1133 1655 W StorageManagerService: No primary storage defined yet; hacking together a stub
01-04 01:14:59.450 1133 1133 V HistoricalRegistry: Interaction before persistence initialized
01-04 01:14:59.450 1133 1133 V HistoricalRegistry: Interaction before persistence initialized
01-04 01:14:59.452 1133 1133 D SystemServerTiming: StartJobScheduler took to complete: 7ms
01-04 01:14:59.452 1133 1133 I SystemServerTiming: StartSoundTrigger
01-04 01:14:59.452 1133 1133 I SystemServiceManager: Starting com.android.server.soundtrigger.SoundTriggerService
01-01 08:01:38.106 0 0 I cnss-daemon: Hardware supports external modem
01-01 08:01:38.480 0 0 I : acc_open
01-01 08:01:38.480 0 0 I : acc_release
01-04 01:14:59.453 1133 1133 D SystemServerTiming: StartSoundTrigger took to complete: 1ms
01-04 01:14:59.453 1133 1133 I SystemServerTiming: StartTrustManager
01-04 01:14:59.453 1133 1133 I SystemServiceManager: Starting com.android.server.trust.TrustManagerService
01-04 01:14:59.453 1133 1916 I UsbPortManager: Usb hal service started android.hardware.usb@1.0::IUsb default
01-04 01:14:59.454 1133 1133 D SystemServerTiming: StartTrustManager took to complete: 1ms
01-04 01:14:59.454 1133 1133 I SystemServerTiming: StartBackupManager
01-04 01:14:59.454 1133 1133 I SystemServiceManager: Starting com.android.server.backup.BackupManagerService$Lifecycle
01-04 01:14:59.456 1133 1133 D SystemServerTiming: StartBackupManager took to complete: 3ms
01-04 01:14:59.456 1133 1133 I SystemServerTiming: StartAppWidgetService
01-04 01:14:59.456 1133 1133 I SystemServiceManager: Starting com.android.server.appwidget.AppWidgetService
01-04 01:14:59.458 1133 1133 D SystemServerTiming: StartAppWidgetService took to complete: 2ms
01-04 01:14:59.458 1133 1133 I SystemServerTiming: StartVoiceRecognitionManager
01-04 01:14:59.458 1133 1133 I SystemServiceManager: Starting com.android.server.voiceinteraction.VoiceInteractionManagerService
01-04 01:14:59.459 1133 1916 I UsbPortManager: USB HAL version: 12
01-04 01:14:59.463 1133 1133 I RoleServicePlatformHelperImpl: Legacy roles.xml not found
01-04 01:14:59.463 1133 1655 D SystemServerInitThreadPool: Finished executing UsbService$Lifecycle#onStart
01-04 01:14:59.463 1133 1655 D SystemServerTimingAsync: InitThreadPoolExec:UsbService$Lifecycle#onStart took to complete: 23ms
01-04 01:14:59.463 1133 1133 D SystemServerTiming: StartVoiceRecognitionManager took to complete: 5ms
01-04 01:14:59.463 1133 1133 I SystemServerTiming: StartAppHibernationService
01-04 01:14:59.463 1133 1133 I SystemServiceManager: Starting com.android.server.apphibernation.AppHibernationService
01-04 01:14:59.465 1133 1133 D SystemServerTiming: StartAppHibernationService took to complete: 2ms
01-04 01:14:59.465 1133 1133 I SystemServerTiming: StartGestureLauncher
01-04 01:14:59.465 1133 1133 I SystemServiceManager: Starting com.android.server.GestureLauncherService
01-04 01:14:59.465 1133 1133 D SystemServerTiming: StartGestureLauncher took to complete: 0ms
01-04 01:14:59.465 1133 1133 I SystemServerTiming: StartSensorNotification
01-04 01:14:59.465 1133 1133 I SystemServiceManager: Starting com.android.server.SensorNotificationService
01-04 01:14:59.465 1133 1133 D SystemServerTiming: StartSensorNotification took to complete: 0ms
01-04 01:14:59.465 1133 1133 I SystemServerTiming: StartDiskStatsService
01-04 01:14:59.467 1133 1133 D SystemServerTiming: StartDiskStatsService took to complete: 2ms
01-04 01:14:59.467 1133 1133 I SystemServerTiming: RuntimeService
01-04 01:14:59.468 1133 1133 D SystemServerTiming: RuntimeService took to complete: 1ms
01-04 01:14:59.468 1133 1133 I SystemServerTiming: StartNetworkTimeUpdateService
01-04 01:14:59.467 1133 1133 I auditd : type=1400 audit(0.0:122): avc: denied { read } for comm="system_server" name="u:object_r:vendor_default_prop:s0" dev="tmpfs" ino=28361 scontext=u:r:system_server:s0 tcontext=u:object_r:vendor_default_prop:s0 tclass=file permissive=0
01-04 01:14:59.470 1133 1133 D SystemServerTiming: StartNetworkTimeUpdateService took to complete: 1ms
01-04 01:14:59.470 1133 1133 I SystemServerTiming: CertBlacklister
01-04 01:14:59.470 1133 1133 D SystemServerTiming: CertBlacklister took to complete: 1ms
01-04 01:14:59.470 1133 1133 I SystemServerTiming: StartEmergencyAffordanceService
01-04 01:14:59.470 1133 1133 I SystemServiceManager: Starting com.android.server.emergency.EmergencyAffordanceService
01-04 01:14:59.471 1133 1133 D SystemServerTiming: StartEmergencyAffordanceService took to complete: 0ms
01-04 01:14:59.471 1133 1133 I SystemServerTiming: startBlobStoreManagerService
01-04 01:14:59.471 1133 1133 I SystemServiceManager: Starting com.android.server.blob.BlobStoreManagerService
01-04 01:14:59.474 1133 1133 D SystemServerTiming: startBlobStoreManagerService took to complete: 2ms
01-04 01:14:59.474 1133 1133 I SystemServerTiming: StartDreamManager
01-04 01:14:59.474 1133 1133 I SystemServiceManager: Starting com.android.server.dreams.DreamManagerService
01-04 01:14:59.474 1133 1133 D SystemServerTiming: StartDreamManager took to complete: 1ms
01-04 01:14:59.474 1133 1133 I SystemServerTiming: AddGraphicsStatsService
01-04 01:14:59.482 1133 1133 D SystemServerTiming: AddGraphicsStatsService took to complete: 8ms
01-04 01:14:59.482 1133 1133 I SystemServerTiming: StartCompanionDeviceManager
01-04 01:14:59.483 1133 1133 I SystemServiceManager: Starting com.android.server.companion.CompanionDeviceManagerService
01-04 01:14:59.484 1133 1133 D SystemServerTiming: StartCompanionDeviceManager took to complete: 2ms
01-04 01:14:59.484 1133 1133 I SystemServerTiming: StartRestrictionManager
01-04 01:14:59.484 1133 1133 I SystemServiceManager: Starting com.android.server.restrictions.RestrictionsManagerService
01-04 01:14:59.486 1133 1133 D SystemServerTiming: StartRestrictionManager took to complete: 2ms
01-04 01:14:59.486 1133 1133 I SystemServerTiming: StartMediaSessionService
01-04 01:14:59.486 1133 1133 I SystemServiceManager: Starting com.android.server.media.MediaSessionService
01-04 01:14:59.488 1133 1133 D SystemServerTiming: StartMediaSessionService took to complete: 1ms
01-04 01:14:59.488 1133 1133 I SystemServerTiming: StartMediaResourceMonitor
01-04 01:14:59.488 1133 1133 I SystemServiceManager: Starting com.android.server.media.MediaResourceMonitorService
01-04 01:14:59.488 1133 1133 D SystemServerTiming: StartMediaResourceMonitor took to complete: 1ms
01-04 01:14:59.488 1133 1133 I SystemServerTiming: StartMediaRouterService
01-04 01:14:59.488 1133 1133 V HistoricalRegistry: Interaction before persistence initialized
01-04 01:14:59.491 1133 1133 D SystemServerTiming: StartMediaRouterService took to complete: 2ms
01-04 01:14:59.491 1133 1133 I SystemServerTiming: StartFingerprintSensor
01-04 01:14:59.491 1133 1133 I SystemServiceManager: Starting com.android.server.biometrics.sensors.fingerprint.FingerprintService
01-04 01:14:59.491 1133 1133 D SystemServerTiming: StartFingerprintSensor took to complete: 1ms
01-04 01:14:59.491 1133 1133 I SystemServerTiming: StartBiometricService
01-04 01:14:59.492 1133 1133 I SystemServiceManager: Starting com.android.server.biometrics.BiometricService
01-04 01:14:59.494 1133 1133 D SystemServerTiming: StartBiometricService took to complete: 2ms
01-04 01:14:59.494 1133 1133 I SystemServerTiming: StartAuthService
01-04 01:14:59.494 1133 1133 I SystemServiceManager: Starting com.android.server.biometrics.AuthService
01-04 01:14:59.494 1133 1133 D AuthService: Registering HIDL ID: 0 Modality: 2 Strength: 15
01-04 01:14:59.495 1133 1133 D AuthService: Registering HIDL ID: 1 Modality: 8 Strength: 15
01-04 01:14:59.497 1133 1133 E AuthService: HIDL face configuration exists, but FaceService is null.
01-04 01:14:59.498 1133 1133 D SystemServerTiming: StartAuthService took to complete: 4ms
01-04 01:14:59.498 1133 1133 I SystemServerTiming: StartBackgroundDexOptService
01-04 01:14:59.499 1133 1133 D SystemServerTiming: StartBackgroundDexOptService took to complete: 0ms
01-04 01:14:59.499 1133 1133 I SystemServerTiming: StartDynamicCodeLoggingService
01-04 01:14:59.499 1133 1133 D SystemServerTiming: StartDynamicCodeLoggingService took to complete: 1ms
01-04 01:14:59.499 1133 1133 I SystemServerTiming: StartPruneInstantAppsJobService
01-04 01:14:59.499 1133 1133 D SystemServerTiming: StartPruneInstantAppsJobService took to complete: 0ms
01-04 01:14:59.499 1133 1133 I SystemServerTiming: StartShortcutServiceLifecycle
01-04 01:14:59.500 1133 1133 I SystemServiceManager: Starting com.android.server.pm.ShortcutService$Lifecycle
01-04 01:14:59.500 1133 1133 V HistoricalRegistry: Interaction before persistence initialized
01-04 01:14:59.501 1133 1133 D SystemServerTiming: StartShortcutServiceLifecycle took to complete: 2ms
01-04 01:14:59.501 1133 1133 I SystemServerTiming: StartLauncherAppsService
01-04 01:14:59.501 1133 1133 I SystemServiceManager: Starting com.android.server.pm.LauncherAppsService
01-04 01:14:59.504 1133 2416 D BiometricService: Registering ID: 0 Modality: 2 Strength: 15
01-04 01:14:59.504 1133 2416 D BiometricStrengthController: updateStrengths: revert sensorId=0 to oemStrength=15
01-04 01:14:59.504 1133 2416 D BiometricService/Sensor: updateStrength: Before(ID(0), oemStrength: 15, updatedStrength: 15, modality 2, state: 0, cookie: 0, props: ID: 0, Strength: 2, Type: 1) After(ID(0), oemStrength: 15, updatedStrength: 15, modality 2, state: 0, cookie: 0, props: ID: 0, Strength: 2, Type: 1)
01-04 01:14:59.505 1133 1133 D SystemServerTiming: StartLauncherAppsService took to complete: 3ms
01-04 01:14:59.505 1133 1133 I SystemServerTiming: StartCrossProfileAppsService
01-04 01:14:59.505 1133 1133 I SystemServiceManager: Starting com.android.server.pm.CrossProfileAppsService
01-04 01:14:59.505 1133 1133 D SystemServerTiming: StartCrossProfileAppsService took to complete: 1ms
01-04 01:14:59.506 1133 1133 I SystemServerTiming: StartPeopleService
01-04 01:14:59.506 1133 1133 I SystemServiceManager: Starting com.android.server.people.PeopleService
01-04 01:14:59.506 1133 1133 D SystemServerTiming: StartPeopleService took to complete: 1ms
01-04 01:14:59.506 1133 1133 I SystemServerTiming: StartMediaMetricsManager
01-04 01:14:59.506 1133 1133 I SystemServiceManager: Starting com.android.server.media.metrics.MediaMetricsManagerService
01-04 01:14:59.508 1133 1133 D SystemServerTiming: StartMediaMetricsManager took to complete: 1ms
01-04 01:14:59.508 1133 1133 I SystemServerTiming: StartMediaProjectionManager
01-04 01:14:59.508 1133 1133 I SystemServiceManager: Starting com.android.server.media.projection.MediaProjectionManagerService
01-04 01:14:59.510 1133 1133 D SystemServerTiming: StartMediaProjectionManager took to complete: 2ms
01-04 01:14:59.510 1133 1133 I SystemServerTiming: StartSliceManagerService
01-04 01:14:59.510 1133 1133 I SystemServiceManager: Starting com.android.server.slice.SliceManagerService$Lifecycle
01-04 01:14:59.512 1133 1133 D SystemServerTiming: StartSliceManagerService took to complete: 3ms
01-04 01:14:59.512 1133 1133 I SystemServerTiming: StartStatsCompanion
01-04 01:14:59.513 1133 1829 I commit_sys_config_file: [settings-0-0,7]
01-04 01:14:59.519 1133 1133 I SystemServiceManager: Starting com.android.server.stats.StatsCompanion$Lifecycle
01-04 01:14:59.527 1133 1133 D SystemServerTiming: StartStatsCompanion took to complete: 14ms
01-04 01:14:59.527 1133 1133 I SystemServerTiming: StartRebootReadinessManagerService
01-04 01:14:59.532 1133 1133 I SystemServiceManager: Starting com.android.server.scheduling.RebootReadinessManagerService$Lifecycle
01-04 01:14:59.537 1133 1133 D SystemServerTiming: StartRebootReadinessManagerService took to complete: 11ms
01-04 01:14:59.537 1133 1133 I SystemServerTiming: StartStatsPullAtomService
01-04 01:14:59.537 1133 1133 I SystemServiceManager: Starting com.android.server.stats.pull.StatsPullAtomService
01-04 01:14:59.537 1133 1133 D SystemServerTiming: StartStatsPullAtomService took to complete: 0ms
01-04 01:14:59.537 1133 1133 I SystemServerTiming: StartIncidentCompanionService
01-04 01:14:59.538 1133 1133 I SystemServiceManager: Starting com.android.server.incident.IncidentCompanionService
01-04 01:14:59.538 1133 1133 D SystemServerTiming: StartIncidentCompanionService took to complete: 1ms
01-04 01:14:59.538 1133 1133 I SystemServerTiming: StartMmsService
01-04 01:14:59.538 1133 1133 I SystemServiceManager: Starting com.android.server.MmsServiceBroker
01-04 01:14:59.539 1133 1133 D SystemServerTiming: StartMmsService took to complete: 1ms
01-04 01:14:59.539 1133 1133 I SystemServerTiming: StartAutoFillService
01-04 01:14:59.539 1133 1133 I SystemServiceManager: Starting com.android.server.autofill.AutofillManagerService
01-04 01:14:59.540 1133 1133 D AutofillManagerService: setLogLevelFromSettings(): level=2, debug=true, verbose=false
01-04 01:14:59.540 1133 1133 D AutofillManagerService: setMaxPartitionsFromSettings(): 10
01-04 01:14:59.540 1133 1133 D AutofillManagerService: setMaxVisibleDatasetsFromSettings(): 0
01-04 01:14:59.541 1133 1648 D AutofillUI: destroySaveUiUiThread(): already destroyed
01-04 01:14:59.541 1133 1133 D AutofillManagerServiceImpl: Reset component for user 0:
01-04 01:14:59.542 1133 1133 D SystemServerTiming: StartAutoFillService took to complete: 3ms
01-04 01:14:59.542 1133 1133 D SystemServer: TranslationService not defined by OEM
01-04 01:14:59.542 1133 1133 I SystemServerTiming: StartClipboardService
01-04 01:14:59.542 1133 1133 I SystemServiceManager: Starting com.android.server.clipboard.ClipboardService
01-04 01:14:59.544 1133 1133 D SystemServerTiming: StartClipboardService took to complete: 2ms
01-04 01:14:59.544 1133 1133 I SystemServerTiming: AppServiceManager
01-04 01:14:59.544 1133 1133 I SystemServiceManager: Starting com.android.server.appbinding.AppBindingService$Lifecycle
01-04 01:14:59.545 1133 1133 D SystemServerTiming: AppServiceManager took to complete: 1ms
01-04 01:14:59.545 1133 1133 I SystemServerTiming: startTracingServiceProxy
01-04 01:14:59.545 1133 1133 I SystemServiceManager: Starting com.android.server.tracing.TracingServiceProxy
01-04 01:14:59.546 1133 1133 D SystemServerTiming: startTracingServiceProxy took to complete: 1ms
01-04 01:14:59.546 1133 1133 I SystemServerTiming: MakeLockSettingsServiceReady
01-01 08:01:38.580 0 0 W F2FS-fs (dm-10): Unexpected flush for atomic writes: ino=1648, npages=3
01-04 01:14:59.555 1133 1649 I commit_sys_config_file: [notification-policy,1]
01-04 01:14:59.557 1133 1133 I LockSettingsService: Migrated lock settings to new location
01-04 01:14:59.560 1133 1133 I LockSettingsService: Migrated per-user lock settings to new location
01-04 01:14:59.563 1133 1133 I LockSettingsService: Migrated biometric weak to use the fallback instead
01-04 01:14:59.565 1133 1133 I LockSettingsService: Migrated lockscreen disabled flag
01-04 01:14:59.566 1133 1829 I commit_sys_config_file: [settings-1-0,1]
01-04 01:14:59.567 1133 1133 I LockSettingsService: Migrated keys to LSS namespace
