01-04 01:15:04.980 1133 1650 I ActivityManagerTiming: OnBootPhase_1000_com.android.server.pm.StagingManager$Lifecycle
01-04 01:15:04.981 1133 1650 D ActivityManagerTiming: OnBootPhase_1000_com.android.server.pm.StagingManager$Lifecycle took to complete: 0ms
01-04 01:15:04.981 1133 1650 I ActivityManagerTiming: OnBootPhase_1000_com.android.server.app.GameManagerService$Lifecycle
01-04 01:15:04.981 1133 1650 D GameManagerService: onBootCompleted
01-04 01:15:04.981 1133 1650 D ActivityManagerTiming: OnBootPhase_1000_com.android.server.app.GameManagerService$Lifecycle took to complete: 0ms
01-04 01:15:04.981 1133 1650 I ActivityManagerTiming: OnBootPhase_1000_com.android.server.appsearch.AppSearchManagerService
01-04 01:15:04.983 1133 1650 D ActivityManagerTiming: OnBootPhase_1000_com.android.server.appsearch.AppSearchManagerService took to complete: 2ms
01-04 01:15:04.983 1133 1650 I ActivityManagerTiming: OnBootPhase_1000_com.android.server.media.MediaCommunicationService
01-04 01:15:04.983 1133 1650 D ActivityManagerTiming: OnBootPhase_1000_com.android.server.media.MediaCommunicationService took to complete: 0ms
01-04 01:15:04.983 1133 1650 D ActivityManagerTiming: OnBootPhase_1000 took to complete: 144ms
01-04 01:15:04.983 1133 1650 D ActivityManagerTiming: TotalBootTime took to complete: 26589ms
01-04 01:15:04.983 1133 1650 D SystemServerInitThreadPool: Shutdown requested
01-04 01:15:04.983 1133 1650 I SystemServerTiming: WaitInitThreadPoolShutdown
01-04 01:15:04.989 1133 1650 D SystemServerInitThreadPool: Shutdown successful
01-04 01:15:04.989 1133 1650 D SystemServerTiming: WaitInitThreadPoolShutdown took to complete: 5ms
01-04 01:15:04.991 1133 1650 D CompatibilityChangeReporter: Compat change id reported: 135634846; UID 10101; state: DISABLED
01-04 01:15:04.991 1133 1650 D CompatibilityChangeReporter: Compat change id reported: 177438394; UID 10101; state: DISABLED
01-04 01:15:04.992 1133 1650 D CompatibilityChangeReporter: Compat change id reported: 135772972; UID 10101; state: DISABLED
01-04 01:15:04.992 1133 1650 D CompatibilityChangeReporter: Compat change id reported: 135754954; UID 10101; state: ENABLED
01-04 01:15:04.992 1133 1664 D CompatibilityChangeReporter: Compat change id reported: 143937733; UID 10101; state: ENABLED
01-04 01:15:04.993 1133 1664 W ActivityManager: android.ext.services inode == 0 (b/152760674)
01-01 08:01:44.017 0 0 E [kworke][0x770a0798][01:15:04.986763] wlan: [336:E:WMI] send_action_oui_cmd_tlv: 220: Invalid action id
01-01 08:01:44.028 0 0 E [kworke][0x770d5239][01:15:04.997998] wlan: [336:E:action_oui] ucfg_action_oui_send: 160: Failed to send: 7
01-01 08:01:44.040 0 0 E [kworke][0x7710bc10][01:15:05.009649] wlan: [336:E:WMI] send_action_oui_cmd_tlv: 220: Invalid action id
01-04 01:15:05.021 1133 1650 I uc_finish_user_boot: 0
01-04 01:15:05.021 1133 1650 I ActivityManager: User 0 state changed from BOOTING to RUNNING_LOCKED
01-04 01:15:05.021 1133 1650 I am_user_state_changed: [0,1]
01-04 01:15:05.021 1133 1650 W ActivityManager: UserLifecycleEvent 4 received without an active userJourneySession.
01-04 01:15:05.023 1133 1650 I uc_send_user_broadcast: [0,android.intent.action.LOCKED_BOOT_COMPLETED]
01-04 01:15:05.023 1133 1650 I uc_finish_user_unlocking: 0
01-04 01:15:05.023 1133 1650 W ActivityManager: UserLifecycleEvent 5 received without an active userJourneySession.
01-04 01:15:05.024 1133 1650 D ActivityManager: Started unlocking user 0
01-04 01:15:05.024 1133 1650 D ActivityManager: Unlocking user 0 progress 0
01-04 01:15:05.025 1133 1650 D ActivityManager: Unlocking user 0 progress 5
01-04 01:15:05.026 550 550 D vold : fscrypt_prepare_user_storage for volume null, user 0, serial 0, flags 2
01-04 01:15:05.026 550 550 D vold : Preparing: /data/system_ce/0
01-04 01:15:05.027 550 550 D vold : Preparing: /data/misc_ce/0
01-04 01:15:05.027 550 550 D vold : Preparing: /data/vendor_ce/0
01-04 01:15:05.027 550 550 D vold : Preparing: /data/media/0
01-04 01:15:05.027 1133 3017 I dvm_lock_sample: [system_server,0,Binder:1133_A,36,ContentProviderHelper.java,728,void com.android.server.am.ContentProviderHelper.removeContentProvider(android.os.IBinder, boolean),ActivityManagerService.java,4872,void com.android.server.am.ActivityManagerService.finishBooting(),7]
01-04 01:15:05.027 550 550 D vold : Preparing: /data/data
01-04 01:15:05.028 550 550 I vold : Encryption policy of /data/system_ce/0 set to 89ffb7338e6d1d8fa864ebb7f3f39f3b v2 modes 1/4 flags 0xa
01-04 01:15:05.028 550 550 I vold : Encryption policy of /data/misc_ce/0 set to 89ffb7338e6d1d8fa864ebb7f3f39f3b v2 modes 1/4 flags 0xa
01-04 01:15:05.028 550 550 I vold : Encryption policy of /data/vendor_ce/0 set to 89ffb7338e6d1d8fa864ebb7f3f39f3b v2 modes 1/4 flags 0xa
01-04 01:15:05.028 550 550 I vold : Encryption policy of /data/media/0 set to 89ffb7338e6d1d8fa864ebb7f3f39f3b v2 modes 1/4 flags 0xa
01-04 01:15:05.028 550 550 I vold : Encryption policy of /data/data set to 89ffb7338e6d1d8fa864ebb7f3f39f3b v2 modes 1/4 flags 0xa
01-04 01:15:05.028 550 550 D vold : Starting restorecon of /data/system_ce/0
01-04 01:15:05.028 1133 1663 I am_uid_running: 10071
01-01 08:01:44.051 0 0 E [kworke][0x7713f68f][01:15:05.020669] wlan: [336:E:action_oui] ucfg_action_oui_send: 160: Failed to send: 9
01-04 01:15:05.029 1133 1663 D CompatibilityChangeReporter: Compat change id reported: 135634846; UID 10071; state: DISABLED
01-04 01:15:05.029 1133 1663 D CompatibilityChangeReporter: Compat change id reported: 177438394; UID 10071; state: DISABLED
01-04 01:15:05.029 1133 1663 D CompatibilityChangeReporter: Compat change id reported: 135772972; UID 10071; state: DISABLED
01-04 01:15:05.029 1133 1663 D CompatibilityChangeReporter: Compat change id reported: 135754954; UID 10071; state: DISABLED
01-04 01:15:05.030 1133 1650 D ActivityManagerTiming: FinishBooting took to complete: 634ms
01-04 01:15:05.030 1133 1133 I notification_enqueue: [1000,1133,android,55,NULL,-1,Notification(channel=DEVELOPER shortcut=null contentView=null vibrate=null sound=null tick defaults=0x0 flags=0x2 color=0x00000000 vis=PUBLIC),0]
01-04 01:15:05.031 1133 1133 I sysui_multi_action: [757,1501,758,1,793,0,794,0,795,0,796,55,806,android,857,DEVELOPER,858,2,947,0,1500,0]
01-04 01:15:05.031 1133 1133 I sysui_multi_action: [757,804,799,note_interruptive,801,0,802,1]
01-04 01:15:05.031 1133 1133 I GameModeConfig: isGameModeOn = false
01-04 01:15:05.033 1133 1133 W NotificationHistory: Attempted to add notif for locked/gone/disabled user 0
01-04 01:15:05.034 1133 1649 I DropBoxManagerService: add tag=system_server_strictmode isTagEnabled=true flags=0x2
01-04 01:15:05.036 1133 1649 I DropBoxManagerService: add tag=system_server_strictmode isTagEnabled=true flags=0x2
01-04 01:15:05.038 1133 1649 I DropBoxManagerService: add tag=system_server_strictmode isTagEnabled=true flags=0x2
01-04 01:15:05.039 550 550 D vold : Finished restorecon of /data/system_ce/0
01-04 01:15:05.039 550 550 D vold : Starting restorecon of /data/vendor_ce/0
01-04 01:15:05.040 1133 1649 I DropBoxManagerService: add tag=system_server_strictmode isTagEnabled=true flags=0x2
01-01 08:01:44.063 0 0 E [kworke][0x77175873][01:15:05.032215] wlan: [336:E:HDD] hdd_action_oui_send: 13281: Failed to send one or all action_ouis
01-04 01:15:05.047 550 550 D vold : Finished restorecon of /data/vendor_ce/0
01-04 01:15:05.047 550 550 D vold : Starting restorecon of /data/misc_ce/0
01-04 01:15:05.056 550 550 D vold : Finished restorecon of /data/misc_ce/0
01-04 01:15:05.056 550 550 D vold : /system/bin/vold_prepare_subdirs
01-04 01:15:05.056 550 550 D vold : prepare
01-04 01:15:05.057 550 550 D vold :
01-04 01:15:05.057 550 550 D vold : 0
01-04 01:15:05.057 550 550 D vold : 2
01-01 08:01:44.097 0 0 D cnss : dma-coherent is enabled
01-01 08:01:44.097 0 0 D cnss : IOMMU map: iova b0000000, len 4096
01-01 08:01:44.097 0 0 D cnss : IOMMU map: iova_addr b0000040
01-01 08:01:44.097 0 0 D cnss : dma-coherent is enabled
01-01 08:01:44.097 0 0 D cnss : IOMMU map: iova b0001000, len 4096
01-01 08:01:44.097 0 0 D cnss : IOMMU map: iova_addr b0001018
01-04 01:15:05.091 1133 1664 W ActivityManager: Slow operation: 101ms so far, now at startProcess: returned from zygote!
01-04 01:15:05.091 1133 1664 W ActivityManager: Slow operation: 102ms so far, now at startProcess: done updating battery stats
01-04 01:15:05.091 1133 1664 I am_proc_start: [0,3228,10101,android.ext.services,on-hold,]
01-04 01:15:05.091 1133 1664 W ActivityManager: Slow operation: 102ms so far, now at startProcess: building log message
01-04 01:15:05.091 1133 1664 I ActivityManager: Start proc 3228:android.ext.services/u0a101 for on-hold
01-04 01:15:05.091 1133 1664 W ActivityManager: Slow operation: 102ms so far, now at startProcess: starting to update pids map
01-04 01:15:05.092 1133 1664 W ActivityManager: Slow operation: 103ms so far, now at startProcess: done updating pids map
01-04 01:15:05.092 1133 1664 W ActivityManager: Slow operation: 64ms so far, now at startProcess: asking zygote to start proc
01-04 01:15:05.093 1133 1664 D CompatibilityChangeReporter: Compat change id reported: 143937733; UID 10071; state: DISABLED
01-04 01:15:05.093 1133 1664 W ActivityManager: com.android.deskclock inode == 0 (b/152760674)
01-01 08:01:44.106 0 0 E [kworke][0x77240cb3][01:15:05.075578] wlan: [336:E:TXRX] dp_rxdma_ring_config: 5022: DBS enabled max_mac_rings 2
01-01 08:01:44.118 0 0 E [kworke][0x7727a6ac][01:15:05.087872] wlan: [336:E:TXRX] dp_rxdma_ring_config: 5033: pdev_id 0 max_mac_rings 2
01-01 08:01:44.130 0 0 E [kworke][0x772b23d0][01:15:05.099780] wlan: [336:E:TXRX] dp_rxdma_ring_config: 5050: mac_id 0
01-01 08:01:44.141 0 0 W QSEECOM : __qseecom_unload_app: App (9) is unloaded
01-01 08:01:44.141 0 0 E [kworke][0x772e6439][01:15:05.110878] wlan: [336:E:TXRX] dp_rxdma_ring_config: 5050: mac_id 1
01-01 08:01:44.144 0 0 D qbt : qbt_release: entry minor_no=0 fd_available=0
01-01 08:01:44.144 0 0 I : Boot completed
01-01 08:01:44.152 0 0 D qbt : qbt_release: Releasing wakelock
01-01 08:01:44.152 0 0 D qbt : qbt_release: exit : fd_available=1
01-01 08:01:44.152 0 0 D qbt : qbt_release: entry minor_no=1 fd_available=1
01-01 08:01:44.152 0 0 D qbt : qbt_release: exit : fd_available=1
01-01 08:01:44.154 0 0 I [kworke][0x77320dab][01:15:05.123377] wlan: [336:I:POLICY_MGR] policy_mgr_update_5g_scc_prefer: 398: overwrite pm_second_connection_pcl_dbs_2x2_table, index 2 mode 3 system prefer 0 new pcl 6
01-01 08:01:44.154 0 0 I [kworke][0x7732109c][01:15:05.123416] wlan: [336:I:POLICY_MGR] policy_mgr_update_5g_scc_prefer: 404: overwrite pm_second_connection_pcl_dbs_2x2_table, index 3 mode 3 system prefer 0 new pcl 6
01-04 01:15:05.123 1133 1133 D Fingerprint21: handleError, client: FingerprintInternalCleanupClient, error: 2, vendorCode: 0
01-04 01:15:05.124 1133 1133 E Fingerprint21: onError for non-error consumer: FingerprintInternalCleanupClient
01-01 08:01:44.156 0 0 E [kworke][0x7732cecc][01:15:05.125952] wlan: [336:E:REGULATORY] reg_freq_width_to_chan_op_class: 512: no op class for frequency 5745
01-01 08:01:44.173 0 0 I [kworke][0x7737b890][01:15:05.142722] wlan: [336:I:HIF] hif_pm_runtime_start: Enabling RUNTIME PM, Delay: 500 ms
01-01 08:01:44.176 0 0 D cnss : Host time = 104176640 us, device time = 2025510 us, offset = 102151130 us
01-01 08:01:44.176 0 0 I [wifi@1][0x77388cb5][01:15:05.145549] wlan: [943:I:DP] dp_vdev_attach_wifi3: wlan_cfg_ap_bridge_enabled 0
01-01 08:01:44.176 0 0 D cnss : Updated time sync regs [0x984] = 0x616b3da, [0x988] = 0x0
01-01 08:01:44.176 0 0 I [wifi@1][0x77389061][01:15:05.145598] wlan: [943:I:DP] 00000000: ab f9 c1 09 4f 98 51 dd 55 8a e9 29 fb 6a 06 27
01-01 08:01:44.176 0 0 I [wifi@1][0x773890d5][01:15:05.145604] wlan: [943:I:DP] 00000010: 6a db a7 b1
01-01 08:01:44.176 0 0 I [wifi@1][0x7738916b][01:15:05.145612] wlan: [943:I:DP] 00000000: a1 e6 64 cf 06 bc d1 10 4d de 49 86 95 69 40 e8
01-01 08:01:44.176 0 0 I [wifi@1][0x773891d3][01:15:05.145617] wlan: [943:I:DP] 00000010: 50 7d 90 58 1c 13 c2 c4 19 c2 56 80 74 2c db ef
01-01 08:01:44.176 0 0 I [wifi@1][0x77389239][01:15:05.145622] wlan: [943:I:DP] 00000020: c3 38 df a5 2c 09 fb f5 fc fd 8e 1b
01-01 08:01:44.176 0 0 D cnss : Removing vote for Regulator vdd-wlan-rfa2
01-01 08:01:44.176 0 0 D cnss : Removing vote for Regulator vdd-wlan-rfa1
01-01 08:01:44.176 0 0 D cnss : Removing vote for Regulator vdd-wlan-dig
01-01 08:01:44.176 0 0 D cnss : Removing vote for Regulator vdd-wlan-aon
01-01 08:01:44.176 0 0 D cnss : Removing vote for Regulator vdd-wlan-io
01-01 08:01:44.176 0 0 D cnss : PM relax, state: 0x107, count: 0
01-01 08:01:44.194 0 0 I IPv6 : ADDRCONF(NETDEV_UP): wlan0: link is not ready
01-01 08:01:44.199 0 0 I binder : 3228:3228 ioctl 40046210 7fe56c0b84 returned -22
01-04 01:15:05.182 1133 1664 W ActivityManager: Slow operation: 154ms so far, now at startProcess: returned from zygote!
01-04 01:15:05.183 1133 1664 W ActivityManager: Slow operation: 154ms so far, now at startProcess: done updating battery stats
01-04 01:15:05.183 1133 1664 I am_proc_start: [0,3243,10071,com.android.deskclock,broadcast,{com.android.deskclock/com.android.deskclock.AlarmInitReceiver}]
01-04 01:15:05.183 1133 1664 W ActivityManager: Slow operation: 154ms so far, now at startProcess: building log message
01-04 01:15:05.183 1133 1664 I ActivityManager: Start proc 3243:com.android.deskclock/u0a71 for broadcast {com.android.deskclock/com.android.deskclock.AlarmInitReceiver}
01-04 01:15:05.183 1133 1664 W ActivityManager: Slow operation: 155ms so far, now at startProcess: starting to update pids map
01-04 01:15:05.183 1133 1664 W ActivityManager: Slow operation: 155ms so far, now at startProcess: done updating pids map
01-04 01:15:05.186 943 943 I android.hardware.wifi@1.0-service: Adding interface handle for wlan0
01-04 01:15:05.186 943 943 I android.hardware.wifi@1.0-service: Adding interface handle for wifi-aware0
01-04 01:15:05.186 943 943 I android.hardware.wifi@1.0-service: Adding interface handle for p2p0
01-04 01:15:05.186 943 943 W android.hardware.wifi@1.0-service: No active wlan interfaces in use! Using default
01-04 01:15:05.187 943 943 W android.hardware.wifi@1.0-service: No active wlan interfaces in use! Using default
01-04 01:15:05.187 1133 3017 I am_proc_bound: [0,3228,android.ext.services]
01-04 01:15:05.189 1133 3017 D CompatibilityChangeReporter: Compat change id reported: 168419799; UID 10101; state: DISABLED
01-04 01:15:05.191 1133 3017 I am_uid_active: 10101
01-01 08:01:44.218 0 0 I [lowi-s][0x7744d61d][01:15:05.187489] wlan: [1541:I:wifipos] wifi_pos_get_ch_info: 461: num channels: 26
01-04 01:15:05.199 943 943 I android.hardware.wifi@1.0-service: Configured chip in mode 3
01-04 01:15:05.199 943 943 W android.hardware.wifi@1.0-service: No active wlan interfaces in use! Using default
01-04 01:15:05.221 1133 2422 I dvm_lock_sample: [system_server,0,wifiRttService,2281,HalDeviceManager.java,1368,boolean com.android.server.wifi.HalDeviceManager.isWifiStarted(),-,2618,void com.android.server.wifi.HalDeviceManager.updateRttControllerOnModeChange(),100]
01-04 01:15:05.226 1133 2423 I dvm_lock_sample: [system_server,0,wifiAwareService,288,HalDeviceManager.java,816,void com.android.server.wifi.HalDeviceManager.initIServiceManagerIfNecessary(),-,2618,void com.android.server.wifi.HalDeviceManager.updateRttControllerOnModeChange(),57]
01-01 08:01:44.251 0 0 E [wifi@1][0x774e9c4a][01:15:05.220850] wlan: [3244:E:wifipos] wifi_pos_process_app_reg_req: 608: Received App Req Req pid(-171965521), len(16)
01-04 01:15:05.235 1133 1829 I commit_sys_config_file: [settings-2-0,81]
01-01 08:01:44.275 0 0 I [wifi@1][0x77558a26][01:15:05.244502] wlan: [943:I:DP] dp_vdev_attach_wifi3: wlan_cfg_ap_bridge_enabled 1
01-01 08:01:44.276 0 0 E [wifi@1][0x7755c0c1][01:15:05.245230] wlan: [943:E:PMO] pmo_register_wow_wakeup_events: 88: Skipping wake event configuration for vdev_opmode 16
01-04 01:15:05.265 1133 1647 V UserDataPreparer: Found /data/user/0 with serial number 0
01-04 01:15:05.266 1133 1647 V UserDataPreparer: Found /data/system_ce/0 with serial number -1
01-04 01:15:05.266 1133 1647 D UserDataPreparer: Serial number missing on /data/system_ce/0; assuming current is valid
01-04 01:15:05.267 1133 1647 D UserDataPreparer: Setting property: sys.user.0.ce_available=true
01-04 01:15:05.269 1133 1647 V PackageManager: reconcileAppsData for null u0 0x2 migrateAppData=true
01-01 08:01:44.293 0 0 E [wifi@1][0x775aeb6c][01:15:05.262866] wlan: [943:E:SME] sme_get_nss_chain_shift: 4045: Device mode 16 invalid
01-01 08:01:44.305 0 0 E [wifi@1][0x775e799a][01:15:05.275004] wlan: [943:E:SME] sme_get_nss_chain_shift: 4045: Device mode 16 invalid
01-01 08:01:44.329 0 0 I IPv6 : ADDRCONF(NETDEV_UP): wifi-aware0: link is not ready
01-04 01:15:05.349 1133 2552 W UsageStatsService: Failed to query usage stats for locked user 0
01-04 01:15:05.373 1279 1279 I wificond: createClientInterface: wiphy_index 0 iface_name wlan0
01-04 01:15:05.374 1279 1279 I wificond: create scanner for interface with index: 17
01-04 01:15:05.374 1279 1279 I wificond: subscribe scan result for interface with index: 17
01-04 01:15:05.375 1279 1279 I wificond: add channel type 0 support at wiphy index: 0
01-04 01:15:05.375 1279 1279 I wificond: add channel type 1 support at wiphy index: 0
01-04 01:15:05.376 1133 1133 V NotificationAssistants: 0 notification assistant service connected: ComponentInfo{android.ext.services/android.ext.services.notification.Assistant}
01-01 08:01:44.412 0 0 I binder : 3243:3243 ioctl 40046210 7fe56c0b84 returned -22
01-04 01:15:05.383 1133 1133 I ExplicitHealthCheckController: Explicit health check service is connected ComponentInfo{android.ext.services/android.ext.services.watchdog.ExplicitHealthCheckServiceImpl}
01-04 01:15:05.384 1133 1133 I ExplicitHealthCheckController: Service initialized, syncing requests
01-04 01:15:05.384 1133 1133 I PackageWatchdog: Syncing health check requests for packages: {}
01-04 01:15:05.385 1133 1133 D ExplicitHealthCheckController: Getting health check supported packages
01-04 01:15:05.390 1133 1812 I ExplicitHealthCheckController: Explicit health check supported packages [PackageConfig{com.android.networkstack, 86400000}]
01-04 01:15:05.391 1133 1812 D PackageWatchdog: Received supported packages [PackageConfig{com.android.networkstack, 86400000}]
01-04 01:15:05.391 1133 1812 D ExplicitHealthCheckController: Getting health check requested packages
01-04 01:15:05.393 1133 1586 I ExplicitHealthCheckController: Explicit health check requested packages []
01-04 01:15:05.393 1133 1586 I ExplicitHealthCheckController: No more health check requests, unbinding...
01-04 01:15:05.398 1133 1586 I ExplicitHealthCheckController: Explicit health check service is unbound
01-04 01:15:05.418 1133 3219 W AdbDebuggingManager: Read failed with count -1
01-04 01:15:05.441 1133 1586 I am_proc_bound: [0,3243,com.android.deskclock]
01-04 01:15:05.445 1133 1586 D CompatibilityChangeReporter: Compat change id reported: 168419799; UID 10071; state: DISABLED
01-04 01:15:05.449 1133 1586 I am_uid_active: 10071
01-04 01:15:05.478 1133 2384 I service_manager_slow: [25,wifip2p]
01-01 08:01:44.515 0 0 I libprocessgroup: Successfully killed process cgroup uid 0 pid 1569 in 244ms
01-01 08:01:44.529 0 0 I init : Command 'stop adbd' action=sys.boot_completed=1 (/vendor/etc/init/hw/init.qcom.rc:950) took 258ms and succeeded
01-01 08:01:44.530 0 0 I init : Service 'adbd' (pid 1569) received signal 9
01-01 08:01:44.537 0 0 I init : Service 'qti-testscripts' (pid 3246) exited with status 0 oneshot service took 0.290000 seconds in background
01-01 08:01:44.537 0 0 I init : Sending signal 9 to service 'qti-testscripts' (pid 3246) process group...
01-01 08:01:44.537 0 0 I libprocessgroup: Successfully killed process cgroup uid 0 pid 3246 in 0ms
01-01 08:01:44.542 0 0 E init : Control message: Could not find 'vendor.qti.hardware.iop@2.0::IIop/default' for ctl.interface_start from pid: 505 (/system/bin/hwservicemanager)
01-01 08:01:44.560 0 0 I init : starting service 'adbd'...
01-01 08:01:44.561 0 0 I init : Created socket '/dev/socket/adbd', mode 660, user 1000, group 1000
01-01 08:01:44.580 0 0 I init : starting service 'wpa_supplicant'...
01-01 08:01:44.666 0 0 I : read descriptors
01-01 08:01:44.666 0 0 I : read strings
01-01 08:01:44.724 0 0 I [schedu][0x77d9048c][01:15:05.693282] wlan: [3172:I:HIF] Deinitializing Runtime PM wakelock &vdev->vdev_set_key_runtime_wakelock
01-01 08:01:44.733 0 0 I [schedu][0x77dbc520][01:15:05.702677] wlan: [3172:I:HIF] Initializing Runtime PM wakelock &vdev->vdev_set_key_runtime_wakelock
01-04 01:15:05.839 1133 1586 D CompatibilityChangeReporter: Compat change id reported: 168419799; UID 10091; state: DISABLED
01-04 01:15:05.844 1133 1586 I am_uid_running: 10079
01-04 01:15:05.844 1133 1586 D CompatibilityChangeReporter: Compat change id reported: 135634846; UID 10079; state: DISABLED
01-04 01:15:05.845 1133 1586 D CompatibilityChangeReporter: Compat change id reported: 177438394; UID 10079; state: DISABLED
01-04 01:15:05.845 1133 1586 D CompatibilityChangeReporter: Compat change id reported: 135772972; UID 10079; state: DISABLED
01-04 01:15:05.845 1133 1586 D CompatibilityChangeReporter: Compat change id reported: 135754954; UID 10079; state: ENABLED
01-04 01:15:05.846 1133 1664 D CompatibilityChangeReporter: Compat change id reported: 143937733; UID 10079; state: ENABLED
01-04 01:15:05.846 1133 1664 W ActivityManager: com.qualcomm.location inode == 0 (b/152760674)
01-04 01:15:05.882 1133 1829 I commit_sys_config_file: [settings-0-0,21]
01-04 01:15:05.922 1133 1664 W ActivityManager: Slow operation: 78ms so far, now at startProcess: returned from zygote!
01-04 01:15:05.923 1133 1664 W ActivityManager: Slow operation: 79ms so far, now at startProcess: done updating battery stats
01-04 01:15:05.923 1133 1664 I am_proc_start: [0,3305,10079,com.qualcomm.location,broadcast,{com.qualcomm.location/com.qualcomm.location.LocationServiceReceiver}]
01-04 01:15:05.923 1133 1664 W ActivityManager: Slow operation: 79ms so far, now at startProcess: building log message
01-04 01:15:05.923 1133 1664 I ActivityManager: Start proc 3305:com.qualcomm.location/u0a79 for broadcast {com.qualcomm.location/com.qualcomm.location.LocationServiceReceiver}
01-04 01:15:05.923 1133 1664 W ActivityManager: Slow operation: 80ms so far, now at startProcess: starting to update pids map
01-04 01:15:05.923 1133 1664 W ActivityManager: Slow operation: 80ms so far, now at startProcess: done updating pids map
01-04 01:15:05.940 1133 1829 I commit_sys_config_file: [settings-2-0,58]
01-01 08:01:45.124 0 0 I binder : 3305:3305 ioctl 40046210 7fe56c0b84 returned -22
01-04 01:15:06.104 1133 1586 I am_proc_bound: [0,3305,com.qualcomm.location]
01-04 01:15:06.106 1133 1586 D CompatibilityChangeReporter: Compat change id reported: 168419799; UID 10079; state: DISABLED
01-04 01:15:06.125 1133 1586 I am_uid_active: 10079
01-04 01:15:06.179 3305 3305 I auditd : type=1400 audit(0.0:123): avc: denied { search } for comm="alcomm.location" name="data" dev="dm-10" ino=107 scontext=u:r:vendor_location_app:s0 tcontext=u:object_r:system_data_file:s0:c512,c768 tclass=dir permissive=0 app=com.qualcomm.location
01-04 01:15:06.183 3305 3305 I auditd : type=1400 audit(0.0:124): avc: denied { search } for comm="alcomm.location" name="data" dev="dm-10" ino=107 scontext=u:r:vendor_location_app:s0 tcontext=u:object_r:system_data_file:s0:c512,c768 tclass=dir permissive=0 app=com.qualcomm.location
01-04 01:15:06.195 3305 3305 I auditd : type=1400 audit(0.0:125): avc: denied { search } for comm="alcomm.location" name="data" dev="dm-10" ino=107 scontext=u:r:vendor_location_app:s0 tcontext=u:object_r:system_data_file:s0:c512,c768 tclass=dir permissive=0 app=com.qualcomm.location
01-01 08:01:45.240 0 0 I logd : start watching /data/system/packages.list ...
01-01 08:01:45.241 0 0 I logd : ReadPackageList, total packages: 109
01-04 01:15:06.195 3305 3305 I auditd : type=1400 audit(0.0:126): avc: denied { search } for comm="alcomm.location" name="data" dev="dm-10" ino=107 scontext=u:r:vendor_location_app:s0 tcontext=u:object_r:system_data_file:s0:c512,c768 tclass=dir permissive=0 app=com.qualcomm.location
01-04 01:15:06.227 3305 3305 I auditd : type=1400 audit(0.0:127): avc: denied { search } for comm="alcomm.location" name="data" dev="dm-10" ino=107 scontext=u:r:vendor_location_app:s0 tcontext=u:object_r:system_data_file:s0:c512,c768 tclass=dir permissive=0 app=com.qualcomm.location
01-04 01:15:06.227 3305 3305 I auditd : type=1400 audit(0.0:128): avc: denied { search } for comm="alcomm.location" name="data" dev="dm-10" ino=107 scontext=u:r:vendor_location_app:s0 tcontext=u:object_r:system_data_file:s0:c512,c768 tclass=dir permissive=0 app=com.qualcomm.location
01-01 08:01:45.278 0 0 I binder : 3334:3334 ioctl 40046210 7fcefe2024 returned -22
01-01 08:01:45.280 0 0 E bt_ioctl: BT_CMD_PWR_CTRL pwr_cntrl:2
01-04 01:15:06.251 3305 3305 I auditd : type=1400 audit(0.0:129): avc: denied { search } for comm="alcomm.location" name="data" dev="dm-10" ino=107 scontext=u:r:vendor_location_app:s0 tcontext=u:object_r:system_data_file:s0:c512,c768 tclass=dir permissive=0 app=com.qualcomm.location
01-01 08:01:45.285 0 0 E bt_vreg_unvote: vreg_unvote successful for : qca,bt-vdd-rfa2
01-04 01:15:06.251 3305 3305 I auditd : type=1400 audit(0.0:130): avc: denied { search } for comm="alcomm.location" name="data" dev="dm-10" ino=107 scontext=u:r:vendor_location_app:s0 tcontext=u:object_r:system_data_file:s0:c512,c768 tclass=dir permissive=0 app=com.qualcomm.location
01-01 08:01:45.295 0 0 E bt_vreg_unvote: vreg_unvote successful for : qca,bt-vdd-rfa1
01-01 08:01:45.302 0 0 E bt_vreg_unvote: vreg_unvote successful for : qca,bt-vdd-dig
01-04 01:15:06.283 3305 3305 I auditd : type=1400 audit(0.0:131): avc: denied { search } for comm="alcomm.location" name="data" dev="dm-10" ino=107 scontext=u:r:vendor_location_app:s0 tcontext=u:object_r:system_data_file:s0:c512,c768 tclass=dir permissive=0 app=com.qualcomm.location
01-01 08:01:45.309 0 0 E bt_vreg_unvote: vreg_unvote successful for : qca,bt-vdd-aon
01-01 08:01:45.320 0 0 W audit : audit_lost=1 audit_rate_limit=5 audit_backlog_limit=64
01-01 08:01:45.320 0 0 E audit : rate limit exceeded
01-04 01:15:06.338 1133 1647 V PackageManager: reconcileAppsData finished 144 packages
01-04 01:15:06.338 1133 1647 I ActivityManager: User 0 state changed from RUNNING_LOCKED to RUNNING_UNLOCKING
01-04 01:15:06.338 1133 1647 I am_user_state_changed: [0,2]
01-04 01:15:06.358 1133 1647 D ActivityManager: Unlocking user 0 progress 20
01-04 01:15:06.358 1133 1647 W Looper : Slow dispatch took 1332ms android.fg h=android.os.Handler c=com.android.server.am.UserController$$ExternalSyntheticLambda3@3f560ab m=0
01-04 01:15:06.358 1133 1663 I ssm_user_unlocking: 0
01-04 01:15:06.358 1133 1647 W Looper : Slow delivery took 1331ms android.fg h=android.os.Handler c=com.android.server.am.UserController$$ExternalSyntheticLambda1@1dd9aa1 m=0
01-04 01:15:06.358 1133 1663 I SystemServerTimingAsync: ssm.UnlockingUser-0
01-04 01:15:06.358 1133 1663 I SystemServiceManager: Calling onUnlockingUser 0
01-04 01:15:06.358 1133 1663 I SystemServerTimingAsync: ssm.onUnlockingUser-0_com.android.server.security.FileIntegrityService
01-04 01:15:06.358 1133 1663 D SystemServerTimingAsync: ssm.onUnlockingUser-0_com.android.server.security.FileIntegrityService took to complete: 0ms
01-04 01:15:06.358 1133 1663 I SystemServerTimingAsync: ssm.onUnlockingUser-0_com.android.server.pm.Installer
01-04 01:15:06.358 1133 1663 D SystemServerTimingAsync: ssm.onUnlockingUser-0_com.android.server.pm.Installer took to complete: 0ms
01-04 01:15:06.358 1133 1663 I SystemServerTimingAsync: ssm.onUnlockingUser-0_com.android.server.os.DeviceIdentifiersPolicyService
01-04 01:15:06.358 1133 1663 D SystemServerTimingAsync: ssm.onUnlockingUser-0_com.android.server.os.DeviceIdentifiersPolicyService took to complete: 0ms
01-04 01:15:06.358 1133 1663 I SystemServerTimingAsync: ssm.onUnlockingUser-0_com.android.server.uri.UriGrantsManagerService$Lifecycle
01-04 01:15:06.358 1133 1663 D SystemServerTimingAsync: ssm.onUnlockingUser-0_com.android.server.uri.UriGrantsManagerService$Lifecycle took to complete: 0ms
01-04 01:15:06.359 1133 1663 I SystemServerTimingAsync: ssm.onUnlockingUser-0_com.android.server.powerstats.PowerStatsService
01-04 01:15:06.359 1133 1663 D SystemServerTimingAsync: ssm.onUnlockingUser-0_com.android.server.powerstats.PowerStatsService took to complete: 0ms
01-04 01:15:06.359 1133 1663 I SystemServerTimingAsync: ssm.onUnlockingUser-0_com.android.server.wm.ActivityTaskManagerService$Lifecycle
01-04 01:15:06.359 1133 1663 D SystemServerTimingAsync: ssm.onUnlockingUser-0_com.android.server.wm.ActivityTaskManagerService$Lifecycle took to complete: 0ms
01-04 01:15:06.359 1133 1663 I SystemServerTimingAsync: ssm.onUnlockingUser-0_com.android.server.am.ActivityManagerService$Lifecycle
01-04 01:15:06.359 1133 1663 D SystemServerTimingAsync: ssm.onUnlockingUser-0_com.android.server.am.ActivityManagerService$Lifecycle took to complete: 0ms
01-04 01:15:06.359 1133 1663 I SystemServerTimingAsync: ssm.onUnlockingUser-0_com.android.server.pm.DataLoaderManagerService
01-04 01:15:06.359 1133 1663 D SystemServerTimingAsync: ssm.onUnlockingUser-0_com.android.server.pm.DataLoaderManagerService took to complete: 0ms
01-04 01:15:06.359 1133 1663 I SystemServerTimingAsync: ssm.onUnlockingUser-0_com.android.server.power.PowerManagerService
01-04 01:15:06.359 1133 1663 D SystemServerTimingAsync: ssm.onUnlockingUser-0_com.android.server.power.PowerManagerService took to complete: 0ms
01-04 01:15:06.359 1133 1663 I SystemServerTimingAsync: ssm.onUnlockingUser-0_com.android.server.power.ThermalManagerService
01-04 01:15:06.359 1133 1663 D SystemServerTimingAsync: ssm.onUnlockingUser-0_com.android.server.power.ThermalManagerService took to complete: 0ms
01-04 01:15:06.359 1133 1663 I SystemServerTimingAsync: ssm.onUnlockingUser-0_com.android.server.power.hint.HintManagerService
01-04 01:15:06.359 1133 1663 D SystemServerTimingAsync: ssm.onUnlockingUser-0_com.android.server.power.hint.HintManagerService took to complete: 0ms
01-04 01:15:06.359 1133 1663 I SystemServerTimingAsync: ssm.onUnlockingUser-0_com.android.server.recoverysystem.RecoverySystemService$Lifecycle
01-04 01:15:06.359 1133 1663 D SystemServerTimingAsync: ssm.onUnlockingUser-0_com.android.server.recoverysystem.RecoverySystemService$Lifecycle took to complete: 0ms
01-04 01:15:06.359 1133 1663 I SystemServerTimingAsync: ssm.onUnlockingUser-0_com.android.server.lights.LightsService
01-04 01:15:06.359 1133 1663 D SystemServerTimingAsync: ssm.onUnlockingUser-0_com.android.server.lights.LightsService took to complete: 0ms
01-04 01:15:06.359 1133 1663 I SystemServerTimingAsync: ssm.onUnlockingUser-0_com.android.server.display.DisplayManagerService
01-04 01:15:06.359 1133 1663 D SystemServerTimingAsync: ssm.onUnlockingUser-0_com.android.server.display.DisplayManagerService took to complete: 0ms
01-04 01:15:06.359 1133 1663 I SystemServerTimingAsync: ssm.onUnlockingUser-0_com.android.server.pm.verify.domain.DomainVerificationService
01-04 01:15:06.359 1133 1663 D SystemServerTimingAsync: ssm.onUnlockingUser-0_com.android.server.pm.verify.domain.DomainVerificationService took to complete: 0ms
01-04 01:15:06.360 1133 1663 I SystemServerTimingAsync: ssm.onUnlockingUser-0_com.android.server.pm.PackageInstallerService$Lifecycle
01-04 01:15:06.360 1133 1663 D SystemServerTimingAsync: ssm.onUnlockingUser-0_com.android.server.pm.PackageInstallerService$Lifecycle took to complete: 0ms
01-04 01:15:06.360 1133 1663 I SystemServerTimingAsync: ssm.onUnlockingUser-0_com.android.server.pm.UserManagerService$LifeCycle
01-04 01:15:06.360 1133 1663 D SystemServerTimingAsync: ssm.onUnlockingUser-0_com.android.server.pm.UserManagerService$LifeCycle took to complete: 0ms
01-04 01:15:06.360 1133 1663 I SystemServerTimingAsync: ssm.onUnlockingUser-0_com.android.server.om.OverlayManagerService
01-04 01:15:06.360 1133 1663 D SystemServerTimingAsync: ssm.onUnlockingUser-0_com.android.server.om.OverlayManagerService took to complete: 0ms
01-04 01:15:06.360 1133 1663 I SystemServerTimingAsync: ssm.onUnlockingUser-0_com.android.server.SensorPrivacyService
01-04 01:15:06.360 1133 1663 D SystemServerTimingAsync: ssm.onUnlockingUser-0_com.android.server.SensorPrivacyService took to complete: 0ms
01-04 01:15:06.360 1133 1663 I SystemServerTimingAsync: ssm.onUnlockingUser-0_com.android.server.thunderperf.ThunderBoostPerfService
01-04 01:15:06.360 1133 1663 D SystemServerTimingAsync: ssm.onUnlockingUser-0_com.android.server.thunderperf.ThunderBoostPerfService took to complete: 0ms
01-04 01:15:06.360 1133 1663 I SystemServerTimingAsync: ssm.onUnlockingUser-0_com.android.server.sensors.SensorService
01-04 01:15:06.360 1133 1663 D SystemServerTimingAsync: ssm.onUnlockingUser-0_com.android.server.sensors.SensorService took to complete: 0ms
01-04 01:15:06.360 1133 1663 I SystemServerTimingAsync: ssm.onUnlockingUser-0_com.android.server.SystemConfigService
01-04 01:15:06.360 1133 1663 D SystemServerTimingAsync: ssm.onUnlockingUser-0_com.android.server.SystemConfigService took to complete: 0ms
01-04 01:15:06.360 1133 1663 I SystemServerTimingAsync: ssm.onUnlockingUser-0_com.android.server.BatteryService
01-04 01:15:06.360 1133 1663 D SystemServerTimingAsync: ssm.onUnlockingUser-0_com.android.server.BatteryService took to complete: 0ms
01-04 01:15:06.360 1133 1663 I SystemServerTimingAsync: ssm.onUnlockingUser-0_com.android.server.usage.UsageStatsService
01-04 01:15:06.360 1133 1663 D SystemServerTimingAsync: ssm.onUnlockingUser-0_com.android.server.usage.UsageStatsService took to complete: 0ms
01-04 01:15:06.360 1133 1663 I SystemServerTimingAsync: ssm.onUnlockingUser-0_com.android.server.webkit.WebViewUpdateService
01-04 01:15:06.360 1133 1663 D SystemServerTimingAsync: ssm.onUnlockingUser-0_com.android.server.webkit.WebViewUpdateService took to complete: 0ms
01-04 01:15:06.360 1133 1663 I SystemServerTimingAsync: ssm.onUnlockingUser-0_com.android.server.CachedDeviceStateService
01-04 01:15:06.361 1133 1663 D SystemServerTimingAsync: ssm.onUnlockingUser-0_com.android.server.CachedDeviceStateService took to complete: 0ms
01-04 01:15:06.361 1133 1663 I SystemServerTimingAsync: ssm.onUnlockingUser-0_com.android.server.BinderCallsStatsService$LifeCycle
01-04 01:15:06.361 1133 1663 D SystemServerTimingAsync: ssm.onUnlockingUser-0_com.android.server.BinderCallsStatsService$LifeCycle took to complete: 0ms
01-04 01:15:06.361 1133 1663 I SystemServerTimingAsync: ssm.onUnlockingUser-0_com.android.server.LooperStatsService$Lifecycle
01-04 01:15:06.361 1133 1663 D SystemServerTimingAsync: ssm.onUnlockingUser-0_com.android.server.LooperStatsService$Lifecycle took to complete: 0ms
01-04 01:15:06.361 1133 1663 I SystemServerTimingAsync: ssm.onUnlockingUser-0_com.android.server.rollback.RollbackManagerService
01-04 01:15:06.361 1133 1663 D SystemServerTimingAsync: ssm.onUnlockingUser-0_com.android.server.rollback.RollbackManagerService took to complete: 1ms
01-04 01:15:06.362 1133 1663 I SystemServerTimingAsync: ssm.onUnlockingUser-0_com.android.server.os.NativeTombstoneManagerService
01-04 01:15:06.362 1133 1663 D SystemServerTimingAsync: ssm.onUnlockingUser-0_com.android.server.os.NativeTombstoneManagerService took to complete: 0ms
01-04 01:15:06.362 1133 1663 I SystemServerTimingAsync: ssm.onUnlockingUser-0_com.android.server.os.BugreportManagerService
01-04 01:15:06.362 1133 1663 D SystemServerTimingAsync: ssm.onUnlockingUser-0_com.android.server.os.BugreportManagerService took to complete: 0ms
01-04 01:15:06.362 1133 1663 I SystemServerTimingAsync: ssm.onUnlockingUser-0_com.android.server.gpu.GpuService
01-04 01:15:06.362 1133 1663 D SystemServerTimingAsync: ssm.onUnlockingUser-0_com.android.server.gpu.GpuService took to complete: 0ms
01-04 01:15:06.362 1133 1663 I SystemServerTimingAsync: ssm.onUnlockingUser-0_com.android.server.security.KeyChainSystemService
01-04 01:15:06.362 1133 1663 D SystemServerTimingAsync: ssm.onUnlockingUser-0_com.android.server.security.KeyChainSystemService took to complete: 0ms
01-04 01:15:06.362 1133 1663 I SystemServerTimingAsync: ssm.onUnlockingUser-0_com.android.server.telecom.TelecomLoaderService
01-04 01:15:06.362 1133 1663 D SystemServerTimingAsync: ssm.onUnlockingUser-0_com.android.server.telecom.TelecomLoaderService took to complete: 0ms
01-04 01:15:06.362 1133 1663 I SystemServerTimingAsync: ssm.onUnlockingUser-0_com.android.server.accounts.AccountManagerService$Lifecycle
01-04 01:15:06.363 1133 1663 D SystemServerTimingAsync: ssm.onUnlockingUser-0_com.android.server.accounts.AccountManagerService$Lifecycle took to complete: 0ms
01-04 01:15:06.363 1133 1663 I SystemServerTimingAsync: ssm.onUnlockingUser-0_com.android.server.content.ContentService$Lifecycle
01-04 01:15:06.365 1133 1647 W Looper : Drained
01-01 08:01:45.407 0 0 I [schedu][0x78a11e9e][01:15:06.376295] wlan: [3172:I:HIF] Deinitializing Runtime PM wakelock &vdev->vdev_set_key_runtime_wakelock
01-04 01:15:06.365 1133 1663 D SystemServerTimingAsync: ssm.onUnlockingUser-0_com.android.server.content.ContentService$Lifecycle took to complete: 3ms
01-04 01:15:06.365 1133 1663 I SystemServerTimingAsync: ssm.onUnlockingUser-0_com.android.server.DropBoxManagerService
01-04 01:15:06.365 1133 1663 D SystemServerTimingAsync: ssm.onUnlockingUser-0_com.android.server.DropBoxManagerService took to complete: 0ms
01-04 01:15:06.365 1133 1663 I SystemServerTimingAsync: ssm.onUnlockingUser-0_com.android.role.RoleService
01-04 01:15:06.365 1133 1663 D SystemServerTimingAsync: ssm.onUnlockingUser-0_com.android.role.RoleService took to complete: 0ms
01-04 01:15:06.365 1133 1663 I SystemServerTimingAsync: ssm.onUnlockingUser-0_com.android.server.vibrator.VibratorManagerService$Lifecycle
01-04 01:15:06.365 1133 1663 D SystemServerTimingAsync: ssm.onUnlockingUser-0_com.android.server.vibrator.VibratorManagerService$Lifecycle took to complete: 0ms
01-04 01:15:06.365 1133 1663 I SystemServerTimingAsync: ssm.onUnlockingUser-0_com.android.server.alarm.AlarmManagerService
01-04 01:15:06.365 1133 1663 D SystemServerTimingAsync: ssm.onUnlockingUser-0_com.android.server.alarm.AlarmManagerService took to complete: 0ms
01-04 01:15:06.366 1133 1663 I SystemServerTimingAsync: ssm.onUnlockingUser-0_com.android.server.devicestate.DeviceStateManagerService
01-04 01:15:06.366 1133 1663 D SystemServerTimingAsync: ssm.onUnlockingUser-0_com.android.server.devicestate.DeviceStateManagerService took to complete: 0ms
01-04 01:15:06.366 1133 1663 I SystemServerTimingAsync: ssm.onUnlockingUser-0_com.android.server.camera.CameraServiceProxy
01-04 01:15:06.366 1133 1663 D SystemServerTimingAsync: ssm.onUnlockingUser-0_com.android.server.camera.CameraServiceProxy took to complete: 0ms
01-04 01:15:06.366 1133 1663 I SystemServerTimingAsync: ssm.onUnlockingUser-0_com.android.server.BluetoothService
01-04 01:15:06.366 1133 1663 D BluetoothManagerService: User 0 unlocked
01-04 01:15:06.366 1133 1663 D SystemServerTimingAsync: ssm.onUnlockingUser-0_com.android.server.BluetoothService took to complete: 0ms
01-04 01:15:06.366 1133 1663 I SystemServerTimingAsync: ssm.onUnlockingUser-0_com.android.server.connectivity.IpConnectivityMetrics
01-04 01:15:06.366 1133 1663 D SystemServerTimingAsync: ssm.onUnlockingUser-0_com.android.server.connectivity.IpConnectivityMetrics took to complete: 0ms
01-04 01:15:06.367 1133 1663 I SystemServerTimingAsync: ssm.onUnlockingUser-0_com.android.server.net.watchlist.NetworkWatchlistService$Lifecycle
01-04 01:15:06.367 1133 1663 D SystemServerTimingAsync: ssm.onUnlockingUser-0_com.android.server.net.watchlist.NetworkWatchlistService$Lifecycle took to complete: 0ms
01-04 01:15:06.367 1133 1663 I SystemServerTimingAsync: ssm.onUnlockingUser-0_com.android.server.PinnerService
01-04 01:15:06.367 1133 1649 D BluetoothManagerService: MESSAGE_USER_UNLOCKED
01-04 01:15:06.367 1133 1663 D SystemServerTimingAsync: ssm.onUnlockingUser-0_com.android.server.PinnerService took to complete: 0ms
01-04 01:15:06.367 1133 1663 I SystemServerTimingAsync: ssm.onUnlockingUser-0_com.google.android.startop.iorap.IorapForwardingService
01-04 01:15:06.367 1133 1663 D SystemServerTimingAsync: ssm.onUnlockingUser-0_com.google.android.startop.iorap.IorapForwardingService took to complete: 0ms
01-04 01:15:06.367 1133 1663 I SystemServerTimingAsync: ssm.onUnlockingUser-0_com.android.server.ActivityTriggerService
01-04 01:15:06.367 1133 1663 D SystemServerTimingAsync: ssm.onUnlockingUser-0_com.android.server.ActivityTriggerService took to complete: 0ms
01-04 01:15:06.367 1133 1663 I SystemServerTimingAsync: ssm.onUnlockingUser-0_com.android.server.integrity.AppIntegrityManagerService
01-04 01:15:06.367 1133 1663 D SystemServerTimingAsync: ssm.onUnlockingUser-0_com.android.server.integrity.AppIntegrityManagerService took to complete: 0ms
01-04 01:15:06.367 1133 1663 I SystemServerTimingAsync: ssm.onUnlockingUser-0_com.android.server.inputmethod.InputMethodManagerService$Lifecycle
01-04 01:15:06.367 1133 1663 D SystemServerTimingAsync: ssm.onUnlockingUser-0_com.android.server.inputmethod.InputMethodManagerService$Lifecycle took to complete: 0ms
01-04 01:15:06.367 1133 1663 I SystemServerTimingAsync: ssm.onUnlockingUser-0_com.android.server.accessibility.AccessibilityManagerService$Lifecycle
01-04 01:15:06.367 1133 1663 D SystemServerTimingAsync: ssm.onUnlockingUser-0_com.android.server.accessibility.AccessibilityManagerService$Lifecycle took to complete: 0ms
01-04 01:15:06.367 1133 1663 I SystemServerTimingAsync: ssm.onUnlockingUser-0_com.android.server.StorageManagerService$Lifecycle
01-04 01:15:06.367 1133 1663 D StorageManagerService: onUnlockUser 0
01-04 01:15:06.368 1133 1663 I StorageSessionController: On user unlock 0
01-04 01:15:06.368 1133 1663 I StorageSessionController: Initialialising...
01-04 01:15:06.369 550 550 I vold : onUserStarted: 0
01-04 01:15:06.370 1133 1583 V StorageManagerService: Found primary storage at VolumeInfo{emulated;0}:
01-04 01:15:06.370 1133 1583 V StorageManagerService: type=EMULATED diskId=null partGuid= mountFlags=0 mountUserId=0
01-04 01:15:06.370 1133 1583 V StorageManagerService: state=UNMOUNTED
01-04 01:15:06.370 1133 1583 V StorageManagerService: fsType=null fsUuid=null fsLabel=null
01-04 01:15:06.370 1133 1583 V StorageManagerService: path=null internalPath=null
01-04 01:15:06.370 1133 1929 I StorageManagerService: Mounting volume VolumeInfo{emulated;0}:
01-04 01:15:06.370 1133 1929 I StorageManagerService: type=EMULATED diskId=null partGuid= mountFlags=PRIMARY|VISIBLE
01-04 01:15:06.370 1133 1929 I StorageManagerService: mountUserId=0 state=UNMOUNTED
01-04 01:15:06.370 1133 1929 I StorageManagerService: fsType=null fsUuid=null fsLabel=null
01-04 01:15:06.370 1133 1929 I StorageManagerService: path=null internalPath=null
01-04 01:15:06.371 550 550 I vold : Executing sdcardfs
01-04 01:15:06.377 1133 1663 D SystemServerTimingAsync: ssm.onUnlockingUser-0_com.android.server.StorageManagerService$Lifecycle took to complete: 9ms
01-04 01:15:06.377 1133 1663 I SystemServerTimingAsync: ssm.onUnlockingUser-0_com.android.server.usage.StorageStatsService$Lifecycle
01-04 01:15:06.377 1133 1663 D SystemServerTimingAsync: ssm.onUnlockingUser-0_com.android.server.usage.StorageStatsService$Lifecycle took to complete: 0ms
01-04 01:15:06.377 1133 1663 I SystemServerTimingAsync: ssm.onUnlockingUser-0_com.android.server.UiModeManagerService
01-04 01:15:06.377 1133 1663 D SystemServerTimingAsync: ssm.onUnlockingUser-0_com.android.server.UiModeManagerService took to complete: 0ms
01-01 08:01:45.408 0 0 I [schedu][0x78a16f59][01:15:06.377371] wlan: [3172:I:HIF] Initializing Runtime PM wakelock &vdev->vdev_set_key_runtime_wakelock
01-04 01:15:06.391 550 550 D vold : Waiting for sdcardfs to spin up...
01-04 01:15:06.392 1133 1663 I SystemServerTimingAsync: ssm.onUnlockingUser-0_com.android.server.locksettings.LockSettingsService$Lifecycle
01-04 01:15:06.393 1133 1663 D SystemServerTimingAsync: ssm.onUnlockingUser-0_com.android.server.locksettings.LockSettingsService$Lifecycle took to complete: 0ms
01-04 01:15:06.393 1133 1663 I SystemServerTimingAsync: ssm.onUnlockingUser-0_com.android.server.PersistentDataBlockService
01-04 01:15:06.393 1133 1663 D SystemServerTimingAsync: ssm.onUnlockingUser-0_com.android.server.PersistentDataBlockService took to complete: 0ms
01-04 01:15:06.393 1133 1663 I SystemServerTimingAsync: ssm.onUnlockingUser-0_com.android.server.testharness.TestHarnessModeService
01-04 01:15:06.393 1133 1663 D SystemServerTimingAsync: ssm.onUnlockingUser-0_com.android.server.testharness.TestHarnessModeService took to complete: 0ms
01-04 01:15:06.393 1133 1663 I SystemServerTimingAsync: ssm.onUnlockingUser-0_com.android.server.oemlock.OemLockService
01-04 01:15:06.393 1133 1663 D SystemServerTimingAsync: ssm.onUnlockingUser-0_com.android.server.oemlock.OemLockService took to complete: 0ms
01-04 01:15:06.393 1133 1663 I SystemServerTimingAsync: ssm.onUnlockingUser-0_com.android.server.DeviceIdleController
01-04 01:15:06.393 1133 1663 D SystemServerTimingAsync: ssm.onUnlockingUser-0_com.android.server.DeviceIdleController took to complete: 0ms
01-04 01:15:06.393 1133 1663 I SystemServerTimingAsync: ssm.onUnlockingUser-0_com.android.server.devicepolicy.DevicePolicyManagerService$Lifecycle
01-04 01:15:06.393 1133 1663 D SystemServerTimingAsync: ssm.onUnlockingUser-0_com.android.server.devicepolicy.DevicePolicyManagerService$Lifecycle took to complete: 0ms
01-04 01:15:06.393 1133 1663 I SystemServerTimingAsync: ssm.onUnlockingUser-0_com.android.server.texttospeech.TextToSpeechManagerService
01-04 01:15:06.394 1133 1663 D SystemServerTimingAsync: ssm.onUnlockingUser-0_com.android.server.texttospeech.TextToSpeechManagerService took to complete: 0ms
01-04 01:15:06.394 1133 1663 I SystemServerTimingAsync: ssm.onUnlockingUser-0_com.android.server.speech.SpeechRecognitionManagerService
01-04 01:15:06.394 1133 1663 D SystemServerTimingAsync: ssm.onUnlockingUser-0_com.android.server.speech.SpeechRecognitionManagerService took to complete: 0ms
01-04 01:15:06.394 1133 1663 I SystemServerTimingAsync: ssm.onUnlockingUser-0_com.android.server.searchui.SearchUiManagerService
01-04 01:15:06.394 1133 1663 D SystemServerTimingAsync: ssm.onUnlockingUser-0_com.android.server.searchui.SearchUiManagerService took to complete: 0ms
01-04 01:15:06.394 1133 1663 I SystemServerTimingAsync: ssm.onUnlockingUser-0_com.android.server.smartspace.SmartspaceManagerService
01-04 01:15:06.394 1133 1663 D SystemServerTimingAsync: ssm.onUnlockingUser-0_com.android.server.smartspace.SmartspaceManagerService took to complete: 0ms
01-04 01:15:06.394 1133 1663 I SystemServerTimingAsync: ssm.onUnlockingUser-0_com.android.server.graphics.fonts.FontManagerService$Lifecycle
01-04 01:15:06.394 1133 1663 D SystemServerTimingAsync: ssm.onUnlockingUser-0_com.android.server.graphics.fonts.FontManagerService$Lifecycle took to complete: 0ms
01-04 01:15:06.394 1133 1663 I SystemServerTimingAsync: ssm.onUnlockingUser-0_com.android.server.textservices.TextServicesManagerService$Lifecycle
01-04 01:15:06.398 1133 1663 D SystemServerTimingAsync: ssm.onUnlockingUser-0_com.android.server.textservices.TextServicesManagerService$Lifecycle took to complete: 3ms
01-04 01:15:06.398 1133 1663 I SystemServerTimingAsync: ssm.onUnlockingUser-0_com.android.server.textclassifier.TextClassificationManagerService$Lifecycle
01-04 01:15:06.398 1133 1663 D SystemServerTimingAsync: ssm.onUnlockingUser-0_com.android.server.textclassifier.TextClassificationManagerService$Lifecycle took to complete: 0ms
01-04 01:15:06.398 1133 1663 I SystemServerTimingAsync: ssm.onUnlockingUser-0_com.android.server.NetworkScoreService$Lifecycle
01-04 01:15:06.398 1133 1663 D SystemServerTimingAsync: ssm.onUnlockingUser-0_com.android.server.NetworkScoreService$Lifecycle took to complete: 0ms
01-04 01:15:06.398 1133 1663 I SystemServerTimingAsync: ssm.onUnlockingUser-0_com.android.server.wifi.WifiService
01-04 01:15:06.398 1133 1663 D SystemServerTimingAsync: ssm.onUnlockingUser-0_com.android.server.wifi.WifiService took to complete: 0ms
01-04 01:15:06.398 1133 1663 I SystemServerTimingAsync: ssm.onUnlockingUser-0_com.android.server.wifi.scanner.WifiScanningService
01-04 01:15:06.398 1133 1663 D SystemServerTimingAsync: ssm.onUnlockingUser-0_com.android.server.wifi.scanner.WifiScanningService took to complete: 0ms
01-04 01:15:06.398 1133 1663 I SystemServerTimingAsync: ssm.onUnlockingUser-0_com.android.server.wifi.rtt.RttService
01-04 01:15:06.398 1133 1663 D SystemServerTimingAsync: ssm.onUnlockingUser-0_com.android.server.wifi.rtt.RttService took to complete: 0ms
01-04 01:15:06.398 1133 1663 I SystemServerTimingAsync: ssm.onUnlockingUser-0_com.android.server.wifi.aware.WifiAwareService
01-04 01:15:06.398 1133 1663 D SystemServerTimingAsync: ssm.onUnlockingUser-0_com.android.server.wifi.aware.WifiAwareService took to complete: 0ms
01-04 01:15:06.398 1133 1663 I SystemServerTimingAsync: ssm.onUnlockingUser-0_com.android.server.wifi.p2p.WifiP2pService
01-04 01:15:06.398 1133 1663 D SystemServerTimingAsync: ssm.onUnlockingUser-0_com.android.server.wifi.p2p.WifiP2pService took to complete: 0ms
01-04 01:15:06.399 1133 1663 I SystemServerTimingAsync: ssm.onUnlockingUser-0_com.android.server.ethernet.EthernetService
01-04 01:15:06.399 1133 1663 D SystemServerTimingAsync: ssm.onUnlockingUser-0_com.android.server.ethernet.EthernetService took to complete: 0ms
01-04 01:15:06.399 1133 1663 I SystemServerTimingAsync: ssm.onUnlockingUser-0_com.android.server.ConnectivityServiceInitializer
01-04 01:15:06.399 1133 1663 D SystemServerTimingAsync: ssm.onUnlockingUser-0_com.android.server.ConnectivityServiceInitializer took to complete: 0ms
01-04 01:15:06.399 1133 1663 I SystemServerTimingAsync: ssm.onUnlockingUser-0_com.android.server.notification.NotificationManagerService
