01-04 01:17:26.105 1133 1133 I notification_enqueue: [10094,5277,com.android.music,1,NULL,0,Notification(channel=Channel-music shortcut=null contentView=null vibrate=null sound=null defaults=0x0 flags=0x40 color=0x00000000 category=transport actions=4 vis=PRIVATE),0]
01-04 01:17:26.154 1133 1649 I DropBoxManagerService: add tag=system_app_strictmode isTagEnabled=true flags=0x2
01-04 01:17:26.159 1133 1649 I DropBoxManagerService: add tag=system_app_strictmode isTagEnabled=true flags=0x2
01-04 01:17:26.163 1133 1649 I DropBoxManagerService: add tag=system_app_strictmode isTagEnabled=true flags=0x2
01-04 01:17:26.167 1133 1649 I DropBoxManagerService: add tag=system_app_strictmode isTagEnabled=true flags=0x2
01-04 01:17:26.170 1133 1649 I DropBoxManagerService: add tag=system_app_strictmode isTagEnabled=true flags=0x2
01-04 01:17:26.172 1133 1649 I DropBoxManagerService: add tag=system_app_strictmode isTagEnabled=true flags=0x2
01-04 01:17:26.176 1133 1649 I DropBoxManagerService: add tag=system_app_strictmode isTagEnabled=true flags=0x2
01-04 01:17:26.179 1133 1649 I DropBoxManagerService: add tag=system_app_strictmode isTagEnabled=true flags=0x2
01-04 01:17:26.181 1133 1649 I DropBoxManagerService: add tag=system_app_strictmode isTagEnabled=true flags=0x2
01-04 01:17:26.183 1133 1649 I DropBoxManagerService: add tag=system_app_strictmode isTagEnabled=true flags=0x2
01-04 01:17:26.185 1133 1649 I DropBoxManagerService: add tag=system_app_strictmode isTagEnabled=true flags=0x2
01-04 01:17:26.186 1133 1649 I DropBoxManagerService: add tag=system_app_strictmode isTagEnabled=true flags=0x2
01-04 01:17:26.190 1133 1649 I DropBoxManagerService: add tag=system_app_strictmode isTagEnabled=true flags=0x2
01-04 01:17:26.191 1133 1649 I DropBoxManagerService: add tag=system_app_strictmode isTagEnabled=true flags=0x2
01-04 01:17:26.208 5277 5277 I view_enqueue_input_event: [Motion - Cancel,com.android.music/com.android.music.MusicBrowserActivity]
01-04 01:17:26.216 1133 1890 I input_interaction: Interaction with: edge-swipe (server), swipe-up (server), PointerEventDispatcher0 (server),
01-04 01:17:26.304 1133 1133 I sysui_multi_action: [757,1501,758,1,793,202,794,0,795,202,796,1,806,com.android.music,857,Channel-music,858,2,947,0,1500,0,1641,transport,1688,1,1745,1043716538]
01-04 01:17:26.305 1133 1133 I sysui_multi_action: [757,804,799,note_interruptive,801,0,802,1]
01-04 01:17:26.305 1133 1133 I GameModeConfig: isGameModeOn = false
01-04 01:17:26.308 1133 1133 W NotificationHistory: Attempted to add notif for locked/gone/disabled user 0
01-04 01:17:26.309 1133 1133 I GameModeConfig: isGameModeOn = false
01-04 01:17:26.365 1133 1133 I sysui_multi_action: [757,128,758,5,759,8,793,145484,794,0,795,145484,796,1,797,empty_media,806,com.android.systemui,857,empty_media_style_id,858,4,947,0,1500,142092,1641,transport,1688,1,1745,1043716538]
01-04 01:17:26.366 1133 1133 I notification_canceled: [0|com.android.systemui|1|empty_media|10087,8,145484,145484,0,-1,-1,NULL]
01-04 01:17:26.389 1133 4602 I sysui_multi_action: [757,803,799,key_back_press,802,1]
01-04 01:17:26.389 1133 1648 D AutofillManagerService: onBackKeyPressed()
01-04 01:17:26.390 1133 1890 I input_interaction: Interaction with: 698d303 com.android.music/com.android.music.MusicBrowserActivity (server), PointerEventDispatcher0 (server),
01-04 01:17:26.394 1133 4602 I wm_finish_activity: [0,15882631,18,com.android.music/.MusicBrowserActivity,app-request]
01-04 01:17:26.394 1133 4602 I wm_task_moved: [1,1,7]
01-04 01:17:26.395 1133 4602 I wm_task_moved: [10,1,2147483647]
01-04 01:17:26.395 1133 4602 I wm_task_to_front: [0,10]
01-04 01:17:26.395 1133 4602 I wm_focused_root_task: [0,0,1,18,finish-top adjustFocusToNextFocusableTask]
01-04 01:17:26.395 1133 4602 I wm_set_resumed_activity: [0,com.android.launcher3/.uioverrides.QuickstepLauncher,finish-top adjustFocusToNextFocusableTask]
01-04 01:17:26.409 1133 4602 I wm_pause_activity: [0,15882631,com.android.music/.MusicBrowserActivity,userLeaving=false,finish]
01-04 01:17:26.412 5277 5277 I wm_on_top_resumed_lost_called: [15882631,com.android.music.MusicBrowserActivity,topStateChangedWhenResumed]
01-04 01:17:26.425 5277 5277 I wm_on_paused_called: [15882631,com.android.music.MusicBrowserActivity,performPause]
01-04 01:17:26.425 1133 3699 I wm_add_to_stopping: [0,15882631,com.android.music/.MusicBrowserActivity,completeFinishing]
01-04 01:17:26.426 1133 3699 I ActivityTaskManager: FOREGROUND_APPLICATION_CHANGED to com.android.launcher3.uioverrides.QuickstepLauncher
01-04 01:17:26.440 1133 3699 I wm_set_resumed_activity: [0,com.android.launcher3/.uioverrides.QuickstepLauncher,resumeTopActivityInnerLocked]
01-04 01:17:26.444 1133 3699 I wm_resume_activity: [0,80062843,10,com.android.launcher3/.uioverrides.QuickstepLauncher]
01-04 01:17:26.452 1133 1650 I sysui_multi_action: [757,803,799,window_time_0,802,5]
01-04 01:17:26.454 2992 2992 I wm_on_restart_called: [80062843,com.android.launcher3.uioverrides.QuickstepLauncher,performRestartActivity]
01-04 01:17:26.455 2992 2992 I wm_on_start_called: [80062843,com.android.launcher3.uioverrides.QuickstepLauncher,handleStartActivity]
01-04 01:17:26.456 2992 2992 I wm_on_resume_called: [80062843,com.android.launcher3.uioverrides.QuickstepLauncher,RESUME_ACTIVITY]
01-04 01:17:26.456 2992 2992 I wm_on_top_resumed_gained_called: [80062843,com.android.launcher3.uioverrides.QuickstepLauncher,topWhenResuming]
01-04 01:17:26.463 1133 1890 I input_focus: [Focus leaving 698d303 com.android.music/com.android.music.MusicBrowserActivity (server),reason=NO_WINDOW]
01-04 01:17:26.470 2956 4759 W ContextImpl: Calling a method in the system process without a qualified user: android.app.ContextImpl.startService:1816 android.content.ContextWrapper.startService:774 com.thundercomm.gamemode.ingame.services.GameModeActionUtils.startGameModeService:99 com.thundercomm.gamemode.ingame.services.GameModeActionUtils.startGameModeEntry:22 com.thundercomm.gamemode.ingame.services.ActivityMonitoringService$1.onActivityLaunch:129
01-04 01:17:26.471 1133 1651 I input_focus: [Focus request dad8335 com.android.launcher3/com.android.launcher3.uioverrides.QuickstepLauncher,reason=UpdateInputWindows]
01-04 01:17:26.479 1133 1133 I GameModeConfig: Current uri is uri = content://com.thundercomm.gamemode.api/gamemode_settings/gamemode_isgaming
01-04 01:17:26.485 1133 1133 I GameModeConfig: isGameModeOn = false
01-04 01:17:26.485 1133 1133 I GameModeConfig: isGameModeOn = false
01-04 01:17:26.485 1133 1133 I GameModeConfig: isDisableVoice = true
01-04 01:17:26.498 1133 1890 I input_focus: [Focus entering dad8335 com.android.launcher3/com.android.launcher3.uioverrides.QuickstepLauncher (server),reason=setFocusedWindow]
01-04 01:17:26.557 2956 4759 W ContextImpl: Calling a method in the system process without a qualified user: android.app.ContextImpl.startService:1816 android.content.ContextWrapper.startService:774 com.thundercomm.gamemode.ingame.services.GameModeActionUtils.startGameModeService:99 com.thundercomm.gamemode.ingame.services.GameModeActionUtils.startGameModeEntry:22 com.thundercomm.gamemode.ingame.services.ActivityMonitoringService$1.onActivityLaunch:129
01-04 01:17:26.565 1133 1133 I GameModeConfig: Current uri is uri = content://com.thundercomm.gamemode.api/gamemode_settings/gamemode_isgaming
01-04 01:17:26.570 1133 1133 I GameModeConfig: isGameModeOn = false
01-04 01:17:26.570 1133 1133 I GameModeConfig: isGameModeOn = false
01-04 01:17:26.570 1133 1133 I GameModeConfig: isDisableVoice = true
01-04 01:17:26.858 1133 1650 I wm_destroy_activity: [0,15882631,18,com.android.music/.MusicBrowserActivity,finish-imm:idle]
01-04 01:17:26.876 2956 4759 W ContextImpl: Calling a method in the system process without a qualified user: android.app.ContextImpl.startService:1816 android.content.ContextWrapper.startService:774 com.thundercomm.gamemode.ingame.services.GameModeActionUtils.startGameModeService:99 com.thundercomm.gamemode.ingame.services.GameModeActionUtils.startGameModeEntry:22 com.thundercomm.gamemode.ingame.services.ActivityMonitoringService$1.onActivityLaunch:129
01-04 01:17:26.890 5277 5277 I wm_on_stop_called: [15882631,com.android.music.MusicBrowserActivity,LIFECYCLER_STOP_ACTIVITY]
01-04 01:17:26.890 1133 1133 I GameModeConfig: Current uri is uri = content://com.thundercomm.gamemode.api/gamemode_settings/gamemode_isgaming
01-04 01:17:26.894 1133 1133 I GameModeConfig: isGameModeOn = false
01-04 01:17:26.895 1133 1133 I GameModeConfig: isGameModeOn = false
01-04 01:17:26.895 1133 1133 I GameModeConfig: isDisableVoice = true
01-04 01:17:26.896 5277 5277 I wm_on_destroy_called: [15882631,com.android.music.MusicBrowserActivity,performDestroy]
01-04 01:17:26.905 1133 1133 I sysui_multi_action: [757,128,758,5,759,8,793,802,794,0,795,802,796,1,806,com.android.music,857,Channel-music,858,2,947,0,1500,802,1641,transport,1688,1,1745,1043716538]
01-04 01:17:26.905 1133 1133 I notification_canceled: [0|com.android.music|1|null|10094,8,802,802,0,-1,-1,NULL]
01-04 01:17:26.907 1133 2502 I wm_task_removed: [18,removeChild:removeChild last r=ActivityRecord{f25987 u0 com.android.music/.MusicBrowserActivity t-1 f}} in t=Task{882ba02 #18 type=standard A=10094:android.task.music U=0 visible=false mode=fullscreen translucent=true sz=0}]
01-04 01:17:26.907 1133 2502 I wm_task_removed: [18,removeChild]
01-04 01:17:26.910 1133 1651 W ActivityTaskManager: Can't find TaskDisplayArea to determine support for multi window. Task id=18 attached=false
01-04 01:17:26.910 1133 1651 W ActivityTaskManager: Can't find TaskDisplayArea to determine support for multi window. Task id=18 attached=false
01-04 01:17:26.926 1133 1133 I notification_cancel_all: [1000,1133,com.android.music,0,0,0,20,NULL]
01-04 01:17:26.926 1133 4602 I sysui_multi_action: [757,856,758,2,806,com.android.music,857,Channel-music,858,2]
01-04 01:17:26.927 1133 4602 W NotificationHistory: Attempted to remove channel for locked/gone/disabled user 0
01-04 01:17:26.940 1133 2502 W BroadcastQueue: Background execution not allowed: receiving Intent { act=com.android.music.updatewidget flg=0x10 } to com.android.music/.MediaAppWidgetProvider
01-04 01:17:26.941 1133 2396 I GameModeConfig: isGameModeOn = false
01-04 01:17:26.941 1133 2396 I GameModeConfig: isGameModeOn = false
01-04 01:17:26.941 1133 1663 W BroadcastQueue: Background execution not allowed: receiving Intent { act=com.android.music.updatewidget flg=0x10 } to com.android.music/.MediaAppWidgetProviderLarge
01-04 01:17:26.941 1133 2396 I GameModeConfig: isGameModeOn = false
01-04 01:17:26.941 1133 2396 I GameModeConfig: isGameModeOn = false
01-04 01:17:26.942 1133 1133 I notification_enqueue: [10087,2455,com.android.systemui,1,empty_media,0,Notification(channel=empty_media_style_id shortcut=null contentView=null vibrate=null sound=null defaults=0x0 flags=0x20 color=0x00000000 category=transport actions=4 vis=PRIVATE),0]
01-04 01:17:27.144 1133 1133 I sysui_multi_action: [757,1501,758,1,793,202,794,0,795,202,796,1,797,empty_media,806,com.android.systemui,857,empty_media_style_id,858,4,947,0,1500,0,1641,transport,1688,1,1745,1043716538]
01-04 01:17:27.144 1133 1133 I sysui_multi_action: [757,804,799,note_interruptive,801,0,802,1]
01-04 01:17:27.145 1133 1133 I GameModeConfig: isGameModeOn = false
01-04 01:17:27.146 1133 1133 I sysui_multi_action: [757,1501,758,1,793,205,794,0,795,205,796,1,797,empty_media,806,com.android.systemui,857,empty_media_style_id,858,4,947,0,1500,0,1641,transport,1688,1,1745,1043716538]
01-04 01:17:27.146 1133 1133 I sysui_multi_action: [757,804,799,note_interruptive,801,0,802,1]
01-04 01:17:27.147 1133 1133 I sysui_multi_action: [757,199,758,1,759,2,793,206,794,0,795,206,796,1,797,empty_media,806,com.android.systemui,857,empty_media_style_id,858,4,947,0,1500,1,1641,transport,1688,1,1745,1043716538]
01-04 01:17:27.147 1133 1133 I notification_alert: [0|com.android.systemui|1|empty_media|10087,0,1,0]
01-04 01:17:27.160 1133 1133 W NotificationHistory: Attempted to add notif for locked/gone/disabled user 0
01-04 01:17:27.196 1133 1649 I commit_sys_config_file: [notification-policy,147643]
01-04 01:17:27.247 3437 3437 I auditd : type=1400 audit(0.0:178): avc: granted { read } for comm=4173796E635461736B20233333 name="arp" dev="proc" ino=4026532247 scontext=u:r:platform_app:s0:c512,c768 tcontext=u:object_r:proc_net:s0 tclass=file app=com.hht.lebocast
01-04 01:17:27.247 3437 3437 I auditd : type=1400 audit(0.0:179): avc: granted { read open } for comm=4173796E635461736B20233333 path="/proc/3437/net/arp" dev="proc" ino=4026532247 scontext=u:r:platform_app:s0:c512,c768 tcontext=u:object_r:proc_net:s0 tclass=file app=com.hht.lebocast
01-04 01:17:27.247 3437 3437 I auditd : type=1400 audit(0.0:180): avc: granted { getattr } for comm=4173796E635461736B20233333 path="/proc/3437/net/arp" dev="proc" ino=4026532247 scontext=u:r:platform_app:s0:c512,c768 tcontext=u:object_r:proc_net:s0 tclass=file app=com.hht.lebocast
01-04 01:17:27.247 3437 3437 I auditd : type=1400 audit(0.0:181): avc: granted { getattr } for comm=4173796E635461736B20233333 path="/proc/3437/net/arp" dev="proc" ino=4026532247 scontext=u:r:platform_app:s0:c512,c768 tcontext=u:object_r:proc_net:s0 tclass=file app=com.hht.lebocast
01-04 01:17:27.775 1133 1684 I dvm_lock_sample: [system_server,1,PowerManagerService,7,MessageQueue.java,337,android.os.Message android.os.MessageQueue.next(),-,600,boolean android.os.MessageQueue.enqueueMessage(android.os.Message, long),1]
01-01 08:04:06.961 0 0 I afe_find_cal_topo_id_by_port: port id: 0x9000, dev_acdb_id: 0
01-01 08:04:06.968 0 0 I afe_find_cal_topo_id_by_port: top_id:112fc acdb_id:15 afe_port:0x9000
01-01 08:04:06.976 0 0 I afe_get_cal_topology_id: port_id = 0x9000 acdb_id = 15 topology_id = 0x112fc cal_type_index=8 ret=0
01-01 08:04:06.987 0 0 I afe_send_port_topology_id: AFE set topology id 0x112fc enable for port 0x9000 ret 0
01-01 08:04:06.996 0 0 I send_afe_cal_type: cal_index is 0
01-04 01:17:27.970 1133 1829 I commit_sys_config_file: [settings-2-0,10]
01-01 08:04:07.001 0 0 I send_afe_cal_type: dev_acdb_id[55] is 0
01-01 08:04:07.006 0 0 I send_afe_cal_type: Sending cal_index cal 0
01-01 08:04:07.011 0 0 E send_afe_cal_type: No cal sent for cal_index 0, port_id = 0x9000! ret -22
01-01 08:04:07.020 0 0 I afe_send_hw_delay: port_id 0x9000 rate 48000 delay_usec 474 status 0
01-04 01:17:28.230 1133 1890 I input_interaction: Interaction with: dad8335 com.android.launcher3/com.android.launcher3.uioverrides.QuickstepLauncher (server), 48a1821 com.android.systemui.ImageWallpaper (server), edge-swipe (server), swipe-up (server), PointerEventDispatcher0 (server),
01-04 01:17:28.569 1133 1829 I commit_sys_config_file: [settings-1-0,13]
01-04 01:17:29.101 1133 1649 I DropBoxManagerService: add tag=system_app_strictmode isTagEnabled=true flags=0x2
01-04 01:17:29.107 1133 1812 I thunderperf: PlatormCompat.setOverrides: Uid1=10084 Pid1=2992 Uid2=10084 Pid2=2992
01-04 01:17:29.107 1133 1812 I thunderperf: PlatormCompat.setOverrides: needCheck:false
01-04 01:17:29.134 1133 1812 I ActivityTaskManager: START u0 {act=android.intent.action.MAIN cat=[android.intent.category.LAUNCHER] flg=0x10200000 cmp=com.android.documentsui/.LauncherActivity bnds=[890,252][1190,550]} from uid 10084
01-04 01:17:29.146 1133 1812 I wm_task_created: [19,-1]
01-04 01:17:29.146 1133 1812 W ActivityTaskManager: Can't find TaskDisplayArea to determine support for multi window. Task id=19 attached=false
01-04 01:17:29.149 1133 1812 D CompatibilityChangeReporter: Compat change id reported: 174042980; UID 10024; state: DISABLED
01-04 01:17:29.149 1133 1812 D CompatibilityChangeReporter: Compat change id reported: 184838306; UID 10024; state: DISABLED
01-04 01:17:29.150 1133 1812 D CompatibilityChangeReporter: Compat change id reported: 185004937; UID 10024; state: DISABLED
01-04 01:17:29.151 1133 1812 D CompatibilityChangeReporter: Compat change id reported: 181136395; UID 10024; state: DISABLED
01-04 01:17:29.151 1133 1812 D CompatibilityChangeReporter: Compat change id reported: 174042936; UID 10024; state: DISABLED
01-04 01:17:29.152 1133 1812 I wm_task_moved: [19,1,7]
01-04 01:17:29.152 1133 1812 I wm_task_to_front: [0,19]
01-04 01:17:29.152 1133 1812 I wm_create_task: [0,19]
01-04 01:17:29.152 1133 1812 I wm_create_activity: [0,177007998,19,com.android.documentsui/.LauncherActivity,android.intent.action.MAIN,NULL,NULL,270532608]
01-04 01:17:29.152 1133 1812 I wm_task_moved: [19,1,7]
01-04 01:17:29.153 1133 1812 D CompatibilityChangeReporter: Compat change id reported: 168419799; UID 10024; state: DISABLED
01-04 01:17:29.153 1133 1812 V SplashScreenExceptionList: SplashScreen checking exception for package com.android.documentsui (target sdk:30) -> false
01-04 01:17:29.154 1133 1812 I wm_pause_activity: [0,80062843,com.android.launcher3/.uioverrides.QuickstepLauncher,userLeaving=true,pauseBackTasks]
01-04 01:17:29.158 2992 2992 I wm_on_top_resumed_lost_called: [80062843,com.android.launcher3.uioverrides.QuickstepLauncher,topStateChangedWhenResumed]
01-04 01:17:29.159 2992 2992 I wm_on_paused_called: [80062843,com.android.launcher3.uioverrides.QuickstepLauncher,performPause]
01-04 01:17:29.159 1133 2502 I ActivityTaskManager: FOREGROUND_APPLICATION_CHANGED to com.android.documentsui.files.LauncherActivity
01-04 01:17:29.161 1133 2502 I ActivityTaskManager: The Process com.android.documentsui Already Exists in BG. So sending its PID: 3765
01-04 01:17:29.162 1133 2502 I wm_restart_activity: [0,177007998,19,com.android.documentsui/.LauncherActivity]
01-04 01:17:29.163 1133 2502 I wm_set_resumed_activity: [0,com.android.documentsui/.LauncherActivity,minimalResumeActivityLocked]
01-04 01:17:29.165 1133 1650 I am_uid_active: 10024
01-04 01:17:29.171 1133 1650 I sysui_multi_action: [757,803,799,window_time_0,802,2]
01-04 01:17:29.179 2956 4759 W ContextImpl: Calling a method in the system process without a qualified user: android.app.ContextImpl.startService:1816 android.content.ContextWrapper.startService:774 com.thundercomm.gamemode.ingame.services.GameModeActionUtils.startGameModeService:99 com.thundercomm.gamemode.ingame.services.GameModeActionUtils.startGameModeEntry:22 com.thundercomm.gamemode.ingame.services.ActivityMonitoringService$1.onActivityLaunch:129
01-04 01:17:29.179 1133 1812 I thunderperf: PlatormCompat.setOverrides: Uid1=10024 Pid1=3765 Uid2=10024 Pid2=3765
01-04 01:17:29.179 1133 1812 I thunderperf: PlatormCompat.setOverrides: needCheck:false
01-04 01:17:29.183 1133 1133 I GameModeConfig: Current uri is uri = content://com.thundercomm.gamemode.api/gamemode_settings/gamemode_isgaming
01-04 01:17:29.188 1133 1812 I ActivityTaskManager: START u0 {dat=//com.android.documentsui.launchControl flg=0x10200000 cmp=com.android.documentsui/.files.FilesActivity (has extras)} from uid 10024
01-04 01:17:29.192 1133 1812 I wm_task_created: [20,-1]
01-04 01:17:29.192 1133 1812 W ActivityTaskManager: Can't find TaskDisplayArea to determine support for multi window. Task id=20 attached=false
01-04 01:17:29.195 1133 1133 I GameModeConfig: isGameModeOn = false
01-04 01:17:29.195 1133 1133 I GameModeConfig: isGameModeOn = false
01-04 01:17:29.195 1133 1133 I GameModeConfig: isDisableVoice = true
01-04 01:17:29.196 1133 1812 I wm_task_moved: [20,1,8]
01-04 01:17:29.196 1133 1812 I wm_task_to_front: [0,20]
01-04 01:17:29.196 1133 1812 I wm_create_task: [0,20]
01-04 01:17:29.196 1133 1812 I wm_create_activity: [0,189258210,20,com.android.documentsui/.files.FilesActivity,NULL,NULL,//com.android.documentsui.launchControl,271056896]
01-04 01:17:29.196 1133 1812 I wm_task_moved: [20,1,8]
01-04 01:17:29.197 1133 1812 V SplashScreenExceptionList: SplashScreen checking exception for package com.android.documentsui (target sdk:30) -> false
01-04 01:17:29.198 2455 2515 D PhoneStartingWindowTypeAlgorithm: preferredStartingWindowType newTask:true taskSwitch:true processRunning:true allowTaskSnapshot:true activityCreated:false useEmptySplashScreen:false legacySplashScreen:false topIsHome:false
01-04 01:17:29.198 1133 1812 I wm_pause_activity: [0,177007998,com.android.documentsui/.LauncherActivity,userLeaving=true,pauseBackTasks]
01-04 01:17:29.198 2455 2515 D StartingSurfaceDrawer: addSplashScreen com.android.documentsui theme=7f110102 task=20 suggestType=1
01-04 01:17:29.200 2455 2516 D StartingSurfaceDrawer: window attributes color: 0 icon null duration 0 brandImage null
01-04 01:17:29.201 2455 2516 D StartingSurfaceDrawer: replace drawable with bottom layer drawable
01-04 01:17:29.202 2455 2516 D StartingSurfaceDrawer: quantize: this is pure transparent image
01-04 01:17:29.204 2455 2516 D StartingSurfaceDrawer: FgMainColor=ff000000 BgMainColor=0 IsBgComplex=false FromCache=false ThemeColor=ffffffff
01-04 01:17:29.204 2455 2516 D StartingSurfaceDrawer: isRgbSimilarInHsv a: ffffffff b 0 contrast ratio: 20.999998
01-04 01:17:29.204 2455 2516 D StartingSurfaceDrawer: hsvDiff 0 ah 0.0 bh 0.0 as 0.0 bs 0.0 av 1.0 bv 0.0 sqH 0.0 sqS 0.0 sqV 1.0 root 0.5773502691896257
01-04 01:17:29.204 2455 2516 D StartingSurfaceDrawer: isRgbSimilarInHsv a: ffffffff b ff000000 contrast ratio: 20.999998
01-04 01:17:29.204 2455 2516 D StartingSurfaceDrawer: hsvDiff 0 ah 0.0 bh 0.0 as 0.0 bs 0.0 av 1.0 bv 0.0 sqH 0.0 sqS 0.0 sqV 1.0 root 0.5773502691896257
01-04 01:17:29.204 2455 2516 D StartingSurfaceDrawer: makeSplashScreenContentView: choose fg icon
01-04 01:17:29.205 2455 2516 D StartingSurfaceDrawer: fillViewWithIcon surfaceWindowView android.window.SplashScreenView{34967d V.E...... ......ID 0,0-0,0}
01-04 01:17:29.206 1133 4602 I wm_finish_activity: [0,177007998,19,com.android.documentsui/.LauncherActivity,app-request]
01-04 01:17:29.206 3765 3765 I wm_on_create_called: [177007998,com.android.documentsui.LauncherActivity,performCreate]
01-04 01:17:29.213 1133 2502 I wm_add_to_stopping: [0,177007998,com.android.documentsui/.LauncherActivity,completeFinishing]
01-04 01:17:29.213 1133 2502 I ActivityTaskManager: FOREGROUND_APPLICATION_CHANGED to com.android.documentsui.files.FilesActivity
01-04 01:17:29.214 1133 2502 I ActivityTaskManager: The Process com.android.documentsui Already Exists in BG. So sending its PID: 3765
01-04 01:17:29.214 1133 2502 W ActivityTaskManager: Tried to set launchTime (0) < mLastActivityLaunchTime (225913)
01-04 01:17:29.214 1133 2502 I wm_add_to_stopping: [0,80062843,com.android.launcher3/.uioverrides.QuickstepLauncher,makeInvisible]
01-04 01:17:29.215 1133 2502 I wm_restart_activity: [0,189258210,20,com.android.documentsui/.files.FilesActivity]
01-04 01:17:29.216 1133 2502 I wm_set_resumed_activity: [0,com.android.documentsui/.files.FilesActivity,minimalResumeActivityLocked]
01-04 01:17:29.218 1133 1650 I wm_destroy_activity: [0,177007998,19,com.android.documentsui/.LauncherActivity,finish-imm:idle]
01-04 01:17:29.223 1133 1650 I sysui_multi_action: [757,803,799,window_time_0,802,0]
01-04 01:17:29.236 1133 1890 I input_focus: [Focus leaving dad8335 com.android.launcher3/com.android.launcher3.uioverrides.QuickstepLauncher (server),reason=NO_WINDOW]
01-04 01:17:29.291 3765 3765 I wm_on_create_called: [189258210,com.android.documentsui.files.FilesActivity,performCreate]
01-04 01:17:29.294 3765 3765 I wm_on_start_called: [189258210,com.android.documentsui.files.FilesActivity,handleStartActivity]
01-04 01:17:29.295 3765 3765 I wm_on_resume_called: [189258210,com.android.documentsui.files.FilesActivity,RESUME_ACTIVITY]
01-04 01:17:29.298 1133 2503 I am_uid_active: 10033
01-04 01:17:29.307 3765 3765 I wm_on_top_resumed_gained_called: [189258210,com.android.documentsui.files.FilesActivity,topStateChangedWhenResumed]
01-04 01:17:29.308 3765 3765 I wm_on_destroy_called: [177007998,com.android.documentsui.LauncherActivity,performDestroy]
01-04 01:17:29.308 1133 2502 I wm_task_removed: [19,removeChild:removeChild last r=ActivityRecord{a8ced7e u0 com.android.documentsui/.LauncherActivity t-1 f}} in t=Task{28db22e #19 type=standard A=10024:com.android.documentsui U=0 visible=false mode=fullscreen translucent=true sz=0}]
01-04 01:17:29.308 1133 2502 I wm_task_removed: [19,removeChild]
01-04 01:17:29.310 1133 2502 I am_uid_active: 10021
01-04 01:17:29.328 2956 4759 W ContextImpl: Calling a method in the system process without a qualified user: android.app.ContextImpl.startService:1816 android.content.ContextWrapper.startService:774 com.thundercomm.gamemode.ingame.services.GameModeActionUtils.startGameModeService:99 com.thundercomm.gamemode.ingame.services.GameModeActionUtils.startGameModeEntry:22 com.thundercomm.gamemode.ingame.services.ActivityMonitoringService$1.onActivityLaunch:129
01-04 01:17:29.329 1133 1651 I input_focus: [Focus request b06fd63 com.android.documentsui/com.android.documentsui.files.FilesActivity,reason=UpdateInputWindows]
01-04 01:17:29.336 1133 1133 I GameModeConfig: Current uri is uri = content://com.thundercomm.gamemode.api/gamemode_settings/gamemode_isgaming
01-04 01:17:29.339 1133 1133 I GameModeConfig: isGameModeOn = false
01-04 01:17:29.339 1133 1133 I GameModeConfig: isGameModeOn = false
01-04 01:17:29.339 1133 1133 I GameModeConfig: isDisableVoice = true
01-01 08:04:08.394 0 0 I binder : 3765:5509 ioctl 40046210 7a5d6661f4 returned -22
01-04 01:17:29.411 2455 2515 D StartingSurfaceDrawer: Task start finish, remove starting surface for task 20
01-04 01:17:29.411 2455 2515 V StartingSurfaceDrawer: Removing splash screen window for task: 20
01-04 01:17:29.413 1133 1647 I sysui_multi_action: [319,102,321,95,322,276,325,225,757,761,758,8,759,1,806,com.android.documentsui,871,com.android.documentsui.files.FilesActivity,904,com.android.documentsui,905,0,1320,4,1321,1]
01-04 01:17:29.415 1133 1647 I wm_activity_launch_time: [0,189258210,com.android.documentsui/.files.FilesActivity,276]
01-04 01:17:29.421 1133 1890 I input_focus: [Focus entering b06fd63 com.android.documentsui/com.android.documentsui.files.FilesActivity (server),reason=Window became focusable. Previous reason: NOT_VISIBLE]
01-04 01:17:29.495 1133 1812 D CompatibilityChangeReporter: Compat change id reported: 149924527; UID 10021; state: ENABLED
01-04 01:17:29.495 1133 1812 D CompatibilityChangeReporter: Compat change id reported: 132649864; UID 10021; state: DISABLED
01-04 01:17:29.496 1133 1812 D CompatibilityChangeReporter: Compat change id reported: 182734110; UID 10021; state: ENABLED
01-04 01:17:29.519 1133 1890 I input_interaction: Interaction with: b06fd63 com.android.documentsui/com.android.documentsui.files.FilesActivity (server), edge-swipe (server), swipe-up (server), PointerEventDispatcher0 (server),
01-04 01:17:29.771 1133 1650 I wm_stop_activity: [0,80062843,com.android.launcher3/.uioverrides.QuickstepLauncher]
01-04 01:17:29.809 2992 2992 I wm_on_stop_called: [80062843,com.android.launcher3.uioverrides.QuickstepLauncher,STOP_ACTIVITY_ITEM]
01-04 01:17:29.826 2956 4759 W ContextImpl: Calling a method in the system process without a qualified user: android.app.ContextImpl.startService:1816 android.content.ContextWrapper.startService:774 com.thundercomm.gamemode.ingame.services.GameModeActionUtils.startGameModeService:99 com.thundercomm.gamemode.ingame.services.GameModeActionUtils.startGameModeEntry:22 com.thundercomm.gamemode.ingame.services.ActivityMonitoringService$1.onActivityLaunch:129
01-04 01:17:29.828 1133 1133 I GameModeConfig: Current uri is uri = content://com.thundercomm.gamemode.api/gamemode_settings/gamemode_isgaming
01-04 01:17:29.830 1133 1133 I GameModeConfig: isGameModeOn = false
01-04 01:17:29.830 1133 1133 I GameModeConfig: isGameModeOn = false
01-04 01:17:29.830 1133 1133 I GameModeConfig: isDisableVoice = true
01-04 01:17:30.552 1133 2502 I ActivityTaskManager: START u0 {act=android.intent.action.VIEW dat=content://com.android.providers.downloads.documents/document/raw:/storage/emulated/0/Download/buaiwojiuladao.mp3 typ=audio/mpeg flg=0x20000003 cmp=com.android.music/.AudioPreview} from uid 10024
01-04 01:17:30.557 1133 2502 I wm_task_moved: [20,1,7]
01-04 01:17:30.557 1133 2502 I wm_set_resumed_activity: [0,com.android.documentsui/.files.FilesActivity,positionChildAt]
01-04 01:17:30.558 1133 2502 I wm_create_activity: [0,117574571,20,com.android.music/.AudioPreview,android.intent.action.VIEW,audio/mpeg,content://com.android.providers.downloads.documents/document/raw:/storage/emulated/0/Download/buaiwojiuladao.mp3,545259523]
01-04 01:17:30.559 1133 2502 I wm_pause_activity: [0,189258210,com.android.documentsui/.files.FilesActivity,userLeaving=true,resumeTopActivityInnerLocked]
01-04 01:17:30.568 3765 3765 I wm_on_top_resumed_lost_called: [189258210,com.android.documentsui.files.FilesActivity,topStateChangedWhenResumed]
01-04 01:17:30.569 3765 3765 I wm_on_paused_called: [189258210,com.android.documentsui.files.FilesActivity,performPause]
01-04 01:17:30.570 1133 5305 I ActivityTaskManager: FOREGROUND_APPLICATION_CHANGED to com.android.music.AudioPreview
01-04 01:17:30.570 1133 5305 I ActivityTaskManager: The Process com.android.music Already Exists in BG. So sending its PID: 5277
01-04 01:17:30.570 1133 5305 W ActivityTaskManager: Tried to set launchTime (0) < mLastActivityLaunchTime (218551)
01-04 01:17:30.571 1133 5305 I wm_restart_activity: [0,117574571,20,com.android.music/.AudioPreview]
01-04 01:17:30.572 1133 5305 I wm_set_resumed_activity: [0,com.android.music/.AudioPreview,minimalResumeActivityLocked]
01-04 01:17:30.576 1133 1650 I sysui_multi_action: [757,803,799,window_time_0,802,2]
01-04 01:17:30.590 2956 4759 W ContextImpl: Calling a method in the system process without a qualified user: android.app.ContextImpl.startService:1816 android.content.ContextWrapper.startService:774 com.thundercomm.gamemode.ingame.services.GameModeActionUtils.startGameModeService:99 com.thundercomm.gamemode.ingame.services.GameModeActionUtils.startGameModeEntry:22 com.thundercomm.gamemode.ingame.services.ActivityMonitoringService$1.onActivityLaunch:129
01-04 01:17:30.594 1133 1133 I GameModeConfig: Current uri is uri = content://com.thundercomm.gamemode.api/gamemode_settings/gamemode_isgaming
01-04 01:17:30.596 1133 1133 I GameModeConfig: isGameModeOn = false
01-04 01:17:30.597 1133 1133 I GameModeConfig: isGameModeOn = false
01-04 01:17:30.597 1133 1133 I GameModeConfig: isDisableVoice = true
01-04 01:17:30.651 5277 5277 I wm_on_create_called: [117574571,com.android.music.AudioPreview,performCreate]
01-04 01:17:30.653 5277 5277 I wm_on_start_called: [117574571,com.android.music.AudioPreview,handleStartActivity]
01-04 01:17:30.653 5277 5277 I wm_on_resume_called: [117574571,com.android.music.AudioPreview,RESUME_ACTIVITY]
01-04 01:17:30.662 5277 5277 I wm_on_top_resumed_gained_called: [117574571,com.android.music.AudioPreview,topStateChangedWhenResumed]
01-04 01:17:30.678 1133 1651 I input_focus: [Focus request bb7ed4d com.android.music/com.android.music.AudioPreview,reason=UpdateInputWindows]
01-04 01:17:30.686 2956 4759 W ContextImpl: Calling a method in the system process without a qualified user: android.app.ContextImpl.startService:1816 android.content.ContextWrapper.startService:774 com.thundercomm.gamemode.ingame.services.GameModeActionUtils.startGameModeService:99 com.thundercomm.gamemode.ingame.services.GameModeActionUtils.startGameModeEntry:22 com.thundercomm.gamemode.ingame.services.ActivityMonitoringService$1.onActivityLaunch:129
01-04 01:17:30.691 1133 1133 I GameModeConfig: Current uri is uri = content://com.thundercomm.gamemode.api/gamemode_settings/gamemode_isgaming
01-04 01:17:30.693 1133 1133 I GameModeConfig: isGameModeOn = false
01-04 01:17:30.694 1133 1133 I GameModeConfig: isGameModeOn = false
01-04 01:17:30.694 1133 1133 I GameModeConfig: isDisableVoice = true
01-04 01:17:30.704 1133 1647 I sysui_multi_action: [319,149,322,147,325,227,757,761,758,8,759,2,806,com.android.music,871,com.android.music.AudioPreview,904,com.android.documentsui,905,0,1320,4,1321,1]
01-04 01:17:30.705 1133 1647 I wm_activity_launch_time: [0,117574571,com.android.music/.AudioPreview,147]
01-04 01:17:30.707 1133 1890 I input_focus: [Focus leaving b06fd63 com.android.documentsui/com.android.documentsui.files.FilesActivity (server),reason=Waiting for window because NOT_VISIBLE]
01-04 01:17:30.724 1133 1890 I input_focus: [Focus entering bb7ed4d com.android.music/com.android.music.AudioPreview (server),reason=Window became focusable. Previous reason: NOT_VISIBLE]
01-04 01:17:30.917 1133 4178 E TaskPersister: File error accessing recents directory (directory doesn't exist?).
01-04 01:17:37.195 1133 2396 I GameModeConfig: isGameModeOn = false
01-04 01:17:45.892 1133 1890 I input_interaction: Interaction with: 2c759d StatusBar (server), edge-swipe (server), swipe-up (server), PointerEventDispatcher0 (server),
01-04 01:17:45.906 2455 2455 I sysui_multi_action: [757,803,799,panel_open,802,1]
01-04 01:17:45.909 2455 2455 I sysui_multi_action: [757,1328,758,4,1326,43,1327,3,1329,0]
01-04 01:17:45.936 1133 2848 I sysui_multi_action: [757,127,758,1]
01-04 01:17:45.936 1133 2848 I sysui_multi_action: [757,804,799,note_load,801,3,802,1]
01-04 01:17:45.937 1133 2848 I notification_panel_revealed: 3
01-04 01:17:45.955 1133 1651 I input_focus: [Focus request c9f1bc8 NotificationShade,reason=UpdateInputWindows]
01-04 01:17:45.972 1133 1812 I sysui_multi_action: [757,128,758,1,793,161029,794,0,795,161029,796,26,798,0,806,android,857,DEVELOPER_IMPORTANT,858,4,947,0,1395,3,1500,161028,1688,1]
01-04 01:17:45.972 1133 1812 I sysui_multi_action: [757,804,799,note_freshness,801,161029,802,1]
01-04 01:17:45.972 1133 1812 I notification_visibility: [-1|android|26|null|1000,1,161029,161029,0,0]
01-04 01:17:45.972 1133 1812 I sysui_multi_action: [757,128,758,1,793,160942,794,0,795,160942,796,55,798,1,806,android,857,DEVELOPER,858,2,947,0,1395,3,1500,160942,1688,1]
01-04 01:17:45.972 1133 1812 I sysui_multi_action: [757,804,799,note_freshness,801,160942,802,1]
01-04 01:17:45.973 1133 1812 I notification_visibility: [-1|android|55|null|1000,1,160942,160942,0,1]
01-04 01:17:45.973 1133 1812 I sysui_multi_action: [757,128,758,1,793,161832,794,0,795,161832,796,32,798,2,806,android,857,USB,858,1,947,0,1395,3,1500,161260,1688,1]
01-04 01:17:45.973 1133 1812 I sysui_multi_action: [757,804,799,note_freshness,801,161832,802,1]
01-04 01:17:45.973 1133 1812 I notification_visibility: [-1|android|32|null|1000,1,161832,161832,0,2]
01-04 01:17:45.977 1133 1890 I input_focus: [Focus leaving bb7ed4d com.android.music/com.android.music.AudioPreview (server),reason=setFocusedWindow]
01-04 01:17:45.978 1133 1890 I input_focus: [Focus entering c9f1bc8 NotificationShade (server),reason=setFocusedWindow]
01-04 01:17:46.092 2455 2455 I sysui_multi_action: [757,111,758,1]
01-04 01:17:46.093 2455 2455 I sysui_multi_action: [757,126,758,1,759,126,927,0,928,1,1593,0]
01-04 01:17:46.093 2455 2455 I sysui_multi_action: [757,113,758,1,759,113,927,1,928,1,1593,0]
01-04 01:17:46.093 2455 2455 I sysui_multi_action: [757,0,758,1,759,0,927,2,928,0,1593,0]
01-04 01:17:46.093 2455 2455 I sysui_multi_action: [757,0,758,1,759,0,927,3,928,0,1593,0]
01-04 01:17:46.094 2455 2455 I sysui_multi_action: [757,491,758,1,759,491,927,4,928,0,1311,-1,1593,0]
01-04 01:17:46.094 2455 2455 I sysui_multi_action: [757,0,758,1,759,0,927,5,928,0,1593,0]
01-04 01:17:46.094 2455 2455 I sysui_multi_action: [757,0,758,1,759,0,927,6,1593,0]
01-04 01:17:46.094 2455 2455 I sysui_multi_action: [757,111,758,1]
01-04 01:17:46.095 2455 2455 I sysui_multi_action: [757,126,758,1,759,126,927,0,928,1,1593,0]
01-04 01:17:46.095 2455 2455 I sysui_multi_action: [757,113,758,1,759,113,927,1,928,1,1593,0]
01-04 01:17:46.095 2455 2455 I sysui_multi_action: [757,0,758,1,759,0,927,2,928,0,1593,0]
01-04 01:17:46.095 2455 2455 I sysui_multi_action: [757,0,758,1,759,0,927,3,928,0,1593,0]
01-04 01:17:47.876 1133 1890 I input_interaction: Interaction with: c9f1bc8 NotificationShade (server), edge-swipe (server), swipe-up (server), PointerEventDispatcher0 (server),
01-04 01:17:48.304 2455 2455 I sysui_multi_action: [757,366,758,4,759,113,927,1,928,1,1592,0,1593,1]
01-04 01:17:48.322 1133 2848 I ActivityTaskManager: START u0 {act=android.settings.BLUETOOTH_SETTINGS flg=0x14000000 cmp=com.android.settings/.Settings$ConnectedDeviceDashboardActivity} from uid 10087
01-04 01:17:48.334 1133 2848 I wm_task_created: [21,-1]
01-04 01:17:48.336 1133 2848 W ActivityTaskManager: Can't find TaskDisplayArea to determine support for multi window. Task id=21 attached=false
01-04 01:17:48.339 1133 2848 I wm_task_moved: [21,1,8]
01-04 01:17:48.339 1133 2848 I wm_task_to_front: [0,21]
01-04 01:17:48.340 1133 2848 I wm_create_task: [0,21]
01-04 01:17:48.340 1133 2848 I wm_create_activity: [0,172741695,21,com.android.settings/.Settings$ConnectedDeviceDashboardActivity,android.settings.BLUETOOTH_SETTINGS,NULL,NULL,335544320]
01-04 01:17:48.340 1133 2848 I wm_task_moved: [21,1,8]
01-04 01:17:48.340 5277 5277 I wm_on_top_resumed_lost_called: [117574571,com.android.music.AudioPreview,topStateChangedWhenResumed]
01-04 01:17:48.342 2455 2515 D PhoneStartingWindowTypeAlgorithm: preferredStartingWindowType newTask:true taskSwitch:true processRunning:true allowTaskSnapshot:true activityCreated:false useEmptySplashScreen:true legacySplashScreen:false topIsHome:false
01-04 01:17:48.342 2455 2515 D StartingSurfaceDrawer: addSplashScreen com.android.settings theme=7f140467 task=21 suggestType=3
01-04 01:17:48.342 1133 2848 I wm_pause_activity: [0,117574571,com.android.music/.AudioPreview,userLeaving=true,pauseBackTasks]
01-04 01:17:48.345 2455 2516 D StartingSurfaceDrawer: window attributes color: 0 icon null duration 0 brandImage null
01-04 01:17:48.346 2455 2516 D StartingSurfaceDrawer: fillViewWithIcon surfaceWindowView android.window.SplashScreenView{f5795e7 V.E...... ......ID 0,0-0,0}
01-04 01:17:48.422 1133 1812 I wm_finish_activity: [0,117574571,20,com.android.music/.AudioPreview,app-request]
01-04 01:17:48.422 5277 5277 I wm_on_paused_called: [117574571,com.android.music.AudioPreview,performPause]
01-04 01:17:48.422 1133 5305 I wm_add_to_stopping: [0,117574571,com.android.music/.AudioPreview,completeFinishing]
01-04 01:17:48.422 1133 5305 I ActivityTaskManager: FOREGROUND_APPLICATION_CHANGED to com.android.settings.Settings$ConnectedDeviceDashboardActivity
01-04 01:17:48.423 1133 5305 I ActivityTaskManager: The Process com.android.settings Already Exists in BG. So sending its PID: 3047
01-04 01:17:48.423 1133 5305 W ActivityTaskManager: Tried to set launchTime (0) < mLastActivityLaunchTime (153968)
01-04 01:17:48.424 1133 5305 I wm_add_to_stopping: [0,189258210,com.android.documentsui/.files.FilesActivity,makeInvisible]
01-04 01:17:48.425 1133 5305 I service_manager_stats: [100,74,31886]
01-04 01:17:48.425 1133 5305 I wm_restart_activity: [0,172741695,21,com.android.settings/.Settings$ConnectedDeviceDashboardActivity]
01-04 01:17:48.426 1133 5305 I wm_set_resumed_activity: [0,com.android.settings/.Settings$ConnectedDeviceDashboardActivity,minimalResumeActivityLocked]
01-04 01:17:48.451 1133 1661 I dvm_lock_sample: [system_server,0,android.bg,22,ActivityTaskManagerService.java,1871,android.app.ActivityTaskManager$RootTaskInfo com.android.server.wm.ActivityTaskManagerService.getFocusedRootTaskInfo(),TaskChangeNotificationController.java,342,void com.android.server.wm.TaskChangeNotificationController.forAllLocalListeners(com.android.server.wm.TaskChangeNotificationController$TaskStackConsumer, android.os.Message),4]
01-04 01:17:48.456 1133 1650 I sysui_multi_action: [757,803,799,window_time_0,802,18]
01-04 01:17:48.466 2956 4759 W ContextImpl: Calling a method in the system process without a qualified user: android.app.ContextImpl.startService:1816 android.content.ContextWrapper.startService:774 com.thundercomm.gamemode.ingame.services.GameModeActionUtils.startGameModeService:99 com.thundercomm.gamemode.ingame.services.GameModeActionUtils.startGameModeEntry:22 com.thundercomm.gamemode.ingame.services.ActivityMonitoringService$1.onActivityLaunch:129
01-04 01:17:48.476 1133 2848 I am_uid_active: 10093
01-04 01:17:48.480 1133 1661 I am_pss : [3765,10024,com.android.documentsui,63183872,56930304,0,194142208,0,2,13]
01-04 01:17:48.484 1133 1133 I GameModeConfig: Current uri is uri = content://com.thundercomm.gamemode.api/gamemode_settings/gamemode_isgaming
01-04 01:17:48.488 1133 3699 I thunderperf: PlatormCompat.setOverrides: Uid1=1000 Pid1=3047 Uid2=1000 Pid2=3047
01-04 01:17:48.488 1133 3699 I thunderperf: PlatormCompat.setOverrides: needCheck:false
01-04 01:17:48.489 1133 1133 I GameModeConfig: isGameModeOn = false
01-04 01:17:48.489 1133 1133 I GameModeConfig: isGameModeOn = false
01-04 01:17:48.489 1133 1133 I GameModeConfig: isDisableVoice = true
01-04 01:17:48.492 1133 1661 I am_pss : [5346,10018,com.android.musicfx,5236736,3837952,0,89948160,0,19,10]
01-04 01:17:48.493 1133 1649 I DropBoxManagerService: add tag=system_app_strictmode isTagEnabled=true flags=0x2
01-04 01:17:48.500 1133 3699 I ActivityTaskManager: START u0 {act=android.settings.BLUETOOTH_SETTINGS flg=0x14000000 cmp=com.android.settings/.homepage.SettingsHomepageActivity (has extras)} from uid 1000
01-04 01:17:48.501 1133 3699 I wm_task_moved: [11,1,8]
01-04 01:17:48.501 1133 3699 I wm_task_to_front: [0,11]
01-04 01:17:48.501 1133 3699 I wm_focused_root_task: [0,0,11,21,bringingFoundTaskToFront]
01-04 01:17:48.501 1133 3699 I wm_set_resumed_activity: [0,com.android.settings/.Settings,bringingFoundTaskToFront]
01-04 01:17:48.501 1133 3699 I wm_new_intent: [0,9665484,11,com.android.settings/.Settings,android.intent.action.MAIN,NULL,NULL,270532608]
01-04 01:17:48.503 1133 3699 I wm_pause_activity: [0,172741695,com.android.settings/.Settings$ConnectedDeviceDashboardActivity,userLeaving=true,pauseBackTasks]
01-04 01:17:48.505 1133 3699 I wm_finish_activity: [0,172741695,21,com.android.settings/.Settings$ConnectedDeviceDashboardActivity,app-request]
01-04 01:17:48.506 3047 3047 I wm_on_create_called: [172741695,com.android.settings.Settings$ConnectedDeviceDashboardActivity,performCreate]
01-04 01:17:48.507 1133 2848 I wm_add_to_stopping: [0,172741695,com.android.settings/.Settings$ConnectedDeviceDashboardActivity,completeFinishing]
01-04 01:17:48.508 1133 2848 I ActivityTaskManager: FOREGROUND_APPLICATION_CHANGED to com.android.settings.homepage.SettingsHomepageActivity
01-04 01:17:48.510 1133 2848 I wm_set_resumed_activity: [0,com.android.settings/.Settings,resumeTopActivityInnerLocked]
01-04 01:17:48.512 1133 2848 I wm_resume_activity: [0,9665484,11,com.android.settings/.Settings]
01-04 01:17:48.516 3047 3047 I wm_on_restart_called: [9665484,com.android.settings.Settings,performRestartActivity]
01-04 01:17:48.519 2455 2515 D StartingSurfaceDrawer: Task start finish, remove starting surface for task 21
01-04 01:17:48.519 2455 2515 V StartingSurfaceDrawer: Removing splash screen window for task: 21
01-04 01:17:48.520 1133 1650 I sysui_multi_action: [757,803,799,window_time_0,802,0]
01-04 01:17:48.525 3047 3047 I wm_on_start_called: [9665484,com.android.settings.Settings,handleStartActivity]
01-04 01:17:48.527 3047 3047 I snet_event_log: [120484087,-1,]
01-04 01:17:48.528 3047 3047 I wm_on_resume_called: [9665484,com.android.settings.Settings,RESUME_ACTIVITY]
01-04 01:17:48.528 3047 3047 I sysui_multi_action: [757,35,758,1,833,0,1089,0]
01-04 01:17:48.530 3047 3047 I sysui_multi_action: [757,65,758,1,833,0,1089,0]
01-04 01:17:48.564 3047 3047 I wm_on_top_resumed_gained_called: [9665484,com.android.settings.Settings,topWhenResuming]
01-04 01:17:48.639 2956 4759 W ContextImpl: Calling a method in the system process without a qualified user: android.app.ContextImpl.startService:1816 android.content.ContextWrapper.startService:774 com.thundercomm.gamemode.ingame.services.GameModeActionUtils.startGameModeService:99 com.thundercomm.gamemode.ingame.services.GameModeActionUtils.startGameModeEntry:22 com.thundercomm.gamemode.ingame.services.ActivityMonitoringService$1.onActivityLaunch:129
01-04 01:17:48.653 1133 1133 I GameModeConfig: Current uri is uri = content://com.thundercomm.gamemode.api/gamemode_settings/gamemode_isgaming
01-04 01:17:48.657 1133 1133 I GameModeConfig: isGameModeOn = false
01-04 01:17:48.658 1133 1133 I GameModeConfig: isGameModeOn = false
01-04 01:17:48.658 1133 1133 I GameModeConfig: isDisableVoice = true
01-01 08:04:27.694 0 0 I afe_close: port_id = 0x9000
01-04 01:17:48.714 1133 1647 I sysui_multi_action: [319,125,321,105,322,375,325,245,757,761,758,8,759,1,806,com.android.settings,871,com.android.settings.Settings,904,com.android.launcher3,905,0,1320,4,1321,1]
01-04 01:17:48.723 1133 1647 I wm_activity_launch_time: [0,9665484,com.android.settings/.Settings,375]
01-04 01:17:48.795 3047 3047 I sysui_multi_action: [757,65,758,2,1089,266]
01-04 01:17:48.806 1133 5201 W BluetoothManagerService: psc is not null in bindBluetoothProfileService
01-04 01:17:48.844 3047 3047 E ActivityThread: Failed to find provider info for com.google.android.gms.nearby.fastpair
01-04 01:17:48.845 3047 5010 E ActivityThread: Failed to find provider info for com.google.android.gms.nearby.fastpair
01-04 01:17:48.852 3047 3047 I sysui_multi_action: [757,747,758,1,833,0,1089,52]
01-04 01:17:48.855 3047 3047 I sysui_multi_action: [757,1729,758,4,854,isParalleledControllers:false,1089,55]
01-04 01:17:48.983 1133 1650 I wm_stop_activity: [0,189258210,com.android.documentsui/.files.FilesActivity]
01-04 01:17:48.984 1133 1650 I wm_destroy_activity: [0,117574571,20,com.android.music/.AudioPreview,finish-imm:idle]
01-04 01:17:48.984 1133 2396 I GameModeConfig: isGameModeOn = false
01-04 01:17:48.984 1133 2396 I GameModeConfig: isGameModeOn = false
01-04 01:17:48.984 1133 2396 I GameModeConfig: isGameModeOn = false
01-04 01:17:48.984 1133 2396 I GameModeConfig: isGameModeOn = false
01-04 01:17:48.985 1133 2396 I GameModeConfig: isGameModeOn = false
01-04 01:17:48.985 1133 1133 I notification_enqueue: [10087,2455,com.android.systemui,2048,NULL,0,Notification(channel=updateNotification shortcut=null contentView=null vibrate=null sound=null defaults=0x0 flags=0x0 color=0x00000000 vis=PRIVATE),1]
01-04 01:17:48.986 2455 2455 I sysui_multi_action: [757,111,758,2]
01-04 01:17:48.986 2455 2455 I sysui_multi_action: [757,111,758,2]
01-04 01:17:48.996 2956 4759 W ContextImpl: Calling a method in the system process without a qualified user: android.app.ContextImpl.startService:1816 android.content.ContextWrapper.startService:774 com.thundercomm.gamemode.ingame.services.GameModeActionUtils.startGameModeService:99 com.thundercomm.gamemode.ingame.services.GameModeActionUtils.startGameModeEntry:22 com.thundercomm.gamemode.ingame.services.ActivityMonitoringService$1.onActivityLaunch:129
01-04 01:17:48.997 1133 1651 I input_focus: [Focus request e019439 com.android.settings/com.android.settings.Settings,reason=UpdateInputWindows]
01-04 01:17:49.001 1133 1133 I GameModeConfig: Current uri is uri = content://com.thundercomm.gamemode.api/gamemode_settings/gamemode_isgaming
01-04 01:17:49.003 1133 1133 I GameModeConfig: isGameModeOn = false
01-04 01:17:49.003 1133 1133 I GameModeConfig: isGameModeOn = false
01-04 01:17:49.003 1133 1133 I GameModeConfig: isDisableVoice = true
01-04 01:17:49.010 1133 1812 I sysui_multi_action: [757,128,758,2,793,164067,794,3038,795,164067,796,26,798,0,806,android,857,DEVELOPER_IMPORTANT,858,4,947,0,1395,3,1500,164066,1688,1]
01-04 01:17:49.010 1133 1812 I notification_visibility: [-1|android|26|null|1000,0,164067,164067,0,0]
01-04 01:17:49.010 1133 1812 I sysui_multi_action: [757,128,758,2,793,163980,794,3038,795,163980,796,55,798,1,806,android,857,DEVELOPER,858,2,947,0,1395,3,1500,163980,1688,1]
01-04 01:17:49.010 1133 1812 I notification_visibility: [-1|android|55|null|1000,0,163980,163980,0,1]
01-04 01:17:49.010 1133 1812 I sysui_multi_action: [757,128,758,2,793,164869,794,3037,795,164869,796,32,798,2,806,android,857,USB,858,1,947,0,1395,3,1500,164297,1688,1]
01-04 01:17:49.010 1133 1812 I notification_visibility: [-1|android|32|null|1000,0,164869,164869,0,2]
01-04 01:17:49.011 1133 1812 I sysui_multi_action: [757,127,758,2]
01-04 01:17:49.011 1133 1812 I notification_panel_hidden:
01-04 01:17:49.018 1133 1890 I input_focus: [Focus leaving c9f1bc8 NotificationShade (server),reason=NOT_FOCUSABLE]
01-04 01:17:49.018 1133 1890 I input_focus: [Focus entering e019439 com.android.settings/com.android.settings.Settings (server),reason=setFocusedWindow]
01-04 01:17:49.020 5277 5277 I wm_on_stop_called: [117574571,com.android.music.AudioPreview,LIFECYCLER_STOP_ACTIVITY]
01-04 01:17:49.021 5277 5277 I wm_on_destroy_called: [117574571,com.android.music.AudioPreview,performDestroy]
01-04 01:17:49.022 3765 3765 I wm_on_stop_called: [189258210,com.android.documentsui.files.FilesActivity,STOP_ACTIVITY_ITEM]
01-04 01:17:49.053 2956 4759 W ContextImpl: Calling a method in the system process without a qualified user: android.app.ContextImpl.startService:1816 android.content.ContextWrapper.startService:774 com.thundercomm.gamemode.ingame.services.GameModeActionUtils.startGameModeService:99 com.thundercomm.gamemode.ingame.services.GameModeActionUtils.startGameModeEntry:22 com.thundercomm.gamemode.ingame.services.ActivityMonitoringService$1.onActivityLaunch:129
01-04 01:17:49.056 1133 1133 I GameModeConfig: Current uri is uri = content://com.thundercomm.gamemode.api/gamemode_settings/gamemode_isgaming
01-04 01:17:49.057 1133 1133 I GameModeConfig: isGameModeOn = false
01-04 01:17:49.057 1133 1133 I GameModeConfig: isGameModeOn = false
01-04 01:17:49.057 1133 1133 I GameModeConfig: isDisableVoice = true
01-04 01:17:49.186 1133 1133 I GameModeConfig: isGameModeOn = false
01-04 01:17:49.202 1133 1650 I wm_destroy_activity: [0,172741695,21,com.android.settings/.Settings$ConnectedDeviceDashboardActivity,finish-imm:idle]
01-04 01:17:49.203 3047 3047 I wm_on_destroy_called: [172741695,com.android.settings.Settings$ConnectedDeviceDashboardActivity,performDestroy]
