01-04 01:17:02.559 1133 2848 I sysui_multi_action: [757,803,799,key_back_press,802,1]
01-04 01:17:02.568 1133 1648 D AutofillManagerService: onBackKeyPressed()
01-04 01:17:02.568 1133 1890 I input_interaction: Interaction with: 9896cd1 com.android.music/com.android.music.VideoBrowserActivity (server), PointerEventDispatcher0 (server),
01-04 01:17:02.574 1133 2848 I wm_finish_activity: [0,202907177,12,com.android.music/.VideoBrowserActivity,app-request]
01-04 01:17:02.574 1133 2848 I wm_task_moved: [1,1,7]
01-04 01:17:02.576 1133 2848 I wm_task_moved: [10,1,2147483647]
01-04 01:17:02.576 1133 2848 I wm_task_to_front: [0,10]
01-04 01:17:02.576 1133 2848 I wm_focused_root_task: [0,0,1,12,finish-top adjustFocusToNextFocusableTask]
01-04 01:17:02.577 1133 2848 I wm_set_resumed_activity: [0,com.android.launcher3/.uioverrides.QuickstepLauncher,finish-top adjustFocusToNextFocusableTask]
01-04 01:17:02.589 1133 2848 I wm_pause_activity: [0,202907177,com.android.music/.VideoBrowserActivity,userLeaving=false,finish]
01-04 01:17:02.593 4400 4400 I wm_on_top_resumed_lost_called: [202907177,com.android.music.VideoBrowserActivity,topStateChangedWhenResumed]
01-04 01:17:02.596 4400 4400 I wm_on_paused_called: [202907177,com.android.music.VideoBrowserActivity,performPause]
01-04 01:17:02.597 1133 1583 I wm_add_to_stopping: [0,202907177,com.android.music/.VideoBrowserActivity,completeFinishing]
01-04 01:17:02.598 1133 1583 I ActivityTaskManager: FOREGROUND_APPLICATION_CHANGED to com.android.launcher3.uioverrides.QuickstepLauncher
01-04 01:17:02.600 1133 1583 I wm_set_resumed_activity: [0,com.android.launcher3/.uioverrides.QuickstepLauncher,resumeTopActivityInnerLocked]
01-04 01:17:02.608 1133 1583 I wm_resume_activity: [0,80062843,10,com.android.launcher3/.uioverrides.QuickstepLauncher]
01-04 01:17:02.617 2992 2992 I wm_on_restart_called: [80062843,com.android.launcher3.uioverrides.QuickstepLauncher,performRestartActivity]
01-04 01:17:02.617 2992 2992 I wm_on_start_called: [80062843,com.android.launcher3.uioverrides.QuickstepLauncher,handleStartActivity]
01-04 01:17:02.618 2992 2992 I wm_on_resume_called: [80062843,com.android.launcher3.uioverrides.QuickstepLauncher,RESUME_ACTIVITY]
01-04 01:17:02.618 2992 2992 I wm_on_top_resumed_gained_called: [80062843,com.android.launcher3.uioverrides.QuickstepLauncher,topWhenResuming]
01-04 01:17:02.619 1133 1650 I sysui_multi_action: [757,803,799,window_time_0,802,4]
01-04 01:17:02.621 1133 1890 I input_focus: [Focus leaving 9896cd1 com.android.music/com.android.music.VideoBrowserActivity (server),reason=NO_WINDOW]
01-04 01:17:02.630 1133 1651 I input_focus: [Focus request dad8335 com.android.launcher3/com.android.launcher3.uioverrides.QuickstepLauncher,reason=UpdateInputWindows]
01-04 01:17:02.640 2956 4759 W ContextImpl: Calling a method in the system process without a qualified user: android.app.ContextImpl.startService:1816 android.content.ContextWrapper.startService:774 com.thundercomm.gamemode.ingame.services.GameModeActionUtils.startGameModeService:99 com.thundercomm.gamemode.ingame.services.GameModeActionUtils.startGameModeEntry:22 com.thundercomm.gamemode.ingame.services.ActivityMonitoringService$1.onActivityLaunch:129
01-04 01:17:02.645 1133 1133 I GameModeConfig: Current uri is uri = content://com.thundercomm.gamemode.api/gamemode_settings/gamemode_isgaming
01-04 01:17:02.649 1133 1133 I GameModeConfig: isGameModeOn = false
01-04 01:17:02.650 1133 1133 I GameModeConfig: isGameModeOn = false
01-04 01:17:02.650 1133 1133 I GameModeConfig: isDisableVoice = true
01-04 01:17:02.658 1133 1890 I input_focus: [Focus entering dad8335 com.android.launcher3/com.android.launcher3.uioverrides.QuickstepLauncher (server),reason=setFocusedWindow]
01-04 01:17:02.681 2992 3427 I dvm_lock_sample: [com.android.launcher3,0,Binder:2992_4,9,MessageQueue.java,554,boolean android.os.MessageQueue.enqueueMessage(android.os.Message, long),-,600,boolean android.os.MessageQueue.enqueueMessage(android.os.Message, long),1]
01-04 01:17:02.720 2956 4759 W ContextImpl: Calling a method in the system process without a qualified user: android.app.ContextImpl.startService:1816 android.content.ContextWrapper.startService:774 com.thundercomm.gamemode.ingame.services.GameModeActionUtils.startGameModeService:99 com.thundercomm.gamemode.ingame.services.GameModeActionUtils.startGameModeEntry:22 com.thundercomm.gamemode.ingame.services.ActivityMonitoringService$1.onActivityLaunch:129
01-04 01:17:02.730 1133 1133 I GameModeConfig: Current uri is uri = content://com.thundercomm.gamemode.api/gamemode_settings/gamemode_isgaming
01-04 01:17:02.734 1133 1133 I GameModeConfig: isGameModeOn = false
01-04 01:17:02.734 1133 1133 I GameModeConfig: isGameModeOn = false
01-04 01:17:02.734 1133 1133 I GameModeConfig: isDisableVoice = true
01-04 01:17:03.018 1133 1650 I wm_destroy_activity: [0,202907177,12,com.android.music/.VideoBrowserActivity,finish-imm:idle]
01-04 01:17:03.036 4400 4400 I wm_on_stop_called: [202907177,com.android.music.VideoBrowserActivity,LIFECYCLER_STOP_ACTIVITY]
01-04 01:17:03.037 2956 4759 W ContextImpl: Calling a method in the system process without a qualified user: android.app.ContextImpl.startService:1816 android.content.ContextWrapper.startService:774 com.thundercomm.gamemode.ingame.services.GameModeActionUtils.startGameModeService:99 com.thundercomm.gamemode.ingame.services.GameModeActionUtils.startGameModeEntry:22 com.thundercomm.gamemode.ingame.services.ActivityMonitoringService$1.onActivityLaunch:129
01-04 01:17:03.042 4400 4400 I wm_on_destroy_called: [202907177,com.android.music.VideoBrowserActivity,performDestroy]
01-04 01:17:03.045 1133 1133 I GameModeConfig: Current uri is uri = content://com.thundercomm.gamemode.api/gamemode_settings/gamemode_isgaming
01-04 01:17:03.049 1133 1133 I GameModeConfig: isGameModeOn = false
01-04 01:17:03.051 1133 1133 I GameModeConfig: isGameModeOn = false
01-04 01:17:03.052 1133 1133 I GameModeConfig: isDisableVoice = true
01-04 01:17:03.060 1133 1583 I wm_task_removed: [12,removeChild:removeChild last r=ActivityRecord{c181e29 u0 com.android.music/.VideoBrowserActivity t-1 f}} in t=Task{851a947 #12 type=standard A=10094:android.task.video U=0 visible=false mode=fullscreen translucent=true sz=0}]
01-04 01:17:03.060 1133 1583 I wm_task_removed: [12,removeChild]
01-04 01:17:03.064 1133 1651 W ActivityTaskManager: Can't find TaskDisplayArea to determine support for multi window. Task id=12 attached=false
01-04 01:17:03.064 1133 1651 W ActivityTaskManager: Can't find TaskDisplayArea to determine support for multi window. Task id=12 attached=false
01-04 01:17:03.284 1133 1890 I input_interaction: Interaction with: dad8335 com.android.launcher3/com.android.launcher3.uioverrides.QuickstepLauncher (server), 48a1821 com.android.systemui.ImageWallpaper (server), edge-swipe (server), swipe-up (server), PointerEventDispatcher0 (server),
01-04 01:17:03.398 1133 1649 I DropBoxManagerService: add tag=system_app_strictmode isTagEnabled=true flags=0x2
01-04 01:17:03.403 1133 1583 I thunderperf: PlatormCompat.setOverrides: Uid1=10084 Pid1=2992 Uid2=10084 Pid2=2992
01-04 01:17:03.403 1133 1583 I thunderperf: PlatormCompat.setOverrides: needCheck:false
01-04 01:17:03.434 1133 1583 I ActivityTaskManager: START u0 {act=android.intent.action.MAIN cat=[android.intent.category.LAUNCHER] flg=0x10200000 cmp=com.android.music/.MusicBrowserActivity bnds=[2128,310][2314,510]} from uid 10084
01-04 01:17:03.444 1133 1583 I wm_task_created: [13,-1]
01-04 01:17:03.444 1133 1583 W ActivityTaskManager: Can't find TaskDisplayArea to determine support for multi window. Task id=13 attached=false
01-04 01:17:03.449 1133 1583 I wm_task_moved: [13,1,7]
01-04 01:17:03.449 1133 1583 I wm_task_to_front: [0,13]
01-04 01:17:03.449 1133 1583 I wm_create_task: [0,13]
01-04 01:17:03.449 1133 1583 I wm_create_activity: [0,107008657,13,com.android.music/.MusicBrowserActivity,android.intent.action.MAIN,NULL,NULL,270532608]
01-04 01:17:03.449 1133 1583 I wm_task_moved: [13,1,7]
01-04 01:17:03.451 2455 2515 D PhoneStartingWindowTypeAlgorithm: preferredStartingWindowType newTask:true taskSwitch:true processRunning:true allowTaskSnapshot:true activityCreated:false useEmptySplashScreen:false legacySplashScreen:false topIsHome:false
01-04 01:17:03.451 2455 2515 D StartingSurfaceDrawer: addSplashScreen com.android.music theme=7f110009 task=13 suggestType=1
01-04 01:17:03.451 1133 1583 I wm_pause_activity: [0,80062843,com.android.launcher3/.uioverrides.QuickstepLauncher,userLeaving=true,pauseBackTasks]
01-04 01:17:03.452 2455 2516 D StartingSurfaceDrawer: window attributes color: 0 icon null duration 0 brandImage null
01-04 01:17:03.453 2455 2516 D StartingSurfaceDrawer: quantize: this is pure transparent image
01-04 01:17:03.455 2455 2516 D StartingSurfaceDrawer: FgMainColor=ff000000 BgMainColor=0 IsBgComplex=false FromCache=false ThemeColor=fffafafa
01-04 01:17:03.455 2455 2516 D StartingSurfaceDrawer: isRgbSimilarInHsv a: fffafafa b 0 contrast ratio: 20.119467
01-04 01:17:03.455 2455 2516 D StartingSurfaceDrawer: hsvDiff 0 ah 0.0 bh 0.0 as 0.0 bs 0.0 av 0.98039216 bv 0.0 sqH 0.0 sqS 0.0 sqV 0.9611687835295903 root 0.5660296763508637
01-04 01:17:03.455 2455 2516 D StartingSurfaceDrawer: isRgbSimilarInHsv a: fffafafa b ff000000 contrast ratio: 20.119467
01-04 01:17:03.456 2455 2516 D StartingSurfaceDrawer: hsvDiff 0 ah 0.0 bh 0.0 as 0.0 bs 0.0 av 0.98039216 bv 0.0 sqH 0.0 sqS 0.0 sqV 0.9611687835295903 root 0.5660296763508637
01-04 01:17:03.456 2455 2516 D StartingSurfaceDrawer: makeSplashScreenContentView: choose fg icon
01-04 01:17:03.456 2455 2516 D StartingSurfaceDrawer: fillViewWithIcon surfaceWindowView android.window.SplashScreenView{1c28f39 V.E...... ......ID 0,0-0,0}
01-04 01:17:03.458 2992 2992 I wm_on_top_resumed_lost_called: [80062843,com.android.launcher3.uioverrides.QuickstepLauncher,topStateChangedWhenResumed]
01-04 01:17:03.459 2992 2992 I wm_on_paused_called: [80062843,com.android.launcher3.uioverrides.QuickstepLauncher,performPause]
01-04 01:17:03.459 1133 1812 I ActivityTaskManager: FOREGROUND_APPLICATION_CHANGED to com.android.music.MusicBrowserActivity
01-04 01:17:03.460 1133 1812 I ActivityTaskManager: The Process com.android.music Already Exists in BG. So sending its PID: 4400
01-04 01:17:03.460 1133 1812 W ActivityTaskManager: Tried to set launchTime (0) < mLastActivityLaunchTime (195669)
01-04 01:17:03.461 1133 1812 I wm_add_to_stopping: [0,80062843,com.android.launcher3/.uioverrides.QuickstepLauncher,makeInvisible]
01-04 01:17:03.461 1133 1812 I wm_restart_activity: [0,107008657,13,com.android.music/.MusicBrowserActivity]
01-04 01:17:03.462 1133 1812 I wm_set_resumed_activity: [0,com.android.music/.MusicBrowserActivity,minimalResumeActivityLocked]
01-04 01:17:03.471 1133 1650 I sysui_multi_action: [757,803,799,window_time_0,802,1]
01-04 01:17:03.476 2956 4759 W ContextImpl: Calling a method in the system process without a qualified user: android.app.ContextImpl.startService:1816 android.content.ContextWrapper.startService:774 com.thundercomm.gamemode.ingame.services.GameModeActionUtils.startGameModeService:99 com.thundercomm.gamemode.ingame.services.GameModeActionUtils.startGameModeEntry:22 com.thundercomm.gamemode.ingame.services.ActivityMonitoringService$1.onActivityLaunch:129
01-04 01:17:03.481 1133 1133 I GameModeConfig: Current uri is uri = content://com.thundercomm.gamemode.api/gamemode_settings/gamemode_isgaming
01-04 01:17:03.483 1133 1133 I GameModeConfig: isGameModeOn = false
01-04 01:17:03.484 1133 1133 I GameModeConfig: isGameModeOn = false
01-04 01:17:03.484 1133 1133 I GameModeConfig: isDisableVoice = true
01-04 01:17:03.485 1133 2503 I thunderperf: PlatormCompat.setOverrides: Uid1=10094 Pid1=4400 Uid2=10094 Pid2=4400
01-04 01:17:03.485 1133 2503 I thunderperf: PlatormCompat.setOverrides: needCheck:false
01-04 01:17:03.485 1133 2503 W PackageManager: MATCH_ANY_USER flag requires INTERACT_ACROSS_USERS permission: UID 10094 requires android.permission.INTERACT_ACROSS_USERS_FULL or android.permission.INTERACT_ACROSS_USERS to access user 0.
01-04 01:17:03.491 1133 1890 I input_focus: [Focus leaving dad8335 com.android.launcher3/com.android.launcher3.uioverrides.QuickstepLauncher (server),reason=NO_WINDOW]
01-04 01:17:03.493 1133 2503 I ActivityTaskManager: START u0 {cmp=com.android.music/com.codeaurora.music.custom.PermissionActivity (has extras)} from uid 10094
01-04 01:17:03.499 1133 2503 I wm_task_moved: [13,1,7]
01-04 01:17:03.499 1133 2503 I wm_set_resumed_activity: [0,com.android.music/.MusicBrowserActivity,positionChildAt]
01-04 01:17:03.499 1133 2503 I wm_create_activity: [0,148244698,13,com.android.music/com.codeaurora.music.custom.PermissionActivity,NULL,NULL,NULL,268435456]
01-04 01:17:03.500 1133 2503 I wm_pause_activity: [0,107008657,com.android.music/.MusicBrowserActivity,userLeaving=true,resumeTopActivityInnerLocked]
01-04 01:17:03.505 1133 2503 I wm_finish_activity: [0,107008657,13,com.android.music/.MusicBrowserActivity,app-request]
01-04 01:17:03.537 1133 2848 I ActivityManager: Process com.android.music (pid 4400) has died: fg TOP
01-04 01:17:03.538 1133 2848 I am_proc_died: [0,4400,com.android.music,0,2]
01-04 01:17:03.538 1133 2848 I am_uid_stopped: 10094
01-04 01:17:03.541 1133 2848 I ActivityTaskManager: FOREGROUND_APPLICATION_CHANGED to com.codeaurora.music.custom.PermissionActivity
01-04 01:17:03.542 1133 1650 W ActivityManager: setHasOverlayUi called on unknown pid: 4400
01-04 01:17:03.542 1133 1650 I am_uid_running: 10094
01-04 01:17:03.543 1133 1650 D CompatibilityChangeReporter: Compat change id reported: 135634846; UID 10094; state: DISABLED
01-04 01:17:03.543 1133 1650 D CompatibilityChangeReporter: Compat change id reported: 177438394; UID 10094; state: DISABLED
01-04 01:17:03.543 1133 1650 D CompatibilityChangeReporter: Compat change id reported: 135772972; UID 10094; state: DISABLED
01-04 01:17:03.543 1133 1650 D CompatibilityChangeReporter: Compat change id reported: 135754954; UID 10094; state: ENABLED
01-04 01:17:03.543 1133 1664 D CompatibilityChangeReporter: Compat change id reported: 143937733; UID 10094; state: ENABLED
01-04 01:17:03.569 2956 4759 W ContextImpl: Calling a method in the system process without a qualified user: android.app.ContextImpl.startService:1816 android.content.ContextWrapper.startService:774 com.thundercomm.gamemode.ingame.services.GameModeActionUtils.startGameModeService:99 com.thundercomm.gamemode.ingame.services.GameModeActionUtils.startGameModeEntry:22 com.thundercomm.gamemode.ingame.services.ActivityMonitoringService$1.onActivityLaunch:129
01-04 01:17:03.570 1133 1664 I am_proc_start: [0,5202,10094,com.android.music,top-activity,{com.android.music/com.codeaurora.music.custom.PermissionActivity}]
01-04 01:17:03.570 1133 1664 I ActivityManager: Start proc 5202:com.android.music/u0a94 for top-activity {com.android.music/com.codeaurora.music.custom.PermissionActivity}
01-04 01:17:03.572 1133 1133 I GameModeConfig: Current uri is uri = content://com.thundercomm.gamemode.api/gamemode_settings/gamemode_isgaming
01-04 01:17:03.574 1133 1133 I GameModeConfig: isGameModeOn = false
01-04 01:17:03.574 1133 1133 I GameModeConfig: isGameModeOn = false
01-04 01:17:03.574 1133 1133 I GameModeConfig: isDisableVoice = true
01-01 08:03:42.631 0 0 I binder : 5202:5202 ioctl 40046210 7fe56c0b84 returned -22
01-04 01:17:03.610 1133 1583 I am_proc_bound: [0,5202,com.android.music]
01-04 01:17:03.612 1133 1583 I ActivityTaskManager: The Process com.android.music Already Exists in BG. So sending its PID: 5202
01-04 01:17:03.613 1133 1583 I wm_restart_activity: [0,148244698,13,com.android.music/com.codeaurora.music.custom.PermissionActivity]
01-04 01:17:03.614 1133 1583 I wm_set_resumed_activity: [0,com.android.music/com.codeaurora.music.custom.PermissionActivity,minimalResumeActivityLocked]
01-04 01:17:03.614 1133 1583 I am_uid_active: 10094
01-04 01:17:03.626 2956 4759 W ContextImpl: Calling a method in the system process without a qualified user: android.app.ContextImpl.startService:1816 android.content.ContextWrapper.startService:774 com.thundercomm.gamemode.ingame.services.GameModeActionUtils.startGameModeService:99 com.thundercomm.gamemode.ingame.services.GameModeActionUtils.startGameModeEntry:22 com.thundercomm.gamemode.ingame.services.ActivityMonitoringService$1.onActivityLaunch:129
01-04 01:17:03.629 1133 1133 I GameModeConfig: Current uri is uri = content://com.thundercomm.gamemode.api/gamemode_settings/gamemode_isgaming
01-04 01:17:03.631 1133 1133 I GameModeConfig: isGameModeOn = false
01-04 01:17:03.631 1133 1133 I GameModeConfig: isGameModeOn = false
01-04 01:17:03.631 1133 1133 I GameModeConfig: isDisableVoice = true
01-04 01:17:03.641 1133 2502 I ActivityTaskManager: START u0 {act=android.content.pm.action.REQUEST_PERMISSIONS pkg=com.android.permissioncontroller cmp=com.android.permissioncontroller/.permission.ui.GrantPermissionsActivity (has extras)} from uid 10094
01-04 01:17:03.645 1133 2502 D CompatibilityChangeReporter: Compat change id reported: 174042980; UID 10099; state: DISABLED
01-04 01:17:03.645 1133 2502 D CompatibilityChangeReporter: Compat change id reported: 184838306; UID 10099; state: DISABLED
01-04 01:17:03.646 1133 2502 D CompatibilityChangeReporter: Compat change id reported: 185004937; UID 10099; state: DISABLED
01-04 01:17:03.646 1133 2502 D CompatibilityChangeReporter: Compat change id reported: 181136395; UID 10099; state: DISABLED
01-04 01:17:03.647 1133 2502 D CompatibilityChangeReporter: Compat change id reported: 174042936; UID 10099; state: DISABLED
01-04 01:17:03.647 1133 2502 I wm_task_moved: [13,1,7]
01-04 01:17:03.647 1133 2502 I wm_set_resumed_activity: [0,com.android.music/com.codeaurora.music.custom.PermissionActivity,positionChildAt]
01-04 01:17:03.648 1133 2502 I wm_create_activity: [0,257993008,13,com.android.permissioncontroller/.permission.ui.GrantPermissionsActivity,android.content.pm.action.REQUEST_PERMISSIONS,NULL,NULL,8388608]
01-04 01:17:03.649 1133 2502 I wm_pause_activity: [0,148244698,com.android.music/com.codeaurora.music.custom.PermissionActivity,userLeaving=true,resumeTopActivityInnerLocked]
01-04 01:17:03.651 5202 5202 I wm_on_create_called: [148244698,com.codeaurora.music.custom.PermissionActivity,performCreate]
01-04 01:17:03.662 5202 5202 I wm_on_start_called: [148244698,com.codeaurora.music.custom.PermissionActivity,handleStartActivity]
01-04 01:17:03.663 5202 5202 I wm_on_resume_called: [148244698,com.codeaurora.music.custom.PermissionActivity,RESUME_ACTIVITY]
01-04 01:17:03.671 5202 5202 I wm_on_paused_called: [148244698,com.codeaurora.music.custom.PermissionActivity,performPause]
01-04 01:17:03.672 1133 3699 I ActivityTaskManager: FOREGROUND_APPLICATION_CHANGED to com.android.permissioncontroller.permission.ui.GrantPermissionsActivity
01-04 01:17:03.672 1133 3699 I ActivityTaskManager: The Process com.android.permissioncontroller Already Exists in BG. So sending its PID: 2462
01-04 01:17:03.673 1133 3699 I wm_restart_activity: [0,257993008,13,com.android.permissioncontroller/.permission.ui.GrantPermissionsActivity]
01-04 01:17:03.674 1133 3699 I wm_set_resumed_activity: [0,com.android.permissioncontroller/.permission.ui.GrantPermissionsActivity,minimalResumeActivityLocked]
01-04 01:17:03.677 1133 1650 I sysui_multi_action: [757,803,799,window_time_0,802,0]
01-04 01:17:03.692 2956 4759 W ContextImpl: Calling a method in the system process without a qualified user: android.app.ContextImpl.startService:1816 android.content.ContextWrapper.startService:774 com.thundercomm.gamemode.ingame.services.GameModeActionUtils.startGameModeService:99 com.thundercomm.gamemode.ingame.services.GameModeActionUtils.startGameModeEntry:22 com.thundercomm.gamemode.ingame.services.ActivityMonitoringService$1.onActivityLaunch:129
01-04 01:17:03.698 1133 1133 I GameModeConfig: Current uri is uri = content://com.thundercomm.gamemode.api/gamemode_settings/gamemode_isgaming
01-04 01:17:03.700 1133 1133 I GameModeConfig: isGameModeOn = false
01-04 01:17:03.700 1133 1133 I GameModeConfig: isGameModeOn = false
01-04 01:17:03.700 1133 1133 I GameModeConfig: isDisableVoice = true
01-04 01:17:03.734 2462 2462 I wm_on_create_called: [257993008,com.android.permissioncontroller.permission.ui.GrantPermissionsActivity,performCreate]
01-01 08:03:42.758 0 0 I binder : 5202:5219 ioctl 40046210 7a565e41f4 returned -22
01-04 01:17:03.735 2462 2462 I wm_on_start_called: [257993008,com.android.permissioncontroller.permission.ui.GrantPermissionsActivity,handleStartActivity]
01-04 01:17:03.736 2462 2462 I wm_on_resume_called: [257993008,com.android.permissioncontroller.permission.ui.GrantPermissionsActivity,RESUME_ACTIVITY]
01-04 01:17:03.762 1133 1651 I input_focus: [Focus request 8f7ebde com.android.permissioncontroller/com.android.permissioncontroller.permission.ui.GrantPermissionsActivity,reason=UpdateInputWindows]
01-04 01:17:03.772 2455 2515 D StartingSurfaceDrawer: Task start finish, remove starting surface for task 13
01-04 01:17:03.772 2455 2515 V StartingSurfaceDrawer: Removing splash screen window for task: 13
01-04 01:17:03.794 1133 1890 I input_focus: [Focus entering 8f7ebde com.android.permissioncontroller/com.android.permissioncontroller.permission.ui.GrantPermissionsActivity (server),reason=Window became focusable. Previous reason: NOT_VISIBLE]
01-04 01:17:03.813 2956 4759 W ContextImpl: Calling a method in the system process without a qualified user: android.app.ContextImpl.startService:1816 android.content.ContextWrapper.startService:774 com.thundercomm.gamemode.ingame.services.GameModeActionUtils.startGameModeService:99 com.thundercomm.gamemode.ingame.services.GameModeActionUtils.startGameModeEntry:22 com.thundercomm.gamemode.ingame.services.ActivityMonitoringService$1.onActivityLaunch:129
01-04 01:17:03.818 1133 1133 I GameModeConfig: Current uri is uri = content://com.thundercomm.gamemode.api/gamemode_settings/gamemode_isgaming
01-04 01:17:03.821 1133 1133 I GameModeConfig: isGameModeOn = false
01-04 01:17:03.821 1133 1133 I GameModeConfig: isGameModeOn = false
01-04 01:17:03.821 1133 1133 I GameModeConfig: isDisableVoice = true
01-01 08:03:42.902 0 0 I binder : 2462:2462 ioctl 40046210 7fe56bffc4 returned -22
01-04 01:17:04.001 1133 1650 W ActivityTaskManager: Activity top resumed state loss timeout for ActivityRecord{660d291 u0 com.android.music/.MusicBrowserActivity t-1 f}}
01-04 01:17:04.001 2462 2462 I wm_on_top_resumed_gained_called: [257993008,com.android.permissioncontroller.permission.ui.GrantPermissionsActivity,topStateChangedWhenResumed]
01-04 01:17:04.045 1133 1650 I wm_stop_activity: [0,80062843,com.android.launcher3/.uioverrides.QuickstepLauncher]
01-04 01:17:04.079 2992 2992 I wm_on_stop_called: [80062843,com.android.launcher3.uioverrides.QuickstepLauncher,STOP_ACTIVITY_ITEM]
01-04 01:17:04.102 2956 4759 W ContextImpl: Calling a method in the system process without a qualified user: android.app.ContextImpl.startService:1816 android.content.ContextWrapper.startService:774 com.thundercomm.gamemode.ingame.services.GameModeActionUtils.startGameModeService:99 com.thundercomm.gamemode.ingame.services.GameModeActionUtils.startGameModeEntry:22 com.thundercomm.gamemode.ingame.services.ActivityMonitoringService$1.onActivityLaunch:129
01-04 01:17:04.105 1133 1133 I GameModeConfig: Current uri is uri = content://com.thundercomm.gamemode.api/gamemode_settings/gamemode_isgaming
01-04 01:17:04.107 1133 1133 I GameModeConfig: isGameModeOn = false
01-04 01:17:04.107 1133 1133 I GameModeConfig: isGameModeOn = false
01-04 01:17:04.107 1133 1133 I GameModeConfig: isDisableVoice = true
01-04 01:17:05.492 1133 2396 I GameModeConfig: isGameModeOn = false
01-04 01:17:05.502 1133 1890 I input_interaction: Interaction with: 8f7ebde com.android.permissioncontroller/com.android.permissioncontroller.permission.ui.GrantPermissionsActivity (server), edge-swipe (server), swipe-up (server), PointerEventDispatcher0 (server),
01-04 01:17:05.663 1133 2396 I GameModeConfig: isGameModeOn = false
01-04 01:17:06.589 1133 4178 E TaskPersister: File error accessing recents directory (directory doesn't exist?).
01-04 01:17:06.711 2462 2462 I view_enqueue_input_event: [Motion - Cancel,com.android.permissioncontroller/com.android.permissioncontroller.permission.ui.GrantPermissionsActivity]
01-04 01:17:06.721 1133 1890 I input_interaction: Interaction with: edge-swipe (server), swipe-up (server), PointerEventDispatcher0 (server),
01-04 01:17:06.872 1133 1813 I sysui_multi_action: [757,803,799,key_back_press,802,1]
01-04 01:17:06.883 1133 1648 D AutofillManagerService: onBackKeyPressed()
01-04 01:17:06.884 1133 1890 I input_interaction: Interaction with: 8f7ebde com.android.permissioncontroller/com.android.permissioncontroller.permission.ui.GrantPermissionsActivity (server), PointerEventDispatcher0 (server),
01-04 01:17:06.889 1133 3699 I wm_finish_activity: [0,257993008,13,com.android.permissioncontroller/.permission.ui.GrantPermissionsActivity,app-request]
01-04 01:17:06.902 1133 3699 I wm_pause_activity: [0,257993008,com.android.permissioncontroller/.permission.ui.GrantPermissionsActivity,userLeaving=false,finish]
01-04 01:17:06.906 2462 2462 I wm_on_top_resumed_lost_called: [257993008,com.android.permissioncontroller.permission.ui.GrantPermissionsActivity,topStateChangedWhenResumed]
01-04 01:17:06.908 1133 1650 I sysui_multi_action: [757,1144,758,8,806,com.android.permissioncontroller,871,com.android.permissioncontroller.permission.ui.GrantPermissionsActivity]
01-04 01:17:06.910 1133 3699 W ActivityTaskManager: Duplicate finish request for r=ActivityRecord{f60a930 u0 com.android.permissioncontroller/.permission.ui.GrantPermissionsActivity t13 f}}
01-04 01:17:06.913 2462 2462 I snet_event_log: [individual_permissions_requested,10094,com.android.music:com.android.music:;android.permission.READ_PHONE_STATE|false|768]
01-04 01:17:06.915 1133 3699 W ActivityTaskManager: Duplicate finish request for r=ActivityRecord{f60a930 u0 com.android.permissioncontroller/.permission.ui.GrantPermissionsActivity t13 f}}
01-04 01:17:06.916 2462 2462 I wm_on_paused_called: [257993008,com.android.permissioncontroller.permission.ui.GrantPermissionsActivity,performPause]
01-04 01:17:06.919 1133 1813 I ActivityTaskManager: FOREGROUND_APPLICATION_CHANGED to com.codeaurora.music.custom.PermissionActivity
01-04 01:17:06.923 1133 1813 I wm_set_resumed_activity: [0,com.android.music/com.codeaurora.music.custom.PermissionActivity,resumeTopActivityInnerLocked]
01-04 01:17:06.925 1133 1813 I wm_resume_activity: [0,148244698,13,com.android.music/com.codeaurora.music.custom.PermissionActivity]
01-04 01:17:06.933 1133 1890 I input_focus: [Focus leaving 8f7ebde com.android.permissioncontroller/com.android.permissioncontroller.permission.ui.GrantPermissionsActivity (server),reason=NO_WINDOW]
01-04 01:17:06.937 1133 1651 I input_focus: [Focus request 95b40eb com.android.music/com.codeaurora.music.custom.PermissionActivity,reason=UpdateInputWindows]
01-04 01:17:06.937 1133 1650 I sysui_multi_action: [757,803,799,window_time_0,802,3]
01-04 01:17:06.950 5202 5202 I wm_on_activity_result_called: [148244698,com.codeaurora.music.custom.PermissionActivity,ACTIVITY_RESULT]
01-04 01:17:06.950 5202 5202 I wm_on_resume_called: [148244698,com.codeaurora.music.custom.PermissionActivity,RESUME_ACTIVITY]
01-04 01:17:06.950 5202 5202 I wm_on_top_resumed_gained_called: [148244698,com.codeaurora.music.custom.PermissionActivity,topWhenResuming]
01-04 01:17:06.950 1133 1890 I input_focus: [Focus entering 95b40eb com.android.music/com.codeaurora.music.custom.PermissionActivity (server),reason=setFocusedWindow]
01-04 01:17:06.957 1133 1651 I input_focus: [Focus request 22fd95 com.android.music/com.codeaurora.music.custom.PermissionActivity,reason=UpdateInputWindows]
01-04 01:17:06.983 1133 1890 I input_focus: [Focus leaving 95b40eb com.android.music/com.codeaurora.music.custom.PermissionActivity (server),reason=Waiting for window because NOT_VISIBLE]
01-04 01:17:06.996 1133 2502 I wm_destroy_activity: [0,257993008,13,com.android.permissioncontroller/.permission.ui.GrantPermissionsActivity,finish-idle]
01-04 01:17:07.003 1133 1890 I input_focus: [Focus entering 22fd95 com.android.music/com.codeaurora.music.custom.PermissionActivity (server),reason=Window became focusable. Previous reason: NOT_VISIBLE]
01-04 01:17:07.026 2462 2462 I wm_on_stop_called: [257993008,com.android.permissioncontroller.permission.ui.GrantPermissionsActivity,LIFECYCLER_STOP_ACTIVITY]
01-04 01:17:07.027 2462 2462 I wm_on_destroy_called: [257993008,com.android.permissioncontroller.permission.ui.GrantPermissionsActivity,performDestroy]
01-04 01:17:07.043 2956 4759 W ContextImpl: Calling a method in the system process without a qualified user: android.app.ContextImpl.startService:1816 android.content.ContextWrapper.startService:774 com.thundercomm.gamemode.ingame.services.GameModeActionUtils.startGameModeService:99 com.thundercomm.gamemode.ingame.services.GameModeActionUtils.startGameModeEntry:22 com.thundercomm.gamemode.ingame.services.ActivityMonitoringService$1.onActivityLaunch:129
01-04 01:17:07.061 1133 1133 I GameModeConfig: Current uri is uri = content://com.thundercomm.gamemode.api/gamemode_settings/gamemode_isgaming
01-04 01:17:07.069 1133 1133 I GameModeConfig: isGameModeOn = false
01-04 01:17:07.070 1133 1133 I GameModeConfig: isGameModeOn = false
01-04 01:17:07.070 1133 1133 I GameModeConfig: isDisableVoice = true
01-04 01:17:07.076 2956 4759 W ContextImpl: Calling a method in the system process without a qualified user: android.app.ContextImpl.startService:1816 android.content.ContextWrapper.startService:774 com.thundercomm.gamemode.ingame.services.GameModeActionUtils.startGameModeService:99 com.thundercomm.gamemode.ingame.services.GameModeActionUtils.startGameModeEntry:22 com.thundercomm.gamemode.ingame.services.ActivityMonitoringService$1.onActivityLaunch:129
01-04 01:17:07.080 1133 1133 I GameModeConfig: Current uri is uri = content://com.thundercomm.gamemode.api/gamemode_settings/gamemode_isgaming
01-04 01:17:07.084 1133 1133 I GameModeConfig: isGameModeOn = false
01-04 01:17:07.084 1133 1133 I GameModeConfig: isGameModeOn = false
01-04 01:17:07.084 1133 1133 I GameModeConfig: isDisableVoice = true
01-04 01:17:09.891 1133 1890 I input_interaction: Interaction with: 22fd95 com.android.music/com.codeaurora.music.custom.PermissionActivity (server), edge-swipe (server), swipe-up (server), PointerEventDispatcher0 (server),
01-04 01:17:10.079 1133 5201 I wm_finish_activity: [0,148244698,13,com.android.music/com.codeaurora.music.custom.PermissionActivity,app-request]
01-04 01:17:10.080 1133 5201 I wm_task_moved: [1,1,7]
01-04 01:17:10.081 1133 5201 I wm_task_moved: [10,1,2147483647]
01-04 01:17:10.081 1133 5201 I wm_task_to_front: [0,10]
01-04 01:17:10.081 1133 5201 I wm_focused_root_task: [0,0,1,13,finish-top adjustFocusToNextFocusableTask]
01-04 01:17:10.086 1133 5201 I wm_set_resumed_activity: [0,com.android.launcher3/.uioverrides.QuickstepLauncher,finish-top adjustFocusToNextFocusableTask]
01-04 01:17:10.107 1133 5201 I wm_pause_activity: [0,148244698,com.android.music/com.codeaurora.music.custom.PermissionActivity,userLeaving=false,finish]
01-04 01:17:10.129 5202 5202 I wm_on_top_resumed_lost_called: [148244698,com.codeaurora.music.custom.PermissionActivity,topStateChangedWhenResumed]
01-04 01:17:10.131 5202 5202 I wm_on_paused_called: [148244698,com.codeaurora.music.custom.PermissionActivity,performPause]
01-04 01:17:10.133 1133 2503 I wm_add_to_stopping: [0,148244698,com.android.music/com.codeaurora.music.custom.PermissionActivity,completeFinishing]
01-04 01:17:10.135 1133 2503 I ActivityTaskManager: FOREGROUND_APPLICATION_CHANGED to com.android.launcher3.uioverrides.QuickstepLauncher
01-04 01:17:10.139 1133 2503 I wm_set_resumed_activity: [0,com.android.launcher3/.uioverrides.QuickstepLauncher,resumeTopActivityInnerLocked]
01-04 01:17:10.152 1133 2503 I service_manager_slow: [10,platform_compat]
01-04 01:17:10.156 1133 2503 I wm_resume_activity: [0,80062843,10,com.android.launcher3/.uioverrides.QuickstepLauncher]
01-04 01:17:10.161 1133 1650 I sysui_multi_action: [757,803,799,window_time_0,802,3]
01-04 01:17:10.165 2992 2992 I wm_on_restart_called: [80062843,com.android.launcher3.uioverrides.QuickstepLauncher,performRestartActivity]
01-04 01:17:10.165 2992 2992 I wm_on_start_called: [80062843,com.android.launcher3.uioverrides.QuickstepLauncher,handleStartActivity]
01-04 01:17:10.165 2992 2992 I wm_on_resume_called: [80062843,com.android.launcher3.uioverrides.QuickstepLauncher,RESUME_ACTIVITY]
01-04 01:17:10.166 2992 2992 I wm_on_top_resumed_gained_called: [80062843,com.android.launcher3.uioverrides.QuickstepLauncher,topWhenResuming]
01-04 01:17:10.181 2956 4759 W ContextImpl: Calling a method in the system process without a qualified user: android.app.ContextImpl.startService:1816 android.content.ContextWrapper.startService:774 com.thundercomm.gamemode.ingame.services.GameModeActionUtils.startGameModeService:99 com.thundercomm.gamemode.ingame.services.GameModeActionUtils.startGameModeEntry:22 com.thundercomm.gamemode.ingame.services.ActivityMonitoringService$1.onActivityLaunch:129
01-04 01:17:10.186 1133 1651 I input_focus: [Focus request dad8335 com.android.launcher3/com.android.launcher3.uioverrides.QuickstepLauncher,reason=UpdateInputWindows]
01-04 01:17:10.187 1133 1133 I GameModeConfig: Current uri is uri = content://com.thundercomm.gamemode.api/gamemode_settings/gamemode_isgaming
01-04 01:17:10.194 1133 1133 I GameModeConfig: isGameModeOn = false
01-04 01:17:10.194 1133 1133 I GameModeConfig: isGameModeOn = false
01-04 01:17:10.194 1133 1133 I GameModeConfig: isDisableVoice = true
01-04 01:17:10.208 1133 1890 I input_focus: [Focus entering dad8335 com.android.launcher3/com.android.launcher3.uioverrides.QuickstepLauncher (server),reason=setFocusedWindow]
01-04 01:17:10.268 2956 4759 W ContextImpl: Calling a method in the system process without a qualified user: android.app.ContextImpl.startService:1816 android.content.ContextWrapper.startService:774 com.thundercomm.gamemode.ingame.services.GameModeActionUtils.startGameModeService:99 com.thundercomm.gamemode.ingame.services.GameModeActionUtils.startGameModeEntry:22 com.thundercomm.gamemode.ingame.services.ActivityMonitoringService$1.onActivityLaunch:129
01-04 01:17:10.274 1133 1133 I GameModeConfig: Current uri is uri = content://com.thundercomm.gamemode.api/gamemode_settings/gamemode_isgaming
01-04 01:17:10.278 1133 1133 I GameModeConfig: isGameModeOn = false
01-04 01:17:10.279 1133 1133 I GameModeConfig: isGameModeOn = false
01-04 01:17:10.279 1133 1133 I GameModeConfig: isDisableVoice = true
01-04 01:17:10.562 1133 1650 I wm_destroy_activity: [0,148244698,13,com.android.music/com.codeaurora.music.custom.PermissionActivity,finish-imm:idle]
01-04 01:17:10.580 2956 4759 W ContextImpl: Calling a method in the system process without a qualified user: android.app.ContextImpl.startService:1816 android.content.ContextWrapper.startService:774 com.thundercomm.gamemode.ingame.services.GameModeActionUtils.startGameModeService:99 com.thundercomm.gamemode.ingame.services.GameModeActionUtils.startGameModeEntry:22 com.thundercomm.gamemode.ingame.services.ActivityMonitoringService$1.onActivityLaunch:129
01-04 01:17:10.587 1133 1133 I GameModeConfig: Current uri is uri = content://com.thundercomm.gamemode.api/gamemode_settings/gamemode_isgaming
01-04 01:17:10.599 5202 5202 I wm_on_stop_called: [148244698,com.codeaurora.music.custom.PermissionActivity,LIFECYCLER_STOP_ACTIVITY]
01-04 01:17:10.601 1133 1133 I GameModeConfig: isGameModeOn = false
01-04 01:17:10.602 1133 1133 I GameModeConfig: isGameModeOn = false
01-04 01:17:10.602 1133 1133 I GameModeConfig: isDisableVoice = true
01-04 01:17:10.607 5202 5202 I wm_on_destroy_called: [148244698,com.codeaurora.music.custom.PermissionActivity,performDestroy]
01-04 01:17:10.619 1133 3699 I wm_task_removed: [13,removeChild:removeChild last r=ActivityRecord{8d608da u0 com.android.music/com.codeaurora.music.custom.PermissionActivity t-1 f}} in t=Task{5773293 #13 type=standard A=10094:android.task.music U=0 visible=false mode=fullscreen translucent=true sz=0}]
01-04 01:17:10.619 1133 3699 I wm_task_removed: [13,removeChild]
01-04 01:17:10.623 1133 1651 W ActivityTaskManager: Can't find TaskDisplayArea to determine support for multi window. Task id=13 attached=false
01-04 01:17:10.624 1133 1651 W ActivityTaskManager: Can't find TaskDisplayArea to determine support for multi window. Task id=13 attached=false
01-04 01:17:11.074 1133 1890 I input_interaction: Interaction with: dad8335 com.android.launcher3/com.android.launcher3.uioverrides.QuickstepLauncher (server), 48a1821 com.android.systemui.ImageWallpaper (server), edge-swipe (server), swipe-up (server), PointerEventDispatcher0 (server),
01-04 01:17:11.204 1133 5201 I thunderperf: PlatormCompat.setOverrides: Uid1=10084 Pid1=2992 Uid2=10084 Pid2=2992
01-04 01:17:11.204 1133 5201 I thunderperf: PlatormCompat.setOverrides: needCheck:false
01-04 01:17:11.237 1133 5201 I ActivityTaskManager: START u0 {act=android.intent.action.MAIN cat=[android.intent.category.LAUNCHER] flg=0x10200000 cmp=com.android.music/.MusicBrowserActivity bnds=[2128,310][2314,510]} from uid 10084
01-04 01:17:11.244 1133 5201 I wm_task_created: [14,-1]
01-04 01:17:11.244 1133 5201 W ActivityTaskManager: Can't find TaskDisplayArea to determine support for multi window. Task id=14 attached=false
01-04 01:17:11.247 1133 5201 D CompatibilityChangeReporter: Compat change id reported: 174042980; UID 10094; state: DISABLED
01-04 01:17:11.248 1133 5201 D CompatibilityChangeReporter: Compat change id reported: 184838306; UID 10094; state: DISABLED
01-04 01:17:11.248 1133 5201 D CompatibilityChangeReporter: Compat change id reported: 185004937; UID 10094; state: DISABLED
01-04 01:17:11.249 1133 5201 D CompatibilityChangeReporter: Compat change id reported: 181136395; UID 10094; state: DISABLED
01-04 01:17:11.249 1133 5201 D CompatibilityChangeReporter: Compat change id reported: 174042936; UID 10094; state: DISABLED
01-04 01:17:11.250 1133 5201 I wm_task_moved: [14,1,7]
01-04 01:17:11.250 1133 5201 I wm_task_to_front: [0,14]
01-04 01:17:11.250 1133 5201 I wm_create_task: [0,14]
01-04 01:17:11.250 1133 5201 I wm_create_activity: [0,18451738,14,com.android.music/.MusicBrowserActivity,android.intent.action.MAIN,NULL,NULL,270532608]
01-04 01:17:11.250 1133 5201 I wm_task_moved: [14,1,7]
01-04 01:17:11.251 1133 5201 D CompatibilityChangeReporter: Compat change id reported: 168419799; UID 10094; state: DISABLED
01-04 01:17:11.252 1133 5201 I wm_pause_activity: [0,80062843,com.android.launcher3/.uioverrides.QuickstepLauncher,userLeaving=true,pauseBackTasks]
01-04 01:17:11.255 2992 2992 I wm_on_top_resumed_lost_called: [80062843,com.android.launcher3.uioverrides.QuickstepLauncher,topStateChangedWhenResumed]
01-04 01:17:11.257 2992 2992 I wm_on_paused_called: [80062843,com.android.launcher3.uioverrides.QuickstepLauncher,performPause]
01-04 01:17:11.258 1133 1813 I ActivityTaskManager: FOREGROUND_APPLICATION_CHANGED to com.android.music.MusicBrowserActivity
01-04 01:17:11.258 1133 1813 I ActivityTaskManager: The Process com.android.music Already Exists in BG. So sending its PID: 5202
01-04 01:17:11.259 1133 1813 W ActivityTaskManager: Tried to set launchTime (0) < mLastActivityLaunchTime (200365)
01-04 01:17:11.259 1133 1813 I wm_add_to_stopping: [0,80062843,com.android.launcher3/.uioverrides.QuickstepLauncher,makeInvisible]
01-04 01:17:11.259 1133 1813 I wm_restart_activity: [0,18451738,14,com.android.music/.MusicBrowserActivity]
01-04 01:17:11.260 1133 1813 I wm_set_resumed_activity: [0,com.android.music/.MusicBrowserActivity,minimalResumeActivityLocked]
01-04 01:17:11.261 2455 2515 D PhoneStartingWindowTypeAlgorithm: preferredStartingWindowType newTask:true taskSwitch:true processRunning:true allowTaskSnapshot:true activityCreated:false useEmptySplashScreen:false legacySplashScreen:false topIsHome:false
01-04 01:17:11.261 2455 2515 D StartingSurfaceDrawer: addSplashScreen com.android.music theme=7f110009 task=14 suggestType=1
01-04 01:17:11.263 2455 2516 D StartingSurfaceDrawer: window attributes color: 0 icon null duration 0 brandImage null
01-04 01:17:11.264 2455 2516 D StartingSurfaceDrawer: FgMainColor=ff000000 BgMainColor=0 IsBgComplex=false FromCache=true ThemeColor=fffafafa
01-04 01:17:11.264 2455 2516 D StartingSurfaceDrawer: isRgbSimilarInHsv a: fffafafa b 0 contrast ratio: 20.119467
01-04 01:17:11.264 2455 2516 D StartingSurfaceDrawer: hsvDiff 0 ah 0.0 bh 0.0 as 0.0 bs 0.0 av 0.98039216 bv 0.0 sqH 0.0 sqS 0.0 sqV 0.9611687835295903 root 0.5660296763508637
01-04 01:17:11.265 2455 2516 D StartingSurfaceDrawer: isRgbSimilarInHsv a: fffafafa b ff000000 contrast ratio: 20.119467
01-04 01:17:11.265 2455 2516 D StartingSurfaceDrawer: hsvDiff 0 ah 0.0 bh 0.0 as 0.0 bs 0.0 av 0.98039216 bv 0.0 sqH 0.0 sqS 0.0 sqV 0.9611687835295903 root 0.5660296763508637
01-04 01:17:11.265 2455 2516 D StartingSurfaceDrawer: makeSplashScreenContentView: choose fg icon
01-04 01:17:11.265 1133 1651 I dvm_lock_sample: [system_server,1,android.anim,7,WindowAnimator.java,103,void com.android.server.wm.WindowAnimator.lambda$new$1$WindowAnimator(long),ActivityClientController.java,203,void com.android.server.wm.ActivityClientController.activityPaused(android.os.IBinder),1]
01-04 01:17:11.265 2455 2516 D StartingSurfaceDrawer: fillViewWithIcon surfaceWindowView android.window.SplashScreenView{de7bd0c V.E...... ......ID 0,0-0,0}
01-04 01:17:11.271 1133 1650 I sysui_multi_action: [757,803,799,window_time_0,802,2]
01-04 01:17:11.274 1133 1813 I thunderperf: PlatormCompat.setOverrides: Uid1=10094 Pid1=5202 Uid2=10094 Pid2=5202
01-04 01:17:11.274 1133 1813 I thunderperf: PlatormCompat.setOverrides: needCheck:false
01-04 01:17:11.274 1133 1813 W PackageManager: MATCH_ANY_USER flag requires INTERACT_ACROSS_USERS permission: UID 10094 requires android.permission.INTERACT_ACROSS_USERS_FULL or android.permission.INTERACT_ACROSS_USERS to access user 0.
01-04 01:17:11.277 1133 1813 I ActivityTaskManager: START u0 {cmp=com.android.music/com.codeaurora.music.custom.PermissionActivity (has extras)} from uid 10094
01-04 01:17:11.282 1133 1813 I wm_task_moved: [14,1,7]
01-04 01:17:11.282 1133 1813 I wm_set_resumed_activity: [0,com.android.music/.MusicBrowserActivity,positionChildAt]
01-04 01:17:11.282 1133 1813 I wm_create_activity: [0,21926525,14,com.android.music/com.codeaurora.music.custom.PermissionActivity,NULL,NULL,NULL,268435456]
01-04 01:17:11.283 1133 1813 I wm_pause_activity: [0,18451738,com.android.music/.MusicBrowserActivity,userLeaving=true,resumeTopActivityInnerLocked]
01-04 01:17:11.285 1133 2502 I wm_finish_activity: [0,18451738,14,com.android.music/.MusicBrowserActivity,app-request]
01-04 01:17:11.289 2956 4759 W ContextImpl: Calling a method in the system process without a qualified user: android.app.ContextImpl.startService:1816 android.content.ContextWrapper.startService:774 com.thundercomm.gamemode.ingame.services.GameModeActionUtils.startGameModeService:99 com.thundercomm.gamemode.ingame.services.GameModeActionUtils.startGameModeEntry:22 com.thundercomm.gamemode.ingame.services.ActivityMonitoringService$1.onActivityLaunch:129
01-04 01:17:11.293 1133 1133 I GameModeConfig: Current uri is uri = content://com.thundercomm.gamemode.api/gamemode_settings/gamemode_isgaming
01-04 01:17:11.294 1133 1890 I input_focus: [Focus leaving dad8335 com.android.launcher3/com.android.launcher3.uioverrides.QuickstepLauncher (server),reason=NO_WINDOW]
01-04 01:17:11.296 1133 1133 I GameModeConfig: isGameModeOn = false
01-04 01:17:11.296 1133 1133 I GameModeConfig: isGameModeOn = false
01-04 01:17:11.296 1133 1133 I GameModeConfig: isDisableVoice = true
01-01 08:03:50.350 0 0 I binder : undelivered transaction 199894, process died.
01-04 01:17:11.326 1133 2502 I ActivityManager: Process com.android.music (pid 5202) has died: fg TOP
01-04 01:17:11.326 1133 2502 I am_proc_died: [0,5202,com.android.music,0,2]
01-04 01:17:11.327 1133 2502 I am_uid_stopped: 10094
01-04 01:17:11.330 1133 2502 I ActivityTaskManager: FOREGROUND_APPLICATION_CHANGED to com.codeaurora.music.custom.PermissionActivity
01-04 01:17:11.331 1133 1650 W ActivityManager: setHasOverlayUi called on unknown pid: 5202
01-04 01:17:11.332 1133 1650 I am_uid_running: 10094
01-04 01:17:11.332 1133 1650 D CompatibilityChangeReporter: Compat change id reported: 135634846; UID 10094; state: DISABLED
01-04 01:17:11.332 1133 1650 D CompatibilityChangeReporter: Compat change id reported: 177438394; UID 10094; state: DISABLED
01-04 01:17:11.332 1133 1650 D CompatibilityChangeReporter: Compat change id reported: 135772972; UID 10094; state: DISABLED
01-04 01:17:11.332 1133 1650 D CompatibilityChangeReporter: Compat change id reported: 135754954; UID 10094; state: ENABLED
01-04 01:17:11.335 1133 1664 D CompatibilityChangeReporter: Compat change id reported: 143937733; UID 10094; state: ENABLED
01-01 08:03:50.360 0 0 I binder : undelivered transaction 199893, process died.
01-04 01:17:11.361 1133 1664 I am_proc_start: [0,5277,10094,com.android.music,top-activity,{com.android.music/com.codeaurora.music.custom.PermissionActivity}]
01-04 01:17:11.361 1133 1664 I ActivityManager: Start proc 5277:com.android.music/u0a94 for top-activity {com.android.music/com.codeaurora.music.custom.PermissionActivity}
01-04 01:17:11.368 2956 4759 W ContextImpl: Calling a method in the system process without a qualified user: android.app.ContextImpl.startService:1816 android.content.ContextWrapper.startService:774 com.thundercomm.gamemode.ingame.services.GameModeActionUtils.startGameModeService:99 com.thundercomm.gamemode.ingame.services.GameModeActionUtils.startGameModeEntry:22 com.thundercomm.gamemode.ingame.services.ActivityMonitoringService$1.onActivityLaunch:129
01-04 01:17:11.371 1133 1133 I GameModeConfig: Current uri is uri = content://com.thundercomm.gamemode.api/gamemode_settings/gamemode_isgaming
01-04 01:17:11.372 1133 1133 I GameModeConfig: isGameModeOn = false
01-04 01:17:11.373 1133 1133 I GameModeConfig: isGameModeOn = false
01-04 01:17:11.373 1133 1133 I GameModeConfig: isDisableVoice = true
01-01 08:03:50.421 0 0 I binder : 5277:5277 ioctl 40046210 7fe56c0b84 returned -22
01-04 01:17:11.400 1133 2503 I am_proc_bound: [0,5277,com.android.music]
01-04 01:17:11.403 1133 2503 I ActivityTaskManager: The Process com.android.music Already Exists in BG. So sending its PID: 5277
01-04 01:17:11.403 1133 2503 I wm_restart_activity: [0,21926525,14,com.android.music/com.codeaurora.music.custom.PermissionActivity]
01-04 01:17:11.404 1133 2503 I wm_set_resumed_activity: [0,com.android.music/com.codeaurora.music.custom.PermissionActivity,minimalResumeActivityLocked]
01-04 01:17:11.405 1133 2503 I am_uid_active: 10094
01-04 01:17:11.424 2956 4759 W ContextImpl: Calling a method in the system process without a qualified user: android.app.ContextImpl.startService:1816 android.content.ContextWrapper.startService:774 com.thundercomm.gamemode.ingame.services.GameModeActionUtils.startGameModeService:99 com.thundercomm.gamemode.ingame.services.GameModeActionUtils.startGameModeEntry:22 com.thundercomm.gamemode.ingame.services.ActivityMonitoringService$1.onActivityLaunch:129
01-04 01:17:11.427 1133 1133 I GameModeConfig: Current uri is uri = content://com.thundercomm.gamemode.api/gamemode_settings/gamemode_isgaming
01-04 01:17:11.429 1133 1133 I GameModeConfig: isGameModeOn = false
01-04 01:17:11.430 1133 1133 I GameModeConfig: isGameModeOn = false
01-04 01:17:11.430 1133 1133 I GameModeConfig: isDisableVoice = true
01-04 01:17:11.434 1133 2503 I ActivityTaskManager: START u0 {act=android.content.pm.action.REQUEST_PERMISSIONS pkg=com.android.permissioncontroller cmp=com.android.permissioncontroller/.permission.ui.GrantPermissionsActivity (has extras)} from uid 10094
01-04 01:17:11.438 1133 2503 I wm_task_moved: [14,1,7]
01-04 01:17:11.438 1133 2503 I wm_set_resumed_activity: [0,com.android.music/com.codeaurora.music.custom.PermissionActivity,positionChildAt]
01-04 01:17:11.438 1133 2503 I wm_create_activity: [0,180483237,14,com.android.permissioncontroller/.permission.ui.GrantPermissionsActivity,android.content.pm.action.REQUEST_PERMISSIONS,NULL,NULL,8388608]
01-04 01:17:11.439 1133 2503 I wm_pause_activity: [0,21926525,com.android.music/com.codeaurora.music.custom.PermissionActivity,userLeaving=true,resumeTopActivityInnerLocked]
01-04 01:17:11.441 5277 5277 I wm_on_create_called: [21926525,com.codeaurora.music.custom.PermissionActivity,performCreate]
01-04 01:17:11.451 5277 5277 I wm_on_start_called: [21926525,com.codeaurora.music.custom.PermissionActivity,handleStartActivity]
01-04 01:17:11.453 5277 5277 I wm_on_resume_called: [21926525,com.codeaurora.music.custom.PermissionActivity,RESUME_ACTIVITY]
01-04 01:17:11.460 5277 5277 I wm_on_paused_called: [21926525,com.codeaurora.music.custom.PermissionActivity,performPause]
01-04 01:17:11.460 1133 2503 I ActivityTaskManager: FOREGROUND_APPLICATION_CHANGED to com.android.permissioncontroller.permission.ui.GrantPermissionsActivity
01-04 01:17:11.461 1133 2503 I ActivityTaskManager: The Process com.android.permissioncontroller Already Exists in BG. So sending its PID: 2462
01-04 01:17:11.461 1133 2503 W ActivityTaskManager: Tried to set launchTime (0) < mLastActivityLaunchTime (200425)
01-04 01:17:11.462 1133 2503 I wm_restart_activity: [0,180483237,14,com.android.permissioncontroller/.permission.ui.GrantPermissionsActivity]
01-04 01:17:11.462 1133 2503 I wm_set_resumed_activity: [0,com.android.permissioncontroller/.permission.ui.GrantPermissionsActivity,minimalResumeActivityLocked]
01-04 01:17:11.467 1133 1650 I sysui_multi_action: [757,803,799,window_time_0,802,0]
