01-01 08:09:38.880 0 0 I afe_send_port_topology_id: AFE set topology id 0x112fc enable for port 0x400e ret 0
01-01 08:09:38.889 0 0 I send_afe_cal_type: cal_index is 0
01-01 08:09:38.894 0 0 I send_afe_cal_type: dev_acdb_id[119] is 20
01-01 08:09:38.899 0 0 I afe_find_cal: cal_index 0 port_id 0x400e port_index 119
01-01 08:09:38.905 0 0 I afe_find_cal: acdb_id 20 dev_acdb_id 20 sample_rate 48000 afe_sample_rates 44100
01-01 08:09:38.914 0 0 I afe_find_cal: no matching cal_block found
01-01 08:09:38.919 0 0 E : send_afe_cal_type cal_block not found!!
01-01 08:09:38.924 0 0 I afe_send_hw_delay: port_id 0x400e rate 44100 delay_usec 0 status 0
01-04 01:22:59.944 1133 6131 I dvm_lock_sample: [system_server,0,Binder:1133_16,554,AudioDeviceBroker.java,1045,void com.android.server.audio.AudioDeviceBroker.setAvrcpAbsoluteVolumeSupported(boolean),-,1063,int com.android.server.audio.AudioDeviceBroker.getA2dpCodec(android.bluetooth.BluetoothDevice),100]
01-04 01:22:59.967 1133 1133 I Telecom : WiredHeadsetManager: ACTION_HEADSET_PLUG event, plugged in: false, : WHC.oADA@AEs
01-04 01:22:59.989 1133 5201 I dvm_lock_sample: [system_server,1,Binder:1133_E,570,AudioService.java,6202,int com.android.server.audio.AudioService.getDevicesForStreamInt(int),-,6203,int com.android.server.audio.AudioService.getDevicesForStreamInt(int),100]
01-04 01:22:59.990 1133 5201 I stream_devices_changed: [3,2,128]
01-04 01:22:59.990 1133 6088 I dvm_lock_sample: [system_server,1,Binder:1133_13,549,AudioService.java,6202,int com.android.server.audio.AudioService.getDevicesForStreamInt(int),-,6203,int com.android.server.audio.AudioService.getDevicesForStreamInt(int),100]
01-04 01:23:00.096 1133 2400 I stream_devices_changed: [6,1,128]
01-04 01:23:00.409 1133 5201 I dvm_lock_sample: [system_server,1,Binder:1133_E,65,AudioService.java,6202,int com.android.server.audio.AudioService.getDevicesForStreamInt(int),-,7218,int com.android.server.audio.AudioService$VolumeStreamState.getIndex(int),13]
01-04 01:23:00.761 1133 5201 I dvm_lock_sample: [system_server,1,Binder:1133_E,63,AudioService.java,6202,int com.android.server.audio.AudioService.getDevicesForStreamInt(int),-,7218,int com.android.server.audio.AudioService$VolumeStreamState.getIndex(int),12]
01-04 01:23:00.764 1133 1133 I dvm_lock_sample: [system_server,0,main,67,AudioService.java,6202,int com.android.server.audio.AudioService.getDevicesForStreamInt(int),-,7218,int com.android.server.audio.AudioService$VolumeStreamState.getIndex(int),13]
01-01 08:09:39.978 0 0 I afe_close: port_id = 0x400e
01-01 08:09:39.989 0 0 I btfm_slim_disable_ch: port:16, grp: 0, ch->grph:0x0, ch->ch_hdl:0x1d
01-01 08:09:40.032 0 0 I afe_find_cal_topo_id_by_port: port id: 0x9000, dev_acdb_id: 0
01-01 08:09:40.039 0 0 I afe_find_cal_topo_id_by_port: top_id:112fc acdb_id:15 afe_port:0x9000
01-01 08:09:40.047 0 0 I afe_get_cal_topology_id: port_id = 0x9000 acdb_id = 15 topology_id = 0x112fc cal_type_index=8 ret=0
01-01 08:09:40.058 0 0 I afe_send_port_topology_id: AFE set topology id 0x112fc enable for port 0x9000 ret 0
01-01 08:09:40.067 0 0 I send_afe_cal_type: cal_index is 0
01-01 08:09:40.072 0 0 I send_afe_cal_type: dev_acdb_id[55] is 0
01-01 08:09:40.077 0 0 I send_afe_cal_type: Sending cal_index cal 0
01-01 08:09:40.082 0 0 E send_afe_cal_type: No cal sent for cal_index 0, port_id = 0x9000! ret -22
01-01 08:09:40.091 0 0 I afe_send_hw_delay: port_id 0x9000 rate 48000 delay_usec 474 status 0
01-04 01:23:01.129 1133 1133 I Telecom : WiredHeadsetManager: ACTION_HEADSET_PLUG event, plugged in: false, : WHC.oADR@AEw
01-04 01:23:01.157 1133 2400 I stream_devices_changed: [3,128,2]
01-04 01:23:01.182 1133 2400 I stream_devices_changed: [6,128,1]
01-04 01:23:01.319 1133 6088 I dvm_lock_sample: [system_server,1,Binder:1133_13,503,AudioService.java,6202,int com.android.server.audio.AudioService.getDevicesForStreamInt(int),,0,null,100]
01-04 01:23:01.477 1133 3699 I dvm_lock_sample: [system_server,1,Binder:1133_C,78,AudioService.java,3980,boolean com.android.server.audio.AudioService.isStreamMute(int),-,7218,int com.android.server.audio.AudioService$VolumeStreamState.getIndex(int),15]
01-04 01:23:01.713 1133 6088 I dvm_lock_sample: [system_server,1,Binder:1133_13,80,AudioService.java,3980,boolean com.android.server.audio.AudioService.isStreamMute(int),-,7218,int com.android.server.audio.AudioService$VolumeStreamState.getIndex(int),16]
01-04 01:23:01.713 1133 6131 I dvm_lock_sample: [system_server,1,Binder:1133_16,40,AudioService.java,6202,int com.android.server.audio.AudioService.getDevicesForStreamInt(int),-,7218,int com.android.server.audio.AudioService$VolumeStreamState.getIndex(int),8]
01-04 01:23:03.797 1133 1133 I service_manager_stats: [100,124,43231]
01-04 01:23:04.455 1133 1133 I volume_changed: [3,13,18,39,android]
01-04 01:23:04.472 1133 1133 I volume_changed: [3,18,19,39,android]
01-04 01:23:04.513 1133 1133 I volume_changed: [3,19,20,39,android]
01-04 01:23:04.534 1133 1133 I dvm_lock_sample: [system_server,0,main,12,AudioService.java,6202,int com.android.server.audio.AudioService.getDevicesForStreamInt(int),-,6203,int com.android.server.audio.AudioService.getDevicesForStreamInt(int),2]
01-04 01:23:04.579 1133 1133 I volume_changed: [3,20,21,39,android]
01-04 01:23:05.185 1133 1829 I commit_sys_config_file: [settings-1-0,12]
01-04 01:23:07.038 1133 1890 I input_interaction: Interaction with: 2c759d StatusBar (server), edge-swipe (server), swipe-up (server), PointerEventDispatcher0 (server),
01-04 01:23:07.052 2455 2455 I sysui_multi_action: [757,803,799,panel_open,802,1]
01-04 01:23:07.054 2455 2455 I sysui_multi_action: [757,1328,758,4,1326,56,1327,2,1329,0]
01-04 01:23:07.082 1133 2503 I sysui_multi_action: [757,127,758,1]
01-04 01:23:07.082 1133 2503 I sysui_multi_action: [757,804,799,note_load,801,3,802,1]
01-04 01:23:07.083 1133 2503 I notification_panel_revealed: 3
01-04 01:23:07.102 1133 1651 I input_focus: [Focus request c9f1bc8 NotificationShade,reason=UpdateInputWindows]
01-04 01:23:07.115 1133 1890 I input_focus: [Focus leaving d3f52b0 MediaOutputDialog (server),reason=Waiting for window because NOT_VISIBLE]
01-04 01:23:07.116 1133 6094 I sysui_multi_action: [757,128,758,1,793,482174,794,0,795,482174,796,26,798,0,806,android,857,DEVELOPER_IMPORTANT,858,4,947,0,1395,3,1500,482173,1688,1]
01-04 01:23:07.117 1133 6094 I sysui_multi_action: [757,804,799,note_freshness,801,482174,802,1]
01-04 01:23:07.117 1133 6094 I notification_visibility: [-1|android|26|null|1000,1,482174,482174,0,0]
01-04 01:23:07.117 1133 6094 I sysui_multi_action: [757,128,758,1,793,482087,794,0,795,482087,796,55,798,1,806,android,857,DEVELOPER,858,2,947,0,1395,3,1500,482087,1688,1]
01-04 01:23:07.117 1133 6094 I sysui_multi_action: [757,804,799,note_freshness,801,482087,802,1]
01-04 01:23:07.117 1133 6094 I notification_visibility: [-1|android|55|null|1000,1,482087,482087,0,1]
01-04 01:23:07.118 1133 6094 I sysui_multi_action: [757,128,758,1,793,482977,794,0,795,482977,796,32,798,2,806,android,857,USB,858,1,947,0,1395,3,1500,482405,1688,1]
01-04 01:23:07.118 1133 6094 I sysui_multi_action: [757,804,799,note_freshness,801,482977,802,1]
01-04 01:23:07.118 1133 6094 I notification_visibility: [-1|android|32|null|1000,1,482977,482977,0,2]
01-04 01:23:07.131 1133 1890 I input_focus: [Focus entering c9f1bc8 NotificationShade (server),reason=Window became focusable. Previous reason: NOT_VISIBLE]
01-04 01:23:07.141 2455 2455 I sysui_multi_action: [757,111,758,1]
01-04 01:23:07.141 2455 2455 I sysui_multi_action: [757,126,758,1,759,126,927,0,928,1,1593,0]
01-04 01:23:07.142 2455 2455 I sysui_multi_action: [757,113,758,1,759,113,927,1,928,1,1593,0]
01-04 01:23:07.142 2455 2455 I sysui_multi_action: [757,0,758,1,759,0,927,2,928,0,1593,0]
01-04 01:23:07.142 2455 2455 I sysui_multi_action: [757,0,758,1,759,0,927,3,928,0,1593,0]
01-04 01:23:07.142 2455 2455 I sysui_multi_action: [757,491,758,1,759,491,927,4,928,0,1311,-1,1593,0]
01-04 01:23:07.142 2455 2455 I sysui_multi_action: [757,0,758,1,759,0,927,5,928,0,1593,0]
01-04 01:23:07.142 2455 2455 I sysui_multi_action: [757,0,758,1,759,0,927,6,1593,0]
01-04 01:23:07.143 2455 2455 I sysui_multi_action: [757,111,758,1]
01-04 01:23:07.143 2455 2455 I sysui_multi_action: [757,126,758,1,759,126,927,0,928,1,1593,0]
01-04 01:23:07.143 2455 2455 I sysui_multi_action: [757,113,758,1,759,113,927,1,928,1,1593,0]
01-04 01:23:07.143 2455 2455 I sysui_multi_action: [757,0,758,1,759,0,927,2,928,0,1593,0]
01-04 01:23:07.143 2455 2455 I sysui_multi_action: [757,0,758,1,759,0,927,3,928,0,1593,0]
01-04 01:23:10.388 1133 1890 I input_interaction: Interaction with: c9f1bc8 NotificationShade (server), edge-swipe (server), swipe-up (server), PointerEventDispatcher0 (server),
01-04 01:23:11.777 1133 2396 I GameModeConfig: isGameModeOn = false
01-04 01:23:11.778 1133 2396 I GameModeConfig: isGameModeOn = false
01-04 01:23:11.778 1133 2396 I GameModeConfig: isGameModeOn = false
01-04 01:23:11.778 1133 2396 I GameModeConfig: isGameModeOn = false
01-04 01:23:11.778 1133 2396 I GameModeConfig: isGameModeOn = false
01-04 01:23:11.779 1133 1133 I notification_enqueue: [10087,2455,com.android.systemui,2048,NULL,0,Notification(channel=updateNotification shortcut=null contentView=null vibrate=null sound=null defaults=0x0 flags=0x0 color=0x00000000 vis=PRIVATE),1]
01-04 01:23:11.780 2455 2455 I sysui_multi_action: [757,111,758,2]
01-04 01:23:11.780 2455 2455 I sysui_multi_action: [757,111,758,2]
01-04 01:23:11.924 1133 1651 I input_focus: [Focus request e019439 com.android.settings/com.android.settings.Settings,reason=UpdateInputWindows]
01-04 01:23:11.930 1133 6094 I sysui_multi_action: [757,128,758,2,793,486988,794,4814,795,486988,796,26,798,0,806,android,857,DEVELOPER_IMPORTANT,858,4,947,0,1395,3,1500,486987,1688,1]
01-04 01:23:11.931 1133 6094 I notification_visibility: [-1|android|26|null|1000,0,486988,486988,0,0]
01-04 01:23:11.931 1133 6094 I sysui_multi_action: [757,128,758,2,793,486901,794,4814,795,486901,796,55,798,1,806,android,857,DEVELOPER,858,2,947,0,1395,3,1500,486901,1688,1]
01-04 01:23:11.931 1133 6094 I notification_visibility: [-1|android|55|null|1000,0,486901,486901,0,1]
01-04 01:23:11.931 1133 6094 I sysui_multi_action: [757,128,758,2,793,487790,794,4813,795,487790,796,32,798,2,806,android,857,USB,858,1,947,0,1395,3,1500,487218,1688,1]
01-04 01:23:11.932 1133 6094 I notification_visibility: [-1|android|32|null|1000,0,487790,487790,0,2]
01-04 01:23:11.932 1133 2503 I sysui_multi_action: [757,127,758,2]
01-04 01:23:11.933 1133 2503 I notification_panel_hidden:
01-04 01:23:11.961 1133 1890 I input_focus: [Focus leaving c9f1bc8 NotificationShade (server),reason=NO_WINDOW]
01-04 01:23:11.963 1133 1890 I input_focus: [Focus entering e019439 com.android.settings/com.android.settings.Settings (server),reason=setFocusedWindow]
01-04 01:23:11.984 1133 1133 I GameModeConfig: isGameModeOn = false
01-01 08:09:51.685 0 0 I : PARTIAL DRAIN, do not wait for EOS ack
01-04 01:23:12.683 1133 5889 I snet_event_log: [172655291,-1,]
01-04 01:23:12.708 1133 1890 I input_interaction: Interaction with: e019439 com.android.settings/com.android.settings.Settings (server), edge-swipe (server), swipe-up (server), PointerEventDispatcher0 (server),
01-04 01:23:12.753 1133 1133 I notification_enqueue: [10094,5277,com.android.music,1,NULL,0,Notification(channel=Channel-music shortcut=null contentView=null vibrate=null sound=null defaults=0x0 flags=0x62 color=0x00000000 category=transport actions=4 vis=PRIVATE),1]
01-04 01:23:12.783 1133 5889 I volume_changed: [3,21,23,39,com.android.settings]
01-04 01:23:12.804 1133 5201 I volume_changed: [3,23,24,39,com.android.settings]
01-04 01:23:12.843 1133 2503 I volume_changed: [3,24,25,39,com.android.settings]
01-04 01:23:12.867 1133 6094 I volume_changed: [3,25,26,39,com.android.settings]
01-04 01:23:12.883 1133 2502 I volume_changed: [3,26,27,39,com.android.settings]
01-04 01:23:12.921 1133 2502 I volume_changed: [3,27,28,39,com.android.settings]
01-04 01:23:12.941 1133 6088 I volume_changed: [3,28,29,39,com.android.settings]
01-04 01:23:12.958 1133 1133 I GameModeConfig: isGameModeOn = false
01-04 01:23:12.962 1133 2527 I volume_changed: [3,29,30,39,com.android.settings]
01-04 01:23:12.984 1133 2503 I volume_changed: [3,30,31,39,com.android.settings]
01-04 01:23:13.004 1133 2502 I volume_changed: [3,31,32,39,com.android.settings]
01-04 01:23:13.019 1133 2502 I dvm_lock_sample: [system_server,1,Binder:1133_5,14,AudioService.java,7295,boolean com.android.server.audio.AudioService$VolumeStreamState.mute(boolean),-,6203,int com.android.server.audio.AudioService.getDevicesForStreamInt(int),2]
01-04 01:23:13.515 1133 1829 I commit_sys_config_file: [settings-1-0,14]
01-04 01:23:14.170 1133 2503 I volume_changed: [3,32,31,39,com.android.settings]
01-04 01:23:14.217 1133 3699 I volume_changed: [3,31,29,39,com.android.settings]
01-04 01:23:14.234 1133 1133 I dvm_lock_sample: [system_server,0,main,7,AudioService.java,6202,int com.android.server.audio.AudioService.getDevicesForStreamInt(int),-,6203,int com.android.server.audio.AudioService.getDevicesForStreamInt(int),1]
01-04 01:23:14.237 1133 2527 I volume_changed: [3,29,28,39,com.android.settings]
01-04 01:23:14.251 1133 3699 I volume_changed: [3,28,26,39,com.android.settings]
01-04 01:23:14.276 1133 1812 I volume_changed: [3,26,25,39,com.android.settings]
01-04 01:23:14.308 1133 1812 I volume_changed: [3,25,23,39,com.android.settings]
01-04 01:23:14.332 1133 1133 I dvm_lock_sample: [system_server,0,main,18,AudioService.java,6202,int com.android.server.audio.AudioService.getDevicesForStreamInt(int),-,6203,int com.android.server.audio.AudioService.getDevicesForStreamInt(int),3]
01-04 01:23:14.335 1133 2502 I volume_changed: [3,23,22,39,com.android.settings]
01-04 01:23:14.380 1133 6131 I volume_changed: [3,22,19,39,com.android.settings]
01-04 01:23:14.388 1133 2502 I volume_changed: [3,19,17,39,com.android.settings]
01-04 01:23:14.911 1133 1829 I commit_sys_config_file: [settings-1-0,11]
01-04 01:23:15.529 3047 3047 W ContextImpl: Calling a method in the system process without a qualified user: android.app.ContextImpl.sendBroadcast:1173 android.content.ContextWrapper.sendBroadcast:479 com.android.settings.sound.MediaOutputPreferenceController.handlePreferenceTreeClick:136 com.android.settings.dashboard.DashboardFragment.onPreferenceTreeClick:237 com.android.settings.notification.SoundSettings.onPreferenceTreeClick:126
01-04 01:23:15.532 1133 1663 I am_wtf : [0,1133,system_server,-1,ActivityManager,Sending non-protected broadcast com.android.systemui.action.LAUNCH_MEDIA_OUTPUT_DIALOG from system 3047:com.android.settings/1000 pkg com.android.settings]
01-04 01:23:15.533 3047 3047 I sysui_multi_action: [757,830,758,4,833,0,854,media_output,1089,0]
01-04 01:23:15.534 1133 1663 I DropBoxManagerService: add tag=system_server_wtf isTagEnabled=true flags=0x2
01-04 01:23:15.592 1133 6094 W AppOps : Noting op not finished: uid 10087 pkg com.android.systemui code 24 startTime of in progress event=1672766100532
01-04 01:23:15.626 1133 1651 I input_focus: [Focus request 8510cf7 MediaOutputDialog,reason=UpdateInputWindows]
01-04 01:23:15.652 1133 1890 I input_focus: [Focus leaving e019439 com.android.settings/com.android.settings.Settings (server),reason=Waiting for window because NOT_VISIBLE]
01-04 01:23:15.687 1133 1890 I input_focus: [Focus entering 8510cf7 MediaOutputDialog (server),reason=Window became focusable. Previous reason: NOT_VISIBLE]
01-01 08:09:54.712 0 0 E q6asm_callback: cmd = 0x10bce returned error = 0xa
01-01 08:09:54.718 0 0 E __q6asm_cmd: DSP returned error[ADSP_ENOTREADY] opcode 68558
01-04 01:23:17.716 1133 1890 I input_interaction: Interaction with: 8510cf7 MediaOutputDialog (server), edge-swipe (server), swipe-up (server), PointerEventDispatcher0 (server),
01-04 01:23:18.115 1133 1133 I Telecom : WiredHeadsetManager: ACTION_HEADSET_PLUG event, plugged in: false, : WHC.oADA@AE0
01-04 01:23:18.135 1133 6086 I stream_devices_changed: [3,2,128]
01-04 01:23:18.238 1133 2400 I stream_devices_changed: [6,1,128]
01-04 01:23:18.486 1133 6086 I dvm_lock_sample: [system_server,1,Binder:1133_11,93,AudioService.java,6202,int com.android.server.audio.AudioService.getDevicesForStreamInt(int),-,7218,int com.android.server.audio.AudioService$VolumeStreamState.getIndex(int),18]
01-01 08:09:57.541 0 0 I afe_close: port_id = 0x9000
01-04 01:23:18.667 1133 6086 I dvm_lock_sample: [system_server,1,Binder:1133_11,179,AudioService.java,6202,int com.android.server.audio.AudioService.getDevicesForStreamInt(int),-,7218,int com.android.server.audio.AudioService$VolumeStreamState.getIndex(int),35]
01-04 01:23:18.920 1133 6094 I dvm_lock_sample: [system_server,1,Binder:1133_14,163,AudioService.java,3980,boolean com.android.server.audio.AudioService.isStreamMute(int),-,7218,int com.android.server.audio.AudioService$VolumeStreamState.getIndex(int),32]
01-04 01:23:19.021 1133 2527 I dvm_lock_sample: [system_server,1,Binder:1133_7,99,AudioService.java,6202,int com.android.server.audio.AudioService.getDevicesForStreamInt(int),-,7218,int com.android.server.audio.AudioService$VolumeStreamState.getIndex(int),19]
01-04 01:23:19.216 1133 1133 I dvm_lock_sample: [system_server,0,main,93,AudioService.java,6202,int com.android.server.audio.AudioService.getDevicesForStreamInt(int),-,7218,int com.android.server.audio.AudioService$VolumeStreamState.getIndex(int),18]
01-04 01:23:21.468 1133 1890 I input_interaction: Interaction with: 2c759d StatusBar (server), edge-swipe (server), swipe-up (server), PointerEventDispatcher0 (server),
01-04 01:23:21.479 2455 2455 I sysui_multi_action: [757,803,799,panel_open,802,1]
01-04 01:23:21.482 2455 2455 I sysui_multi_action: [757,1328,758,4,1326,73,1327,4,1329,0]
01-04 01:23:21.520 1133 6094 I sysui_multi_action: [757,127,758,1]
01-04 01:23:21.520 1133 6094 I sysui_multi_action: [757,804,799,note_load,801,3,802,1]
01-04 01:23:21.520 1133 6094 I notification_panel_revealed: 3
01-04 01:23:21.533 1133 1651 I input_focus: [Focus request c9f1bc8 NotificationShade,reason=UpdateInputWindows]
01-04 01:23:21.550 1133 1890 I input_focus: [Focus leaving 8510cf7 MediaOutputDialog (server),reason=Waiting for window because NOT_VISIBLE]
01-04 01:23:21.554 1133 6086 I sysui_multi_action: [757,128,758,1,793,496612,794,0,795,496612,796,26,798,0,806,android,857,DEVELOPER_IMPORTANT,858,4,947,0,1395,3,1500,496611,1688,1]
01-04 01:23:21.554 1133 6086 I sysui_multi_action: [757,804,799,note_freshness,801,496612,802,1]
01-04 01:23:21.554 1133 6086 I notification_visibility: [-1|android|26|null|1000,1,496612,496612,0,0]
01-04 01:23:21.554 1133 6086 I sysui_multi_action: [757,128,758,1,793,496524,794,0,795,496524,796,55,798,1,806,android,857,DEVELOPER,858,2,947,0,1395,3,1500,496524,1688,1]
01-04 01:23:21.554 1133 6086 I sysui_multi_action: [757,804,799,note_freshness,801,496524,802,1]
01-04 01:23:21.555 1133 6086 I notification_visibility: [-1|android|55|null|1000,1,496524,496524,0,1]
01-04 01:23:21.555 1133 6086 I sysui_multi_action: [757,128,758,1,793,497414,794,0,795,497414,796,32,798,2,806,android,857,USB,858,1,947,0,1395,3,1500,496842,1688,1]
01-04 01:23:21.555 1133 6086 I sysui_multi_action: [757,804,799,note_freshness,801,497414,802,1]
01-04 01:23:21.555 1133 6086 I notification_visibility: [-1|android|32|null|1000,1,497414,497414,0,2]
01-04 01:23:21.567 1133 1890 I input_focus: [Focus entering c9f1bc8 NotificationShade (server),reason=Window became focusable. Previous reason: NOT_VISIBLE]
01-04 01:23:21.641 2455 2455 I sysui_multi_action: [757,111,758,1]
01-04 01:23:21.641 2455 2455 I sysui_multi_action: [757,126,758,1,759,126,927,0,928,1,1593,0]
01-04 01:23:21.642 2455 2455 I sysui_multi_action: [757,113,758,1,759,113,927,1,928,1,1593,0]
01-04 01:23:21.642 2455 2455 I sysui_multi_action: [757,0,758,1,759,0,927,2,928,0,1593,0]
01-04 01:23:21.642 2455 2455 I sysui_multi_action: [757,0,758,1,759,0,927,3,928,0,1593,0]
01-04 01:23:21.643 2455 2455 I sysui_multi_action: [757,491,758,1,759,491,927,4,928,0,1311,-1,1593,0]
01-04 01:23:21.643 2455 2455 I sysui_multi_action: [757,0,758,1,759,0,927,5,928,0,1593,0]
01-04 01:23:21.643 2455 2455 I sysui_multi_action: [757,0,758,1,759,0,927,6,1593,0]
01-04 01:23:21.644 2455 2455 I sysui_multi_action: [757,111,758,1]
01-04 01:23:21.644 2455 2455 I sysui_multi_action: [757,126,758,1,759,126,927,0,928,1,1593,0]
01-04 01:23:21.644 2455 2455 I sysui_multi_action: [757,113,758,1,759,113,927,1,928,1,1593,0]
01-04 01:23:21.645 2455 2455 I sysui_multi_action: [757,0,758,1,759,0,927,2,928,0,1593,0]
01-04 01:23:21.645 2455 2455 I sysui_multi_action: [757,0,758,1,759,0,927,3,928,0,1593,0]
01-04 01:23:22.034 1133 2396 I GameModeConfig: isGameModeOn = false
01-04 01:23:22.913 1133 1890 I input_interaction: Interaction with: c9f1bc8 NotificationShade (server), edge-swipe (server), swipe-up (server), PointerEventDispatcher0 (server),
01-04 01:23:24.703 1133 2396 I GameModeConfig: isGameModeOn = false
01-04 01:23:24.703 1133 2396 I GameModeConfig: isGameModeOn = false
01-04 01:23:24.703 1133 2396 I GameModeConfig: isGameModeOn = false
01-04 01:23:24.703 1133 2396 I GameModeConfig: isGameModeOn = false
01-04 01:23:24.703 1133 2396 I GameModeConfig: isGameModeOn = false
01-04 01:23:24.785 1133 1133 I notification_enqueue: [10094,5277,com.android.music,1,NULL,0,Notification(channel=Channel-music shortcut=null contentView=null vibrate=null sound=null defaults=0x0 flags=0x2 color=0x00000000 category=transport actions=4 vis=PRIVATE),1]
01-04 01:23:24.987 1133 1133 I GameModeConfig: isGameModeOn = false
01-01 08:10:04.199 0 0 I btfm_slim_hw_init: PGD Enum Addr: 00:01:20:02:17: 02
01-01 08:10:04.205 0 0 I btfm_slim_hw_init: IFD Enum Addr: 00:00:20:02:17: 02
01-01 08:10:04.212 0 0 I btfm_slim_hw_init: chipset soc version:400a0200
01-01 08:10:04.218 0 0 I btfm_slim_hw_init: chipset is hastings 2.0, overwriting EA
01-01 08:10:04.224 0 0 I btfm_slim_hw_init: PGD Enum Addr: 00:01:20:02:17: 02
01-01 08:10:04.231 0 0 I btfm_slim_hw_init: IFD Enum Addr: 00:00:20:02:17: 02
01-01 08:10:04.237 0 0 I btfm_slim_alloc_port: chipset soc version:400a0200
01-01 08:10:04.252 0 0 I btfm_slim_enable_ch: chipset soc version:400a0200
01-01 08:10:04.258 0 0 I btfm_slim_enable_ch: channel define - prot:2, dataf:0, auxf:0
01-01 08:10:04.265 0 0 I btfm_slim_enable_ch: channel define - rates:44100, baser:2, ratem:4
01-01 08:10:04.272 0 0 I btfm_slim_enable_ch: slim_connect_sink(port: 16, ch: 157)
01-01 08:10:04.279 0 0 I btfm_slim_enable_ch: port: 16, ch: 157, grp: 0, ch->grph: 0x0, ch_hdl: 0x1d
01-01 08:10:04.289 0 0 I __afe_port_start: port id: 0x400e
01-01 08:10:04.293 0 0 I afe_find_cal_topo_id_by_port: port id: 0x400e, dev_acdb_id: 20
01-01 08:10:04.300 0 0 I afe_find_cal_topo_id_by_port: top_id:112fc acdb_id:20 afe_port_id:0x400e
01-01 08:10:04.308 0 0 I afe_get_cal_topology_id: port_id = 0x400e acdb_id = 20 topology_id = 0x112fc cal_type_index=8 ret=0
01-01 08:10:04.319 0 0 I afe_send_port_topology_id: AFE set topology id 0x112fc enable for port 0x400e ret 0
01-01 08:10:04.328 0 0 I send_afe_cal_type: cal_index is 0
01-01 08:10:04.332 0 0 I send_afe_cal_type: dev_acdb_id[119] is 20
01-01 08:10:04.338 0 0 I afe_find_cal: cal_index 0 port_id 0x400e port_index 119
01-01 08:10:04.344 0 0 I afe_find_cal: acdb_id 20 dev_acdb_id 20 sample_rate 48000 afe_sample_rates 44100
01-01 08:10:04.353 0 0 I afe_find_cal: no matching cal_block found
01-01 08:10:04.358 0 0 E : send_afe_cal_type cal_block not found!!
01-01 08:10:04.363 0 0 I afe_send_hw_delay: port_id 0x400e rate 44100 delay_usec 0 status 0
01-04 01:23:27.255 3437 3437 I auditd : type=1400 audit(0.0:302): avc: granted { read } for comm=4173796E635461736B20233435 name="arp" dev="proc" ino=4026532247 scontext=u:r:platform_app:s0:c512,c768 tcontext=u:object_r:proc_net:s0 tclass=file app=com.hht.lebocast
01-04 01:23:27.255 3437 3437 I auditd : type=1400 audit(0.0:303): avc: granted { read open } for comm=4173796E635461736B20233435 path="/proc/3437/net/arp" dev="proc" ino=4026532247 scontext=u:r:platform_app:s0:c512,c768 tcontext=u:object_r:proc_net:s0 tclass=file app=com.hht.lebocast
01-04 01:23:27.259 3437 3437 I auditd : type=1400 audit(0.0:304): avc: granted { getattr } for comm=4173796E635461736B20233435 path="/proc/3437/net/arp" dev="proc" ino=4026532247 scontext=u:r:platform_app:s0:c512,c768 tcontext=u:object_r:proc_net:s0 tclass=file app=com.hht.lebocast
01-04 01:23:27.259 3437 3437 I auditd : type=1400 audit(0.0:305): avc: granted { getattr } for comm=4173796E635461736B20233435 path="/proc/3437/net/arp" dev="proc" ino=4026532247 scontext=u:r:platform_app:s0:c512,c768 tcontext=u:object_r:proc_net:s0 tclass=file app=com.hht.lebocast
01-04 01:23:27.363 1133 2396 I GameModeConfig: isGameModeOn = false
01-04 01:23:27.364 1133 2396 I GameModeConfig: isGameModeOn = false
01-04 01:23:27.364 1133 2396 I GameModeConfig: isGameModeOn = false
01-04 01:23:27.364 1133 2396 I GameModeConfig: isGameModeOn = false
01-04 01:23:27.364 1133 2396 I GameModeConfig: isGameModeOn = false
01-04 01:23:27.365 1133 1133 I notification_enqueue: [10087,2455,com.android.systemui,2048,NULL,0,Notification(channel=updateNotification shortcut=null contentView=null vibrate=null sound=null defaults=0x0 flags=0x0 color=0x00000000 vis=PRIVATE),1]
01-04 01:23:27.366 2455 2455 I sysui_multi_action: [757,111,758,2]
01-04 01:23:27.366 2455 2455 I sysui_multi_action: [757,111,758,2]
01-04 01:23:27.520 1133 1651 I input_focus: [Focus request e019439 com.android.settings/com.android.settings.Settings,reason=UpdateInputWindows]
01-04 01:23:27.528 1133 6086 I sysui_multi_action: [757,128,758,2,793,502586,794,5974,795,502586,796,26,798,0,806,android,857,DEVELOPER_IMPORTANT,858,4,947,0,1395,3,1500,502585,1688,1]
01-04 01:23:27.529 1133 6086 I notification_visibility: [-1|android|26|null|1000,0,502586,502586,0,0]
01-04 01:23:27.529 1133 6086 I sysui_multi_action: [757,128,758,2,793,502499,794,5975,795,502499,796,55,798,1,806,android,857,DEVELOPER,858,2,947,0,1395,3,1500,502499,1688,1]
01-04 01:23:27.529 1133 6086 I notification_visibility: [-1|android|55|null|1000,0,502499,502499,0,1]
01-04 01:23:27.530 1133 6086 I sysui_multi_action: [757,128,758,2,793,503389,794,5975,795,503389,796,32,798,2,806,android,857,USB,858,1,947,0,1395,3,1500,502817,1688,1]
01-04 01:23:27.530 1133 6086 I notification_visibility: [-1|android|32|null|1000,0,503389,503389,0,2]
01-04 01:23:27.535 1133 6086 I sysui_multi_action: [757,127,758,2]
01-04 01:23:27.535 1133 6086 I notification_panel_hidden:
01-04 01:23:27.548 1133 1890 I input_focus: [Focus leaving c9f1bc8 NotificationShade (server),reason=NOT_FOCUSABLE]
01-04 01:23:27.548 1133 1890 I input_focus: [Focus entering e019439 com.android.settings/com.android.settings.Settings (server),reason=setFocusedWindow]
01-04 01:23:27.568 1133 1133 I GameModeConfig: isGameModeOn = false
01-04 01:23:28.697 1133 1890 I input_interaction: Interaction with: e019439 com.android.settings/com.android.settings.Settings (server), edge-swipe (server), swipe-up (server), PointerEventDispatcher0 (server),
01-04 01:23:28.827 3047 3047 W ContextImpl: Calling a method in the system process without a qualified user: android.app.ContextImpl.sendBroadcast:1173 android.content.ContextWrapper.sendBroadcast:479 com.android.settings.sound.MediaOutputPreferenceController.handlePreferenceTreeClick:136 com.android.settings.dashboard.DashboardFragment.onPreferenceTreeClick:237 com.android.settings.notification.SoundSettings.onPreferenceTreeClick:126
01-04 01:23:28.831 1133 1663 I am_wtf : [0,1133,system_server,-1,ActivityManager,Sending non-protected broadcast com.android.systemui.action.LAUNCH_MEDIA_OUTPUT_DIALOG from system 3047:com.android.settings/1000 pkg com.android.settings]
01-04 01:23:28.832 3047 3047 I sysui_multi_action: [757,830,758,4,833,0,854,media_output,1089,0]
01-04 01:23:28.846 1133 1663 I service_manager_slow: [12,dropbox]
01-04 01:23:28.846 1133 1663 I DropBoxManagerService: add tag=system_server_wtf isTagEnabled=true flags=0x2
01-04 01:23:28.905 1133 6131 W AppOps : Noting op not finished: uid 10087 pkg com.android.systemui code 24 startTime of in progress event=1672766100532
01-04 01:23:28.946 1133 1651 I input_focus: [Focus request 2c58a9f MediaOutputDialog,reason=UpdateInputWindows]
01-04 01:23:28.967 1133 1890 I input_focus: [Focus leaving e019439 com.android.settings/com.android.settings.Settings (server),reason=Waiting for window because NOT_VISIBLE]
01-04 01:23:28.991 1133 1890 I input_focus: [Focus entering 2c58a9f MediaOutputDialog (server),reason=Window became focusable. Previous reason: NOT_VISIBLE]
01-04 01:23:37.576 1133 2396 I GameModeConfig: isGameModeOn = false
01-04 01:23:44.595 1133 1890 I input_interaction: Interaction with: 2c58a9f MediaOutputDialog (server), edge-swipe (server), swipe-up (server), PointerEventDispatcher0 (server),
01-04 01:23:44.823 1133 1821 I dvm_lock_sample: [system_server,0,jobscheduler.bg,11,DeviceIdleController.java,1745,void com.android.server.DeviceIdleController$MyHandler.handleMessage(android.os.Message),-,2929,void com.android.server.DeviceIdleController.addPowerSaveTempWhitelistAppDirectInternal(int, int, long, int, boolean, int, java.lang.String),2]
01-01 08:10:23.938 0 0 I afe_close: port_id = 0x400e
01-01 08:10:23.949 0 0 I btfm_slim_disable_ch: port:16, grp: 0, ch->grph:0x0, ch->ch_hdl:0x1d
01-01 08:10:24.002 0 0 I afe_find_cal_topo_id_by_port: port id: 0x9000, dev_acdb_id: 0
01-01 08:10:24.010 0 0 I afe_find_cal_topo_id_by_port: top_id:112fc acdb_id:15 afe_port:0x9000
01-01 08:10:24.017 0 0 I afe_get_cal_topology_id: port_id = 0x9000 acdb_id = 15 topology_id = 0x112fc cal_type_index=8 ret=0
01-01 08:10:24.028 0 0 I afe_send_port_topology_id: AFE set topology id 0x112fc enable for port 0x9000 ret 0
01-01 08:10:24.038 0 0 I send_afe_cal_type: cal_index is 0
01-01 08:10:24.042 0 0 I send_afe_cal_type: dev_acdb_id[55] is 0
01-01 08:10:24.047 0 0 I send_afe_cal_type: Sending cal_index cal 0
01-01 08:10:24.053 0 0 E send_afe_cal_type: No cal sent for cal_index 0, port_id = 0x9000! ret -22
01-01 08:10:24.061 0 0 I afe_send_hw_delay: port_id 0x9000 rate 48000 delay_usec 474 status 0
01-01 08:10:24.082 0 0 I afe_close: port_id = 0x9000
01-01 08:10:24.163 0 0 I btfm_slim_hw_init: PGD Enum Addr: 00:01:20:02:17: 02
01-01 08:10:24.169 0 0 I btfm_slim_hw_init: IFD Enum Addr: 00:00:20:02:17: 02
01-01 08:10:24.176 0 0 I btfm_slim_hw_init: chipset soc version:400a0200
01-01 08:10:24.181 0 0 I btfm_slim_hw_init: chipset is hastings 2.0, overwriting EA
01-01 08:10:24.188 0 0 I btfm_slim_hw_init: PGD Enum Addr: 00:01:20:02:17: 02
01-01 08:10:24.194 0 0 I btfm_slim_hw_init: IFD Enum Addr: 00:00:20:02:17: 02
01-01 08:10:24.201 0 0 I btfm_slim_alloc_port: chipset soc version:400a0200
01-01 08:10:24.222 0 0 I btfm_slim_enable_ch: chipset soc version:400a0200
01-01 08:10:24.227 0 0 I btfm_slim_enable_ch: channel define - prot:2, dataf:0, auxf:0
01-01 08:10:24.235 0 0 I btfm_slim_enable_ch: channel define - rates:44100, baser:2, ratem:4
01-01 08:10:24.242 0 0 I btfm_slim_enable_ch: slim_connect_sink(port: 16, ch: 157)
01-01 08:10:24.249 0 0 I btfm_slim_enable_ch: port: 16, ch: 157, grp: 0, ch->grph: 0x0, ch_hdl: 0x1d
01-01 08:10:24.258 0 0 I __afe_port_start: port id: 0x400e
01-01 08:10:24.263 0 0 I afe_find_cal_topo_id_by_port: port id: 0x400e, dev_acdb_id: 20
01-01 08:10:24.270 0 0 I afe_find_cal_topo_id_by_port: top_id:112fc acdb_id:20 afe_port_id:0x400e
01-01 08:10:24.278 0 0 I afe_get_cal_topology_id: port_id = 0x400e acdb_id = 20 topology_id = 0x112fc cal_type_index=8 ret=0
01-01 08:10:24.289 0 0 I afe_send_port_topology_id: AFE set topology id 0x112fc enable for port 0x400e ret 0
01-01 08:10:24.298 0 0 I send_afe_cal_type: cal_index is 0
01-01 08:10:24.303 0 0 I send_afe_cal_type: dev_acdb_id[119] is 20
01-01 08:10:24.308 0 0 I afe_find_cal: cal_index 0 port_id 0x400e port_index 119
01-01 08:10:24.314 0 0 I afe_find_cal: acdb_id 20 dev_acdb_id 20 sample_rate 48000 afe_sample_rates 44100
01-01 08:10:24.323 0 0 I afe_find_cal: no matching cal_block found
01-01 08:10:24.328 0 0 E : send_afe_cal_type cal_block not found!!
01-01 08:10:24.334 0 0 I afe_send_hw_delay: port_id 0x400e rate 44100 delay_usec 0 status 0
01-04 01:23:45.335 1133 6094 I dvm_lock_sample: [system_server,0,Binder:1133_14,521,AudioDeviceBroker.java,1045,void com.android.server.audio.AudioDeviceBroker.setAvrcpAbsoluteVolumeSupported(boolean),-,1063,int com.android.server.audio.AudioDeviceBroker.getA2dpCodec(android.bluetooth.BluetoothDevice),100]
01-04 01:23:45.379 1133 2400 I volume_changed: [3,4,13,39,onBluetoothA2dpActiveDeviceChange]
01-04 01:23:45.381 1133 6086 I dvm_lock_sample: [system_server,1,Binder:1133_11,536,AudioService.java,6202,int com.android.server.audio.AudioService.getDevicesForStreamInt(int),-,6203,int com.android.server.audio.AudioService.getDevicesForStreamInt(int),100]
01-04 01:23:45.425 1133 2549 I dvm_lock_sample: [system_server,1,Binder:1133_8,560,AudioService.java,6202,int com.android.server.audio.AudioService.getDevicesForStreamInt(int),-,6203,int com.android.server.audio.AudioService.getDevicesForStreamInt(int),100]
01-04 01:23:46.125 1133 1829 I commit_sys_config_file: [settings-1-0,15]
01-04 01:23:48.723 1133 1133 I volume_changed: [3,13,14,39,android]
01-04 01:23:48.753 1133 6088 I dvm_lock_sample: [system_server,1,Binder:1133_13,24,AudioService.java,6202,int com.android.server.audio.AudioService.getDevicesForStreamInt(int),-,6203,int com.android.server.audio.AudioService.getDevicesForStreamInt(int),4]
01-04 01:23:48.867 1133 1133 I volume_changed: [3,14,15,39,android]
01-04 01:23:48.930 1133 1133 I volume_changed: [3,15,16,39,android]
01-04 01:23:49.019 1133 1133 I volume_changed: [3,16,17,39,android]
01-04 01:23:49.091 1133 1133 I volume_changed: [3,17,18,39,android]
01-04 01:23:49.487 1133 1829 I commit_sys_config_file: [settings-1-0,28]
01-01 08:10:29.770 0 0 I afe_close: port_id = 0x400e
01-01 08:10:29.781 0 0 I btfm_slim_disable_ch: port:16, grp: 0, ch->grph:0x0, ch->ch_hdl:0x1d
01-01 08:10:29.828 0 0 I afe_find_cal_topo_id_by_port: port id: 0x9000, dev_acdb_id: 0
01-01 08:10:29.836 0 0 I afe_find_cal_topo_id_by_port: top_id:112fc acdb_id:15 afe_port:0x9000
01-01 08:10:29.844 0 0 I afe_get_cal_topology_id: port_id = 0x9000 acdb_id = 15 topology_id = 0x112fc cal_type_index=8 ret=0
01-01 08:10:29.855 0 0 I afe_send_port_topology_id: AFE set topology id 0x112fc enable for port 0x9000 ret 0
01-01 08:10:29.865 0 0 I send_afe_cal_type: cal_index is 0
01-01 08:10:29.869 0 0 I send_afe_cal_type: dev_acdb_id[55] is 0
01-01 08:10:29.874 0 0 I send_afe_cal_type: Sending cal_index cal 0
01-01 08:10:29.880 0 0 E send_afe_cal_type: No cal sent for cal_index 0, port_id = 0x9000! ret -22
01-01 08:10:29.888 0 0 I afe_send_hw_delay: port_id 0x9000 rate 48000 delay_usec 474 status 0
01-01 08:10:29.910 0 0 I afe_close: port_id = 0x9000
01-01 08:10:29.977 0 0 I btfm_slim_hw_init: PGD Enum Addr: 00:01:20:02:17: 02
01-01 08:10:29.984 0 0 I btfm_slim_hw_init: IFD Enum Addr: 00:00:20:02:17: 02
01-01 08:10:29.990 0 0 I btfm_slim_hw_init: chipset soc version:400a0200
01-01 08:10:29.997 0 0 I btfm_slim_hw_init: chipset is hastings 2.0, overwriting EA
01-01 08:10:30.003 0 0 I btfm_slim_hw_init: PGD Enum Addr: 00:01:20:02:17: 02
01-01 08:10:30.010 0 0 I btfm_slim_hw_init: IFD Enum Addr: 00:00:20:02:17: 02
01-01 08:10:30.016 0 0 I btfm_slim_alloc_port: chipset soc version:400a0200
01-01 08:10:30.038 0 0 I btfm_slim_enable_ch: chipset soc version:400a0200
01-01 08:10:30.044 0 0 I btfm_slim_enable_ch: channel define - prot:2, dataf:0, auxf:0
01-01 08:10:30.051 0 0 I btfm_slim_enable_ch: channel define - rates:44100, baser:2, ratem:4
01-01 08:10:30.059 0 0 I btfm_slim_enable_ch: slim_connect_sink(port: 16, ch: 157)
01-01 08:10:30.066 0 0 I btfm_slim_enable_ch: port: 16, ch: 157, grp: 0, ch->grph: 0x0, ch_hdl: 0x1d
01-01 08:10:30.075 0 0 I __afe_port_start: port id: 0x400e
01-01 08:10:30.079 0 0 I afe_find_cal_topo_id_by_port: port id: 0x400e, dev_acdb_id: 20
01-01 08:10:30.086 0 0 I afe_find_cal_topo_id_by_port: top_id:112fc acdb_id:20 afe_port_id:0x400e
01-01 08:10:30.094 0 0 I afe_get_cal_topology_id: port_id = 0x400e acdb_id = 20 topology_id = 0x112fc cal_type_index=8 ret=0
01-01 08:10:30.105 0 0 I afe_send_port_topology_id: AFE set topology id 0x112fc enable for port 0x400e ret 0
01-01 08:10:30.114 0 0 I send_afe_cal_type: cal_index is 0
01-01 08:10:30.119 0 0 I send_afe_cal_type: dev_acdb_id[119] is 20
01-01 08:10:30.124 0 0 I afe_find_cal: cal_index 0 port_id 0x400e port_index 119
01-01 08:10:30.131 0 0 I afe_find_cal: acdb_id 20 dev_acdb_id 20 sample_rate 48000 afe_sample_rates 44100
01-01 08:10:30.139 0 0 I afe_find_cal: no matching cal_block found
01-01 08:10:30.145 0 0 E : send_afe_cal_type cal_block not found!!
01-01 08:10:30.151 0 0 I afe_send_hw_delay: port_id 0x400e rate 44100 delay_usec 0 status 0
01-04 01:23:51.155 1133 5889 I dvm_lock_sample: [system_server,0,Binder:1133_10,518,AudioDeviceBroker.java,1045,void com.android.server.audio.AudioDeviceBroker.setAvrcpAbsoluteVolumeSupported(boolean),-,1063,int com.android.server.audio.AudioDeviceBroker.getA2dpCodec(android.bluetooth.BluetoothDevice),100]
01-04 01:23:51.189 1133 2400 I volume_changed: [3,18,4,39,onBluetoothA2dpActiveDeviceChange]
01-04 01:23:51.190 1133 2549 I dvm_lock_sample: [system_server,1,Binder:1133_8,514,AudioService.java,6202,int com.android.server.audio.AudioService.getDevicesForStreamInt(int),-,6203,int com.android.server.audio.AudioService.getDevicesForStreamInt(int),100]
01-04 01:23:51.191 1133 6088 I dvm_lock_sample: [system_server,1,Binder:1133_13,493,AudioService.java,6202,int com.android.server.audio.AudioService.getDevicesForStreamInt(int),-,6203,int com.android.server.audio.AudioService.getDevicesForStreamInt(int),98]
01-04 01:23:51.923 1133 1663 I am_uid_idle: 10074
01-04 01:23:51.945 1133 1829 I commit_sys_config_file: [settings-1-0,13]
01-01 08:10:31.560 0 0 I [schedu][0x2d2c3a133][01:23:52.529716] wlan: [3172:I:OSIF] scan start scan id 40966
01-01 08:10:31.761 0 0 I afe_close: port_id = 0x400e
01-01 08:10:31.772 0 0 I btfm_slim_disable_ch: port:16, grp: 0, ch->grph:0x0, ch->ch_hdl:0x1d
01-01 08:10:31.811 0 0 I afe_find_cal_topo_id_by_port: port id: 0x9000, dev_acdb_id: 0
01-01 08:10:31.818 0 0 I afe_find_cal_topo_id_by_port: top_id:112fc acdb_id:15 afe_port:0x9000
01-01 08:10:31.827 0 0 I afe_get_cal_topology_id: port_id = 0x9000 acdb_id = 15 topology_id = 0x112fc cal_type_index=8 ret=0
01-01 08:10:31.838 0 0 I afe_send_port_topology_id: AFE set topology id 0x112fc enable for port 0x9000 ret 0
01-01 08:10:31.847 0 0 I send_afe_cal_type: cal_index is 0
01-01 08:10:31.852 0 0 I send_afe_cal_type: dev_acdb_id[55] is 0
01-01 08:10:31.857 0 0 I send_afe_cal_type: Sending cal_index cal 0
01-01 08:10:31.862 0 0 E send_afe_cal_type: No cal sent for cal_index 0, port_id = 0x9000! ret -22
01-01 08:10:31.870 0 0 I afe_send_hw_delay: port_id 0x9000 rate 48000 delay_usec 474 status 0
01-01 08:10:31.892 0 0 I afe_close: port_id = 0x9000
01-01 08:10:31.987 0 0 I btfm_slim_hw_init: PGD Enum Addr: 00:01:20:02:17: 02
01-01 08:10:31.994 0 0 I btfm_slim_hw_init: IFD Enum Addr: 00:00:20:02:17: 02
01-01 08:10:32.000 0 0 I btfm_slim_hw_init: chipset soc version:400a0200
01-01 08:10:32.006 0 0 I btfm_slim_hw_init: chipset is hastings 2.0, overwriting EA
01-01 08:10:32.013 0 0 I btfm_slim_hw_init: PGD Enum Addr: 00:01:20:02:17: 02
01-01 08:10:32.019 0 0 I btfm_slim_hw_init: IFD Enum Addr: 00:00:20:02:17: 02
01-01 08:10:32.025 0 0 I btfm_slim_alloc_port: chipset soc version:400a0200
01-01 08:10:32.049 0 0 I btfm_slim_enable_ch: chipset soc version:400a0200
01-01 08:10:32.055 0 0 I btfm_slim_enable_ch: channel define - prot:2, dataf:0, auxf:0
01-01 08:10:32.062 0 0 I btfm_slim_enable_ch: channel define - rates:44100, baser:2, ratem:4
01-01 08:10:32.069 0 0 I btfm_slim_enable_ch: slim_connect_sink(port: 16, ch: 157)
01-01 08:10:32.076 0 0 I btfm_slim_enable_ch: port: 16, ch: 157, grp: 0, ch->grph: 0x0, ch_hdl: 0x1d
01-01 08:10:32.086 0 0 I __afe_port_start: port id: 0x400e
01-01 08:10:32.090 0 0 I afe_find_cal_topo_id_by_port: port id: 0x400e, dev_acdb_id: 20
01-01 08:10:32.098 0 0 I afe_find_cal_topo_id_by_port: top_id:112fc acdb_id:20 afe_port_id:0x400e
01-01 08:10:32.106 0 0 I afe_get_cal_topology_id: port_id = 0x400e acdb_id = 20 topology_id = 0x112fc cal_type_index=8 ret=0
01-01 08:10:32.116 0 0 I afe_send_port_topology_id: AFE set topology id 0x112fc enable for port 0x400e ret 0
01-01 08:10:32.125 0 0 I send_afe_cal_type: cal_index is 0
01-01 08:10:32.130 0 0 I send_afe_cal_type: dev_acdb_id[119] is 20
01-01 08:10:32.135 0 0 I afe_find_cal: cal_index 0 port_id 0x400e port_index 119
01-01 08:10:32.142 0 0 I afe_find_cal: acdb_id 20 dev_acdb_id 20 sample_rate 48000 afe_sample_rates 44100
01-01 08:10:32.150 0 0 I afe_find_cal: no matching cal_block found
01-01 08:10:32.156 0 0 E : send_afe_cal_type cal_block not found!!
01-01 08:10:32.162 0 0 I afe_send_hw_delay: port_id 0x400e rate 44100 delay_usec 0 status 0
01-04 01:23:53.201 1133 1586 I dvm_lock_sample: [system_server,1,Binder:1133_2,524,AudioService.java,6202,int com.android.server.audio.AudioService.getDevicesForStreamInt(int),-,6203,int com.android.server.audio.AudioService.getDevicesForStreamInt(int),100]
01-04 01:23:53.202 1133 6094 I dvm_lock_sample: [system_server,1,Binder:1133_14,507,AudioService.java,6202,int com.android.server.audio.AudioService.getDevicesForStreamInt(int),-,6203,int com.android.server.audio.AudioService.getDevicesForStreamInt(int),100]
01-04 01:23:53.239 1133 2400 I volume_changed: [3,4,18,39,onBluetoothA2dpActiveDeviceChange]
01-01 08:10:32.735 0 0 I [schedu][0x2d41bef1a][01:23:53.704941] wlan: [3172:I:OSIF] vdev 0, scan id 40966 type COMPLETED(1) reason COMPLETED(1) scan found 73 bss
01-04 01:23:53.911 1133 1829 I commit_sys_config_file: [settings-1-0,8]
01-01 08:10:34.785 0 0 I afe_close: port_id = 0x400e
01-01 08:10:34.796 0 0 I btfm_slim_disable_ch: port:16, grp: 0, ch->grph:0x0, ch->ch_hdl:0x1d
01-01 08:10:34.851 0 0 I afe_find_cal_topo_id_by_port: port id: 0x9000, dev_acdb_id: 0
01-01 08:10:34.859 0 0 I afe_find_cal_topo_id_by_port: top_id:112fc acdb_id:15 afe_port:0x9000
01-01 08:10:34.866 0 0 I afe_get_cal_topology_id: port_id = 0x9000 acdb_id = 15 topology_id = 0x112fc cal_type_index=8 ret=0
01-01 08:10:34.878 0 0 I afe_send_port_topology_id: AFE set topology id 0x112fc enable for port 0x9000 ret 0
01-01 08:10:34.888 0 0 I send_afe_cal_type: cal_index is 0
01-01 08:10:34.892 0 0 I send_afe_cal_type: dev_acdb_id[55] is 0
01-01 08:10:34.898 0 0 I send_afe_cal_type: Sending cal_index cal 0
01-01 08:10:34.903 0 0 E send_afe_cal_type: No cal sent for cal_index 0, port_id = 0x9000! ret -22
01-01 08:10:34.912 0 0 I afe_send_hw_delay: port_id 0x9000 rate 48000 delay_usec 474 status 0
01-01 08:10:34.934 0 0 I afe_close: port_id = 0x9000
01-01 08:10:35.015 0 0 I btfm_slim_hw_init: PGD Enum Addr: 00:01:20:02:17: 02
01-01 08:10:35.021 0 0 I btfm_slim_hw_init: IFD Enum Addr: 00:00:20:02:17: 02
01-01 08:10:35.028 0 0 I btfm_slim_hw_init: chipset soc version:400a0200
01-01 08:10:35.033 0 0 I btfm_slim_hw_init: chipset is hastings 2.0, overwriting EA
01-01 08:10:35.040 0 0 I btfm_slim_hw_init: PGD Enum Addr: 00:01:20:02:17: 02
01-01 08:10:35.046 0 0 I btfm_slim_hw_init: IFD Enum Addr: 00:00:20:02:17: 02
01-01 08:10:35.052 0 0 I btfm_slim_alloc_port: chipset soc version:400a0200
01-01 08:10:35.074 0 0 I btfm_slim_enable_ch: chipset soc version:400a0200
01-01 08:10:35.080 0 0 I btfm_slim_enable_ch: channel define - prot:2, dataf:0, auxf:0
01-01 08:10:35.087 0 0 I btfm_slim_enable_ch: channel define - rates:44100, baser:2, ratem:4
01-01 08:10:35.095 0 0 I btfm_slim_enable_ch: slim_connect_sink(port: 16, ch: 157)
01-01 08:10:35.102 0 0 I btfm_slim_enable_ch: port: 16, ch: 157, grp: 0, ch->grph: 0x0, ch_hdl: 0x1d
01-01 08:10:35.112 0 0 I __afe_port_start: port id: 0x400e
01-01 08:10:35.116 0 0 I afe_find_cal_topo_id_by_port: port id: 0x400e, dev_acdb_id: 20
01-01 08:10:35.123 0 0 I afe_find_cal_topo_id_by_port: top_id:112fc acdb_id:20 afe_port_id:0x400e
01-01 08:10:35.131 0 0 I afe_get_cal_topology_id: port_id = 0x400e acdb_id = 20 topology_id = 0x112fc cal_type_index=8 ret=0
01-01 08:10:35.142 0 0 I afe_send_port_topology_id: AFE set topology id 0x112fc enable for port 0x400e ret 0
01-01 08:10:35.151 0 0 I send_afe_cal_type: cal_index is 0
01-01 08:10:35.156 0 0 I send_afe_cal_type: dev_acdb_id[119] is 20
01-01 08:10:35.161 0 0 I afe_find_cal: cal_index 0 port_id 0x400e port_index 119
01-01 08:10:35.168 0 0 I afe_find_cal: acdb_id 20 dev_acdb_id 20 sample_rate 48000 afe_sample_rates 44100
01-01 08:10:35.177 0 0 I afe_find_cal: no matching cal_block found
01-01 08:10:35.182 0 0 E : send_afe_cal_type cal_block not found!!
01-01 08:10:35.188 0 0 I afe_send_hw_delay: port_id 0x400e rate 44100 delay_usec 0 status 0
01-04 01:23:56.196 1133 6307 I dvm_lock_sample: [system_server,0,Binder:1133_17,533,AudioDeviceBroker.java,1045,void com.android.server.audio.AudioDeviceBroker.setAvrcpAbsoluteVolumeSupported(boolean),-,1063,int com.android.server.audio.AudioDeviceBroker.getA2dpCodec(android.bluetooth.BluetoothDevice),100]
01-04 01:23:56.229 1133 2400 I volume_changed: [3,18,4,39,onBluetoothA2dpActiveDeviceChange]
01-04 01:23:56.230 1133 1586 I dvm_lock_sample: [system_server,1,Binder:1133_2,544,AudioService.java,6202,int com.android.server.audio.AudioService.getDevicesForStreamInt(int),-,6203,int com.android.server.audio.AudioService.getDevicesForStreamInt(int),100]
01-04 01:23:56.232 1133 2527 I dvm_lock_sample: [system_server,1,Binder:1133_7,522,AudioService.java,6202,int com.android.server.audio.AudioService.getDevicesForStreamInt(int),,0,null,100]
01-04 01:23:56.271 1133 2527 I dvm_lock_sample: [system_server,1,Binder:1133_7,37,AudioService.java,6202,int com.android.server.audio.AudioService.getDevicesForStreamInt(int),-,6203,int com.android.server.audio.AudioService.getDevicesForStreamInt(int),7]
01-04 01:23:56.271 1133 6086 I dvm_lock_sample: [system_server,1,Binder:1133_11,549,AudioService.java,6202,int com.android.server.audio.AudioService.getDevicesForStreamInt(int),-,6203,int com.android.server.audio.AudioService.getDevicesForStreamInt(int),100]
01-04 01:23:56.977 1133 1829 I commit_sys_config_file: [settings-1-0,24]
01-01 08:10:37.079 0 0 I afe_close: port_id = 0x400e
01-01 08:10:37.090 0 0 I btfm_slim_disable_ch: port:16, grp: 0, ch->grph:0x0, ch->ch_hdl:0x1d
01-01 08:10:37.140 0 0 I afe_find_cal_topo_id_by_port: port id: 0x9000, dev_acdb_id: 0
01-01 08:10:37.148 0 0 I afe_find_cal_topo_id_by_port: top_id:112fc acdb_id:15 afe_port:0x9000
01-01 08:10:37.156 0 0 I afe_get_cal_topology_id: port_id = 0x9000 acdb_id = 15 topology_id = 0x112fc cal_type_index=8 ret=0
01-01 08:10:37.167 0 0 I afe_send_port_topology_id: AFE set topology id 0x112fc enable for port 0x9000 ret 0
01-01 08:10:37.176 0 0 I send_afe_cal_type: cal_index is 0
01-01 08:10:37.181 0 0 I send_afe_cal_type: dev_acdb_id[55] is 0
01-01 08:10:37.187 0 0 I send_afe_cal_type: Sending cal_index cal 0
01-01 08:10:37.192 0 0 E send_afe_cal_type: No cal sent for cal_index 0, port_id = 0x9000! ret -22
01-01 08:10:37.200 0 0 I afe_send_hw_delay: port_id 0x9000 rate 48000 delay_usec 474 status 0
01-01 08:10:37.222 0 0 I afe_close: port_id = 0x9000
01-01 08:10:37.298 0 0 I btfm_slim_hw_init: PGD Enum Addr: 00:01:20:02:17: 02
01-01 08:10:37.305 0 0 I btfm_slim_hw_init: IFD Enum Addr: 00:00:20:02:17: 02
01-01 08:10:37.311 0 0 I btfm_slim_hw_init: chipset soc version:400a0200
01-01 08:10:37.317 0 0 I btfm_slim_hw_init: chipset is hastings 2.0, overwriting EA
01-01 08:10:37.324 0 0 I btfm_slim_hw_init: PGD Enum Addr: 00:01:20:02:17: 02
01-01 08:10:37.330 0 0 I btfm_slim_hw_init: IFD Enum Addr: 00:00:20:02:17: 02
01-01 08:10:37.336 0 0 I btfm_slim_alloc_port: chipset soc version:400a0200
01-01 08:10:37.358 0 0 I btfm_slim_enable_ch: chipset soc version:400a0200
01-01 08:10:37.364 0 0 I btfm_slim_enable_ch: channel define - prot:2, dataf:0, auxf:0
01-01 08:10:37.371 0 0 I btfm_slim_enable_ch: channel define - rates:44100, baser:2, ratem:4
01-01 08:10:37.379 0 0 I btfm_slim_enable_ch: slim_connect_sink(port: 16, ch: 157)
01-01 08:10:37.386 0 0 I btfm_slim_enable_ch: port: 16, ch: 157, grp: 0, ch->grph: 0x0, ch_hdl: 0x1d
01-01 08:10:37.396 0 0 I __afe_port_start: port id: 0x400e
01-01 08:10:37.400 0 0 I afe_find_cal_topo_id_by_port: port id: 0x400e, dev_acdb_id: 20
01-01 08:10:37.407 0 0 I afe_find_cal_topo_id_by_port: top_id:112fc acdb_id:20 afe_port_id:0x400e
01-01 08:10:37.415 0 0 I afe_get_cal_topology_id: port_id = 0x400e acdb_id = 20 topology_id = 0x112fc cal_type_index=8 ret=0
01-01 08:10:37.426 0 0 I afe_send_port_topology_id: AFE set topology id 0x112fc enable for port 0x400e ret 0
01-01 08:10:37.435 0 0 I send_afe_cal_type: cal_index is 0
01-01 08:10:37.440 0 0 I send_afe_cal_type: dev_acdb_id[119] is 20
01-01 08:10:37.445 0 0 I afe_find_cal: cal_index 0 port_id 0x400e port_index 119
01-01 08:10:37.451 0 0 I afe_find_cal: acdb_id 20 dev_acdb_id 20 sample_rate 48000 afe_sample_rates 44100
01-01 08:10:37.460 0 0 I afe_find_cal: no matching cal_block found
01-01 08:10:37.466 0 0 E : send_afe_cal_type cal_block not found!!
01-01 08:10:37.472 0 0 I afe_send_hw_delay: port_id 0x400e rate 44100 delay_usec 0 status 0
01-04 01:23:58.473 1133 5305 I dvm_lock_sample: [system_server,0,Binder:1133_F,526,AudioDeviceBroker.java,1045,void com.android.server.audio.AudioDeviceBroker.setAvrcpAbsoluteVolumeSupported(boolean),-,1063,int com.android.server.audio.AudioDeviceBroker.getA2dpCodec(android.bluetooth.BluetoothDevice),100]
01-04 01:23:58.524 1133 2400 I volume_changed: [3,4,18,39,onBluetoothA2dpActiveDeviceChange]
01-04 01:23:58.525 1133 2527 I dvm_lock_sample: [system_server,1,Binder:1133_7,544,AudioService.java,6202,int com.android.server.audio.AudioService.getDevicesForStreamInt(int),,0,null,100]
