01-04 01:15:34.972 2992 2992 I wm_on_resume_called: [80062843,com.android.launcher3.uioverrides.QuickstepLauncher,RESUME_ACTIVITY]
01-04 01:15:34.987 2992 2992 I wm_on_top_resumed_gained_called: [80062843,com.android.launcher3.uioverrides.QuickstepLauncher,topStateChangedWhenResumed]
01-04 01:15:34.996 1133 2502 W FreeFormWindowHelper: getCurrentDisplayedFreeFormTask is null
01-04 01:15:35.008 1133 1651 I input_focus: [Focus request dad8335 com.android.launcher3/com.android.launcher3.uioverrides.QuickstepLauncher,reason=UpdateInputWindows]
01-04 01:15:35.016 1133 2502 W FreeFormWindowHelper: getCurrentDisplayedFreeFormTask is null
01-04 01:15:35.063 1133 1651 I ActivityRecord: real home.....com.android.launcher3/.uioverrides.QuickstepLauncher
01-04 01:15:35.064 1133 1651 I WindowManager: ******* TELLING SURFACE FLINGER WE ARE BOOTED!
01-04 01:15:35.068 1133 1647 I sysui_multi_action: [319,448,322,445,325,111,757,761,758,8,759,2,806,com.android.launcher3,871,com.android.launcher3.uioverrides.QuickstepLauncher,905,0,1320,4,1321,1]
01-04 01:15:35.069 1133 1647 I wm_activity_launch_time: [0,80062843,com.android.launcher3/.uioverrides.QuickstepLauncher,445]
01-04 01:15:35.079 1133 1890 I input_focus: [Focus entering dad8335 com.android.launcher3/com.android.launcher3.uioverrides.QuickstepLauncher (server),reason=Window became focusable. Previous reason: NOT_VISIBLE]
01-04 01:15:35.094 1133 1586 I wm_destroy_activity: [0,57579859,9,com.android.provision/.DefaultActivity,finish-idle]
01-04 01:15:35.099 3595 3595 I wm_on_destroy_called: [57579859,com.android.provision.DefaultActivity,performDestroy]
01-04 01:15:35.138 2956 4759 W ContextImpl: Calling a method in the system process without a qualified user: android.app.ContextImpl.startService:1816 android.content.ContextWrapper.startService:774 com.thundercomm.gamemode.ingame.services.GameModeActionUtils.startGameModeService:99 com.thundercomm.gamemode.ingame.services.GameModeActionUtils.startGameModeEntry:22 com.thundercomm.gamemode.ingame.services.ActivityMonitoringService$1.onActivityLaunch:129
01-04 01:15:35.143 1133 1133 I GameModeConfig: Current uri is uri = content://com.thundercomm.gamemode.api/gamemode_settings/gamemode_isgaming
01-04 01:15:35.146 1133 1133 I GameModeConfig: isGameModeOn = false
01-04 01:15:35.146 1133 1133 I GameModeConfig: isGameModeOn = false
01-04 01:15:35.146 1133 1133 I GameModeConfig: isDisableVoice = true
01-04 01:15:35.163 1133 1829 I commit_sys_config_file: [settings-1-0,4]
01-04 01:15:35.301 1133 1650 I wm_destroy_activity: [0,90168213,9,com.thundercomm.tcsetupwizard/.TcSetupStartActivity,finish-imm:idle]
01-04 01:15:35.302 1133 1650 I wm_destroy_activity: [0,126026034,9,com.thundercomm.tcsetupwizard/.TcSetupSecondActivity,finish-imm:idle]
01-01 08:02:14.370 0 0 I msm_vidc: high: 00000001: h264d: Closed video instance: ffffffc0f2c40000
01-01 08:02:14.433 0 0 I msm_vidc: high: 00000002: h264d: Closed video instance: ffffffc0f2c50000
01-04 01:15:35.434 2759 2759 I wm_on_destroy_called: [90168213,com.thundercomm.tcsetupwizard.TcSetupStartActivity,performDestroy]
01-04 01:15:35.443 2759 2759 I wm_on_stop_called: [126026034,com.thundercomm.tcsetupwizard.TcSetupSecondActivity,LIFECYCLER_STOP_ACTIVITY]
01-04 01:15:35.444 2759 2759 I wm_on_destroy_called: [126026034,com.thundercomm.tcsetupwizard.TcSetupSecondActivity,performDestroy]
01-04 01:15:35.456 1133 1586 I wm_task_removed: [9,cleanUpResourcesForDestroy]
01-04 01:15:35.456 2759 2759 E ActivityThread: Activity com.thundercomm.tcsetupwizard.TcSetupStartActivity has leaked IntentReceiver com.thundercomm.tcsetupwizard.TcSetupStartActivity$1@a7407a1 that was originally registered here. Are you missing a call to unregisterReceiver()?
01-04 01:15:35.456 2759 2759 E ActivityThread: android.app.IntentReceiverLeaked: Activity com.thundercomm.tcsetupwizard.TcSetupStartActivity has leaked IntentReceiver com.thundercomm.tcsetupwizard.TcSetupStartActivity$1@a7407a1 that was originally registered here. Are you missing a call to unregisterReceiver()?
01-04 01:15:35.456 2759 2759 E ActivityThread: at android.app.LoadedApk$ReceiverDispatcher.(LoadedApk.java:1717)
01-04 01:15:35.456 2759 2759 E ActivityThread: at android.app.LoadedApk.getReceiverDispatcher(LoadedApk.java:1494)
01-04 01:15:35.456 2759 2759 E ActivityThread: at android.app.ContextImpl.registerReceiverInternal(ContextImpl.java:1757)
01-04 01:15:35.456 2759 2759 E ActivityThread: at android.app.ContextImpl.registerReceiver(ContextImpl.java:1723)
01-04 01:15:35.456 2759 2759 E ActivityThread: at android.app.ContextImpl.registerReceiver(ContextImpl.java:1711)
01-04 01:15:35.456 2759 2759 E ActivityThread: at android.content.ContextWrapper.registerReceiver(ContextWrapper.java:724)
01-04 01:15:35.456 2759 2759 E ActivityThread: at com.thundercomm.tcsetupwizard.TcSetupStartActivity.onCreate(TcSetupStartActivity.java:84)
01-04 01:15:35.456 2759 2759 E ActivityThread: at android.app.Activity.performCreate(Activity.java:8076)
01-04 01:15:35.456 2759 2759 E ActivityThread: at android.app.Activity.performCreate(Activity.java:8056)
01-04 01:15:35.456 2759 2759 E ActivityThread: at android.app.Instrumentation.callActivityOnCreate(Instrumentation.java:1330)
01-04 01:15:35.456 2759 2759 E ActivityThread: at android.app.ActivityThread.performLaunchActivity(ActivityThread.java:3609)
01-04 01:15:35.456 2759 2759 E ActivityThread: at android.app.ActivityThread.handleLaunchActivity(ActivityThread.java:3793)
01-04 01:15:35.456 2759 2759 E ActivityThread: at android.app.servertransaction.LaunchActivityItem.execute(LaunchActivityItem.java:103)
01-04 01:15:35.456 2759 2759 E ActivityThread: at android.app.servertransaction.TransactionExecutor.executeCallbacks(TransactionExecutor.java:135)
01-04 01:15:35.456 2759 2759 E ActivityThread: at android.app.servertransaction.TransactionExecutor.execute(TransactionExecutor.java:95)
01-04 01:15:35.456 2759 2759 E ActivityThread: at android.app.ActivityThread$H.handleMessage(ActivityThread.java:2211)
01-04 01:15:35.456 2759 2759 E ActivityThread: at android.os.Handler.dispatchMessage(Handler.java:106)
01-04 01:15:35.456 2759 2759 E ActivityThread: at android.os.Looper.loopOnce(Looper.java:201)
01-04 01:15:35.456 2759 2759 E ActivityThread: at android.os.Looper.loop(Looper.java:288)
01-04 01:15:35.456 2759 2759 E ActivityThread: at android.app.ActivityThread.main(ActivityThread.java:7880)
01-04 01:15:35.456 2759 2759 E ActivityThread: at java.lang.reflect.Method.invoke(Native Method)
01-04 01:15:35.456 2759 2759 E ActivityThread: at com.android.internal.os.RuntimeInit$MethodAndArgsCaller.run(RuntimeInit.java:548)
01-04 01:15:35.456 2759 2759 E ActivityThread: at com.android.internal.os.ZygoteInit.main(ZygoteInit.java:1009)
01-04 01:15:35.456 1133 1586 I wm_task_removed: [9,removeChild:removeChild last r=ActivityRecord{7830132 u0 com.thundercomm.tcsetupwizard/.TcSetupSecondActivity t-1 f}} in t=Task{b2f9c11 #9 type=home A=1000:com.android.provision U=0 visible=false mode=fullscreen translucent=true sz=0}]
01-04 01:15:35.456 1133 1586 I wm_task_removed: [9,removeChild]
01-04 01:15:35.488 1133 1649 I DropBoxManagerService: add tag=system_app_strictmode isTagEnabled=true flags=0x2
01-01 08:02:14.515 0 0 W : ------------[ cut here ]------------
01-01 08:02:14.515 0 0 W : WARNING: CPU: 6 PID: 4810 at sound/soc/soc-pcm.c:124 snd_soc_runtime_deactivate+0x8c/0x148
01-01 08:02:14.515 0 0 I : Modules linked in: cyttsp7_device_access wlan(O) cyttsp7_i2c cyttsp7 atmel_mxt_ts tsnv(O) machine_dlkm(O) wcd938x_slave_dlkm(O) wcd938x_dlkm(O) wcd9xxx_dlkm(O) mbhc_dlkm(O) tx_macro_dlkm(O) rx_macro_dlkm(O) va_macro_dlkm(O) wsa_macro_dlkm(O) swr_ctrl_dlkm(O) bolero_cdc_dlkm(O) wsa881x_dlkm(O) wcd_core_dlkm(O) stub_dlkm(O) hdmi_dlkm(O) swr_dlkm(O) pinctrl_lpi_dlkm(O) pinctrl_wcd_dlkm(O) usf_dlkm(O) native_dlkm(O) platform_dlkm(O) q6_dlkm(O) adsp_loader_dlkm(O) apr_dlkm(O) snd_event_dlkm(O) q6_notifier_dlkm(O) q6_pdr_dlkm(O) msm_11ad_proxy
01-01 08:02:14.515 0 0 I : CPU: 6 PID: 4810 Comm: HwBinder:814_9 Tainted: G S W O 4.19.157+ #1
01-01 08:02:14.515 0 0 I Hardware name: Qualcomm Technologies, Inc. kona MTP-RmPM8150b. VX1(MCE) EVT2 (DT)
01-01 08:02:14.515 0 0 I pstate : 60400005 (nZCv daif +PAN -UAO)
01-01 08:02:14.515 0 0 I pc : snd_soc_runtime_deactivate+0x8c/0x148
01-01 08:02:14.515 0 0 I lr : snd_soc_runtime_deactivate+0x8c/0x148
01-01 08:02:14.515 0 0 I sp : ffffff80163abbf0
01-01 08:02:14.515 0 0 I : x29: ffffff80163abbf0 x28: ffffffc0f8901f40
01-01 08:02:14.515 0 0 I : x27: 0000000000000000 x26: 0000000000000000
01-01 08:02:14.515 0 0 I : x25: 0000000046000000 x24: ffffffc172de9a90
01-01 08:02:14.515 0 0 I : x23: 0000000000000008 x22: 0000000000000000
01-01 08:02:14.515 0 0 I : x21: ffffffc1fbe61e80 x20: 0000000000000000
01-01 08:02:14.515 0 0 I : x19: ffffffc1c7b2b680 x18: 0000000000000034
01-01 08:02:14.515 0 0 I : x17: ffffffad1931c000 x16: 00000000fff7dc34
01-01 08:02:14.515 0 0 I : x15: 000000000007dc34 x14: 0000000000000086
01-01 08:02:14.515 0 0 I : x13: 0000000000000004 x12: 0000000080712165
01-01 08:02:14.515 0 0 I : x11: 0000000000000015 x10: 000000000682aaab
01-01 08:02:14.515 0 0 I : x9 : 1c653a9e9263c400 x8 : 1c653a9e9263c400
01-01 08:02:14.515 0 0 I : x7 : ffffffad159826c0 x6 : 0000000000000000
01-01 08:02:14.516 0 0 I : x5 : 0000000000000080 x4 : 0000000000000001
01-01 08:02:14.516 0 0 I : x3 : ffffff80163ab868 x2 : ffffffc238c0e1b0
01-01 08:02:14.516 0 0 I : x1 : ffffffad15982834 x0 : 0000000000000024
01-01 08:02:14.516 0 0 I Call trace:
01-01 08:02:14.516 0 0 I : snd_soc_runtime_deactivate+0x8c/0x148
01-01 08:02:14.516 0 0 I : soc_compr_free_fe+0x4c/0x190
01-01 08:02:14.516 0 0 I : snd_compr_free+0x70/0xa0
01-01 08:02:14.516 0 0 I : __fput+0xbc/0x1b0
01-01 08:02:14.516 0 0 I : ____fput+0x1c/0x28
01-01 08:02:14.516 0 0 I : task_work_run+0x88/0xa8
01-01 08:02:14.516 0 0 I : do_notify_resume+0x738/0x788
01-01 08:02:14.516 0 0 I : work_pending+0x8/0x14
01-01 08:02:14.516 0 0 I : irq event stamp: 2470
01-01 08:02:14.516 0 0 I : hardirqs last enabled at (2469): [] console_unlock+0x4bc/0x568
01-01 08:02:14.516 0 0 I : hardirqs last disabled at (2470): [] do_debug_exception+0x84/0x150
01-01 08:02:14.516 0 0 I : softirqs last enabled at (2416): [] local_bh_enable+0x0/0x20
01-01 08:02:14.516 0 0 I : softirqs last disabled at (2414): [] local_bh_disable+0x0/0x20
01-01 08:02:14.516 0 0 W : ---[ end trace 47428e9c27f1e30a ]---
01-04 01:15:35.490 1133 1649 I DropBoxManagerService: add tag=system_app_strictmode isTagEnabled=true flags=0x2
01-01 08:02:15.995 0 0 I init : Sending signal 9 to service 'idmap2d' (pid 4528) process group...
01-01 08:02:16.005 0 0 I libprocessgroup: Successfully killed process cgroup uid 1000 pid 4528 in 10ms
01-01 08:02:16.020 0 0 I init : Control message: Processed ctl.stop for 'idmap2d' from pid: 1133 (system_server)
01-01 08:02:16.022 0 0 I init : Service 'idmap2d' (pid 4528) received signal 9
01-04 01:15:36.983 1133 2502 W OverlayManager: service 'idmap' died
01-04 01:15:37.139 1133 1663 I am_uid_running: 10080
01-04 01:15:37.140 1133 1663 D CompatibilityChangeReporter: Compat change id reported: 135634846; UID 10080; state: DISABLED
01-04 01:15:37.141 1133 1663 D CompatibilityChangeReporter: Compat change id reported: 177438394; UID 10080; state: DISABLED
01-04 01:15:37.141 1133 1663 D CompatibilityChangeReporter: Compat change id reported: 135772972; UID 10080; state: DISABLED
01-04 01:15:37.141 1133 1663 D CompatibilityChangeReporter: Compat change id reported: 135754954; UID 10080; state: ENABLED
01-04 01:15:37.142 1133 1664 D CompatibilityChangeReporter: Compat change id reported: 143937733; UID 10080; state: ENABLED
01-04 01:15:37.198 1133 1664 W ActivityManager: Slow operation: 58ms so far, now at startProcess: returned from zygote!
01-04 01:15:37.198 1133 1664 W ActivityManager: Slow operation: 58ms so far, now at startProcess: done updating battery stats
01-04 01:15:37.198 1133 1664 I am_proc_start: [0,4874,10080,com.qti.ltebc,broadcast,{com.qti.ltebc/com.qualcomm.ltebc.LTEBroadcastAlarmReceiver}]
01-04 01:15:37.198 1133 1664 W ActivityManager: Slow operation: 59ms so far, now at startProcess: building log message
01-04 01:15:37.198 1133 1664 I ActivityManager: Start proc 4874:com.qti.ltebc/u0a80 for broadcast {com.qti.ltebc/com.qualcomm.ltebc.LTEBroadcastAlarmReceiver}
01-04 01:15:37.198 1133 1664 W ActivityManager: Slow operation: 59ms so far, now at startProcess: starting to update pids map
01-04 01:15:37.198 1133 1664 W ActivityManager: Slow operation: 59ms so far, now at startProcess: done updating pids map
01-01 08:02:16.301 0 0 I binder : 4874:4874 ioctl 40046210 7fe56c0b84 returned -22
01-04 01:15:37.279 1133 2502 I am_proc_bound: [0,4874,com.qti.ltebc]
01-04 01:15:37.281 1133 2502 D CompatibilityChangeReporter: Compat change id reported: 168419799; UID 10080; state: DISABLED
01-04 01:15:37.290 1133 2502 I am_uid_active: 10080
01-01 08:02:16.587 0 0 I binder : 2729:4890 ioctl 40046210 7a5d2a7ef4 returned -22
01-01 08:02:16.754 0 0 I init : processing action (sys.tlog.pstore.active=1) from (/system/etc/init/tlogd.rc:121)
01-01 08:02:16.767 0 0 I init : Command 'start pstore_save' action=sys.tlog.pstore.active=1 (/system/etc/init/tlogd.rc:123) took 9ms and failed: Could not start service: Could not get process context
01-04 01:15:37.727 502 513 I auditd : type=1401 audit(0.0:172): op=security_compute_sid invalid_context=u:r:np_thundercomm_tlog_pstore:s0 scontext=u:r:init:s0 tcontext=u:object_r:np_thundercomm_tlog_pstore_exec:s0 tclass=process
01-04 01:15:38.378 1133 1663 I ActivityManager: Waited long enough for: ServiceRecord{697ef29 u0 com.qti.diagservices/.QTIDiagServices}
01-01 08:02:17.545 0 0 I afe_close: port_id = 0x9000
01-04 01:15:38.705 1133 1661 I am_pss : [3563,10100,com.android.providers.media.module,20668416,17178624,0,127229952,0,0,16]
01-04 01:15:38.726 1133 1661 I am_pss : [2437,1002,com.android.bluetooth,33216512,27463680,0,145494016,0,0,17]
01-04 01:15:38.743 1133 1661 I am_pss : [3305,10079,com.qualcomm.location,9538560,7372800,0,102191104,0,0,13]
01-04 01:15:38.761 1133 1661 I am_pss : [2691,1001,.dataservices,7632896,6062080,0,94171136,0,0,14]
01-04 01:15:38.780 1133 1661 I am_pss : [2598,1073,com.android.networkstack.process,10981376,8843264,0,105414656,0,0,13]
01-04 01:15:38.807 1133 1661 I am_pss : [2455,10087,com.android.systemui,164578304,144330752,0,332283904,0,0,20]
01-04 01:15:38.843 1133 1661 I am_pss : [1133,1000,system,196308992,107241472,0,519688192,0,0,31]
01-01 08:02:18.457 0 0 I init : Untracked pid 4912 exited with status 0
01-04 01:15:42.428 1133 1661 I am_pss : [3538,10090,com.qualcomm.qti.workloadclassifier,19743744,15769600,0,114262016,0,0,15]
01-04 01:15:42.445 1133 1661 I am_pss : [3515,10088,com.qualcomm.qti.qccnetstat,5743616,4259840,0,91451392,0,0,13]
01-04 01:15:42.462 1133 1661 I am_pss : [3503,10081,com.qualcomm.qti.services.systemhelper:systemhelper_service,6116352,4554752,0,93859840,0,0,14]
01-04 01:15:42.480 1133 1661 I am_pss : [3479,10061,ts.car.uart,5911552,4505600,0,90345472,0,0,13]
01-01 08:02:21.519 0 0 I [schedu][0xa1f4eb16][01:15:42.488676] wlan: [3172:I:OSIF] scan start scan id 40962
01-04 01:15:42.497 1133 1661 I am_pss : [3480,10057,.pasr,5094400,3686400,0,89223168,0,0,12]
01-04 01:15:42.514 1133 1661 I am_pss : [3437,10095,com.hht.lebocast,36841472,17907712,0,109355008,0,0,13]
01-04 01:15:42.531 1133 1661 I am_pss : [2904,1000,com.qualcomm.qti.qdma,9746432,7036928,0,107069440,0,0,13]
01-04 01:15:42.547 1133 1661 I am_pss : [2843,1068,com.android.se,5574656,4108288,0,91586560,0,0,13]
01-04 01:15:42.564 1133 1661 I am_pss : [2849,1000,com.thundercomm.tcservice,8044544,6455296,0,95928320,0,0,13]
01-04 01:15:42.579 1133 1661 I am_pss : [2847,1000,com.thundercomm.remotecontrolservice,9024512,6991872,0,101605376,0,0,12]
01-04 01:15:42.594 1133 1661 I am_pss : [2833,10091,com.qti.qualcomm.mstatssystemservice,5217280,3805184,0,89911296,0,0,12]
01-04 01:15:42.610 1133 1661 I am_pss : [2793,1000,vendor.qti.qesdk.sysservice,5298176,3833856,0,91357184,0,0,12]
01-04 01:15:42.626 1133 1661 I am_pss : [2699,10055,.qtidataservices,5666816,4218880,0,91250688,0,0,13]
01-04 01:15:42.646 1133 1661 I am_pss : [2759,1000,com.thundercomm.tcsetupwizard,48781312,41791488,0,171917312,0,0,15]
01-04 01:15:42.664 1133 1661 I am_pss : [2684,1000,com.thundercomm.microsettings,35401728,32538624,0,129515520,0,0,14]
01-04 01:15:42.680 1133 1661 I am_pss : [2729,1000,com.tc.logclient,7291904,5533696,0,98738176,0,0,12]
01-04 01:15:42.697 1133 2378 I netstats_mobile_sample: [0,0,0,0,0,0,0,0,0,0,0,0,1672766142697]
01-04 01:15:42.697 1133 2378 I netstats_wifi_sample: [0,0,0,0,0,0,0,0,0,0,0,0,1672766142697]
01-04 01:15:42.700 1133 1661 I am_pss : [2703,1000,com.thundercomm.tchttpserver,7312384,5861376,0,93270016,0,0,13]
01-04 01:15:42.722 1133 1661 I am_pss : [2652,1000,com.thundercomm.microservice,8673280,7098368,0,96096256,0,0,13]
01-04 01:15:42.739 1133 1661 I am_pss : [4211,10025,com.android.traceur,8962048,6217728,0,96325632,0,19,13]
01-04 01:15:42.834 1133 2502 I am_uid_running: 10056
01-04 01:15:42.835 1133 2502 D CompatibilityChangeReporter: Compat change id reported: 135634846; UID 10056; state: DISABLED
01-04 01:15:42.835 1133 2502 D CompatibilityChangeReporter: Compat change id reported: 177438394; UID 10056; state: DISABLED
01-04 01:15:42.835 1133 2502 D CompatibilityChangeReporter: Compat change id reported: 135772972; UID 10056; state: DISABLED
01-04 01:15:42.836 1133 2502 D CompatibilityChangeReporter: Compat change id reported: 135754954; UID 10056; state: DISABLED
01-04 01:15:42.838 1133 1664 D CompatibilityChangeReporter: Compat change id reported: 143937733; UID 10056; state: DISABLED
01-04 01:15:42.892 1133 1664 W ActivityManager: Slow operation: 58ms so far, now at startProcess: returned from zygote!
01-04 01:15:42.893 1133 1664 W ActivityManager: Slow operation: 58ms so far, now at startProcess: done updating battery stats
01-04 01:15:42.893 1133 1664 I am_proc_start: [0,4944,10056,com.qualcomm.qti.qms.service.trustzoneaccess,service,{com.qualcomm.qti.qms.service.trustzoneaccess/com.qualcomm.qti.qms.service.trustzoneaccess.TZAccessService}]
01-04 01:15:42.893 1133 1664 W ActivityManager: Slow operation: 58ms so far, now at startProcess: building log message
01-04 01:15:42.893 1133 1664 I ActivityManager: Start proc 4944:com.qualcomm.qti.qms.service.trustzoneaccess/u0a56 for service {com.qualcomm.qti.qms.service.trustzoneaccess/com.qualcomm.qti.qms.service.trustzoneaccess.TZAccessService}
01-04 01:15:42.893 1133 1664 W ActivityManager: Slow operation: 58ms so far, now at startProcess: starting to update pids map
01-04 01:15:42.893 1133 1664 W ActivityManager: Slow operation: 59ms so far, now at startProcess: done updating pids map
01-01 08:02:21.998 0 0 I binder : 4944:4944 ioctl 40046210 7fe56c0b84 returned -22
01-04 01:15:42.975 1133 2502 I am_proc_bound: [0,4944,com.qualcomm.qti.qms.service.trustzoneaccess]
01-04 01:15:42.977 1133 2502 D CompatibilityChangeReporter: Compat change id reported: 168419799; UID 10056; state: DISABLED
01-04 01:15:43.020 1133 1661 I am_pss : [4228,1000,com.qualcomm.qti.qmmi,6726656,5292032,0,92172288,0,19,13]
01-04 01:15:43.482 1133 1586 I ActivityManager: Process com.qti.ltebc (pid 4874) has died: cch+5 CEM
01-04 01:15:43.485 1133 1586 I am_proc_died: [0,4874,com.qti.ltebc,905,19]
01-04 01:15:43.486 1133 1586 I am_uid_stopped: 10080
01-04 01:15:43.509 1133 1661 I am_pss : [4258,1000,com.qti.diagservices,5944320,4124672,0,95256576,0,10,14]
01-01 08:02:22.716 0 0 I [schedu][0xa353a1fd][01:15:43.685782] wlan: [3172:I:OSIF] vdev 0, scan id 40962 type COMPLETED(1) reason COMPLETED(1) scan found 87 bss
01-04 01:15:43.714 1133 1661 I am_pss : [4290,10068,com.android.calendar,6568960,4587520,0,96116736,0,19,14]
01-04 01:15:44.022 1133 1661 I am_pss : [4309,10031,com.hryt.hiphishowfsecontrol,17967104,14790656,0,107319296,0,19,15]
01-04 01:15:44.336 1133 1661 I am_pss : [4330,1000,com.android.dynsystem,5159936,3661824,0,90198016,0,19,13]
01-04 01:15:44.664 1133 1696 I commit_sys_config_file: [package-user-0,12]
01-04 01:15:44.675 1133 1647 D CompanionDeviceManagerService: onPackageModified(packageName = com.android.provision)
01-04 01:15:44.684 1133 1133 I Telecom : DefaultDialerCache: Refreshing default dialer for user 0: now null: DDC.oR@AB0
01-04 01:15:44.687 1133 1650 I sysui_multi_action: [757,803,799,window_time_0,802,10]
01-04 01:15:44.701 1133 1845 I service_manager_slow: [10,platform_compat]
01-04 01:15:44.723 1133 1661 W VoiceInteractionManager: no available voice recognition services found for user 0
01-04 01:15:44.759 1133 1661 I am_pss : [2992,10084,com.android.launcher3,130289664,105390080,0,289271808,0,2,18]
01-04 01:15:44.791 2956 4759 W ContextImpl: Calling a method in the system process without a qualified user: android.app.ContextImpl.startService:1816 android.content.ContextWrapper.startService:774 com.thundercomm.gamemode.ingame.services.GameModeActionUtils.startGameModeService:99 com.thundercomm.gamemode.ingame.services.GameModeActionUtils.startGameModeEntry:22 com.thundercomm.gamemode.ingame.services.ActivityMonitoringService$1.onActivityLaunch:129
01-04 01:15:44.800 1133 1133 I GameModeConfig: Current uri is uri = content://com.thundercomm.gamemode.api/gamemode_settings/gamemode_isgaming
01-04 01:15:44.810 1133 1133 I GameModeConfig: isGameModeOn = false
01-04 01:15:44.811 1133 1133 I GameModeConfig: isGameModeOn = false
01-04 01:15:44.812 1133 1133 I GameModeConfig: isDisableVoice = true
01-04 01:15:44.816 1133 1133 W CarrierConfigManager: Error getting config for subId -1 ICarrierConfigLoader is null
01-04 01:15:44.817 1133 1133 I Telecom : PhoneAccountRegistrar: getSimCallManager: SimCallManager for subId -1 queried, returning: null: TSI.gSCMFU@AB4
01-04 01:15:44.822 1133 1133 W CarrierConfigManager: Error getting config for subId -1 ICarrierConfigLoader is null
01-04 01:15:44.822 1133 1133 I Telecom : PhoneAccountRegistrar: getSimCallManager: SimCallManager for subId -1 queried, returning: null: TSI.gSCMFU@AB8
01-04 01:15:45.158 1133 1661 I am_pss : [4347,1000,com.android.dynsystem:dynsystem,5471232,3850240,0,91226112,0,19,13]
01-04 01:15:45.747 1133 1661 I am_pss : [4400,10094,com.android.music,7269376,5480448,0,93790208,0,19,13]
01-04 01:15:45.979 1133 1661 I am_pss : [4441,10063,com.android.onetimeinitializer,4935680,3514368,0,89657344,0,19,12]
01-04 01:15:46.246 1133 1661 I am_pss : [4460,10022,com.android.packageinstaller,7041024,5652480,0,91328512,0,19,13]
01-04 01:15:46.767 1133 1661 I am_pss : [4485,2000,com.android.shell,5601280,4190208,0,90386432,0,19,13]
01-04 01:15:46.786 1133 1661 I am_pss : [3047,1000,com.android.settings,25482240,12783616,0,147828736,0,19,14]
01-04 01:15:47.554 1133 1663 I ActivityManager: Waited long enough for: ServiceRecord{93ab51a u0 com.thundercomm.gamemode/.ingame.services.ActivityMonitoringService}
01-04 01:15:47.619 1133 1663 I ActivityManager: Waited long enough for: ServiceRecord{ee2cd72 u0 com.thundercomm.gamemode/.ingame.services.GameModeService}
01-04 01:15:50.859 1133 1661 I am_pss : [3634,10085,com.qualcomm.location.XT,6150144,4632576,0,93089792,0,6,17]
01-04 01:15:50.882 1133 1661 I am_pss : [3822,10035,com.baidu.input,85646336,79986688,0,202338304,0,7,18]
01-04 01:15:52.151 1133 1133 I force_gc: mem
01-04 01:15:52.185 1133 1661 I am_pss : [3649,10092,com.qualcomm.qtil.aptxui,7133184,5746688,0,91295744,0,19,15]
01-04 01:15:52.201 1133 1661 I am_pss : [3078,10093,com.qualcomm.qti.qccauthmgr,6071296,4403200,0,95547392,0,19,12]
01-04 01:15:52.216 1133 1661 I am_pss : [3620,10021,android.process.media,10252288,8392704,0,103006208,0,19,12]
01-04 01:15:52.232 1133 1661 I am_pss : [3921,10036,com.android.managedprovisioning,9113600,7606272,0,95973376,0,19,11]
01-04 01:15:52.250 1133 1661 I am_pss : [3862,10028,android.process.acore,13943808,10563584,0,119128064,0,19,13]
01-04 01:15:52.269 1133 1661 I am_pss : [3885,10033,com.android.externalstorage,5464064,3895296,0,93294592,0,19,12]
01-04 01:15:52.283 1133 1661 I am_pss : [4017,1000,com.android.localtransport,5248000,3784704,0,91402240,0,19,11]
01-04 01:15:52.300 1133 1661 I am_pss : [3765,10024,com.android.documentsui,13151232,10113024,0,111099904,0,19,13]
01-04 01:15:52.316 1133 1661 I am_pss : [3691,1000,com.android.keychain,7984128,6516736,0,93769728,0,19,12]
01-04 01:15:52.483 1133 1661 I am_pss : [4725,10060,com.qualcomm.qti.qms.service.connectionsecurity,18770944,4411392,0,77688832,0,19,18]
01-04 01:15:54.870 1133 1696 I commit_sys_config_file: [package-user-0,11]
01-04 01:15:54.882 1133 1661 I am_pss : [2992,10084,com.android.launcher3,132858880,106864640,0,290226176,0,2,19]
01-01 08:02:38.962 0 0 D BUG : MAX_LOCKDEP_CHAINS too low!
01-01 08:02:38.967 0 0 D : turning off the locking correctness validator.
01-01 08:02:38.972 0 0 D : Please attach the output of /proc/lock_stat to the bug report
01-01 08:02:38.979 0 0 I : CPU: 2 PID: 625 Comm: f2fs_discard-25 Tainted: G S W O 4.19.157+ #1
01-01 08:02:38.988 0 0 I Hardware name: Qualcomm Technologies, Inc. kona MTP-RmPM8150b. VX1(MCE) EVT2 (DT)
01-01 08:02:38.997 0 0 I Call trace:
01-01 08:02:38.999 0 0 I : dump_backtrace+0x0/0x258
01-01 08:02:39.003 0 0 I : show_stack+0x20/0x30
01-01 08:02:39.006 0 0 I : dump_stack+0xd8/0x12c
01-01 08:02:39.010 0 0 I : __lock_acquire+0x1df8/0x1e58
01-01 08:02:39.014 0 0 I : lock_acquire+0x1cc/0x218
01-01 08:02:39.018 0 0 I : ktime_get+0x64/0x110
01-01 08:02:39.021 0 0 I : sched_ktime_clock+0x20/0x38
01-01 08:02:39.025 0 0 I : try_to_wake_up+0x294/0x860
01-01 08:02:39.029 0 0 I : wake_up_process+0x28/0x38
01-01 08:02:39.033 0 0 I : __queue_work+0x634/0x758
01-01 08:02:39.037 0 0 I : queue_work_on+0x60/0xa8
01-01 08:02:39.041 0 0 I : kblockd_schedule_work+0x28/0x38
01-01 08:02:39.045 0 0 I : __scsi_queue_insert+0x104/0x160
01-01 08:02:39.049 0 0 I : scsi_request_fn+0x574/0x688
01-01 08:02:39.053 0 0 I : __blk_run_queue+0x88/0xf0
01-01 08:02:39.057 0 0 I : queue_unplugged+0x218/0x248
01-01 08:02:39.061 0 0 I : blk_flush_plug_list+0x21c/0x258
01-01 08:02:39.066 0 0 I : blk_finish_plug+0x30/0x40
01-01 08:02:39.070 0 0 I : __issue_discard_cmd+0x258/0x520
01-01 08:02:39.074 0 0 I : issue_discard_thread+0x2cc/0x3b8
01-01 08:02:39.078 0 0 I : kthread+0x140/0x150
01-01 08:02:39.082 0 0 I : ret_from_fork+0x10/0x1c
01-04 01:16:10.155 1133 1661 I am_pss : [3563,10100,com.android.providers.media.module,20832256,17367040,0,127361024,0,0,20]
01-04 01:16:12.303 1133 2848 D CompatibilityChangeReporter: Compat change id reported: 149924527; UID 2000; state: ENABLED
01-04 01:16:12.305 1133 2848 D CompatibilityChangeReporter: Compat change id reported: 132649864; UID 2000; state: DISABLED
01-04 01:16:12.287 3278 3278 I auditd : type=1400 audit(0.0:173): avc: denied { search } for comm=73796E6320737663203836 name="oem" dev="dm-5" ino=42 scontext=u:r:adbd:s0 tcontext=u:object_r:oemfs:s0 tclass=dir permissive=0
01-04 01:16:16.992 1133 1890 I input_interaction: Interaction with: dad8335 com.android.launcher3/com.android.launcher3.uioverrides.QuickstepLauncher (server), 48a1821 com.android.systemui.ImageWallpaper (server), edge-swipe (server), swipe-up (server), PointerEventDispatcher0 (server),
01-04 01:16:17.148 1133 1649 I DropBoxManagerService: add tag=system_app_strictmode isTagEnabled=true flags=0x2
01-04 01:16:17.156 1133 1583 I thunderperf: PlatormCompat.setOverrides: Uid1=10084 Pid1=2992 Uid2=10084 Pid2=2992
01-04 01:16:17.157 1133 1583 I thunderperf: PlatormCompat.setOverrides: needCheck:false
01-04 01:16:17.181 1133 1583 I ActivityTaskManager: START u0 {act=android.intent.action.MAIN cat=[android.intent.category.LAUNCHER] flg=0x10200000 cmp=com.android.settings/.Settings bnds=[2128,710][2314,910]} from uid 10084
01-04 01:16:17.200 1133 1583 I wm_task_created: [11,-1]
01-04 01:16:17.200 1133 1583 W ActivityTaskManager: Can't find TaskDisplayArea to determine support for multi window. Task id=11 attached=false
01-04 01:16:17.204 1133 1583 I wm_task_moved: [11,1,6]
01-04 01:16:17.204 1133 1583 I wm_task_to_front: [0,11]
01-04 01:16:17.205 1133 1583 I wm_create_task: [0,11]
01-04 01:16:17.205 1133 1583 I wm_create_activity: [0,9665484,11,com.android.settings/.Settings,android.intent.action.MAIN,NULL,NULL,270532608]
01-04 01:16:17.205 1133 1583 I wm_task_moved: [11,1,6]
01-04 01:16:17.207 2455 2515 D PhoneStartingWindowTypeAlgorithm: preferredStartingWindowType newTask:true taskSwitch:true processRunning:true allowTaskSnapshot:true activityCreated:false useEmptySplashScreen:false legacySplashScreen:false topIsHome:false
01-04 01:16:17.207 2455 2515 D StartingSurfaceDrawer: addSplashScreen com.android.settings theme=7f140469 task=11 suggestType=1
01-04 01:16:17.207 1133 1583 I wm_pause_activity: [0,80062843,com.android.launcher3/.uioverrides.QuickstepLauncher,userLeaving=true,pauseBackTasks]
01-04 01:16:17.210 2992 2992 I wm_on_top_resumed_lost_called: [80062843,com.android.launcher3.uioverrides.QuickstepLauncher,topStateChangedWhenResumed]
01-04 01:16:17.213 2992 2992 I wm_on_paused_called: [80062843,com.android.launcher3.uioverrides.QuickstepLauncher,performPause]
01-04 01:16:17.214 1133 1586 I ActivityTaskManager: FOREGROUND_APPLICATION_CHANGED to com.android.settings.homepage.SettingsHomepageActivity
01-04 01:16:17.214 2455 2516 D StartingSurfaceDrawer: window attributes color: 0 icon null duration 0 brandImage null
01-04 01:16:17.214 2455 2516 W StartingSurfaceDrawer: Window background is transparent, fill background with black color
01-04 01:16:17.215 1133 1586 I ActivityTaskManager: The Process com.android.settings Already Exists in BG. So sending its PID: 3047
01-04 01:16:17.215 1133 1586 W ActivityTaskManager: Tried to set launchTime (0) < mLastActivityLaunchTime (79898)
01-04 01:16:17.215 1133 1586 I wm_add_to_stopping: [0,80062843,com.android.launcher3/.uioverrides.QuickstepLauncher,makeInvisible]
01-04 01:16:17.216 1133 1586 I wm_restart_activity: [0,9665484,11,com.android.settings/.Settings]
01-04 01:16:17.217 1133 1586 I wm_set_resumed_activity: [0,com.android.settings/.Settings,minimalResumeActivityLocked]
01-04 01:16:17.218 2455 2516 D StartingSurfaceDrawer: quantize: this is pure transparent image
01-04 01:16:17.222 2455 2516 D StartingSurfaceDrawer: FgMainColor=ff000000 BgMainColor=0 IsBgComplex=false FromCache=false ThemeColor=ffffffff
01-04 01:16:17.222 2455 2516 D StartingSurfaceDrawer: isRgbSimilarInHsv a: ffffffff b 0 contrast ratio: 20.999998
01-04 01:16:17.222 2455 2516 D StartingSurfaceDrawer: hsvDiff 0 ah 0.0 bh 0.0 as 0.0 bs 0.0 av 1.0 bv 0.0 sqH 0.0 sqS 0.0 sqV 1.0 root 0.5773502691896257
01-04 01:16:17.222 2455 2516 D StartingSurfaceDrawer: isRgbSimilarInHsv a: ffffffff b ff000000 contrast ratio: 20.999998
01-04 01:16:17.222 2455 2516 D StartingSurfaceDrawer: hsvDiff 0 ah 0.0 bh 0.0 as 0.0 bs 0.0 av 1.0 bv 0.0 sqH 0.0 sqS 0.0 sqV 1.0 root 0.5773502691896257
01-04 01:16:17.222 2455 2516 D StartingSurfaceDrawer: makeSplashScreenContentView: choose fg icon
01-04 01:16:17.224 2455 2516 D StartingSurfaceDrawer: fillViewWithIcon surfaceWindowView android.window.SplashScreenView{932189e V.E...... ......ID 0,0-0,0}
01-04 01:16:17.226 1133 1650 I sysui_multi_action: [757,803,799,window_time_0,802,32]
01-04 01:16:17.239 2956 4759 W ContextImpl: Calling a method in the system process without a qualified user: android.app.ContextImpl.startService:1816 android.content.ContextWrapper.startService:774 com.thundercomm.gamemode.ingame.services.GameModeActionUtils.startGameModeService:99 com.thundercomm.gamemode.ingame.services.GameModeActionUtils.startGameModeEntry:22 com.thundercomm.gamemode.ingame.services.ActivityMonitoringService$1.onActivityLaunch:129
01-04 01:16:17.239 1133 1661 I am_pss : [3071,10074,com.thundercomm.gamemode.provider,7691264,6049792,0,96575488,0,19,10]
01-04 01:16:17.246 1133 1133 I GameModeConfig: Current uri is uri = content://com.thundercomm.gamemode.api/gamemode_settings/gamemode_isgaming
01-04 01:16:17.246 1133 1890 I input_focus: [Focus leaving dad8335 com.android.launcher3/com.android.launcher3.uioverrides.QuickstepLauncher (server),reason=NO_WINDOW]
01-04 01:16:17.250 1133 1661 I am_pss : [4944,10056,com.qualcomm.qti.qms.service.trustzoneaccess,5331968,3743744,0,91422720,0,19,10]
01-04 01:16:17.254 1133 1133 I GameModeConfig: isGameModeOn = false
01-04 01:16:17.254 1133 1133 I GameModeConfig: isGameModeOn = false
01-04 01:16:17.254 1133 1133 I GameModeConfig: isDisableVoice = true
01-04 01:16:17.265 1133 1661 I am_pss : [4348,10076,com.android.gallery3d,7724032,5521408,0,95580160,0,19,10]
01-04 01:16:17.275 1133 1661 I am_pss : [4154,10019,com.android.providers.calendar,7172096,5447680,0,97939456,0,19,9]
01-04 01:16:17.285 1133 1661 I am_pss : [4725,10060,com.qualcomm.qti.qms.service.connectionsecurity,18770944,4411392,0,77688832,0,19,9]
01-04 01:16:17.295 1133 1661 I am_pss : [4485,2000,com.android.shell,5601280,4190208,0,90386432,0,19,10]
01-04 01:16:17.306 1133 1661 I am_pss : [3620,10021,android.process.media,10047488,8187904,0,102801408,0,19,9]
01-04 01:16:17.316 1133 1661 I am_pss : [4460,10022,com.android.packageinstaller,7041024,5652480,0,91328512,0,19,9]
01-04 01:16:17.325 2956 4759 W ContextImpl: Calling a method in the system process without a qualified user: android.app.ContextImpl.startService:1816 android.content.ContextWrapper.startService:774 com.thundercomm.gamemode.ingame.services.GameModeActionUtils.startGameModeService:99 com.thundercomm.gamemode.ingame.services.GameModeActionUtils.startGameModeEntry:22 com.thundercomm.gamemode.ingame.services.ActivityMonitoringService$1.onActivityLaunch:129
01-04 01:16:17.326 1133 1661 I am_pss : [4441,10063,com.android.onetimeinitializer,4935680,3514368,0,89657344,0,19,9]
01-04 01:16:17.328 1133 1133 I GameModeConfig: Current uri is uri = content://com.thundercomm.gamemode.api/gamemode_settings/gamemode_isgaming
01-04 01:16:17.331 1133 1133 I GameModeConfig: isGameModeOn = false
01-04 01:16:17.331 1133 1133 I GameModeConfig: isGameModeOn = false
01-04 01:16:17.331 1133 1133 I GameModeConfig: isDisableVoice = true
01-04 01:16:17.337 1133 1661 I am_pss : [4400,10094,com.android.music,7421952,5480448,0,93790208,0,19,9]
01-04 01:16:17.347 1133 1661 I am_pss : [4347,1000,com.android.dynsystem:dynsystem,5471232,3850240,0,91226112,0,19,9]
01-04 01:16:17.365 1133 1661 I am_pss : [4330,1000,com.android.dynsystem,5159936,3661824,0,90198016,0,19,9]
01-04 01:16:17.376 1133 1661 I am_pss : [4290,10068,com.android.calendar,6712320,4587520,0,96116736,0,19,9]
01-04 01:16:17.387 1133 1661 I am_pss : [4309,10031,com.hryt.hiphishowfsecontrol,17949696,14790656,0,107319296,0,19,10]
01-04 01:16:17.399 1133 1661 I am_pss : [3862,10028,android.process.acore,12948480,9572352,0,118120448,0,19,11]
01-04 01:16:17.418 1133 1661 I am_pss : [4258,1000,com.qti.diagservices,5944320,4124672,0,95256576,0,10,9]
01-04 01:16:17.429 1133 1661 I am_pss : [4228,1000,com.qualcomm.qti.qmmi,6747136,5292032,0,92172288,0,19,9]
01-04 01:16:17.441 1133 1661 I am_pss : [4211,10025,com.android.traceur,8962048,6217728,0,96325632,0,19,9]
01-04 01:16:17.441 3047 3047 I wm_on_create_called: [9665484,com.android.settings.Settings,performCreate]
01-04 01:16:17.453 1133 1661 I am_pss : [3538,10090,com.qualcomm.qti.workloadclassifier,19884032,15769600,0,114262016,0,0,10]
01-04 01:16:17.453 1133 2848 E UserRestrictionsUtils: Unknown restriction queried by uid 1000 (com.android.inputdevices et al): null
01-04 01:16:17.453 1133 2848 E UserRestrictionsUtils: Unknown restriction queried by uid 1000 (com.android.inputdevices et al): null
01-04 01:16:17.454 1133 1812 E UserRestrictionsUtils: Unknown restriction queried by uid 1000 (com.android.inputdevices et al): null
01-04 01:16:17.454 1133 1812 E UserRestrictionsUtils: Unknown restriction queried by uid 1000 (com.android.inputdevices et al): null
01-04 01:16:17.454 1133 2848 E UserRestrictionsUtils: Unknown restriction queried by uid 1000 (com.android.inputdevices et al): null
01-04 01:16:17.455 1133 1812 E UserRestrictionsUtils: Unknown restriction queried by uid 1000 (com.android.inputdevices et al): null
01-04 01:16:17.455 1133 2848 E UserRestrictionsUtils: Unknown restriction queried by uid 1000 (com.android.inputdevices et al): null
01-04 01:16:17.455 1133 1812 E UserRestrictionsUtils: Unknown restriction queried by uid 1000 (com.android.inputdevices et al): null
01-04 01:16:17.456 1133 2848 E UserRestrictionsUtils: Unknown restriction queried by uid 1000 (com.android.inputdevices et al): null
01-04 01:16:17.456 1133 1812 E UserRestrictionsUtils: Unknown restriction queried by uid 1000 (com.android.inputdevices et al): null
01-04 01:16:17.457 1133 2848 E UserRestrictionsUtils: Unknown restriction queried by uid 1000 (com.android.inputdevices et al): null
01-04 01:16:17.457 1133 1812 E UserRestrictionsUtils: Unknown restriction queried by uid 1000 (com.android.inputdevices et al): null
01-04 01:16:17.457 1133 1812 E UserRestrictionsUtils: Unknown restriction queried by uid 1000 (com.android.inputdevices et al): null
01-04 01:16:17.458 1133 2848 E UserRestrictionsUtils: Unknown restriction queried by uid 1000 (com.android.inputdevices et al): null
01-04 01:16:17.458 1133 2848 E UserRestrictionsUtils: Unknown restriction queried by uid 1000 (com.android.inputdevices et al): null
01-04 01:16:17.458 1133 1812 E UserRestrictionsUtils: Unknown restriction queried by uid 1000 (com.android.inputdevices et al): null
01-04 01:16:17.459 1133 2848 E UserRestrictionsUtils: Unknown restriction queried by uid 1000 (com.android.inputdevices et al): null
01-04 01:16:17.459 1133 1812 E UserRestrictionsUtils: Unknown restriction queried by uid 1000 (com.android.inputdevices et al): null
01-04 01:16:17.463 1133 1661 I am_pss : [3515,10088,com.qualcomm.qti.qccnetstat,5744640,4259840,0,91451392,0,0,10]
01-04 01:16:17.474 1133 1661 I am_pss : [3503,10081,com.qualcomm.qti.services.systemhelper:systemhelper_service,6116352,4554752,0,93859840,0,0,10]
01-04 01:16:17.492 3047 3047 I wm_on_start_called: [9665484,com.android.settings.Settings,handleStartActivity]
01-04 01:16:17.494 3047 3047 I snet_event_log: [120484087,-1,]
01-04 01:16:17.495 3047 3047 I wm_on_resume_called: [9665484,com.android.settings.Settings,RESUME_ACTIVITY]
01-04 01:16:17.500 3047 3047 I sysui_multi_action: [757,35,758,1,833,0,1089,55]
01-04 01:16:17.506 1133 1586 D PackageManager: Instant App installer not found with android.intent.action.INSTALL_INSTANT_APP_PACKAGE
01-04 01:16:17.507 1133 1586 D PackageManager: Clear ephemeral installer activity
01-04 01:16:17.508 1133 2848 D PackageManager: Instant App installer not found with android.intent.action.INSTALL_INSTANT_APP_PACKAGE
01-04 01:16:17.508 1133 2848 D PackageManager: Clear ephemeral installer activity
01-04 01:16:17.510 1133 2848 D PackageManager: Instant App installer not found with android.intent.action.INSTALL_INSTANT_APP_PACKAGE
01-04 01:16:17.510 1133 2848 D PackageManager: Clear ephemeral installer activity
01-04 01:16:17.511 1133 1586 D PackageManager: Instant App installer not found with android.intent.action.INSTALL_INSTANT_APP_PACKAGE
01-04 01:16:17.511 1133 1586 D PackageManager: Clear ephemeral installer activity
01-04 01:16:17.513 3047 3047 I sysui_multi_action: [757,1729,758,4,854,isParalleledControllers:false,1089,69]
01-04 01:16:17.513 1133 3529 D PackageManager: Instant App installer not found with android.intent.action.INSTALL_INSTANT_APP_PACKAGE
01-04 01:16:17.513 1133 3529 D PackageManager: Clear ephemeral installer activity
01-04 01:16:17.516 1133 1812 D PackageManager: Instant App installer not found with android.intent.action.INSTALL_INSTANT_APP_PACKAGE
01-04 01:16:17.516 1133 1812 D PackageManager: Clear ephemeral installer activity
01-04 01:16:17.518 3047 3047 I wm_on_top_resumed_gained_called: [9665484,com.android.settings.Settings,topStateChangedWhenResumed]
01-04 01:16:17.518 1133 3529 D PackageManager: Instant App installer not found with android.intent.action.INSTALL_INSTANT_APP_PACKAGE
01-04 01:16:17.518 1133 3529 D PackageManager: Clear ephemeral installer activity
01-04 01:16:17.523 1133 3529 D PackageManager: Instant App installer not found with android.intent.action.INSTALL_INSTANT_APP_PACKAGE
01-04 01:16:17.523 1133 3529 D PackageManager: Clear ephemeral installer activity
01-04 01:16:17.579 1133 1651 I input_focus: [Focus request e019439 com.android.settings/com.android.settings.Settings,reason=UpdateInputWindows]
01-04 01:16:17.687 1133 1651 I sysui_multi_action: [324,1,757,1090,758,12,806,com.android.settings,871,com.android.settings.Settings,1091,506]
01-04 01:16:17.688 2455 2515 D StartingSurfaceDrawer: Task start finish, remove starting surface for task 11
01-04 01:16:17.688 2455 2515 V StartingSurfaceDrawer: Removing splash screen window for task: 11
01-04 01:16:17.693 1133 1647 I sysui_multi_action: [319,68,321,63,322,506,325,153,757,761,758,8,759,1,806,com.android.settings,871,com.android.settings.Settings,904,com.android.launcher3,905,0,1320,4,1321,1]
01-04 01:16:17.694 1133 1647 I wm_activity_launch_time: [0,9665484,com.android.settings/.Settings,506]
01-04 01:16:17.707 3047 3047 W CarrierConfigManager: Error getting config for subId -1 ICarrierConfigLoader is null
01-04 01:16:17.711 1133 3529 E UserRestrictionsUtils: Unknown restriction queried by uid 1000 (com.android.inputdevices et al): null
01-04 01:16:17.714 1133 1890 I input_focus: [Focus entering e019439 com.android.settings/com.android.settings.Settings (server),reason=Window became focusable. Previous reason: NOT_VISIBLE]
01-04 01:16:17.749 3047 3047 I sysui_multi_action: [757,746,758,1,833,0,1089,57]
01-04 01:16:17.751 1133 1583 D TelephonyRegistry: listen oscl: mHasNotifySubscriptionInfoChangedOccurred==false no callback
01-04 01:16:17.757 1133 2503 D TelephonyRegistry: listen oscl: mHasNotifySubscriptionInfoChangedOccurred==false no callback
01-04 01:16:17.768 3047 3047 I sysui_multi_action: [757,1729,758,4,854,isParalleledControllers:false,1089,77]
01-01 08:02:56.843 0 0 I [schedu][0xca61d28d][01:16:17.812934] wlan: [3172:I:OSIF] scan start scan id 40963
01-04 01:16:17.850 1133 2503 I wm_stop_activity: [0,80062843,com.android.launcher3/.uioverrides.QuickstepLauncher]
01-04 01:16:17.853 2992 2992 I wm_on_stop_called: [80062843,com.android.launcher3.uioverrides.QuickstepLauncher,STOP_ACTIVITY_ITEM]
01-04 01:16:17.873 2956 4759 W ContextImpl: Calling a method in the system process without a qualified user: android.app.ContextImpl.startService:1816 android.content.ContextWrapper.startService:774 com.thundercomm.gamemode.ingame.services.GameModeActionUtils.startGameModeService:99 com.thundercomm.gamemode.ingame.services.GameModeActionUtils.startGameModeEntry:22 com.thundercomm.gamemode.ingame.services.ActivityMonitoringService$1.onActivityLaunch:129
01-04 01:16:17.876 1133 1133 I GameModeConfig: Current uri is uri = content://com.thundercomm.gamemode.api/gamemode_settings/gamemode_isgaming
01-04 01:16:17.878 1133 1133 I GameModeConfig: isGameModeOn = false
01-04 01:16:17.878 1133 1133 I GameModeConfig: isGameModeOn = false
01-04 01:16:17.878 1133 1133 I GameModeConfig: isDisableVoice = true
01-04 01:16:18.514 1133 1647 D CompanionDeviceManagerService: onPackageModified(packageName = com.android.settings)
01-04 01:16:18.515 1133 1133 I Telecom : DefaultDialerCache: Refreshing default dialer for user 0: now null: DDC.oR@ACA
01-01 08:02:57.547 0 0 I init : starting service 'idmap2d'...
01-04 01:16:18.541 1133 1661 W VoiceInteractionManager: no available voice recognition services found for user 0
01-01 08:02:57.564 0 0 I init : Control message: Processed ctl.start for 'idmap2d' from pid: 1133 (system_server)
01-01 08:02:57.593 0 0 I binder : 5048:5048 ioctl 40046210 7fdfbaa8b4 returned -22
01-04 01:16:18.575 1133 1811 I service_manager_stats: [100,174,49224]
01-04 01:16:18.969 1133 1890 I input_interaction: Interaction with: e019439 com.android.settings/com.android.settings.Settings (server), edge-swipe (server), swipe-up (server), PointerEventDispatcher0 (server),
01-01 08:02:58.015 0 0 I [schedu][0xcbb90eaf][01:16:18.984508] wlan: [3172:I:OSIF] vdev 0, scan id 40963 type COMPLETED(1) reason COMPLETED(1) scan found 80 bss
01-04 01:16:19.085 3047 3047 I sysui_multi_action: [757,830,758,4,833,0,854,top_level_apps,1089,0]
01-04 01:16:19.203 3047 3047 I sysui_multi_action: [757,746,758,2,1089,1455]
01-04 01:16:19.257 3047 3047 I sysui_multi_action: [757,65,758,1,833,0,1089,44]
01-04 01:16:19.275 3047 3047 I sysui_multi_action: [757,1729,758,4,854,isParalleledControllers:false,1089,62]
01-04 01:16:20.229 1133 4178 E TaskPersister: File error accessing recents directory (directory doesn't exist?).
01-04 01:16:20.695 3047 3047 I sysui_multi_action: [757,830,758,4,833,0,854,all_app_infos,1089,0]
01-04 01:16:20.713 3047 3047 I sysui_multi_action: [757,65,758,2,1089,1455]
01-04 01:16:20.744 3047 3047 I sysui_multi_action: [757,65,758,1,833,0,1089,28]
01-04 01:16:21.571 1133 1661 I sysui_multi_action: [757,1717,758,1,759,0]
01-04 01:16:21.572 1133 1661 I sysui_multi_action: [757,1717,758,2,759,0]
01-04 01:16:21.573 1133 1661 I sysui_multi_action: [757,1717,758,3,759,0]
01-04 01:16:23.873 1133 1133 I service_manager_slow: [11,phone]
01-04 01:16:27.243 3437 3437 I auditd : type=1400 audit(0.0:174): avc: granted { read } for comm=4173796E635461736B20233331 name="arp" dev="proc" ino=4026532247 scontext=u:r:platform_app:s0:c512,c768 tcontext=u:object_r:proc_net:s0 tclass=file app=com.hht.lebocast
01-04 01:16:27.243 3437 3437 I auditd : type=1400 audit(0.0:175): avc: granted { read open } for comm=4173796E635461736B20233331 path="/proc/3437/net/arp" dev="proc" ino=4026532247 scontext=u:r:platform_app:s0:c512,c768 tcontext=u:object_r:proc_net:s0 tclass=file app=com.hht.lebocast
01-04 01:16:27.243 3437 3437 I auditd : type=1400 audit(0.0:176): avc: granted { getattr } for comm=4173796E635461736B20233331 path="/proc/3437/net/arp" dev="proc" ino=4026532247 scontext=u:r:platform_app:s0:c512,c768 tcontext=u:object_r:proc_net:s0 tclass=file app=com.hht.lebocast
01-04 01:16:27.243 3437 3437 I auditd : type=1400 audit(0.0:177): avc: granted { getattr } for comm=4173796E635461736B20233331 path="/proc/3437/net/arp" dev="proc" ino=4026532247 scontext=u:r:platform_app:s0:c512,c768 tcontext=u:object_r:proc_net:s0 tclass=file app=com.hht.lebocast
01-04 01:16:27.568 1133 1696 I commit_sys_config_file: [package-user-0,8]
01-04 01:16:27.832 3047 3047 I view_enqueue_input_event: [Motion - Cancel,com.android.settings/com.android.settings.Settings]
01-04 01:16:27.844 1133 1890 I input_interaction: Interaction with: edge-swipe (server), swipe-up (server), PointerEventDispatcher0 (server),
01-04 01:16:28.023 1133 3017 I sysui_multi_action: [757,803,799,key_back_press,802,1]
01-04 01:16:28.029 1133 1648 D AutofillManagerService: onBackKeyPressed()
01-04 01:16:28.029 1133 1890 I input_interaction: Interaction with: e019439 com.android.settings/com.android.settings.Settings (server), PointerEventDispatcher0 (server),
01-04 01:16:28.029 1133 1648 D AutofillManagerServiceImpl: Reset component for user 0:
01-04 01:16:28.030 1133 1648 D AutofillUI: destroySaveUiUiThread(): already destroyed
01-04 01:16:28.038 3047 3047 I sysui_multi_action: [757,65,758,2,1089,7294]
01-04 01:16:28.059 3047 3047 I sysui_multi_action: [757,65,758,1,833,0,1089,0]
01-04 01:16:28.220 1133 1663 I am_uid_idle: 10024
01-01 08:03:07.617 0 0 I init : Sending signal 9 to service 'idmap2d' (pid 5048) process group...
01-04 01:16:28.603 1133 1812 W OverlayManager: service 'idmap' died
01-01 08:03:07.640 0 0 I libprocessgroup: Successfully killed process cgroup uid 1000 pid 5048 in 14ms
01-01 08:03:07.655 0 0 I init : Control message: Processed ctl.stop for 'idmap2d' from pid: 1133 (system_server)
01-01 08:03:07.669 0 0 I init : Service 'idmap2d' (pid 5048) received signal 9
01-04 01:16:28.764 1133 1890 I input_interaction: Interaction with: e019439 com.android.settings/com.android.settings.Settings (server), edge-swipe (server), swipe-up (server), PointerEventDispatcher0 (server),
01-04 01:16:28.793 3047 3047 I view_enqueue_input_event: [Motion - Cancel,com.android.settings/com.android.settings.Settings]
01-04 01:16:28.799 1133 1890 I input_interaction: Interaction with: edge-swipe (server), swipe-up (server), PointerEventDispatcher0 (server),
01-04 01:16:28.939 1133 3529 I sysui_multi_action: [757,803,799,key_back_press,802,1]
01-04 01:16:28.955 1133 1648 D AutofillManagerService: onBackKeyPressed()
01-04 01:16:28.955 1133 1890 I input_interaction: Interaction with: e019439 com.android.settings/com.android.settings.Settings (server), PointerEventDispatcher0 (server),
01-04 01:16:28.959 1133 3529 I ActivityTaskManager: moveTaskToBack: Task{aec7691 #11 type=standard A=1000:com.android.settings.root U=0 visible=true mode=fullscreen translucent=false sz=1}
01-04 01:16:28.960 1133 3529 I wm_task_moved: [11,0,0]
01-04 01:16:28.966 1133 3529 I wm_focused_root_task: [0,0,1,11,moveTaskToBackLocked]
01-04 01:16:28.967 1133 3529 I wm_add_to_stopping: [0,9665484,com.android.settings/.Settings,makeInvisible]
01-04 01:16:28.969 1133 3529 I wm_pause_activity: [0,9665484,com.android.settings/.Settings,userLeaving=false,pauseBackTasks]
01-04 01:16:28.971 1133 3529 I ActivityTaskManager: FOREGROUND_APPLICATION_CHANGED to com.android.launcher3.uioverrides.QuickstepLauncher
01-04 01:16:28.973 1133 3529 I wm_set_resumed_activity: [0,com.android.launcher3/.uioverrides.QuickstepLauncher,resumeTopActivityInnerLocked]
01-04 01:16:28.977 1133 3529 I wm_resume_activity: [0,80062843,10,com.android.launcher3/.uioverrides.QuickstepLauncher]
01-04 01:16:28.979 3047 3047 I wm_on_top_resumed_lost_called: [9665484,com.android.settings.Settings,topStateChangedWhenResumed]
01-04 01:16:28.986 3047 3047 I sysui_multi_action: [757,35,758,2,1089,11487]
01-04 01:16:28.987 3047 3047 I sysui_multi_action: [757,65,758,2,1089,928]
01-04 01:16:28.987 3047 3047 I wm_on_paused_called: [9665484,com.android.settings.Settings,performPause]
