01-04 01:16:28.992 1133 1650 I sysui_multi_action: [757,803,799,window_time_0,802,12]
01-04 01:16:28.993 1133 1890 I input_focus: [Focus leaving e019439 com.android.settings/com.android.settings.Settings (server),reason=NO_WINDOW]
01-04 01:16:28.994 2992 2992 I wm_on_restart_called: [80062843,com.android.launcher3.uioverrides.QuickstepLauncher,performRestartActivity]
01-04 01:16:28.994 2992 2992 I wm_on_start_called: [80062843,com.android.launcher3.uioverrides.QuickstepLauncher,handleStartActivity]
01-04 01:16:28.996 2992 2992 I wm_on_resume_called: [80062843,com.android.launcher3.uioverrides.QuickstepLauncher,RESUME_ACTIVITY]
01-04 01:16:28.997 2992 2992 I wm_on_top_resumed_gained_called: [80062843,com.android.launcher3.uioverrides.QuickstepLauncher,topStateChangedWhenResumed]
01-04 01:16:29.017 1133 1651 I input_focus: [Focus request dad8335 com.android.launcher3/com.android.launcher3.uioverrides.QuickstepLauncher,reason=UpdateInputWindows]
01-04 01:16:29.027 1133 1661 I am_pss : [3047,1000,com.android.settings,172286976,156217344,0,324849664,0,2,19]
01-04 01:16:29.034 2956 4759 W ContextImpl: Calling a method in the system process without a qualified user: android.app.ContextImpl.startService:1816 android.content.ContextWrapper.startService:774 com.thundercomm.gamemode.ingame.services.GameModeActionUtils.startGameModeService:99 com.thundercomm.gamemode.ingame.services.GameModeActionUtils.startGameModeEntry:22 com.thundercomm.gamemode.ingame.services.ActivityMonitoringService$1.onActivityLaunch:129
01-04 01:16:29.048 1133 1133 I GameModeConfig: Current uri is uri = content://com.thundercomm.gamemode.api/gamemode_settings/gamemode_isgaming
01-04 01:16:29.063 1133 1133 I GameModeConfig: isGameModeOn = false
01-04 01:16:29.064 1133 1133 I GameModeConfig: isGameModeOn = false
01-04 01:16:29.064 1133 1133 I GameModeConfig: isDisableVoice = true
01-04 01:16:29.066 1133 1649 I DropBoxManagerService: add tag=system_server_strictmode isTagEnabled=true flags=0x2
01-04 01:16:29.074 1133 1890 I input_focus: [Focus entering dad8335 com.android.launcher3/com.android.launcher3.uioverrides.QuickstepLauncher (server),reason=Window became focusable. Previous reason: NOT_VISIBLE]
01-04 01:16:29.130 2956 4759 W ContextImpl: Calling a method in the system process without a qualified user: android.app.ContextImpl.startService:1816 android.content.ContextWrapper.startService:774 com.thundercomm.gamemode.ingame.services.GameModeActionUtils.startGameModeService:99 com.thundercomm.gamemode.ingame.services.GameModeActionUtils.startGameModeEntry:22 com.thundercomm.gamemode.ingame.services.ActivityMonitoringService$1.onActivityLaunch:129
01-04 01:16:29.138 1133 1133 I GameModeConfig: Current uri is uri = content://com.thundercomm.gamemode.api/gamemode_settings/gamemode_isgaming
01-04 01:16:29.141 1133 1133 I GameModeConfig: isGameModeOn = false
01-04 01:16:29.142 1133 1133 I GameModeConfig: isGameModeOn = false
01-04 01:16:29.142 1133 1133 I GameModeConfig: isDisableVoice = true
01-04 01:16:29.165 1133 1649 I DropBoxManagerService: add tag=system_app_strictmode isTagEnabled=true flags=0x2
01-04 01:16:29.438 1133 1650 I wm_stop_activity: [0,9665484,com.android.settings/.Settings]
01-04 01:16:29.458 1133 1649 I DropBoxManagerService: add tag=system_app_strictmode isTagEnabled=true flags=0x2
01-04 01:16:29.479 1133 1649 I DropBoxManagerService: add tag=system_app_strictmode isTagEnabled=true flags=0x2
01-04 01:16:29.481 3047 3047 I wm_on_stop_called: [9665484,com.android.settings.Settings,STOP_ACTIVITY_ITEM]
01-04 01:16:29.510 2956 4759 W ContextImpl: Calling a method in the system process without a qualified user: android.app.ContextImpl.startService:1816 android.content.ContextWrapper.startService:774 com.thundercomm.gamemode.ingame.services.GameModeActionUtils.startGameModeService:99 com.thundercomm.gamemode.ingame.services.GameModeActionUtils.startGameModeEntry:22 com.thundercomm.gamemode.ingame.services.ActivityMonitoringService$1.onActivityLaunch:129
01-04 01:16:29.517 1133 1133 I GameModeConfig: Current uri is uri = content://com.thundercomm.gamemode.api/gamemode_settings/gamemode_isgaming
01-04 01:16:29.521 1133 1133 I GameModeConfig: isGameModeOn = false
01-04 01:16:29.521 1133 1133 I GameModeConfig: isGameModeOn = false
01-04 01:16:29.521 1133 1133 I GameModeConfig: isDisableVoice = true
01-04 01:16:30.522 1133 1890 I input_interaction: Interaction with: dad8335 com.android.launcher3/com.android.launcher3.uioverrides.QuickstepLauncher (server), 48a1821 com.android.systemui.ImageWallpaper (server), edge-swipe (server), swipe-up (server), PointerEventDispatcher0 (server),
01-04 01:16:30.586 1133 1583 I sysui_multi_action: [757,127,758,1]
01-04 01:16:30.586 1133 1583 I sysui_multi_action: [757,804,799,note_load,801,4,802,1]
01-04 01:16:30.586 1133 1583 I notification_panel_revealed: 4
01-04 01:16:30.601 1133 1651 I input_focus: [Focus request c9f1bc8 NotificationShade,reason=UpdateInputWindows]
01-04 01:16:30.629 1133 1890 I input_focus: [Focus leaving dad8335 com.android.launcher3/com.android.launcher3.uioverrides.QuickstepLauncher (server),reason=Waiting for window because NOT_VISIBLE]
01-04 01:16:30.644 1133 3017 I sysui_multi_action: [757,128,758,1,793,85702,794,0,795,85702,796,26,798,0,806,android,857,DEVELOPER_IMPORTANT,858,4,947,0,1395,4,1500,85701,1688,1]
01-04 01:16:30.645 1133 3017 I sysui_multi_action: [757,804,799,note_freshness,801,85702,802,1]
01-04 01:16:30.645 1133 3017 I notification_visibility: [-1|android|26|null|1000,1,85702,85702,0,0]
01-04 01:16:30.646 1133 3017 I sysui_multi_action: [757,128,758,1,793,82311,794,0,795,82311,796,17303299,797,com.android.wifi,798,1,806,android,857,NETWORK_AVAILABLE,858,2,947,0,1395,4,1500,82103,1688,1]
01-04 01:16:30.646 1133 3017 I sysui_multi_action: [757,804,799,note_freshness,801,82311,802,1]
01-04 01:16:30.646 1133 3017 I notification_visibility: [0|android|17303299|com.android.wifi|1000,1,82311,82311,0,1]
01-04 01:16:30.647 1133 3017 I sysui_multi_action: [757,128,758,1,793,85617,794,0,795,85617,796,55,798,2,806,android,857,DEVELOPER,858,2,947,0,1395,4,1500,85617,1688,1]
01-04 01:16:30.647 1133 3017 I sysui_multi_action: [757,804,799,note_freshness,801,85617,802,1]
01-04 01:16:30.647 1133 3017 I notification_visibility: [-1|android|55|null|1000,1,85617,85617,0,2]
01-04 01:16:30.647 1133 3017 I sysui_multi_action: [757,128,758,1,793,86506,794,0,795,86506,796,32,798,3,806,android,857,USB,858,1,947,0,1395,4,1500,85934,1688,1]
01-04 01:16:30.648 1133 3017 I sysui_multi_action: [757,804,799,note_freshness,801,86506,802,1]
01-04 01:16:30.648 1133 3017 I notification_visibility: [-1|android|32|null|1000,1,86506,86506,0,3]
01-04 01:16:30.662 1133 1890 I input_focus: [Focus entering c9f1bc8 NotificationShade (server),reason=Window became focusable. Previous reason: NOT_VISIBLE]
01-04 01:16:30.710 1133 1651 I input_focus: [Focus request dad8335 com.android.launcher3/com.android.launcher3.uioverrides.QuickstepLauncher,reason=UpdateInputWindows]
01-04 01:16:30.730 1133 1890 I input_focus: [Focus leaving c9f1bc8 NotificationShade (server),reason=NOT_FOCUSABLE]
01-04 01:16:30.730 1133 1890 I input_focus: [Focus entering dad8335 com.android.launcher3/com.android.launcher3.uioverrides.QuickstepLauncher (server),reason=setFocusedWindow]
01-04 01:16:30.734 1133 1651 I input_focus: [Focus request c9f1bc8 NotificationShade,reason=UpdateInputWindows]
01-04 01:16:30.751 2455 2455 I sysui_latency: [0,173]
01-04 01:16:30.762 1133 1890 I input_focus: [Focus leaving dad8335 com.android.launcher3/com.android.launcher3.uioverrides.QuickstepLauncher (server),reason=setFocusedWindow]
01-04 01:16:30.762 1133 1890 I input_focus: [Focus entering c9f1bc8 NotificationShade (server),reason=setFocusedWindow]
01-04 01:16:30.822 2455 2455 I sysui_multi_action: [757,111,758,1]
01-04 01:16:30.823 2455 2455 I sysui_multi_action: [757,126,758,1,759,126,927,0,928,1,1593,0]
01-04 01:16:30.823 2455 2455 I sysui_multi_action: [757,113,758,1,759,113,927,1,928,1,1593,0]
01-04 01:16:30.823 2455 2455 I sysui_multi_action: [757,0,758,1,759,0,927,2,928,0,1593,0]
01-04 01:16:30.823 2455 2455 I sysui_multi_action: [757,0,758,1,759,0,927,3,928,0,1593,0]
01-04 01:16:30.824 2455 2455 I sysui_multi_action: [757,491,758,1,759,491,927,4,928,0,1311,-1,1593,0]
01-04 01:16:30.824 2455 2455 I sysui_multi_action: [757,0,758,1,759,0,927,5,928,0,1593,0]
01-04 01:16:30.824 2455 2455 I sysui_multi_action: [757,0,758,1,759,0,927,6,1593,0]
01-04 01:16:30.824 2455 2455 I sysui_multi_action: [757,111,758,1]
01-04 01:16:30.825 2455 2455 I sysui_multi_action: [757,126,758,1,759,126,927,0,928,1,1593,0]
01-04 01:16:30.825 2455 2455 I sysui_multi_action: [757,113,758,1,759,113,927,1,928,1,1593,0]
01-04 01:16:30.825 2455 2455 I sysui_multi_action: [757,0,758,1,759,0,927,2,928,0,1593,0]
01-04 01:16:30.825 2455 2455 I sysui_multi_action: [757,0,758,1,759,0,927,3,928,0,1593,0]
01-04 01:16:34.599 1133 1890 I input_interaction: Interaction with: c9f1bc8 NotificationShade (server), edge-swipe (server), swipe-up (server), PointerEventDispatcher0 (server),
01-04 01:16:35.982 1133 1649 I DropBoxManagerService: add tag=system_app_strictmode isTagEnabled=true flags=0x2
01-04 01:16:36.235 1133 3529 I sysui_multi_action: [757,856,758,1,806,com.android.systemui,857,updateNotification,858,3]
01-04 01:16:36.238 1133 1133 I notification_enqueue: [10087,2455,com.android.systemui,2048,NULL,0,Notification(channel=updateNotification shortcut=null contentView=null vibrate=null sound=null defaults=0x0 flags=0x0 color=0x00000000 vis=PRIVATE),0]
01-04 01:16:36.238 2455 2455 I sysui_multi_action: [757,111,758,2]
01-04 01:16:36.239 2455 2455 I sysui_multi_action: [757,111,758,2]
01-04 01:16:36.394 1133 1651 I input_focus: [Focus request dad8335 com.android.launcher3/com.android.launcher3.uioverrides.QuickstepLauncher,reason=UpdateInputWindows]
01-04 01:16:36.400 1133 1583 I sysui_multi_action: [757,128,758,2,793,91458,794,5756,795,91458,796,26,798,0,806,android,857,DEVELOPER_IMPORTANT,858,4,947,0,1395,4,1500,91457,1688,1]
01-04 01:16:36.400 1133 1583 I notification_visibility: [-1|android|26|null|1000,0,91458,91458,0,0]
01-04 01:16:36.400 1133 1583 I sysui_multi_action: [757,128,758,2,793,88065,794,5754,795,88065,796,17303299,797,com.android.wifi,798,1,806,android,857,NETWORK_AVAILABLE,858,2,947,0,1395,4,1500,87857,1688,1]
01-04 01:16:36.401 1133 1583 I notification_visibility: [0|android|17303299|com.android.wifi|1000,0,88065,88065,0,1]
01-04 01:16:36.401 1133 1583 I sysui_multi_action: [757,128,758,2,793,91371,794,5754,795,91371,796,55,798,2,806,android,857,DEVELOPER,858,2,947,0,1395,4,1500,91371,1688,1]
01-04 01:16:36.401 1133 1583 I notification_visibility: [-1|android|55|null|1000,0,91371,91371,0,2]
01-04 01:16:36.401 1133 1583 I sysui_multi_action: [757,128,758,2,793,92260,794,5754,795,92260,796,32,798,3,806,android,857,USB,858,1,947,0,1395,4,1500,91688,1688,1]
01-04 01:16:36.401 1133 1583 I notification_visibility: [-1|android|32|null|1000,0,92260,92260,0,3]
01-04 01:16:36.402 1133 3529 I sysui_multi_action: [757,127,758,2]
01-04 01:16:36.402 1133 3529 I notification_panel_hidden:
01-04 01:16:36.426 1133 1890 I input_focus: [Focus leaving c9f1bc8 NotificationShade (server),reason=NO_WINDOW]
01-04 01:16:36.427 1133 1890 I input_focus: [Focus entering dad8335 com.android.launcher3/com.android.launcher3.uioverrides.QuickstepLauncher (server),reason=setFocusedWindow]
01-04 01:16:36.441 1133 1133 I sysui_multi_action: [757,1501,758,1,793,204,794,0,795,204,796,2048,806,com.android.systemui,857,updateNotification,858,3,947,0,1500,0,1688,1]
01-04 01:16:36.441 1133 1133 I sysui_multi_action: [757,804,799,note_interruptive,801,0,802,1]
01-04 01:16:36.441 1133 1133 I GameModeConfig: isGameModeOn = false
01-04 01:16:36.445 1133 1133 W NotificationHistory: Attempted to add notif for locked/gone/disabled user 0
01-04 01:16:36.501 1133 1649 I commit_sys_config_file: [notification-policy,96947]
01-04 01:16:36.755 1133 1663 I am_uid_idle: 10028
01-04 01:16:37.042 1133 1890 I input_interaction: Interaction with: 2c759d StatusBar (server), edge-swipe (server), swipe-up (server), PointerEventDispatcher0 (server),
01-04 01:16:37.049 2455 2455 I sysui_multi_action: [757,803,799,panel_open,802,1]
01-04 01:16:37.051 2455 2455 I sysui_multi_action: [757,1328,758,4,1326,12,1327,3,1329,0]
01-04 01:16:37.098 1133 3017 I sysui_multi_action: [757,127,758,1]
01-04 01:16:37.099 1133 3017 I sysui_multi_action: [757,804,799,note_load,801,4,802,1]
01-04 01:16:37.099 1133 3017 I notification_panel_revealed: 4
01-04 01:16:37.116 1133 1651 I input_focus: [Focus request c9f1bc8 NotificationShade,reason=UpdateInputWindows]
01-04 01:16:37.131 1133 3017 I sysui_multi_action: [757,128,758,1,793,92189,794,0,795,92189,796,26,798,0,806,android,857,DEVELOPER_IMPORTANT,858,4,947,0,1395,4,1500,92188,1688,1]
01-04 01:16:37.131 1133 3017 I sysui_multi_action: [757,804,799,note_freshness,801,92189,802,1]
01-04 01:16:37.131 1133 3017 I notification_visibility: [-1|android|26|null|1000,1,92189,92189,0,0]
01-04 01:16:37.132 1133 3017 I sysui_multi_action: [757,128,758,1,793,88797,794,0,795,88797,796,17303299,797,com.android.wifi,798,1,806,android,857,NETWORK_AVAILABLE,858,2,947,0,1395,4,1500,88589,1688,1]
01-04 01:16:37.132 1133 3017 I sysui_multi_action: [757,804,799,note_freshness,801,88797,802,1]
01-04 01:16:37.132 1133 3017 I notification_visibility: [0|android|17303299|com.android.wifi|1000,1,88797,88797,0,1]
01-04 01:16:37.133 1133 3017 I sysui_multi_action: [757,128,758,1,793,92103,794,0,795,92103,796,55,798,2,806,android,857,DEVELOPER,858,2,947,0,1395,4,1500,92103,1688,1]
01-04 01:16:37.133 1133 3017 I sysui_multi_action: [757,804,799,note_freshness,801,92103,802,1]
01-04 01:16:37.133 1133 3017 I notification_visibility: [-1|android|55|null|1000,1,92103,92103,0,2]
01-04 01:16:37.133 1133 3017 I sysui_multi_action: [757,128,758,1,793,92992,794,0,795,92992,796,32,798,3,806,android,857,USB,858,1,947,0,1395,4,1500,92420,1688,1]
01-04 01:16:37.133 1133 3017 I sysui_multi_action: [757,804,799,note_freshness,801,92992,802,1]
01-04 01:16:37.133 1133 3017 I notification_visibility: [-1|android|32|null|1000,1,92992,92992,0,3]
01-04 01:16:37.145 1133 1890 I input_focus: [Focus leaving dad8335 com.android.launcher3/com.android.launcher3.uioverrides.QuickstepLauncher (server),reason=setFocusedWindow]
01-04 01:16:37.145 1133 1890 I input_focus: [Focus entering c9f1bc8 NotificationShade (server),reason=setFocusedWindow]
01-04 01:16:37.202 2455 2455 I sysui_multi_action: [757,111,758,1]
01-04 01:16:37.202 2455 2455 I sysui_multi_action: [757,126,758,1,759,126,927,0,928,1,1593,0]
01-04 01:16:37.203 2455 2455 I sysui_multi_action: [757,113,758,1,759,113,927,1,928,1,1593,0]
01-04 01:16:37.203 2455 2455 I sysui_multi_action: [757,0,758,1,759,0,927,2,928,0,1593,0]
01-04 01:16:37.203 2455 2455 I sysui_multi_action: [757,0,758,1,759,0,927,3,928,0,1593,0]
01-04 01:16:37.204 2455 2455 I sysui_multi_action: [757,491,758,1,759,491,927,4,928,0,1311,-1,1593,0]
01-04 01:16:37.204 2455 2455 I sysui_multi_action: [757,0,758,1,759,0,927,5,928,0,1593,0]
01-04 01:16:37.204 2455 2455 I sysui_multi_action: [757,0,758,1,759,0,927,6,1593,0]
01-04 01:16:37.205 2455 2455 I sysui_multi_action: [757,111,758,1]
01-04 01:16:37.205 2455 2455 I sysui_multi_action: [757,126,758,1,759,126,927,0,928,1,1593,0]
01-04 01:16:37.205 2455 2455 I sysui_multi_action: [757,113,758,1,759,113,927,1,928,1,1593,0]
01-04 01:16:37.206 2455 2455 I sysui_multi_action: [757,0,758,1,759,0,927,2,928,0,1593,0]
01-04 01:16:37.206 2455 2455 I sysui_multi_action: [757,0,758,1,759,0,927,3,928,0,1593,0]
01-04 01:16:37.881 1133 1890 I input_interaction: Interaction with: c9f1bc8 NotificationShade (server), edge-swipe (server), swipe-up (server), PointerEventDispatcher0 (server),
01-04 01:16:37.893 1133 1133 I service_manager_slow: [10,phone]
01-04 01:16:38.804 2455 2455 I sysui_multi_action: [757,332,758,4,796,32,806,android,857,USB,947,0]
01-01 08:03:18.597 0 0 I perf : interrupt took too long (3150 > 3141), lowering kernel.perf_event_max_sample_rate to 63500
01-04 01:16:39.969 2455 2455 I sysui_multi_action: [757,332,758,4,796,55,806,android,857,DEVELOPER,947,0]
01-04 01:16:40.516 2455 2455 I sysui_multi_action: [757,803,799,notification_dismissed,802,1]
01-04 01:16:40.529 1133 1133 I sysui_multi_action: [757,804,799,note_dismiss_longevity,801,1,802,1]
01-04 01:16:40.529 1133 1133 I sysui_multi_action: [757,128,758,5,759,2,793,92194,794,3397,795,92194,796,17303299,797,com.android.wifi,798,3,806,android,857,NETWORK_AVAILABLE,858,2,947,0,1395,4,1500,91986,1688,1]
01-04 01:16:40.529 1133 1133 I notification_canceled: [0|android|17303299|com.android.wifi|1000,2,92194,92194,3397,3,4,NULL]
01-04 01:16:40.533 1133 1133 D CompatibilityChangeReporter: Compat change id reported: 175319604; UID 1000; state: ENABLED
01-04 01:16:40.533 1133 1133 D CompatibilityChangeReporter: Compat change id reported: 175319604; UID 1000; state: DISABLED
01-04 01:16:41.572 1133 2396 I GameModeConfig: isGameModeOn = false
01-04 01:16:41.573 1133 2396 I GameModeConfig: isGameModeOn = false
01-04 01:16:41.573 1133 2396 I GameModeConfig: isGameModeOn = false
01-04 01:16:41.573 1133 2396 I GameModeConfig: isGameModeOn = false
01-04 01:16:41.573 1133 2396 I GameModeConfig: isGameModeOn = false
01-04 01:16:41.574 1133 1133 I notification_enqueue: [10087,2455,com.android.systemui,2048,NULL,0,Notification(channel=updateNotification shortcut=null contentView=null vibrate=null sound=null defaults=0x0 flags=0x0 color=0x00000000 vis=PRIVATE),1]
01-04 01:16:41.575 2455 2455 I sysui_multi_action: [757,111,758,2]
01-04 01:16:41.575 2455 2455 I sysui_multi_action: [757,111,758,2]
01-04 01:16:41.687 1133 1651 I input_focus: [Focus request dad8335 com.android.launcher3/com.android.launcher3.uioverrides.QuickstepLauncher,reason=UpdateInputWindows]
01-04 01:16:41.694 1133 3017 I sysui_multi_action: [757,128,758,2,793,96751,794,4562,795,96751,796,26,798,0,806,android,857,DEVELOPER_IMPORTANT,858,4,947,0,1395,3,1500,96750,1688,1]
01-04 01:16:41.694 1133 3017 I notification_visibility: [-1|android|26|null|1000,0,96751,96751,0,0]
01-04 01:16:41.695 1133 3017 I sysui_multi_action: [757,128,758,2,793,96665,794,4562,795,96665,796,55,798,1,806,android,857,DEVELOPER,858,2,947,0,1395,3,1500,96665,1688,1]
01-04 01:16:41.695 1133 3017 I notification_visibility: [-1|android|55|null|1000,0,96665,96665,0,1]
01-04 01:16:41.698 1133 3017 I sysui_multi_action: [757,128,758,2,793,97557,794,4565,795,97557,796,32,798,2,806,android,857,USB,858,1,947,0,1395,3,1500,96985,1688,1]
01-04 01:16:41.698 1133 3017 I notification_visibility: [-1|android|32|null|1000,0,97557,97557,0,2]
01-04 01:16:41.703 1133 3017 I sysui_multi_action: [757,127,758,2]
01-04 01:16:41.710 1133 3017 I notification_panel_hidden:
01-04 01:16:41.723 1133 1890 I input_focus: [Focus leaving c9f1bc8 NotificationShade (server),reason=NO_WINDOW]
01-04 01:16:41.723 1133 1890 I input_focus: [Focus entering dad8335 com.android.launcher3/com.android.launcher3.uioverrides.QuickstepLauncher (server),reason=setFocusedWindow]
01-04 01:16:41.777 1133 1133 I GameModeConfig: isGameModeOn = false
01-04 01:16:42.405 1133 1663 I am_uid_idle: 10025
01-04 01:16:42.642 1133 1663 I am_uid_idle: 10019
01-04 01:16:43.238 1133 1890 I input_interaction: Interaction with: 2c759d StatusBar (server), edge-swipe (server), swipe-up (server), PointerEventDispatcher0 (server),
01-04 01:16:43.248 2455 2455 I sysui_multi_action: [757,803,799,panel_open,802,1]
01-04 01:16:43.251 2455 2455 I sysui_multi_action: [757,1328,758,4,1326,86,1327,3,1329,0]
01-04 01:16:43.313 1133 3529 I sysui_multi_action: [757,127,758,1]
01-04 01:16:43.313 1133 3529 I sysui_multi_action: [757,804,799,note_load,801,3,802,1]
01-04 01:16:43.314 1133 3529 I notification_panel_revealed: 3
01-04 01:16:43.333 1133 1651 I input_focus: [Focus request c9f1bc8 NotificationShade,reason=UpdateInputWindows]
01-04 01:16:43.342 1133 1583 I sysui_multi_action: [757,128,758,1,793,98400,794,0,795,98400,796,26,798,0,806,android,857,DEVELOPER_IMPORTANT,858,4,947,0,1395,3,1500,98399,1688,1]
01-04 01:16:43.343 1133 1583 I sysui_multi_action: [757,804,799,note_freshness,801,98400,802,1]
01-04 01:16:43.345 1133 1583 I notification_visibility: [-1|android|26|null|1000,1,98400,98400,0,0]
01-04 01:16:43.346 1133 1583 I sysui_multi_action: [757,128,758,1,793,98316,794,0,795,98316,796,55,798,1,806,android,857,DEVELOPER,858,2,947,0,1395,3,1500,98316,1688,1]
01-04 01:16:43.347 1133 1583 I sysui_multi_action: [757,804,799,note_freshness,801,98316,802,1]
01-04 01:16:43.347 1133 1583 I notification_visibility: [-1|android|55|null|1000,1,98316,98316,0,1]
01-04 01:16:43.348 1133 1583 I sysui_multi_action: [757,128,758,1,793,99207,794,0,795,99207,796,32,798,2,806,android,857,USB,858,1,947,0,1395,3,1500,98635,1688,1]
01-04 01:16:43.348 1133 1583 I sysui_multi_action: [757,804,799,note_freshness,801,99207,802,1]
01-04 01:16:43.349 1133 1583 I notification_visibility: [-1|android|32|null|1000,1,99207,99207,0,2]
01-04 01:16:43.359 1133 1890 I input_focus: [Focus leaving dad8335 com.android.launcher3/com.android.launcher3.uioverrides.QuickstepLauncher (server),reason=setFocusedWindow]
01-04 01:16:43.359 1133 1890 I input_focus: [Focus entering c9f1bc8 NotificationShade (server),reason=setFocusedWindow]
01-04 01:16:43.375 2455 2455 I sysui_multi_action: [757,111,758,1]
01-04 01:16:43.375 2455 2455 I sysui_multi_action: [757,126,758,1,759,126,927,0,928,1,1593,0]
01-04 01:16:43.376 2455 2455 I sysui_multi_action: [757,113,758,1,759,113,927,1,928,1,1593,0]
01-04 01:16:43.376 2455 2455 I sysui_multi_action: [757,0,758,1,759,0,927,2,928,0,1593,0]
01-04 01:16:43.376 2455 2455 I sysui_multi_action: [757,0,758,1,759,0,927,3,928,0,1593,0]
01-04 01:16:43.377 2455 2455 I sysui_multi_action: [757,491,758,1,759,491,927,4,928,0,1311,-1,1593,0]
01-04 01:16:43.377 2455 2455 I sysui_multi_action: [757,0,758,1,759,0,927,5,928,0,1593,0]
01-04 01:16:43.377 2455 2455 I sysui_multi_action: [757,0,758,1,759,0,927,6,1593,0]
01-04 01:16:43.377 2455 2455 I sysui_multi_action: [757,111,758,1]
01-04 01:16:43.378 2455 2455 I sysui_multi_action: [757,126,758,1,759,126,927,0,928,1,1593,0]
01-04 01:16:43.378 2455 2455 I sysui_multi_action: [757,113,758,1,759,113,927,1,928,1,1593,0]
01-04 01:16:43.378 2455 2455 I sysui_multi_action: [757,0,758,1,759,0,927,2,928,0,1593,0]
01-04 01:16:43.378 2455 2455 I sysui_multi_action: [757,0,758,1,759,0,927,3,928,0,1593,0]
01-04 01:16:43.690 1133 1663 I am_uid_idle: 10031
01-04 01:16:44.003 1133 1663 I am_uid_idle: 10068
01-04 01:16:44.012 1133 1663 I am_uid_idle: 10071
01-04 01:16:44.230 1133 1890 I input_interaction: Interaction with: c9f1bc8 NotificationShade (server), edge-swipe (server), swipe-up (server), PointerEventDispatcher0 (server),
01-04 01:16:44.321 1133 1663 I am_uid_idle: 10076
01-04 01:16:44.713 1133 2396 I GameModeConfig: isGameModeOn = false
01-04 01:16:44.714 1133 2396 I GameModeConfig: isGameModeOn = false
01-04 01:16:44.714 1133 2396 I GameModeConfig: isGameModeOn = false
01-04 01:16:44.714 1133 2396 I GameModeConfig: isGameModeOn = false
01-04 01:16:44.714 1133 2396 I GameModeConfig: isGameModeOn = false
01-04 01:16:44.715 1133 1133 I notification_enqueue: [10087,2455,com.android.systemui,2048,NULL,0,Notification(channel=updateNotification shortcut=null contentView=null vibrate=null sound=null defaults=0x0 flags=0x0 color=0x00000000 vis=PRIVATE),1]
01-04 01:16:44.715 2455 2455 I sysui_multi_action: [757,111,758,2]
01-04 01:16:44.716 2455 2455 I sysui_multi_action: [757,111,758,2]
01-04 01:16:44.881 1133 1651 I input_focus: [Focus request dad8335 com.android.launcher3/com.android.launcher3.uioverrides.QuickstepLauncher,reason=UpdateInputWindows]
01-04 01:16:44.889 1133 3017 I sysui_multi_action: [757,128,758,2,793,99947,794,1547,795,99947,796,26,798,0,806,android,857,DEVELOPER_IMPORTANT,858,4,947,0,1395,3,1500,99946,1688,1]
01-04 01:16:44.890 1133 3017 I notification_visibility: [-1|android|26|null|1000,0,99947,99947,0,0]
01-04 01:16:44.890 1133 3017 I sysui_multi_action: [757,128,758,2,793,99860,794,1544,795,99860,796,55,798,1,806,android,857,DEVELOPER,858,2,947,0,1395,3,1500,99860,1688,1]
01-04 01:16:44.890 1133 3017 I notification_visibility: [-1|android|55|null|1000,0,99860,99860,0,1]
01-04 01:16:44.891 1133 3017 I sysui_multi_action: [757,128,758,2,793,100750,794,1543,795,100750,796,32,798,2,806,android,857,USB,858,1,947,0,1395,3,1500,100178,1688,1]
01-04 01:16:44.891 1133 3017 I notification_visibility: [-1|android|32|null|1000,0,100750,100750,0,2]
01-04 01:16:44.892 1133 3017 I sysui_multi_action: [757,127,758,2]
01-04 01:16:44.892 1133 3017 I notification_panel_hidden:
01-04 01:16:44.914 1133 1890 I input_focus: [Focus leaving c9f1bc8 NotificationShade (server),reason=NO_WINDOW]
01-04 01:16:44.914 1133 1890 I input_focus: [Focus entering dad8335 com.android.launcher3/com.android.launcher3.uioverrides.QuickstepLauncher (server),reason=setFocusedWindow]
01-04 01:16:44.918 1133 1133 I GameModeConfig: isGameModeOn = false
01-04 01:16:45.134 1133 1663 I am_uid_idle: 10036
01-04 01:16:45.164 1133 1663 I am_uid_idle: 10094
01-04 01:16:45.258 1133 1890 I input_interaction: Interaction with: 2c759d StatusBar (server), edge-swipe (server), swipe-up (server), PointerEventDispatcher0 (server),
01-04 01:16:45.272 2455 2455 I sysui_multi_action: [757,803,799,panel_open,802,1]
01-04 01:16:45.275 2455 2455 I sysui_multi_action: [757,1328,758,4,1326,84,1327,1,1329,0]
01-04 01:16:45.295 1133 3529 I sysui_multi_action: [757,127,758,1]
01-04 01:16:45.295 1133 3529 I sysui_multi_action: [757,804,799,note_load,801,3,802,1]
01-04 01:16:45.295 1133 3529 I notification_panel_revealed: 3
01-04 01:16:45.307 1133 1651 I input_focus: [Focus request c9f1bc8 NotificationShade,reason=UpdateInputWindows]
01-04 01:16:45.318 1133 1583 I sysui_multi_action: [757,128,758,1,793,100376,794,0,795,100376,796,26,798,0,806,android,857,DEVELOPER_IMPORTANT,858,4,947,0,1395,3,1500,100375,1688,1]
01-04 01:16:45.318 1133 1583 I sysui_multi_action: [757,804,799,note_freshness,801,100376,802,1]
01-04 01:16:45.318 1133 1583 I notification_visibility: [-1|android|26|null|1000,1,100376,100376,0,0]
01-04 01:16:45.318 1133 1583 I sysui_multi_action: [757,128,758,1,793,100288,794,0,795,100288,796,55,798,1,806,android,857,DEVELOPER,858,2,947,0,1395,3,1500,100288,1688,1]
01-04 01:16:45.318 1133 1583 I sysui_multi_action: [757,804,799,note_freshness,801,100288,802,1]
01-04 01:16:45.318 1133 1583 I notification_visibility: [-1|android|55|null|1000,1,100288,100288,0,1]
01-04 01:16:45.318 1133 1583 I sysui_multi_action: [757,128,758,1,793,101177,794,0,795,101177,796,32,798,2,806,android,857,USB,858,1,947,0,1395,3,1500,100605,1688,1]
01-04 01:16:45.318 1133 1583 I sysui_multi_action: [757,804,799,note_freshness,801,101177,802,1]
01-04 01:16:45.318 1133 1583 I notification_visibility: [-1|android|32|null|1000,1,101177,101177,0,2]
01-04 01:16:45.332 1133 1890 I input_focus: [Focus leaving dad8335 com.android.launcher3/com.android.launcher3.uioverrides.QuickstepLauncher (server),reason=setFocusedWindow]
01-04 01:16:45.332 1133 1890 I input_focus: [Focus entering c9f1bc8 NotificationShade (server),reason=setFocusedWindow]
01-04 01:16:45.346 2455 2455 I sysui_multi_action: [757,111,758,1]
01-04 01:16:45.346 2455 2455 I sysui_multi_action: [757,126,758,1,759,126,927,0,928,1,1593,0]
01-04 01:16:45.346 2455 2455 I sysui_multi_action: [757,113,758,1,759,113,927,1,928,1,1593,0]
01-04 01:16:45.347 2455 2455 I sysui_multi_action: [757,0,758,1,759,0,927,2,928,0,1593,0]
01-04 01:16:45.347 2455 2455 I sysui_multi_action: [757,0,758,1,759,0,927,3,928,0,1593,0]
01-04 01:16:45.347 2455 2455 I sysui_multi_action: [757,491,758,1,759,491,927,4,928,0,1311,-1,1593,0]
01-04 01:16:45.347 2455 2455 I sysui_multi_action: [757,0,758,1,759,0,927,5,928,0,1593,0]
01-04 01:16:45.347 2455 2455 I sysui_multi_action: [757,0,758,1,759,0,927,6,1593,0]
01-04 01:16:45.348 2455 2455 I sysui_multi_action: [757,111,758,1]
01-04 01:16:45.348 2455 2455 I sysui_multi_action: [757,126,758,1,759,126,927,0,928,1,1593,0]
01-04 01:16:45.348 2455 2455 I sysui_multi_action: [757,113,758,1,759,113,927,1,928,1,1593,0]
01-04 01:16:45.348 2455 2455 I sysui_multi_action: [757,0,758,1,759,0,927,2,928,0,1593,0]
01-04 01:16:45.348 2455 2455 I sysui_multi_action: [757,0,758,1,759,0,927,3,928,0,1593,0]
01-04 01:16:45.727 1133 1663 I am_uid_idle: 10063
01-04 01:16:45.963 1133 1663 I am_uid_idle: 10022
01-04 01:16:46.301 1133 1663 I am_uid_idle: 10021
01-04 01:16:46.448 1133 2396 I GameModeConfig: isGameModeOn = false
01-04 01:16:46.503 1133 1663 I am_uid_idle: 2000
01-04 01:16:47.579 1133 1890 I input_interaction: Interaction with: c9f1bc8 NotificationShade (server), edge-swipe (server), swipe-up (server), PointerEventDispatcher0 (server),
01-04 01:16:47.938 1133 2396 I GameModeConfig: isGameModeOn = false
01-04 01:16:47.938 1133 2396 I GameModeConfig: isGameModeOn = false
01-04 01:16:47.938 1133 2396 I GameModeConfig: isGameModeOn = false
01-04 01:16:47.938 1133 2396 I GameModeConfig: isGameModeOn = false
01-04 01:16:47.938 1133 2396 I GameModeConfig: isGameModeOn = false
01-04 01:16:47.940 1133 1133 I notification_enqueue: [10087,2455,com.android.systemui,2048,NULL,0,Notification(channel=updateNotification shortcut=null contentView=null vibrate=null sound=null defaults=0x0 flags=0x0 color=0x00000000 vis=PRIVATE),1]
01-04 01:16:47.940 2455 2455 I sysui_multi_action: [757,111,758,2]
01-04 01:16:47.941 2455 2455 I sysui_multi_action: [757,111,758,2]
01-04 01:16:48.070 1133 1651 I input_focus: [Focus request dad8335 com.android.launcher3/com.android.launcher3.uioverrides.QuickstepLauncher,reason=UpdateInputWindows]
01-04 01:16:48.076 1133 2503 I sysui_multi_action: [757,128,758,2,793,103134,794,2758,795,103134,796,26,798,0,806,android,857,DEVELOPER_IMPORTANT,858,4,947,0,1395,3,1500,103133,1688,1]
01-04 01:16:48.076 1133 2503 I notification_visibility: [-1|android|26|null|1000,0,103134,103134,0,0]
01-04 01:16:48.076 1133 2503 I sysui_multi_action: [757,128,758,2,793,103046,794,2758,795,103046,796,55,798,1,806,android,857,DEVELOPER,858,2,947,0,1395,3,1500,103046,1688,1]
01-04 01:16:48.077 1133 2503 I notification_visibility: [-1|android|55|null|1000,0,103046,103046,0,1]
01-04 01:16:48.077 1133 2503 I sysui_multi_action: [757,128,758,2,793,103936,794,2759,795,103936,796,32,798,2,806,android,857,USB,858,1,947,0,1395,3,1500,103364,1688,1]
01-04 01:16:48.078 1133 2503 I notification_visibility: [-1|android|32|null|1000,0,103936,103936,0,2]
01-04 01:16:48.078 1133 1812 I sysui_multi_action: [757,127,758,2]
01-04 01:16:48.079 1133 1812 I notification_panel_hidden:
01-04 01:16:48.105 1133 1890 I input_focus: [Focus leaving c9f1bc8 NotificationShade (server),reason=NO_WINDOW]
01-04 01:16:48.105 1133 1890 I input_focus: [Focus entering dad8335 com.android.launcher3/com.android.launcher3.uioverrides.QuickstepLauncher (server),reason=setFocusedWindow]
01-04 01:16:48.143 1133 1133 I GameModeConfig: isGameModeOn = false
01-04 01:16:49.492 1133 1890 I input_interaction: Interaction with: dad8335 com.android.launcher3/com.android.launcher3.uioverrides.QuickstepLauncher (server), 48a1821 com.android.systemui.ImageWallpaper (server), edge-swipe (server), swipe-up (server), PointerEventDispatcher0 (server),
01-04 01:16:49.553 1133 1813 I sysui_multi_action: [757,127,758,1]
01-04 01:16:49.553 1133 1813 I sysui_multi_action: [757,804,799,note_load,801,3,802,1]
01-04 01:16:49.554 1133 1813 I notification_panel_revealed: 3
01-04 01:16:49.567 1133 1813 I dvm_lock_sample: [system_server,1,Binder:1133_4,10,WindowManagerService.java,2228,int com.android.server.wm.WindowManagerService.relayoutWindow(com.android.server.wm.Session, android.view.IWindow, android.view.WindowManager$LayoutParams, int, int, int, int, long, android.window.ClientWindowFrames, android.util.MergedConfiguration, android.view.SurfaceControl, android.view.InsetsState, android.view.InsetsSourceControl[], android.graphics.Point),WindowAnimator.java,110,void com.android.server.wm.WindowAnimator.lambda$new$1$WindowAnimator(long),2]
01-04 01:16:49.573 1133 1651 I input_focus: [Focus request c9f1bc8 NotificationShade,reason=UpdateInputWindows]
01-04 01:16:49.590 1133 1813 I sysui_multi_action: [757,128,758,1,793,104648,794,0,795,104648,796,26,798,0,806,android,857,DEVELOPER_IMPORTANT,858,4,947,0,1395,3,1500,104647,1688,1]
01-04 01:16:49.590 1133 1813 I sysui_multi_action: [757,804,799,note_freshness,801,104648,802,1]
01-04 01:16:49.590 1133 1813 I notification_visibility: [-1|android|26|null|1000,1,104648,104648,0,0]
01-04 01:16:49.591 1133 1813 I sysui_multi_action: [757,128,758,1,793,104561,794,0,795,104561,796,55,798,1,806,android,857,DEVELOPER,858,2,947,0,1395,3,1500,104561,1688,1]
01-04 01:16:49.591 1133 1813 I sysui_multi_action: [757,804,799,note_freshness,801,104561,802,1]
01-04 01:16:49.591 1133 1813 I notification_visibility: [-1|android|55|null|1000,1,104561,104561,0,1]
01-04 01:16:49.591 1133 1813 I sysui_multi_action: [757,128,758,1,793,105450,794,0,795,105450,796,32,798,2,806,android,857,USB,858,1,947,0,1395,3,1500,104878,1688,1]
01-04 01:16:49.592 1133 1813 I sysui_multi_action: [757,804,799,note_freshness,801,105450,802,1]
01-04 01:16:49.592 1133 1890 I input_focus: [Focus leaving dad8335 com.android.launcher3/com.android.launcher3.uioverrides.QuickstepLauncher (server),reason=Waiting for window because NOT_VISIBLE]
01-04 01:16:49.592 1133 1813 I notification_visibility: [-1|android|32|null|1000,1,105450,105450,0,2]
01-04 01:16:49.608 1133 1890 I input_focus: [Focus entering c9f1bc8 NotificationShade (server),reason=Window became focusable. Previous reason: NOT_VISIBLE]
01-04 01:16:49.629 1133 1651 I input_focus: [Focus request dad8335 com.android.launcher3/com.android.launcher3.uioverrides.QuickstepLauncher,reason=UpdateInputWindows]
01-04 01:16:49.651 1133 1651 I input_focus: [Focus request c9f1bc8 NotificationShade,reason=UpdateInputWindows]
01-04 01:16:49.658 1133 1890 I input_focus: [Focus leaving c9f1bc8 NotificationShade (server),reason=NOT_FOCUSABLE]
01-04 01:16:49.659 1133 1890 I input_focus: [Focus entering dad8335 com.android.launcher3/com.android.launcher3.uioverrides.QuickstepLauncher (server),reason=setFocusedWindow]
01-04 01:16:49.670 2455 2455 I sysui_latency: [0,132]
01-04 01:16:49.675 1133 1890 I input_focus: [Focus leaving dad8335 com.android.launcher3/com.android.launcher3.uioverrides.QuickstepLauncher (server),reason=setFocusedWindow]
01-04 01:16:49.675 1133 1890 I input_focus: [Focus entering c9f1bc8 NotificationShade (server),reason=setFocusedWindow]
01-04 01:16:49.708 2455 2455 I sysui_multi_action: [757,111,758,1]
01-04 01:16:49.709 2455 2455 I sysui_multi_action: [757,126,758,1,759,126,927,0,928,1,1593,0]
01-04 01:16:49.709 2455 2455 I sysui_multi_action: [757,113,758,1,759,113,927,1,928,1,1593,0]
01-04 01:16:49.709 2455 2455 I sysui_multi_action: [757,0,758,1,759,0,927,2,928,0,1593,0]
01-04 01:16:49.709 2455 2455 I sysui_multi_action: [757,0,758,1,759,0,927,3,928,0,1593,0]
01-04 01:16:49.710 2455 2455 I sysui_multi_action: [757,491,758,1,759,491,927,4,928,0,1311,-1,1593,0]
01-04 01:16:49.710 2455 2455 I sysui_multi_action: [757,0,758,1,759,0,927,5,928,0,1593,0]
01-04 01:16:49.711 2455 2455 I sysui_multi_action: [757,0,758,1,759,0,927,6,1593,0]
01-04 01:16:49.711 2455 2455 I sysui_multi_action: [757,111,758,1]
01-04 01:16:49.711 2455 2455 I sysui_multi_action: [757,126,758,1,759,126,927,0,928,1,1593,0]
01-04 01:16:49.712 2455 2455 I sysui_multi_action: [757,113,758,1,759,113,927,1,928,1,1593,0]
01-04 01:16:49.712 2455 2455 I sysui_multi_action: [757,0,758,1,759,0,927,2,928,0,1593,0]
01-04 01:16:49.712 2455 2455 I sysui_multi_action: [757,0,758,1,759,0,927,3,928,0,1593,0]
01-04 01:16:51.591 1133 2396 I GameModeConfig: isGameModeOn = false
01-04 01:16:51.779 1133 2396 I GameModeConfig: isGameModeOn = false
01-04 01:16:52.229 1133 1663 I am_uid_idle: 10060
01-04 01:16:52.488 1133 1663 I am_uid_idle: 10092
01-01 08:03:31.512 0 0 I [schedu][0xf20e88f0][01:16:52.481180] wlan: [3172:I:OSIF] scan start scan id 40964
01-04 01:16:53.525 1133 1890 I input_interaction: Interaction with: c9f1bc8 NotificationShade (server), edge-swipe (server), swipe-up (server), PointerEventDispatcher0 (server),
01-01 08:03:32.694 0 0 I [schedu][0xf368e701][01:16:53.663447] wlan: [3172:I:OSIF] vdev 0, scan id 40964 type COMPLETED(1) reason COMPLETED(1) scan found 84 bss
01-04 01:16:53.696 1515 1541 I liblog : 116
01-04 01:16:54.729 1133 2396 I GameModeConfig: isGameModeOn = false
01-04 01:16:54.919 1133 2396 I GameModeConfig: isGameModeOn = false
01-04 01:16:55.455 1133 2396 I GameModeConfig: isGameModeOn = false
01-04 01:16:55.456 1133 2396 I GameModeConfig: isGameModeOn = false
01-04 01:16:55.456 1133 2396 I GameModeConfig: isGameModeOn = false
01-04 01:16:55.458 1133 2396 I GameModeConfig: isGameModeOn = false
01-04 01:16:55.458 1133 2396 I GameModeConfig: isGameModeOn = false
01-04 01:16:55.460 1133 1133 I notification_enqueue: [10087,2455,com.android.systemui,2048,NULL,0,Notification(channel=updateNotification shortcut=null contentView=null vibrate=null sound=null defaults=0x0 flags=0x0 color=0x00000000 vis=PRIVATE),1]
01-04 01:16:55.460 2455 2455 I sysui_multi_action: [757,111,758,2]
01-04 01:16:55.461 2455 2455 I sysui_multi_action: [757,111,758,2]
01-04 01:16:55.647 1133 1651 I input_focus: [Focus request dad8335 com.android.launcher3/com.android.launcher3.uioverrides.QuickstepLauncher,reason=UpdateInputWindows]
01-04 01:16:55.655 1133 1813 I sysui_multi_action: [757,128,758,2,793,110712,794,6064,795,110712,796,26,798,0,806,android,857,DEVELOPER_IMPORTANT,858,4,947,0,1395,3,1500,110711,1688,1]
01-04 01:16:55.655 1133 1813 I notification_visibility: [-1|android|26|null|1000,0,110712,110712,0,0]
01-04 01:16:55.656 1133 1813 I sysui_multi_action: [757,128,758,2,793,110626,794,6065,795,110626,796,55,798,1,806,android,857,DEVELOPER,858,2,947,0,1395,3,1500,110626,1688,1]
01-04 01:16:55.656 1133 1813 I notification_visibility: [-1|android|55|null|1000,0,110626,110626,0,1]
01-04 01:16:55.657 1133 1813 I sysui_multi_action: [757,128,758,2,793,111516,794,6066,795,111516,796,32,798,2,806,android,857,USB,858,1,947,0,1395,3,1500,110944,1688,1]
01-04 01:16:55.657 1133 1813 I notification_visibility: [-1|android|32|null|1000,0,111516,111516,0,2]
01-04 01:16:55.658 1133 1812 I sysui_multi_action: [757,127,758,2]
01-04 01:16:55.658 1133 1812 I notification_panel_hidden:
01-04 01:16:55.663 1133 1133 I GameModeConfig: isGameModeOn = false
01-04 01:16:55.675 1133 1890 I input_focus: [Focus leaving c9f1bc8 NotificationShade (server),reason=NO_WINDOW]
01-04 01:16:55.675 1133 1890 I input_focus: [Focus entering dad8335 com.android.launcher3/com.android.launcher3.uioverrides.QuickstepLauncher (server),reason=setFocusedWindow]
01-04 01:16:57.951 1133 2396 I GameModeConfig: isGameModeOn = false
01-04 01:16:58.145 1133 2396 I GameModeConfig: isGameModeOn = false
01-04 01:16:58.726 1133 1890 I input_interaction: Interaction with: dad8335 com.android.launcher3/com.android.launcher3.uioverrides.QuickstepLauncher (server), 48a1821 com.android.systemui.ImageWallpaper (server), edge-swipe (server), swipe-up (server), PointerEventDispatcher0 (server),
01-04 01:16:58.839 1133 1133 I service_manager_stats: [100,157,40264]
01-04 01:16:58.857 1133 1649 I DropBoxManagerService: add tag=system_app_strictmode isTagEnabled=true flags=0x2
01-04 01:16:58.858 1133 1812 I thunderperf: PlatormCompat.setOverrides: Uid1=10084 Pid1=2992 Uid2=10084 Pid2=2992
01-04 01:16:58.858 1133 1812 I thunderperf: PlatormCompat.setOverrides: needCheck:false
01-04 01:16:58.883 1133 1812 I ActivityTaskManager: START u0 {act=android.intent.action.MAIN cat=[android.intent.category.LAUNCHER] flg=0x10200000 cmp=com.android.music/.VideoBrowserActivity bnds=[2128,510][2314,710]} from uid 10084
01-04 01:16:58.894 1133 1812 I wm_task_created: [12,-1]
01-04 01:16:58.894 1133 1812 W ActivityTaskManager: Can't find TaskDisplayArea to determine support for multi window. Task id=12 attached=false
01-04 01:16:58.898 1133 1812 D CompatibilityChangeReporter: Compat change id reported: 174042980; UID 10094; state: DISABLED
01-04 01:16:58.898 1133 1812 D CompatibilityChangeReporter: Compat change id reported: 184838306; UID 10094; state: DISABLED
01-04 01:16:58.899 1133 1812 D CompatibilityChangeReporter: Compat change id reported: 185004937; UID 10094; state: DISABLED
01-04 01:16:58.899 1133 1812 D CompatibilityChangeReporter: Compat change id reported: 181136395; UID 10094; state: DISABLED
01-04 01:16:58.900 1133 1812 D CompatibilityChangeReporter: Compat change id reported: 174042936; UID 10094; state: DISABLED
01-04 01:16:58.900 1133 1812 I wm_task_moved: [12,1,7]
01-04 01:16:58.900 1133 1812 I wm_task_to_front: [0,12]
01-04 01:16:58.901 1133 1812 I wm_create_task: [0,12]
01-04 01:16:58.901 1133 1812 I wm_create_activity: [0,202907177,12,com.android.music/.VideoBrowserActivity,android.intent.action.MAIN,NULL,NULL,270532608]
01-04 01:16:58.901 1133 1812 I wm_task_moved: [12,1,7]
01-04 01:16:58.902 1133 1812 D CompatibilityChangeReporter: Compat change id reported: 168419799; UID 10094; state: DISABLED
01-04 01:16:58.903 1133 1812 I wm_pause_activity: [0,80062843,com.android.launcher3/.uioverrides.QuickstepLauncher,userLeaving=true,pauseBackTasks]
01-04 01:16:58.903 2455 2515 D PhoneStartingWindowTypeAlgorithm: preferredStartingWindowType newTask:true taskSwitch:true processRunning:true allowTaskSnapshot:true activityCreated:false useEmptySplashScreen:false legacySplashScreen:false topIsHome:false
01-04 01:16:58.903 2455 2515 D StartingSurfaceDrawer: addSplashScreen com.android.music theme=10302e3 task=12 suggestType=1
01-04 01:16:58.905 2455 2516 D StartingSurfaceDrawer: window attributes color: 0 icon null duration 0 brandImage null
01-04 01:16:58.907 2455 2516 D StartingSurfaceDrawer: quantize: this is pure transparent image
01-04 01:16:58.909 2455 2516 D StartingSurfaceDrawer: FgMainColor=ff161616 BgMainColor=0 IsBgComplex=false FromCache=false ThemeColor=fff0f0f3
01-04 01:16:58.909 2455 2516 D StartingSurfaceDrawer: isRgbSimilarInHsv a: fff0f0f3 b 0 contrast ratio: 18.4633
01-04 01:16:58.909 2455 2516 D StartingSurfaceDrawer: hsvDiff -120 ah 240.0 bh 0.0 as 0.012345679 bs 0.0 av 0.9529412 bv 0.0 sqH 0.4444444709353981 sqS 1.5241579254704485E-4 sqV 0.9080968911590048 root 0.6714893342133713
01-04 01:16:58.909 2455 2516 D StartingSurfaceDrawer: isRgbSimilarInHsv a: fff0f0f3 b ff161616 contrast ratio: 15.910277
01-04 01:16:58.909 2455 2516 D StartingSurfaceDrawer: hsvDiff -120 ah 240.0 bh 0.0 as 0.012345679 bs 0.0 av 0.9529412 bv 0.08627451 sqH 0.4444444709353981 sqS 1.5241579254704485E-4 sqV 0.7511111248864069 root 0.6313234806379246
01-04 01:16:58.909 2455 2516 D StartingSurfaceDrawer: makeSplashScreenContentView: choose fg icon
01-04 01:16:58.909 2455 2516 D StartingSurfaceDrawer: fillViewWithIcon surfaceWindowView android.window.SplashScreenView{dcaa1c9 V.E...... ......ID 0,0-0,0}
01-04 01:16:58.912 2992 2992 I wm_on_top_resumed_lost_called: [80062843,com.android.launcher3.uioverrides.QuickstepLauncher,topStateChangedWhenResumed]
01-04 01:16:58.914 2992 2992 I wm_on_paused_called: [80062843,com.android.launcher3.uioverrides.QuickstepLauncher,performPause]
01-04 01:16:58.915 1133 1813 I ActivityTaskManager: FOREGROUND_APPLICATION_CHANGED to com.android.music.VideoBrowserActivity
01-04 01:16:58.916 1133 1813 I ActivityTaskManager: The Process com.android.music Already Exists in BG. So sending its PID: 4400
01-04 01:16:58.917 1133 1813 I wm_add_to_stopping: [0,80062843,com.android.launcher3/.uioverrides.QuickstepLauncher,makeInvisible]
01-04 01:16:58.917 1133 1813 I wm_restart_activity: [0,202907177,12,com.android.music/.VideoBrowserActivity]
01-04 01:16:58.918 1133 1813 I wm_set_resumed_activity: [0,com.android.music/.VideoBrowserActivity,minimalResumeActivityLocked]
01-04 01:16:58.921 1133 1650 I am_uid_active: 10094
01-04 01:16:58.927 1133 1650 I sysui_multi_action: [757,803,799,window_time_0,802,30]
01-04 01:16:58.937 2956 4759 W ContextImpl: Calling a method in the system process without a qualified user: android.app.ContextImpl.startService:1816 android.content.ContextWrapper.startService:774 com.thundercomm.gamemode.ingame.services.GameModeActionUtils.startGameModeService:99 com.thundercomm.gamemode.ingame.services.GameModeActionUtils.startGameModeEntry:22 com.thundercomm.gamemode.ingame.services.ActivityMonitoringService$1.onActivityLaunch:129
01-04 01:16:58.943 1133 1133 I GameModeConfig: Current uri is uri = content://com.thundercomm.gamemode.api/gamemode_settings/gamemode_isgaming
01-04 01:16:58.951 1133 1133 I GameModeConfig: isGameModeOn = false
01-04 01:16:58.951 1133 1133 I GameModeConfig: isGameModeOn = false
01-04 01:16:58.951 1133 1133 I GameModeConfig: isDisableVoice = true
01-04 01:16:58.952 1133 1890 I input_focus: [Focus leaving dad8335 com.android.launcher3/com.android.launcher3.uioverrides.QuickstepLauncher (server),reason=NO_WINDOW]
01-04 01:16:58.962 1133 1661 I am_pss : [3047,1000,com.android.settings,139956224,122843136,0,291627008,0,15,15]
01-04 01:16:58.970 1133 1813 D CompatibilityChangeReporter: Compat change id reported: 149924527; UID 10094; state: ENABLED
01-04 01:16:58.970 1133 1812 D CompatibilityChangeReporter: Compat change id reported: 132649864; UID 10094; state: DISABLED
01-04 01:16:58.971 1133 1583 D CompatibilityChangeReporter: Compat change id reported: 182734110; UID 10094; state: ENABLED
01-04 01:16:58.973 1133 1661 I am_pss : [2462,10099,com.android.permissioncontroller,14563328,12464128,0,106553344,0,19,9]
01-04 01:16:58.974 4400 4400 I wm_on_create_called: [202907177,com.android.music.VideoBrowserActivity,performCreate]
01-04 01:16:58.974 4400 4400 I wm_on_start_called: [202907177,com.android.music.VideoBrowserActivity,handleStartActivity]
01-04 01:16:58.975 4400 4400 I wm_on_resume_called: [202907177,com.android.music.VideoBrowserActivity,RESUME_ACTIVITY]
01-04 01:16:58.983 4400 4400 I wm_on_top_resumed_gained_called: [202907177,com.android.music.VideoBrowserActivity,topStateChangedWhenResumed]
01-04 01:16:58.983 1133 1661 I am_pss : [4944,10056,com.qualcomm.qti.qms.service.trustzoneaccess,5329920,3743744,0,91422720,0,19,10]
01-04 01:16:58.989 1133 1651 I input_focus: [Focus request 9896cd1 com.android.music/com.android.music.VideoBrowserActivity,reason=UpdateInputWindows]
01-04 01:16:58.994 1133 1661 I am_pss : [4348,10076,com.android.gallery3d,8273920,6631424,0,95580160,0,19,10]
01-04 01:16:59.006 1133 1661 I am_pss : [4154,10019,com.android.providers.calendar,7163904,5447680,0,97939456,0,19,10]
01-04 01:16:59.029 2956 4759 W ContextImpl: Calling a method in the system process without a qualified user: android.app.ContextImpl.startService:1816 android.content.ContextWrapper.startService:774 com.thundercomm.gamemode.ingame.services.GameModeActionUtils.startGameModeService:99 com.thundercomm.gamemode.ingame.services.GameModeActionUtils.startGameModeEntry:22 com.thundercomm.gamemode.ingame.services.ActivityMonitoringService$1.onActivityLaunch:129
01-04 01:16:59.037 1133 1133 I GameModeConfig: Current uri is uri = content://com.thundercomm.gamemode.api/gamemode_settings/gamemode_isgaming
01-01 08:03:38.062 0 0 I binder : 4400:5158 ioctl 40046210 7a5d7701f4 returned -22
01-04 01:16:59.040 1133 1133 I GameModeConfig: isGameModeOn = false
01-04 01:16:59.041 1133 1133 I GameModeConfig: isGameModeOn = false
01-04 01:16:59.041 1133 1133 I GameModeConfig: isDisableVoice = true
01-04 01:16:59.080 2455 2515 D StartingSurfaceDrawer: Task start finish, remove starting surface for task 12
01-04 01:16:59.080 2455 2515 V StartingSurfaceDrawer: Removing splash screen window for task: 12
01-04 01:16:59.082 1133 1647 I sysui_multi_action: [319,53,321,49,322,195,325,195,757,761,758,8,759,1,806,com.android.music,871,com.android.music.VideoBrowserActivity,904,com.android.launcher3,905,0,1320,4,1321,1]
01-04 01:16:59.085 1133 1647 I wm_activity_launch_time: [0,202907177,com.android.music/.VideoBrowserActivity,195]
01-04 01:16:59.097 1133 1890 I input_focus: [Focus entering 9896cd1 com.android.music/com.android.music.VideoBrowserActivity (server),reason=Window became focusable. Previous reason: NOT_VISIBLE]
01-04 01:16:59.484 1133 1650 I wm_stop_activity: [0,80062843,com.android.launcher3/.uioverrides.QuickstepLauncher]
01-04 01:16:59.512 2992 2992 I wm_on_stop_called: [80062843,com.android.launcher3.uioverrides.QuickstepLauncher,STOP_ACTIVITY_ITEM]
01-04 01:16:59.523 2956 4759 W ContextImpl: Calling a method in the system process without a qualified user: android.app.ContextImpl.startService:1816 android.content.ContextWrapper.startService:774 com.thundercomm.gamemode.ingame.services.GameModeActionUtils.startGameModeService:99 com.thundercomm.gamemode.ingame.services.GameModeActionUtils.startGameModeEntry:22 com.thundercomm.gamemode.ingame.services.ActivityMonitoringService$1.onActivityLaunch:129
01-04 01:16:59.525 1133 1133 I GameModeConfig: Current uri is uri = content://com.thundercomm.gamemode.api/gamemode_settings/gamemode_isgaming
01-04 01:16:59.527 1133 1133 I GameModeConfig: isGameModeOn = false
01-04 01:16:59.527 1133 1133 I GameModeConfig: isGameModeOn = false
01-04 01:16:59.527 1133 1133 I GameModeConfig: isDisableVoice = true
01-04 01:17:01.931 1133 4178 E TaskPersister: File error accessing recents directory (directory doesn't exist?).
01-04 01:17:02.400 1133 1890 I input_interaction: Interaction with: 9896cd1 com.android.music/com.android.music.VideoBrowserActivity (server), edge-swipe (server), swipe-up (server), PointerEventDispatcher0 (server),
01-04 01:17:02.434 4400 4400 I view_enqueue_input_event: [Motion - Cancel,com.android.music/com.android.music.VideoBrowserActivity]
01-04 01:17:02.434 1133 1890 I input_interaction: Interaction with: edge-swipe (server), swipe-up (server), PointerEventDispatcher0 (server),
