01-01 08:01:19.154 576 576 I auditd : type=1400 audit(0.0:94): avc: denied { read } for comm="Binder:576_2" name="wakeup11" dev="sysfs" ino=55509 scontext=u:r:system_suspend:s0 tcontext=u:object_r:sysfs:s0 tclass=dir permissive=0
01-01 08:01:19.161 1133 1661 I commit_sys_config_file: [batterystats,2]
01-01 08:01:19.162 1133 1661 I commit_sys_config_file: [batterystats,1]
01-01 08:01:19.174 1676 1676 I auditd : type=1400 audit(0.0:95): avc: denied { read } for comm="ip" name="rt_tables" dev="dm-10" ino=353 scontext=u:r:ethernet:s0 tcontext=u:object_r:net_data_file:s0 tclass=file permissive=0
01-01 08:01:19.175 0 0 E : msm_pcm_volume_ctl_get substream not found
01-01 08:01:19.222 1133 1133 I rescue_note: [0,1,56941]
01-01 08:01:19.283 1133 1650 I commit_sys_config_file: [display-state,1]
01-01 08:01:19.297 1133 1650 I am_wtf : [0,1133,system_server,-1,DisplayDeviceConfig,requesting nits when no mapping exists.]
01-01 08:01:19.299 1133 1650 I am_wtf : [0,1133,system_server,-1,DisplayDeviceConfig,requesting nits when no mapping exists.]
01-01 08:01:19.297 0 0 E : msm_pcm_volume_ctl_get substream not found
01-01 08:01:19.322 1133 1133 I boot_progress_pms_start: 57042
01-01 08:01:19.329 1133 1650 I dvm_lock_sample: [system_server,1,android.display,7,PropertyInvalidatedCache.java,636,void android.app.PropertyInvalidatedCache.invalidateCache(java.lang.String),-,647,void android.app.PropertyInvalidatedCache.invalidateCache(java.lang.String),1]
01-01 08:01:19.391 1133 1133 I pm_critical_info: No settings file; creating initial state
01-01 08:01:19.393 1133 1133 I boot_progress_pms_system_scan_start: 57114
01-01 08:01:19.553 1133 1133 I pm_critical_info: Adding duplicate shared id: 1000 name=android
01-01 08:01:19.594 1133 1133 I pm_critical_info: Adding duplicate shared id: 1000 name=com.thundercomm.mcuupgrade
01-01 08:01:19.608 1133 1133 I pm_critical_info: Adding duplicate app id: 10019 name=com.android.providers.calendar
01-01 08:01:19.629 1133 1133 I pm_critical_info: Adding duplicate app id: 10021 name=com.android.mtp
01-01 08:01:19.637 1133 1133 I pm_critical_info: Adding duplicate app id: 10021 name=com.android.providers.downloads
01-01 08:01:19.644 1133 1133 I pm_critical_info: Adding duplicate shared id: 1000 name=com.android.dynsystem
01-01 08:01:19.657 1133 1133 I pm_critical_info: Adding duplicate app id: 10021 name=com.android.providers.downloads.ui
01-01 08:01:19.670 1133 1133 I pm_critical_info: Adding duplicate app id: 10021 name=com.android.soundpicker
01-01 08:01:19.701 1133 1133 I pm_critical_info: Adding duplicate shared id: 1000 name=com.android.location.fused
01-01 08:01:19.715 1133 1133 I pm_critical_info: Adding duplicate shared id: 1073 name=com.android.networkstack
01-01 08:01:19.719 1133 1133 I pm_critical_info: Adding duplicate shared id: 1000 name=com.android.providers.settings
01-01 08:01:19.726 1133 1133 I pm_critical_info: Adding duplicate shared id: 1000 name=com.android.inputdevices
01-01 08:01:19.736 1133 1133 I pm_critical_info: Adding duplicate shared id: 2000 name=com.android.shell
01-01 08:01:19.746 1133 1133 I pm_critical_info: Adding duplicate app id: 10028 name=com.android.providers.userdictionary
01-01 08:01:19.857 1133 1133 I pm_critical_info: Adding duplicate app id: 10028 name=com.android.providers.contacts
01-01 08:01:19.862 1133 1133 I pm_critical_info: Adding duplicate shared id: 1073 name=com.android.networkstack.permissionconfig
01-01 08:01:19.872 1133 1133 I pm_critical_info: Adding duplicate app id: 10021 name=com.android.providers.media
01-01 08:01:19.922 0 0 I IPv6 : ADDRCONF(NETDEV_UP): vlan4: link is not ready
01-01 08:01:19.925 0 0 I : ip (1714) used greatest stack depth: 9416 bytes left
01-01 08:01:19.950 1716 1716 I auditd : type=1400 audit(0.0:96): avc: denied { read } for comm="ip" name="rt_tables" dev="dm-10" ino=353 scontext=u:r:ethernet:s0 tcontext=u:object_r:net_data_file:s0 tclass=file permissive=0
01-01 08:01:19.974 1717 1717 I auditd : type=1400 audit(0.0:97): avc: denied { read } for comm="ip" name="rt_tables" dev="dm-10" ino=353 scontext=u:r:ethernet:s0 tcontext=u:object_r:net_data_file:s0 tclass=file permissive=0
01-01 08:01:20.264 0 0 I IPv6 : ADDRCONF(NETDEV_UP): vlan8: link is not ready
01-01 08:01:20.282 1733 1733 I auditd : type=1400 audit(0.0:98): avc: denied { read } for comm="ip" name="rt_tables" dev="dm-10" ino=353 scontext=u:r:ethernet:s0 tcontext=u:object_r:net_data_file:s0 tclass=file permissive=0
01-01 08:01:20.302 1734 1734 I auditd : type=1400 audit(0.0:99): avc: denied { read } for comm="ip" name="rt_tables" dev="dm-10" ino=353 scontext=u:r:ethernet:s0 tcontext=u:object_r:net_data_file:s0 tclass=file permissive=0
01-01 08:01:20.464 1133 1133 I pm_critical_info: Adding duplicate shared id: 1000 name=com.thundercomm.tcservice
01-01 08:01:20.468 1133 1133 I pm_critical_info: Adding duplicate shared id: 1000 name=com.android.server.telecom
01-01 08:01:20.683 0 0 I IPv6 : ADDRCONF(NETDEV_UP): vlan11: link is not ready
01-01 08:01:20.702 1777 1777 I auditd : type=1400 audit(0.0:100): avc: denied { read } for comm="ip" name="rt_tables" dev="dm-10" ino=353 scontext=u:r:ethernet:s0 tcontext=u:object_r:net_data_file:s0 tclass=file permissive=0
01-01 08:01:20.722 1778 1778 I auditd : type=1400 audit(0.0:101): avc: denied { read } for comm="ip" name="rt_tables" dev="dm-10" ino=353 scontext=u:r:ethernet:s0 tcontext=u:object_r:net_data_file:s0 tclass=file permissive=0
01-01 08:01:20.726 1317 1317 I auditd : type=1400 audit(0.0:102): avc: denied { write } for comm="sh" name="ip_forward" dev="proc" ino=19591 scontext=u:r:ethernet:s0 tcontext=u:object_r:proc_net:s0 tclass=file permissive=0
01-01 08:01:20.726 1317 1317 I auditd : type=1400 audit(0.0:103): avc: denied { write } for comm="sh" name="ip_default_ttl" dev="proc" ino=50635 scontext=u:r:ethernet:s0 tcontext=u:object_r:proc_net:s0 tclass=file permissive=0
01-01 08:01:20.726 1317 1317 I auditd : type=1400 audit(0.0:104): avc: denied { write } for comm="sh" name="tcp_keepalive_probes" dev="proc" ino=50636 scontext=u:r:ethernet:s0 tcontext=u:object_r:proc_net:s0 tclass=file permissive=0
01-01 08:01:20.726 1317 1317 I auditd : type=1400 audit(0.0:105): avc: denied { write } for comm="sh" name="tcp_keepalive_intvl" dev="proc" ino=50637 scontext=u:r:ethernet:s0 tcontext=u:object_r:proc_net:s0 tclass=file permissive=0
01-01 08:01:20.726 1317 1317 I auditd : type=1400 audit(0.0:106): avc: denied { write } for comm="sh" name="tcp_keepalive_time" dev="proc" ino=50638 scontext=u:r:ethernet:s0 tcontext=u:object_r:proc_net:s0 tclass=file permissive=0
01-01 08:01:20.726 1317 1317 I auditd : type=1400 audit(0.0:107): avc: denied { write } for comm="sh" name="tcp_rmem" dev="proc" ino=50639 scontext=u:r:ethernet:s0 tcontext=u:object_r:proc_net:s0 tclass=file permissive=0
01-01 08:01:20.726 1317 1317 I auditd : type=1400 audit(0.0:108): avc: denied { write } for comm="sh" name="tcp_wmem" dev="proc" ino=50640 scontext=u:r:ethernet:s0 tcontext=u:object_r:proc_net:s0 tclass=file permissive=0
01-01 08:01:20.726 1317 1317 I auditd : type=1400 audit(0.0:109): avc: denied { write } for comm="sh" name="tcp_synack_retries" dev="proc" ino=46009 scontext=u:r:ethernet:s0 tcontext=u:object_r:proc_net:s0 tclass=file permissive=0
01-01 08:01:20.726 1317 1317 I auditd : type=1400 audit(0.0:110): avc: denied { write } for comm="sh" name="tcp_syn_retries" dev="proc" ino=46008 scontext=u:r:ethernet:s0 tcontext=u:object_r:proc_net:s0 tclass=file permissive=0
01-01 08:01:20.726 1317 1317 I auditd : type=1400 audit(0.0:111): avc: denied { write } for comm="sh" name="tcp_max_tw_buckets" dev="proc" ino=50641 scontext=u:r:ethernet:s0 tcontext=u:object_r:proc_net:s0 tclass=file permissive=0
01-01 08:01:20.726 1317 1317 I auditd : type=1400 audit(0.0:112): avc: denied { write } for comm="sh" name="tcp_retries2" dev="proc" ino=46011 scontext=u:r:ethernet:s0 tcontext=u:object_r:proc_net:s0 tclass=file permissive=0
01-01 08:01:20.726 1317 1317 I auditd : type=1400 audit(0.0:113): avc: denied { write } for comm="sh" name="icmp_echo_ignore_all" dev="proc" ino=50642 scontext=u:r:ethernet:s0 tcontext=u:object_r:proc_net:s0 tclass=file permissive=0
01-01 08:01:20.726 1317 1317 I auditd : type=1400 audit(0.0:114): avc: denied { write } for comm="sh" name="icmp_echo_ignore_broadcasts" dev="proc" ino=50643 scontext=u:r:ethernet:s0 tcontext=u:object_r:proc_net:s0 tclass=file permissive=0
01-01 08:01:20.730 1317 1317 I auditd : type=1400 audit(0.0:115): avc: denied { write } for comm="sh" name="tcp_window_scaling" dev="proc" ino=50644 scontext=u:r:ethernet:s0 tcontext=u:object_r:proc_net:s0 tclass=file permissive=0
01-01 08:01:20.730 1317 1317 I auditd : type=1400 audit(0.0:116): avc: denied { write } for comm="sh" name="drop_gratuitous_arp" dev="proc" ino=50645 scontext=u:r:ethernet:s0 tcontext=u:object_r:proc_net:s0 tclass=file permissive=0
01-01 08:01:20.730 1317 1317 I auditd : type=1400 audit(0.0:117): avc: denied { write } for comm="sh" name="arp_accept" dev="proc" ino=50646 scontext=u:r:ethernet:s0 tcontext=u:object_r:proc_net:s0 tclass=file permissive=0
01-01 08:01:20.730 1317 1317 I auditd : type=1400 audit(0.0:118): avc: denied { write } for comm="sh" name="arp_notify" dev="proc" ino=50647 scontext=u:r:ethernet:s0 tcontext=u:object_r:proc_net:s0 tclass=file permissive=0
01-01 08:01:20.730 1317 1317 I auditd : type=1400 audit(0.0:119): avc: denied { write } for comm="sh" name="arp_ignore" dev="proc" ino=50648 scontext=u:r:ethernet:s0 tcontext=u:object_r:proc_net:s0 tclass=file permissive=0
01-01 08:01:20.971 0 0 D cnss : Received QMI WLFW pin connect result indication
01-01 08:01:20.971 0 0 D cnss : Pin connect Result: pwr_pin: 0x0 phy_io_pin: 0x0 rf_io_pin: 0x2b
01-01 08:01:20.971 0 0 D cnss : Received QMI WLFW calibration done indication
01-01 08:01:20.971 0 0 D cnss : Posting event: COLD_BOOT_CAL_DONE(6), state: 0xf flags: 0x0
01-01 08:01:20.971 0 0 D cnss : PM stay awake, state: 0xf, count: 1
01-01 08:01:20.971 0 0 D cnss : PM relax, state: 0xf, count: 0
01-01 08:01:20.971 0 0 D cnss : PM stay awake, state: 0xf, count: 1
01-01 08:01:20.971 0 0 D cnss : Processing driver event: COLD_BOOT_CAL_DONE(6), state: 0xf
01-01 08:01:20.971 0 0 D cnss : Calibration completed successfully
01-01 08:01:20.971 0 0 D cnss : Received QMI WLFW FW ready indication
01-01 08:01:20.971 0 0 D cnss : Sending mode message, mode: OFF(4), state: 0xf
01-01 08:01:20.971 0 0 D cnss : Posting event: COLD_BOOT_CAL_DONE(6), state: 0xf flags: 0x0
01-01 08:01:20.977 0 0 D cnss : WLFW server exiting
01-01 08:01:20.977 0 0 D cnss : Posting event: SERVER_EXIT(1), state: 0x2000f flags: 0x0
01-01 08:01:20.979 0 0 D cnss : Skip driver remove
01-01 08:01:20.979 0 0 D cnss : Read register offset 0x1f8031c, val = 0x2
01-01 08:01:20.980 0 0 D cnss : Write val 0x3 to register offset 0x1f8031c
01-01 08:01:20.982 0 0 D cnss : Setting MHI state: POWER_OFF(4)
01-01 08:01:21.019 0 0 D cnss : Suspending PCI link
01-01 08:01:21.019 0 0 I msm_pcie_disable: PCIe: Assert the reset of endpoint of RC0.
01-01 08:01:21.020 0 0 D cnss : Setting MHI state: DEINIT(1)
01-01 08:01:21.020 0 0 D cnss : De-assert WLAN_EN GPIO successfully
01-01 08:01:21.020 0 0 D cnss : Regulator vdd-wlan-rfa2 is being disabled
01-01 08:01:21.020 0 0 D cnss : Regulator vdd-wlan-rfa1 is being disabled
01-01 08:01:21.020 0 0 D cnss : Regulator vdd-wlan-dig is being disabled
01-01 08:01:21.021 0 0 I qcom_rpmh DRV: apps_rsc TCS Busy, retrying RPMH message send: addr=0x43204
01-01 08:01:21.021 0 0 D cnss : Regulator vdd-wlan-aon is being disabled
01-01 08:01:21.021 0 0 D cnss : Regulator wlan-ant-switch is being disabled
01-01 08:01:21.021 0 0 D cnss : Regulator vdd-wlan-io is being disabled
01-01 08:01:21.076 0 0 D cnss : Posting event: REGISTER_DRIVER(7)-sync, state: 0x20001 flags: 0x5
01-01 08:01:21.076 0 0 D cnss : Processing driver event: COLD_BOOT_CAL_DONE(6), state: 0x20001
01-01 08:01:21.076 0 0 D cnss : Processing driver event: SERVER_EXIT(1), state: 0x20001
01-01 08:01:21.076 0 0 I cnss : QMI WLFW service disconnected, state: 0x20000
01-01 08:01:21.082 0 0 D cnss : Processing driver event: REGISTER_DRIVER-sync(7), state: 0x0
01-01 08:01:21.082 0 0 D cnss : Regulator vdd-wlan-io is being enabled
01-01 08:01:21.082 0 0 D cnss : Regulator wlan-ant-switch is being enabled
01-01 08:01:21.082 0 0 D cnss : Regulator vdd-wlan-aon is being enabled
01-01 08:01:21.082 0 0 D cnss : Regulator vdd-wlan-dig is being enabled
01-01 08:01:21.083 0 0 D cnss : Regulator vdd-wlan-rfa1 is being enabled
01-01 08:01:21.083 0 0 D cnss : Regulator vdd-wlan-rfa2 is being enabled
01-01 08:01:21.083 0 0 D cnss : BT_EN_GPIO State: Off. Delay WLAN_GPIO enable
01-01 08:01:21.188 0 0 D cnss : Assert WLAN_EN GPIO successfully
01-01 08:01:21.188 0 0 D cnss : Resuming PCI link
01-01 08:01:21.188 0 0 I msm_pcie_enable: PCIe: Assert the reset of endpoint of RC0.
01-01 08:01:21.192 0 0 I msm_pcie_enable: PCIe: RC0: PCIE20_PARF_INT_ALL_MASK: 0x7f80d202
01-01 08:01:21.194 0 0 I pcie_phy_init: PCIe RC0 PHY is ready!
01-01 08:01:21.204 0 0 I msm_pcie_enable: PCIe: Release the reset of endpoint of RC0.
01-01 08:01:21.220 0 0 I msm_pcie_link_train: PCIe RC0 link initialized
01-01 08:01:21.235 0 0 I cnss_pci 0000: 01:00.0: enabling device (0000 -> 0002)
01-01 08:01:21.235 0 0 D cnss : Config PCIe remap window register to 0x4000003f
01-01 08:01:21.236 0 0 D cnss : Read register offset 0x1f8031c, val = 0x6
01-01 08:01:21.236 0 0 D cnss : Write val 0x2 to register offset 0x1f8031c
01-01 08:01:21.236 0 0 D cnss : Setting MHI state: INIT(0)
01-01 08:01:21.236 0 0 D cnss : Setting MHI state: POWER_ON(2)
01-01 08:01:21.237 0 0 W cnss_pci 0000: 01:00.0: Falling back to syfs fallback for: qca6390/amss20.bin
01-01 08:01:21.245 0 0 I ueventd : firmware: loading 'qca6390/amss20.bin' for '/devices/platform/soc/1c00000.qcom,pcie/pci0000:00/0000:00:00.0/0000:01:00.0/firmware/qca6390!amss20.bin'
01-01 08:01:21.259 0 0 I ueventd : loading /devices/platform/soc/1c00000.qcom,pcie/pci0000:00/0000:00:00.0/0000:01:00.0/firmware/qca6390!amss20.bin took 14ms
01-01 08:01:21.317 0 0 E init : Control message: Could not find 'android.frameworks.sensorservice@1.0::ISensorManager/default' for ctl.interface_start from pid: 505 (/system/bin/hwservicemanager)
01-01 08:01:21.341 0 0 E init : Control message: Could not find 'android.frameworks.sensorservice@1.0::ISensorManager/default' for ctl.interface_start from pid: 505 (/system/bin/hwservicemanager)
01-01 08:01:21.393 1133 1133 I pm_critical_info: Adding duplicate shared id: 1000 name=com.android.localtransport
01-01 08:01:21.416 1133 1133 I pm_critical_info: Adding duplicate shared id: 1000 name=com.tc.logclient
01-01 08:01:21.418 1133 1133 I service_manager_stats: [100,107,59138]
01-01 08:01:21.425 1133 1133 I pm_critical_info: Adding duplicate shared id: 1002 name=com.android.bluetooth
01-01 08:01:21.428 1133 1133 I pm_critical_info: Adding duplicate shared id: 1000 name=com.android.keychain
01-01 08:01:21.434 1133 1133 I pm_critical_info: Adding duplicate shared id: 1068 name=com.android.se
01-01 08:01:21.452 1133 1133 I pm_critical_info: Adding duplicate shared id: 1000 name=com.thundercomm.tchttpserver
01-01 08:01:21.463 1133 1133 I pm_critical_info: Adding duplicate shared id: 1000 name=com.android.wallpaperbackup
01-01 08:01:21.492 1133 1133 I pm_critical_info: Adding duplicate app id: 10055 name=vendor.qti.hardware.cacert.server
01-01 08:01:21.517 1133 1133 I pm_critical_info: Adding duplicate app id: 10055 name=vendor.qti.iwlan
01-01 08:01:21.612 1133 1133 I pm_critical_info: Adding duplicate shared id: 1001 name=com.qti.dpmserviceapp
01-01 08:01:21.620 1133 1133 I pm_critical_info: Adding duplicate shared id: 1000 name=com.qualcomm.qti.xrvd.service
01-01 08:01:21.630 1133 1133 I pm_critical_info: Adding duplicate shared id: 1000 name=com.thundercomm.gamemode
01-01 08:01:21.637 1133 1133 I pm_critical_info: Adding duplicate app id: 10083 name=com.android.emergency
01-01 08:01:21.642 0 0 D cnss : MHI status cb is called with reason MISSION_MODE(6)
01-01 08:01:21.645 0 0 D cnss : Completed event: REGISTER_DRIVER(7), state: 0x10, ret: 0/0
01-01 08:01:21.645 0 0 D cnss : PM relax, state: 0x10, count: 0
01-01 08:01:21.646 0 0 D cnss : PM stay awake, state: 0x10, count: 1
01-01 08:01:21.646 0 0 D cnss : PM relax, state: 0x10, count: 0
01-01 08:01:21.650 0 0 E : [drm:dp_display_init_aux_switch][msm-dp-err][492 ]failed to register notifier (-22)
01-01 08:01:21.665 0 0 E register_client_adhoc: find path.src 1 dest 589
01-01 08:01:21.675 1133 1133 I pm_critical_info: Adding duplicate shared id: 1000 name=com.android.provision
01-01 08:01:21.697 1133 1133 I pm_critical_info: Adding duplicate app id: 10085 name=com.qualcomm.location.XT
01-01 08:01:21.665 0 0 E register_client_adhoc: Failed to find path.src 1 dest 589
01-01 08:01:21.693 0 0 E swr-wcd rx_swr_ctrl: swrm_get_logical_dev_num: device 0xd01170224 is not ready
01-01 08:01:21.709 0 0 E swr_get_logical_dev_num: Error -22 to get logical addr for device d01170224
01-01 08:01:21.718 0 0 E swr-wcd rx_swr_ctrl: swrm_get_logical_dev_num: device 0xd01170224 is not ready
01-01 08:01:21.726 0 0 E swr_get_logical_dev_num: Error -22 to get logical addr for device d01170224
01-01 08:01:21.735 0 0 E swr-wcd rx_swr_ctrl: swrm_get_logical_dev_num: device 0xd01170224 is not ready
01-01 08:01:21.743 0 0 E swr_get_logical_dev_num: Error -22 to get logical addr for device d01170224
01-01 08:01:21.753 0 0 E swr-wcd rx_swr_ctrl: swrm_get_logical_dev_num: device 0xd01170224 is not ready
01-01 08:01:21.762 0 0 E swr_get_logical_dev_num: Error -22 to get logical addr for device d01170224
01-01 08:01:21.773 1133 1133 I pm_critical_info: Adding duplicate app id: 10087 name=com.android.systemui
01-01 08:01:21.771 0 0 E swr-wcd rx_swr_ctrl: swrm_get_logical_dev_num: device 0xd01170224 is not ready
01-01 08:01:21.776 0 0 D cnss : WLFW server arriving: node 7 port 1
01-01 08:01:21.779 0 0 D cnss : Posting event: SERVER_ARRIVE(0), state: 0x10 flags: 0x0
01-01 08:01:21.779 0 0 D cnss : PM stay awake, state: 0x10, count: 1
01-01 08:01:21.779 0 0 D cnss : PM relax, state: 0x10, count: 0
01-01 08:01:21.779 0 0 E swr_get_logical_dev_num: Error -22 to get logical addr for device d01170224
01-01 08:01:21.788 0 0 E wcd938x_codec wcd938x-codec: wcd938x_bind: Slave bind failed, ret = -517
01-01 08:01:21.788 0 0 D cnss : PM stay awake, state: 0x10, count: 1
01-01 08:01:21.796 0 0 D cnss : Processing driver event: SERVER_ARRIVE(0), state: 0x10
01-01 08:01:21.796 0 0 I cnss : QMI WLFW service connected, state: 0x11
01-01 08:01:21.796 0 0 D cnss : Sending indication register message, state: 0x11
01-01 08:01:21.797 0 0 E : [drm:dp_display_init_aux_switch][msm-dp-err][492 ]failed to register notifier (-22)
01-01 08:01:21.802 0 0 D cnss : Sending host capability message, state: 0x11
01-01 08:01:21.806 0 0 D cnss : Number of clients is 2
01-01 08:01:21.806 0 0 D cnss : Assign MSI to user: WAKE, num_vectors: 1, user_base_data: 813, base_vector: 13
01-01 08:01:21.806 0 0 D cnss : WAKE MSI base data is 813
01-01 08:01:21.806 0 0 D cnss : Calibration done is 1
01-01 08:01:21.806 0 0 D cnss : Sending iova starting 0xa0000000 with size 0x10010000
01-01 08:01:21.809 0 0 E register_client_adhoc: find path.src 1 dest 589
01-01 08:01:21.809 0 0 E register_client_adhoc: Failed to find path.src 1 dest 589
01-01 08:01:21.813 0 0 D cnss : PM relax, state: 0x11, count: 0
01-01 08:01:21.955 0 0 I init : Service 'exec 23 (/vendor/bin/modprobe -a -d /vendor/lib/modules/ qca_cld3_qca6390 qca_cld3_qca6490)' (pid 1192) exited with status 0 oneshot service took 7.799000 seconds in background
01-01 08:01:21.955 0 0 I init : Sending signal 9 to service 'exec 23 (/vendor/bin/modprobe -a -d /vendor/lib/modules/ qca_cld3_qca6390 qca_cld3_qca6490)' (pid 1192) process group...
01-01 08:01:21.955 0 0 I libprocessgroup: Successfully killed process cgroup uid 0 pid 1192 in 0ms
01-01 08:01:22.139 1133 1133 I pm_critical_info: Adding duplicate shared id: 1000 name=com.android.settings
01-01 08:01:22.155 1133 1133 I pm_critical_info: Adding duplicate shared id: 1000 name=vendor.qti.qesdk.sysservice
01-01 08:01:22.165 1133 1133 I pm_critical_info: Adding duplicate shared id: 1000 name=com.thundercomm.tcsetupwizard
01-01 08:01:22.169 1133 1133 I pm_critical_info: Adding duplicate shared id: 1000 name=com.qti.diagservices
01-01 08:01:22.179 1133 1133 I pm_critical_info: Adding duplicate shared id: 1027 name=com.android.nfc
01-01 08:01:22.184 1133 1133 I pm_critical_info: Adding duplicate shared id: 1000 name=com.thundercomm.remotecontrolservice
01-01 08:01:22.188 1133 1133 I pm_critical_info: Adding duplicate shared id: 1000 name=com.qualcomm.qti.qdma
01-01 08:01:22.192 1133 1133 I pm_critical_info: Adding duplicate shared id: 1000 name=com.thundercomm.microservice
01-01 08:01:22.198 1133 1133 I pm_critical_info: Adding duplicate shared id: 1000 name=com.qualcomm.qti.qmmi
01-01 08:01:22.202 1133 1133 I pm_critical_info: Adding duplicate shared id: 1000 name=com.qti.snapdragon.qdcm_ff
01-01 08:01:22.206 1133 1133 I pm_critical_info: Adding duplicate shared id: 1001 name=com.qualcomm.qti.uceShimService
01-01 08:01:22.219 1133 1133 I pm_critical_info: Adding duplicate shared id: 1001 name=com.qualcomm.qti.dynamicddsservice
01-01 08:01:22.223 1133 1133 I pm_critical_info: Adding duplicate shared id: 1000 name=com.thundercomm.microsettings
01-01 08:01:22.268 1133 1133 I pm_critical_info: Adding duplicate shared id: 1073 name=com.android.networkstack.tethering
01-01 08:01:22.318 0 0 E init : Control message: Could not find 'android.frameworks.sensorservice@1.0::ISensorManager/default' for ctl.interface_start from pid: 505 (/system/bin/hwservicemanager)
01-01 08:01:22.342 0 0 E init : Control message: Could not find 'android.frameworks.sensorservice@1.0::ISensorManager/default' for ctl.interface_start from pid: 505 (/system/bin/hwservicemanager)
01-01 08:01:22.367 1133 1133 I boot_progress_pms_data_scan_start: 60087
01-01 08:01:22.377 1133 1133 I boot_progress_pms_scan_end: 60098
01-01 08:01:22.575 1133 1133 I commit_sys_config_file: [package-user-0,1]
01-01 08:01:22.575 1133 1133 I commit_sys_config_file: [package,59]
01-01 08:01:22.575 1133 1133 I boot_progress_pms_ready: 60296
01-01 08:01:22.603 1133 1133 I am_uid_running: 1000
01-01 08:01:22.613 1133 1133 I am_uid_active: 1000
01-01 08:01:22.646 0 0 I init : Control message: Processed ctl.start for 'idmap2d' from pid: 1133 (system_server)
01-01 08:01:22.725 1133 1133 I commit_sys_config_file: [overlays,1]
01-01 08:01:22.742 1133 1660 I battery_status: [1,1,0,0,]
01-01 08:01:22.744 0 0 W healthd : battery none chg=
01-01 08:01:22.861 0 0 W F2FS-fs (dm-10): Unexpected flush for atomic writes: ino=1104, npages=3
01-01 08:01:22.885 1133 1133 I commit_sys_config_file: [settings-1-0,1]
01-01 08:01:22.894 1133 1133 I commit_sys_config_file: [settings-2-0,1]
01-01 08:01:22.906 1133 1133 I commit_sys_config_file: [settings-0-0,1]
01-01 08:01:22.911 1133 1133 I commit_sys_config_file: [settings-0-0,1]
01-01 08:01:22.912 1133 1133 I commit_sys_config_file: [settings-2-0,1]
01-01 08:01:22.913 1133 1133 I commit_sys_config_file: [settings-1-0,1]
01-01 08:01:22.926 1133 1133 I commit_sys_config_file: [overlays,202]
01-01 08:01:23.029 0 0 I cnss-daemon: DMS thread joined succesfully
01-01 08:01:23.029 0 0 I cnss-daemon: wlfw_stop: Stop done: 0
01-01 08:01:23.029 0 0 I cnss-daemon: wlfw_start: Starting
01-01 08:01:23.030 0 0 I cnss-daemon: wlfw_service_request: Start the pthread: 0x0K
01-01 08:01:23.042 0 0 I cnss-daemon: ro.baseband : [apq] --------- beginning of system
01-04 01:14:44.045 1133 1133 I SystemServerTiming: OnBootPhase_200_com.android.server.security.FileIntegrityService
01-04 01:14:44.045 1133 1133 D SystemServerTiming: OnBootPhase_200_com.android.server.security.FileIntegrityService took to complete: 0ms
01-04 01:14:44.045 1133 1133 I SystemServerTiming: OnBootPhase_200_com.android.server.pm.Installer
01-04 01:14:44.045 1133 1133 D SystemServerTiming: OnBootPhase_200_com.android.server.pm.Installer took to complete: 0ms
01-04 01:14:44.045 1133 1133 I SystemServerTiming: OnBootPhase_200_com.android.server.os.DeviceIdentifiersPolicyService
01-04 01:14:44.045 1133 1133 D SystemServerTiming: OnBootPhase_200_com.android.server.os.DeviceIdentifiersPolicyService took to complete: 0ms
01-04 01:14:44.045 1133 1133 I SystemServerTiming: OnBootPhase_200_com.android.server.uri.UriGrantsManagerService$Lifecycle
01-04 01:14:44.045 1133 1133 D SystemServerTiming: OnBootPhase_200_com.android.server.uri.UriGrantsManagerService$Lifecycle took to complete: 0ms
01-04 01:14:44.046 1133 1133 I SystemServerTiming: OnBootPhase_200_com.android.server.powerstats.PowerStatsService
01-04 01:14:44.046 1133 1133 D SystemServerTiming: OnBootPhase_200_com.android.server.powerstats.PowerStatsService took to complete: 0ms
01-04 01:14:44.046 1133 1133 I SystemServerTiming: OnBootPhase_200_com.android.server.wm.ActivityTaskManagerService$Lifecycle
01-04 01:14:44.046 1133 1133 D SystemServerTiming: OnBootPhase_200_com.android.server.wm.ActivityTaskManagerService$Lifecycle took to complete: 0ms
01-04 01:14:44.046 1133 1133 I SystemServerTiming: OnBootPhase_200_com.android.server.am.ActivityManagerService$Lifecycle
01-04 01:14:44.046 1133 1133 D SystemServerTiming: OnBootPhase_200_com.android.server.am.ActivityManagerService$Lifecycle took to complete: 0ms
01-04 01:14:44.046 1133 1133 I SystemServerTiming: OnBootPhase_200_com.android.server.pm.DataLoaderManagerService
01-04 01:14:44.046 1133 1133 D SystemServerTiming: OnBootPhase_200_com.android.server.pm.DataLoaderManagerService took to complete: 0ms
01-04 01:14:44.046 1133 1133 I SystemServerTiming: OnBootPhase_200_com.android.server.power.PowerManagerService
01-04 01:14:44.046 1133 1133 D SystemServerTiming: OnBootPhase_200_com.android.server.power.PowerManagerService took to complete: 0ms
01-04 01:14:44.046 1133 1133 I SystemServerTiming: OnBootPhase_200_com.android.server.power.ThermalManagerService
01-04 01:14:44.046 1133 1133 D SystemServerTiming: OnBootPhase_200_com.android.server.power.ThermalManagerService took to complete: 0ms
01-04 01:14:44.046 1133 1133 I SystemServerTiming: OnBootPhase_200_com.android.server.power.hint.HintManagerService
01-04 01:14:44.046 1133 1133 D SystemServerTiming: OnBootPhase_200_com.android.server.power.hint.HintManagerService took to complete: 0ms
01-04 01:14:44.046 1133 1133 I SystemServerTiming: OnBootPhase_200_com.android.server.recoverysystem.RecoverySystemService$Lifecycle
01-04 01:14:44.046 1133 1133 D SystemServerTiming: OnBootPhase_200_com.android.server.recoverysystem.RecoverySystemService$Lifecycle took to complete: 0ms
01-04 01:14:44.046 1133 1133 I SystemServerTiming: OnBootPhase_200_com.android.server.lights.LightsService
01-04 01:14:44.046 1133 1133 D SystemServerTiming: OnBootPhase_200_com.android.server.lights.LightsService took to complete: 0ms
01-04 01:14:44.046 1133 1133 I SystemServerTiming: OnBootPhase_200_com.android.server.display.DisplayManagerService
01-04 01:14:44.047 1133 1133 D SystemServerTiming: OnBootPhase_200_com.android.server.display.DisplayManagerService took to complete: 0ms
01-04 01:14:44.047 1133 1133 I SystemServerTiming: OnBootPhase_200_com.android.server.pm.verify.domain.DomainVerificationService
01-04 01:14:44.047 1133 1133 D SystemServerTiming: OnBootPhase_200_com.android.server.pm.verify.domain.DomainVerificationService took to complete: 0ms
01-04 01:14:44.047 1133 1133 I SystemServerTiming: OnBootPhase_200_com.android.server.pm.PackageInstallerService$Lifecycle
01-04 01:14:44.048 1133 1133 D SystemServerTiming: OnBootPhase_200_com.android.server.pm.PackageInstallerService$Lifecycle took to complete: 0ms
01-04 01:14:44.048 1133 1133 I SystemServerTiming: OnBootPhase_200_com.android.server.pm.UserManagerService$LifeCycle
01-04 01:14:44.048 1133 1133 D SystemServerTiming: OnBootPhase_200_com.android.server.pm.UserManagerService$LifeCycle took to complete: 0ms
01-04 01:14:44.048 1133 1133 I SystemServerTiming: OnBootPhase_200_com.android.server.om.OverlayManagerService
01-04 01:14:44.049 1133 1133 D SystemServerTiming: OnBootPhase_200_com.android.server.om.OverlayManagerService took to complete: 0ms
01-04 01:14:44.049 1133 1133 I SystemServerTiming: OnBootPhase_200_com.android.server.SensorPrivacyService
01-04 01:14:44.049 1133 1133 D SystemServerTiming: OnBootPhase_200_com.android.server.SensorPrivacyService took to complete: 0ms
01-04 01:14:44.049 1133 1133 I SystemServerTiming: OnBootPhase_200_com.android.server.thunderperf.ThunderBoostPerfService
01-04 01:14:44.049 1133 1133 D SystemServerTiming: OnBootPhase_200_com.android.server.thunderperf.ThunderBoostPerfService took to complete: 0ms
01-04 01:14:44.049 1133 1133 I SystemServerTiming: OnBootPhase_200_com.android.server.sensors.SensorService
01-04 01:14:44.049 1133 1133 D SystemServerTiming: OnBootPhase_200_com.android.server.sensors.SensorService took to complete: 0ms
01-04 01:14:44.050 1133 1133 I SystemServerTiming: OnBootPhase_200_com.android.server.SystemConfigService
01-04 01:14:44.050 1133 1133 D SystemServerTiming: OnBootPhase_200_com.android.server.SystemConfigService took to complete: 0ms
01-04 01:14:44.050 1133 1133 I SystemServerTiming: OnBootPhase_200_com.android.server.BatteryService
01-04 01:14:44.050 1133 1133 D SystemServerTiming: OnBootPhase_200_com.android.server.BatteryService took to complete: 0ms
01-04 01:14:44.050 1133 1133 I SystemServerTiming: OnBootPhase_200_com.android.server.usage.UsageStatsService
01-04 01:14:44.050 1133 1133 D SystemServerTiming: OnBootPhase_200_com.android.server.usage.UsageStatsService took to complete: 0ms
01-04 01:14:44.050 1133 1133 I SystemServerTiming: OnBootPhase_200_com.android.server.webkit.WebViewUpdateService
01-04 01:14:44.050 1133 1133 D SystemServerTiming: OnBootPhase_200_com.android.server.webkit.WebViewUpdateService took to complete: 0ms
01-04 01:14:44.050 1133 1133 I SystemServerTiming: OnBootPhase_200_com.android.server.CachedDeviceStateService
01-04 01:14:44.050 1133 1133 D SystemServerTiming: OnBootPhase_200_com.android.server.CachedDeviceStateService took to complete: 0ms
01-04 01:14:44.051 1133 1133 I SystemServerTiming: OnBootPhase_200_com.android.server.BinderCallsStatsService$LifeCycle
01-04 01:14:44.051 1133 1133 D SystemServerTiming: OnBootPhase_200_com.android.server.BinderCallsStatsService$LifeCycle took to complete: 0ms
01-04 01:14:44.051 1133 1133 I SystemServerTiming: OnBootPhase_200_com.android.server.LooperStatsService$Lifecycle
01-04 01:14:44.051 1133 1133 D SystemServerTiming: OnBootPhase_200_com.android.server.LooperStatsService$Lifecycle took to complete: 0ms
01-04 01:14:44.051 1133 1133 I SystemServerTiming: OnBootPhase_200_com.android.server.rollback.RollbackManagerService
01-04 01:14:44.051 1133 1133 D SystemServerTiming: OnBootPhase_200_com.android.server.rollback.RollbackManagerService took to complete: 0ms
01-04 01:14:44.051 1133 1133 I SystemServerTiming: OnBootPhase_200_com.android.server.os.NativeTombstoneManagerService
01-04 01:14:44.051 1133 1133 D SystemServerTiming: OnBootPhase_200_com.android.server.os.NativeTombstoneManagerService took to complete: 0ms
01-04 01:14:44.051 1133 1133 I SystemServerTiming: OnBootPhase_200_com.android.server.os.BugreportManagerService
01-04 01:14:44.051 1133 1133 D SystemServerTiming: OnBootPhase_200_com.android.server.os.BugreportManagerService took to complete: 0ms
01-04 01:14:44.051 1133 1133 I SystemServerTiming: OnBootPhase_200_com.android.server.gpu.GpuService
01-04 01:14:44.051 1133 1133 D SystemServerTiming: OnBootPhase_200_com.android.server.gpu.GpuService took to complete: 0ms
01-04 01:14:44.051 1133 1133 I SystemServerTiming: OnBootPhase_200_com.android.server.security.KeyChainSystemService
01-04 01:14:44.051 1133 1133 D SystemServerTiming: OnBootPhase_200_com.android.server.security.KeyChainSystemService took to complete: 0ms
01-04 01:14:44.051 1133 1133 I SystemServerTiming: OnBootPhase_200_com.android.server.telecom.TelecomLoaderService
01-04 01:14:44.051 1133 1133 D SystemServerTiming: OnBootPhase_200_com.android.server.telecom.TelecomLoaderService took to complete: 0ms
01-04 01:14:44.051 1133 1133 I SystemServerTiming: OnBootPhase_200_com.android.server.accounts.AccountManagerService$Lifecycle
01-04 01:14:44.051 1133 1133 D SystemServerTiming: OnBootPhase_200_com.android.server.accounts.AccountManagerService$Lifecycle took to complete: 0ms
01-04 01:14:44.051 1133 1133 I SystemServerTiming: OnBootPhase_200_com.android.server.content.ContentService$Lifecycle
01-04 01:14:44.051 1133 1133 D SystemServerTiming: OnBootPhase_200_com.android.server.content.ContentService$Lifecycle took to complete: 0ms
01-04 01:14:44.052 1133 1133 I SystemServerTiming: OnBootPhase_200_com.android.server.DropBoxManagerService
01-04 01:14:44.052 1133 1133 D SystemServerTiming: OnBootPhase_200_com.android.server.DropBoxManagerService took to complete: 0ms
01-04 01:14:44.052 1133 1133 I SystemServerTiming: OnBootPhase_200_com.android.role.RoleService
01-04 01:14:44.052 1133 1133 D SystemServerTiming: OnBootPhase_200_com.android.role.RoleService took to complete: 0ms
01-04 01:14:44.052 1133 1133 I SystemServerTiming: OnBootPhase_200_com.android.server.vibrator.VibratorManagerService$Lifecycle
01-04 01:14:44.052 1133 1133 D SystemServerTiming: OnBootPhase_200_com.android.server.vibrator.VibratorManagerService$Lifecycle took to complete: 0ms
01-04 01:14:44.052 1133 1133 I SystemServerTiming: OnBootPhase_200_com.android.server.alarm.AlarmManagerService
01-04 01:14:44.052 1133 1133 D SystemServerTiming: OnBootPhase_200_com.android.server.alarm.AlarmManagerService took to complete: 0ms
01-04 01:14:44.052 1133 1133 I SystemServerTiming: OnBootPhase_200_com.android.server.devicestate.DeviceStateManagerService
01-04 01:14:44.052 1133 1133 D SystemServerTiming: OnBootPhase_200_com.android.server.devicestate.DeviceStateManagerService took to complete: 0ms
01-04 01:14:44.052 1133 1133 I SystemServerTiming: OnBootPhase_200_com.android.server.camera.CameraServiceProxy
01-04 01:14:44.052 1133 1133 D SystemServerTiming: OnBootPhase_200_com.android.server.camera.CameraServiceProxy took to complete: 0ms
01-04 01:14:44.052 1133 1133 D SystemServerTiming: OnBootPhase_200 took to complete: 7ms
01-04 01:14:44.053 1133 1133 I WindowManager: No existing display settings, starting empty
01-04 01:14:44.053 1133 1133 I WindowManager: No existing display settings, starting empty
01-01 08:01:23.042 0 0 I cnss-daemon: Hardware supports external modem
01-01 08:01:23.094 0 0 I cnss-daemon: pm_release_vote: pm_handle is NULL
01-01 08:01:23.094 0 0 I cnss-daemon: pm_release_vote: pm_handle is NULL
01-01 08:01:23.095 0 0 I cnss-daemon: wlfw_build_cal_table: not read /data/vendor/wifi/wlfw_cal_00.bin
01-01 08:01:23.098 0 0 I cnss-daemon: wlfw_build_cal_table: not read /data/vendor/wifi/wlfw_cal_02.bin
01-01 08:01:23.105 0 0 D cnss : Received QMI WLFW request memory indication
01-01 08:01:23.105 0 0 D cnss : FW requests for memory, size: 0x5e0000, type: 1
01-01 08:01:23.105 0 0 D cnss : FW requests for memory, size: 0xd8000, type: 4
01-01 08:01:23.105 0 0 D cnss : Posting event: REQUEST_MEM(2), state: 0x11 flags: 0x0
01-01 08:01:23.105 0 0 D cnss : PM stay awake, state: 0x11, count: 1
01-01 08:01:23.105 0 0 D cnss : PM relax, state: 0x11, count: 0
01-01 08:01:23.105 0 0 D cnss : PM stay awake, state: 0x11, count: 1
01-01 08:01:23.105 0 0 D cnss : Processing driver event: REQUEST_MEM(2), state: 0x11
01-01 08:01:23.105 0 0 D cnss : Sending respond memory message, state: 0x11
01-01 08:01:23.105 0 0 D cnss : Memory for FW, va: 0xffffff80242c8000, pa: 0x00000000a1000000, size: 0x5e0000, type: 1
01-01 08:01:23.105 0 0 D cnss : Memory for FW, va: 0xffffff801d001000, pa: 0x00000000a1600000, size: 0xd8000, type: 4
01-01 08:01:23.110 0 0 D cnss : PM relax, state: 0x11, count: 0
01-04 01:14:44.079 1133 1133 D SystemServerTiming: StartWindowManagerService took to complete: 34ms
01-04 01:14:44.079 1133 1133 I SystemServerTiming: SetWindowManagerService
01-01 08:01:23.112 0 0 D cnss : Received QMI WLFW FW memory ready indication
01-01 08:01:23.112 0 0 D cnss : Posting event: FW_MEM_READY(3), state: 0x11 flags: 0x0
01-01 08:01:23.112 0 0 D cnss : PM stay awake, state: 0x11, count: 1
01-01 08:01:23.112 0 0 D cnss : PM relax, state: 0x11, count: 0
01-01 08:01:23.112 0 0 D cnss : PM stay awake, state: 0x11, count: 1
01-01 08:01:23.112 0 0 D cnss : Processing driver event: FW_MEM_READY(3), state: 0x11
01-01 08:01:23.112 0 0 D cnss : Sending target capability message, state: 0x13
01-01 08:01:23.117 0 0 D cnss : Voltage for CPR: 948mV
01-01 08:01:23.117 0 0 D cnss : Update TCS CMD data address 0x000000000b2e5844 with voltage 950mV
01-01 08:01:23.117 0 0 D cnss : Device frequency is 24000000 HZ
01-01 08:01:23.117 0 0 D cnss : Target capability: chip_id: 0x0, chip_family: 0xb, board_id: 0xff, soc_id: 0xffffffff, fw_version: 0x101a0521, fw_build_timestamp: 2021-12-20 07:54, fw_build_id: QC_IMAGE_VERSION_STRING=WLAN.HST.1.0.1.r1-01313-QCAHSTSWPL_SILICONZ-1, otp_version: 0x0
01-01 08:01:23.117 0 0 D cnss : Sending BDF download message, state: 0x13, type: 4
01-01 08:01:23.117 0 0 D cnss : FW name added with prefix: qca6390/regdb.bin
01-01 08:01:23.118 0 0 W cnss2 b0000000.qcom,cnss-qca6390: Falling back to syfs fallback for: qca6390/regdb.bin
01-01 08:01:23.135 0 0 I ueventd : firmware: loading 'qca6390/regdb.bin' for '/devices/platform/soc/b0000000.qcom,cnss-qca6390/firmware/qca6390!regdb.bin'
01-01 08:01:23.138 0 0 E ueventd : firmware: could not find firmware for qca6390/regdb.bin
01-04 01:14:44.097 1133 1829 I commit_sys_config_file: [settings-0-0,13]
01-04 01:14:44.101 1133 1829 I commit_sys_config_file: [settings-2-0,4]
01-04 01:14:44.107 1133 1829 I commit_sys_config_file: [settings-1-0,5]
01-01 08:01:23.146 0 0 E ueventd : firmware: attempted /etc/firmware/qca6390/regdb.bin, open failed: No such file or directory
01-01 08:01:23.158 0 0 E ueventd : firmware: attempted /odm/firmware/qca6390/regdb.bin, open failed: No such file or directory
01-04 01:14:44.135 1133 1133 I ActivityTaskManager: Loaded persisted task ids for user 0
01-04 01:14:44.136 1133 1133 I wm_task_created: [1,-1]
01-04 01:14:44.139 1133 1829 I commit_sys_config_file: [settings-4-0,1]
01-04 01:14:44.139 1133 1133 D SystemServerTiming: SetWindowManagerService took to complete: 60ms
01-04 01:14:44.139 1133 1133 I SystemServerTiming: WindowManagerServiceOnInitReady
01-01 08:01:23.170 0 0 E ueventd : firmware: attempted /vendor/firmware/qca6390/regdb.bin, open failed: No such file or directory
01-04 01:14:44.149 1133 1650 I sysui_multi_action: [757,1594,758,4,759,0,806,NULL]
01-04 01:14:44.156 1133 1133 D SystemServerTiming: WindowManagerServiceOnInitReady took to complete: 16ms
01-04 01:14:44.156 1133 1133 I SystemServerTiming: StartInputManager
01-04 01:14:44.156 1133 1133 I InputManager: Starting input manager
01-04 01:14:44.160 1133 1133 D SystemServerTiming: StartInputManager took to complete: 3ms
01-04 01:14:44.160 1133 1133 I SystemServerTiming: DisplayManagerWindowManagerAndInputReady
01-04 01:14:44.160 1133 1133 D SystemServerTiming: DisplayManagerWindowManagerAndInputReady took to complete: 0ms
01-04 01:14:44.160 1133 1133 I SystemServerTiming: StartBluetoothService
01-04 01:14:44.160 1133 1133 I SystemServiceManager: Starting com.android.server.BluetoothService
01-04 01:14:44.161 1133 1650 I LogicalDisplayMapper: Requesting Transition to state: 0
01-04 01:14:44.161 1133 1650 I LogicalDisplayMapper: Applying layout: [{addr: {port=129, model=0x40446d3026322d}, dispId: 0(ON)}], Previous layout: [{addr: {port=129, model=0x40446d3026322d}, dispId: 0(ON)}]
01-04 01:14:44.163 1133 1133 D BluetoothManagerService: Loading stored name and address
01-04 01:14:44.163 1133 1133 D BluetoothManagerService: Stored bluetooth Name=null,Address=null
01-04 01:14:44.163 1133 1133 D BluetoothManagerService: Bluetooth persisted state: 1
01-04 01:14:44.163 1133 1133 D BluetoothManagerService: Startup: Bluetooth persisted state is ON.
01-04 01:14:44.163 1133 1133 D BluetoothManagerService: Detected SystemUiUid: 10087
01-04 01:14:44.163 1133 1133 D SystemServerTiming: StartBluetoothService took to complete: 3ms
01-04 01:14:44.163 1133 1133 I SystemServerTiming: IpConnectivityMetrics
01-04 01:14:44.163 1133 1133 I SystemServiceManager: Starting com.android.server.connectivity.IpConnectivityMetrics
01-04 01:14:44.164 1133 1133 D SystemServerTiming: IpConnectivityMetrics took to complete: 0ms
01-04 01:14:44.164 1133 1133 I SystemServerTiming: NetworkWatchlistService
01-04 01:14:44.164 1133 1133 I SystemServiceManager: Starting com.android.server.net.watchlist.NetworkWatchlistService$Lifecycle
01-01 08:01:23.183 0 0 E ueventd : firmware: attempted /firmware/image/qca6390/regdb.bin, open failed: No such file or directory
01-01 08:01:23.195 0 0 E ueventd : firmware: attempted /vendor/firmware_mnt/image/qca6390/regdb.bin, open failed: No such file or directory
01-04 01:14:44.167 1133 1888 I SystemServerTimingAsync: InitThreadPoolExec:StartHidlServices
01-04 01:14:44.167 1133 1888 D SystemServerInitThreadPool: Started executing StartHidlServices
01-04 01:14:44.167 1133 1888 I SystemServerTimingAsync: StartHidlServices
01-04 01:14:44.170 1133 1133 I commit_sys_config_file: [net-watchlist,1]
01-04 01:14:44.175 1133 1133 D SystemServerTiming: NetworkWatchlistService took to complete: 11ms
01-04 01:14:44.175 1133 1133 I SystemServerTiming: PinnerService
01-04 01:14:44.175 1133 1133 I SystemServiceManager: Starting com.android.server.PinnerService
01-04 01:14:44.175 1133 1133 V HistoricalRegistry: Interaction before persistence initialized
01-01 08:01:23.208 0 0 I ueventd : loading /devices/platform/soc/b0000000.qcom,cnss-qca6390/firmware/qca6390!regdb.bin took 72ms
01-04 01:14:44.184 1133 1133 D SystemServerTiming: PinnerService took to complete: 10ms
01-04 01:14:44.185 1133 1133 I SystemServerTiming: IorapForwardingService
01-04 01:14:44.185 1133 1133 I SystemServiceManager: Starting com.google.android.startop.iorap.IorapForwardingService
01-04 01:14:44.185 1133 1661 D PinnerService: pinRangeStream: null
01-04 01:14:44.186 1133 1133 D SystemServerTiming: IorapForwardingService took to complete: 1ms
01-04 01:14:44.186 1133 1133 I SystemServiceManager: Starting com.android.server.ActivityTriggerService
01-04 01:14:44.186 1133 1133 I ActivityTriggerService: Starting ActivityTriggerService
01-01 08:01:23.208 0 0 E cnss : Failed to load BDF: qca6390/regdb.bin
01-01 08:01:23.218 0 0 D cnss : Sending BDF download message, state: 0x13, type: 1
01-01 08:01:23.218 0 0 D cnss : FW name added with prefix: qca6390/bdwlan.elf
01-01 08:01:23.218 0 0 W cnss2 b0000000.qcom,cnss-qca6390: Falling back to syfs fallback for: qca6390/bdwlan.elf
01-04 01:14:44.187 1133 1133 I auditd : type=1400 audit(0.0:120): avc: denied { read } for comm="InputReader" name="virtualkeys.cyttsp7_mt" dev="sysfs" ino=82482 scontext=u:r:system_server:s0 tcontext=u:object_r:sysfs:s0 tclass=file permissive=0
01-04 01:14:44.198 1133 1896 I WatchlistLoggingHandler: Start aggregating watchlist records.
01-01 08:01:23.242 0 0 W F2FS-fs (dm-10): Unexpected flush for atomic writes: ino=1479, npages=3
01-04 01:14:44.208 1133 1586 I snet_event_log: [172655291,-1,]
01-04 01:14:44.208 1133 1586 E PowerManagerService: Tried to acquire wake lock for invalid display: 0
01-04 01:14:44.208 1133 1663 I am_wtf : [0,1133,system_server,-1,PowerManagerService,Tried to acquire wake lock for invalid display: 0]
01-04 01:14:44.210 1133 1663 I DropBoxManagerService: add tag=system_server_wtf isTagEnabled=true flags=0x2
01-04 01:14:44.225 1133 1809 D SystemServerTimingAsync: AppDataPrepare took to complete: 734ms
01-04 01:14:44.225 1133 1809 I PackageManager: Deferred reconcileAppsData finished 117 packages
01-04 01:14:44.225 1133 1809 D SystemServerInitThreadPool: Finished executing prepareAppData
01-04 01:14:44.225 1133 1809 D SystemServerTimingAsync: InitThreadPoolExec:prepareAppData took to complete: 740ms
01-04 01:14:44.226 1133 1661 D PinnerService: pinRangeStream: null
01-04 01:14:44.228 1133 1888 D SystemServerTimingAsync: StartHidlServices took to complete: 60ms
01-04 01:14:44.228 1133 1888 D SystemServerInitThreadPool: Finished executing StartHidlServices
01-04 01:14:44.228 1133 1888 D SystemServerTimingAsync: InitThreadPoolExec:StartHidlServices took to complete: 60ms
01-04 01:14:44.230 1133 1133 I SystemServerTiming: SignedConfigService
01-04 01:14:44.230 1133 1133 D SystemServerTiming: SignedConfigService took to complete: 0ms
01-04 01:14:44.230 1133 1133 I SystemServerTiming: AppIntegrityService
01-04 01:14:44.231 1133 1133 I SystemServiceManager: Starting com.android.server.integrity.AppIntegrityManagerService
01-04 01:14:44.235 1133 1661 D PinnerService: pinRangeStream: null
01-01 08:01:23.254 0 0 D cnss : Downloading BDF: qca6390/bdwlan.elf, size: 57908
01-04 01:14:44.243 1133 1661 D PinnerService: pinRangeStream: null
01-04 01:14:44.249 1133 1133 D SystemServerTiming: AppIntegrityService took to complete: 19ms
01-01 08:01:23.304 0 0 D cnss : Sending M3 information message, state: 0x13
01-01 08:01:23.304 0 0 D cnss : M3 memory, va: 0xffffff801d165000, pa: 0x00000000a1800000, size: 0x411bc
01-04 01:14:44.282 1133 1133 I WindowManager: SAFE MODE not enabled
01-04 01:14:44.282 1133 1133 I SystemServerTiming: StartInputMethodManagerLifecycle
01-04 01:14:44.282 1133 1133 I SystemServiceManager: Starting com.android.server.inputmethod.InputMethodManagerService$Lifecycle
01-01 08:01:23.314 0 0 D cnss : PM relax, state: 0x13, count: 0
01-01 08:01:23.315 0 0 D cnss : Received QMI WLFW FW initialization done indication
01-01 08:01:23.315 0 0 D cnss : Posting event: FW_READY(4), state: 0x13 flags: 0x0
01-01 08:01:23.315 0 0 D cnss : PM stay awake, state: 0x13, count: 1
01-01 08:01:23.315 0 0 D cnss : Processing driver event: FW_READY(4), state: 0x13
01-01 08:01:23.315 0 0 D cnss : PCIE Gen speed not setup
01-04 01:14:44.292 1133 1133 D SystemServerTiming: StartInputMethodManagerLifecycle took to complete: 9ms
01-04 01:14:44.292 1133 1133 I SystemServerTiming: StartAccessibilityManagerService
01-04 01:14:44.292 1133 1133 I SystemServiceManager: Starting com.android.server.accessibility.AccessibilityManagerService$Lifecycle
01-04 01:14:44.317 1133 1133 D SystemServerTiming: StartAccessibilityManagerService took to complete: 25ms
01-04 01:14:44.317 1133 1133 I SystemServerTiming: MakeDisplayReady
01-04 01:14:44.322 1133 1133 I configuration_changed: 536894968
01-04 01:14:44.323 1133 1133 I ActivityTaskManager: Config changes=20005df8 {1.0 ?mcc?mnc [zh_CN] ldltr sw680dp w1586dp h584dp 240dpi lrg long land ?uimode ?night -touch -keyb/v/h -nav/h winConfig={ mBounds=Rect(0, 0 - 2380, 1020) mAppBounds=Rect(0, 0 - 2380, 948) mMaxBounds=Rect(0, 0 - 2380, 1020) mWindowingMode=fullscreen mDisplayWindowingMode=fullscreen mActivityType=undefined mAlwaysOnTop=undefined mRotation=ROTATION_0} s.2 ?fontWeightAdjustment}
01-04 01:14:44.324 1133 1133 I WindowManager: Override config changes=60007dfc {1.0 ?mcc?mnc [zh_CN] ldltr sw680dp w1586dp h584dp 240dpi lrg long land ?uimode ?night -touch -keyb/v/h -nav/h winConfig={ mBounds=Rect(0, 0 - 2380, 1020) mAppBounds=Rect(0, 0 - 2380, 948) mMaxBounds=Rect(0, 0 - 2380, 1020) mWindowingMode=fullscreen mDisplayWindowingMode=fullscreen mActivityType=undefined mAlwaysOnTop=undefined mRotation=ROTATION_0} s.2 ?fontWeightAdjustment} for displayId=0
01-04 01:14:44.324 1133 1133 I sysui_multi_action: [757,1659,758,4,759,2,1660,0]
01-04 01:14:44.339 1133 1133 I configuration_changed: 8
01-04 01:14:44.340 1133 1133 I ActivityTaskManager: Config changes=8 {1.0 ?mcc?mnc [zh_CN] ldltr sw680dp w1586dp h584dp 240dpi lrg long land ?uimode ?night finger -keyb/v/h -nav/h winConfig={ mBounds=Rect(0, 0 - 2380, 1020) mAppBounds=Rect(0, 0 - 2380, 948) mMaxBounds=Rect(0, 0 - 2380, 1020) mWindowingMode=fullscreen mDisplayWindowingMode=fullscreen mActivityType=undefined mAlwaysOnTop=undefined mRotation=ROTATION_0} s.4 ?fontWeightAdjustment}
01-01 08:01:23.371 0 0 I init : processing action (sys.sysctl.extra_free_kbytes=*) from (/system/etc/init/hw/init.rc:1172)
01-04 01:14:44.341 1133 1133 I WindowManager: Override config changes=8 {1.0 ?mcc?mnc [zh_CN] ldltr sw680dp w1586dp h584dp 240dpi lrg long land ?uimode ?night finger -keyb/v/h -nav/h winConfig={ mBounds=Rect(0, 0 - 2380, 1020) mAppBounds=Rect(0, 0 - 2380, 948) mMaxBounds=Rect(0, 0 - 2380, 1020) mWindowingMode=fullscreen mDisplayWindowingMode=fullscreen mActivityType=undefined mAlwaysOnTop=undefined mRotation=ROTATION_0} s.4 ?fontWeightAdjustment} for displayId=0
01-04 01:14:44.341 1133 1661 D PinnerService: pinRangeStream: null
01-04 01:14:44.342 1133 1661 D PinnerService: pinRangeStream: null
01-04 01:14:44.343 1133 1133 D SystemServerTiming: MakeDisplayReady took to complete: 26ms
01-04 01:14:44.343 1133 1133 I SystemServerTiming: StartStorageManagerService
01-04 01:14:44.343 1133 1133 I SystemServiceManager: Starting com.android.server.StorageManagerService$Lifecycle
01-04 01:14:44.345 1133 1661 D PinnerService: pinRangeStream: null
01-01 08:01:23.393 0 0 W : (NULL device *): Falling back to syfs fallback for: wlan/qca_cld/qca6390/WCNSS_qcom_cfg.ini
01-04 01:14:44.405 1133 1829 I commit_sys_config_file: [settings-0-0,4]
01-01 08:01:23.445 0 0 I [kworke][0x5f7efe55][01:14:44.414477] wlan: [455:I:HDD] hdd_pm_qos_add_request: 9360: Set cpu_mask 0f for affine_cores
01-01 08:01:23.445 0 0 I [kworke][0x5f7eff45][01:14:44.414490] wlan: [455:I:HDD] hdd_pm_qos_add_request: 9362: Set cpu_mask 0f for affine_cores
01-04 01:14:44.415 1133 1661 D PinnerService: pinRangeStream: null
01-04 01:14:44.416 1133 1929 D StorageManagerService: Thinking about init, mBootCompleted=false, mDaemonConnected=true
01-01 08:01:23.447 0 0 D cnss : Sending ini sync request, state: 0x17, fw_log_mode: 1
01-04 01:14:44.416 1133 1929 D StorageManagerService: Thinking about reset, mBootCompleted=false, mDaemonConnected=true
