01-01 08:01:42.016 0 0 D cnss : Regulator vdd-wlan-aon is being enabled
01-01 08:01:42.022 0 0 D cnss : Regulator vdd-wlan-dig is being enabled
01-01 08:01:42.023 0 0 D cnss : Regulator vdd-wlan-rfa1 is being enabled
01-01 08:01:42.025 0 0 D cnss : Regulator vdd-wlan-rfa2 is being enabled
01-01 08:01:42.025 0 0 D cnss : BT_EN_GPIO State: Off. Delay WLAN_GPIO enable
01-04 01:15:02.999 1133 2527 D CompatibilityChangeReporter: Compat change id reported: 168419799; UID 10087; state: DISABLED
01-01 08:01:42.031 0 0 I binder : 2992:2992 ioctl 40046210 7fe56c0b84 returned -22
01-04 01:15:03.006 1133 1649 E BluetoothManagerService: MESSAGE_TIMEOUT_BIND
01-04 01:15:03.006 1133 1649 D BluetoothManagerService: Current user: 0
01-04 01:15:03.006 1133 1649 E BluetoothManagerService: Trying to Bind again
01-04 01:15:03.006 1133 1649 D BluetoothManagerService: binding Bluetooth service
01-04 01:15:03.007 1133 1649 D BluetoothManagerService: Binding BT service. Current user: 0
01-04 01:15:03.018 1133 1664 W ActivityManager: Slow operation: 65ms so far, now at startProcess: returned from zygote!
01-04 01:15:03.019 1133 1664 W ActivityManager: Slow operation: 65ms so far, now at startProcess: done updating battery stats
01-04 01:15:03.019 1133 1664 I am_proc_start: [0,3047,1000,com.android.settings,top-activity,{com.android.settings/com.android.settings.FallbackHome}]
01-04 01:15:03.019 1133 1664 W ActivityManager: Slow operation: 65ms so far, now at startProcess: building log message
01-04 01:15:03.019 1133 1664 I ActivityManager: Start proc 3047:com.android.settings/1000 for top-activity {com.android.settings/com.android.settings.FallbackHome}
01-04 01:15:03.019 1133 1664 W ActivityManager: Slow operation: 66ms so far, now at startProcess: starting to update pids map
01-04 01:15:03.027 1133 1664 W ActivityManager: Slow operation: 74ms so far, now at startProcess: done updating pids map
01-04 01:15:03.028 1133 1664 W ActivityManager: Slow operation: 51ms so far, now at startProcess: asking zygote to start proc
01-04 01:15:03.028 1133 1664 D CompatibilityChangeReporter: Compat change id reported: 143937733; UID 10074; state: ENABLED
01-04 01:15:03.028 1133 1664 W ActivityManager: com.thundercomm.gamemode.provider inode == 0 (b/152760674)
01-04 01:15:03.029 1133 2527 I am_proc_bound: [0,2992,com.android.launcher3]
01-04 01:15:03.030 1133 2527 D CompatibilityChangeReporter: Compat change id reported: 168419799; UID 10084; state: DISABLED
01-04 01:15:03.032 1133 2527 I am_uid_active: 10084
01-01 08:01:42.129 0 0 D cnss : Assert WLAN_EN GPIO successfully
01-01 08:01:42.129 0 0 D cnss : Resuming PCI link
01-01 08:01:42.129 0 0 I msm_pcie_enable: PCIe: Assert the reset of endpoint of RC0.
01-01 08:01:42.136 0 0 I msm_pcie_enable: PCIe: RC0: PCIE20_PARF_INT_ALL_MASK: 0x7f80d202
01-01 08:01:42.139 0 0 I pcie_phy_init: PCIe RC0 PHY is ready!
01-04 01:15:03.114 1133 1586 I am_uid_running: 10093
01-04 01:15:03.115 1133 1586 D CompatibilityChangeReporter: Compat change id reported: 135634846; UID 10093; state: DISABLED
01-04 01:15:03.115 1133 1586 D CompatibilityChangeReporter: Compat change id reported: 177438394; UID 10093; state: DISABLED
01-04 01:15:03.115 1133 1586 D CompatibilityChangeReporter: Compat change id reported: 135772972; UID 10093; state: DISABLED
01-04 01:15:03.115 1133 1586 D CompatibilityChangeReporter: Compat change id reported: 135754954; UID 10093; state: ENABLED
01-01 08:01:42.149 0 0 I msm_pcie_enable: PCIe: Release the reset of endpoint of RC0.
01-01 08:01:42.162 0 0 I binder : 3047:3047 ioctl 40046210 7fe56c0b84 returned -22
01-01 08:01:42.166 0 0 I msm_pcie_link_train: PCIe RC0 link initialized
01-04 01:15:03.135 1133 1829 I commit_sys_config_file: [settings-0-0,5]
01-04 01:15:03.140 1133 2503 I am_proc_bound: [0,3047,com.android.settings]
01-04 01:15:03.147 1133 2503 I wm_restart_activity: [0,173430459,8,com.android.settings/.FallbackHome]
01-04 01:15:03.148 1133 2503 I wm_set_resumed_activity: [0,com.android.settings/.FallbackHome,minimalResumeActivityLocked]
01-01 08:01:42.186 0 0 I cnss_pci 0000: 01:00.0: enabling device (0000 -> 0002)
01-01 08:01:42.187 0 0 D cnss : Config PCIe remap window register to 0x4000003f
01-01 08:01:42.187 0 0 D cnss : Read register offset 0x1f8031c, val = 0x6
01-01 08:01:42.187 0 0 D cnss : Write val 0x2 to register offset 0x1f8031c
01-01 08:01:42.188 0 0 D cnss : Setting MHI state: INIT(0)
01-01 08:01:42.188 0 0 D cnss : Setting MHI state: POWER_ON(2)
01-01 08:01:42.191 0 0 W cnss_pci 0000: 01:00.0: Falling back to syfs fallback for: qca6390/amss20.bin
01-04 01:15:03.168 1133 1664 W ActivityManager: Slow operation: 191ms so far, now at startProcess: returned from zygote!
01-04 01:15:03.168 1133 1664 W ActivityManager: Slow operation: 192ms so far, now at startProcess: done updating battery stats
01-04 01:15:03.168 1133 1664 I am_proc_start: [0,3071,10074,com.thundercomm.gamemode.provider,content provider,{com.thundercomm.gamemode.provider/com.thundercomm.gamemode.provider.SettingsProvider}]
01-04 01:15:03.168 1133 1664 W ActivityManager: Slow operation: 192ms so far, now at startProcess: building log message
01-04 01:15:03.168 1133 1664 I ActivityManager: Start proc 3071:com.thundercomm.gamemode.provider/u0a74 for content provider {com.thundercomm.gamemode.provider/com.thundercomm.gamemode.provider.SettingsProvider}
01-04 01:15:03.168 1133 1664 W ActivityManager: Slow operation: 192ms so far, now at startProcess: starting to update pids map
01-04 01:15:03.169 1133 1664 W ActivityManager: Slow operation: 192ms so far, now at startProcess: done updating pids map
01-04 01:15:03.169 1133 1664 W ActivityManager: Slow operation: 54ms so far, now at startProcess: asking zygote to start proc
01-04 01:15:03.169 1133 1664 D CompatibilityChangeReporter: Compat change id reported: 143937733; UID 10093; state: ENABLED
01-04 01:15:03.169 1133 1664 W ActivityManager: com.qualcomm.qti.qccauthmgr inode == 0 (b/152760674)
01-04 01:15:03.170 1133 1133 I commit_sys_config_file: [display-state,22919]
01-04 01:15:03.178 2455 2455 D SystemUIBootTiming: StartServicescom.android.systemui.statusbar.phone.StatusBar took to complete: 1191ms
01-04 01:15:03.182 2455 2455 D SystemUIBootTiming: StartServicescom.android.systemui.usb.StorageNotification took to complete: 4ms
01-04 01:15:03.187 2455 2693 W ActivityThread: Failed to find provider info for com.android.contacts (user not unlocked)
01-01 08:01:42.233 0 0 I ueventd : firmware: loading 'qca6390/amss20.bin' for '/devices/platform/soc/1c00000.qcom,pcie/pci0000:00/0000:00:00.0/0000:01:00.0/firmware/qca6390!amss20.bin'
01-04 01:15:03.214 1133 1664 W ActivityManager: Slow operation: 100ms so far, now at startProcess: returned from zygote!
01-04 01:15:03.215 1133 1664 W ActivityManager: Slow operation: 100ms so far, now at startProcess: done updating battery stats
01-04 01:15:03.215 1133 1664 I am_proc_start: [0,3078,10093,com.qualcomm.qti.qccauthmgr,content provider,{com.qualcomm.qti.qccauthmgr/com.qualcomm.qti.qccauthmgr.providers.SMQContentProvider}]
01-04 01:15:03.215 1133 1664 W ActivityManager: Slow operation: 100ms so far, now at startProcess: building log message
01-04 01:15:03.215 1133 1664 I ActivityManager: Start proc 3078:com.qualcomm.qti.qccauthmgr/u0a93 for content provider {com.qualcomm.qti.qccauthmgr/com.qualcomm.qti.qccauthmgr.providers.SMQContentProvider}
01-04 01:15:03.215 1133 1664 W ActivityManager: Slow operation: 100ms so far, now at startProcess: starting to update pids map
01-04 01:15:03.215 1133 1664 W ActivityManager: Slow operation: 101ms so far, now at startProcess: done updating pids map
01-04 01:15:03.217 2455 2455 D SystemUIBootTiming: StartServicescom.android.systemui.power.PowerUI took to complete: 34ms
01-04 01:15:03.219 2455 2455 D SystemUIBootTiming: StartServicescom.android.systemui.media.RingtonePlayer took to complete: 2ms
01-04 01:15:03.220 2455 2455 D SystemUIBootTiming: StartServicescom.android.systemui.keyboard.KeyboardUI took to complete: 2ms
01-04 01:15:03.221 2455 2455 D SystemUIBootTiming: StartServicescom.android.systemui.shortcut.ShortcutKeyDispatcher took to complete: 1ms
01-04 01:15:03.222 2455 2455 D SystemUIBootTiming: StartServicescom.android.systemui.VendorServices took to complete: 0ms
01-04 01:15:03.222 2455 2455 D SystemUIBootTiming: StartServicescom.android.systemui.util.leak.GarbageMonitor$Service took to complete: 1ms
01-04 01:15:03.223 2455 2455 D SystemUIBootTiming: StartServicescom.android.systemui.LatencyTester took to complete: 0ms
01-04 01:15:03.226 2455 2455 D SystemUIBootTiming: StartServicescom.android.systemui.globalactions.GlobalActionsComponent took to complete: 3ms
01-04 01:15:03.235 1133 1829 I commit_sys_config_file: [settings-2-0,2]
01-04 01:15:03.238 2455 2455 D SystemUIBootTiming: StartServicescom.android.systemui.ScreenDecorations took to complete: 12ms
01-04 01:15:03.242 2455 2455 D SystemUIBootTiming: StartServicescom.android.systemui.biometrics.AuthController took to complete: 3ms
01-04 01:15:03.242 2455 2455 D SystemUIBootTiming: StartServicescom.android.systemui.SliceBroadcastRelayHandler took to complete: 0ms
01-04 01:15:03.244 2455 2455 D SystemUIBootTiming: StartServicescom.android.systemui.statusbar.notification.InstantAppNotifier took to complete: 2ms
01-04 01:15:03.247 2455 2455 D SystemUIBootTiming: StartServicescom.android.systemui.theme.ThemeOverlayController took to complete: 3ms
01-04 01:15:03.248 2455 2455 D SystemUIBootTiming: StartServicescom.android.systemui.accessibility.WindowMagnification took to complete: 0ms
01-04 01:15:03.255 2455 2455 D SystemUIBootTiming: StartServicescom.android.systemui.accessibility.SystemActions took to complete: 8ms
01-04 01:15:03.256 2455 2455 D SystemUIBootTiming: StartServicescom.android.systemui.toast.ToastUI took to complete: 0ms
01-04 01:15:03.259 2455 2455 D SystemUIBootTiming: StartServicescom.android.systemui.wmshell.WMShell took to complete: 3ms
01-01 08:01:42.302 0 0 I ueventd : loading /devices/platform/soc/1c00000.qcom,pcie/pci0000:00/0000:00:00.0/0000:01:00.0/firmware/qca6390!amss20.bin took 72ms
01-04 01:15:03.277 1133 1133 I notification_enqueue: [10087,2455,com.android.systemui,1,empty_media,0,Notification(channel=empty_media_style_id shortcut=null contentView=null vibrate=null sound=null defaults=0x0 flags=0x20 color=0x00000000 category=transport actions=4 vis=PRIVATE),0]
01-04 01:15:03.277 1133 1133 I PackageWatchdog: Syncing health check requests for packages: {}
01-04 01:15:03.277 1133 1133 I ExplicitHealthCheckController: Service not ready to get health check supported packages. Binding...
01-04 01:15:03.277 1133 1133 I ExplicitHealthCheckController: Explicit health check service is bound
01-01 08:01:42.342 0 0 I binder : 3071:3071 ioctl 40046210 7fe56c0b84 returned -22
01-04 01:15:03.326 1133 1133 D BiometricScheduler/Fingerprint21: [Added] {[0] FingerprintUpdateActiveUserClient, proto=1, owner=android, cookie=0, requestId=-1, userId=0}, new queue size: 1
01-04 01:15:03.326 1133 1133 D BiometricScheduler/Fingerprint21: [Polled] {[0] FingerprintUpdateActiveUserClient, proto=1, owner=android, cookie=0, requestId=-1, userId=0}, State: 0
01-04 01:15:03.326 1133 1133 D BiometricScheduler/Fingerprint21: [Starting] {[0] FingerprintUpdateActiveUserClient, proto=1, owner=android, cookie=0, requestId=-1, userId=0}, State: 0
01-04 01:15:03.326 1133 1133 D BiometricScheduler/Fingerprint21: [Started] {[0] FingerprintUpdateActiveUserClient, proto=1, owner=android, cookie=0, requestId=-1, userId=0}
01-04 01:15:03.332 2455 2455 D SystemUIBootTiming: StartServicescom.android.systemui.ShowWindowUtil took to complete: 72ms
01-04 01:15:03.336 1133 2527 I am_proc_bound: [0,3071,com.thundercomm.gamemode.provider]
01-04 01:15:03.337 1133 2527 D CompatibilityChangeReporter: Compat change id reported: 168419799; UID 10074; state: DISABLED
01-01 08:01:42.351 0 0 I binder : 3078:3078 ioctl 40046210 7fe56c0b84 returned -22
01-01 08:01:42.364 0 0 D qbt : qbt_open: entry minor_no=0 fd_available=1
01-01 08:01:42.364 0 0 D qbt : qbt_open: exit : 0 fd_available=0
01-01 08:01:42.364 0 0 D qbt : qbt_open: entry minor_no=1 fd_available=0
01-01 08:01:42.364 0 0 D qbt : qbt_open: exit : 0 fd_available=0
01-01 08:01:42.364 0 0 D qbt : qbt_ioctl: cmd received 107
01-01 08:01:42.364 0 0 D qbt : qbt_ioctl: Acquiring wakelock
01-04 01:15:03.341 1133 3017 I am_wtf : [0,3047,com.android.settings,952647173,RoleParser,com.android.permissioncontroller.role.model.AssistantRoleBehavior]
01-04 01:15:03.342 1133 2527 I am_proc_bound: [0,3078,com.qualcomm.qti.qccauthmgr]
01-04 01:15:03.343 1133 2527 D CompatibilityChangeReporter: Compat change id reported: 168419799; UID 10093; state: DISABLED
01-04 01:15:03.344 1133 2527 I am_uid_active: 10093
01-04 01:15:03.346 1133 1586 I am_wtf : [0,3047,com.android.settings,952647173,RoleParser,com.android.permissioncontroller.role.model.BrowserRoleBehavior]
01-04 01:15:03.353 1133 2527 I am_wtf : [0,3047,com.android.settings,952647173,RoleParser,com.android.permissioncontroller.role.model.DialerRoleBehavior]
01-04 01:15:03.355 2455 2455 D SystemUIBootTiming: StartServices took to complete: 1685ms
01-04 01:15:03.356 1133 2527 I am_wtf : [0,3047,com.android.settings,952647173,RoleParser,com.android.permissioncontroller.role.model.SmsRoleBehavior]
01-04 01:15:03.359 1133 2503 I am_wtf : [0,3047,com.android.settings,952647173,RoleParser,com.android.permissioncontroller.role.model.EmergencyRoleBehavior]
01-04 01:15:03.363 1133 3017 I am_wtf : [0,3047,com.android.settings,952647173,RoleParser,com.android.permissioncontroller.role.model.HomeRoleBehavior]
01-04 01:15:03.370 1133 1586 I am_wtf : [0,3047,com.android.settings,952647173,RoleParser,com.android.permissioncontroller.role.model.SystemAutomotiveClusterRoleBehavior]
01-04 01:15:03.372 1133 1586 I am_wtf : [0,3047,com.android.settings,952647173,RoleParser,com.android.permissioncontroller.role.model.CompanionDeviceWatchRoleBehavior]
01-04 01:15:03.374 1133 1829 I commit_sys_config_file: [settings-1-0,1]
01-04 01:15:03.377 1133 2503 I am_wtf : [0,3047,com.android.settings,952647173,RoleParser,com.android.permissioncontroller.role.model.SystemShellRoleBehavior]
01-04 01:15:03.379 1133 2503 I am_wtf : [0,3047,com.android.settings,952647173,RoleParser,com.android.permissioncontroller.role.model.TelevisionRoleBehavior]
01-04 01:15:03.382 1133 1586 I am_wtf : [0,3047,com.android.settings,952647173,RoleParser,com.android.permissioncontroller.role.model.TelevisionRoleBehavior]
01-01 08:01:42.438 0 0 W QSEECOM : qseecom_load_app: App (fingerpr) does'nt exist, loading apps for first time
01-01 08:01:42.454 0 0 W F2FS-fs (dm-10): Unexpected flush for atomic writes: ino=1774, npages=3
01-04 01:15:03.428 3047 3047 I wm_on_create_called: [173430459,com.android.settings.FallbackHome,performCreate]
01-04 01:15:03.430 3047 3047 I wm_on_start_called: [173430459,com.android.settings.FallbackHome,handleStartActivity]
01-04 01:15:03.431 3047 3047 I wm_on_resume_called: [173430459,com.android.settings.FallbackHome,RESUME_ACTIVITY]
01-04 01:15:03.448 1133 3017 W WindowManager: Failed looking up window session=Session{4a02802 3047:1000} callers=com.android.server.wm.WindowManagerService.windowForClientLocked:5628 com.android.server.wm.Session.insetsModified:629 android.view.IWindowSession$Stub.onTransact:1151
01-04 01:15:03.454 3047 3047 I wm_on_top_resumed_gained_called: [173430459,com.android.settings.FallbackHome,topStateChangedWhenResumed]
01-04 01:15:03.468 1133 1651 I input_focus: [Focus request dc8d38b com.android.settings/com.android.settings.FallbackHome,reason=UpdateInputWindows]
01-01 08:01:42.500 0 0 W F2FS-fs (dm-10): Unexpected flush for atomic writes: ino=1777, npages=3
01-04 01:15:03.487 1133 2503 D CompatibilityChangeReporter: Compat change id reported: 171306433; UID 1000; state: ENABLED
01-01 08:01:42.554 0 0 W QSEECOM : qseecom_load_app: App with id 7 (fingerpr) now loaded
01-01 08:01:42.562 0 0 I binder : 3047:3115 ioctl 40046210 7a567171f4 returned -22
01-04 01:15:03.575 1133 2527 I wm_destroy_activity: [0,124202637,7,com.android.settings/.CryptKeeper,finish-idle]
01-04 01:15:03.579 2924 2924 I wm_on_destroy_called: [124202637,com.android.settings.CryptKeeper,performDestroy]
01-04 01:15:03.583 1133 1650 I ActivityManagerTiming: FinishBooting
01-04 01:15:03.583 1133 1650 I boot_progress_enable_screen: 80335
01-04 01:15:03.586 1133 2527 I wm_task_removed: [7,cleanUpResourcesForDestroy]
01-04 01:15:03.586 1133 2527 I wm_task_removed: [7,removeChild:removeChild last r=ActivityRecord{7672e8d u0 com.android.settings/.CryptKeeper t-1 f}} in t=Task{b804edb #7 type=home A=1000:com.android.settings.CryptKeeper U=0 visible=false mode=fullscreen translucent=true sz=0}]
01-04 01:15:03.586 1133 2527 I wm_task_removed: [7,removeChild]
01-04 01:15:03.591 1133 1650 I screen_toggled: 1
01-01 08:01:42.683 0 0 D cnss : MHI status cb is called with reason MISSION_MODE(6)
01-04 01:15:03.654 1133 1829 I commit_sys_config_file: [settings-1-0,4]
01-01 08:01:42.691 0 0 D cnss : Completed event: IDLE_RESTART(13), state: 0x140, ret: 0/0
01-01 08:01:42.691 0 0 D cnss : PM relax, state: 0x140, count: 0
01-01 08:01:42.709 0 0 E swr-wcd rx_swr_ctrl: swrm_get_logical_dev_num: device 0xd01170224 is not ready
01-01 08:01:42.718 0 0 E swr_get_logical_dev_num: Error -22 to get logical addr for device d01170224
01-01 08:01:42.726 0 0 W QSEECOM : __qseecom_unload_app: App (7) is unloaded
01-04 01:15:03.697 2455 2554 W ActivityThread: Failed to find provider info for com.android.contacts (user not unlocked)
01-01 08:01:42.727 0 0 E swr-wcd rx_swr_ctrl: swrm_get_logical_dev_num: device 0xd01170224 is not ready
01-01 08:01:42.728 0 0 D qbt : qbt_release: entry minor_no=0 fd_available=0
01-01 08:01:42.735 0 0 D qbt : qbt_release: Releasing wakelock
01-01 08:01:42.735 0 0 D qbt : qbt_release: exit : fd_available=1
01-01 08:01:42.735 0 0 D qbt : qbt_release: entry minor_no=1 fd_available=1
01-01 08:01:42.735 0 0 D qbt : qbt_release: exit : fd_available=1
01-01 08:01:42.735 0 0 E swr_get_logical_dev_num: Error -22 to get logical addr for device d01170224
01-04 01:15:03.706 1133 1133 W Looper : Slow dispatch took 380ms main h=android.os.Handler c=com.android.server.biometrics.sensors.fingerprint.hidl.Fingerprint21$$ExternalSyntheticLambda2@41ad512 m=0
01-04 01:15:03.706 1133 1133 D BiometricScheduler/Fingerprint21: [Added] {[1] FingerprintUpdateActiveUserClient, proto=1, owner=android, cookie=0, requestId=-1, userId=0}, new queue size: 1
01-04 01:15:03.706 1133 1133 V BiometricScheduler/Fingerprint21: Not idle, current operation: {[0] FingerprintUpdateActiveUserClient, proto=1, owner=android, cookie=0, requestId=-1, userId=0}, State: 2
01-04 01:15:03.706 1133 1133 D BiometricScheduler/Fingerprint21: [Added] {[2] FingerprintInternalCleanupClient, proto=7, owner=android, cookie=0, requestId=-1, userId=0}, new queue size: 2
01-04 01:15:03.706 1133 1133 V BiometricScheduler/Fingerprint21: Not idle, current operation: {[0] FingerprintUpdateActiveUserClient, proto=1, owner=android, cookie=0, requestId=-1, userId=0}, State: 2
01-01 08:01:42.744 0 0 E swr-wcd rx_swr_ctrl: swrm_get_logical_dev_num: device 0xd01170224 is not ready
01-01 08:01:42.752 0 0 E swr_get_logical_dev_num: Error -22 to get logical addr for device d01170224
01-04 01:15:03.746 2455 2554 W ActivityThread: Failed to find provider info for com.android.contacts (user not unlocked)
01-01 08:01:42.762 0 0 E swr-wcd rx_swr_ctrl: swrm_get_logical_dev_num: device 0xd01170224 is not ready
01-01 08:01:42.771 0 0 E swr_get_logical_dev_num: Error -22 to get logical addr for device d01170224
01-04 01:15:03.753 1133 1649 I commit_sys_config_file: [jobs,2]
01-04 01:15:03.757 2455 2693 W ActivityThread: Failed to find provider info for com.android.contacts (user not unlocked)
01-01 08:01:42.780 0 0 E swr-wcd rx_swr_ctrl: swrm_get_logical_dev_num: device 0xd01170224 is not ready
01-01 08:01:42.788 0 0 E swr_get_logical_dev_num: Error -22 to get logical addr for device d01170224
01-01 08:01:42.797 0 0 E wcd938x_codec wcd938x-codec: wcd938x_bind: Slave bind failed, ret = -517
01-01 08:01:42.807 0 0 E : [drm:dp_display_init_aux_switch][msm-dp-err][77 ]failed to register notifier (-22)
01-01 08:01:42.818 0 0 E register_client_adhoc: find path.src 1 dest 589
01-01 08:01:42.818 0 0 E register_client_adhoc: Failed to find path.src 1 dest 589
01-01 08:01:42.825 0 0 D cnss : WLFW server arriving: node 7 port 1
01-01 08:01:42.831 0 0 E swr-wcd rx_swr_ctrl: swrm_get_logical_dev_num: device 0xd01170224 is not ready
01-01 08:01:42.833 0 0 D cnss : Posting event: SERVER_ARRIVE(0), state: 0x140 flags: 0x0
01-01 08:01:42.840 0 0 E swr_get_logical_dev_num: Error -22 to get logical addr for device d01170224
01-01 08:01:42.842 0 0 E swr-wcd rx_swr_ctrl: swrm_get_logical_dev_num: device 0xd01170224 is not ready
01-01 08:01:42.849 0 0 D cnss : PM stay awake, state: 0x140, count: 1
01-01 08:01:42.857 0 0 E swr_get_logical_dev_num: Error -22 to get logical addr for device d01170224
01-01 08:01:42.857 0 0 E swr-wcd rx_swr_ctrl: swrm_get_logical_dev_num: device 0xd01170224 is not ready
01-01 08:01:42.866 0 0 D cnss : PM relax, state: 0x140, count: 0
01-01 08:01:42.866 0 0 D cnss : PM stay awake, state: 0x140, count: 1
01-01 08:01:42.866 0 0 D cnss : Processing driver event: SERVER_ARRIVE(0), state: 0x140
01-01 08:01:42.866 0 0 I cnss : QMI WLFW service connected, state: 0x141
01-01 08:01:42.866 0 0 D cnss : Sending indication register message, state: 0x141
01-01 08:01:42.868 0 0 I cnss-daemon: pm_release_vote: pm_handle is NULL
01-01 08:01:42.868 0 0 I cnss-daemon: pm_release_vote: pm_handle is NULL
01-01 08:01:42.869 0 0 I cnss-daemon: wlfw_build_cal_table: not read /data/vendor/wifi/wlfw_cal_00.bin
01-01 08:01:42.872 0 0 I cnss-daemon: wlfw_build_cal_table: not read /data/vendor/wifi/wlfw_cal_02.bin
01-01 08:01:42.872 0 0 I cnss-daemon: wlfw_build_cal_table: not read /data/vendor/wifi/wlfw_cal_03.bin
01-01 08:01:42.872 0 0 I cnss-daemon: wlfw_build_cal_table: not read /data/vendor/wifi/wlfw_cal_04.bin
01-01 08:01:42.879 0 0 D cnss : Sending host capability message, state: 0x141
01-01 08:01:42.879 0 0 D cnss : Number of clients is 2
01-01 08:01:42.879 0 0 D cnss : Assign MSI to user: WAKE, num_vectors: 1, user_base_data: 813, base_vector: 13
01-01 08:01:42.879 0 0 D cnss : WAKE MSI base data is 813
01-01 08:01:42.879 0 0 E swr_get_logical_dev_num: Error -22 to get logical addr for device d01170224
01-01 08:01:42.879 0 0 D cnss : Calibration done is 1
01-01 08:01:42.879 0 0 D cnss : Sending iova starting 0xa0000000 with size 0x10010000
01-01 08:01:42.887 0 0 E swr-wcd rx_swr_ctrl: swrm_get_logical_dev_num: device 0xd01170224 is not ready
01-01 08:01:42.887 0 0 E swr_get_logical_dev_num: Error -22 to get logical addr for device d01170224
01-01 08:01:42.888 0 0 E swr-wcd rx_swr_ctrl: swrm_get_logical_dev_num: device 0xd01170224 is not ready
01-04 01:15:03.864 1133 1133 I ConnectivityModuleConnector: Networking module service connected
01-04 01:15:03.868 1133 1133 D BluetoothManagerService: Bluetooth Adapter name changed to QCOM-BTD by android
01-04 01:15:03.869 1133 1133 D BluetoothManagerService: Stored Bluetooth name: QCOM-BTD
01-01 08:01:42.903 0 0 D cnss : Received QMI WLFW request memory indication
01-01 08:01:42.905 0 0 E swr_get_logical_dev_num: Error -22 to get logical addr for device d01170224
01-01 08:01:42.911 0 0 D cnss : PM relax, state: 0x141, count: 0
01-01 08:01:42.914 0 0 D cnss : FW requests for memory, size: 0x5e0000, type: 1
01-01 08:01:42.922 0 0 E wcd938x_codec wcd938x-codec: wcd938x_bind: Slave bind failed, ret = -517
01-04 01:15:03.889 1133 1133 I SystemServerTiming: ManagedServices.unbindOtherUserServices_current0
01-04 01:15:03.889 1133 1133 D SystemServerTiming: ManagedServices.unbindOtherUserServices_current0 took to complete: 0ms
01-04 01:15:03.890 1133 1133 I SystemServerTiming: ManagedServices.unbindOtherUserServices_current0
01-04 01:15:03.890 1133 1133 D SystemServerTiming: ManagedServices.unbindOtherUserServices_current0 took to complete: 0ms
01-04 01:15:03.890 1133 1133 I SystemServerTiming: ManagedServices.unbindOtherUserServices_current0
01-04 01:15:03.890 1133 1133 D SystemServerTiming: ManagedServices.unbindOtherUserServices_current0 took to complete: 0ms
01-04 01:15:03.890 1133 1133 V NotificationAssistants: enabling notification assistant for 0: ComponentInfo{android.ext.services/android.ext.services.notification.Assistant}
01-04 01:15:03.890 1133 1133 V NotificationAssistants: Not registering ComponentInfo{android.ext.services/android.ext.services.notification.Assistant} is already bound
01-01 08:01:42.930 0 0 D cnss : FW requests for memory, size: 0xd8000, type: 4
01-01 08:01:42.930 0 0 D cnss : Posting event: REQUEST_MEM(2), state: 0x141 flags: 0x0
01-01 08:01:42.930 0 0 D cnss : PM stay awake, state: 0x141, count: 1
01-01 08:01:42.930 0 0 D cnss : Processing driver event: REQUEST_MEM(2), state: 0x141
01-01 08:01:42.930 0 0 D cnss : Sending respond memory message, state: 0x141
01-01 08:01:42.930 0 0 D cnss : Memory for FW, va: 0xffffff80242c8000, pa: 0x00000000a1000000, size: 0x5e0000, type: 1
01-01 08:01:42.930 0 0 D cnss : Memory for FW, va: 0xffffff801d001000, pa: 0x00000000a1600000, size: 0xd8000, type: 4
01-01 08:01:42.940 0 0 I cnss-daemon: wlfw_qmi_ind_cb: Receive Ind : 0x37
01-01 08:01:42.940 0 0 D cnss : PM relax, state: 0x141, count: 0
01-01 08:01:42.943 0 0 D cnss : Received QMI WLFW FW memory ready indication
01-01 08:01:42.943 0 0 D cnss : Posting event: FW_MEM_READY(3), state: 0x141 flags: 0x0
01-01 08:01:42.943 0 0 D cnss : PM stay awake, state: 0x141, count: 1
01-01 08:01:42.944 0 0 D cnss : PM relax, state: 0x141, count: 0
01-01 08:01:42.944 0 0 D cnss : PM stay awake, state: 0x141, count: 1
01-01 08:01:42.944 0 0 D cnss : Processing driver event: FW_MEM_READY(3), state: 0x141
01-01 08:01:42.944 0 0 D cnss : Sending target capability message, state: 0x143
01-01 08:01:42.961 0 0 D cnss : Voltage for CPR: 948mV
01-01 08:01:42.961 0 0 D cnss : Update TCS CMD data address 0x000000000b2e5844 with voltage 950mV
01-01 08:01:42.961 0 0 D cnss : Device frequency is 24000000 HZ
01-01 08:01:42.961 0 0 D cnss : Target capability: chip_id: 0x0, chip_family: 0xb, board_id: 0xff, soc_id: 0xffffffff, fw_version: 0x101a0521, fw_build_timestamp: 2021-12-20 07:54, fw_build_id: QC_IMAGE_VERSION_STRING=WLAN.HST.1.0.1.r1-01313-QCAHSTSWPL_SILICONZ-1, otp_version: 0x0
01-01 08:01:42.961 0 0 D cnss : Sending BDF download message, state: 0x143, type: 4
01-01 08:01:42.961 0 0 D cnss : FW name added with prefix: qca6390/regdb.bin
01-01 08:01:42.961 0 0 W cnss2 b0000000.qcom,cnss-qca6390: Falling back to syfs fallback for: qca6390/regdb.bin
01-04 01:15:03.953 1133 2527 I am_uid_active: 10074
01-01 08:01:42.993 0 0 I ueventd : firmware: loading 'qca6390/regdb.bin' for '/devices/platform/soc/b0000000.qcom,cnss-qca6390/firmware/qca6390!regdb.bin'
01-04 01:15:03.968 1133 2419 I service_manager_stats: [369,631,5046]
01-01 08:01:43.000 0 0 E ueventd : firmware: could not find firmware for qca6390/regdb.bin
01-01 08:01:43.008 0 0 E ueventd : firmware: attempted /etc/firmware/qca6390/regdb.bin, open failed: No such file or directory
01-01 08:01:43.018 0 0 E ueventd : firmware: attempted /odm/firmware/qca6390/regdb.bin, open failed: No such file or directory
01-01 08:01:43.029 0 0 E ueventd : firmware: attempted /vendor/firmware/qca6390/regdb.bin, open failed: No such file or directory
01-01 08:01:43.040 0 0 E ueventd : firmware: attempted /firmware/image/qca6390/regdb.bin, open failed: No such file or directory
01-01 08:01:43.051 0 0 E ueventd : firmware: attempted /vendor/firmware_mnt/image/qca6390/regdb.bin, open failed: No such file or directory
01-01 08:01:43.063 0 0 I ueventd : loading /devices/platform/soc/b0000000.qcom,cnss-qca6390/firmware/qca6390!regdb.bin took 70ms
01-01 08:01:43.064 0 0 E cnss : Failed to load BDF: qca6390/regdb.bin
01-01 08:01:43.070 0 0 D cnss : Sending BDF download message, state: 0x143, type: 1
01-01 08:01:43.070 0 0 D cnss : FW name added with prefix: qca6390/bdwlan.elf
01-01 08:01:43.070 0 0 W cnss2 b0000000.qcom,cnss-qca6390: Falling back to syfs fallback for: qca6390/bdwlan.elf
01-01 08:01:43.084 0 0 D cnss : Downloading BDF: qca6390/bdwlan.elf, size: 57908
01-04 01:15:04.074 1133 1829 I commit_sys_config_file: [settings-2-0,3]
01-01 08:01:43.125 0 0 D cnss : Sending M3 information message, state: 0x143
01-01 08:01:43.125 0 0 D cnss : M3 memory, va: 0xffffff801d165000, pa: 0x00000000a1800000, size: 0x411bc
01-01 08:01:43.127 0 0 D cnss : PM relax, state: 0x143, count: 0
01-01 08:01:43.127 0 0 D cnss : Received QMI WLFW FW initialization done indication
01-01 08:01:43.127 0 0 D cnss : Posting event: FW_READY(4), state: 0x143 flags: 0x0
01-01 08:01:43.127 0 0 D cnss : PM stay awake, state: 0x143, count: 1
01-01 08:01:43.128 0 0 D cnss : PM relax, state: 0x143, count: 0
01-01 08:01:43.128 0 0 D cnss : PM stay awake, state: 0x143, count: 1
01-01 08:01:43.128 0 0 D cnss : Processing driver event: FW_READY(4), state: 0x143
01-01 08:01:43.128 0 0 D cnss : PCIE Gen speed not setup
01-01 08:01:43.128 0 0 I [kworke][0x76056bd7][01:15:04.097218] wlan: [336:I:HDD] hdd_pm_qos_add_request: 9360: Set cpu_mask 0f for affine_cores
01-01 08:01:43.128 0 0 I [kworke][0x76056ccd][01:15:04.097230] wlan: [336:I:HDD] hdd_pm_qos_add_request: 9362: Set cpu_mask 0f for affine_cores
01-01 08:01:43.128 0 0 D cnss : Sending ini sync request, state: 0x147, fw_log_mode: 1
01-01 08:01:43.130 0 0 I [kworke][0x76063096][01:15:04.099841] wlan: [336:I:HIF] Initializing Runtime PM wakelock &sc->prevent_linkdown_lock
01-01 08:01:43.130 0 0 I [kworke][0x760636f6][01:15:04.099926] wlan: [336:I:HIF] hif_pci_enable_bus: con_mode = 0x0, WLAN_SOC_device_id = 0x1101
01-01 08:01:43.130 0 0 I [kworke][0x76063844][01:15:04.099943] wlan: [336:I:HIF] hif_pci_enable_bus: hif_enable_pci done
01-01 08:01:43.131 0 0 I [kworke][0x76064ad8][01:15:04.100191] wlan: [336:I:HIF] *********** QCA6390 *************
01-01 08:01:43.131 0 0 I [kworke][0x76064baf][01:15:04.100202] wlan: [336:I:HIF] hif_pci_enable_bus: hif_type = 0x12, target_type = 0x17
01-01 08:01:43.131 0 0 I [kworke][0x76064ca8][01:15:04.100215] wlan: [336:I:HIF] hif_register_tbl_attach: HIF_TYPE_QCA6390
01-01 08:01:43.131 0 0 I [kworke][0x76064d62][01:15:04.100225] wlan: [336:I:HIF] hif_target_register_tbl_attach: TARGET_TYPE_QCA6390
01-01 08:01:43.131 0 0 I [kworke][0x76064e4e][01:15:04.100237] wlan: [336:I:HIF] hif_pci_enable_bus:Skip tgt_wake up for srng devices
01-01 08:01:43.132 0 0 E [kworke][0x7606d75f][01:15:04.102065] wlan: [336:E:TXRX] hif_print_hal_shadow_register_cfg: num_config 28
01-01 08:01:43.146 0 0 I [kworke][0x760ac89a][01:15:04.115523] wlan: [336:I:TXRX] hif_print_hal_shadow_register_cfg: i 0, val a3b034
01-01 08:01:43.146 0 0 I [kworke][0x760acafc][01:15:04.115555] wlan: [336:I:TXRX] hif_print_hal_shadow_register_cfg: i 1, val a3b03c
01-01 08:01:43.146 0 0 I [kworke][0x760acc95][01:15:04.115576] wlan: [336:I:TXRX] hif_print_hal_shadow_register_cfg: i 2, val a3b044
01-01 08:01:43.146 0 0 I [kworke][0x760ad12b][01:15:04.115636] wlan: [336:I:TXRX] hif_print_hal_shadow_register_cfg: i 3, val a3b04c
01-01 08:01:43.146 0 0 I [kworke][0x760ad1ff][01:15:04.115647] wlan: [336:I:TXRX] hif_print_hal_shadow_register_cfg: i 4, val a3b054
01-01 08:01:43.146 0 0 I [kworke][0x760ad2cc][01:15:04.115657] wlan: [336:I:TXRX] hif_print_hal_shadow_register_cfg: i 5, val a3b028
01-01 08:01:43.146 0 0 I [kworke][0x760ad383][01:15:04.115667] wlan: [336:I:TXRX] hif_print_hal_shadow_register_cfg: i 6, val a3b020
01-01 08:01:43.146 0 0 I [kworke][0x760ad440][01:15:04.115677] wlan: [336:I:TXRX] hif_print_hal_shadow_register_cfg: i 7, val a3b06c
01-01 08:01:43.146 0 0 I [kworke][0x760ad502][01:15:04.115687] wlan: [336:I:TXRX] hif_print_hal_shadow_register_cfg: i 8, val a46000
01-01 08:01:43.146 0 0 I [kworke][0x760ad5cb][01:15:04.115697] wlan: [336:I:TXRX] hif_print_hal_shadow_register_cfg: i 9, val a46008
01-01 08:01:43.146 0 0 I [kworke][0x760ad695][01:15:04.115708] wlan: [336:I:TXRX] hif_print_hal_shadow_register_cfg: i 10, val a46010
01-01 08:01:43.146 0 0 I [kworke][0x760ad750][01:15:04.115717] wlan: [336:I:TXRX] hif_print_hal_shadow_register_cfg: i 11, val a46018
01-01 08:01:43.146 0 0 I [kworke][0x760ad7fe][01:15:04.115726] wlan: [336:I:TXRX] hif_print_hal_shadow_register_cfg: i 12, val a46034
01-01 08:01:43.146 0 0 I [kworke][0x760ad8a7][01:15:04.115735] wlan: [336:I:TXRX] hif_print_hal_shadow_register_cfg: i 13, val a370b0
01-01 08:01:43.146 0 0 I [kworke][0x760ad96b][01:15:04.115746] wlan: [336:I:TXRX] hif_print_hal_shadow_register_cfg: i 14, val a37018
01-01 08:01:43.146 0 0 I [kworke][0x760ada39][01:15:04.115756] wlan: [336:I:TXRX] hif_print_hal_shadow_register_cfg: i 15, val a370c4
01-01 08:01:43.146 0 0 I [kworke][0x760adb03][01:15:04.115767] wlan: [336:I:TXRX] hif_print_hal_shadow_register_cfg: i 16, val a370cc
01-01 08:01:43.146 0 0 I [kworke][0x760ade64][01:15:04.115812] wlan: [336:I:TXRX] hif_print_hal_shadow_register_cfg: i 17, val a370d4
01-01 08:01:43.146 0 0 I [kworke][0x760adf15][01:15:04.115821] wlan: [336:I:TXRX] hif_print_hal_shadow_register_cfg: i 18, val a370dc
01-01 08:01:43.146 0 0 I [kworke][0x760adfba][01:15:04.115829] wlan: [336:I:TXRX] hif_print_hal_shadow_register_cfg: i 19, val a00400
01-01 08:01:43.146 0 0 I [kworke][0x760ae058][01:15:04.115838] wlan: [336:I:TXRX] hif_print_hal_shadow_register_cfg: i 20, val a03400
01-01 08:01:43.146 0 0 I [kworke][0x760ae126][01:15:04.115848] wlan: [336:I:TXRX] hif_print_hal_shadow_register_cfg: i 21, val a0340c
01-01 08:01:43.146 0 0 I [kworke][0x760ae1e7][01:15:04.115859] wlan: [336:I:TXRX] hif_print_hal_shadow_register_cfg: i 22, val a05400
01-01 08:01:43.146 0 0 I [kworke][0x760ae2ab][01:15:04.115869] wlan: [336:I:TXRX] hif_print_hal_shadow_register_cfg: i 23, val a0540c
01-01 08:01:43.146 0 0 I [kworke][0x760ae34f][01:15:04.115877] wlan: [336:I:TXRX] hif_print_hal_shadow_register_cfg: i 24, val a06400
01-01 08:01:43.146 0 0 I [kworke][0x760ae3e9][01:15:04.115885] wlan: [336:I:TXRX] hif_print_hal_shadow_register_cfg: i 25, val a08400
01-01 08:01:43.146 0 0 I [kworke][0x760ae4b5][01:15:04.115896] wlan: [336:I:TXRX] hif_print_hal_shadow_register_cfg: i 26, val a0b400
01-01 08:01:43.146 0 0 I [kworke][0x760ae57d][01:15:04.115907] wlan: [336:I:TXRX] hif_print_hal_shadow_register_cfg: i 27, val a0b40c
01-01 08:01:43.146 0 0 D cnss : Mode: 0, config: ffffff801a61b848, host_version: 5.2.022.10G
01-01 08:01:43.146 0 0 D cnss : Sending WLAN config message, state: 0x147
01-01 08:01:43.150 0 0 D cnss : Sending mode message, mode: MISSION(0), state: 0x147
01-04 01:15:04.129 1133 1133 W Looper : Slow dispatch took 239ms main h=android.app.ActivityThread$H c=android.app.LoadedApk$ReceiverDispatcher$Args$$ExternalSyntheticLambda0@22ab4e7 m=0
01-04 01:15:04.134 1133 1133 I notification_cancel_all: [1000,1133,com.android.systemui,0,0,0,20,NULL]
01-04 01:15:04.134 1133 1133 D BluetoothManagerService: BluetoothServiceConnection: com.android.bluetooth.btservice.AdapterService
01-04 01:15:04.134 1133 1649 D BluetoothManagerService: MESSAGE_BLUETOOTH_SERVICE_CONNECTED: 1
01-04 01:15:04.141 1133 1133 I ConnectivityModuleConnector: Networking module service connected
01-04 01:15:04.142 1133 1647 D UsbDeviceManager: push notification:正在通过 USB 为此设备充电
01-01 08:01:43.175 0 0 D cnss : Received QMI WLFW pin connect result indication
01-01 08:01:43.175 0 0 D cnss : Pin connect Result: pwr_pin: 0x1 phy_io_pin: 0x0 rf_io_pin: 0x0
01-01 08:01:43.175 0 0 D cnss : Assign MSI to user: CE, num_vectors: 10, user_base_data: 803, base_vector: 3
01-04 01:15:04.152 1133 1133 D ConditionProviders.SCP: onSubscribe condition://android/schedule?days=1.2.3.4.5.6.7&start=22.0&end=7.0&exitAtAlarm=true
01-04 01:15:04.152 1133 1133 D ConditionProviders.SCP: setRegistered true
01-04 01:15:04.159 1133 1649 D BluetoothManagerService: MESSAGE_GET_NAME_AND_ADDRESS
01-04 01:15:04.162 1133 1133 D ConditionProviders.SCP: evaluateSubscriptionLocked cal=ScheduleCalendar[mDays={1, 2, 3, 4, 5, 6, 7}, mSchedule=ScheduleInfo{days=[1, 2, 3, 4, 5, 6, 7], startHour=22, startMinute=0, endHour=7, endMinute=0, exitAtAlarm=true, nextAlarm=Thu Jan 01 08:00:00 GMT+08:00 1970 (0)}], now=Wed Jan 04 01:15:04 GMT+08:00 2023 (1672766104152), nextUserAlarmTime=Thu Jan 01 08:00:00 GMT+08:00 1970 (0)
01-04 01:15:04.162 1133 1133 D ConditionProviders.SCP: notifyCondition condition://android/schedule?days=1.2.3.4.5.6.7&start=22.0&end=7.0&exitAtAlarm=true STATE_TRUE reason=meetsSchedule
01-04 01:15:04.164 1133 1133 D ConditionProviders.SCP: Scheduling evaluate for Wed Jan 04 07:00:00 GMT+08:00 2023 (1672786800000), in +5h44m55s848ms, now=Wed Jan 04 01:15:04 GMT+08:00 2023 (1672766104152)
01-04 01:15:04.166 1133 1649 D BluetoothManagerService: Stored Bluetooth name: QCOM-BTD
01-04 01:15:04.166 1133 1649 D BluetoothManagerService: MESSAGE_INFORM_ADAPTER_SERVICE_UP
01-04 01:15:04.166 1133 1649 D BluetoothManagerService: Broadcasting onBluetoothServiceUp() to 3 receivers.
01-04 01:15:04.169 1133 1649 D BluetoothManagerService: MESSAGE_BLUETOOTH_STATE_CHANGE: OFF > BLE_TURNING_ON
01-04 01:15:04.169 1133 1649 D BluetoothManagerService: Sending BLE State Change: OFF > BLE_TURNING_ON
01-01 08:01:43.200 0 0 I [kworke][0x761abdb6][01:15:04.169991] wlan: [336:I:HIF] ce_srng_dest_ring_setup: ce_id 1
01-01 08:01:43.200 0 0 D cnss : Assign MSI to user: CE, num_vectors: 10, user_base_data: 803, base_vector: 3
01-01 08:01:43.201 0 0 I [kworke][0x761ada55][01:15:04.170372] wlan: [336:I:HIF] ce_srng_status_ring_setup: ce_id 1
01-01 08:01:43.201 0 0 D cnss : Assign MSI to user: CE, num_vectors: 10, user_base_data: 803, base_vector: 3
01-01 08:01:43.201 0 0 I [kworke][0x761af60a][01:15:04.170742] wlan: [336:I:HIF] ce_srng_dest_ring_setup: ce_id 2
01-01 08:01:43.201 0 0 D cnss : Assign MSI to user: CE, num_vectors: 10, user_base_data: 803, base_vector: 3
01-01 08:01:43.202 0 0 I [kworke][0x761b1048][01:15:04.171092] wlan: [336:I:HIF] ce_srng_status_ring_setup: ce_id 2
01-01 08:01:43.202 0 0 D cnss : Assign MSI to user: CE, num_vectors: 10, user_base_data: 803, base_vector: 3
01-01 08:01:43.202 0 0 D cnss : Assign MSI to user: CE, num_vectors: 10, user_base_data: 803, base_vector: 3
01-04 01:15:04.173 1133 2397 W ActivityThread: Failed to find provider info for com.android.calendar (user not unlocked)
01-04 01:15:04.177 1133 2397 W ActivityThread: Failed to find provider info for com.android.calendar (user not unlocked)
01-04 01:15:04.180 1133 1133 I sysui_multi_action: [757,856,758,1,806,com.android.server.telecom,857,TelecomMissedCalls,858,3]
01-04 01:15:04.181 1133 1133 I sysui_multi_action: [757,856,758,1,806,com.android.server.telecom,857,TelecomIncomingCalls,858,5]
01-04 01:15:04.181 1133 1133 I sysui_multi_action: [757,856,758,1,806,com.android.server.telecom,857,TelecomCallBlocking,858,2]
01-04 01:15:04.181 1133 1133 I sysui_multi_action: [757,856,758,1,806,com.android.server.telecom,857,TelecomBackgroundAudioProcessing,858,2]
01-04 01:15:04.182 1133 1133 I sysui_multi_action: [757,856,758,1,806,com.android.server.telecom,857,TelecomDisconnectedCalls,858,3]
01-04 01:15:04.182 1133 1133 I sysui_multi_action: [757,856,758,1,806,com.android.server.telecom,857,TelecomInCallServiceCrash,858,3]
01-04 01:15:04.195 1133 2549 D CompatibilityChangeReporter: Compat change id reported: 168419799; UID 1002; state: DISABLED
01-04 01:15:04.199 1133 1133 W BluetoothManagerService: bindBluetoothProfileService:Trying to bind to profile: 1, while Bluetooth is disabled
01-04 01:15:04.204 1133 1133 I Telecom : SystemStateHelper: Registering broadcast receiver: android.content.IntentFilter@aa5e2ab: TS.init@AAA
01-04 01:15:04.205 1133 1133 I Telecom : SystemStateHelper: Registering broadcast receiver: android.content.IntentFilter@e41fec6: TS.init@AAA
01-04 01:15:04.209 1133 3159 I Telecom : BluetoothRouteManager: getBluetoothAudioConnectedDevice: no service available.
01-04 01:15:04.216 1133 3161 I Telecom : Logging.Events: Non-call EVENT: AUDIO_ROUTE, Entering state QuiescentEarpieceRoute
01-01 08:01:43.247 0 0 I [kworke][0x7628476c][01:15:04.216199] wlan: [336:I:HIF] ce_srng_dest_ring_setup: ce_id 5
01-04 01:15:04.217 1133 3161 I Telecom : BluetoothRouteManager: getBluetoothAudioConnectedDevice: no service available.
01-01 08:01:43.247 0 0 D cnss : Assign MSI to user: CE, num_vectors: 10, user_base_data: 803, base_vector: 3
01-01 08:01:43.247 0 0 I [kworke][0x7628573b][01:15:04.216410] wlan: [336:I:HIF] ce_srng_status_ring_setup: ce_id 5
01-01 08:01:43.247 0 0 D cnss : Assign MSI to user: CE, num_vectors: 10, user_base_data: 803, base_vector: 3
01-01 08:01:43.247 0 0 I [kworke][0x762877c0][01:15:04.216844] wlan: [336:I:HIF] hif_configure_irq: E
01-01 08:01:43.247 0 0 D cnss : Assign MSI to user: WAKE, num_vectors: 1, user_base_data: 813, base_vector: 13
01-01 08:01:43.247 0 0 D cnss : Get IRQ number 364 for vector index 13
01-01 08:01:43.247 0 0 D cnss : Assign MSI to user: CE, num_vectors: 10, user_base_data: 803, base_vector: 3
01-01 08:01:43.247 0 0 D cnss : Get IRQ number 354 for vector index 3
01-01 08:01:43.247 0 0 D cnss : Get IRQ number 355 for vector index 4
01-01 08:01:43.247 0 0 D cnss : Get IRQ number 356 for vector index 5
01-01 08:01:43.248 0 0 D cnss : Get IRQ number 357 for vector index 6
01-01 08:01:43.248 0 0 D cnss : Get IRQ number 359 for vector index 8
01-01 08:01:43.248 0 0 D cnss : Get IRQ number 360 for vector index 9
01-01 08:01:43.248 0 0 D cnss : Get IRQ number 362 for vector index 11
01-01 08:01:43.248 0 0 E [kworke][0x7628a37a][01:15:04.217426] wlan: [336:E:mlme] mlme_init_reg_cfg: 2374: null pdev
01-04 01:15:04.228 1133 3165 I Telecom : CallAudioModeStateMachine: Message received: null.: TS.init->CAMSM.pM_1@AAA
01-04 01:15:04.232 1133 1133 I Telecom : MissedCallNotifierImpl: reloadFromDatabase: Boot not yet complete -- call log db may not be available. Deferring loading until boot complete for user 0: TS.init@AAA
01-01 08:01:43.258 0 0 E [kworke][0x762b9269][01:15:04.227439] wlan: [336:E:WMI] WMI handle is NULL
01-01 08:01:43.266 0 0 I [kworke][0x762e0d2b][01:15:04.235902] wlan: [336:I:HIF] Initializing Runtime PM wakelock &p2p_soc_obj->roc_runtime_lock
01-01 08:01:43.266 0 0 D cnss : Platform cap_flag is 0x4
01-01 08:01:43.266 0 0 E [kworke][0x762e1143][01:15:04.235956] wlan: [336:E:QDF] cds_get_context: 1486: Module ID 66 context is Null
01-04 01:15:04.237 1133 1133 D TelephonyRegistry: listen oscl: mHasNotifySubscriptionInfoChangedOccurred==false no callback
01-04 01:15:04.238 1133 1133 I Telecom : MissedCallNotifierImpl: reloadFromDatabase: Boot not yet complete -- call log db may not be available. Deferring loading until boot complete for user 0: TS.init@AAA
01-04 01:15:04.239 1133 1133 I Telecom : Class: TelecomSystem.INSTANCE being set
01-01 08:01:43.281 0 0 E bt_ioctl: BT_CMD_PWR_CTRL pwr_cntrl:0
01-01 08:01:43.287 0 0 E bt_ioctl: BT state already:0 no change done
01-01 08:01:43.294 0 0 E bt_ioctl: BT_CMD_PWR_CTRL pwr_cntrl:1
01-04 01:15:04.252 1133 1133 W CarrierConfigManager: Error getting config for subId -1 ICarrierConfigLoader is null
01-04 01:15:04.252 1133 1133 I Telecom : PhoneAccountRegistrar: getSimCallManager: SimCallManager for subId -1 queried, returning: null: TSI.gSCM@AAE
01-04 01:15:04.274 1133 1133 I sysui_multi_action: [757,1501,758,1,793,3392,794,0,795,3392,796,1,797,empty_media,806,com.android.systemui,857,empty_media_style_id,858,4,947,0,1500,0,1641,transport,1745,1043716538]
01-04 01:15:04.274 1133 1133 I sysui_multi_action: [757,804,799,note_interruptive,801,0,802,1]
01-04 01:15:04.275 1133 1133 I GameModeConfig: isGameModeOn = false
01-01 08:01:43.301 0 0 I bt_power vendor: bt_qca6390: Linked as a consumer to regulator.9
01-01 08:01:43.301 0 0 E bt_vreg_enable: vreg_en successful for : qca,bt-vdd-aon
01-01 08:01:43.308 0 0 I bt_power vendor: bt_qca6390: Linked as a consumer to regulator.51
01-01 08:01:43.308 0 0 E bt_vreg_enable: vreg_en successful for : qca,bt-vdd-dig
01-04 01:15:04.289 1133 1133 W NotificationHistory: Attempted to add notif for locked/gone/disabled user 0
01-01 08:01:43.315 0 0 I bt_power vendor: bt_qca6390: Linked as a consumer to regulator.8
01-01 08:01:43.315 0 0 E bt_vreg_enable: vreg_en successful for : qca,bt-vdd-rfa1
01-01 08:01:43.321 0 0 I bt_power vendor: bt_qca6390: Linked as a consumer to regulator.36
01-01 08:01:43.322 0 0 E bt_vreg_enable: vreg_en successful for : qca,bt-vdd-rfa2
01-04 01:15:04.292 1133 1133 D BiometricScheduler/Fingerprint21: [Finishing] {[0] FingerprintUpdateActiveUserClient, proto=1, owner=android, cookie=0, requestId=-1, userId=0}, success: true
01-04 01:15:04.293 1133 1133 D BiometricScheduler/Fingerprint21: [Polled] {[1] FingerprintUpdateActiveUserClient, proto=1, owner=android, cookie=0, requestId=-1, userId=0}, State: 0
01-04 01:15:04.293 1133 1133 D BiometricScheduler/Fingerprint21: [Starting] {[1] FingerprintUpdateActiveUserClient, proto=1, owner=android, cookie=0, requestId=-1, userId=0}, State: 0
01-04 01:15:04.293 1133 1133 D BiometricScheduler/Fingerprint21: [Started] {[1] FingerprintUpdateActiveUserClient, proto=1, owner=android, cookie=0, requestId=-1, userId=0}
01-01 08:01:43.326 0 0 D qbt : qbt_open: entry minor_no=0 fd_available=1
01-01 08:01:43.328 0 0 D qbt : qbt_open: exit : 0 fd_available=0
01-01 08:01:43.328 0 0 I bt_power vendor: bt_qca6390: Linked as a consumer to regulator.27
01-01 08:01:43.329 0 0 D qbt : qbt_open: entry minor_no=1 fd_available=0
01-01 08:01:43.329 0 0 D qbt : qbt_open: exit : 0 fd_available=0
01-01 08:01:43.329 0 0 D qbt : qbt_ioctl: cmd received 107
01-01 08:01:43.329 0 0 D qbt : qbt_ioctl: Acquiring wakelock
01-01 08:01:43.330 0 0 E bt_vreg_enable: vreg_en successful for : qca,bt-vdd-asd
01-01 08:01:43.337 0 0 E [kworke][0x7642be32][01:15:04.306531] wlan: [336:E:QDF] cds_get_context: 1486: Module ID 66 context is Null
01-01 08:01:43.369 0 0 I [kworke][0x764c2bf5][01:15:04.338713] wlan: [336:I:HIF] Initializing Runtime PM wakelock &psoc_wakelock->wmi_cmd_rsp_runtime_lock
01-01 08:01:43.373 0 0 F [kworke][0x764d698f][01:15:04.342948] wlan: [336:F:WMA] WMA --> wmi_unified_attach - success
01-01 08:01:43.376 0 0 W QSEECOM : qseecom_load_app: App (fingerpr) does'nt exist, loading apps for first time
01-01 08:01:43.388 0 0 I [kworke][0x7651d12e][01:15:04.357982] wlan: [336:I:HIF] Initializing Runtime PM wakelock &vdev->vdev_set_key_runtime_wakelock
01-01 08:01:43.390 0 0 I [kworke][0x76523656][01:15:04.359331] wlan: [336:I:HIF] Initializing Runtime PM wakelock &vdev->vdev_set_key_runtime_wakelock
01-01 08:01:43.392 0 0 I [kworke][0x7652be8a][01:15:04.361149] wlan: [336:I:HIF] Initializing Runtime PM wakelock &vdev->vdev_set_key_runtime_wakelock
01-01 08:01:43.394 0 0 I [kworke][0x76537061][01:15:04.363519] wlan: [336:I:HIF] Initializing Runtime PM wakelock &vdev->vdev_set_key_runtime_wakelock
01-01 08:01:43.396 0 0 I [kworke][0x76540a32][01:15:04.365570] wlan: [336:I:HIF] Initializing Runtime PM wakelock &vdev->vdev_set_key_runtime_wakelock
01-01 08:01:43.398 0 0 I [kworke][0x7654b05d][01:15:04.367785] wlan: [336:I:HIF] Initializing Runtime PM wakelock &vdev->vdev_set_key_runtime_wakelock
01-01 08:01:43.402 0 0 I [kworke][0x7655b2f6][01:15:04.371234] wlan: [336:I:HIF] Initializing Runtime PM wakelock &wma_handle->wmi_cmd_rsp_runtime_lock
01-01 08:01:43.402 0 0 I [kworke][0x7655b5f5][01:15:04.371273] wlan: [336:I:HIF] Initializing Runtime PM wakelock &wma_handle->sap_prevent_runtime_pm_lock
01-01 08:01:43.407 0 0 I bt_configure_gpios: BTON:Turn Bt Off bt-reset-gpio(1121) value(0)
01-01 08:01:43.407 0 0 I bt_configure_gpios: BTON:Turn Bt Off
01-01 08:01:43.407 0 0 I bt_configure_gpios: bt-sw-ctrl-gpio(1224) value(1)
01-01 08:01:43.407 0 0 I bt_enable_bt_reset_gpios_safely: bt_enable_bt_reset_gpios_safely: BTON:Turn Bt On
01-01 08:01:43.407 0 0 I bt_enable_bt_reset_gpios_safely: bt_enable_bt_reset_gpios_safely: wl-reset-gpio(1120) value(1)
01-01 08:01:43.407 0 0 I bt_enable_bt_reset_gpios_safely: bt_enable_bt_reset_gpios_safely: BTON: Asserting BT_EN
01-04 01:15:04.395 1133 1650 I wm_boot_animation_done: 81147
01-04 01:15:04.396 1133 1650 I ActivityManagerTiming: FinishBooting
01-04 01:15:04.406 1133 1650 I ActivityManager: About to commit checkpoint
01-04 01:15:04.408 1133 1829 I commit_sys_config_file: [settings-0-0,5]
01-04 01:15:04.433 1133 1649 I commit_sys_config_file: [notification-policy,4879]
01-01 08:01:43.442 0 0 E [kworke][0x7661a778][01:15:04.412040] wlan: [336:E:QDF] htc_wait_target: 684: Target Ready! TX resource : 1 size:2176, MaxMsgsPerHTCBundle = 1
01-01 08:01:43.457 0 0 E [kworke][0x7665d3f4][01:15:04.426286] wlan: [336:E:QDF] htc_setup_target_buffer_assignments: 576: SVS Index : 1 TX : 0x100 : alloc:1
01-01 08:01:43.467 0 0 I bt_configure_gpios: BTON:Turn Bt On bt-reset-gpio(1121) value(1)
01-01 08:01:43.470 0 0 D cnss : Assign MSI to user: DP, num_vectors: 18, user_base_data: 814, base_vector: 14
01-01 08:01:43.471 0 0 I bt_configure_gpios: BTON:Turn Bt On
01-01 08:01:43.471 0 0 I bt_configure_gpios: bt-sw-ctrl-gpio(1224) value(1)
01-01 08:01:43.471 0 0 I bt_configure_gpios: bt_gpio= 1121 on: 1 is successful
01-01 08:01:43.472 0 0 I [kworke][0x766a3229][01:15:04.441197] wlan: [336:I:HIF] +hif_update_pipe_callback pipeid 5
01-01 08:01:43.472 0 0 I [kworke][0x766a3421][01:15:04.441222] wlan: [336:I:HIF] -hif_update_pipe_callback
01-01 08:01:43.472 0 0 D cnss : Assign MSI to user: DP, num_vectors: 18, user_base_data: 814, base_vector: 14
01-01 08:01:43.478 0 0 E [kworke][0x766c0692][01:15:04.447441] wlan: [336:E:DP] dp_srng_get_str_from_hal_ring_type: 7726: Invalid ring type
01-01 08:01:43.479 0 0 W QSEECOM : qseecom_load_app: App with id 8 (fingerpr) now loaded
01-01 08:01:43.490 0 0 D cnss : Assign MSI to user: DP, num_vectors: 18, user_base_data: 814, base_vector: 14
01-01 08:01:43.490 0 0 D cnss : Assign MSI to user: DP, num_vectors: 18, user_base_data: 814, base_vector: 14
