01-04 01:14:44.416 1133 1133 D StorageManagerService: CE storage for users [0] is already unlocked
01-04 01:14:44.418 1133 1929 D StorageManagerService: Thinking about init, mBootCompleted=false, mDaemonConnected=true
01-04 01:14:44.419 1133 1133 W SystemServiceManager: Service com.android.server.StorageManagerService$Lifecycle took 75 ms in onStart
01-04 01:14:44.419 1133 1929 D StorageManagerService: Thinking about reset, mBootCompleted=false, mDaemonConnected=true
01-01 08:01:23.457 0 0 I msm_vidc: high: 00000001: ....e: Opening video instance: ffffffc1c19e8000, 0
01-01 08:01:23.461 0 0 I [kworke][0x5f839d55][01:14:44.430253] wlan: [455:I:HIF] Initializing Runtime PM wakelock &sc->prevent_linkdown_lock
01-01 08:01:23.461 0 0 I [kworke][0x5f83a681][01:14:44.430375] wlan: [455:I:HIF] hif_pci_enable_bus: con_mode = 0x0, WLAN_SOC_device_id = 0x1101
01-01 08:01:23.461 0 0 I [kworke][0x5f83a988][01:14:44.430415] wlan: [455:I:HIF] hif_pci_enable_bus: hif_enable_pci done
01-01 08:01:23.461 0 0 I [kworke][0x5f83c53f][01:14:44.430785] wlan: [455:I:HIF] *********** QCA6390 *************
01-01 08:01:23.461 0 0 I [kworke][0x5f83c77f][01:14:44.430815] wlan: [455:I:HIF] hif_pci_enable_bus: hif_type = 0x12, target_type = 0x17
01-04 01:14:44.419 1133 1133 D SystemServerTiming: StartStorageManagerService took to complete: 76ms
01-04 01:14:44.419 1133 1133 I SystemServerTiming: StartStorageStatsService
01-04 01:14:44.420 1133 1133 I SystemServiceManager: Starting com.android.server.usage.StorageStatsService$Lifecycle
01-04 01:14:44.430 1133 1133 D SystemServerTiming: StartStorageStatsService took to complete: 10ms
01-04 01:14:44.430 1133 1133 I SystemServerTiming: StartUiModeManager
01-04 01:14:44.430 1133 1133 I SystemServiceManager: Starting com.android.server.UiModeManagerService
01-04 01:14:44.437 1133 1133 D SystemServerTiming: StartUiModeManager took to complete: 7ms
01-04 01:14:44.437 1133 1133 I SystemServerTiming: UpdatePackagesIfNeeded
01-04 01:14:44.437 1133 1133 I Watchdog: Pausing HandlerChecker: main thread for reason: dexopt. Pause count: 1
01-01 08:01:23.461 0 0 I [kworke][0x5f83c989][01:14:44.430842] wlan: [455:I:HIF] hif_register_tbl_attach: HIF_TYPE_QCA6390
01-04 01:14:44.441 1133 1649 I am_uid_running: 10101
01-01 08:01:23.461 0 0 I [kworke][0x5f83cb81][01:14:44.430868] wlan: [455:I:HIF] hif_target_register_tbl_attach: TARGET_TYPE_QCA6390
01-01 08:01:23.461 0 0 I [kworke][0x5f83cd6f][01:14:44.430894] wlan: [455:I:HIF] hif_pci_enable_bus:Skip tgt_wake up for srng devices
01-01 08:01:23.465 0 0 E [kworke][0x5f84ccb2][01:14:44.434297] wlan: [455:E:TXRX] hif_print_hal_shadow_register_cfg: num_config 28
01-01 08:01:23.477 0 0 I [kworke][0x5f8884aa][01:14:44.446989] wlan: [455:I:TXRX] hif_print_hal_shadow_register_cfg: i 0, val a3b034
01-01 08:01:23.477 0 0 I [kworke][0x5f8885fb][01:14:44.447006] wlan: [455:I:TXRX] hif_print_hal_shadow_register_cfg: i 1, val a3b03c
01-01 08:01:23.477 0 0 I [kworke][0x5f8886be][01:14:44.447016] wlan: [455:I:TXRX] hif_print_hal_shadow_register_cfg: i 2, val a3b044
01-01 08:01:23.477 0 0 I [kworke][0x5f88878a][01:14:44.447027] wlan: [455:I:TXRX] hif_print_hal_shadow_register_cfg: i 3, val a3b04c
01-01 08:01:23.477 0 0 I [kworke][0x5f888845][01:14:44.447037] wlan: [455:I:TXRX] hif_print_hal_shadow_register_cfg: i 4, val a3b054
01-01 08:01:23.477 0 0 I [kworke][0x5f8888ff][01:14:44.447046] wlan: [455:I:TXRX] hif_print_hal_shadow_register_cfg: i 5, val a3b028
01-01 08:01:23.477 0 0 I [kworke][0x5f8889ba][01:14:44.447056] wlan: [455:I:TXRX] hif_print_hal_shadow_register_cfg: i 6, val a3b020
01-01 08:01:23.477 0 0 I [kworke][0x5f888a50][01:14:44.447064] wlan: [455:I:TXRX] hif_print_hal_shadow_register_cfg: i 7, val a3b06c
01-01 08:01:23.478 0 0 I [kworke][0x5f888ae7][01:14:44.447072] wlan: [455:I:TXRX] hif_print_hal_shadow_register_cfg: i 8, val a46000
01-01 08:01:23.478 0 0 I [kworke][0x5f888b7e][01:14:44.447080] wlan: [455:I:TXRX] hif_print_hal_shadow_register_cfg: i 9, val a46008
01-01 08:01:23.478 0 0 I [kworke][0x5f888c0f][01:14:44.447087] wlan: [455:I:TXRX] hif_print_hal_shadow_register_cfg: i 10, val a46010
01-01 08:01:23.478 0 0 I [kworke][0x5f888c93][01:14:44.447094] wlan: [455:I:TXRX] hif_print_hal_shadow_register_cfg: i 11, val a46018
01-01 08:01:23.478 0 0 I [kworke][0x5f888d18][01:14:44.447101] wlan: [455:I:TXRX] hif_print_hal_shadow_register_cfg: i 12, val a46034
01-01 08:01:23.478 0 0 I [kworke][0x5f888d9e][01:14:44.447108] wlan: [455:I:TXRX] hif_print_hal_shadow_register_cfg: i 13, val a370b0
01-01 08:01:23.478 0 0 I [kworke][0x5f888e3f][01:14:44.447116] wlan: [455:I:TXRX] hif_print_hal_shadow_register_cfg: i 14, val a37018
01-01 08:01:23.478 0 0 I [kworke][0x5f888ecb][01:14:44.447124] wlan: [455:I:TXRX] hif_print_hal_shadow_register_cfg: i 15, val a370c4
01-01 08:01:23.478 0 0 I [kworke][0x5f888f50][01:14:44.447130] wlan: [455:I:TXRX] hif_print_hal_shadow_register_cfg: i 16, val a370cc
01-01 08:01:23.478 0 0 I [kworke][0x5f888fcd][01:14:44.447137] wlan: [455:I:TXRX] hif_print_hal_shadow_register_cfg: i 17, val a370d4
01-01 08:01:23.478 0 0 I [kworke][0x5f8894dd][01:14:44.447205] wlan: [455:I:TXRX] hif_print_hal_shadow_register_cfg: i 18, val a370dc
01-01 08:01:23.478 0 0 I [kworke][0x5f88958f][01:14:44.447214] wlan: [455:I:TXRX] hif_print_hal_shadow_register_cfg: i 19, val a00400
01-01 08:01:23.478 0 0 I [kworke][0x5f889617][01:14:44.447221] wlan: [455:I:TXRX] hif_print_hal_shadow_register_cfg: i 20, val a03400
01-01 08:01:23.478 0 0 I [kworke][0x5f8896a6][01:14:44.447228] wlan: [455:I:TXRX] hif_print_hal_shadow_register_cfg: i 21, val a0340c
01-01 08:01:23.478 0 0 I [kworke][0x5f889728][01:14:44.447235] wlan: [455:I:TXRX] hif_print_hal_shadow_register_cfg: i 22, val a05400
01-01 08:01:23.478 0 0 I [kworke][0x5f8897b7][01:14:44.447243] wlan: [455:I:TXRX] hif_print_hal_shadow_register_cfg: i 23, val a0540c
01-01 08:01:23.478 0 0 I [kworke][0x5f889855][01:14:44.447251] wlan: [455:I:TXRX] hif_print_hal_shadow_register_cfg: i 24, val a06400
01-01 08:01:23.478 0 0 I [kworke][0x5f8898d4][01:14:44.447257] wlan: [455:I:TXRX] hif_print_hal_shadow_register_cfg: i 25, val a08400
01-01 08:01:23.478 0 0 I [kworke][0x5f889953][01:14:44.447264] wlan: [455:I:TXRX] hif_print_hal_shadow_register_cfg: i 26, val a0b400
01-01 08:01:23.478 0 0 I [kworke][0x5f8899e2][01:14:44.447271] wlan: [455:I:TXRX] hif_print_hal_shadow_register_cfg: i 27, val a0b40c
01-01 08:01:23.478 0 0 D cnss : Mode: 0, config: ffffff801b7d37b8, host_version: 5.2.022.10G
01-01 08:01:23.478 0 0 D cnss : Sending WLAN config message, state: 0x17
01-04 01:14:44.449 1133 1931 I SystemServerTimingAsync: InitThreadPoolExec:UiModeManager.onStart
01-01 08:01:23.482 0 0 D cnss : Sending mode message, mode: MISSION(0), state: 0x17
01-04 01:14:44.449 1133 1931 D SystemServerInitThreadPool: Started executing UiModeManager.onStart
01-04 01:14:44.450 1133 1661 D PinnerService: pinRangeStream: null
01-04 01:14:44.451 1133 1661 D PinnerService: pinRangeStream: null
01-04 01:14:44.454 1133 1931 D SystemServerInitThreadPool: Finished executing UiModeManager.onStart
01-04 01:14:44.454 1133 1931 D SystemServerTimingAsync: InitThreadPoolExec:UiModeManager.onStart took to complete: 5ms
01-04 01:14:44.465 1133 1661 D PinnerService: pinRangeStream: null
01-04 01:14:44.467 1133 1661 D PinnerService: pinRangeStream: null
01-04 01:14:44.467 1133 1661 E PinnerService: Could not pin file /system/lib64/libsurfaceflinger.so
01-04 01:14:44.467 1133 1661 E PinnerService: android.system.ErrnoException: open failed: ENOENT (No such file or directory)
01-04 01:14:44.467 1133 1661 E PinnerService: at libcore.io.Linux.open(Native Method)
01-04 01:14:44.467 1133 1661 E PinnerService: at libcore.io.ForwardingOs.open(ForwardingOs.java:567)
01-04 01:14:44.467 1133 1661 E PinnerService: at libcore.io.BlockGuardOs.open(BlockGuardOs.java:273)
01-04 01:14:44.467 1133 1661 E PinnerService: at android.system.Os.open(Os.java:501)
01-04 01:14:44.467 1133 1661 E PinnerService: at com.android.server.PinnerService.pinFileRanges(PinnerService.java:939)
01-04 01:14:44.467 1133 1661 E PinnerService: at com.android.server.PinnerService.pinFile(PinnerService.java:814)
01-04 01:14:44.467 1133 1661 E PinnerService: at com.android.server.PinnerService.handlePinOnStart(PinnerService.java:273)
01-04 01:14:44.467 1133 1661 E PinnerService: at com.android.server.PinnerService.access$1600(PinnerService.java:91)
01-04 01:14:44.467 1133 1661 E PinnerService: at com.android.server.PinnerService$PinnerHandler.handleMessage(PinnerService.java:1183)
01-04 01:14:44.467 1133 1661 E PinnerService: at android.os.Handler.dispatchMessage(Handler.java:106)
01-04 01:14:44.467 1133 1661 E PinnerService: at android.os.Looper.loopOnce(Looper.java:201)
01-04 01:14:44.467 1133 1661 E PinnerService: at android.os.Looper.loop(Looper.java:288)
01-04 01:14:44.467 1133 1661 E PinnerService: at android.os.HandlerThread.run(HandlerThread.java:67)
01-04 01:14:44.467 1133 1661 E PinnerService: Failed to pin file = /system/lib64/libsurfaceflinger.so
01-01 08:01:23.498 0 0 I msm_vidc: high: 00000001: h265e: Closed video instance: ffffffc1c19e8000
01-01 08:01:23.506 0 0 D cnss : Assign MSI to user: CE, num_vectors: 10, user_base_data: 803, base_vector: 3
01-01 08:01:23.507 0 0 D cnss : Received QMI WLFW pin connect result indication
01-01 08:01:23.507 0 0 D cnss : Pin connect Result: pwr_pin: 0x1 phy_io_pin: 0x0 rf_io_pin: 0x0
01-01 08:01:23.514 0 0 I [kworke][0x5f93330b][01:14:44.483447] wlan: [455:I:HIF] ce_srng_dest_ring_setup: ce_id 1
01-01 08:01:23.514 0 0 D cnss : Assign MSI to user: CE, num_vectors: 10, user_base_data: 803, base_vector: 3
01-01 08:01:23.514 0 0 I [kworke][0x5f934206][01:14:44.483647] wlan: [455:I:HIF] ce_srng_status_ring_setup: ce_id 1
01-01 08:01:23.514 0 0 D cnss : Assign MSI to user: CE, num_vectors: 10, user_base_data: 803, base_vector: 3
01-01 08:01:23.514 0 0 I [kworke][0x5f934d4d][01:14:44.483797] wlan: [455:I:HIF] ce_srng_dest_ring_setup: ce_id 2
01-01 08:01:23.514 0 0 D cnss : Assign MSI to user: CE, num_vectors: 10, user_base_data: 803, base_vector: 3
01-01 08:01:23.514 0 0 I [kworke][0x5f9358ce][01:14:44.483950] wlan: [455:I:HIF] ce_srng_status_ring_setup: ce_id 2
01-01 08:01:23.514 0 0 D cnss : Assign MSI to user: CE, num_vectors: 10, user_base_data: 803, base_vector: 3
01-01 08:01:23.515 0 0 D cnss : Assign MSI to user: CE, num_vectors: 10, user_base_data: 803, base_vector: 3
01-01 08:01:23.532 0 0 I [kworke][0x5f9897c5][01:14:44.501857] wlan: [455:I:HIF] ce_srng_dest_ring_setup: ce_id 5
01-01 08:01:23.532 0 0 D cnss : Assign MSI to user: CE, num_vectors: 10, user_base_data: 803, base_vector: 3
01-01 08:01:23.532 0 0 I [kworke][0x5f98a454][01:14:44.502024] wlan: [455:I:HIF] ce_srng_status_ring_setup: ce_id 5
01-01 08:01:23.532 0 0 D cnss : Assign MSI to user: CE, num_vectors: 10, user_base_data: 803, base_vector: 3
01-01 08:01:23.533 0 0 I [kworke][0x5f98b51b][01:14:44.502248] wlan: [455:I:HIF] hif_configure_irq: E
01-01 08:01:23.533 0 0 D cnss : Assign MSI to user: WAKE, num_vectors: 1, user_base_data: 813, base_vector: 13
01-01 08:01:23.533 0 0 D cnss : Get IRQ number 364 for vector index 13
01-01 08:01:23.533 0 0 D cnss : Assign MSI to user: CE, num_vectors: 10, user_base_data: 803, base_vector: 3
01-01 08:01:23.533 0 0 D cnss : Get IRQ number 354 for vector index 3
01-01 08:01:23.533 0 0 D cnss : Get IRQ number 355 for vector index 4
01-01 08:01:23.535 0 0 D cnss : Get IRQ number 356 for vector index 5
01-01 08:01:23.536 0 0 D cnss : Get IRQ number 357 for vector index 6
01-01 08:01:23.536 0 0 D cnss : Get IRQ number 359 for vector index 8
01-01 08:01:23.536 0 0 D cnss : Get IRQ number 360 for vector index 9
01-01 08:01:23.536 0 0 D cnss : Get IRQ number 362 for vector index 11
01-01 08:01:23.537 0 0 E [kworke][0x5f99e06b][01:14:44.506239] wlan: [455:E:mlme] mlme_init_reg_cfg: 2374: null pdev
01-01 08:01:23.547 0 0 E [kworke][0x5f9ccdc5][01:14:44.516230] wlan: [455:E:WMI] WMI handle is NULL
01-01 08:01:23.552 0 0 I msm_vidc: high: 00000001: ....d: Opening video instance: ffffffc1c2dec000, 1
01-01 08:01:23.555 0 0 I [kworke][0x5f9f33c8][01:14:44.524417] wlan: [455:I:HIF] Initializing Runtime PM wakelock &p2p_soc_obj->roc_runtime_lock
01-01 08:01:23.555 0 0 D cnss : Platform cap_flag is 0x4
01-01 08:01:23.555 0 0 E [kworke][0x5f9f3a14][01:14:44.524501] wlan: [455:E:QDF] cds_get_context: 1486: Module ID 66 context is Null
01-01 08:01:23.576 0 0 I msm_vidc: high: 00000001: h264d: Closed video instance: ffffffc1c2dec000
01-01 08:01:23.605 0 0 I msm_vidc: high: 00000001: ....d: Opening video instance: ffffffc1c35c4000, 1
01-01 08:01:23.608 0 0 E : INFO: trying to register non-static key.
01-01 08:01:23.613 0 0 E : the code is fine but needs lockdep annotation.
01-01 08:01:23.615 0 0 E [kworke][0x5fb0cfd5][01:14:44.584524] wlan: [455:E:QDF] cds_get_context: 1486: Module ID 66 context is Null
01-01 08:01:23.619 0 0 I : CPU: 0 PID: 1947 Comm: VideoDecMsgThre Tainted: G S W O 4.19.157+ #1
01-01 08:01:23.630 0 0 I Hardware name: Qualcomm Technologies, Inc. kona MTP-RmPM8150b. VX1(MCE) EVT2 (DT)
01-01 08:01:23.630 0 0 I Call trace:
01-01 08:01:23.630 0 0 I : dump_backtrace+0x0/0x258
01-01 08:01:23.630 0 0 I : show_stack+0x20/0x30
01-01 08:01:23.630 0 0 I : dump_stack+0xd8/0x12c
01-01 08:01:23.630 0 0 I : register_lock_class+0x4d0/0x5c8
01-01 08:01:23.630 0 0 I : __lock_acquire+0xbc/0x1e58
01-01 08:01:23.630 0 0 I : lock_acquire+0x1cc/0x218
01-01 08:01:23.630 0 0 I : _raw_spin_lock_irqsave+0x54/0x98
01-01 08:01:23.630 0 0 I : __ion_system_secure_heap_resize+0x768/0x8c0
01-01 08:01:23.630 0 0 I : ion_system_secure_heap_prefetch+0x28/0x38
01-01 08:01:23.630 0 0 I : ion_walk_heaps+0x88/0xb8
01-01 08:01:23.630 0 0 I : ion_ioctl+0x1b0/0x2a8
01-01 08:01:23.630 0 0 I : __arm64_compat_sys_ioctl+0xf4/0x240
01-01 08:01:23.630 0 0 I : el0_svc_common+0xa4/0x190
01-01 08:01:23.630 0 0 I : el0_svc_compat_handler+0x28/0x38
01-01 08:01:23.630 0 0 I : el0_svc_compat+0x8/0x34
01-04 01:14:44.623 1213 1213 W iorapd : Readahead disabled by system property
01-01 08:01:23.634 0 0 E : INFO: trying to register non-static key.
01-01 08:01:23.635 0 0 E : INFO: trying to register non-static key.
01-01 08:01:23.639 0 0 E : the code is fine but needs lockdep annotation.
01-01 08:01:23.644 0 0 E : the code is fine but needs lockdep annotation.
01-01 08:01:23.650 0 0 I : CPU: 0 PID: 331 Comm: kworker/u16:10 Tainted: G S W O 4.19.157+ #1
01-01 08:01:23.652 0 0 I [kworke][0x5fbb89d2][01:14:44.621140] wlan: [455:I:HIF] Initializing Runtime PM wakelock &psoc_wakelock->wmi_cmd_rsp_runtime_lock
01-01 08:01:23.655 0 0 I Hardware name: Qualcomm Technologies, Inc. kona MTP-RmPM8150b. VX1(MCE) EVT2 (DT)
01-01 08:01:23.655 0 0 I Workqueue: events_unbound ion_system_secure_heap_prefetch_work
01-01 08:01:23.655 0 0 I Call trace:
01-01 08:01:23.655 0 0 I : dump_backtrace+0x0/0x258
01-01 08:01:23.655 0 0 I : show_stack+0x20/0x30
01-01 08:01:23.655 0 0 I : dump_stack+0xd8/0x12c
01-01 08:01:23.655 0 0 I : register_lock_class+0x4d0/0x5c8
01-01 08:01:23.655 0 0 I : __lock_acquire+0xbc/0x1e58
01-01 08:01:23.655 0 0 I : lock_acquire+0x1cc/0x218
01-01 08:01:23.655 0 0 I : _raw_spin_lock_irqsave+0x54/0x98
01-01 08:01:23.655 0 0 I : ion_system_secure_heap_prefetch_work+0x48/0x2c0
01-01 08:01:23.655 0 0 I : process_one_work+0x38c/0x660
01-01 08:01:23.655 0 0 I : worker_thread+0x268/0x4b8
01-01 08:01:23.655 0 0 I : kthread+0x140/0x150
01-01 08:01:23.655 0 0 I : ret_from_fork+0x10/0x1c
01-01 08:01:23.655 0 0 I : CPU: 1 PID: 1935 Comm: HwBinder:1295_5 Tainted: G S W O 4.19.157+ #1
01-01 08:01:23.655 0 0 I Hardware name: Qualcomm Technologies, Inc. kona MTP-RmPM8150b. VX1(MCE) EVT2 (DT)
01-01 08:01:23.655 0 0 I Call trace:
01-01 08:01:23.655 0 0 I : dump_backtrace+0x0/0x258
01-01 08:01:23.655 0 0 I : show_stack+0x20/0x30
01-01 08:01:23.655 0 0 I : dump_stack+0xd8/0x12c
01-01 08:01:23.655 0 0 I : register_lock_class+0x4d0/0x5c8
01-01 08:01:23.655 0 0 I : __lock_acquire+0xbc/0x1e58
01-01 08:01:23.655 0 0 I : lock_acquire+0x1cc/0x218
01-01 08:01:23.655 0 0 I : _raw_spin_lock_irqsave+0x54/0x98
01-01 08:01:23.655 0 0 I : __ion_system_secure_heap_resize+0x768/0x8c0
01-01 08:01:23.655 0 0 I : ion_system_secure_heap_drain+0x28/0x38
01-01 08:01:23.655 0 0 I : ion_walk_heaps+0x88/0xb8
01-01 08:01:23.655 0 0 I : ion_ioctl+0x1b0/0x2a8
01-01 08:01:23.655 0 0 I : __arm64_compat_sys_ioctl+0xf4/0x240
01-01 08:01:23.656 0 0 I : el0_svc_common+0xa4/0x190
01-01 08:01:23.656 0 0 I : el0_svc_compat_handler+0x28/0x38
01-01 08:01:23.656 0 0 I : el0_svc_compat+0x8/0x34
01-01 08:01:23.657 0 0 I msm_vidc: high: 00000001: h264d: Closed video instance: ffffffc1c35c4000
01-01 08:01:23.660 0 0 E : INFO: trying to register non-static key.
01-01 08:01:23.665 0 0 E : the code is fine but needs lockdep annotation.
01-01 08:01:23.665 0 0 F [kworke][0x5fbf7f5e][01:14:44.634652] wlan: [455:F:WMA] WMA --> wmi_unified_attach - success
01-01 08:01:23.671 0 0 I : CPU: 0 PID: 331 Comm: kworker/u16:10 Tainted: G S W O 4.19.157+ #1
01-01 08:01:23.671 0 0 I Hardware name: Qualcomm Technologies, Inc. kona MTP-RmPM8150b. VX1(MCE) EVT2 (DT)
01-01 08:01:23.671 0 0 I Workqueue: events_unbound ion_system_secure_heap_prefetch_work
01-01 08:01:23.671 0 0 I Call trace:
01-01 08:01:23.671 0 0 I : dump_backtrace+0x0/0x258
01-01 08:01:23.671 0 0 I : show_stack+0x20/0x30
01-01 08:01:23.671 0 0 I : dump_stack+0xd8/0x12c
01-01 08:01:23.671 0 0 I : register_lock_class+0x4d0/0x5c8
01-01 08:01:23.671 0 0 I : __lock_acquire+0xbc/0x1e58
01-01 08:01:23.671 0 0 I : lock_acquire+0x1cc/0x218
01-01 08:01:23.671 0 0 I : _raw_spin_lock_irqsave+0x54/0x98
01-01 08:01:23.671 0 0 I : ion_system_secure_heap_prefetch_work+0x94/0x2c0
01-01 08:01:23.671 0 0 I : process_one_work+0x38c/0x660
01-01 08:01:23.671 0 0 I : worker_thread+0x268/0x4b8
01-01 08:01:23.671 0 0 I : kthread+0x140/0x150
01-01 08:01:23.671 0 0 I : ret_from_fork+0x10/0x1c
01-04 01:14:44.642 1213 1213 W iorapd : Reconnect to package manager service: 1 times
01-01 08:01:23.673 0 0 E : INFO: trying to register non-static key.
01-01 08:01:23.686 0 0 E : the code is fine but needs lockdep annotation.
01-01 08:01:23.686 0 0 I [kworke][0x5fc5abb8][01:14:44.655725] wlan: [455:I:HIF] Initializing Runtime PM wakelock &vdev->vdev_set_key_runtime_wakelock
01-01 08:01:23.691 0 0 I : CPU: 0 PID: 331 Comm: kworker/u16:10 Tainted: G S W O 4.19.157+ #1
01-01 08:01:23.691 0 0 I Hardware name: Qualcomm Technologies, Inc. kona MTP-RmPM8150b. VX1(MCE) EVT2 (DT)
01-01 08:01:23.691 0 0 I Workqueue: events_unbound ion_system_secure_heap_prefetch_work
01-01 08:01:23.691 0 0 I Call trace:
01-01 08:01:23.691 0 0 I : dump_backtrace+0x0/0x258
01-01 08:01:23.691 0 0 I : show_stack+0x20/0x30
01-01 08:01:23.691 0 0 I : dump_stack+0xd8/0x12c
01-01 08:01:23.691 0 0 I : register_lock_class+0x4d0/0x5c8
01-01 08:01:23.691 0 0 I : __lock_acquire+0xbc/0x1e58
01-01 08:01:23.691 0 0 I : lock_acquire+0x1cc/0x218
01-01 08:01:23.691 0 0 I : _raw_spin_lock_irqsave+0x54/0x98
01-01 08:01:23.691 0 0 I : ion_system_secure_heap_prefetch_work+0x94/0x2c0
01-01 08:01:23.691 0 0 I : process_one_work+0x38c/0x660
01-01 08:01:23.691 0 0 I : worker_thread+0x268/0x4b8
01-01 08:01:23.691 0 0 I : kthread+0x140/0x150
01-01 08:01:23.691 0 0 I : ret_from_fork+0x10/0x1c
01-01 08:01:23.694 0 0 E : INFO: trying to register non-static key.
01-01 08:01:23.694 0 0 I [kworke][0x5fc819ec][01:14:44.664022] wlan: [455:I:HIF] Initializing Runtime PM wakelock &vdev->vdev_set_key_runtime_wakelock
01-01 08:01:23.699 0 0 E : the code is fine but needs lockdep annotation.
01-01 08:01:23.699 0 0 I : CPU: 0 PID: 331 Comm: kworker/u16:10 Tainted: G S W O 4.19.157+ #1
01-01 08:01:23.699 0 0 I Hardware name: Qualcomm Technologies, Inc. kona MTP-RmPM8150b. VX1(MCE) EVT2 (DT)
01-01 08:01:23.699 0 0 I Workqueue: events_unbound ion_system_secure_heap_prefetch_work
01-01 08:01:23.699 0 0 I Call trace:
01-01 08:01:23.699 0 0 I : dump_backtrace+0x0/0x258
01-01 08:01:23.699 0 0 I : show_stack+0x20/0x30
01-01 08:01:23.699 0 0 I : dump_stack+0xd8/0x12c
01-01 08:01:23.699 0 0 I : register_lock_class+0x4d0/0x5c8
01-01 08:01:23.699 0 0 I : __lock_acquire+0xbc/0x1e58
01-01 08:01:23.699 0 0 I : lock_acquire+0x1cc/0x218
01-01 08:01:23.699 0 0 I : _raw_spin_lock_irqsave+0x54/0x98
01-01 08:01:23.699 0 0 I : ion_system_secure_heap_prefetch_work+0x94/0x2c0
01-01 08:01:23.699 0 0 I : process_one_work+0x38c/0x660
01-01 08:01:23.699 0 0 I : worker_thread+0x268/0x4b8
01-01 08:01:23.699 0 0 I : kthread+0x140/0x150
01-01 08:01:23.699 0 0 I : ret_from_fork+0x10/0x1c
01-01 08:01:23.706 0 0 E : INFO: trying to register non-static key.
01-01 08:01:23.706 0 0 E : the code is fine but needs lockdep annotation.
01-01 08:01:23.706 0 0 I : CPU: 0 PID: 331 Comm: kworker/u16:10 Tainted: G S W O 4.19.157+ #1
01-01 08:01:23.706 0 0 I Hardware name: Qualcomm Technologies, Inc. kona MTP-RmPM8150b. VX1(MCE) EVT2 (DT)
01-01 08:01:23.706 0 0 I Workqueue: events_unbound ion_system_secure_heap_prefetch_work
01-01 08:01:23.706 0 0 I Call trace:
01-01 08:01:23.706 0 0 I : dump_backtrace+0x0/0x258
01-01 08:01:23.706 0 0 I : show_stack+0x20/0x30
01-01 08:01:23.706 0 0 I : dump_stack+0xd8/0x12c
01-01 08:01:23.706 0 0 I : register_lock_class+0x4d0/0x5c8
01-01 08:01:23.706 0 0 I : __lock_acquire+0xbc/0x1e58
01-01 08:01:23.706 0 0 I : lock_acquire+0x1cc/0x218
01-01 08:01:23.706 0 0 I : _raw_spin_lock_irqsave+0x54/0x98
01-01 08:01:23.706 0 0 I : ion_system_secure_heap_prefetch_work+0x94/0x2c0
01-01 08:01:23.706 0 0 I : process_one_work+0x38c/0x660
01-01 08:01:23.706 0 0 I : worker_thread+0x268/0x4b8
01-01 08:01:23.706 0 0 I : kthread+0x140/0x150
01-01 08:01:23.706 0 0 I : ret_from_fork+0x10/0x1c
01-01 08:01:23.708 0 0 E : INFO: trying to register non-static key.
01-04 01:14:44.683 1950 1950 D iorap.prefetcherd: Installing minijail
01-04 01:14:44.685 1950 1950 W iorap.prefetcherd: No seccomp filter defined for this architecture.
01-01 08:01:23.715 0 0 I [kworke][0x5fce3f95][01:14:44.685002] wlan: [455:I:HIF] Initializing Runtime PM wakelock &vdev->vdev_set_key_runtime_wakelock
01-01 08:01:23.717 0 0 E : the code is fine but needs lockdep annotation.
01-01 08:01:23.727 0 0 I [kworke][0x5fd18e2b][01:14:44.696289] wlan: [455:I:HIF] Initializing Runtime PM wakelock &vdev->vdev_set_key_runtime_wakelock
01-01 08:01:23.728 0 0 I : CPU: 0 PID: 331 Comm: kworker/u16:10 Tainted: G S W O 4.19.157+ #1
01-01 08:01:23.728 0 0 I Hardware name: Qualcomm Technologies, Inc. kona MTP-RmPM8150b. VX1(MCE) EVT2 (DT)
01-01 08:01:23.728 0 0 I Workqueue: events_unbound ion_system_secure_heap_prefetch_work
01-01 08:01:23.728 0 0 I Call trace:
01-01 08:01:23.728 0 0 I : dump_backtrace+0x0/0x258
01-01 08:01:23.728 0 0 I : show_stack+0x20/0x30
01-01 08:01:23.728 0 0 I : dump_stack+0xd8/0x12c
01-01 08:01:23.728 0 0 I : register_lock_class+0x4d0/0x5c8
01-01 08:01:23.728 0 0 I : __lock_acquire+0xbc/0x1e58
01-01 08:01:23.728 0 0 I : lock_acquire+0x1cc/0x218
01-01 08:01:23.728 0 0 I : _raw_spin_lock_irqsave+0x54/0x98
01-01 08:01:23.728 0 0 I : ion_system_secure_heap_prefetch_work+0x94/0x2c0
01-01 08:01:23.728 0 0 I : process_one_work+0x38c/0x660
01-01 08:01:23.728 0 0 I : worker_thread+0x268/0x4b8
01-01 08:01:23.728 0 0 I : kthread+0x140/0x150
01-01 08:01:23.728 0 0 I : ret_from_fork+0x10/0x1c
01-01 08:01:23.730 0 0 I [kworke][0x5fd26491][01:14:44.699148] wlan: [455:I:HIF] Initializing Runtime PM wakelock &vdev->vdev_set_key_runtime_wakelock
01-01 08:01:23.731 0 0 E : INFO: trying to register non-static key.
01-01 08:01:23.732 0 0 I [kworke][0x5fd3094a][01:14:44.701344] wlan: [455:I:HIF] Initializing Runtime PM wakelock &vdev->vdev_set_key_runtime_wakelock
01-01 08:01:23.736 0 0 E : the code is fine but needs lockdep annotation.
01-01 08:01:23.736 0 0 I : CPU: 2 PID: 331 Comm: kworker/u16:10 Tainted: G S W O 4.19.157+ #1
01-01 08:01:23.736 0 0 I Hardware name: Qualcomm Technologies, Inc. kona MTP-RmPM8150b. VX1(MCE) EVT2 (DT)
01-01 08:01:23.736 0 0 I Workqueue: events_unbound ion_system_secure_heap_prefetch_work
01-01 08:01:23.736 0 0 I Call trace:
01-01 08:01:23.741 0 0 I : dump_backtrace+0x0/0x258
01-01 08:01:23.741 0 0 I : show_stack+0x20/0x30
01-01 08:01:23.741 0 0 I : dump_stack+0xd8/0x12c
01-01 08:01:23.742 0 0 I : register_lock_class+0x4d0/0x5c8
01-01 08:01:23.742 0 0 I : __lock_acquire+0xbc/0x1e58
01-01 08:01:23.742 0 0 I : lock_acquire+0x1cc/0x218
01-01 08:01:23.742 0 0 I : _raw_spin_lock_irqsave+0x54/0x98
01-01 08:01:23.742 0 0 I : ion_system_secure_heap_prefetch_work+0x94/0x2c0
01-01 08:01:23.742 0 0 I : process_one_work+0x38c/0x660
01-01 08:01:23.742 0 0 I : worker_thread+0x268/0x4b8
01-01 08:01:23.742 0 0 I : kthread+0x140/0x150
01-01 08:01:23.742 0 0 I : ret_from_fork+0x10/0x1c
01-01 08:01:23.744 0 0 E : INFO: trying to register non-static key.
01-01 08:01:23.744 0 0 I [kworke][0x5fd6bdf4][01:14:44.713993] wlan: [455:I:HIF] Initializing Runtime PM wakelock &wma_handle->wmi_cmd_rsp_runtime_lock
01-01 08:01:23.749 0 0 E : the code is fine but needs lockdep annotation.
01-01 08:01:23.749 0 0 I : CPU: 2 PID: 331 Comm: kworker/u16:10 Tainted: G S W O 4.19.157+ #1
01-01 08:01:23.749 0 0 I Hardware name: Qualcomm Technologies, Inc. kona MTP-RmPM8150b. VX1(MCE) EVT2 (DT)
01-01 08:01:23.749 0 0 I Workqueue: events_unbound ion_system_secure_heap_prefetch_work
01-01 08:01:23.749 0 0 I Call trace:
01-01 08:01:23.749 0 0 I : dump_backtrace+0x0/0x258
01-01 08:01:23.749 0 0 I : show_stack+0x20/0x30
01-01 08:01:23.749 0 0 I : dump_stack+0xd8/0x12c
01-01 08:01:23.755 0 0 I : register_lock_class+0x4d0/0x5c8
01-01 08:01:23.755 0 0 I : __lock_acquire+0xbc/0x1e58
01-01 08:01:23.755 0 0 I : lock_acquire+0x1cc/0x218
01-01 08:01:23.755 0 0 I : _raw_spin_lock_irqsave+0x54/0x98
01-01 08:01:23.755 0 0 I : ion_system_secure_heap_prefetch_work+0x94/0x2c0
01-01 08:01:23.755 0 0 I : process_one_work+0x38c/0x660
01-01 08:01:23.755 0 0 I : worker_thread+0x268/0x4b8
01-01 08:01:23.755 0 0 I : kthread+0x140/0x150
01-01 08:01:23.755 0 0 I [kworke][0x5fd9e215][01:14:44.724714] wlan: [455:I:HIF] Initializing Runtime PM wakelock &wma_handle->sap_prevent_runtime_pm_lock
01-01 08:01:23.755 0 0 I : ret_from_fork+0x10/0x1c
01-01 08:01:23.758 0 0 E : INFO: trying to register non-static key.
01-01 08:01:23.763 0 0 E : the code is fine but needs lockdep annotation.
01-01 08:01:23.768 0 0 I : CPU: 2 PID: 331 Comm: kworker/u16:10 Tainted: G S W O 4.19.157+ #1
01-01 08:01:23.768 0 0 I Hardware name: Qualcomm Technologies, Inc. kona MTP-RmPM8150b. VX1(MCE) EVT2 (DT)
01-01 08:01:23.768 0 0 I Workqueue: events_unbound ion_system_secure_heap_prefetch_work
01-01 08:01:23.769 0 0 I Call trace:
01-01 08:01:23.769 0 0 I : dump_backtrace+0x0/0x258
01-01 08:01:23.769 0 0 I : show_stack+0x20/0x30
01-01 08:01:23.769 0 0 I : dump_stack+0xd8/0x12c
01-01 08:01:23.769 0 0 I : register_lock_class+0x4d0/0x5c8
01-01 08:01:23.769 0 0 I : __lock_acquire+0xbc/0x1e58
01-01 08:01:23.769 0 0 I : lock_acquire+0x1cc/0x218
01-01 08:01:23.769 0 0 I : _raw_spin_lock_irqsave+0x54/0x98
01-01 08:01:23.769 0 0 I : ion_system_secure_heap_prefetch_work+0x94/0x2c0
01-01 08:01:23.769 0 0 I : process_one_work+0x38c/0x660
01-01 08:01:23.769 0 0 I : worker_thread+0x268/0x4b8
01-01 08:01:23.769 0 0 I : kthread+0x140/0x150
01-01 08:01:23.769 0 0 I : ret_from_fork+0x10/0x1c
01-01 08:01:23.771 0 0 E : INFO: trying to register non-static key.
01-01 08:01:23.776 0 0 E : the code is fine but needs lockdep annotation.
01-01 08:01:23.777 0 0 I msm_vidc: high: 00000001: ....d: Opening video instance: ffffffc1c57d8000, 1
01-01 08:01:23.782 0 0 I : CPU: 2 PID: 331 Comm: kworker/u16:10 Tainted: G S W O 4.19.157+ #1
01-01 08:01:23.782 0 0 I Hardware name: Qualcomm Technologies, Inc. kona MTP-RmPM8150b. VX1(MCE) EVT2 (DT)
01-01 08:01:23.782 0 0 I Workqueue: events_unbound ion_system_secure_heap_prefetch_work
01-01 08:01:23.782 0 0 I Call trace:
01-01 08:01:23.782 0 0 I : dump_backtrace+0x0/0x258
01-01 08:01:23.782 0 0 I : show_stack+0x20/0x30
01-01 08:01:23.782 0 0 I : dump_stack+0xd8/0x12c
01-01 08:01:23.782 0 0 I : register_lock_class+0x4d0/0x5c8
01-01 08:01:23.782 0 0 I : __lock_acquire+0xbc/0x1e58
01-01 08:01:23.782 0 0 I : lock_acquire+0x1cc/0x218
01-01 08:01:23.782 0 0 I : _raw_spin_lock_irqsave+0x54/0x98
01-01 08:01:23.782 0 0 I : ion_system_secure_heap_prefetch_work+0x94/0x2c0
01-01 08:01:23.782 0 0 I : process_one_work+0x38c/0x660
01-01 08:01:23.782 0 0 I : worker_thread+0x268/0x4b8
01-01 08:01:23.782 0 0 I : kthread+0x140/0x150
01-01 08:01:23.782 0 0 I : ret_from_fork+0x10/0x1c
01-04 01:14:44.777 685 685 D ZygoteInitTiming_lazy: PreloadClasses took to complete: 958ms
01-01 08:01:23.783 0 0 E [kworke][0x5fe2089a][01:14:44.752534] wlan: [455:E:QDF] htc_wait_target: 684: Target Ready! TX resource : 1 size:2176, MaxMsgsPerHTCBundle = 1
01-01 08:01:23.785 0 0 E : INFO: trying to register non-static key.
01-01 08:01:23.797 0 0 E [kworke][0x5fe63a09][01:14:44.766847] wlan: [455:E:QDF] htc_setup_target_buffer_assignments: 576: SVS Index : 1 TX : 0x100 : alloc:1
01-01 08:01:23.800 0 0 I msm_vidc: high: 00000001: h265d: Closed video instance: ffffffc1c57d8000
01-01 08:01:23.802 0 0 E : the code is fine but needs lockdep annotation.
01-01 08:01:23.802 0 0 I : CPU: 2 PID: 331 Comm: kworker/u16:10 Tainted: G S W O 4.19.157+ #1
01-01 08:01:23.802 0 0 I Hardware name: Qualcomm Technologies, Inc. kona MTP-RmPM8150b. VX1(MCE) EVT2 (DT)
01-01 08:01:23.802 0 0 I Workqueue: events_unbound ion_system_secure_heap_prefetch_work
01-01 08:01:23.802 0 0 I Call trace:
01-01 08:01:23.802 0 0 I : dump_backtrace+0x0/0x258
01-01 08:01:23.802 0 0 I : show_stack+0x20/0x30
01-01 08:01:23.802 0 0 I : dump_stack+0xd8/0x12c
01-01 08:01:23.802 0 0 I : register_lock_class+0x4d0/0x5c8
01-01 08:01:23.816 0 0 D cnss : Assign MSI to user: DP, num_vectors: 18, user_base_data: 814, base_vector: 14
01-01 08:01:23.821 0 0 I : __lock_acquire+0xbc/0x1e58
01-01 08:01:23.821 0 0 I : lock_acquire+0x1cc/0x218
01-01 08:01:23.821 0 0 I : _raw_spin_lock_irqsave+0x54/0x98
01-01 08:01:23.821 0 0 I : ion_system_secure_heap_prefetch_work+0x94/0x2c0
01-01 08:01:23.821 0 0 I : process_one_work+0x38c/0x660
01-01 08:01:23.821 0 0 I : worker_thread+0x268/0x4b8
01-01 08:01:23.821 0 0 I : kthread+0x140/0x150
01-01 08:01:23.821 0 0 I : ret_from_fork+0x10/0x1c
01-01 08:01:23.822 0 0 I [kworke][0x5fed9a66][01:14:44.792025] wlan: [455:I:HIF] +hif_update_pipe_callback pipeid 5
01-01 08:01:23.822 0 0 I [kworke][0x5fed9b1d][01:14:44.792034] wlan: [455:I:HIF] -hif_update_pipe_callback
01-01 08:01:23.822 0 0 D cnss : Assign MSI to user: DP, num_vectors: 18, user_base_data: 814, base_vector: 14
01-01 08:01:23.826 0 0 I msm_vidc: high: 00000001: ....d: Opening video instance: ffffffc1c2ff8000, 1
01-01 08:01:23.826 0 0 E [kworke][0x5fee8f8f][01:14:44.795294] wlan: [455:E:DP] dp_srng_get_str_from_hal_ring_type: 7726: Invalid ring type
01-01 08:01:23.830 0 0 E : INFO: trying to register non-static key.
01-01 08:01:23.838 0 0 E : INFO: trying to register non-static key.
01-01 08:01:23.838 0 0 D cnss : Assign MSI to user: DP, num_vectors: 18, user_base_data: 814, base_vector: 14
01-01 08:01:23.838 0 0 D cnss : Assign MSI to user: DP, num_vectors: 18, user_base_data: 814, base_vector: 14
01-01 08:01:23.838 0 0 D cnss : Assign MSI to user: DP, num_vectors: 18, user_base_data: 814, base_vector: 14
01-01 08:01:23.838 0 0 D cnss : Assign MSI to user: DP, num_vectors: 18, user_base_data: 814, base_vector: 14
01-01 08:01:23.838 0 0 D cnss : Assign MSI to user: DP, num_vectors: 18, user_base_data: 814, base_vector: 14
01-01 08:01:23.838 0 0 D cnss : Assign MSI to user: DP, num_vectors: 18, user_base_data: 814, base_vector: 14
01-01 08:01:23.838 0 0 D cnss : Assign MSI to user: DP, num_vectors: 18, user_base_data: 814, base_vector: 14
01-01 08:01:23.839 0 0 D cnss : Assign MSI to user: DP, num_vectors: 18, user_base_data: 814, base_vector: 14
01-01 08:01:23.839 0 0 I [kworke][0x5ff25400][01:14:44.808153] wlan: [455:I:DP] dp_tx_soc_attach Tx Desc Alloc num_pool = 4, descs = 4096
01-01 08:01:23.839 0 0 I [kworke][0x5ff265b8][01:14:44.808389] wlan: [455:I:DP] dp_tx_soc_attach MSDU Ext Desc Alloc 4, descs = 4096
01-01 08:01:23.839 0 0 I [kworke][0x5ff29242][01:14:44.808983] wlan: [455:I:DP] dp_tx_soc_attach HAL Tx init Success
01-01 08:01:23.839 0 0 D cnss : Assign MSI to user: DP, num_vectors: 18, user_base_data: 814, base_vector: 14
01-01 08:01:23.840 0 0 D cnss : Assign MSI to user: DP, num_vectors: 18, user_base_data: 814, base_vector: 14
01-01 08:01:23.840 0 0 I [kworke][0x5ff2a4e7][01:14:44.809232] wlan: [455:I:DP] dp_soc_cmn_setup: 3274: num_reo_dest_rings 4
01-01 08:01:23.840 0 0 D cnss : Assign MSI to user: DP, num_vectors: 18, user_base_data: 814, base_vector: 14
01-01 08:01:23.840 0 0 D cnss : Assign MSI to user: DP, num_vectors: 18, user_base_data: 814, base_vector: 14
01-01 08:01:23.840 0 0 D cnss : Assign MSI to user: DP, num_vectors: 18, user_base_data: 814, base_vector: 14
01-01 08:01:23.840 0 0 D cnss : Assign MSI to user: DP, num_vectors: 18, user_base_data: 814, base_vector: 14
01-01 08:01:23.840 0 0 D cnss : Assign MSI to user: DP, num_vectors: 18, user_base_data: 814, base_vector: 14
01-01 08:01:23.840 0 0 D cnss : Assign MSI to user: DP, num_vectors: 18, user_base_data: 814, base_vector: 14
01-01 08:01:23.840 0 0 D cnss : Assign MSI to user: DP, num_vectors: 18, user_base_data: 814, base_vector: 14
01-01 08:01:23.840 0 0 D cnss : Assign MSI to user: DP, num_vectors: 18, user_base_data: 814, base_vector: 14
01-01 08:01:23.840 0 0 D cnss : Assign MSI to user: DP, num_vectors: 18, user_base_data: 814, base_vector: 14
01-01 08:01:23.841 0 0 D cnss : Assign MSI to user: DP, num_vectors: 18, user_base_data: 814, base_vector: 14
01-01 08:01:23.841 0 0 D cnss : Assign MSI to user: DP, num_vectors: 18, user_base_data: 814, base_vector: 14
01-01 08:01:23.841 0 0 I [kworke][0x5ff31f70][01:14:44.810865] wlan: [455:I:HAL] hal_reo_set_err_dst_remap_6390: 1024: HWIO_REO_R0_ERROR_DESTINATION_MAPPING_IX_0 0x28005b6d
01-01 08:01:23.841 0 0 D cnss : Assign MSI to user: DP, num_vectors: 18, user_base_data: 814, base_vector: 14
01-01 08:01:23.841 0 0 D cnss : Assign MSI to user: DP, num_vectors: 18, user_base_data: 814, base_vector: 14
01-01 08:01:23.841 0 0 D cnss : Assign MSI to user: DP, num_vectors: 18, user_base_data: 814, base_vector: 14
01-01 08:01:23.841 0 0 D cnss : Assign MSI to user: DP, num_vectors: 18, user_base_data: 814, base_vector: 14
01-01 08:01:23.842 0 0 D cnss : Assign MSI to user: DP, num_vectors: 18, user_base_data: 814, base_vector: 14
01-01 08:01:23.842 0 0 D cnss : Assign MSI to user: DP, num_vectors: 18, user_base_data: 814, base_vector: 14
01-01 08:01:23.843 0 0 E : the code is fine but needs lockdep annotation.
01-01 08:01:23.843 0 0 I : CPU: 4 PID: 331 Comm: kworker/u16:10 Tainted: G S W O 4.19.157+ #1
01-01 08:01:23.848 0 0 E : the code is fine but needs lockdep annotation.
01-01 08:01:23.853 0 0 I Hardware name: Qualcomm Technologies, Inc. kona MTP-RmPM8150b. VX1(MCE) EVT2 (DT)
01-01 08:01:23.853 0 0 I Workqueue: events_unbound ion_system_secure_heap_prefetch_work
01-01 08:01:23.859 0 0 I Call trace:
01-01 08:01:23.859 0 0 I : dump_backtrace+0x0/0x258
01-01 08:01:23.859 0 0 I : show_stack+0x20/0x30
01-01 08:01:23.859 0 0 I : dump_stack+0xd8/0x12c
01-01 08:01:23.859 0 0 I : register_lock_class+0x4d0/0x5c8
01-01 08:01:23.859 0 0 I : __lock_acquire+0xbc/0x1e58
01-01 08:01:23.859 0 0 I : lock_acquire+0x1cc/0x218
01-01 08:01:23.859 0 0 I : _raw_spin_lock_irqsave+0x54/0x98
01-01 08:01:23.859 0 0 I : ion_system_secure_heap_prefetch_work+0x94/0x2c0
01-01 08:01:23.859 0 0 I : process_one_work+0x38c/0x660
01-01 08:01:23.859 0 0 I : worker_thread+0x268/0x4b8
01-01 08:01:23.859 0 0 I : kthread+0x140/0x150
01-01 08:01:23.859 0 0 I : ret_from_fork+0x10/0x1c
01-01 08:01:23.859 0 0 I : CPU: 0 PID: 1975 Comm: VideoDecMsgThre Tainted: G S W O 4.19.157+ #1
01-01 08:01:23.859 0 0 I Hardware name: Qualcomm Technologies, Inc. kona MTP-RmPM8150b. VX1(MCE) EVT2 (DT)
01-01 08:01:23.859 0 0 I Call trace:
01-01 08:01:23.859 0 0 I : dump_backtrace+0x0/0x258
01-01 08:01:23.859 0 0 I : show_stack+0x20/0x30
01-01 08:01:23.859 0 0 I : dump_stack+0xd8/0x12c
01-01 08:01:23.859 0 0 I : register_lock_class+0x4d0/0x5c8
01-01 08:01:23.859 0 0 I : __lock_acquire+0xbc/0x1e58
01-01 08:01:23.859 0 0 I : lock_acquire+0x1cc/0x218
01-01 08:01:23.859 0 0 I : _raw_spin_lock_irqsave+0x54/0x98
01-01 08:01:23.859 0 0 I : __ion_system_secure_heap_resize+0x768/0x8c0
01-01 08:01:23.859 0 0 I : ion_system_secure_heap_prefetch+0x28/0x38
01-01 08:01:23.859 0 0 I : ion_walk_heaps+0x88/0xb8
01-01 08:01:23.859 0 0 I : ion_ioctl+0x1b0/0x2a8
01-01 08:01:23.859 0 0 I : __arm64_compat_sys_ioctl+0xf4/0x240
01-01 08:01:23.859 0 0 I : el0_svc_common+0xa4/0x190
01-01 08:01:23.859 0 0 I : el0_svc_compat_handler+0x28/0x38
01-01 08:01:23.859 0 0 I : el0_svc_compat+0x8/0x34
01-01 08:01:23.861 0 0 E : INFO: trying to register non-static key.
01-04 01:14:44.845 685 685 D ZygoteInitTiming_lazy: CacheNonBootClasspathClassLoaders took to complete: 69ms
01-01 08:01:23.863 0 0 E : INFO: trying to register non-static key.
01-01 08:01:23.867 0 0 E : the code is fine but needs lockdep annotation.
01-01 08:01:23.872 0 0 E : the code is fine but needs lockdep annotation.
01-01 08:01:23.877 0 0 I : CPU: 4 PID: 331 Comm: kworker/u16:10 Tainted: G S W O 4.19.157+ #1
01-01 08:01:23.883 0 0 I Hardware name: Qualcomm Technologies, Inc. kona MTP-RmPM8150b. VX1(MCE) EVT2 (DT)
01-01 08:01:23.883 0 0 I Workqueue: events_unbound ion_system_secure_heap_prefetch_work
01-01 08:01:23.883 0 0 I Call trace:
01-01 08:01:23.883 0 0 I : dump_backtrace+0x0/0x258
01-01 08:01:23.883 0 0 I : show_stack+0x20/0x30
01-01 08:01:23.883 0 0 I : dump_stack+0xd8/0x12c
01-01 08:01:23.883 0 0 I : register_lock_class+0x4d0/0x5c8
01-01 08:01:23.883 0 0 I : __lock_acquire+0xbc/0x1e58
01-01 08:01:23.883 0 0 I : lock_acquire+0x1cc/0x218
01-01 08:01:23.883 0 0 I : _raw_spin_lock_irqsave+0x54/0x98
01-01 08:01:23.883 0 0 I : ion_system_secure_heap_prefetch_work+0x94/0x2c0
01-01 08:01:23.883 0 0 I : process_one_work+0x38c/0x660
01-01 08:01:23.883 0 0 I : worker_thread+0x268/0x4b8
01-01 08:01:23.883 0 0 I : kthread+0x140/0x150
01-01 08:01:23.883 0 0 I : ret_from_fork+0x10/0x1c
01-01 08:01:23.883 0 0 I : CPU: 6 PID: 1870 Comm: HwBinder:1295_3 Tainted: G S W O 4.19.157+ #1
01-01 08:01:23.883 0 0 I Hardware name: Qualcomm Technologies, Inc. kona MTP-RmPM8150b. VX1(MCE) EVT2 (DT)
01-01 08:01:23.883 0 0 I Call trace:
01-01 08:01:23.883 0 0 I : dump_backtrace+0x0/0x258
01-01 08:01:23.883 0 0 I : show_stack+0x20/0x30
01-01 08:01:23.883 0 0 I : dump_stack+0xd8/0x12c
01-01 08:01:23.883 0 0 I : register_lock_class+0x4d0/0x5c8
01-01 08:01:23.883 0 0 I : __lock_acquire+0xbc/0x1e58
01-01 08:01:23.883 0 0 I : lock_acquire+0x1cc/0x218
01-01 08:01:23.883 0 0 I : _raw_spin_lock_irqsave+0x54/0x98
01-01 08:01:23.883 0 0 I : __ion_system_secure_heap_resize+0x768/0x8c0
01-01 08:01:23.883 0 0 I : ion_system_secure_heap_drain+0x28/0x38
01-01 08:01:23.883 0 0 I : ion_walk_heaps+0x88/0xb8
01-01 08:01:23.883 0 0 I : ion_ioctl+0x1b0/0x2a8
01-01 08:01:23.883 0 0 I : __arm64_compat_sys_ioctl+0xf4/0x240
01-01 08:01:23.883 0 0 I : el0_svc_common+0xa4/0x190
01-01 08:01:23.883 0 0 I : el0_svc_compat_handler+0x28/0x38
01-01 08:01:23.883 0 0 I : el0_svc_compat+0x8/0x34
01-01 08:01:23.885 0 0 I msm_vidc: high: 00000001: h265d: Closed video instance: ffffffc1c2ff8000
01-01 08:01:23.885 0 0 E : INFO: trying to register non-static key.
01-01 08:01:23.890 0 0 E : the code is fine but needs lockdep annotation.
01-01 08:01:23.896 0 0 I : CPU: 4 PID: 331 Comm: kworker/u16:10 Tainted: G S W O 4.19.157+ #1
01-01 08:01:23.896 0 0 I Hardware name: Qualcomm Technologies, Inc. kona MTP-RmPM8150b. VX1(MCE) EVT2 (DT)
01-01 08:01:23.896 0 0 I Workqueue: events_unbound ion_system_secure_heap_prefetch_work
01-01 08:01:23.896 0 0 I Call trace:
01-01 08:01:23.896 0 0 I : dump_backtrace+0x0/0x258
01-01 08:01:23.896 0 0 I : show_stack+0x20/0x30
01-01 08:01:23.896 0 0 I : dump_stack+0xd8/0x12c
01-01 08:01:23.896 0 0 I : register_lock_class+0x4d0/0x5c8
01-01 08:01:23.896 0 0 I : __lock_acquire+0xbc/0x1e58
01-01 08:01:23.896 0 0 I : lock_acquire+0x1cc/0x218
01-01 08:01:23.896 0 0 I : _raw_spin_lock_irqsave+0x54/0x98
01-01 08:01:23.896 0 0 I : ion_system_secure_heap_prefetch_work+0x94/0x2c0
01-01 08:01:23.896 0 0 I : process_one_work+0x38c/0x660
01-01 08:01:23.896 0 0 I : worker_thread+0x268/0x4b8
01-01 08:01:23.896 0 0 I : kthread+0x140/0x150
01-01 08:01:23.896 0 0 I : ret_from_fork+0x10/0x1c
01-04 01:14:44.873 685 685 D ZygoteInitTiming_lazy: PreloadResources took to complete: 28ms
01-01 08:01:23.898 0 0 E : INFO: trying to register non-static key.
01-01 08:01:23.904 0 0 E : the code is fine but needs lockdep annotation.
01-01 08:01:23.909 0 0 I : CPU: 4 PID: 331 Comm: kworker/u16:10 Tainted: G S W O 4.19.157+ #1
01-01 08:01:23.909 0 0 I Hardware name: Qualcomm Technologies, Inc. kona MTP-RmPM8150b. VX1(MCE) EVT2 (DT)
01-01 08:01:23.909 0 0 I Workqueue: events_unbound ion_system_secure_heap_prefetch_work
01-01 08:01:23.909 0 0 I Call trace:
01-01 08:01:23.909 0 0 I : dump_backtrace+0x0/0x258
01-01 08:01:23.909 0 0 I : show_stack+0x20/0x30
01-01 08:01:23.909 0 0 I : dump_stack+0xd8/0x12c
01-01 08:01:23.909 0 0 I : register_lock_class+0x4d0/0x5c8
01-01 08:01:23.909 0 0 I : __lock_acquire+0xbc/0x1e58
01-01 08:01:23.909 0 0 I : lock_acquire+0x1cc/0x218
01-01 08:01:23.909 0 0 I : _raw_spin_lock_irqsave+0x54/0x98
01-01 08:01:23.909 0 0 I : ion_system_secure_heap_prefetch_work+0x94/0x2c0
01-01 08:01:23.909 0 0 I : process_one_work+0x38c/0x660
01-01 08:01:23.909 0 0 I : worker_thread+0x268/0x4b8
01-01 08:01:23.909 0 0 I : kthread+0x140/0x150
01-01 08:01:23.909 0 0 I : ret_from_fork+0x10/0x1c
01-01 08:01:23.912 0 0 E : INFO: trying to register non-static key.
01-01 08:01:23.917 0 0 E : the code is fine but needs lockdep annotation.
01-01 08:01:23.922 0 0 I : CPU: 2 PID: 331 Comm: kworker/u16:10 Tainted: G S W O 4.19.157+ #1
01-01 08:01:23.922 0 0 I Hardware name: Qualcomm Technologies, Inc. kona MTP-RmPM8150b. VX1(MCE) EVT2 (DT)
01-01 08:01:23.922 0 0 I Workqueue: events_unbound ion_system_secure_heap_prefetch_work
01-01 08:01:23.922 0 0 I Call trace:
01-01 08:01:23.922 0 0 I : dump_backtrace+0x0/0x258
01-01 08:01:23.922 0 0 I : show_stack+0x20/0x30
01-01 08:01:23.922 0 0 I : dump_stack+0xd8/0x12c
01-01 08:01:23.923 0 0 I : register_lock_class+0x4d0/0x5c8
01-01 08:01:23.923 0 0 I : __lock_acquire+0xbc/0x1e58
01-01 08:01:23.923 0 0 I : lock_acquire+0x1cc/0x218
01-01 08:01:23.923 0 0 I : _raw_spin_lock_irqsave+0x54/0x98
01-01 08:01:23.923 0 0 I : ion_system_secure_heap_prefetch_work+0x94/0x2c0
01-01 08:01:23.923 0 0 I : process_one_work+0x38c/0x660
01-01 08:01:23.923 0 0 I : worker_thread+0x268/0x4b8
01-01 08:01:23.923 0 0 I : kthread+0x140/0x150
01-01 08:01:23.923 0 0 I : ret_from_fork+0x10/0x1c
01-01 08:01:23.925 0 0 E : INFO: trying to register non-static key.
01-01 08:01:23.930 0 0 E : the code is fine but needs lockdep annotation.
01-01 08:01:23.936 0 0 I : CPU: 7 PID: 331 Comm: kworker/u16:10 Tainted: G S W O 4.19.157+ #1
01-01 08:01:23.936 0 0 I Hardware name: Qualcomm Technologies, Inc. kona MTP-RmPM8150b. VX1(MCE) EVT2 (DT)
01-01 08:01:23.936 0 0 I Workqueue: events_unbound ion_system_secure_heap_prefetch_work
01-01 08:01:23.936 0 0 I Call trace:
01-01 08:01:23.936 0 0 I : dump_backtrace+0x0/0x258
01-01 08:01:23.936 0 0 I : show_stack+0x20/0x30
01-01 08:01:23.936 0 0 I : dump_stack+0xd8/0x12c
01-01 08:01:23.936 0 0 I : register_lock_class+0x4d0/0x5c8
01-01 08:01:23.936 0 0 I : __lock_acquire+0xbc/0x1e58
01-01 08:01:23.936 0 0 I : lock_acquire+0x1cc/0x218
01-01 08:01:23.936 0 0 I : _raw_spin_lock_irqsave+0x54/0x98
01-01 08:01:23.936 0 0 I : ion_system_secure_heap_prefetch_work+0x94/0x2c0
01-01 08:01:23.936 0 0 I : process_one_work+0x38c/0x660
01-01 08:01:23.936 0 0 I : worker_thread+0x268/0x4b8
01-01 08:01:23.936 0 0 I : kthread+0x140/0x150
01-01 08:01:23.936 0 0 I : ret_from_fork+0x10/0x1c
01-01 08:01:23.954 0 0 E : INFO: trying to register non-static key.
01-01 08:01:23.955 0 0 I msm_vidc: high: 00000001: ....d: Opening video instance: ffffffc21aff4000, 1
01-01 08:01:23.959 0 0 E : the code is fine but needs lockdep annotation.
01-01 08:01:23.959 0 0 I : CPU: 2 PID: 331 Comm: kworker/u16:10 Tainted: G S W O 4.19.157+ #1
01-01 08:01:23.959 0 0 I Hardware name: Qualcomm Technologies, Inc. kona MTP-RmPM8150b. VX1(MCE) EVT2 (DT)
01-01 08:01:23.959 0 0 I Workqueue: events_unbound ion_system_secure_heap_prefetch_work
01-01 08:01:23.959 0 0 I Call trace:
01-01 08:01:23.965 0 0 I : dump_backtrace+0x0/0x258
01-01 08:01:23.965 0 0 I : show_stack+0x20/0x30
01-01 08:01:23.965 0 0 I : dump_stack+0xd8/0x12c
01-01 08:01:23.965 0 0 I : register_lock_class+0x4d0/0x5c8
01-01 08:01:23.965 0 0 I : __lock_acquire+0xbc/0x1e58
01-01 08:01:23.965 0 0 I : lock_acquire+0x1cc/0x218
01-01 08:01:23.965 0 0 I : _raw_spin_lock_irqsave+0x54/0x98
01-01 08:01:23.965 0 0 I : ion_system_secure_heap_prefetch_work+0x94/0x2c0
01-01 08:01:23.965 0 0 I : process_one_work+0x38c/0x660
01-01 08:01:23.965 0 0 I : worker_thread+0x268/0x4b8
01-01 08:01:23.965 0 0 I : kthread+0x140/0x150
01-01 08:01:23.965 0 0 I : ret_from_fork+0x10/0x1c
01-01 08:01:23.980 0 0 I msm_vidc: high: 00000001: mpg2d: Closed video instance: ffffffc21aff4000
01-01 08:01:23.986 0 0 E : INFO: trying to register non-static key.
01-01 08:01:23.991 0 0 E : the code is fine but needs lockdep annotation.
01-01 08:01:23.997 0 0 I : CPU: 4 PID: 331 Comm: kworker/u16:10 Tainted: G S W O 4.19.157+ #1
01-01 08:01:23.997 0 0 I Hardware name: Qualcomm Technologies, Inc. kona MTP-RmPM8150b. VX1(MCE) EVT2 (DT)
01-01 08:01:23.997 0 0 I Workqueue: events_unbound ion_system_secure_heap_prefetch_work
01-01 08:01:23.997 0 0 I Call trace:
01-01 08:01:23.997 0 0 I : dump_backtrace+0x0/0x258
01-01 08:01:23.997 0 0 I : show_stack+0x20/0x30
01-01 08:01:23.997 0 0 I : dump_stack+0xd8/0x12c
01-01 08:01:23.997 0 0 I : register_lock_class+0x4d0/0x5c8
01-01 08:01:23.997 0 0 I : __lock_acquire+0xbc/0x1e58
01-01 08:01:23.997 0 0 I : lock_acquire+0x1cc/0x218
01-01 08:01:23.997 0 0 I : _raw_spin_lock_irqsave+0x54/0x98
01-01 08:01:23.997 0 0 I : ion_system_secure_heap_prefetch_work+0x94/0x2c0
01-01 08:01:23.997 0 0 I : process_one_work+0x38c/0x660
01-01 08:01:23.997 0 0 I : worker_thread+0x268/0x4b8
01-01 08:01:23.997 0 0 I : kthread+0x140/0x150
01-01 08:01:23.997 0 0 I : ret_from_fork+0x10/0x1c
01-01 08:01:24.002 0 0 I msm_vidc: high: 00000001: ....d: Opening video instance: ffffffc1ce2e8000, 1
01-01 08:01:24.006 0 0 E : INFO: trying to register non-static key.
01-01 08:01:24.006 0 0 E : INFO: trying to register non-static key.
01-01 08:01:24.011 0 0 E : the code is fine but needs lockdep annotation.
01-01 08:01:24.013 0 0 I [kworke][0x60255297][01:14:44.982214] wlan: [455:I:DP] Peer pool init
01-01 08:01:24.013 0 0 W [kworke][0x60255f54][01:14:44.982384] wlan: [455:W:DP] dp_rx_pdev_mon_attach: pdev attach id=0
01-01 08:01:24.016 0 0 E : the code is fine but needs lockdep annotation.
01-01 08:01:24.022 0 0 I : CPU: 4 PID: 331 Comm: kworker/u16:10 Tainted: G S W O 4.19.157+ #1
01-01 08:01:24.027 0 0 I Hardware name: Qualcomm Technologies, Inc. kona MTP-RmPM8150b. VX1(MCE) EVT2 (DT)
01-01 08:01:24.027 0 0 I Workqueue: events_unbound ion_system_secure_heap_prefetch_work
01-01 08:01:24.027 0 0 I Call trace:
01-01 08:01:24.027 0 0 I : dump_backtrace+0x0/0x258
01-01 08:01:24.027 0 0 I : show_stack+0x20/0x30
01-01 08:01:24.027 0 0 I : dump_stack+0xd8/0x12c
01-01 08:01:24.027 0 0 I : register_lock_class+0x4d0/0x5c8
01-01 08:01:24.027 0 0 I : __lock_acquire+0xbc/0x1e58
01-01 08:01:24.027 0 0 I : lock_acquire+0x1cc/0x218
01-01 08:01:24.027 0 0 I : _raw_spin_lock_irqsave+0x54/0x98
01-01 08:01:24.027 0 0 I : ion_system_secure_heap_prefetch_work+0x94/0x2c0
01-01 08:01:24.027 0 0 I : process_one_work+0x38c/0x660
01-01 08:01:24.027 0 0 I : worker_thread+0x268/0x4b8
01-01 08:01:24.027 0 0 I : kthread+0x140/0x150
01-01 08:01:24.027 0 0 I : ret_from_fork+0x10/0x1c
01-01 08:01:24.027 0 0 I : CPU: 5 PID: 1986 Comm: VideoDecMsgThre Tainted: G S W O 4.19.157+ #1
01-01 08:01:24.027 0 0 I Hardware name: Qualcomm Technologies, Inc. kona MTP-RmPM8150b. VX1(MCE) EVT2 (DT)
01-01 08:01:24.027 0 0 I Call trace:
01-01 08:01:24.027 0 0 I : dump_backtrace+0x0/0x258
01-01 08:01:24.028 0 0 I : show_stack+0x20/0x30
01-01 08:01:24.028 0 0 I : dump_stack+0xd8/0x12c
01-01 08:01:24.028 0 0 I : register_lock_class+0x4d0/0x5c8
01-01 08:01:24.028 0 0 I : __lock_acquire+0xbc/0x1e58
01-01 08:01:24.028 0 0 I : lock_acquire+0x1cc/0x218
01-01 08:01:24.028 0 0 I : _raw_spin_lock_irqsave+0x54/0x98
01-01 08:01:24.028 0 0 I : __ion_system_secure_heap_resize+0x768/0x8c0
01-01 08:01:24.028 0 0 I : ion_system_secure_heap_prefetch+0x28/0x38
01-01 08:01:24.028 0 0 I : ion_walk_heaps+0x88/0xb8
01-01 08:01:24.028 0 0 I : ion_ioctl+0x1b0/0x2a8
01-01 08:01:24.028 0 0 I : __arm64_compat_sys_ioctl+0xf4/0x240
01-01 08:01:24.028 0 0 I : el0_svc_common+0xa4/0x190
01-01 08:01:24.028 0 0 I : el0_svc_compat_handler+0x28/0x38
01-01 08:01:24.028 0 0 I : el0_svc_compat+0x8/0x34
01-01 08:01:24.029 0 0 E : INFO: trying to register non-static key.
01-01 08:01:24.034 0 0 E : the code is fine but needs lockdep annotation.
01-01 08:01:24.037 0 0 E : INFO: trying to register non-static key.
01-01 08:01:24.040 0 0 I : CPU: 0 PID: 1870 Comm: HwBinder:1295_3 Tainted: G S W O 4.19.157+ #1
01-01 08:01:24.042 0 0 D cnss : Assign MSI to user: DP, num_vectors: 18, user_base_data: 814, base_vector: 14
01-01 08:01:24.042 0 0 D cnss : Get IRQ number 365 for vector index 14
01-01 08:01:24.043 0 0 D cnss : Assign MSI to user: DP, num_vectors: 18, user_base_data: 814, base_vector: 14
01-01 08:01:24.043 0 0 D cnss : Get IRQ number 366 for vector index 15
01-01 08:01:24.043 0 0 D cnss : Assign MSI to user: DP, num_vectors: 18, user_base_data: 814, base_vector: 14
01-01 08:01:24.043 0 0 D cnss : Get IRQ number 367 for vector index 16
01-01 08:01:24.043 0 0 D cnss : Assign MSI to user: DP, num_vectors: 18, user_base_data: 814, base_vector: 14
