01-04 01:17:11.479 2956 4759 W ContextImpl: Calling a method in the system process without a qualified user: android.app.ContextImpl.startService:1816 android.content.ContextWrapper.startService:774 com.thundercomm.gamemode.ingame.services.GameModeActionUtils.startGameModeService:99 com.thundercomm.gamemode.ingame.services.GameModeActionUtils.startGameModeEntry:22 com.thundercomm.gamemode.ingame.services.ActivityMonitoringService$1.onActivityLaunch:129
01-04 01:17:11.481 2462 2462 I wm_on_create_called: [180483237,com.android.permissioncontroller.permission.ui.GrantPermissionsActivity,performCreate]
01-04 01:17:11.482 2462 2462 I wm_on_start_called: [180483237,com.android.permissioncontroller.permission.ui.GrantPermissionsActivity,handleStartActivity]
01-04 01:17:11.482 2462 2462 I wm_on_resume_called: [180483237,com.android.permissioncontroller.permission.ui.GrantPermissionsActivity,RESUME_ACTIVITY]
01-04 01:17:11.483 1133 1133 I GameModeConfig: Current uri is uri = content://com.thundercomm.gamemode.api/gamemode_settings/gamemode_isgaming
01-04 01:17:11.485 1133 1133 I GameModeConfig: isGameModeOn = false
01-04 01:17:11.486 1133 1133 I GameModeConfig: isGameModeOn = false
01-04 01:17:11.486 1133 1133 I GameModeConfig: isDisableVoice = true
01-04 01:17:11.498 1133 1651 I input_focus: [Focus request d5d5c1e com.android.permissioncontroller/com.android.permissioncontroller.permission.ui.GrantPermissionsActivity,reason=UpdateInputWindows]
01-04 01:17:11.511 1133 1890 I input_focus: [Focus entering d5d5c1e com.android.permissioncontroller/com.android.permissioncontroller.permission.ui.GrantPermissionsActivity (server),reason=setFocusedWindow]
01-01 08:03:50.554 0 0 I binder : 5277:5295 ioctl 40046210 79f8a051f4 returned -22
01-04 01:17:11.568 2455 2515 D StartingSurfaceDrawer: Task start finish, remove starting surface for task 14
01-04 01:17:11.568 2455 2515 V StartingSurfaceDrawer: Removing splash screen window for task: 14
01-04 01:17:11.573 2956 4759 W ContextImpl: Calling a method in the system process without a qualified user: android.app.ContextImpl.startService:1816 android.content.ContextWrapper.startService:774 com.thundercomm.gamemode.ingame.services.GameModeActionUtils.startGameModeService:99 com.thundercomm.gamemode.ingame.services.GameModeActionUtils.startGameModeEntry:22 com.thundercomm.gamemode.ingame.services.ActivityMonitoringService$1.onActivityLaunch:129
01-04 01:17:11.581 1133 1133 I GameModeConfig: Current uri is uri = content://com.thundercomm.gamemode.api/gamemode_settings/gamemode_isgaming
01-04 01:17:11.583 1133 1133 I GameModeConfig: isGameModeOn = false
01-04 01:17:11.583 1133 1133 I GameModeConfig: isGameModeOn = false
01-04 01:17:11.583 1133 1133 I GameModeConfig: isDisableVoice = true
01-04 01:17:11.783 1133 1650 W ActivityTaskManager: Activity top resumed state loss timeout for ActivityRecord{1198d1a u0 com.android.music/.MusicBrowserActivity t-1 f}}
01-04 01:17:11.783 2462 2462 I wm_on_top_resumed_gained_called: [180483237,com.android.permissioncontroller.permission.ui.GrantPermissionsActivity,topStateChangedWhenResumed]
01-04 01:17:11.910 1133 1650 I wm_stop_activity: [0,80062843,com.android.launcher3/.uioverrides.QuickstepLauncher]
01-04 01:17:11.912 2992 2992 I wm_on_stop_called: [80062843,com.android.launcher3.uioverrides.QuickstepLauncher,STOP_ACTIVITY_ITEM]
01-04 01:17:11.936 2956 4759 W ContextImpl: Calling a method in the system process without a qualified user: android.app.ContextImpl.startService:1816 android.content.ContextWrapper.startService:774 com.thundercomm.gamemode.ingame.services.GameModeActionUtils.startGameModeService:99 com.thundercomm.gamemode.ingame.services.GameModeActionUtils.startGameModeEntry:22 com.thundercomm.gamemode.ingame.services.ActivityMonitoringService$1.onActivityLaunch:129
01-04 01:17:11.938 1133 1133 I GameModeConfig: Current uri is uri = content://com.thundercomm.gamemode.api/gamemode_settings/gamemode_isgaming
01-04 01:17:11.940 1133 1133 I GameModeConfig: isGameModeOn = false
01-04 01:17:11.940 1133 1133 I GameModeConfig: isGameModeOn = false
01-04 01:17:11.940 1133 1133 I GameModeConfig: isDisableVoice = true
01-04 01:17:12.554 1133 1890 I input_interaction: Interaction with: d5d5c1e com.android.permissioncontroller/com.android.permissioncontroller.permission.ui.GrantPermissionsActivity (server), edge-swipe (server), swipe-up (server), PointerEventDispatcher0 (server),
01-04 01:17:12.667 1133 3529 I sysui_multi_action: [757,1243,758,4,806,com.android.music,1241,android.permission.READ_PHONE_STATE]
01-04 01:17:12.668 2462 2462 I snet_event_log: [individual_permissions_requested,10094,com.android.music:com.android.music:;android.permission.READ_PHONE_STATE|false|768]
01-04 01:17:12.669 1133 3529 I wm_finish_activity: [0,180483237,14,com.android.permissioncontroller/.permission.ui.GrantPermissionsActivity,app-request]
01-04 01:17:12.675 1133 3529 I wm_pause_activity: [0,180483237,com.android.permissioncontroller/.permission.ui.GrantPermissionsActivity,userLeaving=false,finish]
01-04 01:17:12.677 1133 1650 I sysui_multi_action: [757,1144,758,8,806,com.android.permissioncontroller,871,com.android.permissioncontroller.permission.ui.GrantPermissionsActivity]
01-04 01:17:12.696 1133 1890 I input_focus: [Focus leaving d5d5c1e com.android.permissioncontroller/com.android.permissioncontroller.permission.ui.GrantPermissionsActivity (server),reason=NO_WINDOW]
01-04 01:17:12.699 2462 2462 I wm_on_top_resumed_lost_called: [180483237,com.android.permissioncontroller.permission.ui.GrantPermissionsActivity,topStateChangedWhenResumed]
01-04 01:17:12.700 2462 2462 I wm_on_paused_called: [180483237,com.android.permissioncontroller.permission.ui.GrantPermissionsActivity,performPause]
01-04 01:17:12.701 1133 2502 I ActivityTaskManager: FOREGROUND_APPLICATION_CHANGED to com.codeaurora.music.custom.PermissionActivity
01-04 01:17:12.704 1133 2502 I wm_set_resumed_activity: [0,com.android.music/com.codeaurora.music.custom.PermissionActivity,resumeTopActivityInnerLocked]
01-04 01:17:12.705 1133 2502 I wm_resume_activity: [0,21926525,14,com.android.music/com.codeaurora.music.custom.PermissionActivity]
01-04 01:17:12.711 1133 1649 I DropBoxManagerService: add tag=system_app_strictmode isTagEnabled=true flags=0x2
01-04 01:17:12.712 1133 3529 I thunderperf: PlatormCompat.setOverrides: Uid1=10094 Pid1=5277 Uid2=10094 Pid2=5277
01-04 01:17:12.712 1133 3529 I thunderperf: PlatormCompat.setOverrides: needCheck:false
01-04 01:17:12.712 1133 3529 W PackageManager: MATCH_ANY_USER flag requires INTERACT_ACROSS_USERS permission: UID 10094 requires android.permission.INTERACT_ACROSS_USERS_FULL or android.permission.INTERACT_ACROSS_USERS to access user 0.
01-04 01:17:12.713 1133 1651 I input_focus: [Focus request 1ab135d com.android.music/com.codeaurora.music.custom.PermissionActivity,reason=UpdateInputWindows]
01-04 01:17:12.713 1133 1650 I sysui_multi_action: [757,803,799,window_time_0,802,1]
01-04 01:17:12.716 1133 3529 I ActivityTaskManager: START u0 {act=android.intent.action.MAIN cat=[android.intent.category.LAUNCHER] flg=0x10200000 cmp=com.android.music/.MusicBrowserActivity bnds=[2128,310][2314,510]} from uid 10094
01-04 01:17:12.719 1133 3529 I wm_task_moved: [14,1,7]
01-04 01:17:12.719 1133 3529 I wm_set_resumed_activity: [0,com.android.music/com.codeaurora.music.custom.PermissionActivity,positionChildAt]
01-04 01:17:12.719 1133 3529 I wm_create_activity: [0,253788515,14,com.android.music/.MusicBrowserActivity,android.intent.action.MAIN,NULL,NULL,270532608]
01-04 01:17:12.721 1133 3529 I wm_pause_activity: [0,21926525,com.android.music/com.codeaurora.music.custom.PermissionActivity,userLeaving=true,resumeTopActivityInnerLocked]
01-04 01:17:12.724 1133 3529 I wm_finish_activity: [0,21926525,14,com.android.music/com.codeaurora.music.custom.PermissionActivity,app-request]
01-04 01:17:12.724 5277 5277 I wm_on_activity_result_called: [21926525,com.codeaurora.music.custom.PermissionActivity,ACTIVITY_RESULT]
01-04 01:17:12.725 1133 2549 I wm_add_to_stopping: [0,21926525,com.android.music/com.codeaurora.music.custom.PermissionActivity,completeFinishing]
01-04 01:17:12.726 1133 2549 I ActivityTaskManager: FOREGROUND_APPLICATION_CHANGED to com.android.music.MusicBrowserActivity
01-04 01:17:12.726 1133 2549 I ActivityTaskManager: The Process com.android.music Already Exists in BG. So sending its PID: 5277
01-04 01:17:12.726 1133 2549 W ActivityTaskManager: Tried to set launchTime (0) < mLastActivityLaunchTime (208155)
01-04 01:17:12.727 1133 2549 I wm_restart_activity: [0,253788515,14,com.android.music/.MusicBrowserActivity]
01-04 01:17:12.728 1133 2549 I wm_set_resumed_activity: [0,com.android.music/.MusicBrowserActivity,minimalResumeActivityLocked]
01-04 01:17:12.730 1133 1650 I sysui_multi_action: [757,803,799,window_time_0,802,0]
01-04 01:17:12.732 1133 1890 I input_focus: [Focus entering 1ab135d com.android.music/com.codeaurora.music.custom.PermissionActivity (server),reason=setFocusedWindow]
01-04 01:17:12.762 1133 1890 I input_focus: [Focus leaving 1ab135d com.android.music/com.codeaurora.music.custom.PermissionActivity (server),reason=NO_WINDOW]
01-04 01:17:12.775 5277 5277 I wm_on_create_called: [253788515,com.android.music.MusicBrowserActivity,performCreate]
01-04 01:17:12.783 1133 2549 D CompatibilityChangeReporter: Compat change id reported: 149924527; UID 10094; state: ENABLED
01-04 01:17:12.784 1133 2549 D CompatibilityChangeReporter: Compat change id reported: 132649864; UID 10094; state: DISABLED
01-04 01:17:12.793 1133 1649 I DropBoxManagerService: add tag=system_app_strictmode isTagEnabled=true flags=0x2
01-04 01:17:12.793 1133 2549 D CompatibilityChangeReporter: Compat change id reported: 182734110; UID 10094; state: ENABLED
01-04 01:17:12.798 5277 5277 I wm_on_start_called: [253788515,com.android.music.MusicBrowserActivity,handleStartActivity]
01-04 01:17:12.798 5277 5277 I wm_on_resume_called: [253788515,com.android.music.MusicBrowserActivity,RESUME_ACTIVITY]
01-04 01:17:12.801 5277 5277 I wm_on_top_resumed_gained_called: [253788515,com.android.music.MusicBrowserActivity,topStateChangedWhenResumed]
01-04 01:17:12.827 1133 3529 D CompatibilityChangeReporter: Compat change id reported: 172100307; UID 10094; state: ENABLED
01-04 01:17:12.833 1133 2848 I sysui_multi_action: [757,856,758,1,806,com.android.music,857,Channel-music,858,2]
01-04 01:17:12.844 1133 1133 I notification_enqueue: [10094,5277,com.android.music,1,NULL,0,Notification(channel=Channel-music shortcut=null contentView=null vibrate=null sound=null defaults=0x0 flags=0x0 color=0x00000000 category=transport actions=4 vis=PRIVATE),0]
01-04 01:17:12.847 2956 4759 W ContextImpl: Calling a method in the system process without a qualified user: android.app.ContextImpl.startService:1816 android.content.ContextWrapper.startService:774 com.thundercomm.gamemode.ingame.services.GameModeActionUtils.startGameModeService:99 com.thundercomm.gamemode.ingame.services.GameModeActionUtils.startGameModeEntry:22 com.thundercomm.gamemode.ingame.services.ActivityMonitoringService$1.onActivityLaunch:129
01-04 01:17:12.849 1133 1133 I notification_enqueue: [10094,5277,com.android.music,1,NULL,0,Notification(channel=Channel-music shortcut=null contentView=null vibrate=null sound=null defaults=0x0 flags=0x40 color=0x00000000 category=transport actions=4 vis=PRIVATE),0]
01-04 01:17:12.850 1133 2396 I GameModeConfig: isGameModeOn = false
01-04 01:17:12.850 1133 2396 I GameModeConfig: isGameModeOn = false
01-04 01:17:12.850 1133 2396 I GameModeConfig: isGameModeOn = false
01-04 01:17:12.850 1133 2396 I GameModeConfig: isGameModeOn = false
01-04 01:17:12.850 1133 2396 I GameModeConfig: isGameModeOn = false
01-04 01:17:12.852 1133 1133 I notification_enqueue: [10094,5277,com.android.music,1,NULL,0,Notification(channel=Channel-music shortcut=null contentView=null vibrate=null sound=null defaults=0x0 flags=0x40 color=0x00000000 category=transport actions=4 vis=PRIVATE),0]
01-04 01:17:12.853 1133 1133 I notification_enqueue: [10094,5277,com.android.music,1,NULL,0,Notification(channel=Channel-music shortcut=null contentView=null vibrate=null sound=null defaults=0x0 flags=0x40 color=0x00000000 category=transport actions=4 vis=PRIVATE),0]
01-04 01:17:12.864 1133 1651 I input_focus: [Focus request eb34f9 com.android.music/com.android.music.MusicBrowserActivity,reason=UpdateInputWindows]
01-04 01:17:12.869 1133 1133 I GameModeConfig: Current uri is uri = content://com.thundercomm.gamemode.api/gamemode_settings/gamemode_isgaming
01-04 01:17:12.873 1133 1133 I GameModeConfig: isGameModeOn = false
01-04 01:17:12.874 1133 1133 I GameModeConfig: isGameModeOn = false
01-04 01:17:12.874 1133 1133 I GameModeConfig: isDisableVoice = true
01-04 01:17:12.898 1133 2396 I GameModeConfig: isGameModeOn = false
01-04 01:17:12.898 1133 2396 I GameModeConfig: isGameModeOn = false
01-04 01:17:12.898 1133 2396 I GameModeConfig: isGameModeOn = false
01-04 01:17:12.898 1133 2396 I GameModeConfig: isGameModeOn = false
01-04 01:17:12.898 1133 2396 I GameModeConfig: isGameModeOn = false
01-04 01:17:12.903 1133 1647 I wm_activity_launch_time: [0,253788515,com.android.music/.MusicBrowserActivity,185]
01-04 01:17:12.914 1133 1890 I input_focus: [Focus entering eb34f9 com.android.music/com.android.music.MusicBrowserActivity (server),reason=Window became focusable. Previous reason: NOT_VISIBLE]
01-04 01:17:12.916 1133 1133 I notification_enqueue: [10094,5277,com.android.music,1,NULL,0,Notification(channel=Channel-music shortcut=null contentView=null vibrate=null sound=null defaults=0x0 flags=0x40 color=0x00000000 category=transport actions=4 vis=PRIVATE),0]
01-04 01:17:12.920 1133 1133 I notification_enqueue: [10094,5277,com.android.music,1,NULL,0,Notification(channel=Channel-music shortcut=null contentView=null vibrate=null sound=null defaults=0x0 flags=0x40 color=0x00000000 category=transport actions=4 vis=PRIVATE),0]
01-04 01:17:12.924 1133 1812 D CompatibilityChangeReporter: Compat change id reported: 157233955; UID 10094; state: ENABLED
01-04 01:17:12.926 1133 1133 I sysui_multi_action: [757,128,758,5,759,8,793,83,794,0,795,83,796,1,806,com.android.music,857,Channel-music,858,2,947,0,1500,83,1641,transport,1688,1,1745,1043716538]
01-04 01:17:12.926 1133 1133 I notification_canceled: [0|com.android.music|1|null|10094,8,83,83,0,-1,-1,NULL]
01-04 01:17:12.964 1133 2549 I wm_destroy_activity: [0,180483237,14,com.android.permissioncontroller/.permission.ui.GrantPermissionsActivity,finish-idle]
01-04 01:17:12.978 2956 4759 W ContextImpl: Calling a method in the system process without a qualified user: android.app.ContextImpl.startService:1816 android.content.ContextWrapper.startService:774 com.thundercomm.gamemode.ingame.services.GameModeActionUtils.startGameModeService:99 com.thundercomm.gamemode.ingame.services.GameModeActionUtils.startGameModeEntry:22 com.thundercomm.gamemode.ingame.services.ActivityMonitoringService$1.onActivityLaunch:129
01-04 01:17:12.991 1133 1133 I GameModeConfig: Current uri is uri = content://com.thundercomm.gamemode.api/gamemode_settings/gamemode_isgaming
01-04 01:17:12.992 1133 1133 I GameModeConfig: isGameModeOn = false
01-04 01:17:12.992 1133 1133 I GameModeConfig: isGameModeOn = false
01-04 01:17:12.992 1133 1133 I GameModeConfig: isDisableVoice = true
01-04 01:17:13.047 1133 1133 I NotificationService: Cannot find enqueued record for key: 0|com.android.music|1|null|10094
01-04 01:17:13.050 1133 1133 I NotificationService: Cannot find enqueued record for key: 0|com.android.music|1|null|10094
01-04 01:17:13.053 1133 1133 I NotificationService: Cannot find enqueued record for key: 0|com.android.music|1|null|10094
01-04 01:17:13.056 1133 1133 I NotificationService: Cannot find enqueued record for key: 0|com.android.music|1|null|10094
01-04 01:17:13.086 1133 1649 I commit_sys_config_file: [notification-policy,133532]
01-04 01:17:13.099 2462 2462 I wm_on_stop_called: [180483237,com.android.permissioncontroller.permission.ui.GrantPermissionsActivity,LIFECYCLER_STOP_ACTIVITY]
01-04 01:17:13.100 2462 2462 I wm_on_destroy_called: [180483237,com.android.permissioncontroller.permission.ui.GrantPermissionsActivity,performDestroy]
01-04 01:17:13.116 1133 1133 I NotificationService: Cannot find enqueued record for key: 0|com.android.music|1|null|10094
01-04 01:17:13.121 1133 1133 I NotificationService: Cannot find enqueued record for key: 0|com.android.music|1|null|10094
01-04 01:17:13.299 1133 1650 I wm_destroy_activity: [0,21926525,14,com.android.music/com.codeaurora.music.custom.PermissionActivity,finish-imm:idle]
01-04 01:17:13.317 5277 5277 I wm_on_stop_called: [21926525,com.codeaurora.music.custom.PermissionActivity,LIFECYCLER_STOP_ACTIVITY]
01-04 01:17:13.317 5277 5277 I wm_on_destroy_called: [21926525,com.codeaurora.music.custom.PermissionActivity,performDestroy]
01-04 01:17:13.446 1133 1890 I input_interaction: Interaction with: eb34f9 com.android.music/com.android.music.MusicBrowserActivity (server), edge-swipe (server), swipe-up (server), PointerEventDispatcher0 (server),
01-04 01:17:13.501 1133 1890 I input_interaction: Interaction with: edge-swipe (server), swipe-up (server), PointerEventDispatcher0 (server),
01-04 01:17:13.504 5277 5277 I view_enqueue_input_event: [Motion - Cancel,com.android.music/com.android.music.MusicBrowserActivity]
01-04 01:17:13.571 1133 2502 I sysui_multi_action: [757,803,799,key_back_press,802,1]
01-04 01:17:13.578 1133 1648 D AutofillManagerService: onBackKeyPressed()
01-04 01:17:13.578 1133 1890 I input_interaction: Interaction with: eb34f9 com.android.music/com.android.music.MusicBrowserActivity (server), PointerEventDispatcher0 (server),
01-04 01:17:13.588 1133 2502 I wm_finish_activity: [0,253788515,14,com.android.music/.MusicBrowserActivity,app-request]
01-04 01:17:13.588 1133 2502 I wm_task_moved: [1,1,7]
01-04 01:17:13.589 1133 2502 I wm_task_moved: [10,1,2147483647]
01-04 01:17:13.589 1133 2502 I wm_task_to_front: [0,10]
01-04 01:17:13.589 1133 2502 I wm_focused_root_task: [0,0,1,14,finish-top adjustFocusToNextFocusableTask]
01-04 01:17:13.590 1133 2502 I wm_set_resumed_activity: [0,com.android.launcher3/.uioverrides.QuickstepLauncher,finish-top adjustFocusToNextFocusableTask]
01-04 01:17:13.601 1133 2502 I wm_pause_activity: [0,253788515,com.android.music/.MusicBrowserActivity,userLeaving=false,finish]
01-04 01:17:13.604 5277 5277 I wm_on_top_resumed_lost_called: [253788515,com.android.music.MusicBrowserActivity,topStateChangedWhenResumed]
01-04 01:17:13.608 5277 5277 I wm_on_paused_called: [253788515,com.android.music.MusicBrowserActivity,performPause]
01-04 01:17:13.610 1133 1812 I wm_add_to_stopping: [0,253788515,com.android.music/.MusicBrowserActivity,completeFinishing]
01-04 01:17:13.611 1133 1812 I ActivityTaskManager: FOREGROUND_APPLICATION_CHANGED to com.android.launcher3.uioverrides.QuickstepLauncher
01-04 01:17:13.613 1133 1812 I wm_set_resumed_activity: [0,com.android.launcher3/.uioverrides.QuickstepLauncher,resumeTopActivityInnerLocked]
01-04 01:17:13.617 1133 1812 I wm_resume_activity: [0,80062843,10,com.android.launcher3/.uioverrides.QuickstepLauncher]
01-04 01:17:13.627 1133 1650 I sysui_multi_action: [757,803,799,window_time_0,802,1]
01-04 01:17:13.631 1133 1890 I input_focus: [Focus leaving eb34f9 com.android.music/com.android.music.MusicBrowserActivity (server),reason=NO_WINDOW]
01-04 01:17:13.633 2992 2992 I wm_on_restart_called: [80062843,com.android.launcher3.uioverrides.QuickstepLauncher,performRestartActivity]
01-04 01:17:13.634 2992 2992 I wm_on_start_called: [80062843,com.android.launcher3.uioverrides.QuickstepLauncher,handleStartActivity]
01-04 01:17:13.634 2992 2992 I wm_on_resume_called: [80062843,com.android.launcher3.uioverrides.QuickstepLauncher,RESUME_ACTIVITY]
01-04 01:17:13.634 2992 2992 I wm_on_top_resumed_gained_called: [80062843,com.android.launcher3.uioverrides.QuickstepLauncher,topWhenResuming]
01-04 01:17:13.645 2956 4759 W ContextImpl: Calling a method in the system process without a qualified user: android.app.ContextImpl.startService:1816 android.content.ContextWrapper.startService:774 com.thundercomm.gamemode.ingame.services.GameModeActionUtils.startGameModeService:99 com.thundercomm.gamemode.ingame.services.GameModeActionUtils.startGameModeEntry:22 com.thundercomm.gamemode.ingame.services.ActivityMonitoringService$1.onActivityLaunch:129
01-04 01:17:13.653 1133 1651 I input_focus: [Focus request dad8335 com.android.launcher3/com.android.launcher3.uioverrides.QuickstepLauncher,reason=UpdateInputWindows]
01-04 01:17:13.659 1133 1133 I GameModeConfig: Current uri is uri = content://com.thundercomm.gamemode.api/gamemode_settings/gamemode_isgaming
01-04 01:17:13.665 1133 1133 I GameModeConfig: isGameModeOn = false
01-04 01:17:13.665 1133 1133 I GameModeConfig: isGameModeOn = false
01-04 01:17:13.665 1133 1133 I GameModeConfig: isDisableVoice = true
01-04 01:17:13.684 1133 1890 I input_focus: [Focus entering dad8335 com.android.launcher3/com.android.launcher3.uioverrides.QuickstepLauncher (server),reason=setFocusedWindow]
01-04 01:17:13.731 2956 4759 W ContextImpl: Calling a method in the system process without a qualified user: android.app.ContextImpl.startService:1816 android.content.ContextWrapper.startService:774 com.thundercomm.gamemode.ingame.services.GameModeActionUtils.startGameModeService:99 com.thundercomm.gamemode.ingame.services.GameModeActionUtils.startGameModeEntry:22 com.thundercomm.gamemode.ingame.services.ActivityMonitoringService$1.onActivityLaunch:129
01-04 01:17:13.747 1133 1133 I GameModeConfig: Current uri is uri = content://com.thundercomm.gamemode.api/gamemode_settings/gamemode_isgaming
01-04 01:17:13.751 1133 1133 I GameModeConfig: isGameModeOn = false
01-04 01:17:13.752 1133 1133 I GameModeConfig: isGameModeOn = false
01-04 01:17:13.752 1133 1133 I GameModeConfig: isDisableVoice = true
01-04 01:17:14.048 1133 1650 I wm_destroy_activity: [0,253788515,14,com.android.music/.MusicBrowserActivity,finish-imm:idle]
01-04 01:17:14.074 5277 5277 I wm_on_stop_called: [253788515,com.android.music.MusicBrowserActivity,LIFECYCLER_STOP_ACTIVITY]
01-04 01:17:14.077 2956 4759 W ContextImpl: Calling a method in the system process without a qualified user: android.app.ContextImpl.startService:1816 android.content.ContextWrapper.startService:774 com.thundercomm.gamemode.ingame.services.GameModeActionUtils.startGameModeService:99 com.thundercomm.gamemode.ingame.services.GameModeActionUtils.startGameModeEntry:22 com.thundercomm.gamemode.ingame.services.ActivityMonitoringService$1.onActivityLaunch:129
01-04 01:17:14.081 5277 5277 I wm_on_destroy_called: [253788515,com.android.music.MusicBrowserActivity,performDestroy]
01-04 01:17:14.085 1133 1133 I GameModeConfig: Current uri is uri = content://com.thundercomm.gamemode.api/gamemode_settings/gamemode_isgaming
01-04 01:17:14.088 1133 1812 I wm_task_removed: [14,removeChild:removeChild last r=ActivityRecord{f208163 u0 com.android.music/.MusicBrowserActivity t-1 f}} in t=Task{c36d979 #14 type=standard A=10094:android.task.music U=0 visible=false mode=fullscreen translucent=true sz=0}]
01-04 01:17:14.088 1133 1812 I wm_task_removed: [14,removeChild]
01-04 01:17:14.092 1133 1133 I GameModeConfig: isGameModeOn = false
01-04 01:17:14.092 1133 1133 I GameModeConfig: isGameModeOn = false
01-04 01:17:14.092 1133 1133 I GameModeConfig: isDisableVoice = true
01-04 01:17:14.093 1133 1651 W ActivityTaskManager: Can't find TaskDisplayArea to determine support for multi window. Task id=14 attached=false
01-04 01:17:14.093 1133 1651 W ActivityTaskManager: Can't find TaskDisplayArea to determine support for multi window. Task id=14 attached=false
01-04 01:17:14.095 1133 1663 I am_uid_running: 10018
01-04 01:17:14.095 1133 1663 D CompatibilityChangeReporter: Compat change id reported: 135634846; UID 10018; state: DISABLED
01-04 01:17:14.096 1133 1663 D CompatibilityChangeReporter: Compat change id reported: 177438394; UID 10018; state: DISABLED
01-04 01:17:14.096 1133 1663 D CompatibilityChangeReporter: Compat change id reported: 135772972; UID 10018; state: DISABLED
01-04 01:17:14.096 1133 1663 D CompatibilityChangeReporter: Compat change id reported: 135754954; UID 10018; state: ENABLED
01-04 01:17:14.097 1133 1664 D CompatibilityChangeReporter: Compat change id reported: 143937733; UID 10018; state: ENABLED
01-04 01:17:14.099 1133 1649 I DropBoxManagerService: add tag=system_server_strictmode isTagEnabled=true flags=0x2
01-04 01:17:14.108 1133 1133 I notification_cancel_all: [1000,1133,com.android.music,0,0,0,20,NULL]
01-04 01:17:14.108 1133 3529 I sysui_multi_action: [757,856,758,2,806,com.android.music,857,Channel-music,858,2]
01-04 01:17:14.110 1133 3529 W NotificationHistory: Attempted to remove channel for locked/gone/disabled user 0
01-04 01:17:14.137 1133 1664 I am_proc_start: [0,5346,10018,com.android.musicfx,broadcast,{com.android.musicfx/com.android.musicfx.ControlPanelReceiver}]
01-04 01:17:14.137 1133 1664 I ActivityManager: Start proc 5346:com.android.musicfx/u0a18 for broadcast {com.android.musicfx/com.android.musicfx.ControlPanelReceiver}
01-01 08:03:53.200 0 0 I binder : 5346:5346 ioctl 40046210 7fe56c0b84 returned -22
01-04 01:17:14.180 1133 3529 I am_proc_bound: [0,5346,com.android.musicfx]
01-04 01:17:14.181 1133 3529 D CompatibilityChangeReporter: Compat change id reported: 168419799; UID 10018; state: DISABLED
01-04 01:17:14.248 1133 2502 W BroadcastQueue: Background execution not allowed: receiving Intent { act=com.android.music.updatewidget flg=0x10 } to com.android.music/.MediaAppWidgetProvider
01-04 01:17:14.251 1133 1663 W BroadcastQueue: Background execution not allowed: receiving Intent { act=com.android.music.updatewidget flg=0x10 } to com.android.music/.MediaAppWidgetProviderLarge
01-04 01:17:14.297 1133 1890 I input_interaction: Interaction with: dad8335 com.android.launcher3/com.android.launcher3.uioverrides.QuickstepLauncher (server), 48a1821 com.android.systemui.ImageWallpaper (server), edge-swipe (server), swipe-up (server), PointerEventDispatcher0 (server),
01-04 01:17:14.377 1133 1649 I commit_sys_config_file: [notification-policy,134824]
01-04 01:17:14.442 1133 2502 I thunderperf: PlatormCompat.setOverrides: Uid1=10084 Pid1=2992 Uid2=10084 Pid2=2992
01-04 01:17:14.442 1133 2502 I thunderperf: PlatormCompat.setOverrides: needCheck:false
01-04 01:17:14.467 1133 2502 I ActivityTaskManager: START u0 {act=android.intent.action.MAIN cat=[android.intent.category.LAUNCHER] flg=0x10200000 cmp=com.android.music/.MusicBrowserActivity bnds=[2128,310][2314,510]} from uid 10084
01-04 01:17:14.474 1133 2502 I wm_task_created: [15,-1]
01-04 01:17:14.474 1133 2502 W ActivityTaskManager: Can't find TaskDisplayArea to determine support for multi window. Task id=15 attached=false
01-04 01:17:14.478 1133 2502 D CompatibilityChangeReporter: Compat change id reported: 174042980; UID 10094; state: DISABLED
01-04 01:17:14.478 1133 2502 D CompatibilityChangeReporter: Compat change id reported: 184838306; UID 10094; state: DISABLED
01-04 01:17:14.479 1133 2502 D CompatibilityChangeReporter: Compat change id reported: 185004937; UID 10094; state: DISABLED
01-04 01:17:14.479 1133 2502 D CompatibilityChangeReporter: Compat change id reported: 181136395; UID 10094; state: DISABLED
01-04 01:17:14.480 1133 2502 D CompatibilityChangeReporter: Compat change id reported: 174042936; UID 10094; state: DISABLED
01-04 01:17:14.481 1133 2502 I wm_task_moved: [15,1,7]
01-04 01:17:14.481 1133 2502 I wm_task_to_front: [0,15]
01-04 01:17:14.481 1133 2502 I wm_create_task: [0,15]
01-04 01:17:14.481 1133 2502 I wm_create_activity: [0,89725590,15,com.android.music/.MusicBrowserActivity,android.intent.action.MAIN,NULL,NULL,270532608]
01-04 01:17:14.481 1133 2502 I wm_task_moved: [15,1,7]
01-04 01:17:14.482 1133 2502 D CompatibilityChangeReporter: Compat change id reported: 168419799; UID 10094; state: DISABLED
01-04 01:17:14.483 2455 2515 D PhoneStartingWindowTypeAlgorithm: preferredStartingWindowType newTask:true taskSwitch:true processRunning:true allowTaskSnapshot:true activityCreated:false useEmptySplashScreen:false legacySplashScreen:false topIsHome:false
01-04 01:17:14.483 2455 2515 D StartingSurfaceDrawer: addSplashScreen com.android.music theme=7f110009 task=15 suggestType=1
01-04 01:17:14.483 1133 2502 I wm_pause_activity: [0,80062843,com.android.launcher3/.uioverrides.QuickstepLauncher,userLeaving=true,pauseBackTasks]
01-04 01:17:14.486 2455 2516 D StartingSurfaceDrawer: window attributes color: 0 icon null duration 0 brandImage null
01-04 01:17:14.487 2992 2992 I wm_on_top_resumed_lost_called: [80062843,com.android.launcher3.uioverrides.QuickstepLauncher,topStateChangedWhenResumed]
01-04 01:17:14.488 2455 2516 D StartingSurfaceDrawer: FgMainColor=ff000000 BgMainColor=0 IsBgComplex=false FromCache=true ThemeColor=fffafafa
01-04 01:17:14.488 2455 2516 D StartingSurfaceDrawer: isRgbSimilarInHsv a: fffafafa b 0 contrast ratio: 20.119467
01-04 01:17:14.488 2455 2516 D StartingSurfaceDrawer: hsvDiff 0 ah 0.0 bh 0.0 as 0.0 bs 0.0 av 0.98039216 bv 0.0 sqH 0.0 sqS 0.0 sqV 0.9611687835295903 root 0.5660296763508637
01-04 01:17:14.489 2455 2516 D StartingSurfaceDrawer: isRgbSimilarInHsv a: fffafafa b ff000000 contrast ratio: 20.119467
01-04 01:17:14.489 2455 2516 D StartingSurfaceDrawer: hsvDiff 0 ah 0.0 bh 0.0 as 0.0 bs 0.0 av 0.98039216 bv 0.0 sqH 0.0 sqS 0.0 sqV 0.9611687835295903 root 0.5660296763508637
01-04 01:17:14.489 2455 2516 D StartingSurfaceDrawer: makeSplashScreenContentView: choose fg icon
01-04 01:17:14.490 2455 2516 D StartingSurfaceDrawer: fillViewWithIcon surfaceWindowView android.window.SplashScreenView{aa3245 V.E...... ......ID 0,0-0,0}
01-04 01:17:14.493 2992 2992 I wm_on_paused_called: [80062843,com.android.launcher3.uioverrides.QuickstepLauncher,performPause]
01-04 01:17:14.494 1133 3529 I ActivityTaskManager: FOREGROUND_APPLICATION_CHANGED to com.android.music.MusicBrowserActivity
01-04 01:17:14.494 1133 3529 I ActivityTaskManager: The Process com.android.music Already Exists in BG. So sending its PID: 5277
01-04 01:17:14.495 1133 3529 W ActivityTaskManager: Tried to set launchTime (0) < mLastActivityLaunchTime (209478)
01-04 01:17:14.495 1133 3529 I wm_add_to_stopping: [0,80062843,com.android.launcher3/.uioverrides.QuickstepLauncher,makeInvisible]
01-04 01:17:14.496 1133 3529 I wm_restart_activity: [0,89725590,15,com.android.music/.MusicBrowserActivity]
01-04 01:17:14.497 1133 3529 I wm_set_resumed_activity: [0,com.android.music/.MusicBrowserActivity,minimalResumeActivityLocked]
01-04 01:17:14.511 1133 1650 I sysui_multi_action: [757,803,799,window_time_0,802,1]
01-04 01:17:14.517 2956 4759 W ContextImpl: Calling a method in the system process without a qualified user: android.app.ContextImpl.startService:1816 android.content.ContextWrapper.startService:774 com.thundercomm.gamemode.ingame.services.GameModeActionUtils.startGameModeService:99 com.thundercomm.gamemode.ingame.services.GameModeActionUtils.startGameModeEntry:22 com.thundercomm.gamemode.ingame.services.ActivityMonitoringService$1.onActivityLaunch:129
01-04 01:17:14.518 1133 1890 I input_focus: [Focus leaving dad8335 com.android.launcher3/com.android.launcher3.uioverrides.QuickstepLauncher (server),reason=NO_WINDOW]
01-04 01:17:14.522 1133 1133 I GameModeConfig: Current uri is uri = content://com.thundercomm.gamemode.api/gamemode_settings/gamemode_isgaming
01-04 01:17:14.525 1133 1133 I GameModeConfig: isGameModeOn = false
01-04 01:17:14.525 1133 1133 I GameModeConfig: isGameModeOn = false
01-04 01:17:14.525 1133 1133 I GameModeConfig: isDisableVoice = true
01-04 01:17:14.535 5277 5277 I wm_on_create_called: [89725590,com.android.music.MusicBrowserActivity,performCreate]
01-04 01:17:14.547 5277 5277 I wm_on_start_called: [89725590,com.android.music.MusicBrowserActivity,handleStartActivity]
01-04 01:17:14.548 5277 5277 I wm_on_resume_called: [89725590,com.android.music.MusicBrowserActivity,RESUME_ACTIVITY]
01-04 01:17:14.552 5277 5277 I wm_on_top_resumed_gained_called: [89725590,com.android.music.MusicBrowserActivity,topStateChangedWhenResumed]
01-04 01:17:14.571 1133 4602 I sysui_multi_action: [757,856,758,1,806,com.android.music,857,Channel-music,858,2]
01-04 01:17:14.571 1133 2396 I GameModeConfig: isGameModeOn = false
01-04 01:17:14.572 1133 2396 I GameModeConfig: isGameModeOn = false
01-04 01:17:14.572 1133 2396 I GameModeConfig: isGameModeOn = false
01-04 01:17:14.573 1133 2396 I GameModeConfig: isGameModeOn = false
01-04 01:17:14.573 1133 2396 I GameModeConfig: isGameModeOn = false
01-04 01:17:14.578 1133 1133 I notification_enqueue: [10094,5277,com.android.music,1,NULL,0,Notification(channel=Channel-music shortcut=null contentView=null vibrate=null sound=null defaults=0x0 flags=0x0 color=0x00000000 category=transport actions=4 vis=PRIVATE),0]
01-04 01:17:14.579 1133 1133 I notification_enqueue: [10094,5277,com.android.music,1,NULL,0,Notification(channel=Channel-music shortcut=null contentView=null vibrate=null sound=null defaults=0x0 flags=0x40 color=0x00000000 category=transport actions=4 vis=PRIVATE),0]
01-04 01:17:14.580 1133 2396 I GameModeConfig: isGameModeOn = false
01-04 01:17:14.581 1133 2396 I GameModeConfig: isGameModeOn = false
01-04 01:17:14.581 1133 2396 I GameModeConfig: isGameModeOn = false
01-04 01:17:14.581 1133 2396 I GameModeConfig: isGameModeOn = false
01-04 01:17:14.581 1133 2396 I GameModeConfig: isGameModeOn = false
01-04 01:17:14.587 1133 1133 I notification_enqueue: [10094,5277,com.android.music,1,NULL,0,Notification(channel=Channel-music shortcut=null contentView=null vibrate=null sound=null defaults=0x0 flags=0x40 color=0x00000000 category=transport actions=4 vis=PRIVATE),0]
01-04 01:17:14.589 1133 1133 I notification_enqueue: [10094,5277,com.android.music,1,NULL,0,Notification(channel=Channel-music shortcut=null contentView=null vibrate=null sound=null defaults=0x0 flags=0x40 color=0x00000000 category=transport actions=4 vis=PRIVATE),0]
01-04 01:17:14.594 1133 2396 I GameModeConfig: isGameModeOn = false
01-04 01:17:14.595 1133 2396 I GameModeConfig: isGameModeOn = false
01-04 01:17:14.595 1133 2396 I GameModeConfig: isGameModeOn = false
01-04 01:17:14.595 1133 2396 I GameModeConfig: isGameModeOn = false
01-04 01:17:14.595 1133 2396 I GameModeConfig: isGameModeOn = false
01-04 01:17:14.601 1133 1133 I notification_enqueue: [10094,5277,com.android.music,1,NULL,0,Notification(channel=Channel-music shortcut=null contentView=null vibrate=null sound=null defaults=0x0 flags=0x40 color=0x00000000 category=transport actions=4 vis=PRIVATE),0]
01-04 01:17:14.603 1133 1133 I notification_enqueue: [10094,5277,com.android.music,1,NULL,0,Notification(channel=Channel-music shortcut=null contentView=null vibrate=null sound=null defaults=0x0 flags=0x40 color=0x00000000 category=transport actions=4 vis=PRIVATE),0]
01-04 01:17:14.613 2956 4759 W ContextImpl: Calling a method in the system process without a qualified user: android.app.ContextImpl.startService:1816 android.content.ContextWrapper.startService:774 com.thundercomm.gamemode.ingame.services.GameModeActionUtils.startGameModeService:99 com.thundercomm.gamemode.ingame.services.GameModeActionUtils.startGameModeEntry:22 com.thundercomm.gamemode.ingame.services.ActivityMonitoringService$1.onActivityLaunch:129
01-04 01:17:14.617 1133 1133 I GameModeConfig: Current uri is uri = content://com.thundercomm.gamemode.api/gamemode_settings/gamemode_isgaming
01-04 01:17:14.619 1133 1133 I GameModeConfig: isGameModeOn = false
01-04 01:17:14.620 1133 1133 I GameModeConfig: isGameModeOn = false
01-04 01:17:14.620 1133 1133 I GameModeConfig: isDisableVoice = true
01-04 01:17:14.620 1133 1651 I input_focus: [Focus request d3b8182 com.android.music/com.android.music.MusicBrowserActivity,reason=UpdateInputWindows]
01-04 01:17:14.631 1133 1133 I sysui_multi_action: [757,128,758,5,759,8,793,53,794,0,795,53,796,1,806,com.android.music,857,Channel-music,858,2,947,0,1500,53,1641,transport,1688,1,1745,1043716538]
01-04 01:17:14.631 1133 1133 I notification_canceled: [0|com.android.music|1|null|10094,8,53,53,0,-1,-1,NULL]
01-04 01:17:14.632 2455 2515 D StartingSurfaceDrawer: Task start finish, remove starting surface for task 15
01-04 01:17:14.632 2455 2515 V StartingSurfaceDrawer: Removing splash screen window for task: 15
01-04 01:17:14.633 1133 1647 I sysui_multi_action: [319,62,321,57,322,163,325,211,757,761,758,8,759,1,806,com.android.music,871,com.android.music.MusicBrowserActivity,904,com.android.launcher3,905,0,1320,4,1321,1]
01-04 01:17:14.634 1133 1647 I wm_activity_launch_time: [0,89725590,com.android.music/.MusicBrowserActivity,163]
01-04 01:17:14.637 1133 1890 I input_focus: [Focus entering d3b8182 com.android.music/com.android.music.MusicBrowserActivity (server),reason=setFocusedWindow]
01-04 01:17:14.779 1133 1133 I NotificationService: Cannot find enqueued record for key: 0|com.android.music|1|null|10094
01-04 01:17:14.780 1133 1133 I NotificationService: Cannot find enqueued record for key: 0|com.android.music|1|null|10094
01-04 01:17:14.788 1133 1133 I NotificationService: Cannot find enqueued record for key: 0|com.android.music|1|null|10094
01-04 01:17:14.788 1133 1133 I NotificationService: Cannot find enqueued record for key: 0|com.android.music|1|null|10094
01-04 01:17:14.802 1133 1133 I NotificationService: Cannot find enqueued record for key: 0|com.android.music|1|null|10094
01-04 01:17:14.802 1133 1133 I NotificationService: Cannot find enqueued record for key: 0|com.android.music|1|null|10094
01-04 01:17:14.824 1133 1649 I commit_sys_config_file: [notification-policy,135271]
01-04 01:17:15.071 1133 1650 I wm_stop_activity: [0,80062843,com.android.launcher3/.uioverrides.QuickstepLauncher]
01-04 01:17:15.101 2992 2992 I wm_on_stop_called: [80062843,com.android.launcher3.uioverrides.QuickstepLauncher,STOP_ACTIVITY_ITEM]
01-04 01:17:15.112 2956 4759 W ContextImpl: Calling a method in the system process without a qualified user: android.app.ContextImpl.startService:1816 android.content.ContextWrapper.startService:774 com.thundercomm.gamemode.ingame.services.GameModeActionUtils.startGameModeService:99 com.thundercomm.gamemode.ingame.services.GameModeActionUtils.startGameModeEntry:22 com.thundercomm.gamemode.ingame.services.ActivityMonitoringService$1.onActivityLaunch:129
01-04 01:17:15.115 1133 1133 I GameModeConfig: Current uri is uri = content://com.thundercomm.gamemode.api/gamemode_settings/gamemode_isgaming
01-04 01:17:15.117 1133 1133 I GameModeConfig: isGameModeOn = false
01-04 01:17:15.117 1133 1133 I GameModeConfig: isGameModeOn = false
01-04 01:17:15.117 1133 1133 I GameModeConfig: isDisableVoice = true
01-04 01:17:15.572 1133 1890 I input_interaction: Interaction with: d3b8182 com.android.music/com.android.music.MusicBrowserActivity (server), edge-swipe (server), swipe-up (server), PointerEventDispatcher0 (server),
01-04 01:17:15.597 5277 5277 I view_enqueue_input_event: [Motion - Cancel,com.android.music/com.android.music.MusicBrowserActivity]
01-04 01:17:15.611 1133 1890 I input_interaction: Interaction with: edge-swipe (server), swipe-up (server), PointerEventDispatcher0 (server),
01-04 01:17:15.647 1133 4178 E TaskPersister: File error accessing recents directory (directory doesn't exist?).
01-04 01:17:15.735 1133 4602 I sysui_multi_action: [757,803,799,key_back_press,802,1]
01-04 01:17:15.737 1133 1648 D AutofillManagerService: onBackKeyPressed()
01-04 01:17:15.738 1133 1890 I input_interaction: Interaction with: d3b8182 com.android.music/com.android.music.MusicBrowserActivity (server), PointerEventDispatcher0 (server),
01-04 01:17:15.740 1133 4602 I wm_finish_activity: [0,89725590,15,com.android.music/.MusicBrowserActivity,app-request]
01-04 01:17:15.740 1133 4602 I wm_task_moved: [1,1,7]
01-04 01:17:15.741 1133 4602 I wm_task_moved: [10,1,2147483647]
01-04 01:17:15.741 1133 4602 I wm_task_to_front: [0,10]
01-04 01:17:15.741 1133 4602 I wm_focused_root_task: [0,0,1,15,finish-top adjustFocusToNextFocusableTask]
01-04 01:17:15.741 1133 4602 I wm_set_resumed_activity: [0,com.android.launcher3/.uioverrides.QuickstepLauncher,finish-top adjustFocusToNextFocusableTask]
01-04 01:17:15.747 1133 4602 I wm_pause_activity: [0,89725590,com.android.music/.MusicBrowserActivity,userLeaving=false,finish]
01-04 01:17:15.749 5277 5277 I wm_on_top_resumed_lost_called: [89725590,com.android.music.MusicBrowserActivity,topStateChangedWhenResumed]
01-04 01:17:15.750 5277 5277 I wm_on_paused_called: [89725590,com.android.music.MusicBrowserActivity,performPause]
01-04 01:17:15.752 1133 4602 I wm_add_to_stopping: [0,89725590,com.android.music/.MusicBrowserActivity,completeFinishing]
01-04 01:17:15.753 1133 4602 I ActivityTaskManager: FOREGROUND_APPLICATION_CHANGED to com.android.launcher3.uioverrides.QuickstepLauncher
01-04 01:17:15.754 1133 4602 I wm_set_resumed_activity: [0,com.android.launcher3/.uioverrides.QuickstepLauncher,resumeTopActivityInnerLocked]
01-04 01:17:15.758 1133 4602 I wm_resume_activity: [0,80062843,10,com.android.launcher3/.uioverrides.QuickstepLauncher]
01-04 01:17:15.769 1133 1650 I sysui_multi_action: [757,803,799,window_time_0,802,1]
01-04 01:17:15.770 1133 1890 I input_focus: [Focus leaving d3b8182 com.android.music/com.android.music.MusicBrowserActivity (server),reason=NO_WINDOW]
01-04 01:17:15.777 2992 2992 I wm_on_restart_called: [80062843,com.android.launcher3.uioverrides.QuickstepLauncher,performRestartActivity]
01-04 01:17:15.778 2992 2992 I wm_on_start_called: [80062843,com.android.launcher3.uioverrides.QuickstepLauncher,handleStartActivity]
01-04 01:17:15.778 2992 2992 I wm_on_resume_called: [80062843,com.android.launcher3.uioverrides.QuickstepLauncher,RESUME_ACTIVITY]
01-04 01:17:15.778 2992 2992 I wm_on_top_resumed_gained_called: [80062843,com.android.launcher3.uioverrides.QuickstepLauncher,topWhenResuming]
01-04 01:17:15.792 1133 1651 I input_focus: [Focus request dad8335 com.android.launcher3/com.android.launcher3.uioverrides.QuickstepLauncher,reason=UpdateInputWindows]
01-04 01:17:15.793 2956 4759 W ContextImpl: Calling a method in the system process without a qualified user: android.app.ContextImpl.startService:1816 android.content.ContextWrapper.startService:774 com.thundercomm.gamemode.ingame.services.GameModeActionUtils.startGameModeService:99 com.thundercomm.gamemode.ingame.services.GameModeActionUtils.startGameModeEntry:22 com.thundercomm.gamemode.ingame.services.ActivityMonitoringService$1.onActivityLaunch:129
01-04 01:17:15.796 1133 1133 I GameModeConfig: Current uri is uri = content://com.thundercomm.gamemode.api/gamemode_settings/gamemode_isgaming
01-04 01:17:15.799 1133 1133 I GameModeConfig: isGameModeOn = false
01-04 01:17:15.799 1133 1133 I GameModeConfig: isGameModeOn = false
01-04 01:17:15.799 1133 1133 I GameModeConfig: isDisableVoice = true
01-04 01:17:15.822 1133 1890 I input_focus: [Focus entering dad8335 com.android.launcher3/com.android.launcher3.uioverrides.QuickstepLauncher (server),reason=Window became focusable. Previous reason: NOT_VISIBLE]
01-04 01:17:15.865 2956 4759 W ContextImpl: Calling a method in the system process without a qualified user: android.app.ContextImpl.startService:1816 android.content.ContextWrapper.startService:774 com.thundercomm.gamemode.ingame.services.GameModeActionUtils.startGameModeService:99 com.thundercomm.gamemode.ingame.services.GameModeActionUtils.startGameModeEntry:22 com.thundercomm.gamemode.ingame.services.ActivityMonitoringService$1.onActivityLaunch:129
01-04 01:17:15.868 1133 1133 I GameModeConfig: Current uri is uri = content://com.thundercomm.gamemode.api/gamemode_settings/gamemode_isgaming
01-04 01:17:15.870 1133 1133 I GameModeConfig: isGameModeOn = false
01-04 01:17:15.870 1133 1133 I GameModeConfig: isGameModeOn = false
01-04 01:17:15.870 1133 1133 I GameModeConfig: isDisableVoice = true
01-04 01:17:16.155 1133 1650 I wm_destroy_activity: [0,89725590,15,com.android.music/.MusicBrowserActivity,finish-imm:idle]
01-04 01:17:16.165 2956 4759 W ContextImpl: Calling a method in the system process without a qualified user: android.app.ContextImpl.startService:1816 android.content.ContextWrapper.startService:774 com.thundercomm.gamemode.ingame.services.GameModeActionUtils.startGameModeService:99 com.thundercomm.gamemode.ingame.services.GameModeActionUtils.startGameModeEntry:22 com.thundercomm.gamemode.ingame.services.ActivityMonitoringService$1.onActivityLaunch:129
01-04 01:17:16.167 1133 1133 I GameModeConfig: Current uri is uri = content://com.thundercomm.gamemode.api/gamemode_settings/gamemode_isgaming
01-04 01:17:16.169 1133 1133 I GameModeConfig: isGameModeOn = false
01-04 01:17:16.169 1133 1133 I GameModeConfig: isGameModeOn = false
01-04 01:17:16.169 1133 1133 I GameModeConfig: isDisableVoice = true
01-04 01:17:16.174 5277 5277 I wm_on_stop_called: [89725590,com.android.music.MusicBrowserActivity,LIFECYCLER_STOP_ACTIVITY]
01-04 01:17:16.176 5277 5277 I wm_on_destroy_called: [89725590,com.android.music.MusicBrowserActivity,performDestroy]
01-04 01:17:16.179 1133 4602 I wm_task_removed: [15,removeChild:removeChild last r=ActivityRecord{5591a96 u0 com.android.music/.MusicBrowserActivity t-1 f}} in t=Task{98fb7a #15 type=standard A=10094:android.task.music U=0 visible=false mode=fullscreen translucent=true sz=0}]
01-04 01:17:16.179 1133 4602 I wm_task_removed: [15,removeChild]
01-04 01:17:16.181 1133 1651 W ActivityTaskManager: Can't find TaskDisplayArea to determine support for multi window. Task id=15 attached=false
01-04 01:17:16.181 1133 1651 W ActivityTaskManager: Can't find TaskDisplayArea to determine support for multi window. Task id=15 attached=false
01-04 01:17:16.184 1133 1663 D CompatibilityChangeReporter: Compat change id reported: 168419799; UID 10018; state: DISABLED
01-04 01:17:16.192 1133 1663 W BroadcastQueue: Background execution not allowed: receiving Intent { act=com.android.music.updatewidget flg=0x10 } to com.android.music/.MediaAppWidgetProvider
01-04 01:17:16.192 1133 1663 W BroadcastQueue: Background execution not allowed: receiving Intent { act=com.android.music.updatewidget flg=0x10 } to com.android.music/.MediaAppWidgetProviderLarge
01-04 01:17:16.193 1133 2503 I sysui_multi_action: [757,856,758,2,806,com.android.music,857,Channel-music,858,2]
01-04 01:17:16.193 1133 1133 I notification_cancel_all: [1000,1133,com.android.music,0,0,0,20,NULL]
01-04 01:17:16.193 1133 2503 W NotificationHistory: Attempted to remove channel for locked/gone/disabled user 0
01-04 01:17:16.381 1133 1890 I input_interaction: Interaction with: dad8335 com.android.launcher3/com.android.launcher3.uioverrides.QuickstepLauncher (server), 48a1821 com.android.systemui.ImageWallpaper (server), edge-swipe (server), swipe-up (server), PointerEventDispatcher0 (server),
01-04 01:17:16.446 1133 1649 I commit_sys_config_file: [notification-policy,136893]
01-04 01:17:16.500 1133 2503 I thunderperf: PlatormCompat.setOverrides: Uid1=10084 Pid1=2992 Uid2=10084 Pid2=2992
01-04 01:17:16.500 1133 2503 I thunderperf: PlatormCompat.setOverrides: needCheck:false
01-04 01:17:16.529 1133 2503 I ActivityTaskManager: START u0 {act=android.intent.action.MAIN cat=[android.intent.category.LAUNCHER] flg=0x10200000 cmp=com.android.music/.MusicBrowserActivity bnds=[2128,310][2314,510]} from uid 10084
01-04 01:17:16.534 1133 2503 I wm_task_created: [16,-1]
01-04 01:17:16.534 1133 2503 W ActivityTaskManager: Can't find TaskDisplayArea to determine support for multi window. Task id=16 attached=false
01-04 01:17:16.539 1133 2503 I service_manager_stats: [100,76,17700]
01-04 01:17:16.540 1133 2503 I wm_task_moved: [16,1,7]
01-04 01:17:16.540 1133 2503 I wm_task_to_front: [0,16]
01-04 01:17:16.541 1133 2503 I wm_create_task: [0,16]
01-04 01:17:16.541 1133 2503 I wm_create_activity: [0,198917102,16,com.android.music/.MusicBrowserActivity,android.intent.action.MAIN,NULL,NULL,270532608]
01-04 01:17:16.541 1133 2503 I wm_task_moved: [16,1,7]
01-04 01:17:16.542 2455 2515 D PhoneStartingWindowTypeAlgorithm: preferredStartingWindowType newTask:true taskSwitch:true processRunning:true allowTaskSnapshot:true activityCreated:false useEmptySplashScreen:false legacySplashScreen:false topIsHome:false
01-04 01:17:16.542 2455 2515 D StartingSurfaceDrawer: addSplashScreen com.android.music theme=7f110009 task=16 suggestType=1
01-04 01:17:16.543 1133 2503 I wm_pause_activity: [0,80062843,com.android.launcher3/.uioverrides.QuickstepLauncher,userLeaving=true,pauseBackTasks]
01-04 01:17:16.543 2455 2516 D StartingSurfaceDrawer: window attributes color: 0 icon null duration 0 brandImage null
01-04 01:17:16.544 2455 2516 D StartingSurfaceDrawer: FgMainColor=ff000000 BgMainColor=0 IsBgComplex=false FromCache=true ThemeColor=fffafafa
01-04 01:17:16.544 2455 2516 D StartingSurfaceDrawer: isRgbSimilarInHsv a: fffafafa b 0 contrast ratio: 20.119467
01-04 01:17:16.545 2455 2516 D StartingSurfaceDrawer: hsvDiff 0 ah 0.0 bh 0.0 as 0.0 bs 0.0 av 0.98039216 bv 0.0 sqH 0.0 sqS 0.0 sqV 0.9611687835295903 root 0.5660296763508637
01-04 01:17:16.545 2455 2516 D StartingSurfaceDrawer: isRgbSimilarInHsv a: fffafafa b ff000000 contrast ratio: 20.119467
01-04 01:17:16.545 2455 2516 D StartingSurfaceDrawer: hsvDiff 0 ah 0.0 bh 0.0 as 0.0 bs 0.0 av 0.98039216 bv 0.0 sqH 0.0 sqS 0.0 sqV 0.9611687835295903 root 0.5660296763508637
01-04 01:17:16.545 2455 2516 D StartingSurfaceDrawer: makeSplashScreenContentView: choose fg icon
01-04 01:17:16.545 2455 2516 D StartingSurfaceDrawer: fillViewWithIcon surfaceWindowView android.window.SplashScreenView{cdb62ec V.E...... ......ID 0,0-0,0}
01-04 01:17:16.547 2992 2992 I wm_on_top_resumed_lost_called: [80062843,com.android.launcher3.uioverrides.QuickstepLauncher,topStateChangedWhenResumed]
01-04 01:17:16.548 2992 2992 I wm_on_paused_called: [80062843,com.android.launcher3.uioverrides.QuickstepLauncher,performPause]
01-04 01:17:16.549 1133 5201 I ActivityTaskManager: FOREGROUND_APPLICATION_CHANGED to com.android.music.MusicBrowserActivity
