01-04 01:23:58.526 1133 6088 I dvm_lock_sample: [system_server,1,Binder:1133_13,517,AudioService.java,6202,int com.android.server.audio.AudioService.getDevicesForStreamInt(int),-,6203,int com.android.server.audio.AudioService.getDevicesForStreamInt(int),100]
01-04 01:23:58.526 1133 6086 I dvm_lock_sample: [system_server,1,Binder:1133_11,489,AudioService.java,6202,int com.android.server.audio.AudioService.getDevicesForStreamInt(int),-,6203,int com.android.server.audio.AudioService.getDevicesForStreamInt(int),97]
01-04 01:23:59.260 1133 1829 I commit_sys_config_file: [settings-1-0,12]
01-01 08:10:39.058 0 0 I afe_close: port_id = 0x400e
01-01 08:10:39.070 0 0 I btfm_slim_disable_ch: port:16, grp: 0, ch->grph:0x0, ch->ch_hdl:0x1d
01-01 08:10:39.116 0 0 I afe_find_cal_topo_id_by_port: port id: 0x9000, dev_acdb_id: 0
01-01 08:10:39.123 0 0 I afe_find_cal_topo_id_by_port: top_id:112fc acdb_id:15 afe_port:0x9000
01-01 08:10:39.131 0 0 I afe_get_cal_topology_id: port_id = 0x9000 acdb_id = 15 topology_id = 0x112fc cal_type_index=8 ret=0
01-01 08:10:39.142 0 0 I afe_send_port_topology_id: AFE set topology id 0x112fc enable for port 0x9000 ret 0
01-01 08:10:39.151 0 0 I send_afe_cal_type: cal_index is 0
01-01 08:10:39.156 0 0 I send_afe_cal_type: dev_acdb_id[55] is 0
01-01 08:10:39.161 0 0 I send_afe_cal_type: Sending cal_index cal 0
01-01 08:10:39.166 0 0 E send_afe_cal_type: No cal sent for cal_index 0, port_id = 0x9000! ret -22
01-01 08:10:39.174 0 0 I afe_send_hw_delay: port_id 0x9000 rate 48000 delay_usec 474 status 0
01-01 08:10:39.196 0 0 I afe_close: port_id = 0x9000
01-01 08:10:39.269 0 0 I btfm_slim_hw_init: PGD Enum Addr: 00:01:20:02:17: 02
01-01 08:10:39.275 0 0 I btfm_slim_hw_init: IFD Enum Addr: 00:00:20:02:17: 02
01-01 08:10:39.281 0 0 I btfm_slim_hw_init: chipset soc version:400a0200
01-01 08:10:39.287 0 0 I btfm_slim_hw_init: chipset is hastings 2.0, overwriting EA
01-01 08:10:39.294 0 0 I btfm_slim_hw_init: PGD Enum Addr: 00:01:20:02:17: 02
01-01 08:10:39.300 0 0 I btfm_slim_hw_init: IFD Enum Addr: 00:00:20:02:17: 02
01-01 08:10:39.306 0 0 I btfm_slim_alloc_port: chipset soc version:400a0200
01-01 08:10:39.327 0 0 I btfm_slim_enable_ch: chipset soc version:400a0200
01-01 08:10:39.333 0 0 I btfm_slim_enable_ch: channel define - prot:2, dataf:0, auxf:0
01-01 08:10:39.340 0 0 I btfm_slim_enable_ch: channel define - rates:44100, baser:2, ratem:4
01-01 08:10:39.348 0 0 I btfm_slim_enable_ch: slim_connect_sink(port: 16, ch: 157)
01-01 08:10:39.355 0 0 I btfm_slim_enable_ch: port: 16, ch: 157, grp: 0, ch->grph: 0x0, ch_hdl: 0x1d
01-01 08:10:39.364 0 0 I __afe_port_start: port id: 0x400e
01-01 08:10:39.369 0 0 I afe_find_cal_topo_id_by_port: port id: 0x400e, dev_acdb_id: 20
01-01 08:10:39.376 0 0 I afe_find_cal_topo_id_by_port: top_id:112fc acdb_id:20 afe_port_id:0x400e
01-01 08:10:39.384 0 0 I afe_get_cal_topology_id: port_id = 0x400e acdb_id = 20 topology_id = 0x112fc cal_type_index=8 ret=0
01-01 08:10:39.397 0 0 I afe_send_port_topology_id: AFE set topology id 0x112fc enable for port 0x400e ret 0
01-01 08:10:39.406 0 0 I send_afe_cal_type: cal_index is 0
01-01 08:10:39.411 0 0 I send_afe_cal_type: dev_acdb_id[119] is 20
01-01 08:10:39.416 0 0 I afe_find_cal: cal_index 0 port_id 0x400e port_index 119
01-01 08:10:39.422 0 0 I afe_find_cal: acdb_id 20 dev_acdb_id 20 sample_rate 48000 afe_sample_rates 44100
01-01 08:10:39.431 0 0 I afe_find_cal: no matching cal_block found
01-01 08:10:39.436 0 0 E : send_afe_cal_type cal_block not found!!
01-01 08:10:39.442 0 0 I afe_send_hw_delay: port_id 0x400e rate 44100 delay_usec 0 status 0
01-04 01:24:00.451 1133 2527 I dvm_lock_sample: [system_server,0,Binder:1133_7,507,AudioDeviceBroker.java,1045,void com.android.server.audio.AudioDeviceBroker.setAvrcpAbsoluteVolumeSupported(boolean),-,1063,int com.android.server.audio.AudioDeviceBroker.getA2dpCodec(android.bluetooth.BluetoothDevice),100]
01-04 01:24:00.491 1133 2400 I volume_changed: [3,18,4,39,onBluetoothA2dpActiveDeviceChange]
01-04 01:24:00.492 1133 6088 I dvm_lock_sample: [system_server,1,Binder:1133_13,520,AudioService.java,6202,int com.android.server.audio.AudioService.getDevicesForStreamInt(int),-,6203,int com.android.server.audio.AudioService.getDevicesForStreamInt(int),100]
01-04 01:24:00.500 1133 5305 I dvm_lock_sample: [system_server,1,Binder:1133_F,497,AudioService.java,6202,int com.android.server.audio.AudioService.getDevicesForStreamInt(int),-,6203,int com.android.server.audio.AudioService.getDevicesForStreamInt(int),99]
01-04 01:24:01.043 1133 5305 I dvm_lock_sample: [system_server,0,Binder:1133_F,14,AudioDeviceBroker.java,1045,void com.android.server.audio.AudioDeviceBroker.setAvrcpAbsoluteVolumeSupported(boolean),-,1063,int com.android.server.audio.AudioDeviceBroker.getA2dpCodec(android.bluetooth.BluetoothDevice),2]
01-01 08:10:40.149 0 0 I afe_close: port_id = 0x400e
01-01 08:10:40.160 0 0 I btfm_slim_disable_ch: port:16, grp: 0, ch->grph:0x0, ch->ch_hdl:0x1d
01-01 08:10:40.198 0 0 I afe_find_cal_topo_id_by_port: port id: 0x9000, dev_acdb_id: 0
01-01 08:10:40.205 0 0 I afe_find_cal_topo_id_by_port: top_id:112fc acdb_id:15 afe_port:0x9000
01-01 08:10:40.212 0 0 I afe_get_cal_topology_id: port_id = 0x9000 acdb_id = 15 topology_id = 0x112fc cal_type_index=8 ret=0
01-01 08:10:40.223 0 0 I afe_send_port_topology_id: AFE set topology id 0x112fc enable for port 0x9000 ret 0
01-01 08:10:40.232 0 0 I send_afe_cal_type: cal_index is 0
01-01 08:10:40.237 0 0 I send_afe_cal_type: dev_acdb_id[55] is 0
01-01 08:10:40.242 0 0 I send_afe_cal_type: Sending cal_index cal 0
01-01 08:10:40.247 0 0 E send_afe_cal_type: No cal sent for cal_index 0, port_id = 0x9000! ret -22
01-04 01:24:01.234 1133 1829 I commit_sys_config_file: [settings-1-0,7]
01-01 08:10:40.255 0 0 I afe_send_hw_delay: port_id 0x9000 rate 48000 delay_usec 474 status 0
01-01 08:10:40.277 0 0 I afe_close: port_id = 0x9000
01-01 08:10:40.380 0 0 I btfm_slim_hw_init: PGD Enum Addr: 00:01:20:02:17: 02
01-01 08:10:40.386 0 0 I btfm_slim_hw_init: IFD Enum Addr: 00:00:20:02:17: 02
01-01 08:10:40.392 0 0 I btfm_slim_hw_init: chipset soc version:400a0200
01-01 08:10:40.398 0 0 I btfm_slim_hw_init: chipset is hastings 2.0, overwriting EA
01-01 08:10:40.405 0 0 I btfm_slim_hw_init: PGD Enum Addr: 00:01:20:02:17: 02
01-01 08:10:40.411 0 0 I btfm_slim_hw_init: IFD Enum Addr: 00:00:20:02:17: 02
01-01 08:10:40.417 0 0 I btfm_slim_alloc_port: chipset soc version:400a0200
01-01 08:10:40.438 0 0 I btfm_slim_enable_ch: chipset soc version:400a0200
01-01 08:10:40.444 0 0 I btfm_slim_enable_ch: channel define - prot:2, dataf:0, auxf:0
01-01 08:10:40.451 0 0 I btfm_slim_enable_ch: channel define - rates:44100, baser:2, ratem:4
01-01 08:10:40.459 0 0 I btfm_slim_enable_ch: slim_connect_sink(port: 16, ch: 157)
01-01 08:10:40.466 0 0 I btfm_slim_enable_ch: port: 16, ch: 157, grp: 0, ch->grph: 0x0, ch_hdl: 0x1d
01-01 08:10:40.475 0 0 I __afe_port_start: port id: 0x400e
01-01 08:10:40.480 0 0 I afe_find_cal_topo_id_by_port: port id: 0x400e, dev_acdb_id: 20
01-01 08:10:40.487 0 0 I afe_find_cal_topo_id_by_port: top_id:112fc acdb_id:20 afe_port_id:0x400e
01-01 08:10:40.495 0 0 I afe_get_cal_topology_id: port_id = 0x400e acdb_id = 20 topology_id = 0x112fc cal_type_index=8 ret=0
01-01 08:10:40.506 0 0 I afe_send_port_topology_id: AFE set topology id 0x112fc enable for port 0x400e ret 0
01-01 08:10:40.515 0 0 I send_afe_cal_type: cal_index is 0
01-01 08:10:40.520 0 0 I send_afe_cal_type: dev_acdb_id[119] is 20
01-01 08:10:40.525 0 0 I afe_find_cal: cal_index 0 port_id 0x400e port_index 119
01-01 08:10:40.532 0 0 I afe_find_cal: acdb_id 20 dev_acdb_id 20 sample_rate 48000 afe_sample_rates 44100
01-01 08:10:40.540 0 0 I afe_find_cal: no matching cal_block found
01-01 08:10:40.545 0 0 E : send_afe_cal_type cal_block not found!!
01-01 08:10:40.552 0 0 I afe_send_hw_delay: port_id 0x400e rate 44100 delay_usec 0 status 0
01-04 01:24:01.585 1133 6088 I dvm_lock_sample: [system_server,1,Binder:1133_13,535,AudioService.java,6202,int com.android.server.audio.AudioService.getDevicesForStreamInt(int),-,6203,int com.android.server.audio.AudioService.getDevicesForStreamInt(int),100]
01-04 01:24:01.589 1133 4602 I dvm_lock_sample: [system_server,1,Binder:1133_D,504,AudioService.java,6202,int com.android.server.audio.AudioService.getDevicesForStreamInt(int),-,6203,int com.android.server.audio.AudioService.getDevicesForStreamInt(int),100]
01-04 01:24:01.629 1133 2400 I volume_changed: [3,4,18,39,onBluetoothA2dpActiveDeviceChange]
01-04 01:24:02.299 1133 1829 I commit_sys_config_file: [settings-1-0,13]
01-01 08:10:41.717 0 0 I afe_close: port_id = 0x400e
01-01 08:10:41.728 0 0 I btfm_slim_disable_ch: port:16, grp: 0, ch->grph:0x0, ch->ch_hdl:0x1d
01-01 08:10:41.778 0 0 I afe_find_cal_topo_id_by_port: port id: 0x9000, dev_acdb_id: 0
01-01 08:10:41.785 0 0 I afe_find_cal_topo_id_by_port: top_id:112fc acdb_id:15 afe_port:0x9000
01-01 08:10:41.794 0 0 I afe_get_cal_topology_id: port_id = 0x9000 acdb_id = 15 topology_id = 0x112fc cal_type_index=8 ret=0
01-01 08:10:41.804 0 0 I afe_send_port_topology_id: AFE set topology id 0x112fc enable for port 0x9000 ret 0
01-01 08:10:41.814 0 0 I send_afe_cal_type: cal_index is 0
01-01 08:10:41.819 0 0 I send_afe_cal_type: dev_acdb_id[55] is 0
01-01 08:10:41.824 0 0 I send_afe_cal_type: Sending cal_index cal 0
01-01 08:10:41.829 0 0 E send_afe_cal_type: No cal sent for cal_index 0, port_id = 0x9000! ret -22
01-01 08:10:41.837 0 0 I afe_send_hw_delay: port_id 0x9000 rate 48000 delay_usec 474 status 0
01-01 08:10:41.860 0 0 I afe_close: port_id = 0x9000
01-01 08:10:41.924 0 0 I btfm_slim_hw_init: PGD Enum Addr: 00:01:20:02:17: 02
01-01 08:10:41.931 0 0 I btfm_slim_hw_init: IFD Enum Addr: 00:00:20:02:17: 02
01-01 08:10:41.937 0 0 I btfm_slim_hw_init: chipset soc version:400a0200
01-01 08:10:41.943 0 0 I btfm_slim_hw_init: chipset is hastings 2.0, overwriting EA
01-01 08:10:41.949 0 0 I btfm_slim_hw_init: PGD Enum Addr: 00:01:20:02:17: 02
01-01 08:10:41.955 0 0 I btfm_slim_hw_init: IFD Enum Addr: 00:00:20:02:17: 02
01-01 08:10:41.962 0 0 I btfm_slim_alloc_port: chipset soc version:400a0200
01-01 08:10:41.983 0 0 I btfm_slim_enable_ch: chipset soc version:400a0200
01-01 08:10:41.989 0 0 I btfm_slim_enable_ch: channel define - prot:2, dataf:0, auxf:0
01-01 08:10:41.996 0 0 I btfm_slim_enable_ch: channel define - rates:44100, baser:2, ratem:4
01-01 08:10:42.004 0 0 I btfm_slim_enable_ch: slim_connect_sink(port: 16, ch: 157)
01-01 08:10:42.010 0 0 I btfm_slim_enable_ch: port: 16, ch: 157, grp: 0, ch->grph: 0x0, ch_hdl: 0x1d
01-01 08:10:42.020 0 0 I __afe_port_start: port id: 0x400e
01-01 08:10:42.024 0 0 I afe_find_cal_topo_id_by_port: port id: 0x400e, dev_acdb_id: 20
01-01 08:10:42.031 0 0 I afe_find_cal_topo_id_by_port: top_id:112fc acdb_id:20 afe_port_id:0x400e
01-01 08:10:42.039 0 0 I afe_get_cal_topology_id: port_id = 0x400e acdb_id = 20 topology_id = 0x112fc cal_type_index=8 ret=0
01-01 08:10:42.050 0 0 I afe_send_port_topology_id: AFE set topology id 0x112fc enable for port 0x400e ret 0
01-01 08:10:42.060 0 0 I send_afe_cal_type: cal_index is 0
01-01 08:10:42.064 0 0 I send_afe_cal_type: dev_acdb_id[119] is 20
01-01 08:10:42.069 0 0 I afe_find_cal: cal_index 0 port_id 0x400e port_index 119
01-01 08:10:42.076 0 0 I afe_find_cal: acdb_id 20 dev_acdb_id 20 sample_rate 48000 afe_sample_rates 44100
01-01 08:10:42.084 0 0 I afe_find_cal: no matching cal_block found
01-01 08:10:42.090 0 0 E : send_afe_cal_type cal_block not found!!
01-01 08:10:42.095 0 0 I afe_send_hw_delay: port_id 0x400e rate 44100 delay_usec 0 status 0
01-04 01:24:03.095 1133 4602 I dvm_lock_sample: [system_server,0,Binder:1133_D,499,AudioDeviceBroker.java,1045,void com.android.server.audio.AudioDeviceBroker.setAvrcpAbsoluteVolumeSupported(boolean),-,1063,int com.android.server.audio.AudioDeviceBroker.getA2dpCodec(android.bluetooth.BluetoothDevice),99]
01-04 01:24:03.096 1133 2400 I dvm_lock_sample: [system_server,0,AudioService,475,AudioService.java,7145,boolean com.android.server.audio.AudioService$VolumeStreamState.setIndex(int, int, java.lang.String, boolean),-,6203,int com.android.server.audio.AudioService.getDevicesForStreamInt(int),95]
01-04 01:24:03.136 1133 2400 I volume_changed: [3,18,4,39,onBluetoothA2dpActiveDeviceChange]
01-04 01:24:03.136 1133 5305 I dvm_lock_sample: [system_server,1,Binder:1133_F,484,AudioService.java,6202,int com.android.server.audio.AudioService.getDevicesForStreamInt(int),,0,null,96]
01-04 01:24:03.891 1133 1829 I commit_sys_config_file: [settings-1-0,20]
01-04 01:24:04.670 2455 6306 I dvm_lock_sample: [com.android.systemui,0,pool-18-thread-1,11,CachedBluetoothDevice.java,698,boolean com.android.settingslib.bluetooth.CachedBluetoothDevice.isConnected(),-,1030,int com.android.settingslib.bluetooth.CachedBluetoothDevice.getMaxConnectionState(),2]
01-01 08:10:43.770 0 0 I afe_close: port_id = 0x400e
01-01 08:10:43.782 0 0 I btfm_slim_disable_ch: port:16, grp: 0, ch->grph:0x0, ch->ch_hdl:0x1d
01-01 08:10:43.829 0 0 I afe_find_cal_topo_id_by_port: port id: 0x9000, dev_acdb_id: 0
01-01 08:10:43.836 0 0 I afe_find_cal_topo_id_by_port: top_id:112fc acdb_id:15 afe_port:0x9000
01-01 08:10:43.844 0 0 I afe_get_cal_topology_id: port_id = 0x9000 acdb_id = 15 topology_id = 0x112fc cal_type_index=8 ret=0
01-01 08:10:43.856 0 0 I afe_send_port_topology_id: AFE set topology id 0x112fc enable for port 0x9000 ret 0
01-01 08:10:43.865 0 0 I send_afe_cal_type: cal_index is 0
01-01 08:10:43.869 0 0 I send_afe_cal_type: dev_acdb_id[55] is 0
01-01 08:10:43.874 0 0 I send_afe_cal_type: Sending cal_index cal 0
01-01 08:10:43.880 0 0 E send_afe_cal_type: No cal sent for cal_index 0, port_id = 0x9000! ret -22
01-01 08:10:43.888 0 0 I afe_send_hw_delay: port_id 0x9000 rate 48000 delay_usec 474 status 0
01-01 08:10:43.910 0 0 I afe_close: port_id = 0x9000
01-01 08:10:43.975 0 0 I btfm_slim_hw_init: PGD Enum Addr: 00:01:20:02:17: 02
01-01 08:10:43.981 0 0 I btfm_slim_hw_init: IFD Enum Addr: 00:00:20:02:17: 02
01-01 08:10:43.988 0 0 I btfm_slim_hw_init: chipset soc version:400a0200
01-01 08:10:43.993 0 0 I btfm_slim_hw_init: chipset is hastings 2.0, overwriting EA
01-01 08:10:44.000 0 0 I btfm_slim_hw_init: PGD Enum Addr: 00:01:20:02:17: 02
01-01 08:10:44.006 0 0 I btfm_slim_hw_init: IFD Enum Addr: 00:00:20:02:17: 02
01-01 08:10:44.012 0 0 I btfm_slim_alloc_port: chipset soc version:400a0200
01-01 08:10:44.036 0 0 I btfm_slim_enable_ch: chipset soc version:400a0200
01-01 08:10:44.042 0 0 I btfm_slim_enable_ch: channel define - prot:2, dataf:0, auxf:0
01-01 08:10:44.049 0 0 I btfm_slim_enable_ch: channel define - rates:44100, baser:2, ratem:4
01-01 08:10:44.057 0 0 I btfm_slim_enable_ch: slim_connect_sink(port: 16, ch: 157)
01-01 08:10:44.064 0 0 I btfm_slim_enable_ch: port: 16, ch: 157, grp: 0, ch->grph: 0x0, ch_hdl: 0x1d
01-01 08:10:44.073 0 0 I __afe_port_start: port id: 0x400e
01-01 08:10:44.078 0 0 I afe_find_cal_topo_id_by_port: port id: 0x400e, dev_acdb_id: 20
01-01 08:10:44.085 0 0 I afe_find_cal_topo_id_by_port: top_id:112fc acdb_id:20 afe_port_id:0x400e
01-01 08:10:44.093 0 0 I afe_get_cal_topology_id: port_id = 0x400e acdb_id = 20 topology_id = 0x112fc cal_type_index=8 ret=0
01-01 08:10:44.104 0 0 I afe_send_port_topology_id: AFE set topology id 0x112fc enable for port 0x400e ret 0
01-01 08:10:44.113 0 0 I send_afe_cal_type: cal_index is 0
01-01 08:10:44.118 0 0 I send_afe_cal_type: dev_acdb_id[119] is 20
01-01 08:10:44.123 0 0 I afe_find_cal: cal_index 0 port_id 0x400e port_index 119
01-01 08:10:44.130 0 0 I afe_find_cal: acdb_id 20 dev_acdb_id 20 sample_rate 48000 afe_sample_rates 44100
01-01 08:10:44.138 0 0 I afe_find_cal: no matching cal_block found
01-01 08:10:44.143 0 0 E : send_afe_cal_type cal_block not found!!
01-01 08:10:44.150 0 0 I afe_send_hw_delay: port_id 0x400e rate 44100 delay_usec 0 status 0
01-04 01:24:05.202 1133 2400 I volume_changed: [3,4,18,39,onBluetoothA2dpActiveDeviceChange]
01-04 01:24:05.203 1133 5305 I dvm_lock_sample: [system_server,1,Binder:1133_F,526,AudioService.java,6202,int com.android.server.audio.AudioService.getDevicesForStreamInt(int),-,6203,int com.android.server.audio.AudioService.getDevicesForStreamInt(int),100]
01-04 01:24:05.221 1133 1586 I dvm_lock_sample: [system_server,1,Binder:1133_2,526,AudioService.java,6202,int com.android.server.audio.AudioService.getDevicesForStreamInt(int),-,6203,int com.android.server.audio.AudioService.getDevicesForStreamInt(int),100]
01-04 01:24:05.436 1133 1829 I commit_sys_config_file: [settings-1-0,6]
01-04 01:24:05.939 1133 1829 I commit_sys_config_file: [settings-1-0,16]
01-01 08:10:45.934 0 0 I afe_close: port_id = 0x400e
01-01 08:10:45.946 0 0 I btfm_slim_disable_ch: port:16, grp: 0, ch->grph:0x0, ch->ch_hdl:0x1d
01-01 08:10:45.996 0 0 I afe_find_cal_topo_id_by_port: port id: 0x9000, dev_acdb_id: 0
01-01 08:10:46.003 0 0 I afe_find_cal_topo_id_by_port: top_id:112fc acdb_id:15 afe_port:0x9000
01-01 08:10:46.011 0 0 I afe_get_cal_topology_id: port_id = 0x9000 acdb_id = 15 topology_id = 0x112fc cal_type_index=8 ret=0
01-01 08:10:46.022 0 0 I afe_send_port_topology_id: AFE set topology id 0x112fc enable for port 0x9000 ret 0
01-01 08:10:46.031 0 0 I send_afe_cal_type: cal_index is 0
01-01 08:10:46.035 0 0 I send_afe_cal_type: dev_acdb_id[55] is 0
01-01 08:10:46.041 0 0 I send_afe_cal_type: Sending cal_index cal 0
01-01 08:10:46.046 0 0 E send_afe_cal_type: No cal sent for cal_index 0, port_id = 0x9000! ret -22
01-01 08:10:46.054 0 0 I afe_send_hw_delay: port_id 0x9000 rate 48000 delay_usec 474 status 0
01-01 08:10:46.077 0 0 I afe_close: port_id = 0x9000
01-01 08:10:46.164 0 0 I btfm_slim_hw_init: PGD Enum Addr: 00:01:20:02:17: 02
01-01 08:10:46.170 0 0 I btfm_slim_hw_init: IFD Enum Addr: 00:00:20:02:17: 02
01-01 08:10:46.176 0 0 I btfm_slim_hw_init: chipset soc version:400a0200
01-01 08:10:46.182 0 0 I btfm_slim_hw_init: chipset is hastings 2.0, overwriting EA
01-01 08:10:46.188 0 0 I btfm_slim_hw_init: PGD Enum Addr: 00:01:20:02:17: 02
01-01 08:10:46.195 0 0 I btfm_slim_hw_init: IFD Enum Addr: 00:00:20:02:17: 02
01-01 08:10:46.201 0 0 I btfm_slim_alloc_port: chipset soc version:400a0200
01-01 08:10:46.221 0 0 I btfm_slim_enable_ch: chipset soc version:400a0200
01-01 08:10:46.227 0 0 I btfm_slim_enable_ch: channel define - prot:2, dataf:0, auxf:0
01-01 08:10:46.234 0 0 I btfm_slim_enable_ch: channel define - rates:44100, baser:2, ratem:4
01-01 08:10:46.242 0 0 I btfm_slim_enable_ch: slim_connect_sink(port: 16, ch: 157)
01-01 08:10:46.249 0 0 I btfm_slim_enable_ch: port: 16, ch: 157, grp: 0, ch->grph: 0x0, ch_hdl: 0x1d
01-01 08:10:46.258 0 0 I __afe_port_start: port id: 0x400e
01-01 08:10:46.263 0 0 I afe_find_cal_topo_id_by_port: port id: 0x400e, dev_acdb_id: 20
01-01 08:10:46.270 0 0 I afe_find_cal_topo_id_by_port: top_id:112fc acdb_id:20 afe_port_id:0x400e
01-01 08:10:46.278 0 0 I afe_get_cal_topology_id: port_id = 0x400e acdb_id = 20 topology_id = 0x112fc cal_type_index=8 ret=0
01-01 08:10:46.291 0 0 I afe_send_port_topology_id: AFE set topology id 0x112fc enable for port 0x400e ret 0
01-01 08:10:46.300 0 0 I send_afe_cal_type: cal_index is 0
01-01 08:10:46.304 0 0 I send_afe_cal_type: dev_acdb_id[119] is 20
01-01 08:10:46.309 0 0 I afe_find_cal: cal_index 0 port_id 0x400e port_index 119
01-01 08:10:46.316 0 0 I afe_find_cal: acdb_id 20 dev_acdb_id 20 sample_rate 48000 afe_sample_rates 44100
01-01 08:10:46.324 0 0 I afe_find_cal: no matching cal_block found
01-01 08:10:46.330 0 0 E : send_afe_cal_type cal_block not found!!
01-01 08:10:46.335 0 0 I afe_send_hw_delay: port_id 0x400e rate 44100 delay_usec 0 status 0
01-04 01:24:07.380 1133 2400 I volume_changed: [3,18,4,39,onBluetoothA2dpActiveDeviceChange]
01-04 01:24:07.380 1133 5305 I dvm_lock_sample: [system_server,1,Binder:1133_F,545,AudioService.java,6202,int com.android.server.audio.AudioService.getDevicesForStreamInt(int),-,7131,void com.android.server.audio.AudioService$VolumeStreamState.applyAllVolumes(),100]
01-04 01:24:07.381 1133 1586 I dvm_lock_sample: [system_server,1,Binder:1133_2,566,AudioService.java,6202,int com.android.server.audio.AudioService.getDevicesForStreamInt(int),,0,null,100]
01-04 01:24:07.608 1133 1829 I commit_sys_config_file: [settings-1-0,7]
01-04 01:24:08.119 1133 1829 I commit_sys_config_file: [settings-1-0,15]
01-01 08:10:48.329 0 0 I afe_close: port_id = 0x400e
01-01 08:10:48.340 0 0 I btfm_slim_disable_ch: port:16, grp: 0, ch->grph:0x0, ch->ch_hdl:0x1d
01-01 08:10:48.389 0 0 I afe_find_cal_topo_id_by_port: port id: 0x9000, dev_acdb_id: 0
01-01 08:10:48.396 0 0 I afe_find_cal_topo_id_by_port: top_id:112fc acdb_id:15 afe_port:0x9000
01-01 08:10:48.404 0 0 I afe_get_cal_topology_id: port_id = 0x9000 acdb_id = 15 topology_id = 0x112fc cal_type_index=8 ret=0
01-01 08:10:48.415 0 0 I afe_send_port_topology_id: AFE set topology id 0x112fc enable for port 0x9000 ret 0
01-01 08:10:48.424 0 0 I send_afe_cal_type: cal_index is 0
01-01 08:10:48.429 0 0 I send_afe_cal_type: dev_acdb_id[55] is 0
01-01 08:10:48.434 0 0 I send_afe_cal_type: Sending cal_index cal 0
01-01 08:10:48.439 0 0 E send_afe_cal_type: No cal sent for cal_index 0, port_id = 0x9000! ret -22
01-01 08:10:48.448 0 0 I afe_send_hw_delay: port_id 0x9000 rate 48000 delay_usec 474 status 0
01-01 08:10:48.470 0 0 I afe_close: port_id = 0x9000
01-01 08:10:48.532 0 0 I btfm_slim_hw_init: PGD Enum Addr: 00:01:20:02:17: 02
01-01 08:10:48.538 0 0 I btfm_slim_hw_init: IFD Enum Addr: 00:00:20:02:17: 02
01-01 08:10:48.545 0 0 I btfm_slim_hw_init: chipset soc version:400a0200
01-01 08:10:48.550 0 0 I btfm_slim_hw_init: chipset is hastings 2.0, overwriting EA
01-01 08:10:48.557 0 0 I btfm_slim_hw_init: PGD Enum Addr: 00:01:20:02:17: 02
01-01 08:10:48.564 0 0 I btfm_slim_hw_init: IFD Enum Addr: 00:00:20:02:17: 02
01-01 08:10:48.570 0 0 I btfm_slim_alloc_port: chipset soc version:400a0200
01-01 08:10:48.591 0 0 I btfm_slim_enable_ch: chipset soc version:400a0200
01-01 08:10:48.597 0 0 I btfm_slim_enable_ch: channel define - prot:2, dataf:0, auxf:0
01-01 08:10:48.604 0 0 I btfm_slim_enable_ch: channel define - rates:44100, baser:2, ratem:4
01-01 08:10:48.611 0 0 I btfm_slim_enable_ch: slim_connect_sink(port: 16, ch: 157)
01-01 08:10:48.618 0 0 I btfm_slim_enable_ch: port: 16, ch: 157, grp: 0, ch->grph: 0x0, ch_hdl: 0x1d
01-01 08:10:48.628 0 0 I __afe_port_start: port id: 0x400e
01-01 08:10:48.632 0 0 I afe_find_cal_topo_id_by_port: port id: 0x400e, dev_acdb_id: 20
01-01 08:10:48.639 0 0 I afe_find_cal_topo_id_by_port: top_id:112fc acdb_id:20 afe_port_id:0x400e
01-01 08:10:48.647 0 0 I afe_get_cal_topology_id: port_id = 0x400e acdb_id = 20 topology_id = 0x112fc cal_type_index=8 ret=0
01-01 08:10:48.659 0 0 I afe_send_port_topology_id: AFE set topology id 0x112fc enable for port 0x400e ret 0
01-01 08:10:48.668 0 0 I send_afe_cal_type: cal_index is 0
01-01 08:10:48.672 0 0 I send_afe_cal_type: dev_acdb_id[119] is 20
01-01 08:10:48.678 0 0 I afe_find_cal: cal_index 0 port_id 0x400e port_index 119
01-01 08:10:48.684 0 0 I afe_find_cal: acdb_id 20 dev_acdb_id 20 sample_rate 48000 afe_sample_rates 44100
01-01 08:10:48.693 0 0 I afe_find_cal: no matching cal_block found
01-01 08:10:48.698 0 0 E : send_afe_cal_type cal_block not found!!
01-01 08:10:48.705 0 0 I afe_send_hw_delay: port_id 0x400e rate 44100 delay_usec 0 status 0
01-04 01:24:09.715 1133 6087 I dvm_lock_sample: [system_server,0,Binder:1133_12,493,AudioDeviceBroker.java,1045,void com.android.server.audio.AudioDeviceBroker.setAvrcpAbsoluteVolumeSupported(boolean),-,1063,int com.android.server.audio.AudioDeviceBroker.getA2dpCodec(android.bluetooth.BluetoothDevice),98]
01-04 01:24:09.756 1133 2400 I volume_changed: [3,4,18,39,onBluetoothA2dpActiveDeviceChange]
01-04 01:24:09.756 1133 2527 I dvm_lock_sample: [system_server,1,Binder:1133_7,524,AudioService.java,6202,int com.android.server.audio.AudioService.getDevicesForStreamInt(int),-,6203,int com.android.server.audio.AudioService.getDevicesForStreamInt(int),100]
01-04 01:24:09.758 1133 6307 I dvm_lock_sample: [system_server,1,Binder:1133_17,481,AudioService.java,6202,int com.android.server.audio.AudioService.getDevicesForStreamInt(int),,0,null,96]
01-04 01:24:10.508 1133 1829 I commit_sys_config_file: [settings-1-0,15]
01-01 08:10:50.896 0 0 I afe_close: port_id = 0x400e
01-01 08:10:50.909 0 0 I btfm_slim_disable_ch: port:16, grp: 0, ch->grph:0x0, ch->ch_hdl:0x1d
01-01 08:10:50.955 0 0 I afe_find_cal_topo_id_by_port: port id: 0x9000, dev_acdb_id: 0
01-01 08:10:50.963 0 0 I afe_find_cal_topo_id_by_port: top_id:112fc acdb_id:15 afe_port:0x9000
01-01 08:10:50.970 0 0 I afe_get_cal_topology_id: port_id = 0x9000 acdb_id = 15 topology_id = 0x112fc cal_type_index=8 ret=0
01-01 08:10:50.981 0 0 I afe_send_port_topology_id: AFE set topology id 0x112fc enable for port 0x9000 ret 0
01-01 08:10:50.990 0 0 I send_afe_cal_type: cal_index is 0
01-01 08:10:50.995 0 0 I send_afe_cal_type: dev_acdb_id[55] is 0
01-01 08:10:51.000 0 0 I send_afe_cal_type: Sending cal_index cal 0
01-01 08:10:51.005 0 0 E send_afe_cal_type: No cal sent for cal_index 0, port_id = 0x9000! ret -22
01-01 08:10:51.013 0 0 I afe_send_hw_delay: port_id 0x9000 rate 48000 delay_usec 474 status 0
01-01 08:10:51.036 0 0 I afe_close: port_id = 0x9000
01-01 08:10:51.097 0 0 I btfm_slim_hw_init: PGD Enum Addr: 00:01:20:02:17: 02
01-01 08:10:51.103 0 0 I btfm_slim_hw_init: IFD Enum Addr: 00:00:20:02:17: 02
01-01 08:10:51.110 0 0 I btfm_slim_hw_init: chipset soc version:400a0200
01-01 08:10:51.115 0 0 I btfm_slim_hw_init: chipset is hastings 2.0, overwriting EA
01-01 08:10:51.122 0 0 I btfm_slim_hw_init: PGD Enum Addr: 00:01:20:02:17: 02
01-01 08:10:51.128 0 0 I btfm_slim_hw_init: IFD Enum Addr: 00:00:20:02:17: 02
01-01 08:10:51.134 0 0 I btfm_slim_alloc_port: chipset soc version:400a0200
01-01 08:10:51.158 0 0 I btfm_slim_enable_ch: chipset soc version:400a0200
01-01 08:10:51.164 0 0 I btfm_slim_enable_ch: channel define - prot:2, dataf:0, auxf:0
01-01 08:10:51.171 0 0 I btfm_slim_enable_ch: channel define - rates:44100, baser:2, ratem:4
01-01 08:10:51.179 0 0 I btfm_slim_enable_ch: slim_connect_sink(port: 16, ch: 157)
01-01 08:10:51.186 0 0 I btfm_slim_enable_ch: port: 16, ch: 157, grp: 0, ch->grph: 0x0, ch_hdl: 0x1d
01-01 08:10:51.196 0 0 I __afe_port_start: port id: 0x400e
01-01 08:10:51.200 0 0 I afe_find_cal_topo_id_by_port: port id: 0x400e, dev_acdb_id: 20
01-01 08:10:51.207 0 0 I afe_find_cal_topo_id_by_port: top_id:112fc acdb_id:20 afe_port_id:0x400e
01-01 08:10:51.216 0 0 I afe_get_cal_topology_id: port_id = 0x400e acdb_id = 20 topology_id = 0x112fc cal_type_index=8 ret=0
01-01 08:10:51.227 0 0 I afe_send_port_topology_id: AFE set topology id 0x112fc enable for port 0x400e ret 0
01-01 08:10:51.236 0 0 I send_afe_cal_type: cal_index is 0
01-01 08:10:51.241 0 0 I send_afe_cal_type: dev_acdb_id[119] is 20
01-01 08:10:51.246 0 0 I afe_find_cal: cal_index 0 port_id 0x400e port_index 119
01-01 08:10:51.252 0 0 I afe_find_cal: acdb_id 20 dev_acdb_id 20 sample_rate 48000 afe_sample_rates 44100
01-01 08:10:51.261 0 0 I afe_find_cal: no matching cal_block found
01-01 08:10:51.266 0 0 E : send_afe_cal_type cal_block not found!!
01-01 08:10:51.272 0 0 I afe_send_hw_delay: port_id 0x400e rate 44100 delay_usec 0 status 0
01-04 01:24:12.278 1133 1586 I dvm_lock_sample: [system_server,0,Binder:1133_2,508,AudioDeviceBroker.java,1045,void com.android.server.audio.AudioDeviceBroker.setAvrcpAbsoluteVolumeSupported(boolean),-,1063,int com.android.server.audio.AudioDeviceBroker.getA2dpCodec(android.bluetooth.BluetoothDevice),100]
01-04 01:24:12.322 1133 6086 I dvm_lock_sample: [system_server,1,Binder:1133_11,519,AudioService.java,6202,int com.android.server.audio.AudioService.getDevicesForStreamInt(int),-,6203,int com.android.server.audio.AudioService.getDevicesForStreamInt(int),100]
01-04 01:24:12.323 1133 4602 I dvm_lock_sample: [system_server,1,Binder:1133_D,503,AudioService.java,6202,int com.android.server.audio.AudioService.getDevicesForStreamInt(int),-,6203,int com.android.server.audio.AudioService.getDevicesForStreamInt(int),100]
01-04 01:24:12.323 1133 2400 I volume_changed: [3,18,4,39,onBluetoothA2dpActiveDeviceChange]
01-04 01:24:12.359 1133 2527 I dvm_lock_sample: [system_server,1,Binder:1133_7,35,AudioService.java,6202,int com.android.server.audio.AudioService.getDevicesForStreamInt(int),-,6203,int com.android.server.audio.AudioService.getDevicesForStreamInt(int),7]
01-04 01:24:13.056 1133 1829 I commit_sys_config_file: [settings-1-0,13]
01-04 01:24:14.501 1133 2400 I dvm_lock_sample: [system_server,0,AudioService,8,ActivityManagerService.java,13713,int com.android.server.am.ActivityManagerService.broadcastIntentWithFeature(android.app.IApplicationThread, java.lang.String, android.content.Intent, java.lang.String, android.content.IIntentReceiver, int, java.lang.String, android.os.Bundle, java.lang.String[], java.lang.String[], int, android.os.Bundle, boolean, boolean, int),BroadcastQueue.java,988,void com.android.server.am.BroadcastQueue.processNextBroadcast(boolean),1]
01-04 01:24:14.505 1133 2400 I volume_changed: [3,4,18,39,onBluetoothA2dpActiveDeviceChange]
01-01 08:10:53.598 0 0 I afe_close: port_id = 0x400e
01-01 08:10:53.609 0 0 I btfm_slim_disable_ch: port:16, grp: 0, ch->grph:0x0, ch->ch_hdl:0x1d
01-01 08:10:53.660 0 0 I afe_find_cal_topo_id_by_port: port id: 0x9000, dev_acdb_id: 0
01-01 08:10:53.668 0 0 I afe_find_cal_topo_id_by_port: top_id:112fc acdb_id:15 afe_port:0x9000
01-01 08:10:53.675 0 0 I afe_get_cal_topology_id: port_id = 0x9000 acdb_id = 15 topology_id = 0x112fc cal_type_index=8 ret=0
01-01 08:10:53.686 0 0 I afe_send_port_topology_id: AFE set topology id 0x112fc enable for port 0x9000 ret 0
01-01 08:10:53.695 0 0 I send_afe_cal_type: cal_index is 0
01-01 08:10:53.700 0 0 I send_afe_cal_type: dev_acdb_id[55] is 0
01-01 08:10:53.705 0 0 I send_afe_cal_type: Sending cal_index cal 0
01-01 08:10:53.710 0 0 E send_afe_cal_type: No cal sent for cal_index 0, port_id = 0x9000! ret -22
01-01 08:10:53.719 0 0 I afe_send_hw_delay: port_id 0x9000 rate 48000 delay_usec 474 status 0
01-01 08:10:53.741 0 0 I afe_close: port_id = 0x9000
01-01 08:10:53.807 0 0 I btfm_slim_hw_init: PGD Enum Addr: 00:01:20:02:17: 02
01-01 08:10:53.813 0 0 I btfm_slim_hw_init: IFD Enum Addr: 00:00:20:02:17: 02
01-01 08:10:53.819 0 0 I btfm_slim_hw_init: chipset soc version:400a0200
01-01 08:10:53.825 0 0 I btfm_slim_hw_init: chipset is hastings 2.0, overwriting EA
01-01 08:10:53.832 0 0 I btfm_slim_hw_init: PGD Enum Addr: 00:01:20:02:17: 02
01-01 08:10:53.838 0 0 I btfm_slim_hw_init: IFD Enum Addr: 00:00:20:02:17: 02
01-01 08:10:53.844 0 0 I btfm_slim_alloc_port: chipset soc version:400a0200
01-01 08:10:53.865 0 0 I btfm_slim_enable_ch: chipset soc version:400a0200
01-01 08:10:53.871 0 0 I btfm_slim_enable_ch: channel define - prot:2, dataf:0, auxf:0
01-01 08:10:53.878 0 0 I btfm_slim_enable_ch: channel define - rates:44100, baser:2, ratem:4
01-01 08:10:53.886 0 0 I btfm_slim_enable_ch: slim_connect_sink(port: 16, ch: 157)
01-01 08:10:53.893 0 0 I btfm_slim_enable_ch: port: 16, ch: 157, grp: 0, ch->grph: 0x0, ch_hdl: 0x1d
01-01 08:10:53.902 0 0 I __afe_port_start: port id: 0x400e
01-01 08:10:53.907 0 0 I afe_find_cal_topo_id_by_port: port id: 0x400e, dev_acdb_id: 20
01-01 08:10:53.914 0 0 I afe_find_cal_topo_id_by_port: top_id:112fc acdb_id:20 afe_port_id:0x400e
01-01 08:10:53.922 0 0 I afe_get_cal_topology_id: port_id = 0x400e acdb_id = 20 topology_id = 0x112fc cal_type_index=8 ret=0
01-01 08:10:53.934 0 0 I afe_send_port_topology_id: AFE set topology id 0x112fc enable for port 0x400e ret 0
01-01 08:10:53.944 0 0 I send_afe_cal_type: cal_index is 0
01-01 08:10:53.948 0 0 I send_afe_cal_type: dev_acdb_id[119] is 20
01-01 08:10:53.953 0 0 I afe_find_cal: cal_index 0 port_id 0x400e port_index 119
01-01 08:10:53.960 0 0 I afe_find_cal: acdb_id 20 dev_acdb_id 20 sample_rate 48000 afe_sample_rates 44100
01-01 08:10:53.968 0 0 I afe_find_cal: no matching cal_block found
01-01 08:10:53.974 0 0 E : send_afe_cal_type cal_block not found!!
01-01 08:10:53.980 0 0 I afe_send_hw_delay: port_id 0x400e rate 44100 delay_usec 0 status 0
01-04 01:24:14.979 1133 1133 I dvm_lock_sample: [system_server,0,main,461,AudioSystemAdapter.java,140,int com.android.server.audio.AudioSystemAdapter.getDevicesForStreamImpl(int),-,149,int com.android.server.audio.AudioSystemAdapter.getDevicesForStreamImpl(int),92]
01-04 01:24:14.980 1133 2400 I dvm_lock_sample: [system_server,0,AudioService,475,AudioService.java,7530,void com.android.server.audio.AudioService.setDeviceVolume(com.android.server.audio.AudioService$VolumeStreamState, int),-,6203,int com.android.server.audio.AudioService.getDevicesForStreamInt(int),95]
01-04 01:24:14.980 1133 4602 I dvm_lock_sample: [system_server,0,Binder:1133_D,523,AudioDeviceBroker.java,1045,void com.android.server.audio.AudioDeviceBroker.setAvrcpAbsoluteVolumeSupported(boolean),-,1063,int com.android.server.audio.AudioDeviceBroker.getA2dpCodec(android.bluetooth.BluetoothDevice),100]
01-04 01:24:15.010 1133 2527 I dvm_lock_sample: [system_server,1,Binder:1133_7,494,AudioService.java,6202,int com.android.server.audio.AudioService.getDevicesForStreamInt(int),,0,null,98]
01-04 01:24:15.010 1133 1133 W Looper : Slow dispatch took 493ms main h=android.app.ActivityThread$H c=android.app.LoadedApk$ReceiverDispatcher$Args$$ExternalSyntheticLambda0@88dca96 m=0
01-04 01:24:15.011 1133 1133 W Looper : Slow delivery took 470ms main h=android.os.Handler c=null m=1061
01-04 01:24:15.011 1133 1133 W Looper : Drained
01-04 01:24:15.727 1133 1829 I commit_sys_config_file: [settings-1-0,13]
01-01 08:10:55.497 0 0 I afe_close: port_id = 0x400e
01-01 08:10:55.509 0 0 I btfm_slim_disable_ch: port:16, grp: 0, ch->grph:0x0, ch->ch_hdl:0x1d
01-01 08:10:55.554 0 0 I afe_find_cal_topo_id_by_port: port id: 0x9000, dev_acdb_id: 0
01-01 08:10:55.562 0 0 I afe_find_cal_topo_id_by_port: top_id:112fc acdb_id:15 afe_port:0x9000
01-01 08:10:55.570 0 0 I afe_get_cal_topology_id: port_id = 0x9000 acdb_id = 15 topology_id = 0x112fc cal_type_index=8 ret=0
01-01 08:10:55.582 0 0 I afe_send_port_topology_id: AFE set topology id 0x112fc enable for port 0x9000 ret 0
01-01 08:10:55.591 0 0 I send_afe_cal_type: cal_index is 0
01-01 08:10:55.595 0 0 I send_afe_cal_type: dev_acdb_id[55] is 0
01-01 08:10:55.600 0 0 I send_afe_cal_type: Sending cal_index cal 0
01-01 08:10:55.606 0 0 E send_afe_cal_type: No cal sent for cal_index 0, port_id = 0x9000! ret -22
01-01 08:10:55.614 0 0 I afe_send_hw_delay: port_id 0x9000 rate 48000 delay_usec 474 status 0
01-01 08:10:55.638 0 0 I afe_close: port_id = 0x9000
01-01 08:10:55.710 0 0 I btfm_slim_hw_init: PGD Enum Addr: 00:01:20:02:17: 02
01-01 08:10:55.716 0 0 I btfm_slim_hw_init: IFD Enum Addr: 00:00:20:02:17: 02
01-01 08:10:55.722 0 0 I btfm_slim_hw_init: chipset soc version:400a0200
01-01 08:10:55.728 0 0 I btfm_slim_hw_init: chipset is hastings 2.0, overwriting EA
01-01 08:10:55.735 0 0 I btfm_slim_hw_init: PGD Enum Addr: 00:01:20:02:17: 02
01-01 08:10:55.741 0 0 I btfm_slim_hw_init: IFD Enum Addr: 00:00:20:02:17: 02
01-01 08:10:55.747 0 0 I btfm_slim_alloc_port: chipset soc version:400a0200
01-01 08:10:55.768 0 0 I btfm_slim_enable_ch: chipset soc version:400a0200
01-01 08:10:55.774 0 0 I btfm_slim_enable_ch: channel define - prot:2, dataf:0, auxf:0
01-01 08:10:55.781 0 0 I btfm_slim_enable_ch: channel define - rates:44100, baser:2, ratem:4
01-01 08:10:55.789 0 0 I btfm_slim_enable_ch: slim_connect_sink(port: 16, ch: 157)
01-01 08:10:55.796 0 0 I btfm_slim_enable_ch: port: 16, ch: 157, grp: 0, ch->grph: 0x0, ch_hdl: 0x1d
01-01 08:10:55.805 0 0 I __afe_port_start: port id: 0x400e
01-01 08:10:55.810 0 0 I afe_find_cal_topo_id_by_port: port id: 0x400e, dev_acdb_id: 20
01-01 08:10:55.817 0 0 I afe_find_cal_topo_id_by_port: top_id:112fc acdb_id:20 afe_port_id:0x400e
01-01 08:10:55.825 0 0 I afe_get_cal_topology_id: port_id = 0x400e acdb_id = 20 topology_id = 0x112fc cal_type_index=8 ret=0
01-01 08:10:55.835 0 0 I afe_send_port_topology_id: AFE set topology id 0x112fc enable for port 0x400e ret 0
01-01 08:10:55.845 0 0 I send_afe_cal_type: cal_index is 0
01-01 08:10:55.849 0 0 I send_afe_cal_type: dev_acdb_id[119] is 20
01-01 08:10:55.854 0 0 I afe_find_cal: cal_index 0 port_id 0x400e port_index 119
01-01 08:10:55.861 0 0 I afe_find_cal: acdb_id 20 dev_acdb_id 20 sample_rate 48000 afe_sample_rates 44100
01-01 08:10:55.869 0 0 I afe_find_cal: no matching cal_block found
01-01 08:10:55.875 0 0 E : send_afe_cal_type cal_block not found!!
01-01 08:10:55.880 0 0 I afe_send_hw_delay: port_id 0x400e rate 44100 delay_usec 0 status 0
01-04 01:24:16.887 1133 6088 I dvm_lock_sample: [system_server,0,Binder:1133_13,505,AudioDeviceBroker.java,1045,void com.android.server.audio.AudioDeviceBroker.setAvrcpAbsoluteVolumeSupported(boolean),-,1063,int com.android.server.audio.AudioDeviceBroker.getA2dpCodec(android.bluetooth.BluetoothDevice),100]
01-04 01:24:16.924 1133 6095 I dvm_lock_sample: [system_server,1,Binder:1133_15,517,AudioService.java,6202,int com.android.server.audio.AudioService.getDevicesForStreamInt(int),-,6203,int com.android.server.audio.AudioService.getDevicesForStreamInt(int),100]
01-04 01:24:16.924 1133 2848 I dvm_lock_sample: [system_server,1,Binder:1133_9,497,AudioService.java,6202,int com.android.server.audio.AudioService.getDevicesForStreamInt(int),-,6203,int com.android.server.audio.AudioService.getDevicesForStreamInt(int),99]
01-04 01:24:16.924 1133 2400 I volume_changed: [3,18,4,39,onBluetoothA2dpActiveDeviceChange]
01-04 01:24:17.673 1133 1829 I commit_sys_config_file: [settings-1-0,13]
01-04 01:24:27.263 3437 3437 I auditd : type=1400 audit(0.0:306): avc: granted { read } for comm=4173796E635461736B20233437 name="arp" dev="proc" ino=4026532247 scontext=u:r:platform_app:s0:c512,c768 tcontext=u:object_r:proc_net:s0 tclass=file app=com.hht.lebocast
01-04 01:24:27.263 3437 3437 I auditd : type=1400 audit(0.0:307): avc: granted { read open } for comm=4173796E635461736B20233437 path="/proc/3437/net/arp" dev="proc" ino=4026532247 scontext=u:r:platform_app:s0:c512,c768 tcontext=u:object_r:proc_net:s0 tclass=file app=com.hht.lebocast
01-04 01:24:27.263 3437 3437 I auditd : type=1400 audit(0.0:308): avc: granted { getattr } for comm=4173796E635461736B20233437 path="/proc/3437/net/arp" dev="proc" ino=4026532247 scontext=u:r:platform_app:s0:c512,c768 tcontext=u:object_r:proc_net:s0 tclass=file app=com.hht.lebocast
01-04 01:24:27.263 3437 3437 I auditd : type=1400 audit(0.0:309): avc: granted { getattr } for comm=4173796E635461736B20233437 path="/proc/3437/net/arp" dev="proc" ino=4026532247 scontext=u:r:platform_app:s0:c512,c768 tcontext=u:object_r:proc_net:s0 tclass=file app=com.hht.lebocast
01-04 01:24:36.470 1133 1661 I am_pss : [3047,1000,com.android.settings,179101696,162017280,0,338743296,0,2,29]
01-04 01:24:54.582 1133 1663 I am_uid_idle: 10094
01-04 01:24:54.582 1133 1663 I am_stop_idle_service: [10094,com.android.music/.MediaPlaybackService]
01-04 01:24:54.583 1133 1663 W ActivityManager: Stopping service due to app idle: u0a94 -2m14s711ms com.android.music/.MediaPlaybackService
01-04 01:24:54.589 1133 1583 I wm_finish_activity: [0,164860644,27,com.android.music/.MusicBrowserActivity,app-request]
01-04 01:24:54.593 1133 1583 I wm_destroy_activity: [0,164860644,27,com.android.music/.MusicBrowserActivity,finish-imm:finishIfPossible]
01-04 01:24:54.595 1133 1133 I sysui_multi_action: [757,128,758,5,759,8,793,134546,794,0,795,89812,796,1,806,com.android.music,857,Channel-music,858,2,947,0,1500,89812,1641,transport,1688,1,1745,1043716538]
01-04 01:24:54.596 1133 1133 I notification_canceled: [0|com.android.music|1|null|10094,8,134546,89812,0,-1,-1,NULL]
01-04 01:24:54.629 1133 2396 I GameModeConfig: isGameModeOn = false
01-04 01:24:54.630 1133 2396 I GameModeConfig: isGameModeOn = false
01-04 01:24:54.630 1133 2396 I GameModeConfig: isGameModeOn = false
01-04 01:24:54.630 1133 2396 I GameModeConfig: isGameModeOn = false
01-04 01:24:54.631 1133 1133 I notification_enqueue: [10087,2455,com.android.systemui,1,empty_media,0,Notification(channel=empty_media_style_id shortcut=null contentView=null vibrate=null sound=null defaults=0x0 flags=0x20 color=0x00000000 category=transport actions=4 vis=PRIVATE),0]
01-04 01:24:54.834 1133 1133 I sysui_multi_action: [757,1501,758,1,793,203,794,0,795,203,796,1,797,empty_media,806,com.android.systemui,857,empty_media_style_id,858,4,947,0,1500,0,1641,transport,1688,1,1745,1043716538]
01-04 01:24:54.834 1133 1133 I sysui_multi_action: [757,804,799,note_interruptive,801,0,802,1]
01-04 01:24:54.835 1133 1133 I GameModeConfig: isGameModeOn = false
01-04 01:24:54.837 1133 1133 I sysui_multi_action: [757,1501,758,1,793,207,794,0,795,207,796,1,797,empty_media,806,com.android.systemui,857,empty_media_style_id,858,4,947,0,1500,0,1641,transport,1688,1,1745,1043716538]
01-04 01:24:54.838 1133 1133 I sysui_multi_action: [757,804,799,note_interruptive,801,0,802,1]
01-04 01:24:54.839 1133 1133 I sysui_multi_action: [757,199,758,1,759,2,793,208,794,0,795,208,796,1,797,empty_media,806,com.android.systemui,857,empty_media_style_id,858,4,947,0,1500,1,1641,transport,1688,1,1745,1043716538]
01-04 01:24:54.839 1133 1133 I notification_alert: [0|com.android.systemui|1|empty_media|10087,0,1,0]
01-04 01:24:54.846 1133 1133 W NotificationHistory: Attempted to add notif for locked/gone/disabled user 0
01-01 08:11:33.940 0 0 I btfm_slim_enable_ch: chipset soc version:400a0200
01-01 08:11:33.946 0 0 I btfm_slim_enable_ch: channel define - prot:2, dataf:0, auxf:0
01-01 08:11:33.953 0 0 I btfm_slim_enable_ch: channel define - rates:44100, baser:2, ratem:4
01-04 01:24:54.924 1133 1663 W BroadcastQueue: Background execution not allowed: receiving Intent { act=com.android.music.updatewidget flg=0x10 } to com.android.music/.MediaAppWidgetProvider
01-04 01:24:54.924 1133 1663 W BroadcastQueue: Background execution not allowed: receiving Intent { act=com.android.music.updatewidget flg=0x10 } to com.android.music/.MediaAppWidgetProviderLarge
01-01 08:11:33.961 0 0 E btfm_slim_enable_ch: slim_define_ch failed ret[-106]
01-01 08:11:33.967 0 0 E btfm_slim_dai_prepare: channel opened without closing, return success
01-04 01:24:54.924 1133 6131 I sysui_multi_action: [757,856,758,2,806,com.android.music,857,Channel-music,858,2]
01-04 01:24:54.925 1133 1133 I notification_cancel_all: [1000,1133,com.android.music,0,0,0,20,NULL]
01-04 01:24:54.925 1133 6131 W NotificationHistory: Attempted to remove channel for locked/gone/disabled user 0
01-04 01:24:54.935 5277 5277 I wm_on_destroy_called: [164860644,com.android.music.MusicBrowserActivity,performDestroy]
01-04 01:24:54.947 1133 6131 I wm_task_removed: [27,removeChild:removeChild last r=ActivityRecord{9d392e4 u0 com.android.music/.MusicBrowserActivity t-1 f}} in t=Task{a22a268 #27 type=standard A=10094:android.task.music U=0 visible=false mode=fullscreen translucent=true sz=0}]
01-04 01:24:54.947 1133 6131 I wm_task_removed: [27,removeChild]
01-04 01:24:54.948 1133 1661 W UsageStatsService: Unexpected activity event reported! (com.android.music/com.android.music.MusicBrowserActivity event : 23 instanceId : 153040657)
01-04 01:24:54.952 1133 1651 W ActivityTaskManager: Can't find TaskDisplayArea to determine support for multi window. Task id=27 attached=false
01-04 01:24:54.952 1133 1651 W ActivityTaskManager: Can't find TaskDisplayArea to determine support for multi window. Task id=27 attached=false
01-04 01:24:55.185 1133 1649 I commit_sys_config_file: [notification-policy,595631]
01-04 01:24:56.713 1133 1890 I input_interaction: Interaction with: 2c759d StatusBar (server), edge-swipe (server), swipe-up (server), PointerEventDispatcher0 (server),
01-04 01:24:56.726 2455 2455 I sysui_multi_action: [757,803,799,panel_open,802,1]
01-04 01:24:56.729 2455 2455 I sysui_multi_action: [757,1328,758,4,1326,61,1327,3,1329,0]
01-04 01:24:56.769 1133 1583 I sysui_multi_action: [757,127,758,1]
01-04 01:24:56.769 1133 1583 I sysui_multi_action: [757,804,799,note_load,801,3,802,1]
01-04 01:24:56.770 1133 1583 I notification_panel_revealed: 3
01-04 01:24:56.784 1133 1651 I input_focus: [Focus request c9f1bc8 NotificationShade,reason=UpdateInputWindows]
01-04 01:24:56.797 1133 1583 I sysui_multi_action: [757,128,758,1,793,591855,794,0,795,591855,796,26,798,0,806,android,857,DEVELOPER_IMPORTANT,858,4,947,0,1395,3,1500,591854,1688,1]
01-04 01:24:56.797 1133 1583 I sysui_multi_action: [757,804,799,note_freshness,801,591855,802,1]
01-04 01:24:56.797 1133 1583 I notification_visibility: [-1|android|26|null|1000,1,591855,591855,0,0]
01-04 01:24:56.798 1133 1583 I sysui_multi_action: [757,128,758,1,793,591768,794,0,795,591768,796,55,798,1,806,android,857,DEVELOPER,858,2,947,0,1395,3,1500,591768,1688,1]
01-04 01:24:56.798 1133 1583 I sysui_multi_action: [757,804,799,note_freshness,801,591768,802,1]
01-04 01:24:56.798 1133 1583 I notification_visibility: [-1|android|55|null|1000,1,591768,591768,0,1]
01-04 01:24:56.798 1133 1583 I sysui_multi_action: [757,128,758,1,793,592657,794,0,795,592657,796,32,798,2,806,android,857,USB,858,1,947,0,1395,3,1500,592085,1688,1]
01-04 01:24:56.798 1133 1583 I sysui_multi_action: [757,804,799,note_freshness,801,592657,802,1]
01-04 01:24:56.798 1133 1583 I notification_visibility: [-1|android|32|null|1000,1,592657,592657,0,2]
01-04 01:24:56.813 1133 1890 I input_focus: [Focus leaving 2c58a9f MediaOutputDialog (server),reason=setFocusedWindow]
01-04 01:24:56.814 1133 1890 I input_focus: [Focus entering c9f1bc8 NotificationShade (server),reason=setFocusedWindow]
01-04 01:24:56.914 2455 2455 I sysui_multi_action: [757,111,758,1]
01-04 01:24:56.914 2455 2455 I sysui_multi_action: [757,126,758,1,759,126,927,0,928,1,1593,0]
01-04 01:24:56.914 2455 2455 I sysui_multi_action: [757,113,758,1,759,113,927,1,928,1,1593,0]
01-04 01:24:56.914 2455 2455 I sysui_multi_action: [757,0,758,1,759,0,927,2,928,0,1593,0]
01-04 01:24:56.914 2455 2455 I sysui_multi_action: [757,0,758,1,759,0,927,3,928,0,1593,0]
01-04 01:24:56.915 2455 2455 I sysui_multi_action: [757,491,758,1,759,491,927,4,928,0,1311,-1,1593,0]
01-04 01:24:56.915 2455 2455 I sysui_multi_action: [757,0,758,1,759,0,927,5,928,0,1593,0]
01-04 01:24:56.915 2455 2455 I sysui_multi_action: [757,0,758,1,759,0,927,6,1593,0]
01-04 01:24:56.915 2455 2455 I sysui_multi_action: [757,111,758,1]
01-04 01:24:56.915 2455 2455 I sysui_multi_action: [757,126,758,1,759,126,927,0,928,1,1593,0]
01-04 01:24:56.915 2455 2455 I sysui_multi_action: [757,113,758,1,759,113,927,1,928,1,1593,0]
01-04 01:24:56.915 2455 2455 I sysui_multi_action: [757,0,758,1,759,0,927,2,928,0,1593,0]
01-04 01:24:56.916 2455 2455 I sysui_multi_action: [757,0,758,1,759,0,927,3,928,0,1593,0]
01-04 01:24:57.843 1133 1890 I input_interaction: Interaction with: c9f1bc8 NotificationShade (server), edge-swipe (server), swipe-up (server), PointerEventDispatcher0 (server),
01-04 01:24:57.961 1133 4178 E TaskPersister: File error accessing recents directory (directory doesn't exist?).
01-04 01:24:58.253 1133 2396 I GameModeConfig: isGameModeOn = false
01-04 01:24:58.253 1133 2396 I GameModeConfig: isGameModeOn = false
01-04 01:24:58.253 1133 2396 I GameModeConfig: isGameModeOn = false
01-04 01:24:58.253 1133 2396 I GameModeConfig: isGameModeOn = false
01-04 01:24:58.254 1133 2396 I GameModeConfig: isGameModeOn = false
01-04 01:24:58.255 1133 1133 I notification_enqueue: [10087,2455,com.android.systemui,2048,NULL,0,Notification(channel=updateNotification shortcut=null contentView=null vibrate=null sound=null defaults=0x0 flags=0x0 color=0x00000000 vis=PRIVATE),1]
01-04 01:24:58.255 2455 2455 I sysui_multi_action: [757,111,758,2]
01-04 01:24:58.256 2455 2455 I sysui_multi_action: [757,111,758,2]
01-04 01:24:58.362 1133 1651 I input_focus: [Focus request e019439 com.android.settings/com.android.settings.Settings,reason=UpdateInputWindows]
01-04 01:24:58.367 1133 1583 I sysui_multi_action: [757,128,758,2,793,593425,794,1570,795,593425,796,26,798,0,806,android,857,DEVELOPER_IMPORTANT,858,4,947,0,1395,3,1500,593424,1688,1]
01-04 01:24:58.368 1133 1583 I notification_visibility: [-1|android|26|null|1000,0,593425,593425,0,0]
01-04 01:24:58.368 1133 1583 I sysui_multi_action: [757,128,758,2,793,593338,794,1570,795,593338,796,55,798,1,806,android,857,DEVELOPER,858,2,947,0,1395,3,1500,593338,1688,1]
01-04 01:24:58.369 1133 1583 I notification_visibility: [-1|android|55|null|1000,0,593338,593338,0,1]
01-04 01:24:58.369 1133 1583 I sysui_multi_action: [757,128,758,2,793,594228,794,1571,795,594228,796,32,798,2,806,android,857,USB,858,1,947,0,1395,3,1500,593656,1688,1]
01-04 01:24:58.369 1133 1583 I notification_visibility: [-1|android|32|null|1000,0,594228,594228,0,2]
01-04 01:24:58.370 1133 6131 I sysui_multi_action: [757,127,758,2]
01-04 01:24:58.370 1133 6131 I notification_panel_hidden:
01-04 01:24:58.386 1133 1890 I input_focus: [Focus leaving c9f1bc8 NotificationShade (server),reason=NO_WINDOW]
01-04 01:24:58.387 1133 1890 I input_focus: [Focus entering e019439 com.android.settings/com.android.settings.Settings (server),reason=setFocusedWindow]
01-04 01:24:58.459 1133 1133 I GameModeConfig: isGameModeOn = false
01-04 01:24:58.672 1133 1890 I input_interaction: Interaction with: e019439 com.android.settings/com.android.settings.Settings (server), edge-swipe (server), swipe-up (server), PointerEventDispatcher0 (server),
01-04 01:24:58.697 1133 6131 I wm_task_moved: [1,0,0]
01-04 01:24:58.697 1133 6131 I wm_task_moved: [1,0,6]
01-04 01:24:58.699 3047 3047 I view_enqueue_input_event: [Motion - Cancel,com.android.settings/com.android.settings.Settings]
01-04 01:24:58.710 1133 1890 I input_interaction: Interaction with: edge-swipe (server), swipe-up (server), PointerEventDispatcher0 (server),
01-04 01:24:58.716 2992 2992 I wm_on_restart_called: [80062843,com.android.launcher3.uioverrides.QuickstepLauncher,performRestartActivity]
01-04 01:24:58.717 1133 3529 W FreeFormWindowHelper: getCurrentDisplayedFreeFormTask is null
