01-08 03:04:10.880 I/sysui_multi_action( 1519): [757,128,758,1,793,1042382,794,0,795,1042382,796,4273,798,2,806,com.android.systemui,857,screen_record,858,3,947,0,1395,4,1500,1042180,1688,1,1745,680407814]
01-08 03:04:10.880 I/sysui_multi_action( 1519): [757,804,799,note_freshness,801,1042382,802,1]
01-08 03:04:10.880 I/notification_visibility( 1519): [0|com.android.systemui|4273|null|10081,1,1042382,1042382,0,2]
01-08 03:04:10.880 I/sysui_multi_action( 1519): [757,128,758,1,793,5565791,794,0,795,5565791,796,32,798,3,806,android,857,USB,858,1,947,0,1395,4,1500,5565588,1688,1]
01-08 03:04:10.880 I/sysui_multi_action( 1519): [757,804,799,note_freshness,801,5565791,802,1]
01-08 03:04:10.880 I/notification_visibility( 1519): [-1|android|32|null|1000,1,5565791,5565791,0,3]
01-08 03:04:10.893 I/sysui_multi_action( 2378): [757,111,758,1]
01-08 03:04:10.893 I/sysui_multi_action( 2378): [757,126,758,1,759,126,927,0,928,1,1593,0]
01-08 03:04:10.893 I/sysui_multi_action( 2378): [757,113,758,1,759,113,927,1,928,1,1593,0]
01-08 03:04:10.893 I/sysui_multi_action( 2378): [757,0,758,1,759,0,927,2,928,0,1593,0]
01-08 03:04:10.893 I/sysui_multi_action( 2378): [757,0,758,1,759,0,927,3,928,0,1593,0]
01-08 03:04:10.894 I/input_focus( 1519): [Focus leaving a733300 com.android.settings/com.android.settings.Settings (server),reason=setFocusedWindow]
01-08 03:04:10.894 I/sysui_multi_action( 2378): [757,491,758,1,759,491,927,4,928,0,1311,-1,1593,0]
01-08 03:04:10.894 I/input_focus( 1519): [Focus entering e19dcb9 NotificationShade (server),reason=setFocusedWindow]
01-08 03:04:10.894 I/sysui_multi_action( 2378): [757,0,758,1,759,0,927,5,928,0,1593,0]
01-08 03:04:10.894 I/sysui_multi_action( 2378): [757,111,758,1]
01-08 03:04:10.894 I/sysui_multi_action( 2378): [757,126,758,1,759,126,927,0,928,1,1593,0]
01-08 03:04:10.894 I/sysui_multi_action( 2378): [757,113,758,1,759,113,927,1,928,1,1593,0]
01-08 03:04:10.894 I/sysui_multi_action( 2378): [757,0,758,1,759,0,927,2,928,0,1593,0]
01-08 03:04:10.895 I/sysui_multi_action( 2378): [757,0,758,1,759,0,927,3,928,0,1593,0]
01-08 03:04:11.187 I/auditd ( 0): type=1400 audit(0.0:2821): avc: denied { kill } for comm="swapper/1" capability=5 scontext=u:r:kernel:s0 tcontext=u:r:kernel:s0 tclass=capability permissive=0
01-08 03:04:11.685 I/input_interaction( 1519): Interaction with: e19dcb9 NotificationShade (server), edge-swipe (server), swipe-up (server), PointerEventDispatcher0 (server),
01-08 03:04:11.859 I/am_uid_active( 1519): 10097
01-08 03:04:11.861 I/wm_task_moved( 1519): [32,1,8]
01-08 03:04:11.861 I/wm_task_to_front( 1519): [0,32]
01-08 03:04:11.862 I/wm_focused_root_task( 1519): [0,0,32,33,bringingFoundTaskToFront]
01-08 03:04:11.862 I/wm_set_resumed_activity( 1519): [0,com.tencent.mm/.ui.LauncherUI,bringingFoundTaskToFront]
01-08 03:04:11.862 I/wm_on_top_resumed_lost_called(11322): [141584062,com.android.settings.Settings,topStateChangedWhenResumed]
01-08 03:04:11.862 I/wm_new_intent( 1519): [0,263472265,32,com.tencent.mm/.ui.LauncherUI,android.intent.action.MAIN,NULL,NULL,270532608]
01-08 03:04:11.865 I/wm_pause_activity( 1519): [0,141584062,com.android.settings/.Settings,userLeaving=true,pauseBackTasks]
01-08 03:04:11.871 I/sysui_multi_action( 1519): [757,128,758,4,793,106574,794,992,795,27210,796,1101346194,798,0,806,com.tencent.mm,857,message_channel_new_id,858,4,947,0,1395,4,1500,992,1641,msg,1688,1]
01-08 03:04:11.871 I/sysui_multi_action(11322): [757,35,758,2,1089,3412]
01-08 03:04:11.871 I/notification_clicked( 1519): [0|com.tencent.mm|1101346194|null|10097,106574,27210,992,0,4]
01-08 03:04:11.872 I/sysui_multi_action(11322): [757,3102,758,2,1089,3410]
01-08 03:04:11.872 I/sysui_multi_action( 1519): [757,804,799,note_click_longevity,801,0,802,1]
01-08 03:04:11.872 I/wm_on_paused_called(11322): [141584062,com.android.settings.Settings,performPause]
01-08 03:04:11.873 I/sysui_multi_action( 1519): [757,128,758,5,759,1,793,106576,794,994,795,27212,796,1101346194,798,0,806,com.tencent.mm,857,message_channel_new_id,858,4,947,0,1395,4,1500,994,1641,msg,1688,1]
01-08 03:04:11.873 I/notification_canceled( 1519): [0|com.tencent.mm|1101346194|null|10097,1,106576,27212,994,0,4,NULL]
01-08 03:04:11.877 I/wm_set_resumed_activity( 1519): [0,com.tencent.mm/.ui.LauncherUI,resumeTopActivityInnerLocked]
01-08 03:04:11.878 I/wm_add_to_stopping( 1519): [0,141584062,com.android.settings/.Settings,makeInvisible]
01-08 03:04:11.879 I/am_uid_active( 1519): 99001
01-08 03:04:11.885 I/wm_resume_activity( 1519): [0,263472265,32,com.tencent.mm/.ui.LauncherUI]
01-08 03:04:11.891 I/sysui_multi_action( 1519): [757,803,799,window_time_0,802,3]
01-08 03:04:11.891 I/wm_on_restart_called( 9674): [263472265,com.tencent.mm.ui.LauncherUI,performRestartActivity]
01-08 03:04:11.899 I/wm_on_start_called( 9674): [263472265,com.tencent.mm.ui.LauncherUI,handleStartActivity]
01-08 03:04:11.908 I/netstats_mobile_sample( 1519): [0,0,0,0,0,0,0,0,0,0,0,0,1673118251906]
01-08 03:04:11.908 I/netstats_wifi_sample( 1519): [8183102119,5997788,80134247,1232127,8183102119,5997788,80134247,1232127,8183744624,6010136,71676529,1212982,1673118251906]
01-08 03:04:11.939 I/wm_on_resume_called( 9674): [263472265,com.tencent.mm.ui.LauncherUI,RESUME_ACTIVITY]
01-08 03:04:11.961 I/wm_on_top_resumed_gained_called( 9674): [263472265,com.tencent.mm.ui.LauncherUI,topWhenResuming]
01-08 03:04:12.037 I/am_proc_start( 1519): [0,12625,10097,com.tencent.mm:appbrand0,service,{com.tencent.mm/com.tencent.mm.ipcinvoker.wx_extension.service.Appbrand0IPCService}]
01-08 03:04:12.041 I/sysui_multi_action( 1519): [319,162,322,156,325,5592,757,761,758,9,759,2,806,com.tencent.mm,871,com.tencent.mm.ui.LauncherUI,904,com.android.launcher3,905,0,1320,4,1321,4]
01-08 03:04:12.048 I/am_proc_start( 1519): [0,12627,10097,com.tencent.mm:appbrand1,service,{com.tencent.mm/com.tencent.mm.ipcinvoker.wx_extension.service.Appbrand1IPCService}]
01-08 03:04:12.065 I/am_proc_bound( 1519): [0,12625,com.tencent.mm:appbrand0]
01-08 03:04:12.077 I/am_proc_bound( 1519): [0,12627,com.tencent.mm:appbrand1]
01-08 03:04:12.187 I/auditd ( 0): type=1400 audit(0.0:2822): avc: denied { kill } for comm="swapper/1" capability=5 scontext=u:r:kernel:s0 tcontext=u:r:kernel:s0 tclass=capability permissive=0
01-08 03:04:12.357 I/wm_task_moved( 1519): [32,1,8]
01-08 03:04:12.357 I/wm_set_resumed_activity( 1519): [0,com.tencent.mm/.ui.LauncherUI,positionChildAt]
01-08 03:04:12.357 I/wm_create_activity( 1519): [0,68091326,32,com.tencent.mm/.pluginsdk.permission.PermissionActivity,NULL,NULL,NULL,268435456]
01-08 03:04:12.358 I/wm_pause_activity( 1519): [0,263472265,com.tencent.mm/.ui.LauncherUI,userLeaving=true,resumeTopActivityInnerLocked]
01-08 03:04:12.445 I/wm_on_top_resumed_lost_called( 9674): [263472265,com.tencent.mm.ui.LauncherUI,topStateChangedWhenResumed]
01-08 03:04:12.466 I/wm_on_paused_called( 9674): [263472265,com.tencent.mm.ui.LauncherUI,performPause]
01-08 03:04:12.469 I/wm_restart_activity( 1519): [0,68091326,32,com.tencent.mm/.pluginsdk.permission.PermissionActivity]
01-08 03:04:12.472 I/wm_set_resumed_activity( 1519): [0,com.tencent.mm/.pluginsdk.permission.PermissionActivity,minimalResumeActivityLocked]
01-08 03:04:12.474 I/sysui_multi_action( 1519): [757,803,799,window_time_0,802,1]
01-08 03:04:12.504 I/wm_relaunch_resume_activity( 1519): [0,68091326,32,com.tencent.mm/.pluginsdk.permission.PermissionActivity]
01-08 03:04:12.505 I/wm_on_create_called( 9674): [68091326,com.tencent.mm.pluginsdk.permission.PermissionActivity,performCreate]
01-08 03:04:12.506 I/wm_on_start_called( 9674): [68091326,com.tencent.mm.pluginsdk.permission.PermissionActivity,handleStartActivity]
01-08 03:04:12.508 I/am_proc_start( 1519): [0,12792,10097,com.tencent.mm:tools,service,{com.tencent.mm/com.tencent.mm.ipcinvoker.wx_extension.service.ToolsProcessIPCService}]
01-08 03:04:12.530 I/wm_on_resume_called( 9674): [68091326,com.tencent.mm.pluginsdk.permission.PermissionActivity,RESUME_ACTIVITY]
01-08 03:04:12.535 I/wm_on_top_resumed_gained_called( 9674): [68091326,com.tencent.mm.pluginsdk.permission.PermissionActivity,topStateChangedWhenResumed]
01-08 03:04:12.567 I/notification_enqueue( 1519): [10081,2378,com.android.systemui,2048,NULL,0,Notification(channel=updateNotification shortcut=null contentView=null vibrate=null sound=null defaults=0x0 flags=0x0 color=0x00000000 vis=PRIVATE),1]
01-08 03:04:12.567 I/sysui_multi_action( 2378): [757,111,758,2]
01-08 03:04:12.568 I/sysui_multi_action( 2378): [757,111,758,2]
01-08 03:04:12.570 I/am_proc_bound( 1519): [0,12792,com.tencent.mm:tools]
01-08 03:04:12.598 I/input_focus( 1519): [Focus leaving e19dcb9 NotificationShade (server),reason=NOT_FOCUSABLE]
01-08 03:04:12.602 I/sysui_multi_action( 1519): [757,128,758,2,793,5513655,794,1723,795,5513655,796,26,798,0,806,android,857,DEVELOPER_IMPORTANT,858,4,947,0,1395,3,1500,5513451,1688,1]
01-08 03:04:12.602 I/notification_visibility( 1519): [-1|android|26|null|1000,0,5513655,5513655,0,0]
01-08 03:04:12.603 I/sysui_multi_action( 1519): [757,128,758,2,793,1044104,794,1722,795,1044104,796,4273,798,1,806,com.android.systemui,857,screen_record,858,3,947,0,1395,3,1500,1043902,1688,1,1745,680407814]
01-08 03:04:12.603 I/notification_visibility( 1519): [0|com.android.systemui|4273|null|10081,0,1044104,1044104,0,1]
01-08 03:04:12.603 I/sysui_multi_action( 1519): [757,128,758,2,793,5567514,794,1723,795,5567514,796,32,798,2,806,android,857,USB,858,1,947,0,1395,3,1500,5567311,1688,1]
01-08 03:04:12.603 I/notification_visibility( 1519): [-1|android|32|null|1000,0,5567514,5567514,0,2]
01-08 03:04:12.603 I/sysui_multi_action( 1519): [757,127,758,2]
01-08 03:04:12.603 I/notification_panel_hidden( 1519):
01-08 03:04:12.644 I/input_focus( 1519): [Focus request cf8f622 com.tencent.mm/com.tencent.mm.pluginsdk.permission.PermissionActivity,reason=UpdateInputWindows]
01-08 03:04:12.672 I/wm_on_top_resumed_lost_called( 9674): [68091326,com.tencent.mm.pluginsdk.permission.PermissionActivity,pausing]
01-08 03:04:12.673 I/wm_on_paused_called( 9674): [68091326,com.tencent.mm.pluginsdk.permission.PermissionActivity,performPause]
01-08 03:04:12.674 I/wm_on_stop_called( 9674): [68091326,com.tencent.mm.pluginsdk.permission.PermissionActivity,handleRelaunchActivity]
01-08 03:04:12.677 I/wm_on_destroy_called( 9674): [68091326,com.tencent.mm.pluginsdk.permission.PermissionActivity,performDestroy]
01-08 03:04:12.707 I/wm_on_create_called( 9674): [68091326,com.tencent.mm.pluginsdk.permission.PermissionActivity,performCreate]
01-08 03:04:12.708 I/wm_on_start_called( 9674): [68091326,com.tencent.mm.pluginsdk.permission.PermissionActivity,handleStartActivity]
01-08 03:04:12.722 I/wm_on_resume_called( 9674): [68091326,com.tencent.mm.pluginsdk.permission.PermissionActivity,RESUME_ACTIVITY]
01-08 03:04:12.722 I/wm_on_top_resumed_gained_called( 9674): [68091326,com.tencent.mm.pluginsdk.permission.PermissionActivity,topWhenResuming]
01-08 03:04:12.744 I/input_focus( 1519): [Focus request 22763a9 com.tencent.mm/com.tencent.mm.pluginsdk.permission.PermissionActivity,reason=UpdateInputWindows]
01-08 03:04:12.774 I/wm_activity_launch_time( 1519): [0,68091326,com.tencent.mm/.pluginsdk.permission.PermissionActivity,331]
01-08 03:04:12.782 I/input_focus( 1519): [Focus entering 22763a9 com.tencent.mm/com.tencent.mm.pluginsdk.permission.PermissionActivity (server),reason=Window became focusable. Previous reason: NOT_VISIBLE]
01-08 03:04:12.785 I/wm_stop_activity( 1519): [0,141584062,com.android.settings/.Settings]
01-08 03:04:12.800 I/wm_on_stop_called(11322): [141584062,com.android.settings.Settings,STOP_ACTIVITY_ITEM]
01-08 03:04:13.099 I/auditd (12625): type=1400 audit(0.0:2823): avc: granted { execute } for comm="[GT]ColdPool#6" path="/data/user/0/com.tencent.mm/app_xwalk_4375/extracted_xwalkcore/libxwebcore.so" dev="dm-10" ino=12619 scontext=u:r:untrusted_app_29:s0:c97,c256,c512,c768 tcontext=u:object_r:app_data_file:s0:c97,c256,c512,c768 tclass=file app=com.tencent.mm
01-08 03:04:13.163 I/auditd (12792): type=1400 audit(0.0:2824): avc: granted { execute } for comm="encent.mm:tools" path="/data/user/0/com.tencent.mm/app_xwalk_4375/extracted_xwalkcore/libxwebcore.so" dev="dm-10" ino=12619 scontext=u:r:untrusted_app_29:s0:c97,c256,c512,c768 tcontext=u:object_r:app_data_file:s0:c97,c256,c512,c768 tclass=file app=com.tencent.mm
01-08 03:04:13.848 I/input_interaction( 1519): Interaction with: 22763a9 com.tencent.mm/com.tencent.mm.pluginsdk.permission.PermissionActivity (server), edge-swipe (server), swipe-up (server), PointerEventDispatcher0 (server),
01-08 03:04:13.988 I/wm_task_moved( 1519): [32,1,8]
01-08 03:04:13.989 I/wm_set_resumed_activity( 1519): [0,com.tencent.mm/.pluginsdk.permission.PermissionActivity,positionChildAt]
01-08 03:04:13.989 I/wm_create_activity( 1519): [0,157439417,32,com.android.settings/.fuelgauge.RequestIgnoreBatteryOptimizations,android.settings.REQUEST_IGNORE_BATTERY_OPTIMIZATIONS,NULL,package:com.tencent.mm,0]
01-08 03:04:13.989 I/wm_pause_activity( 1519): [0,68091326,com.tencent.mm/.pluginsdk.permission.PermissionActivity,userLeaving=true,resumeTopActivityInnerLocked]
01-08 03:04:13.995 I/wm_on_top_resumed_lost_called( 9674): [68091326,com.tencent.mm.pluginsdk.permission.PermissionActivity,topStateChangedWhenResumed]
01-08 03:04:13.995 I/input_focus( 1519): [Focus request 3bf2048 com.tencent.mm/com.tencent.mm.pluginsdk.permission.PermissionActivity,reason=UpdateInputWindows]
01-08 03:04:13.996 I/wm_on_paused_called( 9674): [68091326,com.tencent.mm.pluginsdk.permission.PermissionActivity,performPause]
01-08 03:04:13.998 I/wm_restart_activity( 1519): [0,157439417,32,com.android.settings/.fuelgauge.RequestIgnoreBatteryOptimizations]
01-08 03:04:13.998 I/wm_set_resumed_activity( 1519): [0,com.android.settings/.fuelgauge.RequestIgnoreBatteryOptimizations,minimalResumeActivityLocked]
01-08 03:04:14.001 I/sysui_multi_action( 1519): [757,803,799,window_time_0,802,2]
01-08 03:04:14.002 I/input_focus( 1519): [Focus entering 3bf2048 com.tencent.mm/com.tencent.mm.pluginsdk.permission.PermissionActivity (server),reason=setFocusedWindow]
01-08 03:04:14.014 I/wm_on_create_called(11322): [157439417,com.android.settings.fuelgauge.RequestIgnoreBatteryOptimizations,performCreate]
01-08 03:04:14.015 I/wm_on_start_called(11322): [157439417,com.android.settings.fuelgauge.RequestIgnoreBatteryOptimizations,handleStartActivity]
01-08 03:04:14.015 I/wm_on_resume_called(11322): [157439417,com.android.settings.fuelgauge.RequestIgnoreBatteryOptimizations,RESUME_ACTIVITY]
01-08 03:04:14.017 I/wm_on_top_resumed_gained_called(11322): [157439417,com.android.settings.fuelgauge.RequestIgnoreBatteryOptimizations,topStateChangedWhenResumed]
01-08 03:04:14.069 I/input_focus( 1519): [Focus request 16cdd2d com.android.settings/com.android.settings.fuelgauge.RequestIgnoreBatteryOptimizations,reason=UpdateInputWindows]
01-08 03:04:14.079 I/sysui_multi_action( 1519): [319,89,322,89,325,5595,757,761,758,8,759,2,806,com.android.settings,871,com.android.settings.fuelgauge.RequestIgnoreBatteryOptimizations,904,com.tencent.mm,905,0,1320,4,1321,1]
01-08 03:04:14.080 I/wm_activity_launch_time( 1519): [0,157439417,com.android.settings/.fuelgauge.RequestIgnoreBatteryOptimizations,89]
01-08 03:04:14.087 I/input_focus( 1519): [Focus leaving 3bf2048 com.tencent.mm/com.tencent.mm.pluginsdk.permission.PermissionActivity (server),reason=setFocusedWindow]
01-08 03:04:14.087 I/input_focus( 1519): [Focus entering 16cdd2d com.android.settings/com.android.settings.fuelgauge.RequestIgnoreBatteryOptimizations (server),reason=setFocusedWindow]
01-08 03:04:14.111 I/auditd (12792): type=1400 audit(0.0:2825): avc: denied { read } for comm="parallels-4" name="u:object_r:qemu_hw_prop:s0" dev="tmpfs" ino=3313 scontext=u:r:untrusted_app_29:s0:c97,c256,c512,c768 tcontext=u:object_r:qemu_hw_prop:s0 tclass=file permissive=0 app=com.tencent.mm
01-08 03:04:14.187 I/auditd ( 0): type=1400 audit(0.0:2826): avc: denied { kill } for comm="swapper/7" capability=5 scontext=u:r:kernel:s0 tcontext=u:r:kernel:s0 tclass=capability permissive=0
01-08 03:04:14.916 I/input_interaction( 1519): Interaction with: 16cdd2d com.android.settings/com.android.settings.fuelgauge.RequestIgnoreBatteryOptimizations (server), edge-swipe (server), swipe-up (server), PointerEventDispatcher0 (server),
01-08 03:04:15.096 I/wm_finish_activity( 1519): [0,157439417,32,com.android.settings/.fuelgauge.RequestIgnoreBatteryOptimizations,app-request]
01-08 03:04:15.105 I/wm_pause_activity( 1519): [0,157439417,com.android.settings/.fuelgauge.RequestIgnoreBatteryOptimizations,userLeaving=false,finish]
01-08 03:04:15.114 I/wm_on_top_resumed_lost_called(11322): [157439417,com.android.settings.fuelgauge.RequestIgnoreBatteryOptimizations,topStateChangedWhenResumed]
01-08 03:04:15.114 I/wm_on_paused_called(11322): [157439417,com.android.settings.fuelgauge.RequestIgnoreBatteryOptimizations,performPause]
01-08 03:04:15.119 I/wm_set_resumed_activity( 1519): [0,com.tencent.mm/.pluginsdk.permission.PermissionActivity,resumeTopActivityInnerLocked]
01-08 03:04:15.121 I/wm_resume_activity( 1519): [0,68091326,32,com.tencent.mm/.pluginsdk.permission.PermissionActivity]
01-08 03:04:15.130 I/input_focus( 1519): [Focus request 3bf2048 com.tencent.mm/com.tencent.mm.pluginsdk.permission.PermissionActivity,reason=UpdateInputWindows]
01-08 03:04:15.131 I/sysui_multi_action( 1519): [757,803,799,window_time_0,802,1]
01-08 03:04:15.132 I/wm_finish_activity( 1519): [0,68091326,32,com.tencent.mm/.pluginsdk.permission.PermissionActivity,app-request]
01-08 03:04:15.138 I/wm_pause_activity( 1519): [0,68091326,com.tencent.mm/.pluginsdk.permission.PermissionActivity,userLeaving=false,finish]
01-08 03:04:15.139 I/input_focus( 1519): [Focus leaving 16cdd2d com.android.settings/com.android.settings.fuelgauge.RequestIgnoreBatteryOptimizations (server),reason=NO_WINDOW]
01-08 03:04:15.139 I/input_focus( 1519): [Focus entering 3bf2048 com.tencent.mm/com.tencent.mm.pluginsdk.permission.PermissionActivity (server),reason=setFocusedWindow]
01-08 03:04:15.139 I/wm_on_activity_result_called( 9674): [68091326,com.tencent.mm.pluginsdk.permission.PermissionActivity,ACTIVITY_RESULT]
01-08 03:04:15.144 I/wm_set_resumed_activity( 1519): [0,com.tencent.mm/.ui.LauncherUI,resumeTopActivityInnerLocked]
01-08 03:04:15.144 I/wm_resume_activity( 1519): [0,263472265,32,com.tencent.mm/.ui.LauncherUI]
01-08 03:04:15.149 I/input_focus( 1519): [Focus request eff702a com.tencent.mm/com.tencent.mm.ui.LauncherUI,reason=UpdateInputWindows]
01-08 03:04:15.149 I/sysui_multi_action( 1519): [757,803,799,window_time_0,802,0]
01-08 03:04:15.154 I/input_focus( 1519): [Focus leaving 3bf2048 com.tencent.mm/com.tencent.mm.pluginsdk.permission.PermissionActivity (server),reason=NO_WINDOW]
01-08 03:04:15.167 I/wm_on_resume_called( 9674): [263472265,com.tencent.mm.ui.LauncherUI,RESUME_ACTIVITY]
01-08 03:04:15.171 I/input_focus( 1519): [Focus entering eff702a com.tencent.mm/com.tencent.mm.ui.LauncherUI (server),reason=setFocusedWindow]
01-08 03:04:15.189 I/wm_on_top_resumed_gained_called( 9674): [263472265,com.tencent.mm.ui.LauncherUI,topWhenResuming]
01-08 03:04:15.241 I/wm_destroy_activity( 1519): [0,157439417,32,com.android.settings/.fuelgauge.RequestIgnoreBatteryOptimizations,finish-idle]
01-08 03:04:15.241 I/wm_destroy_activity( 1519): [0,68091326,32,com.tencent.mm/.pluginsdk.permission.PermissionActivity,finish-idle]
01-08 03:04:15.242 I/wm_on_stop_called(11322): [157439417,com.android.settings.fuelgauge.RequestIgnoreBatteryOptimizations,LIFECYCLER_STOP_ACTIVITY]
01-08 03:04:15.242 I/wm_on_destroy_called(11322): [157439417,com.android.settings.fuelgauge.RequestIgnoreBatteryOptimizations,performDestroy]
01-08 03:04:15.243 I/wm_on_stop_called( 9674): [68091326,com.tencent.mm.pluginsdk.permission.PermissionActivity,LIFECYCLER_STOP_ACTIVITY]
01-08 03:04:15.245 I/wm_on_destroy_called( 9674): [68091326,com.tencent.mm.pluginsdk.permission.PermissionActivity,performDestroy]
01-08 03:04:16.110 I/input_interaction( 1519): Interaction with: Letterbox_left_ActivityRecord{fb44489 u0 com.tencent.mm/.ui.LauncherUI t32} (server), edge-swipe (server), swipe-up (server), PointerEventDispatcher0 (server),
01-08 03:04:16.120 I/wm_task_moved( 1519): [1,0,0]
01-08 03:04:16.120 I/wm_task_moved( 1519): [1,0,7]
01-08 03:04:16.141 I/wm_on_restart_called( 2855): [110752405,com.android.launcher3.uioverrides.QuickstepLauncher,performRestartActivity]
01-08 03:04:16.170 I/wm_on_start_called( 2855): [110752405,com.android.launcher3.uioverrides.QuickstepLauncher,handleStartActivity]
01-08 03:04:16.174 I/input_focus( 1519): [Focus request recents_animation_input_consumer,reason=UpdateInputWindows]
01-08 03:04:16.176 I/input_interaction( 1519): Interaction with: edge-swipe (server), swipe-up (server), PointerEventDispatcher0 (server),
01-08 03:04:16.179 I/sysui_latency( 2855): [1,69]
01-08 03:04:16.187 I/sysui_multi_action( 1519): [319,8,322,63,325,5597,757,761,758,9,759,5,806,com.android.launcher3,871,com.android.launcher3.uioverrides.QuickstepLauncher,905,0,1320,4,1321,1]
01-08 03:04:16.190 I/input_focus( 1519): [Focus leaving eff702a com.tencent.mm/com.tencent.mm.ui.LauncherUI (server),reason=NOT_FOCUSABLE]
01-08 03:04:16.190 I/input_focus( 1519): [Focus entering recents_animation_input_consumer (server),reason=setFocusedWindow]
01-08 03:04:16.370 I/commit_sys_config_file( 1519): [settings-1-0,2]
01-08 03:04:16.488 I/sysui_latency( 1519): [8,71]
01-08 03:04:16.915 I/wm_task_moved( 1519): [1,1,8]
01-08 03:04:16.915 I/wm_task_moved( 1519): [10,1,2147483647]
01-08 03:04:16.915 I/wm_task_to_front( 1519): [0,10]
01-08 03:04:16.915 I/wm_focused_root_task( 1519): [0,0,1,32,RecentsAnimation.onAnimationFinished()]
01-08 03:04:16.916 I/wm_set_resumed_activity( 1519): [0,com.android.launcher3/.uioverrides.QuickstepLauncher,RecentsAnimation.onAnimationFinished()]
01-08 03:04:16.916 I/wm_on_top_resumed_lost_called( 9674): [263472265,com.tencent.mm.ui.LauncherUI,topStateChangedWhenResumed]
01-08 03:04:16.916 I/wm_pause_activity( 1519): [0,263472265,com.tencent.mm/.ui.LauncherUI,userLeaving=true,pauseBackTasks]
01-08 03:04:16.916 I/wm_add_to_stopping( 1519): [0,263472265,com.tencent.mm/.ui.LauncherUI,makeInvisible]
01-08 03:04:16.917 I/wm_set_resumed_activity( 1519): [0,com.android.launcher3/.uioverrides.QuickstepLauncher,resumeTopActivityInnerLocked]
01-08 03:04:16.920 I/wm_resume_activity( 1519): [0,110752405,10,com.android.launcher3/.uioverrides.QuickstepLauncher]
01-08 03:04:16.922 I/wm_on_resume_called( 2855): [110752405,com.android.launcher3.uioverrides.QuickstepLauncher,RESUME_ACTIVITY]
01-08 03:04:16.928 I/wm_stop_activity( 1519): [0,263472265,com.tencent.mm/.ui.LauncherUI]
01-08 03:04:16.938 I/sysui_multi_action( 1519): [757,803,799,window_time_0,802,1]
01-08 03:04:16.939 I/input_focus( 1519): [Focus request 4e2f174 com.android.launcher3/com.android.launcher3.uioverrides.QuickstepLauncher,reason=UpdateInputWindows]
01-08 03:04:16.940 I/wm_on_top_resumed_gained_called( 2855): [110752405,com.android.launcher3.uioverrides.QuickstepLauncher,topStateChangedWhenResumed]
01-08 03:04:16.942 I/input_focus( 1519): [Focus leaving recents_animation_input_consumer (server),reason=NOT_VISIBLE]
01-08 03:04:16.954 I/sysui_multi_action( 1519): [757,803,799,window_time_0,802,0]
01-08 03:04:16.958 I/input_focus( 1519): [Focus entering 4e2f174 com.android.launcher3/com.android.launcher3.uioverrides.QuickstepLauncher (server),reason=setFocusedWindow]
01-08 03:04:16.997 I/wm_on_paused_called( 9674): [263472265,com.tencent.mm.ui.LauncherUI,performPause]
01-08 03:04:17.021 I/wm_on_stop_called( 9674): [263472265,com.tencent.mm.ui.LauncherUI,STOP_ACTIVITY_ITEM]
01-08 03:04:17.187 I/auditd ( 0): type=1400 audit(0.0:2827): avc: denied { kill } for comm="swapper/5" capability=5 scontext=u:r:kernel:s0 tcontext=u:r:kernel:s0 tclass=capability permissive=0
01-08 03:04:17.306 I/input_interaction( 1519): Interaction with: 4e2f174 com.android.launcher3/com.android.launcher3.uioverrides.QuickstepLauncher (server), c8b2b8c com.android.systemui.ImageWallpaper (server), edge-swipe (server), swipe-up (server), PointerEventDispatcher0 (server),
01-08 03:04:17.454 I/wm_task_moved( 1519): [33,1,8]
01-08 03:04:17.454 I/wm_task_to_front( 1519): [0,33]
01-08 03:04:17.454 I/wm_focused_root_task( 1519): [0,0,33,1,bringingFoundTaskToFront]
01-08 03:04:17.455 I/wm_set_resumed_activity( 1519): [0,com.android.settings/.Settings,bringingFoundTaskToFront]
01-08 03:04:17.455 I/wm_new_intent( 1519): [0,141584062,33,com.android.settings/.Settings,android.intent.action.MAIN,NULL,NULL,270532608]
01-08 03:04:17.457 I/wm_pause_activity( 1519): [0,110752405,com.android.launcher3/.uioverrides.QuickstepLauncher,userLeaving=true,pauseBackTasks]
01-08 03:04:17.464 I/wm_on_top_resumed_lost_called( 2855): [110752405,com.android.launcher3.uioverrides.QuickstepLauncher,topStateChangedWhenResumed]
01-08 03:04:17.465 I/wm_on_paused_called( 2855): [110752405,com.android.launcher3.uioverrides.QuickstepLauncher,performPause]
01-08 03:04:17.468 I/wm_set_resumed_activity( 1519): [0,com.android.settings/.Settings,resumeTopActivityInnerLocked]
01-08 03:04:17.469 I/wm_add_to_stopping( 1519): [0,110752405,com.android.launcher3/.uioverrides.QuickstepLauncher,makeInvisible]
01-08 03:04:17.472 I/wm_resume_activity( 1519): [0,141584062,33,com.android.settings/.Settings]
01-08 03:04:17.476 I/sysui_multi_action( 1519): [757,803,799,window_time_0,802,1]
01-08 03:04:17.484 I/wm_on_restart_called(11322): [141584062,com.android.settings.Settings,performRestartActivity]
01-08 03:04:17.487 I/wm_on_start_called(11322): [141584062,com.android.settings.Settings,handleStartActivity]
01-08 03:04:17.488 I/snet_event_log(11322): [120484087,-1,]
01-08 03:04:17.488 I/wm_on_resume_called(11322): [141584062,com.android.settings.Settings,RESUME_ACTIVITY]
01-08 03:04:17.488 I/sysui_multi_action(11322): [757,35,758,1,833,0,1089,0]
01-08 03:04:17.490 I/sysui_multi_action(11322): [757,3102,758,1,833,0,1089,0]
01-08 03:04:17.490 I/wm_on_top_resumed_gained_called(11322): [141584062,com.android.settings.Settings,topWhenResuming]
01-08 03:04:17.492 I/input_focus( 1519): [Focus leaving 4e2f174 com.android.launcher3/com.android.launcher3.uioverrides.QuickstepLauncher (server),reason=NO_WINDOW]
01-08 03:04:17.499 I/input_focus( 1519): [Focus request a733300 com.android.settings/com.android.settings.Settings,reason=UpdateInputWindows]
01-08 03:04:17.512 I/input_focus( 1519): [Focus entering a733300 com.android.settings/com.android.settings.Settings (server),reason=setFocusedWindow]
01-08 03:04:17.514 I/sysui_multi_action( 1519): [319,40,321,38,322,53,325,5598,757,761,758,9,759,4,806,com.android.settings,871,com.android.settings.Settings,904,com.android.launcher3,905,0,1320,4,1321,1]
01-08 03:04:18.031 I/wm_stop_activity( 1519): [0,110752405,com.android.launcher3/.uioverrides.QuickstepLauncher]
01-08 03:04:18.057 I/wm_on_stop_called( 2855): [110752405,com.android.launcher3.uioverrides.QuickstepLauncher,STOP_ACTIVITY_ITEM]
01-08 03:04:18.187 I/auditd ( 0): type=1400 audit(0.0:2828): avc: denied { kill } for comm="swapper/1" capability=5 scontext=u:r:kernel:s0 tcontext=u:r:kernel:s0 tclass=capability permissive=0
01-08 03:04:18.940 I/input_interaction( 1519): Interaction with: a733300 com.android.settings/com.android.settings.Settings (server), edge-swipe (server), swipe-up (server), PointerEventDispatcher0 (server),
01-08 03:04:19.076 I/sysui_multi_action(11322): [757,830,758,4,833,0,854,game_settings_dnd_notification_switch,1089,0]
01-08 03:04:19.187 I/auditd ( 0): type=1400 audit(0.0:2829): avc: denied { kill } for comm="swapper/1" capability=5 scontext=u:r:kernel:s0 tcontext=u:r:kernel:s0 tclass=capability permissive=0
01-08 03:04:20.562 I/sysui_multi_action(11322): [757,830,758,4,833,0,854,game_settings_dnd_notification_switch,1089,0]
01-08 03:04:21.118 I/sysui_multi_action(11322): [757,3102,758,2,1089,3628]
01-08 03:04:21.153 I/sysui_multi_action(11322): [757,3100,758,1,833,0,1089,0]
01-08 03:04:21.187 I/auditd ( 0): type=1400 audit(0.0:2830): avc: denied { kill } for comm="swapper/1" capability=5 scontext=u:r:kernel:s0 tcontext=u:r:kernel:s0 tclass=capability permissive=0
01-08 03:04:21.479 I/auditd ( 9674): type=1400 audit(0.0:2831): avc: denied { read } for comm="transThread" name="snmp" dev="proc" ino=4026532270 scontext=u:r:untrusted_app_29:s0:c97,c256,c512,c768 tcontext=u:object_r:proc_net:s0 tclass=file permissive=0 app=com.tencent.mm
01-08 03:04:21.583 I/auditd ( 9674): type=1400 audit(0.0:2832): avc: denied { read } for comm="transThread" name="snmp" dev="proc" ino=4026532270 scontext=u:r:untrusted_app_29:s0:c97,c256,c512,c768 tcontext=u:object_r:proc_net:s0 tclass=file permissive=0 app=com.tencent.mm
01-08 03:04:23.297 I/sysui_multi_action(11322): [757,830,758,4,833,0,854,game_setting_dnd_notification,1089,0]
01-08 03:04:23.308 I/sysui_multi_action(11322): [757,3100,758,2,1089,2155]
01-08 03:04:23.345 I/sysui_multi_action(11322): [757,3102,758,1,833,0,1089,34]
01-08 03:04:23.346 I/sysui_multi_action(11322): [757,1729,758,4,854,isParalleledControllers:false,1089,35]
01-08 03:04:23.824 I/service_manager_stats( 1519): [100,111,15438]
01-08 03:04:23.955 I/sysui_multi_action(11322): [757,830,758,4,833,0,854,game_settings_dnd_notification_switch,1089,0]
01-08 03:04:24.187 I/auditd ( 0): type=1400 audit(0.0:2833): avc: denied { kill } for comm="swapper/0" capability=5 scontext=u:r:kernel:s0 tcontext=u:r:kernel:s0 tclass=capability permissive=0
01-08 03:04:24.607 I/sysui_multi_action(11322): [757,3102,758,2,1089,1261]
01-08 03:04:24.637 I/sysui_multi_action(11322): [757,3100,758,1,833,0,1089,0]
01-08 03:04:25.187 I/auditd ( 0): type=1400 audit(0.0:2834): avc: denied { kill } for comm="swapper/0" capability=5 scontext=u:r:kernel:s0 tcontext=u:r:kernel:s0 tclass=capability permissive=0
01-08 03:04:25.363 I/sysui_multi_action(11322): [757,830,758,4,833,0,854,game_setting_dnd_voice,1089,0]
01-08 03:04:25.370 I/sysui_multi_action(11322): [757,3100,758,2,1089,733]
01-08 03:04:25.402 I/sysui_multi_action(11322): [757,3101,758,1,833,0,1089,27]
01-08 03:04:25.403 I/sysui_multi_action(11322): [757,1729,758,4,854,isParalleledControllers:false,1089,29]
01-08 03:04:26.178 I/sysui_multi_action(11322): [757,3101,758,2,1089,776]
01-08 03:04:26.199 I/sysui_multi_action(11322): [757,3100,758,1,833,0,1089,0]
01-08 03:04:27.045 I/sysui_multi_action(11322): [757,3100,758,2,1089,845]
01-08 03:04:27.074 I/sysui_multi_action(11322): [757,3000,758,1,833,0,1089,0]
01-08 03:04:27.187 I/auditd ( 0): type=1400 audit(0.0:2835): avc: denied { kill } for comm="swapper/0" capability=5 scontext=u:r:kernel:s0 tcontext=u:r:kernel:s0 tclass=capability permissive=0
01-08 03:04:28.187 I/auditd ( 0): type=1400 audit(0.0:2836): avc: denied { kill } for comm="swapper/0" capability=5 scontext=u:r:kernel:s0 tcontext=u:r:kernel:s0 tclass=capability permissive=0
01-08 03:04:28.199 I/wm_task_moved( 1519): [1,0,0]
01-08 03:04:28.199 I/wm_task_moved( 1519): [1,0,7]
01-08 03:04:28.221 I/wm_on_restart_called( 2855): [110752405,com.android.launcher3.uioverrides.QuickstepLauncher,performRestartActivity]
01-08 03:04:28.233 I/am_pss ( 1519): [5865,10069,com.thundercomm.gamemode.provider,10309632,3485696,5803008,51589120,0,3,5]
01-08 03:04:28.249 I/wm_on_start_called( 2855): [110752405,com.android.launcher3.uioverrides.QuickstepLauncher,handleStartActivity]
01-08 03:04:28.260 I/view_enqueue_input_event(11322): [Motion - Cancel,com.android.settings/com.android.settings.Settings]
01-08 03:04:28.261 I/sysui_latency( 2855): [1,69]
01-08 03:04:28.262 I/input_focus( 1519): [Focus request recents_animation_input_consumer,reason=UpdateInputWindows]
01-08 03:04:28.266 I/input_interaction( 1519): Interaction with: edge-swipe (server), swipe-up (server), PointerEventDispatcher0 (server),
01-08 03:04:28.269 I/input_focus( 1519): [Focus leaving a733300 com.android.settings/com.android.settings.Settings (server),reason=NOT_FOCUSABLE]
01-08 03:04:28.269 I/input_focus( 1519): [Focus entering recents_animation_input_consumer (server),reason=setFocusedWindow]
01-08 03:04:28.276 I/sysui_multi_action( 1519): [319,13,322,73,325,5609,757,761,758,9,759,5,806,com.android.launcher3,871,com.android.launcher3.uioverrides.QuickstepLauncher,905,0,1320,4,1321,1]
01-08 03:04:28.450 I/commit_sys_config_file( 1519): [settings-1-0,2]
01-08 03:04:28.575 I/sysui_latency( 1519): [8,82]
01-08 03:04:29.075 I/wm_task_moved( 1519): [1,1,8]
01-08 03:04:29.077 I/wm_task_moved( 1519): [10,1,2147483647]
01-08 03:04:29.077 I/wm_task_to_front( 1519): [0,10]
01-08 03:04:29.077 I/wm_focused_root_task( 1519): [0,0,1,33,RecentsAnimation.onAnimationFinished()]
01-08 03:04:29.077 I/wm_set_resumed_activity( 1519): [0,com.android.launcher3/.uioverrides.QuickstepLauncher,RecentsAnimation.onAnimationFinished()]
01-08 03:04:29.077 I/wm_on_top_resumed_lost_called(11322): [141584062,com.android.settings.Settings,topStateChangedWhenResumed]
01-08 03:04:29.078 I/wm_pause_activity( 1519): [0,141584062,com.android.settings/.Settings,userLeaving=true,pauseBackTasks]
01-08 03:04:29.079 I/wm_add_to_stopping( 1519): [0,141584062,com.android.settings/.Settings,makeInvisible]
01-08 03:04:29.079 I/wm_set_resumed_activity( 1519): [0,com.android.launcher3/.uioverrides.QuickstepLauncher,resumeTopActivityInnerLocked]
01-08 03:04:29.081 I/wm_resume_activity( 1519): [0,110752405,10,com.android.launcher3/.uioverrides.QuickstepLauncher]
01-08 03:04:29.082 I/wm_on_resume_called( 2855): [110752405,com.android.launcher3.uioverrides.QuickstepLauncher,RESUME_ACTIVITY]
01-08 03:04:29.087 I/input_focus( 1519): [Focus request 4e2f174 com.android.launcher3/com.android.launcher3.uioverrides.QuickstepLauncher,reason=UpdateInputWindows]
01-08 03:04:29.092 I/wm_on_top_resumed_gained_called( 2855): [110752405,com.android.launcher3.uioverrides.QuickstepLauncher,topStateChangedWhenResumed]
01-08 03:04:29.093 I/sysui_multi_action(11322): [757,35,758,2,1089,11604]
01-08 03:04:29.093 I/sysui_multi_action(11322): [757,3000,758,2,1089,2019]
01-08 03:04:29.094 I/wm_on_paused_called(11322): [141584062,com.android.settings.Settings,performPause]
01-08 03:04:29.096 I/wm_stop_activity( 1519): [0,141584062,com.android.settings/.Settings]
01-08 03:04:29.096 I/sysui_multi_action( 1519): [757,803,799,window_time_0,802,12]
01-08 03:04:29.100 I/sysui_multi_action( 1519): [757,803,799,window_time_0,802,0]
01-08 03:04:29.105 I/input_focus( 1519): [Focus leaving recents_animation_input_consumer (server),reason=NOT_VISIBLE]
01-08 03:04:29.105 I/input_focus( 1519): [Focus entering 4e2f174 com.android.launcher3/com.android.launcher3.uioverrides.QuickstepLauncher (server),reason=setFocusedWindow]
01-08 03:04:29.128 I/wm_on_stop_called(11322): [141584062,com.android.settings.Settings,STOP_ACTIVITY_ITEM]
01-08 03:04:29.148 I/am_pss ( 1519): [11799,10096,com.tencent.tmgp.sgame,743514112,726159360,33792,885010432,0,16,39]
01-08 03:04:29.187 I/auditd ( 0): type=1400 audit(0.0:2837): avc: denied { kill } for comm="swapper/0" capability=5 scontext=u:r:kernel:s0 tcontext=u:r:kernel:s0 tclass=capability permissive=0
01-08 03:04:30.104 I/input_interaction( 1519): Interaction with: 4e2f174 com.android.launcher3/com.android.launcher3.uioverrides.QuickstepLauncher (server), c8b2b8c com.android.systemui.ImageWallpaper (server), edge-swipe (server), swipe-up (server), PointerEventDispatcher0 (server),
01-08 03:04:30.187 I/auditd ( 0): type=1400 audit(0.0:2838): avc: denied { kill } for comm="swapper/0" capability=5 scontext=u:r:kernel:s0 tcontext=u:r:kernel:s0 tclass=capability permissive=0
01-08 03:04:30.240 I/wm_task_moved( 1519): [34,1,8]
01-08 03:04:30.240 I/wm_task_to_front( 1519): [0,34]
01-08 03:04:30.240 I/wm_focused_root_task( 1519): [0,0,34,1,bringingFoundTaskToFront]
01-08 03:04:30.241 I/wm_set_resumed_activity( 1519): [0,com.tencent.tmgp.sgame/.SGameActivity,bringingFoundTaskToFront]
01-08 03:04:30.241 I/wm_new_intent( 1519): [0,154199911,34,com.tencent.tmgp.sgame/.SGameActivity,android.intent.action.MAIN,NULL,NULL,335544320]
01-08 03:04:30.244 I/wm_pause_activity( 1519): [0,110752405,com.android.launcher3/.uioverrides.QuickstepLauncher,userLeaving=true,pauseBackTasks]
01-08 03:04:30.246 I/wm_on_top_resumed_lost_called( 2855): [110752405,com.android.launcher3.uioverrides.QuickstepLauncher,topStateChangedWhenResumed]
01-08 03:04:30.247 I/wm_on_paused_called( 2855): [110752405,com.android.launcher3.uioverrides.QuickstepLauncher,performPause]
01-08 03:04:30.249 I/wm_set_resumed_activity( 1519): [0,com.tencent.tmgp.sgame/.SGameActivity,resumeTopActivityInnerLocked]
01-08 03:04:30.249 I/wm_add_to_stopping( 1519): [0,110752405,com.android.launcher3/.uioverrides.QuickstepLauncher,makeInvisible]
01-08 03:04:30.251 I/wm_resume_activity( 1519): [0,154199911,34,com.tencent.tmgp.sgame/.SGameActivity]
01-08 03:04:30.260 I/input_focus( 1519): [Focus leaving 4e2f174 com.android.launcher3/com.android.launcher3.uioverrides.QuickstepLauncher (server),reason=NO_WINDOW]
01-08 03:04:30.260 I/wm_on_restart_called(11799): [154199911,com.tencent.tmgp.sgame.SGameActivity,performRestartActivity]
01-08 03:04:30.260 I/sysui_multi_action( 1519): [757,803,799,window_time_0,802,1]
01-08 03:04:30.262 I/wm_on_start_called(11799): [154199911,com.tencent.tmgp.sgame.SGameActivity,handleStartActivity]
01-08 03:04:30.268 I/wm_on_resume_called(11799): [154199911,com.tencent.tmgp.sgame.SGameActivity,RESUME_ACTIVITY]
01-08 03:04:30.268 I/wm_on_top_resumed_gained_called(11799): [154199911,com.tencent.tmgp.sgame.SGameActivity,topWhenResuming]
01-08 03:04:30.277 I/input_focus( 1519): [Focus request 9442d2a com.tencent.tmgp.sgame/com.tencent.tmgp.sgame.SGameActivity,reason=UpdateInputWindows]
01-08 03:04:30.282 I/sysui_multi_action( 1519): [319,14,321,12,322,39,325,5611,757,761,758,9,759,4,806,com.tencent.tmgp.sgame,871,com.tencent.tmgp.sgame.SGameActivity,904,com.tencent.tmgp.sgame,905,0,1320,4,1321,4]
01-08 03:04:30.291 I/input_focus( 1519): [Focus entering 9442d2a com.tencent.tmgp.sgame/com.tencent.tmgp.sgame.SGameActivity (server),reason=setFocusedWindow]
01-08 03:04:30.469 I/commit_sys_config_file( 1519): [settings-1-0,1]
01-08 03:04:30.791 I/wm_stop_activity( 1519): [0,110752405,com.android.launcher3/.uioverrides.QuickstepLauncher]
01-08 03:04:30.809 I/wm_on_stop_called( 2855): [110752405,com.android.launcher3.uioverrides.QuickstepLauncher,STOP_ACTIVITY_ITEM]
01-08 03:04:32.187 I/auditd ( 0): type=1400 audit(0.0:2839): avc: denied { kill } for comm="swapper/7" capability=5 scontext=u:r:kernel:s0 tcontext=u:r:kernel:s0 tclass=capability permissive=0
01-08 03:04:33.187 I/auditd ( 0): type=1400 audit(0.0:2840): avc: denied { kill } for comm="swapper/7" capability=5 scontext=u:r:kernel:s0 tcontext=u:r:kernel:s0 tclass=capability permissive=0
01-08 03:04:34.187 I/auditd ( 0): type=1400 audit(0.0:2841): avc: denied { kill } for comm="swapper/7" capability=5 scontext=u:r:kernel:s0 tcontext=u:r:kernel:s0 tclass=capability permissive=0
01-08 03:04:35.187 I/auditd ( 0): type=1400 audit(0.0:2842): avc: denied { kill } for comm="swapper/7" capability=5 scontext=u:r:kernel:s0 tcontext=u:r:kernel:s0 tclass=capability permissive=0
01-08 03:04:36.187 I/auditd ( 0): type=1400 audit(0.0:2843): avc: denied { kill } for comm="swapper/7" capability=5 scontext=u:r:kernel:s0 tcontext=u:r:kernel:s0 tclass=capability permissive=0
01-08 03:04:37.187 I/auditd ( 0): type=1400 audit(0.0:2844): avc: denied { kill } for comm="swapper/7" capability=5 scontext=u:r:kernel:s0 tcontext=u:r:kernel:s0 tclass=capability permissive=0
01-08 03:04:38.187 I/auditd ( 0): type=1400 audit(0.0:2845): avc: denied { kill } for comm="swapper/7" capability=5 scontext=u:r:kernel:s0 tcontext=u:r:kernel:s0 tclass=capability permissive=0
01-08 03:04:39.187 I/auditd ( 0): type=1400 audit(0.0:2846): avc: denied { kill } for comm="swapper/7" capability=5 scontext=u:r:kernel:s0 tcontext=u:r:kernel:s0 tclass=capability permissive=0
01-08 03:04:40.187 I/auditd ( 0): type=1400 audit(0.0:2847): avc: denied { kill } for comm="swapper/7" capability=5 scontext=u:r:kernel:s0 tcontext=u:r:kernel:s0 tclass=capability permissive=0
01-08 03:04:40.587 I/am_pss ( 1519): [12792,10097,com.tencent.mm:tools,100749312,49823744,36864,330612736,0,17,13]
01-08 03:04:40.606 I/am_pss ( 1519): [12625,10097,com.tencent.mm:appbrand0,224986112,159948800,35840,484417536,0,17,19]
01-08 03:04:40.623 I/am_pss ( 1519): [12627,10097,com.tencent.mm:appbrand1,126432256,82108416,35840,361332736,0,17,16]
01-08 03:04:41.051 I/notification_enqueue( 1519): [10097,9674,com.tencent.mm,1101346194,NULL,0,Notification(channel=message_channel_new_id shortcut=null contentView=null vibrate=null sound=null tick defaults=0x0 flags=0x11 color=0x00000000 category=msg vis=PRIVATE),0]
01-08 03:04:41.187 I/auditd ( 0): type=1400 audit(0.0:2848): avc: denied { kill } for comm="swapper/7" capability=5 scontext=u:r:kernel:s0 tcontext=u:r:kernel:s0 tclass=capability permissive=0
01-08 03:04:41.252 I/sysui_multi_action( 1519): [757,1501,758,1,793,201,794,0,795,201,796,1101346194,806,com.tencent.mm,857,message_channel_new_id,858,4,947,0,1500,0,1641,msg,1688,1]
01-08 03:04:41.252 I/sysui_multi_action( 1519): [757,804,799,note_interruptive,801,0,802,1]
01-08 03:04:42.187 I/auditd ( 0): type=1400 audit(0.0:2849): avc: denied { kill } for comm="swapper/7" capability=5 scontext=u:r:kernel:s0 tcontext=u:r:kernel:s0 tclass=capability permissive=0
01-08 03:04:43.187 I/auditd ( 0): type=1400 audit(0.0:2850): avc: denied { kill } for comm="swapper/7" capability=5 scontext=u:r:kernel:s0 tcontext=u:r:kernel:s0 tclass=capability permissive=0
01-08 03:04:44.187 I/auditd ( 0): type=1400 audit(0.0:2851): avc: denied { kill } for comm="swapper/7" capability=5 scontext=u:r:kernel:s0 tcontext=u:r:kernel:s0 tclass=capability permissive=0
01-08 03:04:45.181 I/input_interaction( 1519): Interaction with: 9442d2a com.tencent.tmgp.sgame/com.tencent.tmgp.sgame.SGameActivity (server), edge-swipe (server), swipe-up (server), PointerEventDispatcher0 (server),
01-08 03:04:45.187 I/auditd ( 0): type=1400 audit(0.0:2852): avc: denied { kill } for comm="swapper/7" capability=5 scontext=u:r:kernel:s0 tcontext=u:r:kernel:s0 tclass=capability permissive=0
01-08 03:04:46.187 I/auditd ( 0): type=1400 audit(0.0:2853): avc: denied { kill } for comm="swapper/7" capability=5 scontext=u:r:kernel:s0 tcontext=u:r:kernel:s0 tclass=capability permissive=0
01-08 03:04:47.030 I/netstats_mobile_sample( 1519): [0,0,0,0,0,0,0,0,0,0,0,0,1673118287030]
01-08 03:04:47.030 I/netstats_wifi_sample( 1519): [8183324807,5998353,80553193,1233165,8183324807,5998353,80553193,1233165,8184002071,6010923,71896068,1213576,1673118287030]
01-08 03:04:47.187 I/auditd ( 0): type=1400 audit(0.0:2854): avc: denied { kill } for comm="swapper/7" capability=5 scontext=u:r:kernel:s0 tcontext=u:r:kernel:s0 tclass=capability permissive=0
01-08 03:04:47.301 I/input_interaction( 1519): Interaction with: 341370a StatusBar (server), edge-swipe (server), swipe-up (server), PointerEventDispatcher0 (server),
01-08 03:04:47.302 I/sysui_multi_action( 2378): [757,803,799,panel_open,802,1]
01-08 03:04:47.302 I/sysui_multi_action( 2378): [757,1328,758,4,1326,44,1327,4,1329,0]
01-08 03:04:47.348 I/sysui_multi_action( 1519): [757,127,758,1]
01-08 03:04:47.348 I/sysui_multi_action( 1519): [757,804,799,note_load,801,4,802,1]
01-08 03:04:47.348 I/notification_panel_revealed( 1519): 4
01-08 03:04:47.354 I/input_focus( 1519): [Focus request e19dcb9 NotificationShade,reason=UpdateInputWindows]
01-08 03:04:47.358 I/sysui_multi_action( 1519): [757,128,758,1,793,5548411,794,0,795,5548411,796,26,798,0,806,android,857,DEVELOPER_IMPORTANT,858,4,947,0,1395,4,1500,5548207,1688,1]
01-08 03:04:47.358 I/sysui_multi_action( 1519): [757,804,799,note_freshness,801,5548411,802,1]
01-08 03:04:47.358 I/notification_visibility( 1519): [-1|android|26|null|1000,1,5548411,5548411,0,0]
01-08 03:04:47.358 I/sysui_multi_action( 1519): [757,128,758,1,793,6307,794,0,795,6307,796,1101346194,798,1,806,com.tencent.mm,857,message_channel_new_id,858,4,947,0,1395,4,1500,6106,1641,msg,1688,1]
01-08 03:04:47.358 I/sysui_multi_action( 1519): [757,804,799,note_freshness,801,6307,802,1]
01-08 03:04:47.358 I/notification_visibility( 1519): [0|com.tencent.mm|1101346194|null|10097,1,6307,6307,0,1]
01-08 03:04:47.359 I/sysui_multi_action( 1519): [757,128,758,1,793,1078861,794,0,795,1078861,796,4273,798,2,806,com.android.systemui,857,screen_record,858,3,947,0,1395,4,1500,1078659,1688,1,1745,680407814]
01-08 03:04:47.359 I/sysui_multi_action( 1519): [757,804,799,note_freshness,801,1078861,802,1]
01-08 03:04:47.359 I/notification_visibility( 1519): [0|com.android.systemui|4273|null|10081,1,1078861,1078861,0,2]
01-08 03:04:47.359 I/sysui_multi_action( 1519): [757,128,758,1,793,5602270,794,0,795,5602270,796,32,798,3,806,android,857,USB,858,1,947,0,1395,4,1500,5602067,1688,1]
01-08 03:04:47.359 I/sysui_multi_action( 1519): [757,804,799,note_freshness,801,5602270,802,1]
01-08 03:04:47.359 I/notification_visibility( 1519): [-1|android|32|null|1000,1,5602270,5602270,0,3]
01-08 03:04:47.365 I/input_focus( 1519): [Focus leaving 9442d2a com.tencent.tmgp.sgame/com.tencent.tmgp.sgame.SGameActivity (server),reason=setFocusedWindow]
01-08 03:04:47.365 I/input_focus( 1519): [Focus entering e19dcb9 NotificationShade (server),reason=setFocusedWindow]
01-08 03:04:47.397 I/sysui_multi_action( 2378): [757,111,758,1]
01-08 03:04:47.397 I/sysui_multi_action( 2378): [757,126,758,1,759,126,927,0,928,1,1593,1]
01-08 03:04:47.397 I/sysui_multi_action( 2378): [757,113,758,1,759,113,927,1,928,1,1593,1]
01-08 03:04:47.397 I/sysui_multi_action( 2378): [757,0,758,1,759,0,927,2,928,0,1593,1]
01-08 03:04:47.397 I/sysui_multi_action( 2378): [757,0,758,1,759,0,927,3,928,0,1593,1]
01-08 03:04:47.398 I/sysui_multi_action( 2378): [757,491,758,1,759,491,927,4,928,0,1311,-1,1593,0]
01-08 03:04:47.398 I/sysui_multi_action( 2378): [757,0,758,1,759,0,927,5,928,0,1593,0]
01-08 03:04:47.398 I/sysui_multi_action( 2378): [757,111,758,1]
01-08 03:04:47.398 I/sysui_multi_action( 2378): [757,126,758,1,759,126,927,0,928,1,1593,1]
01-08 03:04:47.398 I/sysui_multi_action( 2378): [757,113,758,1,759,113,927,1,928,1,1593,1]
01-08 03:04:47.398 I/sysui_multi_action( 2378): [757,0,758,1,759,0,927,2,928,0,1593,1]
01-08 03:04:47.398 I/sysui_multi_action( 2378): [757,0,758,1,759,0,927,3,928,0,1593,1]
01-08 03:04:47.744 I/am_proc_died( 1519): [0,12792,com.tencent.mm:tools,0,11]
01-08 03:04:47.744 I/am_broadcast_discard_app( 1519): [0,180942531,NULL,0,ResolveInfo{2209a79 com.tencent.mm/.booter.MMReceivers$ToolsProcessReceiver m=0x0}]
01-08 03:04:47.745 I/am_schedule_service_restart( 1519): [0,com.tencent.mm/.ipcinvoker.wx_extension.service.ToolsProcessIPCService,1000]
01-08 03:04:47.766 I/am_proc_died( 1519): [0,12627,com.tencent.mm:appbrand1,950,17]
01-08 03:04:47.766 I/am_schedule_service_restart( 1519): [0,com.tencent.mm/.ipcinvoker.wx_extension.service.Appbrand1IPCService,1000]
01-08 03:04:47.779 I/am_proc_died( 1519): [0,12625,com.tencent.mm:appbrand0,940,17]
01-08 03:04:47.779 I/am_schedule_service_restart( 1519): [0,com.tencent.mm/.ipcinvoker.wx_extension.service.Appbrand0IPCService,1000]
01-08 03:04:48.187 I/auditd ( 0): type=1400 audit(0.0:2855): avc: denied { kill } for comm="swapper/7" capability=5 scontext=u:r:kernel:s0 tcontext=u:r:kernel:s0 tclass=capability permissive=0
01-08 03:04:48.602 I/am_freeze( 1519): [5754,com.qti.diagservices]
01-08 03:04:48.604 I/am_kill ( 1519): [0,5754,com.qti.diagservices,965,Unable to freeze binder interface]
01-08 03:04:48.617 I/am_proc_died( 1519): [0,5754,com.qti.diagservices,965,10]
01-08 03:04:48.617 I/am_schedule_service_restart( 1519): [0,com.qti.diagservices/.QTIDiagServices,1000]
01-08 03:04:49.184 I/input_interaction( 1519): Interaction with: e19dcb9 NotificationShade (server), edge-swipe (server), swipe-up (server), PointerEventDispatcher0 (server),
01-08 03:04:49.187 I/auditd ( 0): type=1400 audit(0.0:2856): avc: denied { kill } for comm="swapper/7" capability=5 scontext=u:r:kernel:s0 tcontext=u:r:kernel:s0 tclass=capability permissive=0
01-08 03:04:49.624 I/am_proc_start( 1519): [0,13175,1000,com.qti.diagservices,service,{com.qti.diagservices/com.qti.diagservices.QTIDiagServices}]
01-08 03:04:49.635 I/am_proc_bound( 1519): [0,13175,com.qti.diagservices]
01-08 03:04:49.638 I/notification_enqueue( 1519): [10081,2378,com.android.systemui,2048,NULL,0,Notification(channel=updateNotification shortcut=null contentView=null vibrate=null sound=null defaults=0x0 flags=0x0 color=0x00000000 vis=PRIVATE),1]
01-08 03:04:49.639 I/sysui_multi_action( 2378): [757,111,758,2]
01-08 03:04:49.639 I/sysui_multi_action( 2378): [757,111,758,2]
01-08 03:04:49.671 I/auditd (13175): type=1400 audit(0.0:2857): avc: denied { read write } for comm="ti.diagservices" name="diag" dev="tmpfs" ino=12529 scontext=u:r:system_app:s0 tcontext=u:object_r:vendor_diag_device:s0 tclass=chr_file permissive=0
01-08 03:04:49.842 I/input_focus( 1519): [Focus request 9442d2a com.tencent.tmgp.sgame/com.tencent.tmgp.sgame.SGameActivity,reason=UpdateInputWindows]
01-08 03:04:49.844 I/sysui_multi_action( 1519): [757,128,758,2,793,5550897,794,2486,795,5550897,796,26,798,0,806,android,857,DEVELOPER_IMPORTANT,858,4,947,0,1395,4,1500,5550693,1688,1]
01-08 03:04:49.844 I/notification_visibility( 1519): [-1|android|26|null|1000,0,5550897,5550897,0,0]
01-08 03:04:49.845 I/sysui_multi_action( 1519): [757,128,758,2,793,8794,794,2487,795,8794,796,1101346194,798,1,806,com.tencent.mm,857,message_channel_new_id,858,4,947,0,1395,4,1500,8593,1641,msg,1688,1]
01-08 03:04:49.845 I/notification_visibility( 1519): [0|com.tencent.mm|1101346194|null|10097,0,8794,8794,0,1]
01-08 03:04:49.845 I/sysui_multi_action( 1519): [757,128,758,2,793,1081347,794,2486,795,1081347,796,4273,798,2,806,com.android.systemui,857,screen_record,858,3,947,0,1395,4,1500,1081145,1688,1,1745,680407814]
01-08 03:04:49.845 I/notification_visibility( 1519): [0|com.android.systemui|4273|null|10081,0,1081347,1081347,0,2]
