01-08 05:16:50.894 I/am_wtf ( 1519): [0,1519,system_server,-1,DisplayDeviceConfig,requesting nits when no mapping exists.]
01-08 05:16:50.911 I/am_wtf ( 1519): [0,1519,system_server,-1,DisplayDeviceConfig,requesting nits when no mapping exists.]
01-08 05:16:50.911 I/service_manager_stats( 1519): [100,35,6916]
01-08 05:16:50.911 I/am_wtf ( 1519): [0,1519,system_server,-1,DisplayDeviceConfig,requesting nits when no mapping exists.]
01-08 05:16:50.927 I/am_wtf ( 1519): [0,1519,system_server,-1,DisplayDeviceConfig,requesting nits when no mapping exists.]
01-08 05:16:50.927 I/am_wtf ( 1519): [0,1519,system_server,-1,DisplayDeviceConfig,requesting nits when no mapping exists.]
01-08 05:16:50.943 I/am_wtf ( 1519): [0,1519,system_server,-1,DisplayDeviceConfig,requesting nits when no mapping exists.]
01-08 05:16:50.944 I/am_wtf ( 1519): [0,1519,system_server,-1,DisplayDeviceConfig,requesting nits when no mapping exists.]
01-08 05:16:50.960 I/am_wtf ( 1519): [0,1519,system_server,-1,DisplayDeviceConfig,requesting nits when no mapping exists.]
01-08 05:16:50.960 I/am_wtf ( 1519): [0,1519,system_server,-1,DisplayDeviceConfig,requesting nits when no mapping exists.]
01-08 05:16:50.977 I/am_wtf ( 1519): [0,1519,system_server,-1,DisplayDeviceConfig,requesting nits when no mapping exists.]
01-08 05:16:50.977 I/am_wtf ( 1519): [0,1519,system_server,-1,DisplayDeviceConfig,requesting nits when no mapping exists.]
01-08 05:16:50.994 I/am_wtf ( 1519): [0,1519,system_server,-1,DisplayDeviceConfig,requesting nits when no mapping exists.]
01-08 05:16:50.994 I/am_wtf ( 1519): [0,1519,system_server,-1,DisplayDeviceConfig,requesting nits when no mapping exists.]
01-08 05:16:51.010 I/am_wtf ( 1519): [0,1519,system_server,-1,DisplayDeviceConfig,requesting nits when no mapping exists.]
01-08 05:16:51.011 I/am_wtf ( 1519): [0,1519,system_server,-1,DisplayDeviceConfig,requesting nits when no mapping exists.]
01-08 05:16:51.027 I/am_wtf ( 1519): [0,1519,system_server,-1,DisplayDeviceConfig,requesting nits when no mapping exists.]
01-08 05:16:51.027 I/am_wtf ( 1519): [0,1519,system_server,-1,DisplayDeviceConfig,requesting nits when no mapping exists.]
01-08 05:16:51.044 I/am_wtf ( 1519): [0,1519,system_server,-1,DisplayDeviceConfig,requesting nits when no mapping exists.]
01-08 05:16:51.044 I/am_wtf ( 1519): [0,1519,system_server,-1,DisplayDeviceConfig,requesting nits when no mapping exists.]
01-08 05:16:51.060 I/am_wtf ( 1519): [0,1519,system_server,-1,DisplayDeviceConfig,requesting nits when no mapping exists.]
01-08 05:16:51.061 I/am_wtf ( 1519): [0,1519,system_server,-1,DisplayDeviceConfig,requesting nits when no mapping exists.]
01-08 05:16:51.077 I/am_wtf ( 1519): [0,1519,system_server,-1,DisplayDeviceConfig,requesting nits when no mapping exists.]
01-08 05:16:51.077 I/am_wtf ( 1519): [0,1519,system_server,-1,DisplayDeviceConfig,requesting nits when no mapping exists.]
01-08 05:16:51.094 I/am_wtf ( 1519): [0,1519,system_server,-1,DisplayDeviceConfig,requesting nits when no mapping exists.]
01-08 05:16:51.094 I/am_wtf ( 1519): [0,1519,system_server,-1,DisplayDeviceConfig,requesting nits when no mapping exists.]
01-08 05:16:51.111 I/am_wtf ( 1519): [0,1519,system_server,-1,DisplayDeviceConfig,requesting nits when no mapping exists.]
01-08 05:16:51.111 I/am_wtf ( 1519): [0,1519,system_server,-1,DisplayDeviceConfig,requesting nits when no mapping exists.]
01-08 05:16:51.127 I/am_wtf ( 1519): [0,1519,system_server,-1,DisplayDeviceConfig,requesting nits when no mapping exists.]
01-08 05:16:51.128 I/am_wtf ( 1519): [0,1519,system_server,-1,DisplayDeviceConfig,requesting nits when no mapping exists.]
01-08 05:16:51.144 I/am_wtf ( 1519): [0,1519,system_server,-1,DisplayDeviceConfig,requesting nits when no mapping exists.]
01-08 05:16:51.144 I/am_wtf ( 1519): [0,1519,system_server,-1,DisplayDeviceConfig,requesting nits when no mapping exists.]
01-08 05:16:51.161 I/am_wtf ( 1519): [0,1519,system_server,-1,DisplayDeviceConfig,requesting nits when no mapping exists.]
01-08 05:16:51.161 I/am_wtf ( 1519): [0,1519,system_server,-1,DisplayDeviceConfig,requesting nits when no mapping exists.]
01-08 05:16:51.178 I/am_wtf ( 1519): [0,1519,system_server,-1,DisplayDeviceConfig,requesting nits when no mapping exists.]
01-08 05:16:51.178 I/am_wtf ( 1519): [0,1519,system_server,-1,DisplayDeviceConfig,requesting nits when no mapping exists.]
01-08 05:16:51.187 I/auditd ( 0): type=1400 audit(0.0:11340): avc: denied { kill } for comm="swapper/0" capability=5 scontext=u:r:kernel:s0 tcontext=u:r:kernel:s0 tclass=capability permissive=0
01-08 05:16:51.196 I/am_wtf ( 1519): [0,1519,system_server,-1,DisplayDeviceConfig,requesting nits when no mapping exists.]
01-08 05:16:51.196 I/am_wtf ( 1519): [0,1519,system_server,-1,DisplayDeviceConfig,requesting nits when no mapping exists.]
01-08 05:16:51.211 I/am_wtf ( 1519): [0,1519,system_server,-1,DisplayDeviceConfig,requesting nits when no mapping exists.]
01-08 05:16:51.211 I/am_wtf ( 1519): [0,1519,system_server,-1,DisplayDeviceConfig,requesting nits when no mapping exists.]
01-08 05:16:51.228 I/am_wtf ( 1519): [0,1519,system_server,-1,DisplayDeviceConfig,requesting nits when no mapping exists.]
01-08 05:16:51.228 I/am_wtf ( 1519): [0,1519,system_server,-1,DisplayDeviceConfig,requesting nits when no mapping exists.]
01-08 05:16:51.244 I/am_wtf ( 1519): [0,1519,system_server,-1,DisplayDeviceConfig,requesting nits when no mapping exists.]
01-08 05:16:51.245 I/am_wtf ( 1519): [0,1519,system_server,-1,DisplayDeviceConfig,requesting nits when no mapping exists.]
01-08 05:16:51.261 I/am_wtf ( 1519): [0,1519,system_server,-1,DisplayDeviceConfig,requesting nits when no mapping exists.]
01-08 05:16:51.262 I/am_wtf ( 1519): [0,1519,system_server,-1,DisplayDeviceConfig,requesting nits when no mapping exists.]
01-08 05:16:51.278 I/am_wtf ( 1519): [0,1519,system_server,-1,DisplayDeviceConfig,requesting nits when no mapping exists.]
01-08 05:16:51.278 I/am_wtf ( 1519): [0,1519,system_server,-1,DisplayDeviceConfig,requesting nits when no mapping exists.]
01-08 05:16:51.294 I/am_wtf ( 1519): [0,1519,system_server,-1,DisplayDeviceConfig,requesting nits when no mapping exists.]
01-08 05:16:51.295 I/am_wtf ( 1519): [0,1519,system_server,-1,DisplayDeviceConfig,requesting nits when no mapping exists.]
01-08 05:16:51.311 I/am_wtf ( 1519): [0,1519,system_server,-1,DisplayDeviceConfig,requesting nits when no mapping exists.]
01-08 05:16:51.311 I/am_wtf ( 1519): [0,1519,system_server,-1,DisplayDeviceConfig,requesting nits when no mapping exists.]
01-08 05:16:51.328 I/am_wtf ( 1519): [0,1519,system_server,-1,DisplayDeviceConfig,requesting nits when no mapping exists.]
01-08 05:16:51.328 I/am_wtf ( 1519): [0,1519,system_server,-1,DisplayDeviceConfig,requesting nits when no mapping exists.]
01-08 05:16:51.344 I/am_wtf ( 1519): [0,1519,system_server,-1,DisplayDeviceConfig,requesting nits when no mapping exists.]
01-08 05:16:51.344 I/am_wtf ( 1519): [0,1519,system_server,-1,DisplayDeviceConfig,requesting nits when no mapping exists.]
01-08 05:16:51.361 I/am_wtf ( 1519): [0,1519,system_server,-1,DisplayDeviceConfig,requesting nits when no mapping exists.]
01-08 05:16:51.361 I/am_wtf ( 1519): [0,1519,system_server,-1,DisplayDeviceConfig,requesting nits when no mapping exists.]
01-08 05:16:51.378 I/am_wtf ( 1519): [0,1519,system_server,-1,DisplayDeviceConfig,requesting nits when no mapping exists.]
01-08 05:16:51.378 I/am_wtf ( 1519): [0,1519,system_server,-1,DisplayDeviceConfig,requesting nits when no mapping exists.]
01-08 05:16:51.394 I/am_wtf ( 1519): [0,1519,system_server,-1,DisplayDeviceConfig,requesting nits when no mapping exists.]
01-08 05:16:51.395 I/am_wtf ( 1519): [0,1519,system_server,-1,DisplayDeviceConfig,requesting nits when no mapping exists.]
01-08 05:16:51.411 I/am_wtf ( 1519): [0,1519,system_server,-1,DisplayDeviceConfig,requesting nits when no mapping exists.]
01-08 05:16:51.411 I/am_wtf ( 1519): [0,1519,system_server,-1,DisplayDeviceConfig,requesting nits when no mapping exists.]
01-08 05:16:51.428 I/am_wtf ( 1519): [0,1519,system_server,-1,DisplayDeviceConfig,requesting nits when no mapping exists.]
01-08 05:16:51.428 I/am_wtf ( 1519): [0,1519,system_server,-1,DisplayDeviceConfig,requesting nits when no mapping exists.]
01-08 05:16:51.445 I/am_wtf ( 1519): [0,1519,system_server,-1,DisplayDeviceConfig,requesting nits when no mapping exists.]
01-08 05:16:51.445 I/am_wtf ( 1519): [0,1519,system_server,-1,DisplayDeviceConfig,requesting nits when no mapping exists.]
01-08 05:16:51.461 I/am_wtf ( 1519): [0,1519,system_server,-1,DisplayDeviceConfig,requesting nits when no mapping exists.]
01-08 05:16:51.461 I/am_wtf ( 1519): [0,1519,system_server,-1,DisplayDeviceConfig,requesting nits when no mapping exists.]
01-08 05:16:51.478 I/am_wtf ( 1519): [0,1519,system_server,-1,DisplayDeviceConfig,requesting nits when no mapping exists.]
01-08 05:16:51.478 I/am_wtf ( 1519): [0,1519,system_server,-1,DisplayDeviceConfig,requesting nits when no mapping exists.]
01-08 05:16:52.187 I/auditd ( 0): type=1400 audit(0.0:11341): avc: denied { kill } for comm="swapper/0" capability=5 scontext=u:r:kernel:s0 tcontext=u:r:kernel:s0 tclass=capability permissive=0
01-08 05:16:53.187 I/auditd ( 0): type=1400 audit(0.0:11342): avc: denied { kill } for comm="swapper/0" capability=5 scontext=u:r:kernel:s0 tcontext=u:r:kernel:s0 tclass=capability permissive=0
01-08 05:16:54.191 I/auditd ( 0): type=1400 audit(0.0:11343): avc: denied { kill } for comm="swapper/0" capability=5 scontext=u:r:kernel:s0 tcontext=u:r:kernel:s0 tclass=capability permissive=0
01-08 05:16:55.191 I/auditd ( 0): type=1400 audit(0.0:11344): avc: denied { kill } for comm="swapper/0" capability=5 scontext=u:r:kernel:s0 tcontext=u:r:kernel:s0 tclass=capability permissive=0
01-08 05:16:56.191 I/auditd ( 0): type=1400 audit(0.0:11345): avc: denied { kill } for comm="swapper/0" capability=5 scontext=u:r:kernel:s0 tcontext=u:r:kernel:s0 tclass=capability permissive=0
01-08 05:16:58.187 I/auditd ( 0): type=1400 audit(0.0:11346): avc: denied { kill } for comm="swapper/0" capability=5 scontext=u:r:kernel:s0 tcontext=u:r:kernel:s0 tclass=capability permissive=0
01-08 05:16:59.187 I/auditd ( 0): type=1400 audit(0.0:11347): avc: denied { kill } for comm="swapper/0" capability=5 scontext=u:r:kernel:s0 tcontext=u:r:kernel:s0 tclass=capability permissive=0
01-08 05:17:00.187 I/auditd ( 0): type=1400 audit(0.0:11348): avc: denied { kill } for comm="swapper/0" capability=5 scontext=u:r:kernel:s0 tcontext=u:r:kernel:s0 tclass=capability permissive=0
01-08 05:17:03.191 I/auditd ( 0): type=1400 audit(0.0:11349): avc: denied { kill } for comm="swapper/0" capability=5 scontext=u:r:kernel:s0 tcontext=u:r:kernel:s0 tclass=capability permissive=0
01-08 05:17:04.187 I/auditd ( 0): type=1400 audit(0.0:11350): avc: denied { kill } for comm="swapper/0" capability=5 scontext=u:r:kernel:s0 tcontext=u:r:kernel:s0 tclass=capability permissive=0
01-08 05:17:05.187 I/auditd ( 0): type=1400 audit(0.0:11351): avc: denied { kill } for comm="swapper/0" capability=5 scontext=u:r:kernel:s0 tcontext=u:r:kernel:s0 tclass=capability permissive=0
01-08 05:17:06.187 I/auditd ( 0): type=1400 audit(0.0:11352): avc: denied { kill } for comm="swapper/0" capability=5 scontext=u:r:kernel:s0 tcontext=u:r:kernel:s0 tclass=capability permissive=0
01-08 05:17:07.191 I/auditd ( 0): type=1400 audit(0.0:11353): avc: denied { kill } for comm="swapper/0" capability=5 scontext=u:r:kernel:s0 tcontext=u:r:kernel:s0 tclass=capability permissive=0
01-08 05:17:07.726 I/netstats_mobile_sample( 1519): [0,0,0,0,0,0,0,0,0,0,0,0,1673126227726]
01-08 05:17:07.726 I/netstats_wifi_sample( 1519): [8228711398,6101183,170129872,1434667,8228711398,6101183,170129872,1434667,8237121829,6163236,116879250,1315824,1673126227726]
01-08 05:17:08.191 I/auditd ( 0): type=1400 audit(0.0:11354): avc: denied { kill } for comm="swapper/0" capability=5 scontext=u:r:kernel:s0 tcontext=u:r:kernel:s0 tclass=capability permissive=0
01-08 05:17:09.191 I/auditd ( 0): type=1400 audit(0.0:11355): avc: denied { kill } for comm="swapper/0" capability=5 scontext=u:r:kernel:s0 tcontext=u:r:kernel:s0 tclass=capability permissive=0
01-08 05:17:10.191 I/auditd ( 0): type=1400 audit(0.0:11356): avc: denied { kill } for comm="swapper/0" capability=5 scontext=u:r:kernel:s0 tcontext=u:r:kernel:s0 tclass=capability permissive=0
01-08 05:17:11.191 I/auditd ( 0): type=1400 audit(0.0:11357): avc: denied { kill } for comm="swapper/0" capability=5 scontext=u:r:kernel:s0 tcontext=u:r:kernel:s0 tclass=capability permissive=0
01-08 05:17:12.187 I/auditd ( 0): type=1400 audit(0.0:11358): avc: denied { kill } for comm="swapper/0" capability=5 scontext=u:r:kernel:s0 tcontext=u:r:kernel:s0 tclass=capability permissive=0
01-08 05:17:13.191 I/auditd ( 0): type=1400 audit(0.0:11359): avc: denied { kill } for comm="swapper/0" capability=5 scontext=u:r:kernel:s0 tcontext=u:r:kernel:s0 tclass=capability permissive=0
01-08 05:17:14.191 I/auditd ( 0): type=1400 audit(0.0:11360): avc: denied { kill } for comm="swapper/0" capability=5 scontext=u:r:kernel:s0 tcontext=u:r:kernel:s0 tclass=capability permissive=0
01-08 05:17:15.191 I/auditd ( 0): type=1400 audit(0.0:11361): avc: denied { kill } for comm="swapper/0" capability=5 scontext=u:r:kernel:s0 tcontext=u:r:kernel:s0 tclass=capability permissive=0
01-08 05:17:16.187 I/auditd ( 0): type=1400 audit(0.0:11362): avc: denied { kill } for comm="swapper/0" capability=5 scontext=u:r:kernel:s0 tcontext=u:r:kernel:s0 tclass=capability permissive=0
01-08 05:17:17.191 I/auditd ( 0): type=1400 audit(0.0:11363): avc: denied { kill } for comm="swapper/0" capability=5 scontext=u:r:kernel:s0 tcontext=u:r:kernel:s0 tclass=capability permissive=0
01-08 05:17:18.191 I/auditd ( 0): type=1400 audit(0.0:11364): avc: denied { kill } for comm="swapper/0" capability=5 scontext=u:r:kernel:s0 tcontext=u:r:kernel:s0 tclass=capability permissive=0
01-08 05:17:19.187 I/auditd ( 0): type=1400 audit(0.0:11365): avc: denied { kill } for comm="swapper/0" capability=5 scontext=u:r:kernel:s0 tcontext=u:r:kernel:s0 tclass=capability permissive=0
01-08 05:17:20.191 I/auditd ( 0): type=1400 audit(0.0:11366): avc: denied { kill } for comm="swapper/0" capability=5 scontext=u:r:kernel:s0 tcontext=u:r:kernel:s0 tclass=capability permissive=0
01-08 05:17:21.191 I/auditd ( 0): type=1400 audit(0.0:11367): avc: denied { kill } for comm="swapper/0" capability=5 scontext=u:r:kernel:s0 tcontext=u:r:kernel:s0 tclass=capability permissive=0
01-08 05:17:21.689 I/input_interaction( 1519): Interaction with: b6af8a5 com.thundercomm.screensaver/android.service.dreams.DreamActivity (server), edge-swipe (server), swipe-up (server), PointerEventDispatcher0 (server),
01-08 05:17:21.692 I/wm_finish_activity( 1519): [0,212129513,42,com.thundercomm.screensaver/android.service.dreams.DreamActivity,finish-activity]
01-08 05:17:21.693 I/wm_task_moved( 1519): [1,1,7]
01-08 05:17:21.693 I/wm_task_moved( 1519): [10,1,2147483647]
01-08 05:17:21.693 I/wm_task_to_front( 1519): [0,10]
01-08 05:17:21.694 I/wm_focused_root_task( 1519): [0,0,1,42,finish-top adjustFocusToNextFocusableTask]
01-08 05:17:21.694 I/wm_set_resumed_activity( 1519): [0,com.android.launcher3/.uioverrides.QuickstepLauncher,finish-top adjustFocusToNextFocusableTask]
01-08 05:17:21.696 I/wm_pause_activity( 1519): [0,212129513,com.thundercomm.screensaver/android.service.dreams.DreamActivity,userLeaving=false,finish]
01-08 05:17:21.703 I/sysui_multi_action( 1519): [757,803,799,window_time_0,802,31]
01-08 05:17:21.705 I/wm_on_top_resumed_lost_called(14634): [212129513,android.service.dreams.DreamActivity,topStateChangedWhenResumed]
01-08 05:17:21.705 I/wm_on_paused_called(14634): [212129513,android.service.dreams.DreamActivity,performPause]
01-08 05:17:21.706 I/wm_add_to_stopping( 1519): [0,212129513,com.thundercomm.screensaver/android.service.dreams.DreamActivity,completeFinishing]
01-08 05:17:21.708 I/wm_set_resumed_activity( 1519): [0,com.android.launcher3/.uioverrides.QuickstepLauncher,resumeTopActivityInnerLocked]
01-08 05:17:21.709 I/wm_resume_activity( 1519): [0,110752405,10,com.android.launcher3/.uioverrides.QuickstepLauncher]
01-08 05:17:21.713 I/sysui_multi_action( 1519): [757,803,799,window_time_0,802,0]
01-08 05:17:21.719 I/view_enqueue_input_event(14634): [Motion - Cancel,com.thundercomm.screensaver/android.service.dreams.DreamActivity]
01-08 05:17:21.719 I/input_focus( 1519): [Focus leaving b6af8a5 com.thundercomm.screensaver/android.service.dreams.DreamActivity (server),reason=NO_WINDOW]
01-08 05:17:21.722 I/wm_on_restart_called( 2855): [110752405,com.android.launcher3.uioverrides.QuickstepLauncher,performRestartActivity]
01-08 05:17:21.722 I/wm_on_start_called( 2855): [110752405,com.android.launcher3.uioverrides.QuickstepLauncher,handleStartActivity]
01-08 05:17:21.722 I/wm_on_resume_called( 2855): [110752405,com.android.launcher3.uioverrides.QuickstepLauncher,RESUME_ACTIVITY]
01-08 05:17:21.722 I/wm_on_top_resumed_gained_called( 2855): [110752405,com.android.launcher3.uioverrides.QuickstepLauncher,topWhenResuming]
01-08 05:17:21.726 I/input_interaction( 1519): Interaction with: edge-swipe (server), swipe-up (server), PointerEventDispatcher0 (server),
01-08 05:17:21.742 I/input_focus( 1519): [Focus request 4e2f174 com.android.launcher3/com.android.launcher3.uioverrides.QuickstepLauncher,reason=UpdateInputWindows]
01-08 05:17:21.768 I/input_focus( 1519): [Focus entering 4e2f174 com.android.launcher3/com.android.launcher3.uioverrides.QuickstepLauncher (server),reason=Window became focusable. Previous reason: NOT_VISIBLE]
01-08 05:17:22.011 I/wm_destroy_activity( 1519): [0,212129513,42,com.thundercomm.screensaver/android.service.dreams.DreamActivity,finish-imm:idle]
01-08 05:17:22.031 I/wm_on_stop_called(14634): [212129513,android.service.dreams.DreamActivity,LIFECYCLER_STOP_ACTIVITY]
01-08 05:17:22.032 I/wm_on_destroy_called(14634): [212129513,android.service.dreams.DreamActivity,performDestroy]
01-08 05:17:22.041 I/sysui_multi_action( 1519): [757,222,758,2]
01-08 05:17:22.041 I/sysui_multi_action( 1519): [757,804,799,dreaming_minutes,801,0,802,1]
01-08 05:17:22.047 I/wm_task_removed( 1519): [42,removeChild:removeChild last r=ActivityRecord{ca4d6e9 u0 com.thundercomm.screensaver/android.service.dreams.DreamActivity t-1 f}} in t=Task{942d02a #42 type=dream A=10052:android:com.thundercomm.screensaver/dream U=0 visible=false mode=fullscreen translucent=true sz=0}]
01-08 05:17:22.047 I/wm_task_removed( 1519): [42,removeChild]
01-08 05:17:22.187 I/auditd (15908): type=1400 audit(0.0:11368): avc: denied { kill } for comm="kworker/u16:1" capability=5 scontext=u:r:kernel:s0 tcontext=u:r:kernel:s0 tclass=capability permissive=0
01-08 05:17:22.745 I/input_interaction( 1519): Interaction with: 341370a StatusBar (server), edge-swipe (server), swipe-up (server), PointerEventDispatcher0 (server),
01-08 05:17:22.748 I/sysui_multi_action( 2378): [757,803,799,panel_open,802,1]
01-08 05:17:22.750 I/sysui_multi_action( 2378): [757,1328,758,4,1326,43,1327,3,1329,0]
01-08 05:17:22.794 I/sysui_multi_action( 1519): [757,127,758,1]
01-08 05:17:22.794 I/sysui_multi_action( 1519): [757,804,799,note_load,801,3,802,1]
01-08 05:17:22.794 I/notification_panel_revealed( 1519): 3
01-08 05:17:22.809 I/input_focus( 1519): [Focus request e19dcb9 NotificationShade,reason=UpdateInputWindows]
01-08 05:17:22.818 I/sysui_multi_action( 1519): [757,128,758,1,793,13503870,794,0,795,13503870,796,26,798,0,806,android,857,DEVELOPER_IMPORTANT,858,4,947,0,1395,3,1500,13503666,1688,1]
01-08 05:17:22.818 I/sysui_multi_action( 1519): [757,804,799,note_freshness,801,13503870,802,1]
01-08 05:17:22.818 I/notification_visibility( 1519): [-1|android|26|null|1000,1,13503870,13503870,0,0]
01-08 05:17:22.819 I/sysui_multi_action( 1519): [757,128,758,1,793,9034321,794,0,795,9034321,796,4273,798,1,806,com.android.systemui,857,screen_record,858,3,947,0,1395,3,1500,9034119,1688,1,1745,680407814]
01-08 05:17:22.819 I/sysui_multi_action( 1519): [757,804,799,note_freshness,801,9034321,802,1]
01-08 05:17:22.819 I/notification_visibility( 1519): [0|com.android.systemui|4273|null|10081,1,9034321,9034321,0,1]
01-08 05:17:22.820 I/sysui_multi_action( 1519): [757,128,758,1,793,13557730,794,0,795,13557730,796,32,798,2,806,android,857,USB,858,1,947,0,1395,3,1500,13557527,1688,1]
01-08 05:17:22.820 I/sysui_multi_action( 1519): [757,804,799,note_freshness,801,13557730,802,1]
01-08 05:17:22.820 I/notification_visibility( 1519): [-1|android|32|null|1000,1,13557730,13557730,0,2]
01-08 05:17:22.823 I/input_focus( 1519): [Focus leaving 4e2f174 com.android.launcher3/com.android.launcher3.uioverrides.QuickstepLauncher (server),reason=setFocusedWindow]
01-08 05:17:22.823 I/input_focus( 1519): [Focus entering e19dcb9 NotificationShade (server),reason=setFocusedWindow]
01-08 05:17:22.854 I/sysui_multi_action( 2378): [757,111,758,1]
01-08 05:17:22.855 I/sysui_multi_action( 2378): [757,126,758,1,759,126,927,0,928,1,1593,0]
01-08 05:17:22.855 I/sysui_multi_action( 2378): [757,113,758,1,759,113,927,1,928,1,1593,0]
01-08 05:17:22.855 I/sysui_multi_action( 2378): [757,0,758,1,759,0,927,2,928,0,1593,0]
01-08 05:17:22.855 I/sysui_multi_action( 2378): [757,0,758,1,759,0,927,3,928,0,1593,0]
01-08 05:17:22.855 I/sysui_multi_action( 2378): [757,491,758,1,759,491,927,4,928,0,1311,-1,1593,0]
01-08 05:17:22.855 I/sysui_multi_action( 2378): [757,0,758,1,759,0,927,5,928,0,1593,0]
01-08 05:17:22.856 I/sysui_multi_action( 2378): [757,111,758,1]
01-08 05:17:22.856 I/sysui_multi_action( 2378): [757,126,758,1,759,126,927,0,928,1,1593,0]
01-08 05:17:22.856 I/sysui_multi_action( 2378): [757,113,758,1,759,113,927,1,928,1,1593,0]
01-08 05:17:22.856 I/sysui_multi_action( 2378): [757,0,758,1,759,0,927,2,928,0,1593,0]
01-08 05:17:22.856 I/sysui_multi_action( 2378): [757,0,758,1,759,0,927,3,928,0,1593,0]
01-08 05:17:23.187 I/auditd ( 0): type=1400 audit(0.0:11369): avc: denied { kill } for comm="swapper/0" capability=5 scontext=u:r:kernel:s0 tcontext=u:r:kernel:s0 tclass=capability permissive=0
01-08 05:17:23.625 I/am_uid_active( 1519): 10096
01-08 05:17:24.187 I/auditd ( 0): type=1400 audit(0.0:11370): avc: denied { kill } for comm="swapper/0" capability=5 scontext=u:r:kernel:s0 tcontext=u:r:kernel:s0 tclass=capability permissive=0
01-08 05:17:26.187 I/auditd ( 0): type=1400 audit(0.0:11371): avc: denied { kill } for comm="swapper/0" capability=5 scontext=u:r:kernel:s0 tcontext=u:r:kernel:s0 tclass=capability permissive=0
01-08 05:17:27.187 I/auditd ( 0): type=1400 audit(0.0:11372): avc: denied { kill } for comm="swapper/0" capability=5 scontext=u:r:kernel:s0 tcontext=u:r:kernel:s0 tclass=capability permissive=0
01-08 05:17:28.187 I/auditd ( 0): type=1400 audit(0.0:11373): avc: denied { kill } for comm="swapper/0" capability=5 scontext=u:r:kernel:s0 tcontext=u:r:kernel:s0 tclass=capability permissive=0
01-08 05:17:29.187 I/auditd ( 0): type=1400 audit(0.0:11374): avc: denied { kill } for comm="swapper/0" capability=5 scontext=u:r:kernel:s0 tcontext=u:r:kernel:s0 tclass=capability permissive=0
01-08 05:17:30.187 I/auditd ( 0): type=1400 audit(0.0:11375): avc: denied { kill } for comm="swapper/0" capability=5 scontext=u:r:kernel:s0 tcontext=u:r:kernel:s0 tclass=capability permissive=0
01-08 05:17:31.187 I/auditd ( 0): type=1400 audit(0.0:11376): avc: denied { kill } for comm="swapper/0" capability=5 scontext=u:r:kernel:s0 tcontext=u:r:kernel:s0 tclass=capability permissive=0
01-08 05:17:32.191 I/auditd ( 0): type=1400 audit(0.0:11377): avc: denied { kill } for comm="swapper/0" capability=5 scontext=u:r:kernel:s0 tcontext=u:r:kernel:s0 tclass=capability permissive=0
01-08 05:17:33.191 I/auditd ( 0): type=1400 audit(0.0:11378): avc: denied { kill } for comm="swapper/0" capability=5 scontext=u:r:kernel:s0 tcontext=u:r:kernel:s0 tclass=capability permissive=0
01-08 05:17:34.187 I/auditd ( 0): type=1400 audit(0.0:11379): avc: denied { kill } for comm="swapper/0" capability=5 scontext=u:r:kernel:s0 tcontext=u:r:kernel:s0 tclass=capability permissive=0
01-08 05:17:35.191 I/auditd ( 0): type=1400 audit(0.0:11380): avc: denied { kill } for comm="swapper/0" capability=5 scontext=u:r:kernel:s0 tcontext=u:r:kernel:s0 tclass=capability permissive=0
01-08 05:17:36.187 I/auditd ( 0): type=1400 audit(0.0:11381): avc: denied { kill } for comm="swapper/0" capability=5 scontext=u:r:kernel:s0 tcontext=u:r:kernel:s0 tclass=capability permissive=0
01-08 05:17:37.187 I/auditd ( 0): type=1400 audit(0.0:11382): avc: denied { kill } for comm="swapper/0" capability=5 scontext=u:r:kernel:s0 tcontext=u:r:kernel:s0 tclass=capability permissive=0
01-08 05:17:38.191 I/auditd ( 0): type=1400 audit(0.0:11383): avc: denied { kill } for comm="swapper/0" capability=5 scontext=u:r:kernel:s0 tcontext=u:r:kernel:s0 tclass=capability permissive=0
01-08 05:17:39.187 I/auditd ( 0): type=1400 audit(0.0:11384): avc: denied { kill } for comm="swapper/0" capability=5 scontext=u:r:kernel:s0 tcontext=u:r:kernel:s0 tclass=capability permissive=0
01-08 05:17:40.187 I/auditd ( 0): type=1400 audit(0.0:11385): avc: denied { kill } for comm="swapper/0" capability=5 scontext=u:r:kernel:s0 tcontext=u:r:kernel:s0 tclass=capability permissive=0
01-08 05:17:41.187 I/auditd ( 0): type=1400 audit(0.0:11386): avc: denied { kill } for comm="swapper/0" capability=5 scontext=u:r:kernel:s0 tcontext=u:r:kernel:s0 tclass=capability permissive=0
01-08 05:17:42.187 I/auditd ( 0): type=1400 audit(0.0:11387): avc: denied { kill } for comm="swapper/0" capability=5 scontext=u:r:kernel:s0 tcontext=u:r:kernel:s0 tclass=capability permissive=0
01-08 05:17:43.191 I/auditd ( 0): type=1400 audit(0.0:11388): avc: denied { kill } for comm="swapper/0" capability=5 scontext=u:r:kernel:s0 tcontext=u:r:kernel:s0 tclass=capability permissive=0
01-08 05:17:44.187 I/auditd ( 0): type=1400 audit(0.0:11389): avc: denied { kill } for comm="swapper/0" capability=5 scontext=u:r:kernel:s0 tcontext=u:r:kernel:s0 tclass=capability permissive=0
01-08 05:17:45.191 I/auditd ( 0): type=1400 audit(0.0:11390): avc: denied { kill } for comm="swapper/0" capability=5 scontext=u:r:kernel:s0 tcontext=u:r:kernel:s0 tclass=capability permissive=0
01-08 05:17:46.191 I/auditd ( 0): type=1400 audit(0.0:11391): avc: denied { kill } for comm="swapper/0" capability=5 scontext=u:r:kernel:s0 tcontext=u:r:kernel:s0 tclass=capability permissive=0
01-08 05:17:47.191 I/auditd ( 0): type=1400 audit(0.0:11392): avc: denied { kill } for comm="swapper/0" capability=5 scontext=u:r:kernel:s0 tcontext=u:r:kernel:s0 tclass=capability permissive=0
01-08 05:17:48.187 I/auditd ( 0): type=1400 audit(0.0:11393): avc: denied { kill } for comm="swapper/0" capability=5 scontext=u:r:kernel:s0 tcontext=u:r:kernel:s0 tclass=capability permissive=0
01-08 05:17:48.451 I/input_interaction( 1519): Interaction with: e19dcb9 NotificationShade (server), edge-swipe (server), swipe-up (server), PointerEventDispatcher0 (server),
01-08 05:17:49.055 I/notification_enqueue( 1519): [10081,2378,com.android.systemui,2048,NULL,0,Notification(channel=updateNotification shortcut=null contentView=null vibrate=null sound=null defaults=0x0 flags=0x0 color=0x00000000 vis=PRIVATE),1]
01-08 05:17:49.056 I/sysui_multi_action( 2378): [757,111,758,2]
01-08 05:17:49.057 I/sysui_multi_action( 2378): [757,111,758,2]
01-08 05:17:49.187 I/auditd ( 0): type=1400 audit(0.0:11394): avc: denied { kill } for comm="swapper/0" capability=5 scontext=u:r:kernel:s0 tcontext=u:r:kernel:s0 tclass=capability permissive=0
01-08 05:17:49.242 I/input_focus( 1519): [Focus request 4e2f174 com.android.launcher3/com.android.launcher3.uioverrides.QuickstepLauncher,reason=UpdateInputWindows]
01-08 05:17:49.247 I/sysui_multi_action( 1519): [757,128,758,2,793,13530300,794,26430,795,13530300,796,26,798,0,806,android,857,DEVELOPER_IMPORTANT,858,4,947,0,1395,3,1500,13530096,1688,1]
01-08 05:17:49.247 I/notification_visibility( 1519): [-1|android|26|null|1000,0,13530300,13530300,0,0]
01-08 05:17:49.248 I/sysui_multi_action( 1519): [757,128,758,2,793,9060750,794,26429,795,9060750,796,4273,798,1,806,com.android.systemui,857,screen_record,858,3,947,0,1395,3,1500,9060548,1688,1,1745,680407814]
01-08 05:17:49.248 I/notification_visibility( 1519): [0|com.android.systemui|4273|null|10081,0,9060750,9060750,0,1]
01-08 05:17:49.248 I/sysui_multi_action( 1519): [757,128,758,2,793,13584159,794,26429,795,13584159,796,32,798,2,806,android,857,USB,858,1,947,0,1395,3,1500,13583956,1688,1]
01-08 05:17:49.248 I/notification_visibility( 1519): [-1|android|32|null|1000,0,13584159,13584159,0,2]
01-08 05:17:49.249 I/sysui_multi_action( 1519): [757,127,758,2]
01-08 05:17:49.249 I/notification_panel_hidden( 1519):
01-08 05:17:49.269 I/input_focus( 1519): [Focus leaving e19dcb9 NotificationShade (server),reason=NO_WINDOW]
01-08 05:17:49.269 I/input_focus( 1519): [Focus entering 4e2f174 com.android.launcher3/com.android.launcher3.uioverrides.QuickstepLauncher (server),reason=setFocusedWindow]
01-08 05:17:50.191 I/auditd ( 0): type=1400 audit(0.0:11395): avc: denied { kill } for comm="swapper/0" capability=5 scontext=u:r:kernel:s0 tcontext=u:r:kernel:s0 tclass=capability permissive=0
01-08 05:17:51.187 I/auditd ( 0): type=1400 audit(0.0:11396): avc: denied { kill } for comm="swapper/0" capability=5 scontext=u:r:kernel:s0 tcontext=u:r:kernel:s0 tclass=capability permissive=0
01-08 05:17:52.191 I/auditd ( 0): type=1400 audit(0.0:11397): avc: denied { kill } for comm="swapper/0" capability=5 scontext=u:r:kernel:s0 tcontext=u:r:kernel:s0 tclass=capability permissive=0
01-08 05:17:53.191 I/auditd ( 0): type=1400 audit(0.0:11398): avc: denied { kill } for comm="swapper/0" capability=5 scontext=u:r:kernel:s0 tcontext=u:r:kernel:s0 tclass=capability permissive=0
01-08 05:17:54.191 I/auditd ( 0): type=1400 audit(0.0:11399): avc: denied { kill } for comm="swapper/0" capability=5 scontext=u:r:kernel:s0 tcontext=u:r:kernel:s0 tclass=capability permissive=0
01-08 05:17:55.191 I/auditd ( 0): type=1400 audit(0.0:11400): avc: denied { kill } for comm="swapper/0" capability=5 scontext=u:r:kernel:s0 tcontext=u:r:kernel:s0 tclass=capability permissive=0
01-08 05:17:55.606 I/netstats_mobile_sample( 1519): [0,0,0,0,0,0,0,0,0,0,0,0,1673126275605]
01-08 05:17:55.606 I/netstats_wifi_sample( 1519): [8228982964,6101798,170670419,1435880,8228982964,6101798,170670419,1435880,8237440275,6164151,117150229,1316437,1673126275605]
01-08 05:17:56.191 I/auditd ( 0): type=1400 audit(0.0:11401): avc: denied { kill } for comm="swapper/0" capability=5 scontext=u:r:kernel:s0 tcontext=u:r:kernel:s0 tclass=capability permissive=0
01-08 05:17:57.191 I/auditd ( 0): type=1400 audit(0.0:11402): avc: denied { kill } for comm="swapper/0" capability=5 scontext=u:r:kernel:s0 tcontext=u:r:kernel:s0 tclass=capability permissive=0
01-08 05:17:58.191 I/auditd ( 0): type=1400 audit(0.0:11403): avc: denied { kill } for comm="swapper/0" capability=5 scontext=u:r:kernel:s0 tcontext=u:r:kernel:s0 tclass=capability permissive=0
01-08 05:17:59.191 I/auditd ( 0): type=1400 audit(0.0:11404): avc: denied { kill } for comm="swapper/0" capability=5 scontext=u:r:kernel:s0 tcontext=u:r:kernel:s0 tclass=capability permissive=0
01-08 05:18:00.191 I/auditd ( 0): type=1400 audit(0.0:11405): avc: denied { kill } for comm="swapper/0" capability=5 scontext=u:r:kernel:s0 tcontext=u:r:kernel:s0 tclass=capability permissive=0
01-08 05:18:01.191 I/auditd ( 0): type=1400 audit(0.0:11406): avc: denied { kill } for comm="swapper/0" capability=5 scontext=u:r:kernel:s0 tcontext=u:r:kernel:s0 tclass=capability permissive=0
01-08 05:18:02.191 I/auditd ( 0): type=1400 audit(0.0:11407): avc: denied { kill } for comm="swapper/0" capability=5 scontext=u:r:kernel:s0 tcontext=u:r:kernel:s0 tclass=capability permissive=0
01-08 05:18:03.191 I/auditd ( 0): type=1400 audit(0.0:11408): avc: denied { kill } for comm="swapper/0" capability=5 scontext=u:r:kernel:s0 tcontext=u:r:kernel:s0 tclass=capability permissive=0
01-08 05:18:04.191 I/auditd ( 0): type=1400 audit(0.0:11409): avc: denied { kill } for comm="swapper/0" capability=5 scontext=u:r:kernel:s0 tcontext=u:r:kernel:s0 tclass=capability permissive=0
01-08 05:18:05.191 I/auditd ( 0): type=1400 audit(0.0:11410): avc: denied { kill } for comm="swapper/0" capability=5 scontext=u:r:kernel:s0 tcontext=u:r:kernel:s0 tclass=capability permissive=0
01-08 05:18:06.191 I/auditd ( 0): type=1400 audit(0.0:11411): avc: denied { kill } for comm="swapper/0" capability=5 scontext=u:r:kernel:s0 tcontext=u:r:kernel:s0 tclass=capability permissive=0
01-08 05:18:07.191 I/auditd ( 0): type=1400 audit(0.0:11412): avc: denied { kill } for comm="swapper/0" capability=5 scontext=u:r:kernel:s0 tcontext=u:r:kernel:s0 tclass=capability permissive=0
01-08 05:18:08.191 I/auditd ( 0): type=1400 audit(0.0:11413): avc: denied { kill } for comm="swapper/0" capability=5 scontext=u:r:kernel:s0 tcontext=u:r:kernel:s0 tclass=capability permissive=0
01-08 05:18:09.191 I/auditd ( 0): type=1400 audit(0.0:11414): avc: denied { kill } for comm="swapper/0" capability=5 scontext=u:r:kernel:s0 tcontext=u:r:kernel:s0 tclass=capability permissive=0
01-08 05:18:10.191 I/auditd ( 0): type=1400 audit(0.0:11415): avc: denied { kill } for comm="swapper/0" capability=5 scontext=u:r:kernel:s0 tcontext=u:r:kernel:s0 tclass=capability permissive=0
01-08 05:18:11.187 I/auditd ( 0): type=1400 audit(0.0:11416): avc: denied { kill } for comm="swapper/0" capability=5 scontext=u:r:kernel:s0 tcontext=u:r:kernel:s0 tclass=capability permissive=0
01-08 05:18:12.191 I/auditd ( 0): type=1400 audit(0.0:11417): avc: denied { kill } for comm="swapper/0" capability=5 scontext=u:r:kernel:s0 tcontext=u:r:kernel:s0 tclass=capability permissive=0
01-08 05:18:13.187 I/auditd ( 0): type=1400 audit(0.0:11418): avc: denied { kill } for comm="swapper/0" capability=5 scontext=u:r:kernel:s0 tcontext=u:r:kernel:s0 tclass=capability permissive=0
01-08 05:18:14.191 I/auditd ( 0): type=1400 audit(0.0:11419): avc: denied { kill } for comm="swapper/0" capability=5 scontext=u:r:kernel:s0 tcontext=u:r:kernel:s0 tclass=capability permissive=0
01-08 05:18:15.191 I/auditd ( 0): type=1400 audit(0.0:11420): avc: denied { kill } for comm="swapper/0" capability=5 scontext=u:r:kernel:s0 tcontext=u:r:kernel:s0 tclass=capability permissive=0
01-08 05:18:16.191 I/auditd ( 0): type=1400 audit(0.0:11421): avc: denied { kill } for comm="swapper/0" capability=5 scontext=u:r:kernel:s0 tcontext=u:r:kernel:s0 tclass=capability permissive=0
01-08 05:18:17.187 I/auditd ( 0): type=1400 audit(0.0:11422): avc: denied { kill } for comm="swapper/0" capability=5 scontext=u:r:kernel:s0 tcontext=u:r:kernel:s0 tclass=capability permissive=0
01-08 05:18:18.191 I/auditd (15908): type=1400 audit(0.0:11423): avc: denied { kill } for comm="kworker/u16:1" capability=5 scontext=u:r:kernel:s0 tcontext=u:r:kernel:s0 tclass=capability permissive=0
01-08 05:18:19.191 I/auditd ( 0): type=1400 audit(0.0:11424): avc: denied { kill } for comm="swapper/0" capability=5 scontext=u:r:kernel:s0 tcontext=u:r:kernel:s0 tclass=capability permissive=0
01-08 05:18:20.191 I/auditd ( 0): type=1400 audit(0.0:11425): avc: denied { kill } for comm="swapper/0" capability=5 scontext=u:r:kernel:s0 tcontext=u:r:kernel:s0 tclass=capability permissive=0
01-08 05:18:21.187 I/auditd ( 0): type=1400 audit(0.0:11426): avc: denied { kill } for comm="swapper/0" capability=5 scontext=u:r:kernel:s0 tcontext=u:r:kernel:s0 tclass=capability permissive=0
01-08 05:18:22.058 I/am_uid_idle( 1519): 10052
01-08 05:18:22.187 I/auditd ( 0): type=1400 audit(0.0:11427): avc: denied { kill } for comm="swapper/0" capability=5 scontext=u:r:kernel:s0 tcontext=u:r:kernel:s0 tclass=capability permissive=0
01-08 05:18:23.191 I/auditd ( 0): type=1400 audit(0.0:11428): avc: denied { kill } for comm="swapper/0" capability=5 scontext=u:r:kernel:s0 tcontext=u:r:kernel:s0 tclass=capability permissive=0
01-08 05:18:23.634 I/am_uid_idle( 1519): 10096
01-08 05:18:24.191 I/auditd ( 0): type=1400 audit(0.0:11429): avc: denied { kill } for comm="swapper/0" capability=5 scontext=u:r:kernel:s0 tcontext=u:r:kernel:s0 tclass=capability permissive=0
01-08 05:18:25.187 I/auditd ( 0): type=1400 audit(0.0:11430): avc: denied { kill } for comm="swapper/0" capability=5 scontext=u:r:kernel:s0 tcontext=u:r:kernel:s0 tclass=capability permissive=0
01-08 05:18:26.187 I/auditd ( 0): type=1400 audit(0.0:11431): avc: denied { kill } for comm="swapper/0" capability=5 scontext=u:r:kernel:s0 tcontext=u:r:kernel:s0 tclass=capability permissive=0
01-08 05:18:27.187 I/auditd ( 0): type=1400 audit(0.0:11432): avc: denied { kill } for comm="swapper/0" capability=5 scontext=u:r:kernel:s0 tcontext=u:r:kernel:s0 tclass=capability permissive=0
01-08 05:18:28.055 I/am_uid_idle( 1519): 10069
01-08 05:18:28.191 I/auditd ( 0): type=1400 audit(0.0:11433): avc: denied { kill } for comm="swapper/0" capability=5 scontext=u:r:kernel:s0 tcontext=u:r:kernel:s0 tclass=capability permissive=0
01-08 05:18:29.187 I/auditd ( 0): type=1400 audit(0.0:11434): avc: denied { kill } for comm="swapper/0" capability=5 scontext=u:r:kernel:s0 tcontext=u:r:kernel:s0 tclass=capability permissive=0
01-08 05:18:30.187 I/auditd ( 0): type=1400 audit(0.0:11435): avc: denied { kill } for comm="swapper/0" capability=5 scontext=u:r:kernel:s0 tcontext=u:r:kernel:s0 tclass=capability permissive=0
01-08 05:18:31.187 I/auditd ( 0): type=1400 audit(0.0:11436): avc: denied { kill } for comm="swapper/0" capability=5 scontext=u:r:kernel:s0 tcontext=u:r:kernel:s0 tclass=capability permissive=0
01-08 05:18:32.191 I/auditd ( 0): type=1400 audit(0.0:11437): avc: denied { kill } for comm="swapper/0" capability=5 scontext=u:r:kernel:s0 tcontext=u:r:kernel:s0 tclass=capability permissive=0
01-08 05:18:33.191 I/auditd ( 0): type=1400 audit(0.0:11438): avc: denied { kill } for comm="swapper/0" capability=5 scontext=u:r:kernel:s0 tcontext=u:r:kernel:s0 tclass=capability permissive=0
01-08 05:18:34.191 I/auditd ( 0): type=1400 audit(0.0:11439): avc: denied { kill } for comm="swapper/0" capability=5 scontext=u:r:kernel:s0 tcontext=u:r:kernel:s0 tclass=capability permissive=0
01-08 05:18:35.187 I/auditd ( 0): type=1400 audit(0.0:11440): avc: denied { kill } for comm="swapper/0" capability=5 scontext=u:r:kernel:s0 tcontext=u:r:kernel:s0 tclass=capability permissive=0
01-08 05:18:36.191 I/auditd ( 0): type=1400 audit(0.0:11441): avc: denied { kill } for comm="swapper/0" capability=5 scontext=u:r:kernel:s0 tcontext=u:r:kernel:s0 tclass=capability permissive=0
01-08 05:18:37.187 I/auditd ( 0): type=1400 audit(0.0:11442): avc: denied { kill } for comm="swapper/0" capability=5 scontext=u:r:kernel:s0 tcontext=u:r:kernel:s0 tclass=capability permissive=0
01-08 05:18:38.187 I/auditd ( 0): type=1400 audit(0.0:11443): avc: denied { kill } for comm="swapper/0" capability=5 scontext=u:r:kernel:s0 tcontext=u:r:kernel:s0 tclass=capability permissive=0
01-08 05:18:39.191 I/auditd ( 0): type=1400 audit(0.0:11444): avc: denied { kill } for comm="swapper/0" capability=5 scontext=u:r:kernel:s0 tcontext=u:r:kernel:s0 tclass=capability permissive=0
01-08 05:18:40.191 I/auditd ( 0): type=1400 audit(0.0:11445): avc: denied { kill } for comm="swapper/0" capability=5 scontext=u:r:kernel:s0 tcontext=u:r:kernel:s0 tclass=capability permissive=0
01-08 05:18:41.187 I/auditd ( 0): type=1400 audit(0.0:11446): avc: denied { kill } for comm="swapper/0" capability=5 scontext=u:r:kernel:s0 tcontext=u:r:kernel:s0 tclass=capability permissive=0
01-08 05:18:41.845 I/sysui_multi_action( 1519): [757,1696,758,6,759,2]
01-08 05:18:41.862 I/am_wtf ( 1519): [0,1519,system_server,-1,DisplayDeviceConfig,requesting nits when no mapping exists.]
01-08 05:18:41.867 I/am_wtf ( 1519): [0,1519,system_server,-1,DisplayDeviceConfig,requesting nits when no mapping exists.]
01-08 05:18:41.878 I/am_wtf ( 1519): [0,1519,system_server,-1,DisplayDeviceConfig,requesting nits when no mapping exists.]
01-08 05:18:41.880 I/am_wtf ( 1519): [0,1519,system_server,-1,DisplayDeviceConfig,requesting nits when no mapping exists.]
01-08 05:18:41.894 I/am_wtf ( 1519): [0,1519,system_server,-1,DisplayDeviceConfig,requesting nits when no mapping exists.]
01-08 05:18:41.897 I/am_wtf ( 1519): [0,1519,system_server,-1,DisplayDeviceConfig,requesting nits when no mapping exists.]
01-08 05:18:41.911 I/am_wtf ( 1519): [0,1519,system_server,-1,DisplayDeviceConfig,requesting nits when no mapping exists.]
01-08 05:18:41.912 I/service_manager_stats( 1519): [100,29,111001]
01-08 05:18:41.912 I/am_wtf ( 1519): [0,1519,system_server,-1,DisplayDeviceConfig,requesting nits when no mapping exists.]
01-08 05:18:41.928 I/am_wtf ( 1519): [0,1519,system_server,-1,DisplayDeviceConfig,requesting nits when no mapping exists.]
01-08 05:18:41.929 I/am_wtf ( 1519): [0,1519,system_server,-1,DisplayDeviceConfig,requesting nits when no mapping exists.]
01-08 05:18:41.944 I/am_wtf ( 1519): [0,1519,system_server,-1,DisplayDeviceConfig,requesting nits when no mapping exists.]
01-08 05:18:41.945 I/am_wtf ( 1519): [0,1519,system_server,-1,DisplayDeviceConfig,requesting nits when no mapping exists.]
01-08 05:18:41.961 I/am_wtf ( 1519): [0,1519,system_server,-1,DisplayDeviceConfig,requesting nits when no mapping exists.]
01-08 05:18:41.962 I/am_wtf ( 1519): [0,1519,system_server,-1,DisplayDeviceConfig,requesting nits when no mapping exists.]
01-08 05:18:41.978 I/am_wtf ( 1519): [0,1519,system_server,-1,DisplayDeviceConfig,requesting nits when no mapping exists.]
01-08 05:18:41.979 I/am_wtf ( 1519): [0,1519,system_server,-1,DisplayDeviceConfig,requesting nits when no mapping exists.]
01-08 05:18:41.995 I/am_wtf ( 1519): [0,1519,system_server,-1,DisplayDeviceConfig,requesting nits when no mapping exists.]
01-08 05:18:41.996 I/am_wtf ( 1519): [0,1519,system_server,-1,DisplayDeviceConfig,requesting nits when no mapping exists.]
01-08 05:18:42.012 I/am_wtf ( 1519): [0,1519,system_server,-1,DisplayDeviceConfig,requesting nits when no mapping exists.]
01-08 05:18:42.012 I/am_wtf ( 1519): [0,1519,system_server,-1,DisplayDeviceConfig,requesting nits when no mapping exists.]
01-08 05:18:42.029 I/am_wtf ( 1519): [0,1519,system_server,-1,DisplayDeviceConfig,requesting nits when no mapping exists.]
01-08 05:18:42.029 I/am_wtf ( 1519): [0,1519,system_server,-1,DisplayDeviceConfig,requesting nits when no mapping exists.]
01-08 05:18:42.045 I/am_wtf ( 1519): [0,1519,system_server,-1,DisplayDeviceConfig,requesting nits when no mapping exists.]
01-08 05:18:42.046 I/am_wtf ( 1519): [0,1519,system_server,-1,DisplayDeviceConfig,requesting nits when no mapping exists.]
01-08 05:18:42.062 I/am_wtf ( 1519): [0,1519,system_server,-1,DisplayDeviceConfig,requesting nits when no mapping exists.]
01-08 05:18:42.062 I/am_wtf ( 1519): [0,1519,system_server,-1,DisplayDeviceConfig,requesting nits when no mapping exists.]
01-08 05:18:42.078 I/am_wtf ( 1519): [0,1519,system_server,-1,DisplayDeviceConfig,requesting nits when no mapping exists.]
01-08 05:18:42.079 I/am_wtf ( 1519): [0,1519,system_server,-1,DisplayDeviceConfig,requesting nits when no mapping exists.]
01-08 05:18:42.095 I/am_wtf ( 1519): [0,1519,system_server,-1,DisplayDeviceConfig,requesting nits when no mapping exists.]
01-08 05:18:42.096 I/am_wtf ( 1519): [0,1519,system_server,-1,DisplayDeviceConfig,requesting nits when no mapping exists.]
01-08 05:18:42.112 I/am_wtf ( 1519): [0,1519,system_server,-1,DisplayDeviceConfig,requesting nits when no mapping exists.]
01-08 05:18:42.113 I/am_wtf ( 1519): [0,1519,system_server,-1,DisplayDeviceConfig,requesting nits when no mapping exists.]
01-08 05:18:42.129 I/am_wtf ( 1519): [0,1519,system_server,-1,DisplayDeviceConfig,requesting nits when no mapping exists.]
01-08 05:18:42.129 I/am_wtf ( 1519): [0,1519,system_server,-1,DisplayDeviceConfig,requesting nits when no mapping exists.]
01-08 05:18:42.145 I/am_wtf ( 1519): [0,1519,system_server,-1,DisplayDeviceConfig,requesting nits when no mapping exists.]
01-08 05:18:42.146 I/am_wtf ( 1519): [0,1519,system_server,-1,DisplayDeviceConfig,requesting nits when no mapping exists.]
01-08 05:18:42.162 I/am_wtf ( 1519): [0,1519,system_server,-1,DisplayDeviceConfig,requesting nits when no mapping exists.]
01-08 05:18:42.162 I/am_wtf ( 1519): [0,1519,system_server,-1,DisplayDeviceConfig,requesting nits when no mapping exists.]
01-08 05:18:42.178 I/am_wtf ( 1519): [0,1519,system_server,-1,DisplayDeviceConfig,requesting nits when no mapping exists.]
01-08 05:18:42.179 I/am_wtf ( 1519): [0,1519,system_server,-1,DisplayDeviceConfig,requesting nits when no mapping exists.]
01-08 05:18:42.187 I/auditd ( 0): type=1400 audit(0.0:11447): avc: denied { kill } for comm="swapper/0" capability=5 scontext=u:r:kernel:s0 tcontext=u:r:kernel:s0 tclass=capability permissive=0
01-08 05:18:42.195 I/am_wtf ( 1519): [0,1519,system_server,-1,DisplayDeviceConfig,requesting nits when no mapping exists.]
01-08 05:18:42.196 I/am_wtf ( 1519): [0,1519,system_server,-1,DisplayDeviceConfig,requesting nits when no mapping exists.]
01-08 05:18:42.212 I/am_wtf ( 1519): [0,1519,system_server,-1,DisplayDeviceConfig,requesting nits when no mapping exists.]
01-08 05:18:42.213 I/am_wtf ( 1519): [0,1519,system_server,-1,DisplayDeviceConfig,requesting nits when no mapping exists.]
01-08 05:18:42.229 I/am_wtf ( 1519): [0,1519,system_server,-1,DisplayDeviceConfig,requesting nits when no mapping exists.]
01-08 05:18:42.230 I/am_wtf ( 1519): [0,1519,system_server,-1,DisplayDeviceConfig,requesting nits when no mapping exists.]
01-08 05:18:42.245 I/am_wtf ( 1519): [0,1519,system_server,-1,DisplayDeviceConfig,requesting nits when no mapping exists.]
01-08 05:18:42.246 I/am_wtf ( 1519): [0,1519,system_server,-1,DisplayDeviceConfig,requesting nits when no mapping exists.]
01-08 05:18:42.262 I/am_wtf ( 1519): [0,1519,system_server,-1,DisplayDeviceConfig,requesting nits when no mapping exists.]
01-08 05:18:42.263 I/am_wtf ( 1519): [0,1519,system_server,-1,DisplayDeviceConfig,requesting nits when no mapping exists.]
01-08 05:18:42.279 I/am_wtf ( 1519): [0,1519,system_server,-1,DisplayDeviceConfig,requesting nits when no mapping exists.]
01-08 05:18:42.280 I/am_wtf ( 1519): [0,1519,system_server,-1,DisplayDeviceConfig,requesting nits when no mapping exists.]
01-08 05:18:42.296 I/am_wtf ( 1519): [0,1519,system_server,-1,DisplayDeviceConfig,requesting nits when no mapping exists.]
01-08 05:18:42.296 I/am_wtf ( 1519): [0,1519,system_server,-1,DisplayDeviceConfig,requesting nits when no mapping exists.]
01-08 05:18:42.313 I/am_wtf ( 1519): [0,1519,system_server,-1,DisplayDeviceConfig,requesting nits when no mapping exists.]
01-08 05:18:42.314 I/am_wtf ( 1519): [0,1519,system_server,-1,DisplayDeviceConfig,requesting nits when no mapping exists.]
01-08 05:18:42.329 I/am_wtf ( 1519): [0,1519,system_server,-1,DisplayDeviceConfig,requesting nits when no mapping exists.]
01-08 05:18:42.330 I/am_wtf ( 1519): [0,1519,system_server,-1,DisplayDeviceConfig,requesting nits when no mapping exists.]
01-08 05:18:42.346 I/am_wtf ( 1519): [0,1519,system_server,-1,DisplayDeviceConfig,requesting nits when no mapping exists.]
01-08 05:18:42.347 I/am_wtf ( 1519): [0,1519,system_server,-1,DisplayDeviceConfig,requesting nits when no mapping exists.]
01-08 05:18:42.363 I/am_wtf ( 1519): [0,1519,system_server,-1,DisplayDeviceConfig,requesting nits when no mapping exists.]
01-08 05:18:42.364 I/am_wtf ( 1519): [0,1519,system_server,-1,DisplayDeviceConfig,requesting nits when no mapping exists.]
01-08 05:18:42.379 I/am_wtf ( 1519): [0,1519,system_server,-1,DisplayDeviceConfig,requesting nits when no mapping exists.]
01-08 05:18:42.380 I/am_wtf ( 1519): [0,1519,system_server,-1,DisplayDeviceConfig,requesting nits when no mapping exists.]
01-08 05:18:42.396 I/am_wtf ( 1519): [0,1519,system_server,-1,DisplayDeviceConfig,requesting nits when no mapping exists.]
01-08 05:18:42.397 I/am_wtf ( 1519): [0,1519,system_server,-1,DisplayDeviceConfig,requesting nits when no mapping exists.]
01-08 05:18:42.413 I/am_wtf ( 1519): [0,1519,system_server,-1,DisplayDeviceConfig,requesting nits when no mapping exists.]
01-08 05:18:42.413 I/am_wtf ( 1519): [0,1519,system_server,-1,DisplayDeviceConfig,requesting nits when no mapping exists.]
01-08 05:18:42.429 I/am_wtf ( 1519): [0,1519,system_server,-1,DisplayDeviceConfig,requesting nits when no mapping exists.]
01-08 05:18:42.430 I/am_wtf ( 1519): [0,1519,system_server,-1,DisplayDeviceConfig,requesting nits when no mapping exists.]
01-08 05:18:42.446 I/am_wtf ( 1519): [0,1519,system_server,-1,DisplayDeviceConfig,requesting nits when no mapping exists.]
01-08 05:18:42.447 I/am_wtf ( 1519): [0,1519,system_server,-1,DisplayDeviceConfig,requesting nits when no mapping exists.]
01-08 05:18:42.463 I/am_wtf ( 1519): [0,1519,system_server,-1,DisplayDeviceConfig,requesting nits when no mapping exists.]
01-08 05:18:42.464 I/am_wtf ( 1519): [0,1519,system_server,-1,DisplayDeviceConfig,requesting nits when no mapping exists.]
01-08 05:18:42.480 I/am_wtf ( 1519): [0,1519,system_server,-1,DisplayDeviceConfig,requesting nits when no mapping exists.]
01-08 05:18:42.481 I/am_wtf ( 1519): [0,1519,system_server,-1,DisplayDeviceConfig,requesting nits when no mapping exists.]
01-08 05:18:42.496 I/am_wtf ( 1519): [0,1519,system_server,-1,DisplayDeviceConfig,requesting nits when no mapping exists.]
01-08 05:18:42.497 I/am_wtf ( 1519): [0,1519,system_server,-1,DisplayDeviceConfig,requesting nits when no mapping exists.]
01-08 05:18:42.513 I/am_wtf ( 1519): [0,1519,system_server,-1,DisplayDeviceConfig,requesting nits when no mapping exists.]
01-08 05:18:42.514 I/am_wtf ( 1519): [0,1519,system_server,-1,DisplayDeviceConfig,requesting nits when no mapping exists.]
01-08 05:18:42.529 I/am_wtf ( 1519): [0,1519,system_server,-1,DisplayDeviceConfig,requesting nits when no mapping exists.]
01-08 05:18:42.530 I/am_wtf ( 1519): [0,1519,system_server,-1,DisplayDeviceConfig,requesting nits when no mapping exists.]
01-08 05:18:42.546 I/am_wtf ( 1519): [0,1519,system_server,-1,DisplayDeviceConfig,requesting nits when no mapping exists.]
