01-08 05:15:32.087 I/am_wtf ( 1519): [0,1519,system_server,-1,DisplayDeviceConfig,requesting nits when no mapping exists.]
01-08 05:15:32.087 I/am_wtf ( 1519): [0,1519,system_server,-1,DisplayDeviceConfig,requesting nits when no mapping exists.]
01-08 05:15:32.104 I/am_wtf ( 1519): [0,1519,system_server,-1,DisplayDeviceConfig,requesting nits when no mapping exists.]
01-08 05:15:32.104 I/am_wtf ( 1519): [0,1519,system_server,-1,DisplayDeviceConfig,requesting nits when no mapping exists.]
01-08 05:15:32.120 I/am_wtf ( 1519): [0,1519,system_server,-1,DisplayDeviceConfig,requesting nits when no mapping exists.]
01-08 05:15:32.121 I/am_wtf ( 1519): [0,1519,system_server,-1,DisplayDeviceConfig,requesting nits when no mapping exists.]
01-08 05:15:32.137 I/am_wtf ( 1519): [0,1519,system_server,-1,DisplayDeviceConfig,requesting nits when no mapping exists.]
01-08 05:15:32.138 I/am_wtf ( 1519): [0,1519,system_server,-1,DisplayDeviceConfig,requesting nits when no mapping exists.]
01-08 05:15:32.154 I/am_wtf ( 1519): [0,1519,system_server,-1,DisplayDeviceConfig,requesting nits when no mapping exists.]
01-08 05:15:32.154 I/am_wtf ( 1519): [0,1519,system_server,-1,DisplayDeviceConfig,requesting nits when no mapping exists.]
01-08 05:15:32.171 I/am_wtf ( 1519): [0,1519,system_server,-1,DisplayDeviceConfig,requesting nits when no mapping exists.]
01-08 05:15:32.171 I/am_wtf ( 1519): [0,1519,system_server,-1,DisplayDeviceConfig,requesting nits when no mapping exists.]
01-08 05:15:32.187 I/am_wtf ( 1519): [0,1519,system_server,-1,DisplayDeviceConfig,requesting nits when no mapping exists.]
01-08 05:15:32.188 I/am_wtf ( 1519): [0,1519,system_server,-1,DisplayDeviceConfig,requesting nits when no mapping exists.]
01-08 05:15:32.187 I/auditd ( 0): type=1400 audit(0.0:11265): avc: denied { kill } for comm="swapper/3" capability=5 scontext=u:r:kernel:s0 tcontext=u:r:kernel:s0 tclass=capability permissive=0
01-08 05:15:32.204 I/am_wtf ( 1519): [0,1519,system_server,-1,DisplayDeviceConfig,requesting nits when no mapping exists.]
01-08 05:15:32.204 I/am_wtf ( 1519): [0,1519,system_server,-1,DisplayDeviceConfig,requesting nits when no mapping exists.]
01-08 05:15:33.187 I/auditd ( 0): type=1400 audit(0.0:11266): avc: denied { kill } for comm="swapper/3" capability=5 scontext=u:r:kernel:s0 tcontext=u:r:kernel:s0 tclass=capability permissive=0
01-08 05:15:34.187 I/auditd ( 0): type=1400 audit(0.0:11267): avc: denied { kill } for comm="swapper/3" capability=5 scontext=u:r:kernel:s0 tcontext=u:r:kernel:s0 tclass=capability permissive=0
01-08 05:15:35.191 I/auditd ( 0): type=1400 audit(0.0:11268): avc: denied { kill } for comm="swapper/3" capability=5 scontext=u:r:kernel:s0 tcontext=u:r:kernel:s0 tclass=capability permissive=0
01-08 05:15:36.191 I/auditd ( 0): type=1400 audit(0.0:11269): avc: denied { kill } for comm="swapper/3" capability=5 scontext=u:r:kernel:s0 tcontext=u:r:kernel:s0 tclass=capability permissive=0
01-08 05:15:37.191 I/auditd ( 0): type=1400 audit(0.0:11270): avc: denied { kill } for comm="swapper/3" capability=5 scontext=u:r:kernel:s0 tcontext=u:r:kernel:s0 tclass=capability permissive=0
01-08 05:15:38.191 I/auditd ( 0): type=1400 audit(0.0:11271): avc: denied { kill } for comm="swapper/3" capability=5 scontext=u:r:kernel:s0 tcontext=u:r:kernel:s0 tclass=capability permissive=0
01-08 05:15:39.191 I/auditd ( 0): type=1400 audit(0.0:11272): avc: denied { kill } for comm="swapper/3" capability=5 scontext=u:r:kernel:s0 tcontext=u:r:kernel:s0 tclass=capability permissive=0
01-08 05:15:40.187 I/auditd ( 0): type=1400 audit(0.0:11273): avc: denied { kill } for comm="swapper/3" capability=5 scontext=u:r:kernel:s0 tcontext=u:r:kernel:s0 tclass=capability permissive=0
01-08 05:15:41.187 I/auditd ( 0): type=1400 audit(0.0:11274): avc: denied { kill } for comm="swapper/3" capability=5 scontext=u:r:kernel:s0 tcontext=u:r:kernel:s0 tclass=capability permissive=0
01-08 05:15:42.191 I/auditd ( 0): type=1400 audit(0.0:11275): avc: denied { kill } for comm="swapper/3" capability=5 scontext=u:r:kernel:s0 tcontext=u:r:kernel:s0 tclass=capability permissive=0
01-08 05:15:43.187 I/auditd ( 0): type=1400 audit(0.0:11276): avc: denied { kill } for comm="swapper/3" capability=5 scontext=u:r:kernel:s0 tcontext=u:r:kernel:s0 tclass=capability permissive=0
01-08 05:15:44.191 I/auditd ( 0): type=1400 audit(0.0:11277): avc: denied { kill } for comm="swapper/3" capability=5 scontext=u:r:kernel:s0 tcontext=u:r:kernel:s0 tclass=capability permissive=0
01-08 05:15:45.012 I/input_interaction( 1519): Interaction with: 5288187 com.thundercomm.screensaver/android.service.dreams.DreamActivity (server), edge-swipe (server), swipe-up (server), PointerEventDispatcher0 (server),
01-08 05:15:45.014 I/service_manager_stats( 1519): [118,22,13816]
01-08 05:15:45.015 I/wm_finish_activity( 1519): [0,37631403,41,com.thundercomm.screensaver/android.service.dreams.DreamActivity,finish-activity]
01-08 05:15:45.015 I/wm_task_moved( 1519): [1,1,7]
01-08 05:15:45.016 I/wm_task_moved( 1519): [10,1,2147483647]
01-08 05:15:45.016 I/wm_task_to_front( 1519): [0,10]
01-08 05:15:45.016 I/wm_focused_root_task( 1519): [0,0,1,41,finish-top adjustFocusToNextFocusableTask]
01-08 05:15:45.017 I/wm_set_resumed_activity( 1519): [0,com.android.launcher3/.uioverrides.QuickstepLauncher,finish-top adjustFocusToNextFocusableTask]
01-08 05:15:45.018 I/wm_pause_activity( 1519): [0,37631403,com.thundercomm.screensaver/android.service.dreams.DreamActivity,userLeaving=false,finish]
01-08 05:15:45.027 I/sysui_multi_action( 1519): [757,803,799,window_time_0,802,14]
01-08 05:15:45.029 I/wm_on_top_resumed_lost_called(14634): [37631403,android.service.dreams.DreamActivity,topStateChangedWhenResumed]
01-08 05:15:45.029 I/wm_on_paused_called(14634): [37631403,android.service.dreams.DreamActivity,performPause]
01-08 05:15:45.030 I/wm_add_to_stopping( 1519): [0,37631403,com.thundercomm.screensaver/android.service.dreams.DreamActivity,completeFinishing]
01-08 05:15:45.032 I/wm_set_resumed_activity( 1519): [0,com.android.launcher3/.uioverrides.QuickstepLauncher,resumeTopActivityInnerLocked]
01-08 05:15:45.033 I/wm_resume_activity( 1519): [0,110752405,10,com.android.launcher3/.uioverrides.QuickstepLauncher]
01-08 05:15:45.036 I/wm_on_restart_called( 2855): [110752405,com.android.launcher3.uioverrides.QuickstepLauncher,performRestartActivity]
01-08 05:15:45.036 I/wm_on_start_called( 2855): [110752405,com.android.launcher3.uioverrides.QuickstepLauncher,handleStartActivity]
01-08 05:15:45.037 I/wm_on_resume_called( 2855): [110752405,com.android.launcher3.uioverrides.QuickstepLauncher,RESUME_ACTIVITY]
01-08 05:15:45.037 I/wm_on_top_resumed_gained_called( 2855): [110752405,com.android.launcher3.uioverrides.QuickstepLauncher,topWhenResuming]
01-08 05:15:45.037 I/sysui_multi_action( 1519): [757,803,799,window_time_0,802,0]
01-08 05:15:45.053 I/input_focus( 1519): [Focus leaving 5288187 com.thundercomm.screensaver/android.service.dreams.DreamActivity (server),reason=NO_WINDOW]
01-08 05:15:45.053 I/view_enqueue_input_event(14634): [Motion - Cancel,com.thundercomm.screensaver/android.service.dreams.DreamActivity]
01-08 05:15:45.056 I/input_focus( 1519): [Focus request 4e2f174 com.android.launcher3/com.android.launcher3.uioverrides.QuickstepLauncher,reason=UpdateInputWindows]
01-08 05:15:45.058 I/input_interaction( 1519): Interaction with: edge-swipe (server), swipe-up (server), PointerEventDispatcher0 (server),
01-08 05:15:45.086 I/input_focus( 1519): [Focus entering 4e2f174 com.android.launcher3/com.android.launcher3.uioverrides.QuickstepLauncher (server),reason=Window became focusable. Previous reason: NOT_VISIBLE]
01-08 05:15:45.187 I/auditd ( 0): type=1400 audit(0.0:11278): avc: denied { kill } for comm="swapper/3" capability=5 scontext=u:r:kernel:s0 tcontext=u:r:kernel:s0 tclass=capability permissive=0
01-08 05:15:45.323 I/wm_destroy_activity( 1519): [0,37631403,41,com.thundercomm.screensaver/android.service.dreams.DreamActivity,finish-imm:idle]
01-08 05:15:45.339 I/wm_on_stop_called(14634): [37631403,android.service.dreams.DreamActivity,LIFECYCLER_STOP_ACTIVITY]
01-08 05:15:45.340 I/wm_on_destroy_called(14634): [37631403,android.service.dreams.DreamActivity,performDestroy]
01-08 05:15:45.344 I/sysui_multi_action( 1519): [757,222,758,2]
01-08 05:15:45.345 I/sysui_multi_action( 1519): [757,804,799,dreaming_minutes,801,0,802,1]
01-08 05:15:45.351 I/wm_task_removed( 1519): [41,removeChild:removeChild last r=ActivityRecord{23e35ab u0 com.thundercomm.screensaver/android.service.dreams.DreamActivity t-1 f}} in t=Task{72d76e4 #41 type=dream A=10052:android:com.thundercomm.screensaver/dream U=0 visible=false mode=fullscreen translucent=true sz=0}]
01-08 05:15:45.351 I/wm_task_removed( 1519): [41,removeChild]
01-08 05:15:45.988 I/input_interaction( 1519): Interaction with: 341370a StatusBar (server), edge-swipe (server), swipe-up (server), PointerEventDispatcher0 (server),
01-08 05:15:45.992 I/sysui_multi_action( 2378): [757,803,799,panel_open,802,1]
01-08 05:15:45.995 I/sysui_multi_action( 2378): [757,1328,758,4,1326,50,1327,1,1329,0]
01-08 05:15:46.044 I/sysui_multi_action( 1519): [757,127,758,1]
01-08 05:15:46.044 I/sysui_multi_action( 1519): [757,804,799,note_load,801,3,802,1]
01-08 05:15:46.044 I/notification_panel_revealed( 1519): 3
01-08 05:15:46.056 I/input_focus( 1519): [Focus request e19dcb9 NotificationShade,reason=UpdateInputWindows]
01-08 05:15:46.065 I/sysui_multi_action( 1519): [757,128,758,1,793,13407118,794,0,795,13407118,796,26,798,0,806,android,857,DEVELOPER_IMPORTANT,858,4,947,0,1395,3,1500,13406914,1688,1]
01-08 05:15:46.066 I/sysui_multi_action( 1519): [757,804,799,note_freshness,801,13407118,802,1]
01-08 05:15:46.066 I/notification_visibility( 1519): [-1|android|26|null|1000,1,13407118,13407118,0,0]
01-08 05:15:46.066 I/sysui_multi_action( 1519): [757,128,758,1,793,8937568,794,0,795,8937568,796,4273,798,1,806,com.android.systemui,857,screen_record,858,3,947,0,1395,3,1500,8937366,1688,1,1745,680407814]
01-08 05:15:46.066 I/sysui_multi_action( 1519): [757,804,799,note_freshness,801,8937568,802,1]
01-08 05:15:46.066 I/notification_visibility( 1519): [0|com.android.systemui|4273|null|10081,1,8937568,8937568,0,1]
01-08 05:15:46.066 I/sysui_multi_action( 1519): [757,128,758,1,793,13460977,794,0,795,13460977,796,32,798,2,806,android,857,USB,858,1,947,0,1395,3,1500,13460774,1688,1]
01-08 05:15:46.066 I/sysui_multi_action( 1519): [757,804,799,note_freshness,801,13460977,802,1]
01-08 05:15:46.066 I/notification_visibility( 1519): [-1|android|32|null|1000,1,13460977,13460977,0,2]
01-08 05:15:46.073 I/input_focus( 1519): [Focus leaving 4e2f174 com.android.launcher3/com.android.launcher3.uioverrides.QuickstepLauncher (server),reason=setFocusedWindow]
01-08 05:15:46.073 I/input_focus( 1519): [Focus entering e19dcb9 NotificationShade (server),reason=setFocusedWindow]
01-08 05:15:46.122 I/sysui_multi_action( 2378): [757,111,758,1]
01-08 05:15:46.122 I/sysui_multi_action( 2378): [757,126,758,1,759,126,927,0,928,1,1593,1]
01-08 05:15:46.122 I/sysui_multi_action( 2378): [757,113,758,1,759,113,927,1,928,1,1593,1]
01-08 05:15:46.122 I/sysui_multi_action( 2378): [757,0,758,1,759,0,927,2,928,0,1593,1]
01-08 05:15:46.122 I/sysui_multi_action( 2378): [757,0,758,1,759,0,927,3,928,0,1593,1]
01-08 05:15:46.122 I/sysui_multi_action( 2378): [757,491,758,1,759,491,927,4,928,0,1311,-1,1593,0]
01-08 05:15:46.123 I/sysui_multi_action( 2378): [757,0,758,1,759,0,927,5,928,0,1593,0]
01-08 05:15:46.123 I/sysui_multi_action( 2378): [757,111,758,1]
01-08 05:15:46.123 I/sysui_multi_action( 2378): [757,126,758,1,759,126,927,0,928,1,1593,1]
01-08 05:15:46.123 I/sysui_multi_action( 2378): [757,113,758,1,759,113,927,1,928,1,1593,1]
01-08 05:15:46.123 I/sysui_multi_action( 2378): [757,0,758,1,759,0,927,2,928,0,1593,1]
01-08 05:15:46.123 I/sysui_multi_action( 2378): [757,0,758,1,759,0,927,3,928,0,1593,1]
01-08 05:15:48.081 I/input_interaction( 1519): Interaction with: e19dcb9 NotificationShade (server), edge-swipe (server), swipe-up (server), PointerEventDispatcher0 (server),
01-08 05:15:48.187 I/auditd ( 0): type=1400 audit(0.0:11279): avc: denied { kill } for comm="swapper/0" capability=5 scontext=u:r:kernel:s0 tcontext=u:r:kernel:s0 tclass=capability permissive=0
01-08 05:15:49.187 I/auditd ( 0): type=1400 audit(0.0:11280): avc: denied { kill } for comm="swapper/0" capability=5 scontext=u:r:kernel:s0 tcontext=u:r:kernel:s0 tclass=capability permissive=0
01-08 05:15:49.636 I/notification_enqueue( 1519): [10081,2378,com.android.systemui,2048,NULL,0,Notification(channel=updateNotification shortcut=null contentView=null vibrate=null sound=null defaults=0x0 flags=0x0 color=0x00000000 vis=PRIVATE),1]
01-08 05:15:49.637 I/sysui_multi_action( 2378): [757,111,758,2]
01-08 05:15:49.637 I/sysui_multi_action( 2378): [757,111,758,2]
01-08 05:15:49.688 I/input_interaction( 1519): Interaction with: e19dcb9 NotificationShade (server), c8b2b8c com.android.systemui.ImageWallpaper (server), edge-swipe (server), swipe-up (server), PointerEventDispatcher0 (server),
01-08 05:15:49.860 I/input_focus( 1519): [Focus request 4e2f174 com.android.launcher3/com.android.launcher3.uioverrides.QuickstepLauncher,reason=UpdateInputWindows]
01-08 05:15:49.864 I/sysui_multi_action( 1519): [757,128,758,2,793,13410917,794,3799,795,13410917,796,26,798,0,806,android,857,DEVELOPER_IMPORTANT,858,4,947,0,1395,3,1500,13410713,1688,1]
01-08 05:15:49.865 I/notification_visibility( 1519): [-1|android|26|null|1000,0,13410917,13410917,0,0]
01-08 05:15:49.865 I/sysui_multi_action( 1519): [757,128,758,2,793,8941367,794,3799,795,8941367,796,4273,798,1,806,com.android.systemui,857,screen_record,858,3,947,0,1395,3,1500,8941165,1688,1,1745,680407814]
01-08 05:15:49.865 I/notification_visibility( 1519): [0|com.android.systemui|4273|null|10081,0,8941367,8941367,0,1]
01-08 05:15:49.865 I/sysui_multi_action( 1519): [757,128,758,2,793,13464776,794,3799,795,13464776,796,32,798,2,806,android,857,USB,858,1,947,0,1395,3,1500,13464573,1688,1]
01-08 05:15:49.865 I/notification_visibility( 1519): [-1|android|32|null|1000,0,13464776,13464776,0,2]
01-08 05:15:49.869 I/sysui_multi_action( 1519): [757,127,758,2]
01-08 05:15:49.869 I/notification_panel_hidden( 1519):
01-08 05:15:49.882 I/input_focus( 1519): [Focus leaving e19dcb9 NotificationShade (server),reason=NO_WINDOW]
01-08 05:15:49.882 I/input_focus( 1519): [Focus entering 4e2f174 com.android.launcher3/com.android.launcher3.uioverrides.QuickstepLauncher (server),reason=setFocusedWindow]
01-08 05:15:49.990 I/input_interaction( 1519): Interaction with: 4e2f174 com.android.launcher3/com.android.launcher3.uioverrides.QuickstepLauncher (server), c8b2b8c com.android.systemui.ImageWallpaper (server), edge-swipe (server), swipe-up (server), PointerEventDispatcher0 (server),
01-08 05:15:50.187 I/auditd ( 0): type=1400 audit(0.0:11281): avc: denied { kill } for comm="swapper/0" capability=5 scontext=u:r:kernel:s0 tcontext=u:r:kernel:s0 tclass=capability permissive=0
01-08 05:15:51.191 I/auditd ( 0): type=1400 audit(0.0:11282): avc: denied { kill } for comm="swapper/0" capability=5 scontext=u:r:kernel:s0 tcontext=u:r:kernel:s0 tclass=capability permissive=0
01-08 05:15:52.187 I/auditd ( 0): type=1400 audit(0.0:11283): avc: denied { kill } for comm="swapper/0" capability=5 scontext=u:r:kernel:s0 tcontext=u:r:kernel:s0 tclass=capability permissive=0
01-08 05:15:53.187 I/auditd ( 0): type=1400 audit(0.0:11284): avc: denied { kill } for comm="swapper/0" capability=5 scontext=u:r:kernel:s0 tcontext=u:r:kernel:s0 tclass=capability permissive=0
01-08 05:15:54.191 I/auditd ( 0): type=1400 audit(0.0:11285): avc: denied { kill } for comm="swapper/0" capability=5 scontext=u:r:kernel:s0 tcontext=u:r:kernel:s0 tclass=capability permissive=0
01-08 05:15:55.191 I/auditd ( 0): type=1400 audit(0.0:11286): avc: denied { kill } for comm="swapper/0" capability=5 scontext=u:r:kernel:s0 tcontext=u:r:kernel:s0 tclass=capability permissive=0
01-08 05:15:56.191 I/auditd ( 0): type=1400 audit(0.0:11287): avc: denied { kill } for comm="swapper/0" capability=5 scontext=u:r:kernel:s0 tcontext=u:r:kernel:s0 tclass=capability permissive=0
01-08 05:15:57.187 I/auditd ( 0): type=1400 audit(0.0:11288): avc: denied { kill } for comm="swapper/0" capability=5 scontext=u:r:kernel:s0 tcontext=u:r:kernel:s0 tclass=capability permissive=0
01-08 05:15:58.191 I/auditd ( 0): type=1400 audit(0.0:11289): avc: denied { kill } for comm="swapper/0" capability=5 scontext=u:r:kernel:s0 tcontext=u:r:kernel:s0 tclass=capability permissive=0
01-08 05:15:59.191 I/auditd ( 0): type=1400 audit(0.0:11290): avc: denied { kill } for comm="swapper/0" capability=5 scontext=u:r:kernel:s0 tcontext=u:r:kernel:s0 tclass=capability permissive=0
01-08 05:16:01.191 I/auditd ( 0): type=1400 audit(0.0:11291): avc: denied { kill } for comm="swapper/0" capability=5 scontext=u:r:kernel:s0 tcontext=u:r:kernel:s0 tclass=capability permissive=0
01-08 05:16:02.191 I/auditd ( 647): type=1400 audit(0.0:11292): avc: denied { kill } for comm="vendor.ts.uart@" capability=5 scontext=u:r:uart_service_deamon:s0 tcontext=u:r:uart_service_deamon:s0 tclass=capability permissive=0
01-08 05:16:03.191 I/auditd ( 0): type=1400 audit(0.0:11293): avc: denied { kill } for comm="swapper/0" capability=5 scontext=u:r:kernel:s0 tcontext=u:r:kernel:s0 tclass=capability permissive=0
01-08 05:16:04.187 I/auditd ( 0): type=1400 audit(0.0:11294): avc: denied { kill } for comm="swapper/0" capability=5 scontext=u:r:kernel:s0 tcontext=u:r:kernel:s0 tclass=capability permissive=0
01-08 05:16:05.191 I/auditd ( 0): type=1400 audit(0.0:11295): avc: denied { kill } for comm="swapper/0" capability=5 scontext=u:r:kernel:s0 tcontext=u:r:kernel:s0 tclass=capability permissive=0
01-08 05:16:06.191 I/auditd ( 0): type=1400 audit(0.0:11296): avc: denied { kill } for comm="swapper/0" capability=5 scontext=u:r:kernel:s0 tcontext=u:r:kernel:s0 tclass=capability permissive=0
01-08 05:16:07.191 I/auditd ( 0): type=1400 audit(0.0:11297): avc: denied { kill } for comm="swapper/0" capability=5 scontext=u:r:kernel:s0 tcontext=u:r:kernel:s0 tclass=capability permissive=0
01-08 05:16:08.191 I/auditd ( 0): type=1400 audit(0.0:11298): avc: denied { kill } for comm="swapper/0" capability=5 scontext=u:r:kernel:s0 tcontext=u:r:kernel:s0 tclass=capability permissive=0
01-08 05:16:09.187 I/auditd ( 0): type=1400 audit(0.0:11299): avc: denied { kill } for comm="swapper/0" capability=5 scontext=u:r:kernel:s0 tcontext=u:r:kernel:s0 tclass=capability permissive=0
01-08 05:16:10.187 I/auditd ( 0): type=1400 audit(0.0:11300): avc: denied { kill } for comm="swapper/0" capability=5 scontext=u:r:kernel:s0 tcontext=u:r:kernel:s0 tclass=capability permissive=0
01-08 05:16:11.191 I/auditd ( 0): type=1400 audit(0.0:11301): avc: denied { kill } for comm="swapper/0" capability=5 scontext=u:r:kernel:s0 tcontext=u:r:kernel:s0 tclass=capability permissive=0
01-08 05:16:11.522 I/netstats_mobile_sample( 1519): [0,0,0,0,0,0,0,0,0,0,0,0,1673126171522]
01-08 05:16:11.523 I/netstats_wifi_sample( 1519): [8228388197,6100453,169498845,1433242,8228388197,6100453,169498845,1433242,8236743636,6162154,116562719,1315099,1673126171522]
01-08 05:16:12.191 I/auditd ( 0): type=1400 audit(0.0:11302): avc: denied { kill } for comm="swapper/0" capability=5 scontext=u:r:kernel:s0 tcontext=u:r:kernel:s0 tclass=capability permissive=0
01-08 05:16:13.077 I/netstats_mobile_sample( 1519): [0,0,0,0,0,0,0,0,0,0,0,0,1673126173076]
01-08 05:16:13.077 I/netstats_wifi_sample( 1519): [8228405981,6100491,169521901,1433301,8228405981,6100491,169521901,1433301,8236765320,6162217,116574387,1315132,1673126173076]
01-08 05:16:13.187 I/auditd ( 0): type=1400 audit(0.0:11303): avc: denied { kill } for comm="swapper/0" capability=5 scontext=u:r:kernel:s0 tcontext=u:r:kernel:s0 tclass=capability permissive=0
01-08 05:16:14.187 I/auditd ( 0): type=1400 audit(0.0:11304): avc: denied { kill } for comm="swapper/0" capability=5 scontext=u:r:kernel:s0 tcontext=u:r:kernel:s0 tclass=capability permissive=0
01-08 05:16:15.191 I/auditd ( 0): type=1400 audit(0.0:11305): avc: denied { kill } for comm="swapper/0" capability=5 scontext=u:r:kernel:s0 tcontext=u:r:kernel:s0 tclass=capability permissive=0
01-08 05:16:17.187 I/auditd ( 0): type=1400 audit(0.0:11306): avc: denied { kill } for comm="swapper/0" capability=5 scontext=u:r:kernel:s0 tcontext=u:r:kernel:s0 tclass=capability permissive=0
01-08 05:16:18.187 I/auditd ( 0): type=1400 audit(0.0:11307): avc: denied { kill } for comm="swapper/0" capability=5 scontext=u:r:kernel:s0 tcontext=u:r:kernel:s0 tclass=capability permissive=0
01-08 05:16:19.191 I/auditd ( 0): type=1400 audit(0.0:11308): avc: denied { kill } for comm="swapper/0" capability=5 scontext=u:r:kernel:s0 tcontext=u:r:kernel:s0 tclass=capability permissive=0
01-08 05:16:20.187 I/auditd ( 0): type=1400 audit(0.0:11309): avc: denied { kill } for comm="swapper/0" capability=5 scontext=u:r:kernel:s0 tcontext=u:r:kernel:s0 tclass=capability permissive=0
01-08 05:16:21.191 I/auditd ( 0): type=1400 audit(0.0:11310): avc: denied { kill } for comm="swapper/0" capability=5 scontext=u:r:kernel:s0 tcontext=u:r:kernel:s0 tclass=capability permissive=0
01-08 05:16:22.191 I/auditd ( 0): type=1400 audit(0.0:11311): avc: denied { kill } for comm="swapper/0" capability=5 scontext=u:r:kernel:s0 tcontext=u:r:kernel:s0 tclass=capability permissive=0
01-08 05:16:23.191 I/auditd ( 0): type=1400 audit(0.0:11312): avc: denied { kill } for comm="swapper/0" capability=5 scontext=u:r:kernel:s0 tcontext=u:r:kernel:s0 tclass=capability permissive=0
01-08 05:16:23.529 I/am_uid_idle( 1519): 10096
01-08 05:16:24.191 I/auditd ( 0): type=1400 audit(0.0:11313): avc: denied { kill } for comm="swapper/0" capability=5 scontext=u:r:kernel:s0 tcontext=u:r:kernel:s0 tclass=capability permissive=0
01-08 05:16:25.191 I/auditd ( 0): type=1400 audit(0.0:11314): avc: denied { kill } for comm="swapper/0" capability=5 scontext=u:r:kernel:s0 tcontext=u:r:kernel:s0 tclass=capability permissive=0
01-08 05:16:26.191 I/auditd ( 0): type=1400 audit(0.0:11315): avc: denied { kill } for comm="swapper/0" capability=5 scontext=u:r:kernel:s0 tcontext=u:r:kernel:s0 tclass=capability permissive=0
01-08 05:16:27.191 I/auditd ( 0): type=1400 audit(0.0:11316): avc: denied { kill } for comm="swapper/0" capability=5 scontext=u:r:kernel:s0 tcontext=u:r:kernel:s0 tclass=capability permissive=0
01-08 05:16:28.187 I/auditd ( 0): type=1400 audit(0.0:11317): avc: denied { kill } for comm="swapper/0" capability=5 scontext=u:r:kernel:s0 tcontext=u:r:kernel:s0 tclass=capability permissive=0
01-08 05:16:29.187 I/auditd ( 0): type=1400 audit(0.0:11318): avc: denied { kill } for comm="swapper/0" capability=5 scontext=u:r:kernel:s0 tcontext=u:r:kernel:s0 tclass=capability permissive=0
01-08 05:16:30.191 I/auditd ( 0): type=1400 audit(0.0:11319): avc: denied { kill } for comm="swapper/0" capability=5 scontext=u:r:kernel:s0 tcontext=u:r:kernel:s0 tclass=capability permissive=0
01-08 05:16:31.191 I/auditd ( 0): type=1400 audit(0.0:11320): avc: denied { kill } for comm="swapper/0" capability=5 scontext=u:r:kernel:s0 tcontext=u:r:kernel:s0 tclass=capability permissive=0
01-08 05:16:32.187 I/auditd ( 0): type=1400 audit(0.0:11321): avc: denied { kill } for comm="swapper/0" capability=5 scontext=u:r:kernel:s0 tcontext=u:r:kernel:s0 tclass=capability permissive=0
01-08 05:16:33.191 I/auditd ( 0): type=1400 audit(0.0:11322): avc: denied { kill } for comm="swapper/0" capability=5 scontext=u:r:kernel:s0 tcontext=u:r:kernel:s0 tclass=capability permissive=0
01-08 05:16:34.187 I/auditd ( 0): type=1400 audit(0.0:11323): avc: denied { kill } for comm="swapper/0" capability=5 scontext=u:r:kernel:s0 tcontext=u:r:kernel:s0 tclass=capability permissive=0
01-08 05:16:35.191 I/auditd ( 0): type=1400 audit(0.0:11324): avc: denied { kill } for comm="swapper/0" capability=5 scontext=u:r:kernel:s0 tcontext=u:r:kernel:s0 tclass=capability permissive=0
01-08 05:16:36.191 I/auditd ( 0): type=1400 audit(0.0:11325): avc: denied { kill } for comm="swapper/0" capability=5 scontext=u:r:kernel:s0 tcontext=u:r:kernel:s0 tclass=capability permissive=0
01-08 05:16:37.187 I/auditd ( 0): type=1400 audit(0.0:11326): avc: denied { kill } for comm="swapper/0" capability=5 scontext=u:r:kernel:s0 tcontext=u:r:kernel:s0 tclass=capability permissive=0
01-08 05:16:38.191 I/auditd ( 0): type=1400 audit(0.0:11327): avc: denied { kill } for comm="swapper/0" capability=5 scontext=u:r:kernel:s0 tcontext=u:r:kernel:s0 tclass=capability permissive=0
01-08 05:16:39.187 I/auditd ( 0): type=1400 audit(0.0:11328): avc: denied { kill } for comm="swapper/0" capability=5 scontext=u:r:kernel:s0 tcontext=u:r:kernel:s0 tclass=capability permissive=0
01-08 05:16:40.187 I/auditd ( 0): type=1400 audit(0.0:11329): avc: denied { kill } for comm="swapper/0" capability=5 scontext=u:r:kernel:s0 tcontext=u:r:kernel:s0 tclass=capability permissive=0
01-08 05:16:41.191 I/auditd ( 0): type=1400 audit(0.0:11330): avc: denied { kill } for comm="swapper/0" capability=5 scontext=u:r:kernel:s0 tcontext=u:r:kernel:s0 tclass=capability permissive=0
01-08 05:16:42.191 I/auditd ( 0): type=1400 audit(0.0:11331): avc: denied { kill } for comm="swapper/0" capability=5 scontext=u:r:kernel:s0 tcontext=u:r:kernel:s0 tclass=capability permissive=0
01-08 05:16:43.191 I/auditd ( 0): type=1400 audit(0.0:11332): avc: denied { kill } for comm="swapper/0" capability=5 scontext=u:r:kernel:s0 tcontext=u:r:kernel:s0 tclass=capability permissive=0
01-08 05:16:43.475 I/sysui_multi_action( 1519): [757,1696,758,6,759,2]
01-08 05:16:43.478 I/am_wtf ( 1519): [0,1519,system_server,-1,DisplayDeviceConfig,requesting nits when no mapping exists.]
01-08 05:16:43.483 I/am_wtf ( 1519): [0,1519,system_server,-1,DisplayDeviceConfig,requesting nits when no mapping exists.]
01-08 05:16:43.493 I/am_wtf ( 1519): [0,1519,system_server,-1,DisplayDeviceConfig,requesting nits when no mapping exists.]
01-08 05:16:43.494 I/am_wtf ( 1519): [0,1519,system_server,-1,DisplayDeviceConfig,requesting nits when no mapping exists.]
01-08 05:16:43.510 I/am_wtf ( 1519): [0,1519,system_server,-1,DisplayDeviceConfig,requesting nits when no mapping exists.]
01-08 05:16:43.512 I/am_wtf ( 1519): [0,1519,system_server,-1,DisplayDeviceConfig,requesting nits when no mapping exists.]
01-08 05:16:43.527 I/am_wtf ( 1519): [0,1519,system_server,-1,DisplayDeviceConfig,requesting nits when no mapping exists.]
01-08 05:16:43.528 I/am_wtf ( 1519): [0,1519,system_server,-1,DisplayDeviceConfig,requesting nits when no mapping exists.]
01-08 05:16:43.543 I/am_wtf ( 1519): [0,1519,system_server,-1,DisplayDeviceConfig,requesting nits when no mapping exists.]
01-08 05:16:43.544 I/am_wtf ( 1519): [0,1519,system_server,-1,DisplayDeviceConfig,requesting nits when no mapping exists.]
01-08 05:16:43.560 I/am_wtf ( 1519): [0,1519,system_server,-1,DisplayDeviceConfig,requesting nits when no mapping exists.]
01-08 05:16:43.561 I/am_wtf ( 1519): [0,1519,system_server,-1,DisplayDeviceConfig,requesting nits when no mapping exists.]
01-08 05:16:43.577 I/am_wtf ( 1519): [0,1519,system_server,-1,DisplayDeviceConfig,requesting nits when no mapping exists.]
01-08 05:16:43.578 I/am_wtf ( 1519): [0,1519,system_server,-1,DisplayDeviceConfig,requesting nits when no mapping exists.]
01-08 05:16:43.593 I/am_wtf ( 1519): [0,1519,system_server,-1,DisplayDeviceConfig,requesting nits when no mapping exists.]
01-08 05:16:43.594 I/am_wtf ( 1519): [0,1519,system_server,-1,DisplayDeviceConfig,requesting nits when no mapping exists.]
01-08 05:16:43.610 I/am_wtf ( 1519): [0,1519,system_server,-1,DisplayDeviceConfig,requesting nits when no mapping exists.]
01-08 05:16:43.611 I/am_wtf ( 1519): [0,1519,system_server,-1,DisplayDeviceConfig,requesting nits when no mapping exists.]
01-08 05:16:43.627 I/am_wtf ( 1519): [0,1519,system_server,-1,DisplayDeviceConfig,requesting nits when no mapping exists.]
01-08 05:16:43.628 I/am_wtf ( 1519): [0,1519,system_server,-1,DisplayDeviceConfig,requesting nits when no mapping exists.]
01-08 05:16:43.644 I/am_wtf ( 1519): [0,1519,system_server,-1,DisplayDeviceConfig,requesting nits when no mapping exists.]
01-08 05:16:43.644 I/am_wtf ( 1519): [0,1519,system_server,-1,DisplayDeviceConfig,requesting nits when no mapping exists.]
01-08 05:16:43.660 I/am_wtf ( 1519): [0,1519,system_server,-1,DisplayDeviceConfig,requesting nits when no mapping exists.]
01-08 05:16:43.661 I/am_wtf ( 1519): [0,1519,system_server,-1,DisplayDeviceConfig,requesting nits when no mapping exists.]
01-08 05:16:43.677 I/am_wtf ( 1519): [0,1519,system_server,-1,DisplayDeviceConfig,requesting nits when no mapping exists.]
01-08 05:16:43.678 I/am_wtf ( 1519): [0,1519,system_server,-1,DisplayDeviceConfig,requesting nits when no mapping exists.]
01-08 05:16:43.693 I/am_wtf ( 1519): [0,1519,system_server,-1,DisplayDeviceConfig,requesting nits when no mapping exists.]
01-08 05:16:43.694 I/am_wtf ( 1519): [0,1519,system_server,-1,DisplayDeviceConfig,requesting nits when no mapping exists.]
01-08 05:16:43.711 I/am_wtf ( 1519): [0,1519,system_server,-1,DisplayDeviceConfig,requesting nits when no mapping exists.]
01-08 05:16:43.712 I/am_wtf ( 1519): [0,1519,system_server,-1,DisplayDeviceConfig,requesting nits when no mapping exists.]
01-08 05:16:43.727 I/am_wtf ( 1519): [0,1519,system_server,-1,DisplayDeviceConfig,requesting nits when no mapping exists.]
01-08 05:16:43.728 I/am_wtf ( 1519): [0,1519,system_server,-1,DisplayDeviceConfig,requesting nits when no mapping exists.]
01-08 05:16:43.744 I/am_wtf ( 1519): [0,1519,system_server,-1,DisplayDeviceConfig,requesting nits when no mapping exists.]
01-08 05:16:43.745 I/am_wtf ( 1519): [0,1519,system_server,-1,DisplayDeviceConfig,requesting nits when no mapping exists.]
01-08 05:16:43.760 I/am_wtf ( 1519): [0,1519,system_server,-1,DisplayDeviceConfig,requesting nits when no mapping exists.]
01-08 05:16:43.762 I/am_wtf ( 1519): [0,1519,system_server,-1,DisplayDeviceConfig,requesting nits when no mapping exists.]
01-08 05:16:43.778 I/am_wtf ( 1519): [0,1519,system_server,-1,DisplayDeviceConfig,requesting nits when no mapping exists.]
01-08 05:16:43.779 I/am_wtf ( 1519): [0,1519,system_server,-1,DisplayDeviceConfig,requesting nits when no mapping exists.]
01-08 05:16:43.794 I/am_wtf ( 1519): [0,1519,system_server,-1,DisplayDeviceConfig,requesting nits when no mapping exists.]
01-08 05:16:43.794 I/am_wtf ( 1519): [0,1519,system_server,-1,DisplayDeviceConfig,requesting nits when no mapping exists.]
01-08 05:16:43.810 I/am_wtf ( 1519): [0,1519,system_server,-1,DisplayDeviceConfig,requesting nits when no mapping exists.]
01-08 05:16:43.812 I/am_wtf ( 1519): [0,1519,system_server,-1,DisplayDeviceConfig,requesting nits when no mapping exists.]
01-08 05:16:43.827 I/am_wtf ( 1519): [0,1519,system_server,-1,DisplayDeviceConfig,requesting nits when no mapping exists.]
01-08 05:16:43.828 I/am_wtf ( 1519): [0,1519,system_server,-1,DisplayDeviceConfig,requesting nits when no mapping exists.]
01-08 05:16:43.844 I/am_wtf ( 1519): [0,1519,system_server,-1,DisplayDeviceConfig,requesting nits when no mapping exists.]
01-08 05:16:43.845 I/am_wtf ( 1519): [0,1519,system_server,-1,DisplayDeviceConfig,requesting nits when no mapping exists.]
01-08 05:16:43.861 I/am_wtf ( 1519): [0,1519,system_server,-1,DisplayDeviceConfig,requesting nits when no mapping exists.]
01-08 05:16:43.861 I/am_wtf ( 1519): [0,1519,system_server,-1,DisplayDeviceConfig,requesting nits when no mapping exists.]
01-08 05:16:43.877 I/am_wtf ( 1519): [0,1519,system_server,-1,DisplayDeviceConfig,requesting nits when no mapping exists.]
01-08 05:16:43.878 I/am_wtf ( 1519): [0,1519,system_server,-1,DisplayDeviceConfig,requesting nits when no mapping exists.]
01-08 05:16:43.894 I/am_wtf ( 1519): [0,1519,system_server,-1,DisplayDeviceConfig,requesting nits when no mapping exists.]
01-08 05:16:43.895 I/am_wtf ( 1519): [0,1519,system_server,-1,DisplayDeviceConfig,requesting nits when no mapping exists.]
01-08 05:16:43.910 I/am_wtf ( 1519): [0,1519,system_server,-1,DisplayDeviceConfig,requesting nits when no mapping exists.]
01-08 05:16:43.911 I/am_wtf ( 1519): [0,1519,system_server,-1,DisplayDeviceConfig,requesting nits when no mapping exists.]
01-08 05:16:43.928 I/am_wtf ( 1519): [0,1519,system_server,-1,DisplayDeviceConfig,requesting nits when no mapping exists.]
01-08 05:16:43.928 I/am_wtf ( 1519): [0,1519,system_server,-1,DisplayDeviceConfig,requesting nits when no mapping exists.]
01-08 05:16:43.944 I/am_wtf ( 1519): [0,1519,system_server,-1,DisplayDeviceConfig,requesting nits when no mapping exists.]
01-08 05:16:43.945 I/am_wtf ( 1519): [0,1519,system_server,-1,DisplayDeviceConfig,requesting nits when no mapping exists.]
01-08 05:16:43.961 I/am_wtf ( 1519): [0,1519,system_server,-1,DisplayDeviceConfig,requesting nits when no mapping exists.]
01-08 05:16:43.962 I/am_wtf ( 1519): [0,1519,system_server,-1,DisplayDeviceConfig,requesting nits when no mapping exists.]
01-08 05:16:43.978 I/am_wtf ( 1519): [0,1519,system_server,-1,DisplayDeviceConfig,requesting nits when no mapping exists.]
01-08 05:16:43.979 I/am_wtf ( 1519): [0,1519,system_server,-1,DisplayDeviceConfig,requesting nits when no mapping exists.]
01-08 05:16:43.994 I/am_wtf ( 1519): [0,1519,system_server,-1,DisplayDeviceConfig,requesting nits when no mapping exists.]
01-08 05:16:43.995 I/service_manager_stats( 1519): [100,54,58981]
01-08 05:16:43.995 I/am_wtf ( 1519): [0,1519,system_server,-1,DisplayDeviceConfig,requesting nits when no mapping exists.]
01-08 05:16:44.011 I/am_wtf ( 1519): [0,1519,system_server,-1,DisplayDeviceConfig,requesting nits when no mapping exists.]
01-08 05:16:44.012 I/am_wtf ( 1519): [0,1519,system_server,-1,DisplayDeviceConfig,requesting nits when no mapping exists.]
01-08 05:16:44.028 I/am_wtf ( 1519): [0,1519,system_server,-1,DisplayDeviceConfig,requesting nits when no mapping exists.]
01-08 05:16:44.028 I/am_wtf ( 1519): [0,1519,system_server,-1,DisplayDeviceConfig,requesting nits when no mapping exists.]
01-08 05:16:44.044 I/am_wtf ( 1519): [0,1519,system_server,-1,DisplayDeviceConfig,requesting nits when no mapping exists.]
01-08 05:16:44.045 I/am_wtf ( 1519): [0,1519,system_server,-1,DisplayDeviceConfig,requesting nits when no mapping exists.]
01-08 05:16:44.061 I/am_wtf ( 1519): [0,1519,system_server,-1,DisplayDeviceConfig,requesting nits when no mapping exists.]
01-08 05:16:44.062 I/am_wtf ( 1519): [0,1519,system_server,-1,DisplayDeviceConfig,requesting nits when no mapping exists.]
01-08 05:16:44.078 I/am_wtf ( 1519): [0,1519,system_server,-1,DisplayDeviceConfig,requesting nits when no mapping exists.]
01-08 05:16:44.078 I/am_wtf ( 1519): [0,1519,system_server,-1,DisplayDeviceConfig,requesting nits when no mapping exists.]
01-08 05:16:44.094 I/am_wtf ( 1519): [0,1519,system_server,-1,DisplayDeviceConfig,requesting nits when no mapping exists.]
01-08 05:16:44.095 I/am_wtf ( 1519): [0,1519,system_server,-1,DisplayDeviceConfig,requesting nits when no mapping exists.]
01-08 05:16:44.111 I/am_wtf ( 1519): [0,1519,system_server,-1,DisplayDeviceConfig,requesting nits when no mapping exists.]
01-08 05:16:44.112 I/am_wtf ( 1519): [0,1519,system_server,-1,DisplayDeviceConfig,requesting nits when no mapping exists.]
01-08 05:16:44.128 I/am_wtf ( 1519): [0,1519,system_server,-1,DisplayDeviceConfig,requesting nits when no mapping exists.]
01-08 05:16:44.130 I/am_wtf ( 1519): [0,1519,system_server,-1,DisplayDeviceConfig,requesting nits when no mapping exists.]
01-08 05:16:44.144 I/am_wtf ( 1519): [0,1519,system_server,-1,DisplayDeviceConfig,requesting nits when no mapping exists.]
01-08 05:16:44.145 I/am_wtf ( 1519): [0,1519,system_server,-1,DisplayDeviceConfig,requesting nits when no mapping exists.]
01-08 05:16:44.161 I/am_wtf ( 1519): [0,1519,system_server,-1,DisplayDeviceConfig,requesting nits when no mapping exists.]
01-08 05:16:44.162 I/am_wtf ( 1519): [0,1519,system_server,-1,DisplayDeviceConfig,requesting nits when no mapping exists.]
01-08 05:16:44.178 I/am_wtf ( 1519): [0,1519,system_server,-1,DisplayDeviceConfig,requesting nits when no mapping exists.]
01-08 05:16:44.179 I/am_wtf ( 1519): [0,1519,system_server,-1,DisplayDeviceConfig,requesting nits when no mapping exists.]
01-08 05:16:44.187 I/auditd ( 0): type=1400 audit(0.0:11333): avc: denied { kill } for comm="swapper/0" capability=5 scontext=u:r:kernel:s0 tcontext=u:r:kernel:s0 tclass=capability permissive=0
01-08 05:16:44.194 I/am_wtf ( 1519): [0,1519,system_server,-1,DisplayDeviceConfig,requesting nits when no mapping exists.]
01-08 05:16:44.195 I/am_wtf ( 1519): [0,1519,system_server,-1,DisplayDeviceConfig,requesting nits when no mapping exists.]
01-08 05:16:44.211 I/am_wtf ( 1519): [0,1519,system_server,-1,DisplayDeviceConfig,requesting nits when no mapping exists.]
01-08 05:16:44.212 I/am_wtf ( 1519): [0,1519,system_server,-1,DisplayDeviceConfig,requesting nits when no mapping exists.]
01-08 05:16:44.228 I/am_wtf ( 1519): [0,1519,system_server,-1,DisplayDeviceConfig,requesting nits when no mapping exists.]
01-08 05:16:44.229 I/am_wtf ( 1519): [0,1519,system_server,-1,DisplayDeviceConfig,requesting nits when no mapping exists.]
01-08 05:16:44.245 I/am_wtf ( 1519): [0,1519,system_server,-1,DisplayDeviceConfig,requesting nits when no mapping exists.]
01-08 05:16:44.246 I/am_wtf ( 1519): [0,1519,system_server,-1,DisplayDeviceConfig,requesting nits when no mapping exists.]
01-08 05:16:44.262 I/am_wtf ( 1519): [0,1519,system_server,-1,DisplayDeviceConfig,requesting nits when no mapping exists.]
01-08 05:16:44.262 I/am_wtf ( 1519): [0,1519,system_server,-1,DisplayDeviceConfig,requesting nits when no mapping exists.]
01-08 05:16:44.279 I/am_wtf ( 1519): [0,1519,system_server,-1,DisplayDeviceConfig,requesting nits when no mapping exists.]
01-08 05:16:44.280 I/am_wtf ( 1519): [0,1519,system_server,-1,DisplayDeviceConfig,requesting nits when no mapping exists.]
01-08 05:16:44.295 I/am_wtf ( 1519): [0,1519,system_server,-1,DisplayDeviceConfig,requesting nits when no mapping exists.]
01-08 05:16:44.296 I/am_wtf ( 1519): [0,1519,system_server,-1,DisplayDeviceConfig,requesting nits when no mapping exists.]
01-08 05:16:44.312 I/am_wtf ( 1519): [0,1519,system_server,-1,DisplayDeviceConfig,requesting nits when no mapping exists.]
01-08 05:16:44.313 I/am_wtf ( 1519): [0,1519,system_server,-1,DisplayDeviceConfig,requesting nits when no mapping exists.]
01-08 05:16:44.329 I/am_wtf ( 1519): [0,1519,system_server,-1,DisplayDeviceConfig,requesting nits when no mapping exists.]
01-08 05:16:44.329 I/am_wtf ( 1519): [0,1519,system_server,-1,DisplayDeviceConfig,requesting nits when no mapping exists.]
01-08 05:16:44.345 I/am_wtf ( 1519): [0,1519,system_server,-1,DisplayDeviceConfig,requesting nits when no mapping exists.]
01-08 05:16:44.346 I/am_wtf ( 1519): [0,1519,system_server,-1,DisplayDeviceConfig,requesting nits when no mapping exists.]
01-08 05:16:44.362 I/am_wtf ( 1519): [0,1519,system_server,-1,DisplayDeviceConfig,requesting nits when no mapping exists.]
01-08 05:16:44.363 I/am_wtf ( 1519): [0,1519,system_server,-1,DisplayDeviceConfig,requesting nits when no mapping exists.]
01-08 05:16:44.378 I/am_wtf ( 1519): [0,1519,system_server,-1,DisplayDeviceConfig,requesting nits when no mapping exists.]
01-08 05:16:44.379 I/am_wtf ( 1519): [0,1519,system_server,-1,DisplayDeviceConfig,requesting nits when no mapping exists.]
01-08 05:16:44.395 I/am_wtf ( 1519): [0,1519,system_server,-1,DisplayDeviceConfig,requesting nits when no mapping exists.]
01-08 05:16:44.396 I/am_wtf ( 1519): [0,1519,system_server,-1,DisplayDeviceConfig,requesting nits when no mapping exists.]
01-08 05:16:44.412 I/am_wtf ( 1519): [0,1519,system_server,-1,DisplayDeviceConfig,requesting nits when no mapping exists.]
01-08 05:16:44.413 I/am_wtf ( 1519): [0,1519,system_server,-1,DisplayDeviceConfig,requesting nits when no mapping exists.]
01-08 05:16:44.428 I/am_wtf ( 1519): [0,1519,system_server,-1,DisplayDeviceConfig,requesting nits when no mapping exists.]
01-08 05:16:44.428 I/am_wtf ( 1519): [0,1519,system_server,-1,DisplayDeviceConfig,requesting nits when no mapping exists.]
01-08 05:16:45.191 I/auditd ( 0): type=1400 audit(0.0:11334): avc: denied { kill } for comm="swapper/0" capability=5 scontext=u:r:kernel:s0 tcontext=u:r:kernel:s0 tclass=capability permissive=0
01-08 05:16:45.348 I/am_uid_idle( 1519): 10052
01-08 05:16:46.187 I/auditd ( 0): type=1400 audit(0.0:11335): avc: denied { kill } for comm="swapper/0" capability=5 scontext=u:r:kernel:s0 tcontext=u:r:kernel:s0 tclass=capability permissive=0
01-08 05:16:47.191 I/auditd ( 0): type=1400 audit(0.0:11336): avc: denied { kill } for comm="swapper/0" capability=5 scontext=u:r:kernel:s0 tcontext=u:r:kernel:s0 tclass=capability permissive=0
01-08 05:16:48.191 I/auditd ( 0): type=1400 audit(0.0:11337): avc: denied { kill } for comm="swapper/0" capability=5 scontext=u:r:kernel:s0 tcontext=u:r:kernel:s0 tclass=capability permissive=0
01-08 05:16:49.191 I/auditd ( 0): type=1400 audit(0.0:11338): avc: denied { kill } for comm="swapper/0" capability=5 scontext=u:r:kernel:s0 tcontext=u:r:kernel:s0 tclass=capability permissive=0
01-08 05:16:50.191 I/auditd ( 0): type=1400 audit(0.0:11339): avc: denied { kill } for comm="swapper/0" capability=5 scontext=u:r:kernel:s0 tcontext=u:r:kernel:s0 tclass=capability permissive=0
01-08 05:16:50.472 I/sysui_multi_action( 1519): [757,222,758,1]
01-08 05:16:50.475 I/am_uid_active( 1519): 10052
01-08 05:16:50.487 I/wm_task_created( 1519): [42,-1]
01-08 05:16:50.491 I/wm_task_moved( 1519): [42,1,8]
01-08 05:16:50.491 I/wm_task_to_front( 1519): [0,42]
01-08 05:16:50.492 I/wm_create_task( 1519): [0,42]
01-08 05:16:50.492 I/wm_create_activity( 1519): [0,212129513,42,com.thundercomm.screensaver/android.service.dreams.DreamActivity,NULL,NULL,NULL,276824064]
01-08 05:16:50.492 I/wm_task_moved( 1519): [42,1,8]
01-08 05:16:50.492 I/wm_on_top_resumed_lost_called( 2855): [110752405,com.android.launcher3.uioverrides.QuickstepLauncher,topStateChangedWhenResumed]
01-08 05:16:50.492 I/wm_pause_activity( 1519): [0,110752405,com.android.launcher3/.uioverrides.QuickstepLauncher,userLeaving=true,pauseBackTasks]
01-08 05:16:50.494 I/wm_on_paused_called( 2855): [110752405,com.android.launcher3.uioverrides.QuickstepLauncher,performPause]
01-08 05:16:50.496 I/wm_add_to_stopping( 1519): [0,110752405,com.android.launcher3/.uioverrides.QuickstepLauncher,makeInvisible]
01-08 05:16:50.496 I/wm_restart_activity( 1519): [0,212129513,42,com.thundercomm.screensaver/android.service.dreams.DreamActivity]
01-08 05:16:50.497 I/wm_set_resumed_activity( 1519): [0,com.thundercomm.screensaver/android.service.dreams.DreamActivity,minimalResumeActivityLocked]
01-08 05:16:50.500 I/sysui_multi_action( 1519): [757,803,799,window_time_0,802,65]
01-08 05:16:50.501 I/wm_on_create_called(14634): [212129513,android.service.dreams.DreamActivity,performCreate]
01-08 05:16:50.501 I/wm_on_start_called(14634): [212129513,android.service.dreams.DreamActivity,handleStartActivity]
01-08 05:16:50.502 I/wm_on_resume_called(14634): [212129513,android.service.dreams.DreamActivity,RESUME_ACTIVITY]
01-08 05:16:50.504 I/wm_on_top_resumed_gained_called(14634): [212129513,android.service.dreams.DreamActivity,topStateChangedWhenResumed]
01-08 05:16:50.516 I/input_focus( 1519): [Focus request b6af8a5 com.thundercomm.screensaver/android.service.dreams.DreamActivity,reason=UpdateInputWindows]
01-08 05:16:50.523 I/sysui_multi_action( 1519): [319,37,322,37,325,13551,757,761,758,8,759,2,806,com.thundercomm.screensaver,871,android.service.dreams.DreamActivity,904,com.thundercomm.screensaver,905,0,1320,4,1321,2]
01-08 05:16:50.523 I/wm_activity_launch_time( 1519): [0,212129513,com.thundercomm.screensaver/android.service.dreams.DreamActivity,37]
01-08 05:16:50.524 I/sysui_multi_action( 1519): [757,1696,758,6,759,3]
01-08 05:16:50.525 I/am_wtf ( 1519): [0,1519,system_server,-1,DisplayDeviceConfig,requesting nits when no mapping exists.]
01-08 05:16:50.526 I/am_wtf ( 1519): [0,1519,system_server,-1,DisplayDeviceConfig,requesting nits when no mapping exists.]
01-08 05:16:50.527 I/input_focus( 1519): [Focus leaving 4e2f174 com.android.launcher3/com.android.launcher3.uioverrides.QuickstepLauncher (server),reason=NO_WINDOW]
01-08 05:16:50.542 I/am_wtf ( 1519): [0,1519,system_server,-1,DisplayDeviceConfig,requesting nits when no mapping exists.]
01-08 05:16:50.543 I/input_focus( 1519): [Focus entering b6af8a5 com.thundercomm.screensaver/android.service.dreams.DreamActivity (server),reason=Window became focusable. Previous reason: NOT_VISIBLE]
01-08 05:16:50.543 I/am_wtf ( 1519): [0,1519,system_server,-1,DisplayDeviceConfig,requesting nits when no mapping exists.]
01-08 05:16:50.559 I/am_wtf ( 1519): [0,1519,system_server,-1,DisplayDeviceConfig,requesting nits when no mapping exists.]
01-08 05:16:50.560 I/am_wtf ( 1519): [0,1519,system_server,-1,DisplayDeviceConfig,requesting nits when no mapping exists.]
01-08 05:16:50.575 I/am_wtf ( 1519): [0,1519,system_server,-1,DisplayDeviceConfig,requesting nits when no mapping exists.]
01-08 05:16:50.576 I/am_wtf ( 1519): [0,1519,system_server,-1,DisplayDeviceConfig,requesting nits when no mapping exists.]
01-08 05:16:50.592 I/am_wtf ( 1519): [0,1519,system_server,-1,DisplayDeviceConfig,requesting nits when no mapping exists.]
01-08 05:16:50.593 I/am_wtf ( 1519): [0,1519,system_server,-1,DisplayDeviceConfig,requesting nits when no mapping exists.]
01-08 05:16:50.609 I/am_wtf ( 1519): [0,1519,system_server,-1,DisplayDeviceConfig,requesting nits when no mapping exists.]
01-08 05:16:50.609 I/am_wtf ( 1519): [0,1519,system_server,-1,DisplayDeviceConfig,requesting nits when no mapping exists.]
01-08 05:16:50.626 I/am_wtf ( 1519): [0,1519,system_server,-1,DisplayDeviceConfig,requesting nits when no mapping exists.]
01-08 05:16:50.626 I/am_wtf ( 1519): [0,1519,system_server,-1,DisplayDeviceConfig,requesting nits when no mapping exists.]
01-08 05:16:50.643 I/am_wtf ( 1519): [0,1519,system_server,-1,DisplayDeviceConfig,requesting nits when no mapping exists.]
01-08 05:16:50.643 I/am_wtf ( 1519): [0,1519,system_server,-1,DisplayDeviceConfig,requesting nits when no mapping exists.]
01-08 05:16:50.659 I/am_wtf ( 1519): [0,1519,system_server,-1,DisplayDeviceConfig,requesting nits when no mapping exists.]
01-08 05:16:50.659 I/am_wtf ( 1519): [0,1519,system_server,-1,DisplayDeviceConfig,requesting nits when no mapping exists.]
01-08 05:16:50.676 I/am_wtf ( 1519): [0,1519,system_server,-1,DisplayDeviceConfig,requesting nits when no mapping exists.]
01-08 05:16:50.677 I/am_wtf ( 1519): [0,1519,system_server,-1,DisplayDeviceConfig,requesting nits when no mapping exists.]
01-08 05:16:50.693 I/am_wtf ( 1519): [0,1519,system_server,-1,DisplayDeviceConfig,requesting nits when no mapping exists.]
01-08 05:16:50.693 I/am_wtf ( 1519): [0,1519,system_server,-1,DisplayDeviceConfig,requesting nits when no mapping exists.]
01-08 05:16:50.710 I/am_wtf ( 1519): [0,1519,system_server,-1,DisplayDeviceConfig,requesting nits when no mapping exists.]
01-08 05:16:50.710 I/am_wtf ( 1519): [0,1519,system_server,-1,DisplayDeviceConfig,requesting nits when no mapping exists.]
01-08 05:16:50.727 I/am_wtf ( 1519): [0,1519,system_server,-1,DisplayDeviceConfig,requesting nits when no mapping exists.]
01-08 05:16:50.727 I/am_wtf ( 1519): [0,1519,system_server,-1,DisplayDeviceConfig,requesting nits when no mapping exists.]
01-08 05:16:50.743 I/am_wtf ( 1519): [0,1519,system_server,-1,DisplayDeviceConfig,requesting nits when no mapping exists.]
01-08 05:16:50.743 I/am_wtf ( 1519): [0,1519,system_server,-1,DisplayDeviceConfig,requesting nits when no mapping exists.]
01-08 05:16:50.760 I/am_wtf ( 1519): [0,1519,system_server,-1,DisplayDeviceConfig,requesting nits when no mapping exists.]
01-08 05:16:50.760 I/am_wtf ( 1519): [0,1519,system_server,-1,DisplayDeviceConfig,requesting nits when no mapping exists.]
01-08 05:16:50.776 I/am_wtf ( 1519): [0,1519,system_server,-1,DisplayDeviceConfig,requesting nits when no mapping exists.]
01-08 05:16:50.776 I/am_wtf ( 1519): [0,1519,system_server,-1,DisplayDeviceConfig,requesting nits when no mapping exists.]
01-08 05:16:50.793 I/am_wtf ( 1519): [0,1519,system_server,-1,DisplayDeviceConfig,requesting nits when no mapping exists.]
01-08 05:16:50.793 I/am_wtf ( 1519): [0,1519,system_server,-1,DisplayDeviceConfig,requesting nits when no mapping exists.]
01-08 05:16:50.810 I/am_wtf ( 1519): [0,1519,system_server,-1,DisplayDeviceConfig,requesting nits when no mapping exists.]
01-08 05:16:50.811 I/am_wtf ( 1519): [0,1519,system_server,-1,DisplayDeviceConfig,requesting nits when no mapping exists.]
01-08 05:16:50.811 I/wm_stop_activity( 1519): [0,110752405,com.android.launcher3/.uioverrides.QuickstepLauncher]
01-08 05:16:50.827 I/am_wtf ( 1519): [0,1519,system_server,-1,DisplayDeviceConfig,requesting nits when no mapping exists.]
01-08 05:16:50.829 I/am_wtf ( 1519): [0,1519,system_server,-1,DisplayDeviceConfig,requesting nits when no mapping exists.]
01-08 05:16:50.830 I/wm_on_stop_called( 2855): [110752405,com.android.launcher3.uioverrides.QuickstepLauncher,STOP_ACTIVITY_ITEM]
01-08 05:16:50.844 I/am_wtf ( 1519): [0,1519,system_server,-1,DisplayDeviceConfig,requesting nits when no mapping exists.]
01-08 05:16:50.844 I/am_wtf ( 1519): [0,1519,system_server,-1,DisplayDeviceConfig,requesting nits when no mapping exists.]
01-08 05:16:50.860 I/am_wtf ( 1519): [0,1519,system_server,-1,DisplayDeviceConfig,requesting nits when no mapping exists.]
01-08 05:16:50.860 I/am_wtf ( 1519): [0,1519,system_server,-1,DisplayDeviceConfig,requesting nits when no mapping exists.]
01-08 05:16:50.876 I/am_wtf ( 1519): [0,1519,system_server,-1,DisplayDeviceConfig,requesting nits when no mapping exists.]
01-08 05:16:50.876 I/am_wtf ( 1519): [0,1519,system_server,-1,DisplayDeviceConfig,requesting nits when no mapping exists.]
01-08 05:16:50.894 I/am_wtf ( 1519): [0,1519,system_server,-1,DisplayDeviceConfig,requesting nits when no mapping exists.]
