01-08 03:37:07.679 I/auditd ( 563): type=1400 audit(0.0:4977): avc: denied { read } for comm="Binder:563_2" name="wakeup4" dev="sysfs" ino=47049 scontext=u:r:system_suspend:s0 tcontext=u:object_r:sysfs:s0 tclass=dir permissive=0
01-08 03:37:07.679 I/auditd ( 563): type=1400 audit(0.0:4978): avc: denied { read } for comm="Binder:563_2" name="wakeup76" dev="sysfs" ino=76730 scontext=u:r:system_suspend:s0 tcontext=u:object_r:sysfs:s0 tclass=dir permissive=0
01-08 03:37:07.679 I/auditd ( 563): type=1400 audit(0.0:4979): avc: denied { read } for comm="Binder:563_2" name="wakeup28" dev="sysfs" ino=53254 scontext=u:r:system_suspend:s0 tcontext=u:object_r:sysfs:s0 tclass=dir permissive=0
01-08 03:37:07.679 I/auditd ( 563): type=1400 audit(0.0:4980): avc: denied { read } for comm="Binder:563_2" name="wakeup56" dev="sysfs" ino=71614 scontext=u:r:system_suspend:s0 tcontext=u:object_r:sysfs:s0 tclass=dir permissive=0
01-08 03:37:07.679 I/auditd ( 563): type=1400 audit(0.0:4981): avc: denied { read } for comm="Binder:563_2" name="wakeup2" dev="sysfs" ino=46573 scontext=u:r:system_suspend:s0 tcontext=u:object_r:sysfs:s0 tclass=dir permissive=0
01-08 03:37:07.679 I/auditd ( 563): type=1400 audit(0.0:4982): avc: denied { read } for comm="Binder:563_2" name="wakeup36" dev="sysfs" ino=62479 scontext=u:r:system_suspend:s0 tcontext=u:object_r:sysfs:s0 tclass=dir permissive=0
01-08 03:37:07.706 I/wm_on_destroy_called(13228): [259855501,com.android.settings.Settings$WifiSettingsActivity,performDestroy]
01-08 03:37:07.712 I/sysui_multi_action( 1519): [319,92,322,91,325,7568,757,761,758,8,759,2,806,com.android.settings,871,com.android.settings.Settings,904,com.android.launcher3,905,0,1320,4,1321,1]
01-08 03:37:07.713 I/wm_activity_launch_time( 1519): [0,59838401,com.android.settings/.Settings,91]
01-08 03:37:07.716 I/wm_task_removed( 1519): [39,removeChild:removeChild last r=ActivityRecord{f7d148d u0 com.android.settings/.Settings$WifiSettingsActivity t-1 f}} in t=Task{19afb9a #39 type=standard A=1000:com.android.settings U=0 visible=false mode=fullscreen translucent=true sz=0}]
01-08 03:37:07.716 I/wm_task_removed( 1519): [39,removeChild]
01-08 03:37:07.867 I/sysui_multi_action(13228): [757,3000,758,2,1089,200]
01-08 03:37:07.875 I/netstats_mobile_sample( 1519): [0,0,0,0,0,0,0,0,0,0,0,0,1673120227875]
01-08 03:37:07.875 I/netstats_wifi_sample( 1519): [8194672766,6024258,102613656,1283255,8194672766,6024258,102613656,1283255,8197234406,6048884,83058722,1239410,1673120227875]
01-08 03:37:07.878 I/netstats_mobile_sample( 1519): [0,0,0,0,0,0,0,0,0,0,0,0,1673120227878]
01-08 03:37:07.879 I/netstats_wifi_sample( 1519): [8194672766,6024258,102613656,1283255,8194672766,6024258,102613656,1283255,8197234406,6048884,83058722,1239410,1673120227878]
01-08 03:37:07.891 I/sysui_multi_action(13228): [757,103,758,1,833,0,1089,22]
01-08 03:37:08.230 I/wm_stop_activity( 1519): [0,110752405,com.android.launcher3/.uioverrides.QuickstepLauncher]
01-08 03:37:08.231 I/notification_enqueue( 1519): [10081,2378,com.android.systemui,2048,NULL,0,Notification(channel=updateNotification shortcut=null contentView=null vibrate=null sound=null defaults=0x0 flags=0x0 color=0x00000000 vis=PRIVATE),1]
01-08 03:37:08.233 I/sysui_multi_action( 2378): [757,111,758,2]
01-08 03:37:08.233 I/sysui_multi_action( 2378): [757,111,758,2]
01-08 03:37:08.238 I/input_focus( 1519): [Focus request ffd8487 com.android.settings/com.android.settings.Settings,reason=UpdateInputWindows]
01-08 03:37:08.244 I/sysui_multi_action( 1519): [757,128,758,2,793,7489297,794,4129,795,7489297,796,26,798,0,806,android,857,DEVELOPER_IMPORTANT,858,4,947,0,1395,3,1500,7489093,1688,1]
01-08 03:37:08.244 I/notification_visibility( 1519): [-1|android|26|null|1000,0,7489297,7489297,0,0]
01-08 03:37:08.245 I/sysui_multi_action( 1519): [757,128,758,2,793,3019747,794,4130,795,3019747,796,4273,798,1,806,com.android.systemui,857,screen_record,858,3,947,0,1395,3,1500,3019545,1688,1,1745,680407814]
01-08 03:37:08.245 I/notification_visibility( 1519): [0|com.android.systemui|4273|null|10081,0,3019747,3019747,0,1]
01-08 03:37:08.245 I/sysui_multi_action( 1519): [757,128,758,2,793,7543156,794,4129,795,7543156,796,32,798,2,806,android,857,USB,858,1,947,0,1395,3,1500,7542953,1688,1]
01-08 03:37:08.245 I/notification_visibility( 1519): [-1|android|32|null|1000,0,7543156,7543156,0,2]
01-08 03:37:08.245 I/sysui_multi_action( 1519): [757,127,758,2]
01-08 03:37:08.245 I/notification_panel_hidden( 1519):
01-08 03:37:08.248 I/input_focus( 1519): [Focus leaving e19dcb9 NotificationShade (server),reason=NOT_FOCUSABLE]
01-08 03:37:08.248 I/input_focus( 1519): [Focus entering ffd8487 com.android.settings/com.android.settings.Settings (server),reason=setFocusedWindow]
01-08 03:37:08.251 I/wm_on_stop_called( 2855): [110752405,com.android.launcher3.uioverrides.QuickstepLauncher,STOP_ACTIVITY_ITEM]
01-08 03:37:09.187 I/auditd ( 0): type=1400 audit(0.0:5076): avc: denied { kill } for comm="swapper/0" capability=5 scontext=u:r:kernel:s0 tcontext=u:r:kernel:s0 tclass=capability permissive=0
01-08 03:37:10.020 I/netstats_mobile_sample( 1519): [0,0,0,0,0,0,0,0,0,0,0,0,1673120230019]
01-08 03:37:10.020 I/netstats_wifi_sample( 1519): [8194686611,6024288,102641427,1283316,8194686611,6024288,102641427,1283316,8197248251,6048914,83072648,1239441,1673120230019]
01-08 03:37:10.086 I/liblog ( 1300): 63
01-08 03:37:10.187 I/auditd ( 0): type=1400 audit(0.0:5077): avc: denied { kill } for comm="swapper/0" capability=5 scontext=u:r:kernel:s0 tcontext=u:r:kernel:s0 tclass=capability permissive=0
01-08 03:37:10.336 I/input_interaction( 1519): Interaction with: ffd8487 com.android.settings/com.android.settings.Settings (server), edge-swipe (server), swipe-up (server), PointerEventDispatcher0 (server),
01-08 03:37:10.352 I/wm_task_moved( 1519): [1,0,0]
01-08 03:37:10.353 I/wm_task_moved( 1519): [1,0,6]
01-08 03:37:10.372 I/wm_on_restart_called( 2855): [110752405,com.android.launcher3.uioverrides.QuickstepLauncher,performRestartActivity]
01-08 03:37:10.397 I/wm_on_start_called( 2855): [110752405,com.android.launcher3.uioverrides.QuickstepLauncher,handleStartActivity]
01-08 03:37:10.416 I/view_enqueue_input_event(13228): [Motion - Cancel,com.android.settings/com.android.settings.Settings]
01-08 03:37:10.422 I/sysui_latency( 2855): [1,72]
01-08 03:37:10.422 I/sysui_multi_action( 1519): [319,11,322,61,325,7571,757,761,758,9,759,5,806,com.android.launcher3,871,com.android.launcher3.uioverrides.QuickstepLauncher,905,0,1320,4,1321,1]
01-08 03:37:10.426 I/input_focus( 1519): [Focus request recents_animation_input_consumer,reason=UpdateInputWindows]
01-08 03:37:10.428 I/input_interaction( 1519): Interaction with: edge-swipe (server), swipe-up (server), PointerEventDispatcher0 (server),
01-08 03:37:10.452 I/input_focus( 1519): [Focus leaving ffd8487 com.android.settings/com.android.settings.Settings (server),reason=NOT_FOCUSABLE]
01-08 03:37:10.452 I/input_focus( 1519): [Focus entering recents_animation_input_consumer (server),reason=setFocusedWindow]
01-08 03:37:10.599 I/commit_sys_config_file( 1519): [settings-1-0,3]
01-08 03:37:10.715 I/sysui_latency( 1519): [8,74]
01-08 03:37:11.224 I/wm_task_moved( 1519): [1,1,7]
01-08 03:37:11.226 I/wm_task_moved( 1519): [10,1,2147483647]
01-08 03:37:11.226 I/wm_task_to_front( 1519): [0,10]
01-08 03:37:11.226 I/wm_focused_root_task( 1519): [0,0,1,35,RecentsAnimation.onAnimationFinished()]
01-08 03:37:11.227 I/wm_on_top_resumed_lost_called(13228): [59838401,com.android.settings.Settings,topStateChangedWhenResumed]
01-08 03:37:11.227 I/wm_set_resumed_activity( 1519): [0,com.android.launcher3/.uioverrides.QuickstepLauncher,RecentsAnimation.onAnimationFinished()]
01-08 03:37:11.228 I/wm_pause_activity( 1519): [0,59838401,com.android.settings/.Settings,userLeaving=true,pauseBackTasks]
01-08 03:37:11.228 I/wm_add_to_stopping( 1519): [0,59838401,com.android.settings/.Settings,makeInvisible]
01-08 03:37:11.229 I/wm_set_resumed_activity( 1519): [0,com.android.launcher3/.uioverrides.QuickstepLauncher,resumeTopActivityInnerLocked]
01-08 03:37:11.231 I/wm_resume_activity( 1519): [0,110752405,10,com.android.launcher3/.uioverrides.QuickstepLauncher]
01-08 03:37:11.232 I/wm_on_resume_called( 2855): [110752405,com.android.launcher3.uioverrides.QuickstepLauncher,RESUME_ACTIVITY]
01-08 03:37:11.237 I/input_focus( 1519): [Focus request 4e2f174 com.android.launcher3/com.android.launcher3.uioverrides.QuickstepLauncher,reason=UpdateInputWindows]
01-08 03:37:11.237 I/wm_on_top_resumed_gained_called( 2855): [110752405,com.android.launcher3.uioverrides.QuickstepLauncher,topStateChangedWhenResumed]
01-08 03:37:11.238 I/sysui_multi_action(13228): [757,35,758,2,1089,3572]
01-08 03:37:11.239 I/sysui_multi_action(13228): [757,103,758,2,1089,3348]
01-08 03:37:11.239 I/wm_on_paused_called(13228): [59838401,com.android.settings.Settings,performPause]
01-08 03:37:11.244 I/wm_stop_activity( 1519): [0,59838401,com.android.settings/.Settings]
01-08 03:37:11.249 I/sysui_multi_action( 1519): [757,803,799,window_time_0,802,4]
01-08 03:37:11.251 I/sysui_multi_action( 1519): [757,803,799,window_time_0,802,0]
01-08 03:37:11.255 I/input_focus( 1519): [Focus leaving recents_animation_input_consumer (server),reason=NOT_VISIBLE]
01-08 03:37:11.255 I/input_focus( 1519): [Focus entering 4e2f174 com.android.launcher3/com.android.launcher3.uioverrides.QuickstepLauncher (server),reason=setFocusedWindow]
01-08 03:37:11.270 I/wm_on_stop_called(13228): [59838401,com.android.settings.Settings,STOP_ACTIVITY_ITEM]
01-08 03:37:11.667 I/input_interaction( 1519): Interaction with: 4e2f174 com.android.launcher3/com.android.launcher3.uioverrides.QuickstepLauncher (server), c8b2b8c com.android.systemui.ImageWallpaper (server), edge-swipe (server), swipe-up (server), PointerEventDispatcher0 (server),
01-08 03:37:11.794 I/view_enqueue_input_event( 2855): [Motion - Cancel,com.android.launcher3/com.android.launcher3.uioverrides.QuickstepLauncher]
01-08 03:37:11.802 I/input_interaction( 1519): Interaction with: edge-swipe (server), swipe-up (server), PointerEventDispatcher0 (server),
01-08 03:37:11.978 I/commit_sys_config_file( 1519): [settings-1-0,4]
01-08 03:37:12.191 I/auditd ( 0): type=1400 audit(0.0:5078): avc: denied { kill } for comm="swapper/2" capability=5 scontext=u:r:kernel:s0 tcontext=u:r:kernel:s0 tclass=capability permissive=0
01-08 03:37:12.450 I/commit_sys_config_file( 1519): [settings-1-0,3]
01-08 03:37:13.321 I/input_interaction( 1519): Interaction with: 4e2f174 com.android.launcher3/com.android.launcher3.uioverrides.QuickstepLauncher (server), c8b2b8c com.android.systemui.ImageWallpaper (server), edge-swipe (server), swipe-up (server), PointerEventDispatcher0 (server),
01-08 03:37:14.191 I/auditd ( 0): type=1400 audit(0.0:5079): avc: denied { kill } for comm="swapper/2" capability=5 scontext=u:r:kernel:s0 tcontext=u:r:kernel:s0 tclass=capability permissive=0
01-08 03:37:15.191 I/auditd ( 0): type=1400 audit(0.0:5080): avc: denied { kill } for comm="swapper/2" capability=5 scontext=u:r:kernel:s0 tcontext=u:r:kernel:s0 tclass=capability permissive=0
01-08 03:37:16.191 I/auditd ( 0): type=1400 audit(0.0:5081): avc: denied { kill } for comm="swapper/2" capability=5 scontext=u:r:kernel:s0 tcontext=u:r:kernel:s0 tclass=capability permissive=0
01-08 03:37:17.104 I/wm_task_moved( 1519): [35,1,7]
01-08 03:37:17.104 I/wm_task_to_front( 1519): [0,35]
01-08 03:37:17.105 I/wm_focused_root_task( 1519): [0,0,35,1,bringingFoundTaskToFront]
01-08 03:37:17.105 I/wm_set_resumed_activity( 1519): [0,com.android.settings/.Settings,bringingFoundTaskToFront]
01-08 03:37:17.105 I/wm_new_intent( 1519): [0,59838401,35,com.android.settings/.Settings,android.intent.action.MAIN,NULL,NULL,270532608]
01-08 03:37:17.108 I/wm_pause_activity( 1519): [0,110752405,com.android.launcher3/.uioverrides.QuickstepLauncher,userLeaving=true,pauseBackTasks]
01-08 03:37:17.115 I/wm_on_top_resumed_lost_called( 2855): [110752405,com.android.launcher3.uioverrides.QuickstepLauncher,topStateChangedWhenResumed]
01-08 03:37:17.115 I/wm_on_paused_called( 2855): [110752405,com.android.launcher3.uioverrides.QuickstepLauncher,performPause]
01-08 03:37:17.119 I/wm_set_resumed_activity( 1519): [0,com.android.settings/.Settings,resumeTopActivityInnerLocked]
01-08 03:37:17.119 I/wm_add_to_stopping( 1519): [0,110752405,com.android.launcher3/.uioverrides.QuickstepLauncher,makeInvisible]
01-08 03:37:17.122 I/wm_resume_activity( 1519): [0,59838401,35,com.android.settings/.Settings]
01-08 03:37:17.123 I/wm_on_restart_called(13228): [59838401,com.android.settings.Settings,performRestartActivity]
01-08 03:37:17.126 I/sysui_multi_action( 1519): [757,803,799,window_time_0,802,6]
01-08 03:37:17.129 I/wm_on_start_called(13228): [59838401,com.android.settings.Settings,handleStartActivity]
01-08 03:37:17.129 I/snet_event_log(13228): [120484087,-1,]
01-08 03:37:17.130 I/wm_on_resume_called(13228): [59838401,com.android.settings.Settings,RESUME_ACTIVITY]
01-08 03:37:17.130 I/sysui_multi_action(13228): [757,35,758,1,833,0,1089,0]
01-08 03:37:17.131 I/sysui_multi_action(13228): [757,103,758,1,833,0,1089,0]
01-08 03:37:17.134 I/input_focus( 1519): [Focus leaving 4e2f174 com.android.launcher3/com.android.launcher3.uioverrides.QuickstepLauncher (server),reason=NO_WINDOW]
01-08 03:37:17.136 I/wm_on_top_resumed_gained_called(13228): [59838401,com.android.settings.Settings,topWhenResuming]
01-08 03:37:17.145 I/input_focus( 1519): [Focus request ffd8487 com.android.settings/com.android.settings.Settings,reason=UpdateInputWindows]
01-08 03:37:17.165 I/sysui_multi_action( 1519): [319,34,321,32,322,53,325,7578,757,761,758,9,759,4,806,com.android.settings,871,com.android.settings.Settings,904,com.android.launcher3,905,0,1320,4,1321,1]
01-08 03:37:17.169 I/input_focus( 1519): [Focus entering ffd8487 com.android.settings/com.android.settings.Settings (server),reason=setFocusedWindow]
01-08 03:37:17.187 I/auditd ( 0): type=1400 audit(0.0:5082): avc: denied { kill } for comm="swapper/2" capability=5 scontext=u:r:kernel:s0 tcontext=u:r:kernel:s0 tclass=capability permissive=0
01-08 03:37:17.673 I/wm_stop_activity( 1519): [0,110752405,com.android.launcher3/.uioverrides.QuickstepLauncher]
01-08 03:37:17.697 I/wm_on_stop_called( 2855): [110752405,com.android.launcher3.uioverrides.QuickstepLauncher,STOP_ACTIVITY_ITEM]
01-08 03:37:18.187 I/auditd ( 0): type=1400 audit(0.0:5083): avc: denied { kill } for comm="swapper/2" capability=5 scontext=u:r:kernel:s0 tcontext=u:r:kernel:s0 tclass=capability permissive=0
01-08 03:37:18.564 I/input_interaction( 1519): Interaction with: ffd8487 com.android.settings/com.android.settings.Settings (server), edge-swipe (server), swipe-up (server), PointerEventDispatcher0 (server),
01-08 03:37:19.805 I/sysui_multi_action(13228): [757,830,758,4,833,0,854,top_level_system,1089,0]
01-08 03:37:19.910 I/sysui_multi_action(13228): [757,103,758,2,1089,2778]
01-08 03:37:19.953 I/am_uid_active( 1519): 10096
01-08 03:37:19.958 I/sysui_multi_action(13228): [757,744,758,1,833,0,1089,25]
01-08 03:37:19.959 I/sysui_multi_action(13228): [757,1729,758,4,854,isParalleledControllers:false,1089,27]
01-08 03:37:20.187 I/auditd ( 0): type=1400 audit(0.0:5084): avc: denied { kill } for comm="swapper/3" capability=5 scontext=u:r:kernel:s0 tcontext=u:r:kernel:s0 tclass=capability permissive=0
01-08 03:37:20.312 I/sysui_multi_action(13228): [757,830,758,4,833,0,854,top_level_privacy,1089,0]
01-08 03:37:20.414 I/sysui_multi_action(13228): [757,744,758,2,1089,457]
01-08 03:37:20.444 I/sysui_multi_action(13228): [757,1587,758,1,833,0,1089,25]
01-08 03:37:20.448 I/sysui_multi_action(13228): [757,1729,758,4,854,isParalleledControllers:false,1089,28]
01-08 03:37:20.697 I/sysui_multi_action(13228): [757,830,758,4,833,0,854,top_level_security,1089,0]
01-08 03:37:20.799 I/sysui_multi_action(13228): [757,1587,758,2,1089,355]
01-08 03:37:20.835 I/sysui_multi_action(13228): [757,87,758,1,833,0,1089,31]
01-08 03:37:20.840 I/sysui_multi_action(13228): [757,1729,758,4,854,isParalleledControllers:false,1089,35]
01-08 03:37:21.080 I/sysui_multi_action(13228): [757,830,758,4,833,0,854,top_level_display,1089,0]
01-08 03:37:21.182 I/sysui_multi_action(13228): [757,87,758,2,1089,347]
01-08 03:37:21.187 I/auditd ( 0): type=1400 audit(0.0:5085): avc: denied { kill } for comm="swapper/3" capability=5 scontext=u:r:kernel:s0 tcontext=u:r:kernel:s0 tclass=capability permissive=0
01-08 03:37:21.214 I/sysui_multi_action(13228): [757,46,758,1,833,0,1089,27]
01-08 03:37:21.220 I/sysui_multi_action(13228): [757,1729,758,4,854,isParalleledControllers:false,1089,33]
01-08 03:37:21.499 I/sysui_multi_action(13228): [757,830,758,4,833,0,854,top_level_sound,1089,0]
01-08 03:37:21.601 I/sysui_multi_action(13228): [757,46,758,2,1089,387]
01-08 03:37:21.644 I/sysui_multi_action(13228): [757,336,758,1,833,0,1089,35]
01-08 03:37:21.646 I/sysui_multi_action(13228): [757,1729,758,4,854,isParalleledControllers:false,1089,37]
01-08 03:37:22.187 I/auditd ( 0): type=1400 audit(0.0:5086): avc: denied { kill } for comm="swapper/3" capability=5 scontext=u:r:kernel:s0 tcontext=u:r:kernel:s0 tclass=capability permissive=0
01-08 03:37:22.604 I/sysui_multi_action(13228): [757,830,758,4,833,0,854,top_level_storage,1089,0]
01-08 03:37:22.712 I/sysui_multi_action(13228): [757,336,758,2,1089,1067]
01-08 03:37:22.756 I/sysui_multi_action(13228): [757,745,758,1,833,0,1089,28]
01-08 03:37:22.757 I/sysui_multi_action(13228): [757,1729,758,4,854,isParalleledControllers:false,1089,29]
01-08 03:37:23.002 I/sysui_multi_action(13228): [757,830,758,4,833,0,854,top_level_notification,1089,0]
01-08 03:37:23.116 I/sysui_multi_action(13228): [757,745,758,2,1089,360]
01-08 03:37:23.150 I/sysui_multi_action(13228): [757,337,758,1,833,0,1089,25]
01-08 03:37:23.151 I/sysui_multi_action(13228): [757,1729,758,4,854,isParalleledControllers:false,1089,26]
01-08 03:37:23.187 I/auditd ( 0): type=1400 audit(0.0:5087): avc: denied { kill } for comm="swapper/3" capability=5 scontext=u:r:kernel:s0 tcontext=u:r:kernel:s0 tclass=capability permissive=0
01-08 03:37:23.404 I/sysui_multi_action(13228): [757,830,758,4,833,0,854,top_level_apps,1089,0]
01-08 03:37:23.507 I/sysui_multi_action(13228): [757,337,758,2,1089,356]
01-08 03:37:23.535 I/sysui_multi_action(13228): [757,65,758,1,833,0,1089,23]
01-08 03:37:23.539 I/sysui_multi_action(13228): [757,1729,758,4,854,isParalleledControllers:false,1089,28]
01-08 03:37:23.771 I/sysui_multi_action(13228): [757,830,758,4,833,0,854,top_level_connected_devices,1089,0]
01-08 03:37:23.874 I/sysui_multi_action(13228): [757,65,758,2,1089,339]
01-08 03:37:23.901 I/sysui_multi_action(13228): [757,747,758,1,833,0,1089,21]
01-08 03:37:23.902 I/sysui_multi_action(13228): [757,1729,758,4,854,isParalleledControllers:false,1089,23]
01-08 03:37:24.187 I/auditd ( 0): type=1400 audit(0.0:5088): avc: denied { kill } for comm="swapper/3" capability=5 scontext=u:r:kernel:s0 tcontext=u:r:kernel:s0 tclass=capability permissive=0
01-08 03:37:24.205 I/sysui_multi_action(13228): [757,830,758,4,833,0,854,top_level_network,1089,0]
01-08 03:37:24.307 I/sysui_multi_action(13228): [757,747,758,2,1089,407]
01-08 03:37:24.321 W/CarrierConfigManager(13228): Error getting config for subId -1 ICarrierConfigLoader is null
01-08 03:37:24.353 I/sysui_multi_action(13228): [757,746,758,1,833,0,1089,38]
01-08 03:37:24.354 D/TelephonyRegistry( 1519): listen oscl: mHasNotifySubscriptionInfoChangedOccurred==false no callback
01-08 03:37:24.356 D/TelephonyRegistry( 1519): listen oscl: mHasNotifySubscriptionInfoChangedOccurred==false no callback
01-08 03:37:24.361 I/sysui_multi_action(13228): [757,1729,758,4,854,isParalleledControllers:false,1089,46]
01-08 03:37:25.187 I/auditd ( 0): type=1400 audit(0.0:5089): avc: denied { kill } for comm="swapper/3" capability=5 scontext=u:r:kernel:s0 tcontext=u:r:kernel:s0 tclass=capability permissive=0
01-08 03:37:25.920 I/wm_task_moved( 1519): [1,0,0]
01-08 03:37:25.921 I/wm_task_moved( 1519): [1,0,6]
01-08 03:37:25.942 I/wm_on_restart_called( 2855): [110752405,com.android.launcher3.uioverrides.QuickstepLauncher,performRestartActivity]
01-08 03:37:25.961 I/wm_on_start_called( 2855): [110752405,com.android.launcher3.uioverrides.QuickstepLauncher,handleStartActivity]
01-08 03:37:25.982 I/sysui_multi_action( 1519): [319,15,322,58,325,7586,757,761,758,9,759,5,806,com.android.launcher3,871,com.android.launcher3.uioverrides.QuickstepLauncher,905,0,1320,4,1321,1]
01-08 03:37:25.983 I/view_enqueue_input_event(13228): [Motion - Cancel,com.android.settings/com.android.settings.Settings]
01-08 03:37:25.989 I/sysui_latency( 2855): [1,61]
01-08 03:37:25.990 I/input_interaction( 1519): Interaction with: edge-swipe (server), swipe-up (server), PointerEventDispatcher0 (server),
01-08 03:37:25.995 I/input_focus( 1519): [Focus request recents_animation_input_consumer,reason=UpdateInputWindows]
01-08 03:37:26.023 I/input_focus( 1519): [Focus leaving ffd8487 com.android.settings/com.android.settings.Settings (server),reason=NOT_FOCUSABLE]
01-08 03:37:26.023 I/input_focus( 1519): [Focus entering recents_animation_input_consumer (server),reason=setFocusedWindow]
01-08 03:37:26.162 I/commit_sys_config_file( 1519): [settings-1-0,4]
01-08 03:37:26.279 I/sysui_latency( 1519): [8,66]
01-08 03:37:26.387 I/commit_sys_config_file( 1519): [settings-1-0,3]
01-08 03:37:26.831 I/wm_task_moved( 1519): [1,1,7]
01-08 03:37:26.834 I/wm_task_moved( 1519): [10,1,2147483647]
01-08 03:37:26.834 I/wm_task_to_front( 1519): [0,10]
01-08 03:37:26.834 I/wm_focused_root_task( 1519): [0,0,1,35,RecentsAnimation.onAnimationFinished()]
01-08 03:37:26.834 I/wm_on_top_resumed_lost_called(13228): [59838401,com.android.settings.Settings,topStateChangedWhenResumed]
01-08 03:37:26.834 I/wm_set_resumed_activity( 1519): [0,com.android.launcher3/.uioverrides.QuickstepLauncher,RecentsAnimation.onAnimationFinished()]
01-08 03:37:26.835 I/wm_pause_activity( 1519): [0,59838401,com.android.settings/.Settings,userLeaving=true,pauseBackTasks]
01-08 03:37:26.836 I/wm_add_to_stopping( 1519): [0,59838401,com.android.settings/.Settings,makeInvisible]
01-08 03:37:26.836 I/wm_set_resumed_activity( 1519): [0,com.android.launcher3/.uioverrides.QuickstepLauncher,resumeTopActivityInnerLocked]
01-08 03:37:26.838 I/wm_resume_activity( 1519): [0,110752405,10,com.android.launcher3/.uioverrides.QuickstepLauncher]
01-08 03:37:26.839 I/wm_on_resume_called( 2855): [110752405,com.android.launcher3.uioverrides.QuickstepLauncher,RESUME_ACTIVITY]
01-08 03:37:26.846 I/input_focus( 1519): [Focus request 4e2f174 com.android.launcher3/com.android.launcher3.uioverrides.QuickstepLauncher,reason=UpdateInputWindows]
01-08 03:37:26.847 I/wm_on_top_resumed_gained_called( 2855): [110752405,com.android.launcher3.uioverrides.QuickstepLauncher,topStateChangedWhenResumed]
01-08 03:37:26.848 I/sysui_multi_action(13228): [757,35,758,2,1089,9718]
01-08 03:37:26.850 I/sysui_multi_action(13228): [757,746,758,2,1089,2497]
01-08 03:37:26.852 I/wm_stop_activity( 1519): [0,59838401,com.android.settings/.Settings]
01-08 03:37:26.855 I/sysui_multi_action( 1519): [757,803,799,window_time_0,802,9]
01-08 03:37:26.857 I/sysui_multi_action( 1519): [757,803,799,window_time_0,802,0]
01-08 03:37:26.860 I/input_focus( 1519): [Focus leaving recents_animation_input_consumer (server),reason=NOT_VISIBLE]
01-08 03:37:26.860 I/input_focus( 1519): [Focus entering 4e2f174 com.android.launcher3/com.android.launcher3.uioverrides.QuickstepLauncher (server),reason=setFocusedWindow]
01-08 03:37:26.866 I/wm_on_paused_called(13228): [59838401,com.android.settings.Settings,performPause]
01-08 03:37:26.877 I/wm_on_stop_called(13228): [59838401,com.android.settings.Settings,STOP_ACTIVITY_ITEM]
01-08 03:37:26.877 I/am_pss ( 1519): [14634,10052,com.thundercomm.screensaver,29066240,22380544,40960,135536640,0,19,7]
01-08 03:37:27.191 I/auditd ( 0): type=1400 audit(0.0:5090): avc: denied { kill } for comm="swapper/2" capability=5 scontext=u:r:kernel:s0 tcontext=u:r:kernel:s0 tclass=capability permissive=0
01-08 03:37:29.191 I/auditd ( 0): type=1400 audit(0.0:5091): avc: denied { kill } for comm="swapper/2" capability=5 scontext=u:r:kernel:s0 tcontext=u:r:kernel:s0 tclass=capability permissive=0
01-08 03:37:30.191 I/auditd (14690): type=1400 audit(0.0:5092): avc: denied { kill } for comm="kworker/u16:2" capability=5 scontext=u:r:kernel:s0 tcontext=u:r:kernel:s0 tclass=capability permissive=0
01-08 03:37:31.187 I/auditd ( 0): type=1400 audit(0.0:5093): avc: denied { kill } for comm="swapper/2" capability=5 scontext=u:r:kernel:s0 tcontext=u:r:kernel:s0 tclass=capability permissive=0
01-08 03:37:32.187 I/auditd ( 0): type=1400 audit(0.0:5094): avc: denied { kill } for comm="swapper/2" capability=5 scontext=u:r:kernel:s0 tcontext=u:r:kernel:s0 tclass=capability permissive=0
01-08 03:37:33.187 I/auditd ( 0): type=1400 audit(0.0:5095): avc: denied { kill } for comm="swapper/2" capability=5 scontext=u:r:kernel:s0 tcontext=u:r:kernel:s0 tclass=capability permissive=0
01-08 03:37:34.191 I/auditd ( 0): type=1400 audit(0.0:5096): avc: denied { kill } for comm="swapper/2" capability=5 scontext=u:r:kernel:s0 tcontext=u:r:kernel:s0 tclass=capability permissive=0
01-08 03:37:35.187 I/auditd ( 0): type=1400 audit(0.0:5097): avc: denied { kill } for comm="swapper/2" capability=5 scontext=u:r:kernel:s0 tcontext=u:r:kernel:s0 tclass=capability permissive=0
01-08 03:37:36.191 I/auditd ( 0): type=1400 audit(0.0:5098): avc: denied { kill } for comm="swapper/2" capability=5 scontext=u:r:kernel:s0 tcontext=u:r:kernel:s0 tclass=capability permissive=0
01-08 03:37:37.187 I/auditd ( 0): type=1400 audit(0.0:5099): avc: denied { kill } for comm="swapper/2" capability=5 scontext=u:r:kernel:s0 tcontext=u:r:kernel:s0 tclass=capability permissive=0
01-08 03:37:38.191 I/auditd ( 0): type=1400 audit(0.0:5100): avc: denied { kill } for comm="swapper/2" capability=5 scontext=u:r:kernel:s0 tcontext=u:r:kernel:s0 tclass=capability permissive=0
01-08 03:37:39.191 I/auditd ( 0): type=1400 audit(0.0:5101): avc: denied { kill } for comm="swapper/2" capability=5 scontext=u:r:kernel:s0 tcontext=u:r:kernel:s0 tclass=capability permissive=0
01-08 03:37:40.187 I/auditd ( 0): type=1400 audit(0.0:5102): avc: denied { kill } for comm="swapper/2" capability=5 scontext=u:r:kernel:s0 tcontext=u:r:kernel:s0 tclass=capability permissive=0
01-08 03:37:41.187 I/auditd ( 0): type=1400 audit(0.0:5103): avc: denied { kill } for comm="swapper/2" capability=5 scontext=u:r:kernel:s0 tcontext=u:r:kernel:s0 tclass=capability permissive=0
01-08 03:37:42.191 I/auditd ( 0): type=1400 audit(0.0:5104): avc: denied { kill } for comm="swapper/2" capability=5 scontext=u:r:kernel:s0 tcontext=u:r:kernel:s0 tclass=capability permissive=0
01-08 03:37:43.187 I/auditd ( 0): type=1400 audit(0.0:5105): avc: denied { kill } for comm="swapper/2" capability=5 scontext=u:r:kernel:s0 tcontext=u:r:kernel:s0 tclass=capability permissive=0
01-08 03:37:44.187 I/auditd ( 0): type=1400 audit(0.0:5106): avc: denied { kill } for comm="swapper/2" capability=5 scontext=u:r:kernel:s0 tcontext=u:r:kernel:s0 tclass=capability permissive=0
01-08 03:37:45.187 I/auditd ( 0): type=1400 audit(0.0:5107): avc: denied { kill } for comm="swapper/2" capability=5 scontext=u:r:kernel:s0 tcontext=u:r:kernel:s0 tclass=capability permissive=0
01-08 03:37:46.191 I/auditd ( 0): type=1400 audit(0.0:5108): avc: denied { kill } for comm="swapper/2" capability=5 scontext=u:r:kernel:s0 tcontext=u:r:kernel:s0 tclass=capability permissive=0
01-08 03:37:47.191 I/auditd ( 0): type=1400 audit(0.0:5109): avc: denied { kill } for comm="swapper/2" capability=5 scontext=u:r:kernel:s0 tcontext=u:r:kernel:s0 tclass=capability permissive=0
01-08 03:37:48.191 I/auditd ( 0): type=1400 audit(0.0:5110): avc: denied { kill } for comm="swapper/2" capability=5 scontext=u:r:kernel:s0 tcontext=u:r:kernel:s0 tclass=capability permissive=0
01-08 03:37:49.191 I/auditd ( 0): type=1400 audit(0.0:5111): avc: denied { kill } for comm="swapper/2" capability=5 scontext=u:r:kernel:s0 tcontext=u:r:kernel:s0 tclass=capability permissive=0
01-08 03:37:50.191 I/auditd ( 0): type=1400 audit(0.0:5112): avc: denied { kill } for comm="swapper/2" capability=5 scontext=u:r:kernel:s0 tcontext=u:r:kernel:s0 tclass=capability permissive=0
01-08 03:37:51.191 I/auditd ( 0): type=1400 audit(0.0:5113): avc: denied { kill } for comm="swapper/2" capability=5 scontext=u:r:kernel:s0 tcontext=u:r:kernel:s0 tclass=capability permissive=0
01-08 03:37:52.187 I/auditd ( 0): type=1400 audit(0.0:5114): avc: denied { kill } for comm="swapper/2" capability=5 scontext=u:r:kernel:s0 tcontext=u:r:kernel:s0 tclass=capability permissive=0
01-08 03:37:53.187 I/auditd ( 0): type=1400 audit(0.0:5115): avc: denied { kill } for comm="swapper/2" capability=5 scontext=u:r:kernel:s0 tcontext=u:r:kernel:s0 tclass=capability permissive=0
01-08 03:37:54.191 I/auditd ( 0): type=1400 audit(0.0:5116): avc: denied { kill } for comm="swapper/2" capability=5 scontext=u:r:kernel:s0 tcontext=u:r:kernel:s0 tclass=capability permissive=0
01-08 03:37:55.187 I/auditd ( 0): type=1400 audit(0.0:5117): avc: denied { kill } for comm="swapper/2" capability=5 scontext=u:r:kernel:s0 tcontext=u:r:kernel:s0 tclass=capability permissive=0
01-08 03:37:55.495 I/netstats_mobile_sample( 1519): [0,0,0,0,0,0,0,0,0,0,0,0,1673120275494]
01-08 03:37:55.495 I/netstats_wifi_sample( 1519): [8194944858,6024877,103155361,1284472,8194944858,6024877,103155361,1284472,8197553086,6049801,83330859,1240027,1673120275494]
01-08 03:37:56.191 I/auditd ( 0): type=1400 audit(0.0:5118): avc: denied { kill } for comm="swapper/2" capability=5 scontext=u:r:kernel:s0 tcontext=u:r:kernel:s0 tclass=capability permissive=0
01-08 03:37:57.187 I/auditd ( 0): type=1400 audit(0.0:5119): avc: denied { kill } for comm="swapper/2" capability=5 scontext=u:r:kernel:s0 tcontext=u:r:kernel:s0 tclass=capability permissive=0
01-08 03:37:58.191 I/auditd ( 0): type=1400 audit(0.0:5120): avc: denied { kill } for comm="swapper/2" capability=5 scontext=u:r:kernel:s0 tcontext=u:r:kernel:s0 tclass=capability permissive=0
01-08 03:37:59.187 I/auditd ( 0): type=1400 audit(0.0:5121): avc: denied { kill } for comm="swapper/2" capability=5 scontext=u:r:kernel:s0 tcontext=u:r:kernel:s0 tclass=capability permissive=0
01-08 03:38:00.191 I/auditd ( 0): type=1400 audit(0.0:5122): avc: denied { kill } for comm="swapper/2" capability=5 scontext=u:r:kernel:s0 tcontext=u:r:kernel:s0 tclass=capability permissive=0
01-08 03:38:01.191 I/auditd ( 0): type=1400 audit(0.0:5123): avc: denied { kill } for comm="swapper/2" capability=5 scontext=u:r:kernel:s0 tcontext=u:r:kernel:s0 tclass=capability permissive=0
01-08 03:38:02.191 I/auditd ( 0): type=1400 audit(0.0:5124): avc: denied { kill } for comm="swapper/2" capability=5 scontext=u:r:kernel:s0 tcontext=u:r:kernel:s0 tclass=capability permissive=0
01-08 03:38:03.352 I/am_uid_idle( 1519): 10052
01-08 03:38:04.191 I/auditd ( 0): type=1400 audit(0.0:5125): avc: denied { kill } for comm="swapper/2" capability=5 scontext=u:r:kernel:s0 tcontext=u:r:kernel:s0 tclass=capability permissive=0
01-08 03:38:05.187 I/auditd ( 0): type=1400 audit(0.0:5126): avc: denied { kill } for comm="swapper/2" capability=5 scontext=u:r:kernel:s0 tcontext=u:r:kernel:s0 tclass=capability permissive=0
01-08 03:38:06.191 I/auditd ( 0): type=1400 audit(0.0:5127): avc: denied { kill } for comm="swapper/2" capability=5 scontext=u:r:kernel:s0 tcontext=u:r:kernel:s0 tclass=capability permissive=0
01-08 03:38:07.187 I/auditd ( 0): type=1400 audit(0.0:5128): avc: denied { kill } for comm="swapper/2" capability=5 scontext=u:r:kernel:s0 tcontext=u:r:kernel:s0 tclass=capability permissive=0
01-08 03:38:08.187 I/auditd ( 0): type=1400 audit(0.0:5129): avc: denied { kill } for comm="swapper/2" capability=5 scontext=u:r:kernel:s0 tcontext=u:r:kernel:s0 tclass=capability permissive=0
01-08 03:38:09.187 I/auditd ( 0): type=1400 audit(0.0:5130): avc: denied { kill } for comm="swapper/2" capability=5 scontext=u:r:kernel:s0 tcontext=u:r:kernel:s0 tclass=capability permissive=0
01-08 03:38:10.187 I/auditd ( 0): type=1400 audit(0.0:5131): avc: denied { kill } for comm="swapper/2" capability=5 scontext=u:r:kernel:s0 tcontext=u:r:kernel:s0 tclass=capability permissive=0
01-08 03:38:11.187 I/auditd ( 0): type=1400 audit(0.0:5132): avc: denied { kill } for comm="swapper/2" capability=5 scontext=u:r:kernel:s0 tcontext=u:r:kernel:s0 tclass=capability permissive=0
01-08 03:38:11.256 I/am_uid_idle( 1519): 10089
01-08 03:38:12.191 I/auditd ( 0): type=1400 audit(0.0:5133): avc: denied { kill } for comm="swapper/2" capability=5 scontext=u:r:kernel:s0 tcontext=u:r:kernel:s0 tclass=capability permissive=0
01-08 03:38:13.191 I/auditd ( 0): type=1400 audit(0.0:5134): avc: denied { kill } for comm="swapper/2" capability=5 scontext=u:r:kernel:s0 tcontext=u:r:kernel:s0 tclass=capability permissive=0
01-08 03:38:14.191 I/auditd ( 0): type=1400 audit(0.0:5135): avc: denied { kill } for comm="swapper/2" capability=5 scontext=u:r:kernel:s0 tcontext=u:r:kernel:s0 tclass=capability permissive=0
01-08 03:38:15.187 I/auditd ( 0): type=1400 audit(0.0:5136): avc: denied { kill } for comm="swapper/2" capability=5 scontext=u:r:kernel:s0 tcontext=u:r:kernel:s0 tclass=capability permissive=0
01-08 03:38:16.191 I/auditd ( 0): type=1400 audit(0.0:5137): avc: denied { kill } for comm="swapper/2" capability=5 scontext=u:r:kernel:s0 tcontext=u:r:kernel:s0 tclass=capability permissive=0
01-08 03:38:17.191 I/auditd ( 0): type=1400 audit(0.0:5138): avc: denied { kill } for comm="swapper/2" capability=5 scontext=u:r:kernel:s0 tcontext=u:r:kernel:s0 tclass=capability permissive=0
01-08 03:38:18.191 I/auditd ( 0): type=1400 audit(0.0:5139): avc: denied { kill } for comm="swapper/2" capability=5 scontext=u:r:kernel:s0 tcontext=u:r:kernel:s0 tclass=capability permissive=0
01-08 03:38:19.182 I/sysui_multi_action( 1519): [757,1696,758,6,759,2]
01-08 03:38:19.185 I/am_wtf ( 1519): [0,1519,system_server,-1,DisplayDeviceConfig,requesting nits when no mapping exists.]
01-08 03:38:19.189 I/am_wtf ( 1519): [0,1519,system_server,-1,DisplayDeviceConfig,requesting nits when no mapping exists.]
01-08 03:38:19.187 I/auditd ( 0): type=1400 audit(0.0:5140): avc: denied { kill } for comm="swapper/2" capability=5 scontext=u:r:kernel:s0 tcontext=u:r:kernel:s0 tclass=capability permissive=0
01-08 03:38:19.200 I/am_wtf ( 1519): [0,1519,system_server,-1,DisplayDeviceConfig,requesting nits when no mapping exists.]
01-08 03:38:19.202 I/am_wtf ( 1519): [0,1519,system_server,-1,DisplayDeviceConfig,requesting nits when no mapping exists.]
01-08 03:38:19.216 I/am_wtf ( 1519): [0,1519,system_server,-1,DisplayDeviceConfig,requesting nits when no mapping exists.]
01-08 03:38:19.218 I/am_wtf ( 1519): [0,1519,system_server,-1,DisplayDeviceConfig,requesting nits when no mapping exists.]
01-08 03:38:19.234 I/am_wtf ( 1519): [0,1519,system_server,-1,DisplayDeviceConfig,requesting nits when no mapping exists.]
01-08 03:38:19.235 I/am_wtf ( 1519): [0,1519,system_server,-1,DisplayDeviceConfig,requesting nits when no mapping exists.]
01-08 03:38:19.251 I/am_wtf ( 1519): [0,1519,system_server,-1,DisplayDeviceConfig,requesting nits when no mapping exists.]
01-08 03:38:19.252 I/am_wtf ( 1519): [0,1519,system_server,-1,DisplayDeviceConfig,requesting nits when no mapping exists.]
01-08 03:38:19.268 I/am_wtf ( 1519): [0,1519,system_server,-1,DisplayDeviceConfig,requesting nits when no mapping exists.]
01-08 03:38:19.268 I/service_manager_stats( 1519): [100,48,71596]
01-08 03:38:19.268 I/am_wtf ( 1519): [0,1519,system_server,-1,DisplayDeviceConfig,requesting nits when no mapping exists.]
01-08 03:38:19.284 I/am_wtf ( 1519): [0,1519,system_server,-1,DisplayDeviceConfig,requesting nits when no mapping exists.]
01-08 03:38:19.285 I/am_wtf ( 1519): [0,1519,system_server,-1,DisplayDeviceConfig,requesting nits when no mapping exists.]
01-08 03:38:19.301 I/am_wtf ( 1519): [0,1519,system_server,-1,DisplayDeviceConfig,requesting nits when no mapping exists.]
01-08 03:38:19.301 I/am_wtf ( 1519): [0,1519,system_server,-1,DisplayDeviceConfig,requesting nits when no mapping exists.]
01-08 03:38:19.318 I/am_wtf ( 1519): [0,1519,system_server,-1,DisplayDeviceConfig,requesting nits when no mapping exists.]
01-08 03:38:19.318 I/am_wtf ( 1519): [0,1519,system_server,-1,DisplayDeviceConfig,requesting nits when no mapping exists.]
01-08 03:38:19.334 I/am_wtf ( 1519): [0,1519,system_server,-1,DisplayDeviceConfig,requesting nits when no mapping exists.]
01-08 03:38:19.335 I/am_wtf ( 1519): [0,1519,system_server,-1,DisplayDeviceConfig,requesting nits when no mapping exists.]
01-08 03:38:19.351 I/am_wtf ( 1519): [0,1519,system_server,-1,DisplayDeviceConfig,requesting nits when no mapping exists.]
01-08 03:38:19.352 I/am_wtf ( 1519): [0,1519,system_server,-1,DisplayDeviceConfig,requesting nits when no mapping exists.]
01-08 03:38:19.369 I/am_wtf ( 1519): [0,1519,system_server,-1,DisplayDeviceConfig,requesting nits when no mapping exists.]
01-08 03:38:19.370 I/am_wtf ( 1519): [0,1519,system_server,-1,DisplayDeviceConfig,requesting nits when no mapping exists.]
01-08 03:38:19.385 I/am_wtf ( 1519): [0,1519,system_server,-1,DisplayDeviceConfig,requesting nits when no mapping exists.]
01-08 03:38:19.385 I/am_wtf ( 1519): [0,1519,system_server,-1,DisplayDeviceConfig,requesting nits when no mapping exists.]
01-08 03:38:19.401 I/am_wtf ( 1519): [0,1519,system_server,-1,DisplayDeviceConfig,requesting nits when no mapping exists.]
01-08 03:38:19.402 I/am_wtf ( 1519): [0,1519,system_server,-1,DisplayDeviceConfig,requesting nits when no mapping exists.]
01-08 03:38:19.418 I/am_wtf ( 1519): [0,1519,system_server,-1,DisplayDeviceConfig,requesting nits when no mapping exists.]
01-08 03:38:19.418 I/am_wtf ( 1519): [0,1519,system_server,-1,DisplayDeviceConfig,requesting nits when no mapping exists.]
01-08 03:38:19.435 I/am_wtf ( 1519): [0,1519,system_server,-1,DisplayDeviceConfig,requesting nits when no mapping exists.]
01-08 03:38:19.436 I/am_wtf ( 1519): [0,1519,system_server,-1,DisplayDeviceConfig,requesting nits when no mapping exists.]
01-08 03:38:19.452 I/am_wtf ( 1519): [0,1519,system_server,-1,DisplayDeviceConfig,requesting nits when no mapping exists.]
01-08 03:38:19.453 I/am_wtf ( 1519): [0,1519,system_server,-1,DisplayDeviceConfig,requesting nits when no mapping exists.]
01-08 03:38:19.468 I/am_wtf ( 1519): [0,1519,system_server,-1,DisplayDeviceConfig,requesting nits when no mapping exists.]
01-08 03:38:19.469 I/am_wtf ( 1519): [0,1519,system_server,-1,DisplayDeviceConfig,requesting nits when no mapping exists.]
01-08 03:38:19.485 I/am_wtf ( 1519): [0,1519,system_server,-1,DisplayDeviceConfig,requesting nits when no mapping exists.]
01-08 03:38:19.486 I/am_wtf ( 1519): [0,1519,system_server,-1,DisplayDeviceConfig,requesting nits when no mapping exists.]
01-08 03:38:19.501 I/am_wtf ( 1519): [0,1519,system_server,-1,DisplayDeviceConfig,requesting nits when no mapping exists.]
01-08 03:38:19.503 I/am_wtf ( 1519): [0,1519,system_server,-1,DisplayDeviceConfig,requesting nits when no mapping exists.]
01-08 03:38:19.518 I/am_wtf ( 1519): [0,1519,system_server,-1,DisplayDeviceConfig,requesting nits when no mapping exists.]
01-08 03:38:19.520 I/am_wtf ( 1519): [0,1519,system_server,-1,DisplayDeviceConfig,requesting nits when no mapping exists.]
01-08 03:38:19.535 I/am_wtf ( 1519): [0,1519,system_server,-1,DisplayDeviceConfig,requesting nits when no mapping exists.]
01-08 03:38:19.535 I/am_wtf ( 1519): [0,1519,system_server,-1,DisplayDeviceConfig,requesting nits when no mapping exists.]
01-08 03:38:19.551 I/am_wtf ( 1519): [0,1519,system_server,-1,DisplayDeviceConfig,requesting nits when no mapping exists.]
01-08 03:38:19.552 I/am_wtf ( 1519): [0,1519,system_server,-1,DisplayDeviceConfig,requesting nits when no mapping exists.]
01-08 03:38:19.569 I/am_wtf ( 1519): [0,1519,system_server,-1,DisplayDeviceConfig,requesting nits when no mapping exists.]
01-08 03:38:19.569 I/am_wtf ( 1519): [0,1519,system_server,-1,DisplayDeviceConfig,requesting nits when no mapping exists.]
01-08 03:38:19.585 I/am_wtf ( 1519): [0,1519,system_server,-1,DisplayDeviceConfig,requesting nits when no mapping exists.]
01-08 03:38:19.585 I/am_wtf ( 1519): [0,1519,system_server,-1,DisplayDeviceConfig,requesting nits when no mapping exists.]
01-08 03:38:19.602 I/am_wtf ( 1519): [0,1519,system_server,-1,DisplayDeviceConfig,requesting nits when no mapping exists.]
01-08 03:38:19.602 I/am_wtf ( 1519): [0,1519,system_server,-1,DisplayDeviceConfig,requesting nits when no mapping exists.]
01-08 03:38:19.618 I/am_wtf ( 1519): [0,1519,system_server,-1,DisplayDeviceConfig,requesting nits when no mapping exists.]
01-08 03:38:19.619 I/am_wtf ( 1519): [0,1519,system_server,-1,DisplayDeviceConfig,requesting nits when no mapping exists.]
01-08 03:38:19.635 I/am_wtf ( 1519): [0,1519,system_server,-1,DisplayDeviceConfig,requesting nits when no mapping exists.]
01-08 03:38:19.636 I/am_wtf ( 1519): [0,1519,system_server,-1,DisplayDeviceConfig,requesting nits when no mapping exists.]
01-08 03:38:19.652 I/am_wtf ( 1519): [0,1519,system_server,-1,DisplayDeviceConfig,requesting nits when no mapping exists.]
01-08 03:38:19.652 I/am_wtf ( 1519): [0,1519,system_server,-1,DisplayDeviceConfig,requesting nits when no mapping exists.]
01-08 03:38:19.668 I/am_wtf ( 1519): [0,1519,system_server,-1,DisplayDeviceConfig,requesting nits when no mapping exists.]
01-08 03:38:19.669 I/am_wtf ( 1519): [0,1519,system_server,-1,DisplayDeviceConfig,requesting nits when no mapping exists.]
01-08 03:38:19.685 I/am_wtf ( 1519): [0,1519,system_server,-1,DisplayDeviceConfig,requesting nits when no mapping exists.]
01-08 03:38:19.686 I/am_wtf ( 1519): [0,1519,system_server,-1,DisplayDeviceConfig,requesting nits when no mapping exists.]
01-08 03:38:19.702 I/am_wtf ( 1519): [0,1519,system_server,-1,DisplayDeviceConfig,requesting nits when no mapping exists.]
01-08 03:38:19.703 I/am_wtf ( 1519): [0,1519,system_server,-1,DisplayDeviceConfig,requesting nits when no mapping exists.]
01-08 03:38:19.718 I/am_wtf ( 1519): [0,1519,system_server,-1,DisplayDeviceConfig,requesting nits when no mapping exists.]
01-08 03:38:19.719 I/am_wtf ( 1519): [0,1519,system_server,-1,DisplayDeviceConfig,requesting nits when no mapping exists.]
01-08 03:38:19.735 I/am_wtf ( 1519): [0,1519,system_server,-1,DisplayDeviceConfig,requesting nits when no mapping exists.]
01-08 03:38:19.736 I/am_wtf ( 1519): [0,1519,system_server,-1,DisplayDeviceConfig,requesting nits when no mapping exists.]
01-08 03:38:19.752 I/am_wtf ( 1519): [0,1519,system_server,-1,DisplayDeviceConfig,requesting nits when no mapping exists.]
01-08 03:38:19.753 I/am_wtf ( 1519): [0,1519,system_server,-1,DisplayDeviceConfig,requesting nits when no mapping exists.]
01-08 03:38:19.768 I/am_wtf ( 1519): [0,1519,system_server,-1,DisplayDeviceConfig,requesting nits when no mapping exists.]
01-08 03:38:19.769 I/am_wtf ( 1519): [0,1519,system_server,-1,DisplayDeviceConfig,requesting nits when no mapping exists.]
01-08 03:38:19.785 I/am_wtf ( 1519): [0,1519,system_server,-1,DisplayDeviceConfig,requesting nits when no mapping exists.]
01-08 03:38:19.786 I/am_wtf ( 1519): [0,1519,system_server,-1,DisplayDeviceConfig,requesting nits when no mapping exists.]
01-08 03:38:19.802 I/am_wtf ( 1519): [0,1519,system_server,-1,DisplayDeviceConfig,requesting nits when no mapping exists.]
01-08 03:38:19.803 I/am_wtf ( 1519): [0,1519,system_server,-1,DisplayDeviceConfig,requesting nits when no mapping exists.]
01-08 03:38:19.818 I/am_wtf ( 1519): [0,1519,system_server,-1,DisplayDeviceConfig,requesting nits when no mapping exists.]
01-08 03:38:19.819 I/am_wtf ( 1519): [0,1519,system_server,-1,DisplayDeviceConfig,requesting nits when no mapping exists.]
01-08 03:38:19.836 I/am_wtf ( 1519): [0,1519,system_server,-1,DisplayDeviceConfig,requesting nits when no mapping exists.]
01-08 03:38:19.837 I/am_wtf ( 1519): [0,1519,system_server,-1,DisplayDeviceConfig,requesting nits when no mapping exists.]
01-08 03:38:19.852 I/am_wtf ( 1519): [0,1519,system_server,-1,DisplayDeviceConfig,requesting nits when no mapping exists.]
01-08 03:38:19.853 I/am_wtf ( 1519): [0,1519,system_server,-1,DisplayDeviceConfig,requesting nits when no mapping exists.]
01-08 03:38:19.869 I/am_wtf ( 1519): [0,1519,system_server,-1,DisplayDeviceConfig,requesting nits when no mapping exists.]
01-08 03:38:19.869 I/am_wtf ( 1519): [0,1519,system_server,-1,DisplayDeviceConfig,requesting nits when no mapping exists.]
01-08 03:38:19.885 I/am_wtf ( 1519): [0,1519,system_server,-1,DisplayDeviceConfig,requesting nits when no mapping exists.]
01-08 03:38:19.886 I/am_wtf ( 1519): [0,1519,system_server,-1,DisplayDeviceConfig,requesting nits when no mapping exists.]
01-08 03:38:19.902 I/am_wtf ( 1519): [0,1519,system_server,-1,DisplayDeviceConfig,requesting nits when no mapping exists.]
01-08 03:38:19.903 I/am_wtf ( 1519): [0,1519,system_server,-1,DisplayDeviceConfig,requesting nits when no mapping exists.]
01-08 03:38:19.919 I/am_wtf ( 1519): [0,1519,system_server,-1,DisplayDeviceConfig,requesting nits when no mapping exists.]
01-08 03:38:19.919 I/am_wtf ( 1519): [0,1519,system_server,-1,DisplayDeviceConfig,requesting nits when no mapping exists.]
01-08 03:38:19.935 I/am_wtf ( 1519): [0,1519,system_server,-1,DisplayDeviceConfig,requesting nits when no mapping exists.]
01-08 03:38:19.937 I/am_wtf ( 1519): [0,1519,system_server,-1,DisplayDeviceConfig,requesting nits when no mapping exists.]
01-08 03:38:19.953 I/am_wtf ( 1519): [0,1519,system_server,-1,DisplayDeviceConfig,requesting nits when no mapping exists.]
01-08 03:38:19.954 I/am_wtf ( 1519): [0,1519,system_server,-1,DisplayDeviceConfig,requesting nits when no mapping exists.]
01-08 03:38:19.963 I/am_uid_idle( 1519): 10096
01-08 03:38:19.969 I/am_wtf ( 1519): [0,1519,system_server,-1,DisplayDeviceConfig,requesting nits when no mapping exists.]
01-08 03:38:19.969 I/am_wtf ( 1519): [0,1519,system_server,-1,DisplayDeviceConfig,requesting nits when no mapping exists.]
01-08 03:38:19.986 I/am_wtf ( 1519): [0,1519,system_server,-1,DisplayDeviceConfig,requesting nits when no mapping exists.]
01-08 03:38:19.986 I/am_wtf ( 1519): [0,1519,system_server,-1,DisplayDeviceConfig,requesting nits when no mapping exists.]
01-08 03:38:20.003 I/am_wtf ( 1519): [0,1519,system_server,-1,DisplayDeviceConfig,requesting nits when no mapping exists.]
01-08 03:38:20.005 I/am_wtf ( 1519): [0,1519,system_server,-1,DisplayDeviceConfig,requesting nits when no mapping exists.]
01-08 03:38:20.020 I/am_wtf ( 1519): [0,1519,system_server,-1,DisplayDeviceConfig,requesting nits when no mapping exists.]
01-08 03:38:20.021 I/am_wtf ( 1519): [0,1519,system_server,-1,DisplayDeviceConfig,requesting nits when no mapping exists.]
01-08 03:38:20.037 I/am_wtf ( 1519): [0,1519,system_server,-1,DisplayDeviceConfig,requesting nits when no mapping exists.]
01-08 03:38:20.039 I/am_wtf ( 1519): [0,1519,system_server,-1,DisplayDeviceConfig,requesting nits when no mapping exists.]
01-08 03:38:20.053 I/am_wtf ( 1519): [0,1519,system_server,-1,DisplayDeviceConfig,requesting nits when no mapping exists.]
01-08 03:38:20.054 I/am_wtf ( 1519): [0,1519,system_server,-1,DisplayDeviceConfig,requesting nits when no mapping exists.]
01-08 03:38:20.069 I/am_wtf ( 1519): [0,1519,system_server,-1,DisplayDeviceConfig,requesting nits when no mapping exists.]
01-08 03:38:20.070 I/am_wtf ( 1519): [0,1519,system_server,-1,DisplayDeviceConfig,requesting nits when no mapping exists.]
01-08 03:38:20.086 I/am_wtf ( 1519): [0,1519,system_server,-1,DisplayDeviceConfig,requesting nits when no mapping exists.]
01-08 03:38:20.087 I/am_wtf ( 1519): [0,1519,system_server,-1,DisplayDeviceConfig,requesting nits when no mapping exists.]
01-08 03:38:20.102 I/am_wtf ( 1519): [0,1519,system_server,-1,DisplayDeviceConfig,requesting nits when no mapping exists.]
01-08 03:38:20.103 I/am_wtf ( 1519): [0,1519,system_server,-1,DisplayDeviceConfig,requesting nits when no mapping exists.]
01-08 03:38:20.119 I/am_wtf ( 1519): [0,1519,system_server,-1,DisplayDeviceConfig,requesting nits when no mapping exists.]
01-08 03:38:20.120 I/am_wtf ( 1519): [0,1519,system_server,-1,DisplayDeviceConfig,requesting nits when no mapping exists.]
01-08 03:38:20.136 I/am_wtf ( 1519): [0,1519,system_server,-1,DisplayDeviceConfig,requesting nits when no mapping exists.]
01-08 03:38:20.136 I/am_wtf ( 1519): [0,1519,system_server,-1,DisplayDeviceConfig,requesting nits when no mapping exists.]
01-08 03:38:20.191 I/auditd ( 0): type=1400 audit(0.0:5141): avc: denied { kill } for comm="swapper/2" capability=5 scontext=u:r:kernel:s0 tcontext=u:r:kernel:s0 tclass=capability permissive=0
01-08 03:38:21.187 I/auditd ( 0): type=1400 audit(0.0:5142): avc: denied { kill } for comm="swapper/2" capability=5 scontext=u:r:kernel:s0 tcontext=u:r:kernel:s0 tclass=capability permissive=0
01-08 03:38:22.191 I/auditd ( 0): type=1400 audit(0.0:5143): avc: denied { kill } for comm="swapper/2" capability=5 scontext=u:r:kernel:s0 tcontext=u:r:kernel:s0 tclass=capability permissive=0
01-08 03:38:23.187 I/auditd ( 0): type=1400 audit(0.0:5144): avc: denied { kill } for comm="swapper/2" capability=5 scontext=u:r:kernel:s0 tcontext=u:r:kernel:s0 tclass=capability permissive=0
01-08 03:38:24.191 I/auditd ( 0): type=1400 audit(0.0:5145): avc: denied { kill } for comm="swapper/2" capability=5 scontext=u:r:kernel:s0 tcontext=u:r:kernel:s0 tclass=capability permissive=0
01-08 03:38:25.191 I/auditd ( 0): type=1400 audit(0.0:5146): avc: denied { kill } for comm="swapper/2" capability=5 scontext=u:r:kernel:s0 tcontext=u:r:kernel:s0 tclass=capability permissive=0
01-08 03:38:26.181 I/sysui_multi_action( 1519): [757,222,758,1]
01-08 03:38:26.183 I/am_uid_active( 1519): 10052
01-08 03:38:26.187 I/service_manager_stats( 1519): [107,60,6919]
01-08 03:38:26.196 I/am_pss ( 1519): [14853,10089,com.qualcomm.qti.qccauthmgr,7274496,4497408,41984,90570752,0,19,9]
01-08 03:38:26.198 I/wm_task_created( 1519): [40,-1]
