01-08 03:04:49.845 I/sysui_multi_action( 1519): [757,128,758,2,793,5604756,794,2486,795,5604756,796,32,798,3,806,android,857,USB,858,1,947,0,1395,4,1500,5604553,1688,1]
01-08 03:04:49.845 I/notification_visibility( 1519): [-1|android|32|null|1000,0,5604756,5604756,0,3]
01-08 03:04:49.845 I/sysui_multi_action( 1519): [757,127,758,2]
01-08 03:04:49.845 I/notification_panel_hidden( 1519):
01-08 03:04:49.872 I/input_focus( 1519): [Focus leaving e19dcb9 NotificationShade (server),reason=NO_WINDOW]
01-08 03:04:49.872 I/input_focus( 1519): [Focus entering 9442d2a com.tencent.tmgp.sgame/com.tencent.tmgp.sgame.SGameActivity (server),reason=setFocusedWindow]
01-08 03:04:50.187 I/auditd ( 0): type=1400 audit(0.0:2858): avc: denied { kill } for comm="swapper/7" capability=5 scontext=u:r:kernel:s0 tcontext=u:r:kernel:s0 tclass=capability permissive=0
01-08 03:04:51.187 I/auditd ( 0): type=1400 audit(0.0:2859): avc: denied { kill } for comm="swapper/7" capability=5 scontext=u:r:kernel:s0 tcontext=u:r:kernel:s0 tclass=capability permissive=0
01-08 03:04:52.187 I/auditd ( 0): type=1400 audit(0.0:2860): avc: denied { kill } for comm="swapper/7" capability=5 scontext=u:r:kernel:s0 tcontext=u:r:kernel:s0 tclass=capability permissive=0
01-08 03:04:53.187 I/auditd ( 0): type=1400 audit(0.0:2861): avc: denied { kill } for comm="swapper/7" capability=5 scontext=u:r:kernel:s0 tcontext=u:r:kernel:s0 tclass=capability permissive=0
01-08 03:04:54.187 I/auditd ( 0): type=1400 audit(0.0:2862): avc: denied { kill } for comm="swapper/0" capability=5 scontext=u:r:kernel:s0 tcontext=u:r:kernel:s0 tclass=capability permissive=0
01-08 03:04:55.187 I/auditd ( 0): type=1400 audit(0.0:2863): avc: denied { kill } for comm="swapper/0" capability=5 scontext=u:r:kernel:s0 tcontext=u:r:kernel:s0 tclass=capability permissive=0
01-08 03:04:56.187 I/auditd ( 0): type=1400 audit(0.0:2864): avc: denied { kill } for comm="swapper/0" capability=5 scontext=u:r:kernel:s0 tcontext=u:r:kernel:s0 tclass=capability permissive=0
01-08 03:04:58.187 I/auditd ( 0): type=1400 audit(0.0:2865): avc: denied { kill } for comm="swapper/1" capability=5 scontext=u:r:kernel:s0 tcontext=u:r:kernel:s0 tclass=capability permissive=0
01-08 03:04:59.187 I/auditd ( 0): type=1400 audit(0.0:2866): avc: denied { kill } for comm="swapper/1" capability=5 scontext=u:r:kernel:s0 tcontext=u:r:kernel:s0 tclass=capability permissive=0
01-08 03:05:00.187 I/auditd ( 0): type=1400 audit(0.0:2867): avc: denied { kill } for comm="swapper/1" capability=5 scontext=u:r:kernel:s0 tcontext=u:r:kernel:s0 tclass=capability permissive=0
01-08 03:05:01.187 I/auditd ( 0): type=1400 audit(0.0:2868): avc: denied { kill } for comm="swapper/1" capability=5 scontext=u:r:kernel:s0 tcontext=u:r:kernel:s0 tclass=capability permissive=0
01-08 03:05:02.187 I/auditd ( 0): type=1400 audit(0.0:2869): avc: denied { kill } for comm="swapper/1" capability=5 scontext=u:r:kernel:s0 tcontext=u:r:kernel:s0 tclass=capability permissive=0
01-08 03:05:03.187 I/auditd ( 0): type=1400 audit(0.0:2870): avc: denied { kill } for comm="swapper/1" capability=5 scontext=u:r:kernel:s0 tcontext=u:r:kernel:s0 tclass=capability permissive=0
01-08 03:05:05.187 I/auditd ( 0): type=1400 audit(0.0:2871): avc: denied { kill } for comm="swapper/1" capability=5 scontext=u:r:kernel:s0 tcontext=u:r:kernel:s0 tclass=capability permissive=0
01-08 03:05:06.187 I/auditd ( 0): type=1400 audit(0.0:2872): avc: denied { kill } for comm="swapper/1" capability=5 scontext=u:r:kernel:s0 tcontext=u:r:kernel:s0 tclass=capability permissive=0
01-08 03:05:07.187 I/auditd ( 0): type=1400 audit(0.0:2873): avc: denied { kill } for comm="swapper/1" capability=5 scontext=u:r:kernel:s0 tcontext=u:r:kernel:s0 tclass=capability permissive=0
01-08 03:05:08.187 I/auditd ( 0): type=1400 audit(0.0:2874): avc: denied { kill } for comm="swapper/1" capability=5 scontext=u:r:kernel:s0 tcontext=u:r:kernel:s0 tclass=capability permissive=0
01-08 03:05:09.187 I/auditd ( 0): type=1400 audit(0.0:2875): avc: denied { kill } for comm="swapper/1" capability=5 scontext=u:r:kernel:s0 tcontext=u:r:kernel:s0 tclass=capability permissive=0
01-08 03:05:10.187 I/auditd ( 0): type=1400 audit(0.0:2876): avc: denied { kill } for comm="swapper/1" capability=5 scontext=u:r:kernel:s0 tcontext=u:r:kernel:s0 tclass=capability permissive=0
01-08 03:05:11.187 I/auditd ( 0): type=1400 audit(0.0:2877): avc: denied { kill } for comm="swapper/1" capability=5 scontext=u:r:kernel:s0 tcontext=u:r:kernel:s0 tclass=capability permissive=0
01-08 03:05:12.187 I/auditd ( 0): type=1400 audit(0.0:2878): avc: denied { kill } for comm="swapper/1" capability=5 scontext=u:r:kernel:s0 tcontext=u:r:kernel:s0 tclass=capability permissive=0
01-08 03:05:14.187 I/auditd ( 0): type=1400 audit(0.0:2879): avc: denied { kill } for comm="swapper/2" capability=5 scontext=u:r:kernel:s0 tcontext=u:r:kernel:s0 tclass=capability permissive=0
01-08 03:05:15.187 I/auditd ( 0): type=1400 audit(0.0:2880): avc: denied { kill } for comm="swapper/2" capability=5 scontext=u:r:kernel:s0 tcontext=u:r:kernel:s0 tclass=capability permissive=0
01-08 03:05:16.187 I/auditd ( 0): type=1400 audit(0.0:2881): avc: denied { kill } for comm="swapper/2" capability=5 scontext=u:r:kernel:s0 tcontext=u:r:kernel:s0 tclass=capability permissive=0
01-08 03:05:16.955 I/am_uid_idle( 1519): 99001
01-08 03:05:17.187 I/auditd ( 0): type=1400 audit(0.0:2882): avc: denied { kill } for comm="swapper/2" capability=5 scontext=u:r:kernel:s0 tcontext=u:r:kernel:s0 tclass=capability permissive=0
01-08 03:05:18.187 I/auditd ( 0): type=1400 audit(0.0:2883): avc: denied { kill } for comm="swapper/2" capability=5 scontext=u:r:kernel:s0 tcontext=u:r:kernel:s0 tclass=capability permissive=0
01-08 03:05:19.187 I/auditd ( 0): type=1400 audit(0.0:2884): avc: denied { kill } for comm="swapper/2" capability=5 scontext=u:r:kernel:s0 tcontext=u:r:kernel:s0 tclass=capability permissive=0
01-08 03:05:20.187 I/auditd ( 0): type=1400 audit(0.0:2885): avc: denied { kill } for comm="swapper/2" capability=5 scontext=u:r:kernel:s0 tcontext=u:r:kernel:s0 tclass=capability permissive=0
01-08 03:05:20.721 I/am_freeze( 1519): [9578,com.android.gallery3d]
01-08 03:05:20.723 I/am_kill ( 1519): [0,9578,com.android.gallery3d,955,Unable to freeze binder interface]
01-08 03:05:20.758 I/am_proc_died( 1519): [0,9578,com.android.gallery3d,955,19]
01-08 03:05:20.759 I/am_uid_stopped( 1519): 10063
01-08 03:05:20.773 I/am_pss ( 1519): [13175,1000,com.qti.diagservices,9060352,5079040,40960,90865664,0,10,6]
01-08 03:05:20.780 I/am_pss ( 1519): [5865,10069,com.thundercomm.gamemode.provider,12511232,3239936,8155136,51343360,0,19,6]
01-08 03:05:21.187 I/auditd ( 0): type=1400 audit(0.0:2886): avc: denied { kill } for comm="swapper/2" capability=5 scontext=u:r:kernel:s0 tcontext=u:r:kernel:s0 tclass=capability permissive=0
01-08 03:05:22.187 I/auditd ( 0): type=1400 audit(0.0:2887): avc: denied { kill } for comm="swapper/2" capability=5 scontext=u:r:kernel:s0 tcontext=u:r:kernel:s0 tclass=capability permissive=0
01-08 03:05:23.187 I/auditd ( 0): type=1400 audit(0.0:2888): avc: denied { kill } for comm="swapper/2" capability=5 scontext=u:r:kernel:s0 tcontext=u:r:kernel:s0 tclass=capability permissive=0
01-08 03:05:24.187 I/auditd ( 647): type=1400 audit(0.0:2889): avc: denied { kill } for comm="vendor.ts.uart@" capability=5 scontext=u:r:uart_service_deamon:s0 tcontext=u:r:uart_service_deamon:s0 tclass=capability permissive=0
01-08 03:05:25.187 I/auditd ( 0): type=1400 audit(0.0:2890): avc: denied { kill } for comm="swapper/2" capability=5 scontext=u:r:kernel:s0 tcontext=u:r:kernel:s0 tclass=capability permissive=0
01-08 03:05:27.187 I/auditd ( 0): type=1400 audit(0.0:2891): avc: denied { kill } for comm="swapper/1" capability=5 scontext=u:r:kernel:s0 tcontext=u:r:kernel:s0 tclass=capability permissive=0
01-08 03:05:28.187 I/auditd ( 0): type=1400 audit(0.0:2892): avc: denied { kill } for comm="swapper/1" capability=5 scontext=u:r:kernel:s0 tcontext=u:r:kernel:s0 tclass=capability permissive=0
01-08 03:05:29.187 I/auditd ( 0): type=1400 audit(0.0:2893): avc: denied { kill } for comm="swapper/1" capability=5 scontext=u:r:kernel:s0 tcontext=u:r:kernel:s0 tclass=capability permissive=0
01-08 03:05:30.187 I/auditd ( 0): type=1400 audit(0.0:2894): avc: denied { kill } for comm="swapper/1" capability=5 scontext=u:r:kernel:s0 tcontext=u:r:kernel:s0 tclass=capability permissive=0
01-08 03:05:31.187 I/auditd ( 0): type=1400 audit(0.0:2895): avc: denied { kill } for comm="swapper/2" capability=5 scontext=u:r:kernel:s0 tcontext=u:r:kernel:s0 tclass=capability permissive=0
01-08 03:05:33.187 I/auditd ( 0): type=1400 audit(0.0:2896): avc: denied { kill } for comm="swapper/2" capability=5 scontext=u:r:kernel:s0 tcontext=u:r:kernel:s0 tclass=capability permissive=0
01-08 03:05:35.187 I/auditd ( 0): type=1400 audit(0.0:2897): avc: denied { kill } for comm="swapper/2" capability=5 scontext=u:r:kernel:s0 tcontext=u:r:kernel:s0 tclass=capability permissive=0
01-08 03:05:35.228 I/am_uid_idle( 1519): 10069
01-08 03:05:36.187 I/auditd ( 0): type=1400 audit(0.0:2898): avc: denied { kill } for comm="swapper/2" capability=5 scontext=u:r:kernel:s0 tcontext=u:r:kernel:s0 tclass=capability permissive=0
01-08 03:05:37.187 I/auditd ( 0): type=1400 audit(0.0:2899): avc: denied { kill } for comm="swapper/2" capability=5 scontext=u:r:kernel:s0 tcontext=u:r:kernel:s0 tclass=capability permissive=0
01-08 03:05:38.187 I/auditd ( 0): type=1400 audit(0.0:2900): avc: denied { kill } for comm="swapper/2" capability=5 scontext=u:r:kernel:s0 tcontext=u:r:kernel:s0 tclass=capability permissive=0
01-08 03:05:39.187 I/auditd ( 0): type=1400 audit(0.0:2901): avc: denied { kill } for comm="swapper/2" capability=5 scontext=u:r:kernel:s0 tcontext=u:r:kernel:s0 tclass=capability permissive=0
01-08 03:05:41.187 I/auditd ( 0): type=1400 audit(0.0:2902): avc: denied { kill } for comm="swapper/2" capability=5 scontext=u:r:kernel:s0 tcontext=u:r:kernel:s0 tclass=capability permissive=0
01-08 03:05:41.903 I/am_uid_idle( 1519): 10097
01-08 03:05:42.187 I/auditd ( 0): type=1400 audit(0.0:2903): avc: denied { kill } for comm="swapper/2" capability=5 scontext=u:r:kernel:s0 tcontext=u:r:kernel:s0 tclass=capability permissive=0
01-08 03:05:43.187 I/auditd ( 0): type=1400 audit(0.0:2904): avc: denied { kill } for comm="swapper/2" capability=5 scontext=u:r:kernel:s0 tcontext=u:r:kernel:s0 tclass=capability permissive=0
01-08 03:05:43.753 I/netstats_mobile_sample( 1519): [0,0,0,0,0,0,0,0,0,0,0,0,1673118343753]
01-08 03:05:43.753 I/netstats_wifi_sample( 1519): [8183656005,5999144,81201039,1234650,8183656005,5999144,81201039,1234650,8184387637,6012059,72226649,1214355,1673118343753]
01-08 03:05:44.187 I/auditd ( 0): type=1400 audit(0.0:2905): avc: denied { kill } for comm="swapper/2" capability=5 scontext=u:r:kernel:s0 tcontext=u:r:kernel:s0 tclass=capability permissive=0
01-08 03:05:45.187 I/auditd ( 0): type=1400 audit(0.0:2906): avc: denied { kill } for comm="swapper/2" capability=5 scontext=u:r:kernel:s0 tcontext=u:r:kernel:s0 tclass=capability permissive=0
01-08 03:05:47.187 I/auditd ( 0): type=1400 audit(0.0:2907): avc: denied { kill } for comm="swapper/3" capability=5 scontext=u:r:kernel:s0 tcontext=u:r:kernel:s0 tclass=capability permissive=0
01-08 03:05:48.187 I/auditd ( 0): type=1400 audit(0.0:2908): avc: denied { kill } for comm="swapper/3" capability=5 scontext=u:r:kernel:s0 tcontext=u:r:kernel:s0 tclass=capability permissive=0
01-08 03:05:49.187 I/auditd ( 0): type=1400 audit(0.0:2909): avc: denied { kill } for comm="swapper/3" capability=5 scontext=u:r:kernel:s0 tcontext=u:r:kernel:s0 tclass=capability permissive=0
01-08 03:05:50.187 I/auditd ( 0): type=1400 audit(0.0:2910): avc: denied { kill } for comm="swapper/3" capability=5 scontext=u:r:kernel:s0 tcontext=u:r:kernel:s0 tclass=capability permissive=0
01-08 03:05:51.187 I/auditd ( 0): type=1400 audit(0.0:2911): avc: denied { kill } for comm="swapper/3" capability=5 scontext=u:r:kernel:s0 tcontext=u:r:kernel:s0 tclass=capability permissive=0
01-08 03:05:52.187 I/auditd ( 0): type=1400 audit(0.0:2912): avc: denied { kill } for comm="swapper/3" capability=5 scontext=u:r:kernel:s0 tcontext=u:r:kernel:s0 tclass=capability permissive=0
01-08 03:05:56.187 I/auditd ( 0): type=1400 audit(0.0:2913): avc: denied { kill } for comm="swapper/0" capability=5 scontext=u:r:kernel:s0 tcontext=u:r:kernel:s0 tclass=capability permissive=0
01-08 03:05:58.187 I/auditd ( 0): type=1400 audit(0.0:2914): avc: denied { kill } for comm="swapper/0" capability=5 scontext=u:r:kernel:s0 tcontext=u:r:kernel:s0 tclass=capability permissive=0
01-08 03:06:02.187 I/auditd ( 0): type=1400 audit(0.0:2915): avc: denied { kill } for comm="swapper/2" capability=5 scontext=u:r:kernel:s0 tcontext=u:r:kernel:s0 tclass=capability permissive=0
01-08 03:06:04.187 I/auditd ( 0): type=1400 audit(0.0:2916): avc: denied { kill } for comm="swapper/2" capability=5 scontext=u:r:kernel:s0 tcontext=u:r:kernel:s0 tclass=capability permissive=0
01-08 03:06:05.187 I/auditd ( 0): type=1400 audit(0.0:2917): avc: denied { kill } for comm="swapper/2" capability=5 scontext=u:r:kernel:s0 tcontext=u:r:kernel:s0 tclass=capability permissive=0
01-08 03:06:05.296 I/input_interaction( 1519): Interaction with: 9442d2a com.tencent.tmgp.sgame/com.tencent.tmgp.sgame.SGameActivity (server), edge-swipe (server), swipe-up (server), PointerEventDispatcher0 (server),
01-08 03:06:06.086 I/wm_task_moved( 1519): [1,0,0]
01-08 03:06:06.087 I/wm_task_moved( 1519): [1,0,7]
01-08 03:06:06.109 I/view_enqueue_input_event(11799): [Motion - Cancel,com.tencent.tmgp.sgame/com.tencent.tmgp.sgame.SGameActivity]
01-08 03:06:06.110 I/wm_on_restart_called( 2855): [110752405,com.android.launcher3.uioverrides.QuickstepLauncher,performRestartActivity]
01-08 03:06:06.112 I/input_focus( 1519): [Focus request recents_animation_input_consumer,reason=UpdateInputWindows]
01-08 03:06:06.117 I/am_uid_active( 1519): 10069
01-08 03:06:06.125 I/input_interaction( 1519): Interaction with: edge-swipe (server), swipe-up (server), PointerEventDispatcher0 (server),
01-08 03:06:06.138 I/input_focus( 1519): [Focus leaving 9442d2a com.tencent.tmgp.sgame/com.tencent.tmgp.sgame.SGameActivity (server),reason=NOT_FOCUSABLE]
01-08 03:06:06.138 I/input_focus( 1519): [Focus entering recents_animation_input_consumer (server),reason=setFocusedWindow]
01-08 03:06:06.143 I/wm_on_start_called( 2855): [110752405,com.android.launcher3.uioverrides.QuickstepLauncher,handleStartActivity]
01-08 03:06:06.155 I/sysui_latency( 2855): [1,89]
01-08 03:06:06.167 I/sysui_multi_action( 1519): [319,11,322,74,325,5707,757,761,758,9,759,5,806,com.android.launcher3,871,com.android.launcher3.uioverrides.QuickstepLauncher,905,0,1320,4,1321,1]
01-08 03:06:06.187 I/auditd ( 0): type=1400 audit(0.0:2918): avc: denied { kill } for comm="swapper/2" capability=5 scontext=u:r:kernel:s0 tcontext=u:r:kernel:s0 tclass=capability permissive=0
01-08 03:06:06.348 I/commit_sys_config_file( 1519): [settings-1-0,9]
01-08 03:06:06.463 I/sysui_latency( 1519): [8,91]
01-08 03:06:06.846 I/wm_task_moved( 1519): [1,1,8]
01-08 03:06:06.847 I/wm_focused_root_task( 1519): [0,0,1,34,RecentsAnimation.onAnimationFinished()]
01-08 03:06:06.848 I/wm_on_top_resumed_lost_called(11799): [154199911,com.tencent.tmgp.sgame.SGameActivity,topStateChangedWhenResumed]
01-08 03:06:06.851 I/wm_pause_activity( 1519): [0,154199911,com.tencent.tmgp.sgame/.SGameActivity,userLeaving=false,pauseBackTasks]
01-08 03:06:06.853 I/wm_set_resumed_activity( 1519): [0,com.android.launcher3/.uioverrides.QuickstepLauncher,resumeTopActivityInnerLocked]
01-08 03:06:06.854 I/wm_resume_activity( 1519): [0,110752405,10,com.android.launcher3/.uioverrides.QuickstepLauncher]
01-08 03:06:06.855 I/wm_add_to_stopping( 1519): [0,154199911,com.tencent.tmgp.sgame/.SGameActivity,makeInvisible]
01-08 03:06:06.857 I/wm_on_resume_called( 2855): [110752405,com.android.launcher3.uioverrides.QuickstepLauncher,RESUME_ACTIVITY]
01-08 03:06:06.862 I/input_focus( 1519): [Focus request 4e2f174 com.android.launcher3/com.android.launcher3.uioverrides.QuickstepLauncher,reason=UpdateInputWindows]
01-08 03:06:06.862 I/sysui_multi_action( 1519): [757,803,799,window_time_0,802,96]
01-08 03:06:06.866 I/wm_stop_activity( 1519): [0,154199911,com.tencent.tmgp.sgame/.SGameActivity]
01-08 03:06:06.871 I/sysui_multi_action( 1519): [757,803,799,window_time_0,802,0]
01-08 03:06:06.874 I/input_focus( 1519): [Focus leaving recents_animation_input_consumer (server),reason=NOT_VISIBLE]
01-08 03:06:06.874 I/input_focus( 1519): [Focus entering 4e2f174 com.android.launcher3/com.android.launcher3.uioverrides.QuickstepLauncher (server),reason=setFocusedWindow]
01-08 03:06:06.885 I/am_pss ( 1519): [13175,1000,com.qti.diagservices,9060352,5079040,40960,90865664,0,10,5]
01-08 03:06:06.905 I/wm_on_top_resumed_gained_called( 2855): [110752405,com.android.launcher3.uioverrides.QuickstepLauncher,topStateChangedWhenResumed]
01-08 03:06:07.076 I/commit_sys_config_file( 1519): [settings-1-0,3]
01-08 03:06:07.187 I/auditd ( 0): type=1400 audit(0.0:2919): avc: denied { kill } for comm="swapper/2" capability=5 scontext=u:r:kernel:s0 tcontext=u:r:kernel:s0 tclass=capability permissive=0
01-08 03:06:07.245 I/wm_on_paused_called(11799): [154199911,com.tencent.tmgp.sgame.SGameActivity,performPause]
01-08 03:06:07.249 I/wm_on_stop_called(11799): [154199911,com.tencent.tmgp.sgame.SGameActivity,STOP_ACTIVITY_ITEM]
01-08 03:06:07.758 I/input_interaction( 1519): Interaction with: 4e2f174 com.android.launcher3/com.android.launcher3.uioverrides.QuickstepLauncher (server), c8b2b8c com.android.systemui.ImageWallpaper (server), edge-swipe (server), swipe-up (server), PointerEventDispatcher0 (server),
01-08 03:06:08.187 I/auditd ( 0): type=1400 audit(0.0:2920): avc: denied { kill } for comm="swapper/2" capability=5 scontext=u:r:kernel:s0 tcontext=u:r:kernel:s0 tclass=capability permissive=0
01-08 03:06:08.327 I/wm_finish_activity( 1519): [0,263472265,32,com.tencent.mm/.ui.LauncherUI,recent-task-trimmed]
01-08 03:06:08.329 I/wm_destroy_activity( 1519): [0,263472265,32,com.tencent.mm/.ui.LauncherUI,finish-imm:finishIfPossible]
01-08 03:06:08.331 I/wm_finish_activity( 1519): [0,141584062,33,com.android.settings/.Settings,recent-task-trimmed]
01-08 03:06:08.332 I/wm_destroy_activity( 1519): [0,141584062,33,com.android.settings/.Settings,finish-imm:finishIfPossible]
01-08 03:06:08.333 I/am_kill ( 1519): [0,9883,com.tencent.mm:push,910,remove task]
01-08 03:06:08.335 I/wm_finish_activity( 1519): [0,154199911,34,com.tencent.tmgp.sgame/.SGameActivity,recent-task-trimmed]
01-08 03:06:08.335 I/am_kill ( 1519): [0,9674,com.tencent.mm,910,remove task]
01-08 03:06:08.336 I/wm_destroy_activity( 1519): [0,154199911,34,com.tencent.tmgp.sgame/.SGameActivity,finish-imm:finishIfPossible]
01-08 03:06:08.338 I/am_kill ( 1519): [0,10691,com.android.webview:sandboxed_process0:org.chromium.content.app.SandboxedProcessService0:0,910,remove task]
01-08 03:06:08.339 I/am_kill ( 1519): [0,11416,com.tencent.mm:patch,910,remove task]
01-08 03:06:08.340 I/sysui_multi_action( 1519): [757,803,799,window_time_0,802,2]
01-08 03:06:08.341 I/am_kill ( 1519): [0,11322,com.android.settings,900,remove task]
01-08 03:06:08.343 I/sysui_multi_action( 1519): [757,803,799,window_time_0,802,0]
01-08 03:06:08.345 I/am_kill ( 1519): [0,11799,com.tencent.tmgp.sgame,905,remove task]
01-08 03:06:08.346 I/am_kill ( 1519): [0,8934,com.tencent.tmgp.sgame:xg_vip_service,500,remove task]
01-08 03:06:08.348 I/sysui_multi_action( 1519): [757,803,799,window_time_0,802,0]
01-08 03:06:08.386 I/am_proc_died( 1519): [0,10691,com.android.webview:sandboxed_process0:org.chromium.content.app.SandboxedProcessService0:0,910,19]
01-08 03:06:08.387 I/am_schedule_service_restart( 1519): [0,com.tencent.mm/org.chromium.content.app.SandboxedProcessService0:0,1000]
01-08 03:06:08.387 I/am_uid_stopped( 1519): 99001
01-08 03:06:08.397 I/am_proc_died( 1519): [0,8934,com.tencent.tmgp.sgame:xg_vip_service,500,10]
01-08 03:06:08.399 I/am_schedule_service_restart( 1519): [0,com.tencent.tmgp.sgame/com.tencent.android.tpush.service.XGVipPushService,10988]
01-08 03:06:08.420 I/am_proc_died( 1519): [0,9883,com.tencent.mm:push,910,19]
01-08 03:06:08.422 I/am_schedule_service_restart( 1519): [0,com.tencent.mm/.ipcinvoker.wx_extension.service.PushProcessIPCService,20966]
01-08 03:06:08.422 I/am_schedule_service_restart( 1519): [0,com.tencent.mm/.booter.CoreService,30965]
01-08 03:06:08.448 I/am_proc_died( 1519): [0,11322,com.android.settings,900,19]
01-08 03:06:08.452 I/wm_task_removed( 1519): [33,removeChild:removeChild last r=ActivityRecord{87066be u0 com.android.settings/.Settings t-1 f}} in t=Task{8b9d4ed #33 type=standard A=1000:com.android.settings.root U=0 visible=false mode=fullscreen translucent=true sz=0}]
01-08 03:06:08.452 I/wm_task_removed( 1519): [33,removeChild]
01-08 03:06:08.475 I/am_proc_start( 1519): [0,13228,1000,com.android.settings,NULL,]
01-08 03:06:08.509 I/am_proc_bound( 1519): [0,13228,com.android.settings]
01-08 03:06:08.552 I/am_proc_died( 1519): [0,11416,com.tencent.mm:patch,910,19]
01-08 03:06:08.556 I/am_schedule_service_restart( 1519): [0,com.tencent.mm/com.tencent.tinker.lib.service.TinkerPatchForeService,40831]
01-08 03:06:08.562 I/am_proc_died( 1519): [0,9674,com.tencent.mm,910,18]
01-08 03:06:08.571 I/wm_task_removed( 1519): [32,removeChild:removeChild last r=ActivityRecord{fb44489 u0 com.tencent.mm/.ui.LauncherUI t-1 f}} in t=Task{bcee354 #32 type=standard A=10097:com.tencent.mm U=0 visible=false mode=fullscreen translucent=true sz=0}]
01-08 03:06:08.572 I/wm_task_removed( 1519): [32,removeChild]
01-08 03:06:08.583 I/am_proc_start( 1519): [0,13245,10097,com.tencent.mm,NULL,]
01-08 03:06:08.594 I/am_wtf ( 1519): [0,13228,com.android.settings,952647173,RoleParser,com.android.permissioncontroller.role.model.AssistantRoleBehavior]
01-08 03:06:08.597 I/am_wtf ( 1519): [0,13228,com.android.settings,952647173,RoleParser,com.android.permissioncontroller.role.model.BrowserRoleBehavior]
01-08 03:06:08.600 I/am_wtf ( 1519): [0,13228,com.android.settings,952647173,RoleParser,com.android.permissioncontroller.role.model.DialerRoleBehavior]
01-08 03:06:08.602 I/am_wtf ( 1519): [0,13228,com.android.settings,952647173,RoleParser,com.android.permissioncontroller.role.model.SmsRoleBehavior]
01-08 03:06:08.604 I/am_wtf ( 1519): [0,13228,com.android.settings,952647173,RoleParser,com.android.permissioncontroller.role.model.EmergencyRoleBehavior]
01-08 03:06:08.605 I/am_wtf ( 1519): [0,13228,com.android.settings,952647173,RoleParser,com.android.permissioncontroller.role.model.HomeRoleBehavior]
01-08 03:06:08.610 I/am_proc_bound( 1519): [0,13245,com.tencent.mm]
01-08 03:06:08.611 I/am_wtf ( 1519): [0,13228,com.android.settings,952647173,RoleParser,com.android.permissioncontroller.role.model.SystemAutomotiveClusterRoleBehavior]
01-08 03:06:08.615 I/am_wtf ( 1519): [0,13228,com.android.settings,952647173,RoleParser,com.android.permissioncontroller.role.model.CompanionDeviceWatchRoleBehavior]
01-08 03:06:08.617 I/am_wtf ( 1519): [0,13228,com.android.settings,952647173,RoleParser,com.android.permissioncontroller.role.model.SystemShellRoleBehavior]
01-08 03:06:08.620 I/am_wtf ( 1519): [0,13228,com.android.settings,952647173,RoleParser,com.android.permissioncontroller.role.model.TelevisionRoleBehavior]
01-08 03:06:08.625 I/am_wtf ( 1519): [0,13228,com.android.settings,952647173,RoleParser,com.android.permissioncontroller.role.model.TelevisionRoleBehavior]
01-08 03:06:08.748 I/am_proc_died( 1519): [0,11799,com.tencent.tmgp.sgame,905,19]
01-08 03:06:08.753 I/am_uid_stopped( 1519): 10096
01-08 03:06:08.754 I/wm_task_removed( 1519): [34,removeChild:removeChild last r=ActivityRecord{930e767 u0 com.tencent.tmgp.sgame/.SGameActivity t-1 f}} in t=Task{dd267b2 #34 type=standard A=10096:com.tencent.tmgp.sgame U=0 visible=false mode=fullscreen translucent=true sz=0}]
01-08 03:06:08.754 I/wm_task_removed( 1519): [34,removeChild]
01-08 03:06:09.079 I/wm_task_created( 1519): [35,-1]
01-08 03:06:09.081 I/wm_task_moved( 1519): [35,1,6]
01-08 03:06:09.081 I/wm_task_to_front( 1519): [0,35]
01-08 03:06:09.081 I/wm_create_task( 1519): [0,35]
01-08 03:06:09.081 I/wm_create_activity( 1519): [0,59838401,35,com.android.settings/.Settings,android.intent.action.MAIN,NULL,NULL,270532608]
01-08 03:06:09.081 I/wm_task_moved( 1519): [35,1,6]
01-08 03:06:09.082 I/wm_pause_activity( 1519): [0,110752405,com.android.launcher3/.uioverrides.QuickstepLauncher,userLeaving=true,pauseBackTasks]
01-08 03:06:09.084 I/wm_on_top_resumed_lost_called( 2855): [110752405,com.android.launcher3.uioverrides.QuickstepLauncher,topStateChangedWhenResumed]
01-08 03:06:09.084 I/wm_on_paused_called( 2855): [110752405,com.android.launcher3.uioverrides.QuickstepLauncher,performPause]
01-08 03:06:09.087 I/wm_add_to_stopping( 1519): [0,110752405,com.android.launcher3/.uioverrides.QuickstepLauncher,makeInvisible]
01-08 03:06:09.088 I/wm_restart_activity( 1519): [0,59838401,35,com.android.settings/.Settings]
01-08 03:06:09.088 I/wm_set_resumed_activity( 1519): [0,com.android.settings/.Settings,minimalResumeActivityLocked]
01-08 03:06:09.091 I/sysui_multi_action( 1519): [757,803,799,window_time_0,802,1]
01-08 03:06:09.112 I/input_focus( 1519): [Focus leaving 4e2f174 com.android.launcher3/com.android.launcher3.uioverrides.QuickstepLauncher (server),reason=NO_WINDOW]
01-08 03:06:09.187 I/auditd ( 0): type=1400 audit(0.0:2921): avc: denied { kill } for comm="swapper/2" capability=5 scontext=u:r:kernel:s0 tcontext=u:r:kernel:s0 tclass=capability permissive=0
01-08 03:06:09.224 I/am_uid_active( 1519): 10089
01-08 03:06:09.228 I/wm_on_create_called(13228): [59838401,com.android.settings.Settings,performCreate]
01-08 03:06:09.263 I/wm_on_start_called(13228): [59838401,com.android.settings.Settings,handleStartActivity]
01-08 03:06:09.264 I/snet_event_log(13228): [120484087,-1,]
01-08 03:06:09.266 I/wm_on_resume_called(13228): [59838401,com.android.settings.Settings,RESUME_ACTIVITY]
01-08 03:06:09.267 I/service_manager_stats( 1519): [100,36,105442]
01-08 03:06:09.268 I/sysui_multi_action(13228): [757,35,758,1,833,0,1089,37]
01-08 03:06:09.274 I/sysui_multi_action(13228): [757,1729,758,4,854,isParalleledControllers:false,1089,43]
01-08 03:06:09.279 I/wm_on_top_resumed_gained_called(13228): [59838401,com.android.settings.Settings,topStateChangedWhenResumed]
01-08 03:06:09.275 I/auditd ( 563): type=1400 audit(0.0:2922): avc: denied { read } for comm="Binder:563_2" name="wakeup58" dev="sysfs" ino=71686 scontext=u:r:system_suspend:s0 tcontext=u:object_r:sysfs:s0 tclass=dir permissive=0
01-08 03:06:09.279 I/auditd ( 563): type=1400 audit(0.0:2923): avc: denied { read } for comm="Binder:563_2" name="wakeup48" dev="sysfs" ino=67399 scontext=u:r:system_suspend:s0 tcontext=u:object_r:sysfs:s0 tclass=dir permissive=0
01-08 03:06:09.279 I/auditd ( 563): type=1400 audit(0.0:2924): avc: denied { read } for comm="Binder:563_2" name="wakeup4" dev="sysfs" ino=47049 scontext=u:r:system_suspend:s0 tcontext=u:object_r:sysfs:s0 tclass=dir permissive=0
01-08 03:06:09.279 I/auditd ( 563): type=1400 audit(0.0:2925): avc: denied { read } for comm="Binder:563_2" name="wakeup76" dev="sysfs" ino=76730 scontext=u:r:system_suspend:s0 tcontext=u:object_r:sysfs:s0 tclass=dir permissive=0
01-08 03:06:09.279 I/auditd ( 563): type=1400 audit(0.0:2926): avc: denied { read } for comm="Binder:563_2" name="wakeup28" dev="sysfs" ino=53254 scontext=u:r:system_suspend:s0 tcontext=u:object_r:sysfs:s0 tclass=dir permissive=0
01-08 03:06:09.279 I/auditd ( 563): type=1400 audit(0.0:2927): avc: denied { read } for comm="Binder:563_2" name="wakeup56" dev="sysfs" ino=71614 scontext=u:r:system_suspend:s0 tcontext=u:object_r:sysfs:s0 tclass=dir permissive=0
01-08 03:06:09.279 I/auditd ( 563): type=1400 audit(0.0:2928): avc: denied { read } for comm="Binder:563_2" name="wakeup2" dev="sysfs" ino=46573 scontext=u:r:system_suspend:s0 tcontext=u:object_r:sysfs:s0 tclass=dir permissive=0
01-08 03:06:09.279 I/auditd ( 563): type=1400 audit(0.0:2929): avc: denied { read } for comm="Binder:563_2" name="wakeup36" dev="sysfs" ino=62479 scontext=u:r:system_suspend:s0 tcontext=u:object_r:sysfs:s0 tclass=dir permissive=0
01-08 03:06:09.328 I/input_focus( 1519): [Focus request ffd8487 com.android.settings/com.android.settings.Settings,reason=UpdateInputWindows]
01-08 03:06:09.372 I/sysui_multi_action( 1519): [324,1,757,1090,758,12,806,com.android.settings,871,com.android.settings.Settings,1091,296]
01-08 03:06:09.374 I/sysui_multi_action( 1519): [319,25,321,23,322,296,325,5710,757,761,758,8,759,1,806,com.android.settings,871,com.android.settings.Settings,904,com.android.launcher3,905,0,1320,4,1321,1]
01-08 03:06:09.375 I/wm_activity_launch_time( 1519): [0,59838401,com.android.settings/.Settings,296]
01-08 03:06:09.378 I/input_focus( 1519): [Focus entering ffd8487 com.android.settings/com.android.settings.Settings (server),reason=Window became focusable. Previous reason: NOT_VISIBLE]
01-08 03:06:09.403 W/CarrierConfigManager(13228): Error getting config for subId -1 ICarrierConfigLoader is null
01-08 03:06:09.436 I/sysui_multi_action(13228): [757,746,758,1,833,0,1089,44]
01-08 03:06:09.437 D/TelephonyRegistry( 1519): listen oscl: mHasNotifySubscriptionInfoChangedOccurred==false no callback
01-08 03:06:09.441 D/TelephonyRegistry( 1519): listen oscl: mHasNotifySubscriptionInfoChangedOccurred==false no callback
01-08 03:06:09.448 I/sysui_multi_action(13228): [757,1729,758,4,854,isParalleledControllers:false,1089,56]
01-08 03:06:09.631 I/wm_stop_activity( 1519): [0,110752405,com.android.launcher3/.uioverrides.QuickstepLauncher]
01-08 03:06:09.649 I/wm_on_stop_called( 2855): [110752405,com.android.launcher3.uioverrides.QuickstepLauncher,STOP_ACTIVITY_ITEM]
01-08 03:06:10.284 I/am_wtf ( 1519): [0,13245,com.tencent.mm,949501508,FirebaseApp,Remote stack trace:
01-08 03:06:10.284 I/am_wtf ( 1519): at com.android.server.content.ContentService.registerContentObserver(ContentService.java:357)
01-08 03:06:10.284 I/am_wtf ( 1519): at android.content.IContentService$Stub.onTransact(IContentService.java:484)
01-08 03:06:10.284 I/am_wtf ( 1519): at android.os.Binder.execTransactInternal(Binder.java:1179)
01-08 03:06:10.284 I/am_wtf ( 1519): at android.os.Binder.execTransact(Binder.java:1143)
01-08 03:06:10.284 I/am_wtf ( 1519): ]
01-08 03:06:10.622 I/input_interaction( 1519): Interaction with: ffd8487 com.android.settings/com.android.settings.Settings (server), edge-swipe (server), swipe-up (server), PointerEventDispatcher0 (server),
01-08 03:06:10.951 I/auditd (13245): type=1400 audit(0.0:3022): avc: denied { read } for comm="parallels-2" name="u:object_r:qemu_hw_prop:s0" dev="tmpfs" ino=3313 scontext=u:r:untrusted_app_29:s0:c97,c256,c512,c768 tcontext=u:object_r:qemu_hw_prop:s0 tclass=file permissive=0 app=com.tencent.mm
01-08 03:06:11.187 I/auditd ( 0): type=1400 audit(0.0:3023): avc: denied { kill } for comm="swapper/4" capability=5 scontext=u:r:kernel:s0 tcontext=u:r:kernel:s0 tclass=capability permissive=0
01-08 03:06:11.543 I/liblog ( 1300): 89
01-08 03:06:11.544 I/liblog ( 1300): 3
01-08 03:06:11.646 I/sysui_multi_action(13228): [757,830,758,4,833,0,854,top_level_game,1089,0]
01-08 03:06:11.755 I/sysui_multi_action(13228): [757,746,758,2,1089,2318]
01-08 03:06:11.784 I/sysui_multi_action(13228): [757,3000,758,1,833,0,1089,15]
01-08 03:06:11.784 I/sysui_multi_action(13228): [757,1729,758,4,854,isParalleledControllers:false,1089,15]
01-08 03:06:12.024 I/am_proc_start( 1519): [0,13419,10097,com.tencent.mm:push,service,{com.tencent.mm/com.tencent.mm.booter.CoreService}]
01-08 03:06:12.047 I/am_proc_bound( 1519): [0,13419,com.tencent.mm:push]
01-08 03:06:12.187 I/auditd ( 0): type=1400 audit(0.0:3024): avc: denied { kill } for comm="swapper/4" capability=5 scontext=u:r:kernel:s0 tcontext=u:r:kernel:s0 tclass=capability permissive=0
01-08 03:06:12.287 I/commit_sys_config_file( 1519): [notification-policy,5689037]
01-08 03:06:12.854 I/sysui_multi_action(13228): [757,830,758,4,833,0,854,game_setting_gpu,1089,0]
01-08 03:06:12.859 I/sysui_multi_action(13228): [757,3000,758,2,1089,1074]
01-08 03:06:12.887 I/sysui_multi_action(13228): [757,3000,758,1,833,0,1089,25]
01-08 03:06:12.887 I/sysui_multi_action(13228): [757,1729,758,4,854,isParalleledControllers:false,1089,26]
01-08 03:06:13.187 I/auditd ( 0): type=1400 audit(0.0:3025): avc: denied { kill } for comm="swapper/4" capability=5 scontext=u:r:kernel:s0 tcontext=u:r:kernel:s0 tclass=capability permissive=0
01-08 03:06:13.335 I/auditd (13245): type=1400 audit(0.0:3026): avc: granted { execute } for comm="parallels-0" path="/data/user/0/com.tencent.mm/tinker/patch-8b9b3bb1/lib/lib/arm64-v8a/libxlabeffect.so" dev="dm-10" ino=17128 scontext=u:r:untrusted_app_29:s0:c97,c256,c512,c768 tcontext=u:object_r:app_data_file:s0:c97,c256,c512,c768 tclass=file app=com.tencent.mm
01-08 03:06:13.335 I/auditd (13245): type=1400 audit(0.0:3027): avc: granted { execute } for comm="parallels-0" path="/data/user/0/com.tencent.mm/tinker/patch-8b9b3bb1/lib/lib/arm64-v8a/libWeEffect.so" dev="dm-10" ino=17125 scontext=u:r:untrusted_app_29:s0:c97,c256,c512,c768 tcontext=u:object_r:app_data_file:s0:c97,c256,c512,c768 tclass=file app=com.tencent.mm
01-08 03:06:13.335 I/auditd (13245): type=1400 audit(0.0:3028): avc: granted { execute } for comm="parallels-0" path="/data/user/0/com.tencent.mm/tinker/patch-8b9b3bb1/lib/lib/arm64-v8a/libWeVision.so" dev="dm-10" ino=17130 scontext=u:r:untrusted_app_29:s0:c97,c256,c512,c768 tcontext=u:object_r:app_data_file:s0:c97,c256,c512,c768 tclass=file app=com.tencent.mm
01-08 03:06:13.486 I/netstats_mobile_sample( 1519): [0,0,0,0,0,0,0,0,0,0,0,0,1673118373486]
01-08 03:06:13.486 I/netstats_wifi_sample( 1519): [8183826419,5999541,81541185,1235463,8183826419,5999541,81541185,1235463,8184585111,6012630,72398471,1214794,1673118373486]
01-08 03:06:13.559 I/auditd (13245): type=1400 audit(0.0:3029): avc: granted { execute } for comm="flutter-worker-" path="/data/user/0/com.tencent.mm/tinker/patch-8b9b3bb1/lib/lib/arm64-v8a/libflutter.so" dev="dm-10" ino=17121 scontext=u:r:untrusted_app_29:s0:c97,c256,c512,c768 tcontext=u:object_r:app_data_file:s0:c97,c256,c512,c768 tclass=file app=com.tencent.mm
01-08 03:06:13.575 I/auditd (13245): type=1400 audit(0.0:3030): avc: granted { execute } for comm="parallels-0" path="/data/user/0/com.tencent.mm/tinker/patch-8b9b3bb1/lib/lib/arm64-v8a/libxeffect_xlog.so" dev="dm-10" ino=17104 scontext=u:r:untrusted_app_29:s0:c97,c256,c512,c768 tcontext=u:object_r:app_data_file:s0:c97,c256,c512,c768 tclass=file app=com.tencent.mm
01-08 03:06:13.785 I/sysui_multi_action(13228): [757,830,758,4,833,0,854,game_setting_gpu_custom_dpi,1089,0]
01-08 03:06:13.794 I/input_focus( 1519): [Focus request 5c292d5 PopupWindow:a632759,reason=UpdateInputWindows]
01-08 03:06:13.824 I/input_focus( 1519): [Focus leaving ffd8487 com.android.settings/com.android.settings.Settings (server),reason=setFocusedWindow]
01-08 03:06:13.824 I/input_focus( 1519): [Focus entering 5c292d5 PopupWindow:a632759 (server),reason=setFocusedWindow]
01-08 03:06:13.947 I/auditd (13419): type=1400 audit(0.0:3031): avc: denied { read } for comm="tencent.mm:push" name="anr" dev="dm-10" ino=34 scontext=u:r:untrusted_app_29:s0:c97,c256,c512,c768 tcontext=u:object_r:anr_data_file:s0 tclass=dir permissive=0 app=com.tencent.mm
01-08 03:06:14.440 I/input_interaction( 1519): Interaction with: 5c292d5 PopupWindow:a632759 (server), edge-swipe (server), swipe-up (server), PointerEventDispatcher0 (server),
01-08 03:06:14.588 I/input_focus( 1519): [Focus request ffd8487 com.android.settings/com.android.settings.Settings,reason=UpdateInputWindows]
01-08 03:06:14.608 I/input_focus( 1519): [Focus leaving 5c292d5 PopupWindow:a632759 (server),reason=NOT_FOCUSABLE]
01-08 03:06:14.608 I/input_focus( 1519): [Focus entering ffd8487 com.android.settings/com.android.settings.Settings (server),reason=setFocusedWindow]
01-08 03:06:15.252 I/input_interaction( 1519): Interaction with: ffd8487 com.android.settings/com.android.settings.Settings (server), edge-swipe (server), swipe-up (server), PointerEventDispatcher0 (server),
01-08 03:06:15.264 I/wm_task_moved( 1519): [1,0,0]
01-08 03:06:15.264 I/wm_task_moved( 1519): [1,0,5]
01-08 03:06:15.269 I/wm_on_restart_called( 2855): [110752405,com.android.launcher3.uioverrides.QuickstepLauncher,performRestartActivity]
01-08 03:06:15.292 I/wm_on_start_called( 2855): [110752405,com.android.launcher3.uioverrides.QuickstepLauncher,handleStartActivity]
01-08 03:06:15.293 I/view_enqueue_input_event(13228): [Motion - Cancel,com.android.settings/com.android.settings.Settings]
01-08 03:06:15.293 I/input_focus( 1519): [Focus request recents_animation_input_consumer,reason=UpdateInputWindows]
01-08 03:06:15.298 I/sysui_latency( 2855): [1,45]
01-08 03:06:15.308 I/sysui_multi_action( 1519): [319,5,322,41,325,5716,757,761,758,9,759,5,806,com.android.launcher3,871,com.android.launcher3.uioverrides.QuickstepLauncher,905,0,1320,4,1321,1]
01-08 03:06:15.309 I/input_focus( 1519): [Focus leaving ffd8487 com.android.settings/com.android.settings.Settings (server),reason=NOT_FOCUSABLE]
01-08 03:06:15.309 I/input_focus( 1519): [Focus entering recents_animation_input_consumer (server),reason=setFocusedWindow]
01-08 03:06:15.317 I/input_interaction( 1519): Interaction with: edge-swipe (server), swipe-up (server), PointerEventDispatcher0 (server),
01-08 03:06:15.755 I/commit_sys_config_file( 1519): [settings-1-0,265]
01-08 03:06:15.909 I/sysui_multi_action( 1519): [757,1717,758,1,759,0]
01-08 03:06:15.909 I/sysui_multi_action( 1519): [757,1717,758,2,759,0]
01-08 03:06:15.910 I/sysui_multi_action( 1519): [757,1717,758,3,759,0]
01-08 03:06:15.925 I/sysui_latency( 1519): [8,51]
01-08 03:06:16.083 I/auditd (13419): type=1400 audit(0.0:3032): avc: granted { execute } for comm="parallels-4" path="/data/user/0/com.tencent.mm/tinker/patch-8b9b3bb1/lib/lib/arm64-v8a/libWeEffect.so" dev="dm-10" ino=17125 scontext=u:r:untrusted_app_29:s0:c97,c256,c512,c768 tcontext=u:object_r:app_data_file:s0:c97,c256,c512,c768 tclass=file app=com.tencent.mm
01-08 03:06:16.083 I/auditd (13419): type=1400 audit(0.0:3033): avc: granted { execute } for comm="parallels-4" path="/data/user/0/com.tencent.mm/tinker/patch-8b9b3bb1/lib/lib/arm64-v8a/libxlabeffect.so" dev="dm-10" ino=17128 scontext=u:r:untrusted_app_29:s0:c97,c256,c512,c768 tcontext=u:object_r:app_data_file:s0:c97,c256,c512,c768 tclass=file app=com.tencent.mm
01-08 03:06:16.083 I/auditd (13419): type=1400 audit(0.0:3034): avc: granted { execute } for comm="parallels-4" path="/data/user/0/com.tencent.mm/tinker/patch-8b9b3bb1/lib/lib/arm64-v8a/libWeVision.so" dev="dm-10" ino=17130 scontext=u:r:untrusted_app_29:s0:c97,c256,c512,c768 tcontext=u:object_r:app_data_file:s0:c97,c256,c512,c768 tclass=file app=com.tencent.mm
01-08 03:06:16.114 I/wm_task_moved( 1519): [1,1,6]
01-08 03:06:16.115 I/wm_task_moved( 1519): [10,1,2147483647]
01-08 03:06:16.115 I/wm_task_to_front( 1519): [0,10]
01-08 03:06:16.115 I/wm_focused_root_task( 1519): [0,0,1,35,RecentsAnimation.onAnimationFinished()]
01-08 03:06:16.115 I/wm_on_top_resumed_lost_called(13228): [59838401,com.android.settings.Settings,topStateChangedWhenResumed]
01-08 03:06:16.115 I/wm_set_resumed_activity( 1519): [0,com.android.launcher3/.uioverrides.QuickstepLauncher,RecentsAnimation.onAnimationFinished()]
01-08 03:06:16.116 I/wm_pause_activity( 1519): [0,59838401,com.android.settings/.Settings,userLeaving=true,pauseBackTasks]
01-08 03:06:16.117 I/wm_add_to_stopping( 1519): [0,59838401,com.android.settings/.Settings,makeInvisible]
01-08 03:06:16.117 I/wm_set_resumed_activity( 1519): [0,com.android.launcher3/.uioverrides.QuickstepLauncher,resumeTopActivityInnerLocked]
01-08 03:06:16.119 I/wm_resume_activity( 1519): [0,110752405,10,com.android.launcher3/.uioverrides.QuickstepLauncher]
01-08 03:06:16.120 I/wm_on_resume_called( 2855): [110752405,com.android.launcher3.uioverrides.QuickstepLauncher,RESUME_ACTIVITY]
01-08 03:06:16.123 I/input_focus( 1519): [Focus request 4e2f174 com.android.launcher3/com.android.launcher3.uioverrides.QuickstepLauncher,reason=UpdateInputWindows]
01-08 03:06:16.124 I/wm_on_top_resumed_gained_called( 2855): [110752405,com.android.launcher3.uioverrides.QuickstepLauncher,topStateChangedWhenResumed]
01-08 03:06:16.125 I/sysui_multi_action(13228): [757,35,758,2,1089,6858]
01-08 03:06:16.126 I/sysui_multi_action(13228): [757,3000,758,2,1089,3240]
01-08 03:06:16.127 I/wm_on_paused_called(13228): [59838401,com.android.settings.Settings,performPause]
01-08 03:06:16.128 I/input_focus( 1519): [Focus leaving recents_animation_input_consumer (server),reason=NOT_VISIBLE]
01-08 03:06:16.129 I/wm_stop_activity( 1519): [0,59838401,com.android.settings/.Settings]
01-08 03:06:16.131 I/sysui_multi_action( 1519): [757,803,799,window_time_0,802,7]
01-08 03:06:16.134 I/sysui_multi_action( 1519): [757,803,799,window_time_0,802,0]
01-08 03:06:16.136 I/input_interaction( 1519): Interaction with: 4e2f174 com.android.launcher3/com.android.launcher3.uioverrides.QuickstepLauncher (server), edge-swipe (server), swipe-up (server), PointerEventDispatcher0 (server),
01-08 03:06:16.144 I/input_focus( 1519): [Focus entering 4e2f174 com.android.launcher3/com.android.launcher3.uioverrides.QuickstepLauncher (server),reason=setFocusedWindow]
01-08 03:06:16.167 I/wm_on_stop_called(13228): [59838401,com.android.settings.Settings,STOP_ACTIVITY_ITEM]
01-08 03:06:16.215 I/auditd (13419): type=1400 audit(0.0:3035): avc: granted { execute } for comm="parallels-4" path="/data/user/0/com.tencent.mm/tinker/patch-8b9b3bb1/lib/lib/arm64-v8a/libxeffect_xlog.so" dev="dm-10" ino=17104 scontext=u:r:untrusted_app_29:s0:c97,c256,c512,c768 tcontext=u:object_r:app_data_file:s0:c97,c256,c512,c768 tclass=file app=com.tencent.mm
01-08 03:06:16.471 I/auditd (13419): type=1400 audit(0.0:3036): avc: denied { read } for comm="mars::13579" name="route" dev="proc" ino=4026532257 scontext=u:r:untrusted_app_29:s0:c97,c256,c512,c768 tcontext=u:object_r:proc_net:s0 tclass=file permissive=0 app=com.tencent.mm
01-08 03:06:17.042 I/input_interaction( 1519): Interaction with: 4e2f174 com.android.launcher3/com.android.launcher3.uioverrides.QuickstepLauncher (server), c8b2b8c com.android.systemui.ImageWallpaper (server), edge-swipe (server), swipe-up (server), PointerEventDispatcher0 (server),
01-08 03:06:17.187 I/auditd ( 0): type=1400 audit(0.0:3056): avc: denied { kill } for comm="swapper/5" capability=5 scontext=u:r:kernel:s0 tcontext=u:r:kernel:s0 tclass=capability permissive=0
01-08 03:06:17.491 I/auditd (13245): type=1400 audit(0.0:3057): avc: denied { read } for comm="Binder:13245_4" name="drivers" dev="proc" ino=4026531852 scontext=u:r:untrusted_app_29:s0:c97,c256,c512,c768 tcontext=u:object_r:proc_tty_drivers:s0 tclass=file permissive=0 app=com.tencent.mm
01-08 03:06:17.663 I/auditd (13245): type=1400 audit(0.0:3058): avc: denied { read } for comm="Binder:13245_4" name="devices" dev="proc" ino=4026532305 scontext=u:r:untrusted_app_29:s0:c97,c256,c512,c768 tcontext=u:object_r:proc:s0 tclass=file permissive=0 app=com.tencent.mm
01-08 03:06:17.663 I/auditd (13245): type=1400 audit(0.0:3059): avc: denied { read } for comm="Binder:13245_4" name="interrupts" dev="proc" ino=4026532242 scontext=u:r:untrusted_app_29:s0:c97,c256,c512,c768 tcontext=u:object_r:proc_interrupts:s0 tclass=file permissive=0 app=com.tencent.mm
01-08 03:06:17.663 I/auditd (13245): type=1400 audit(0.0:3060): avc: denied { read } for comm="Binder:13245_4" name="diskstats" dev="proc" ino=4026532302 scontext=u:r:untrusted_app_29:s0:c97,c256,c512,c768 tcontext=u:object_r:proc_diskstats:s0 tclass=file permissive=0 app=com.tencent.mm
01-08 03:06:18.371 I/auditd (13651): type=1400 audit(0.0:3066): avc: granted { bind } for comm="ip" scontext=u:r:untrusted_app_29:s0:c97,c256,c512,c768 tcontext=u:r:untrusted_app_29:s0:c97,c256,c512,c768 tclass=netlink_route_socket app=com.tencent.mm
01-08 03:06:18.375 I/auditd (13245): type=1400 audit(0.0:3067): avc: denied { read } for comm="Binder:13245_4" name="route" dev="proc" ino=4026532257 scontext=u:r:untrusted_app_29:s0:c97,c256,c512,c768 tcontext=u:object_r:proc_net:s0 tclass=file permissive=0 app=com.tencent.mm
01-08 03:06:18.399 I/auditd (13245): type=1400 audit(0.0:3068): avc: denied { read } for comm="Binder:13245_4" name="version" dev="proc" ino=4026532247 scontext=u:r:untrusted_app_29:s0:c97,c256,c512,c768 tcontext=u:object_r:proc_version:s0 tclass=file permissive=0 app=com.tencent.mm
01-08 03:06:18.567 I/auditd ( 499): avc: denied { find } for pid=13245 uid=10097 name=authentication_service scontext=u:r:untrusted_app_29:s0:c97,c256,c512,c768 tcontext=u:object_r:default_android_service:s0 tclass=service_manager permissive=0
01-08 03:06:18.762 I/wm_task_created( 1519): [36,-1]
01-08 03:06:18.764 I/wm_task_moved( 1519): [36,1,7]
01-08 03:06:18.764 I/wm_task_to_front( 1519): [0,36]
01-08 03:06:18.764 I/wm_create_task( 1519): [0,36]
01-08 03:06:18.764 I/wm_create_activity( 1519): [0,31973988,36,com.tencent.tmgp.sgame/.SGameActivity,android.intent.action.MAIN,NULL,NULL,270532608]
01-08 03:06:18.764 I/wm_task_moved( 1519): [36,1,7]
01-08 03:06:18.765 I/wm_pause_activity( 1519): [0,110752405,com.android.launcher3/.uioverrides.QuickstepLauncher,userLeaving=true,pauseBackTasks]
01-08 03:06:18.768 I/wm_on_top_resumed_lost_called( 2855): [110752405,com.android.launcher3.uioverrides.QuickstepLauncher,topStateChangedWhenResumed]
01-08 03:06:18.769 I/wm_on_paused_called( 2855): [110752405,com.android.launcher3.uioverrides.QuickstepLauncher,performPause]
01-08 03:06:18.770 I/wm_add_to_stopping( 1519): [0,110752405,com.android.launcher3/.uioverrides.QuickstepLauncher,makeInvisible]
01-08 03:06:18.772 I/am_uid_running( 1519): 10096
01-08 03:06:18.772 I/sysui_multi_action( 1519): [757,803,799,window_time_0,802,2]
01-08 03:06:18.777 I/am_proc_start( 1519): [0,13673,10096,com.tencent.tmgp.sgame,pre-top-activity,{com.tencent.tmgp.sgame/com.tencent.tmgp.sgame.SGameActivity}]
01-08 03:06:18.789 I/am_proc_bound( 1519): [0,13673,com.tencent.tmgp.sgame]
01-08 03:06:18.793 I/wm_restart_activity( 1519): [0,31973988,36,com.tencent.tmgp.sgame/.SGameActivity]
01-08 03:06:18.794 I/wm_set_resumed_activity( 1519): [0,com.tencent.tmgp.sgame/.SGameActivity,minimalResumeActivityLocked]
01-08 03:06:18.794 I/am_uid_active( 1519): 10096
01-08 03:06:18.802 I/input_focus( 1519): [Focus leaving 4e2f174 com.android.launcher3/com.android.launcher3.uioverrides.QuickstepLauncher (server),reason=NO_WINDOW]
01-08 03:06:18.831 I/am_proc_start( 1519): [0,13709,10096,com.tencent.tmgp.sgame:xg_vip_service,service,{com.tencent.tmgp.sgame/com.tencent.android.tpush.service.XGVipPushService}]
01-08 03:06:18.844 I/am_proc_bound( 1519): [0,13709,com.tencent.tmgp.sgame:xg_vip_service]
01-08 03:06:19.003 I/commit_sys_config_file( 1519): [settings-1-0,4]
01-08 03:06:19.120 I/wm_on_create_called(13673): [31973988,com.tencent.tmgp.sgame.SGameActivity,performCreate]
01-08 03:06:19.121 I/wm_on_start_called(13673): [31973988,com.tencent.tmgp.sgame.SGameActivity,handleStartActivity]
01-08 03:06:19.124 I/wm_on_resume_called(13673): [31973988,com.tencent.tmgp.sgame.SGameActivity,RESUME_ACTIVITY]
01-08 03:06:19.126 I/wm_on_top_resumed_gained_called(13673): [31973988,com.tencent.tmgp.sgame.SGameActivity,topStateChangedWhenResumed]
01-08 03:06:19.143 I/input_focus( 1519): [Focus request d0f976d com.tencent.tmgp.sgame/com.tencent.tmgp.sgame.SGameActivity,reason=UpdateInputWindows]
01-08 03:06:19.139 I/auditd (13419): type=1400 audit(0.0:3069): avc: denied { read } for comm="mars::13639" name="route" dev="proc" ino=4026532257 scontext=u:r:untrusted_app_29:s0:c97,c256,c512,c768 tcontext=u:object_r:proc_net:s0 tclass=file permissive=0 app=com.tencent.mm
01-08 03:06:19.143 I/auditd (13419): type=1400 audit(0.0:3070): avc: granted { nlmsg_readpriv } for comm="mars::13639" scontext=u:r:untrusted_app_29:s0:c97,c256,c512,c768 tcontext=u:r:untrusted_app_29:s0:c97,c256,c512,c768 tclass=netlink_route_socket app=com.tencent.mm
01-08 03:06:19.196 I/sysui_multi_action( 1519): [319,29,321,27,322,431,325,5719,757,761,758,7,759,1,806,com.tencent.tmgp.sgame,871,com.tencent.tmgp.sgame.SGameActivity,904,com.android.launcher3,905,0,945,31,1320,4,1321,4]
01-08 03:06:19.196 I/wm_activity_launch_time( 1519): [0,31973988,com.tencent.tmgp.sgame/.SGameActivity,431]
01-08 03:06:19.203 I/input_focus( 1519): [Focus entering d0f976d com.tencent.tmgp.sgame/com.tencent.tmgp.sgame.SGameActivity (server),reason=Window became focusable. Previous reason: NOT_VISIBLE]
01-08 03:06:19.321 I/wm_stop_activity( 1519): [0,110752405,com.android.launcher3/.uioverrides.QuickstepLauncher]
01-08 03:06:19.327 I/wm_on_stop_called( 2855): [110752405,com.android.launcher3.uioverrides.QuickstepLauncher,STOP_ACTIVITY_ITEM]
01-08 03:06:19.527 I/auditd (13245): type=1400 audit(0.0:3080): avc: denied { getattr } for comm="Binder:13245_4" path="/proc/13245/net/dev" dev="proc" ino=4026532156 scontext=u:r:untrusted_app_29:s0:c97,c256,c512,c768 tcontext=u:object_r:proc_net:s0 tclass=file permissive=0 app=com.tencent.mm
01-08 03:06:20.087 I/auditd (13419): type=1400 audit(0.0:3081): avc: denied { read } for comm="mars::13579" name="route" dev="proc" ino=4026532257 scontext=u:r:untrusted_app_29:s0:c97,c256,c512,c768 tcontext=u:object_r:proc_net:s0 tclass=file permissive=0 app=com.tencent.mm
01-08 03:06:20.087 I/auditd (13419): type=1400 audit(0.0:3082): avc: granted { nlmsg_readpriv } for comm="mars::13579" scontext=u:r:untrusted_app_29:s0:c97,c256,c512,c768 tcontext=u:r:untrusted_app_29:s0:c97,c256,c512,c768 tclass=netlink_route_socket app=com.tencent.mm
01-08 03:06:20.087 I/auditd (13419): type=1400 audit(0.0:3083): avc: granted { nlmsg_readpriv } for comm="mars::13579" scontext=u:r:untrusted_app_29:s0:c97,c256,c512,c768 tcontext=u:r:untrusted_app_29:s0:c97,c256,c512,c768 tclass=netlink_route_socket app=com.tencent.mm
