01-08 03:29:14.028 I/netstats_wifi_sample( 1519): [8191980425,6018127,97275528,1271245,8191980425,6018127,97275528,1271245,8194078333,6039789,80379965,1233320,1673119754028]
01-08 03:29:14.187 I/auditd ( 0): type=1400 audit(0.0:4366): avc: denied { kill } for comm="swapper/2" capability=5 scontext=u:r:kernel:s0 tcontext=u:r:kernel:s0 tclass=capability permissive=0
01-08 03:29:15.191 I/auditd ( 0): type=1400 audit(0.0:4367): avc: denied { kill } for comm="swapper/2" capability=5 scontext=u:r:kernel:s0 tcontext=u:r:kernel:s0 tclass=capability permissive=0
01-08 03:29:16.191 I/auditd ( 0): type=1400 audit(0.0:4368): avc: denied { kill } for comm="swapper/2" capability=5 scontext=u:r:kernel:s0 tcontext=u:r:kernel:s0 tclass=capability permissive=0
01-08 03:29:17.191 I/auditd ( 29): type=1400 audit(0.0:4369): avc: denied { kill } for comm="ksoftirqd/2" capability=5 scontext=u:r:kernel:s0 tcontext=u:r:kernel:s0 tclass=capability permissive=0
01-08 03:29:18.191 I/auditd ( 0): type=1400 audit(0.0:4370): avc: denied { kill } for comm="swapper/2" capability=5 scontext=u:r:kernel:s0 tcontext=u:r:kernel:s0 tclass=capability permissive=0
01-08 03:29:19.187 I/auditd ( 0): type=1400 audit(0.0:4371): avc: denied { kill } for comm="swapper/2" capability=5 scontext=u:r:kernel:s0 tcontext=u:r:kernel:s0 tclass=capability permissive=0
01-08 03:29:19.719 I/am_uid_active( 1519): 10096
01-08 03:29:20.187 I/auditd ( 0): type=1400 audit(0.0:4372): avc: denied { kill } for comm="swapper/2" capability=5 scontext=u:r:kernel:s0 tcontext=u:r:kernel:s0 tclass=capability permissive=0
01-08 03:29:21.187 I/auditd ( 0): type=1400 audit(0.0:4373): avc: denied { kill } for comm="swapper/2" capability=5 scontext=u:r:kernel:s0 tcontext=u:r:kernel:s0 tclass=capability permissive=0
01-08 03:29:22.187 I/auditd ( 0): type=1400 audit(0.0:4374): avc: denied { kill } for comm="swapper/2" capability=5 scontext=u:r:kernel:s0 tcontext=u:r:kernel:s0 tclass=capability permissive=0
01-08 03:29:23.191 I/auditd ( 0): type=1400 audit(0.0:4375): avc: denied { kill } for comm="swapper/2" capability=5 scontext=u:r:kernel:s0 tcontext=u:r:kernel:s0 tclass=capability permissive=0
01-08 03:29:24.187 I/auditd ( 0): type=1400 audit(0.0:4376): avc: denied { kill } for comm="swapper/2" capability=5 scontext=u:r:kernel:s0 tcontext=u:r:kernel:s0 tclass=capability permissive=0
01-08 03:29:25.191 I/auditd ( 0): type=1400 audit(0.0:4377): avc: denied { kill } for comm="swapper/2" capability=5 scontext=u:r:kernel:s0 tcontext=u:r:kernel:s0 tclass=capability permissive=0
01-08 03:29:26.191 I/auditd ( 0): type=1400 audit(0.0:4378): avc: denied { kill } for comm="swapper/2" capability=5 scontext=u:r:kernel:s0 tcontext=u:r:kernel:s0 tclass=capability permissive=0
01-08 03:29:27.191 I/auditd ( 0): type=1400 audit(0.0:4379): avc: denied { kill } for comm="swapper/2" capability=5 scontext=u:r:kernel:s0 tcontext=u:r:kernel:s0 tclass=capability permissive=0
01-08 03:29:28.187 I/auditd ( 0): type=1400 audit(0.0:4380): avc: denied { kill } for comm="swapper/2" capability=5 scontext=u:r:kernel:s0 tcontext=u:r:kernel:s0 tclass=capability permissive=0
01-08 03:29:29.191 I/auditd ( 0): type=1400 audit(0.0:4381): avc: denied { kill } for comm="swapper/2" capability=5 scontext=u:r:kernel:s0 tcontext=u:r:kernel:s0 tclass=capability permissive=0
01-08 03:29:30.191 I/auditd ( 0): type=1400 audit(0.0:4382): avc: denied { kill } for comm="swapper/2" capability=5 scontext=u:r:kernel:s0 tcontext=u:r:kernel:s0 tclass=capability permissive=0
01-08 03:29:31.191 I/auditd ( 0): type=1400 audit(0.0:4383): avc: denied { kill } for comm="swapper/2" capability=5 scontext=u:r:kernel:s0 tcontext=u:r:kernel:s0 tclass=capability permissive=0
01-08 03:29:32.187 I/auditd ( 0): type=1400 audit(0.0:4384): avc: denied { kill } for comm="swapper/2" capability=5 scontext=u:r:kernel:s0 tcontext=u:r:kernel:s0 tclass=capability permissive=0
01-08 03:29:33.187 I/auditd ( 0): type=1400 audit(0.0:4385): avc: denied { kill } for comm="swapper/2" capability=5 scontext=u:r:kernel:s0 tcontext=u:r:kernel:s0 tclass=capability permissive=0
01-08 03:29:34.191 I/auditd ( 0): type=1400 audit(0.0:4386): avc: denied { kill } for comm="swapper/2" capability=5 scontext=u:r:kernel:s0 tcontext=u:r:kernel:s0 tclass=capability permissive=0
01-08 03:29:35.191 I/auditd ( 0): type=1400 audit(0.0:4387): avc: denied { kill } for comm="swapper/2" capability=5 scontext=u:r:kernel:s0 tcontext=u:r:kernel:s0 tclass=capability permissive=0
01-08 03:29:36.191 I/auditd ( 0): type=1400 audit(0.0:4388): avc: denied { kill } for comm="swapper/2" capability=5 scontext=u:r:kernel:s0 tcontext=u:r:kernel:s0 tclass=capability permissive=0
01-08 03:29:37.187 I/auditd ( 0): type=1400 audit(0.0:4389): avc: denied { kill } for comm="swapper/2" capability=5 scontext=u:r:kernel:s0 tcontext=u:r:kernel:s0 tclass=capability permissive=0
01-08 03:29:38.191 I/auditd ( 0): type=1400 audit(0.0:4390): avc: denied { kill } for comm="swapper/2" capability=5 scontext=u:r:kernel:s0 tcontext=u:r:kernel:s0 tclass=capability permissive=0
01-08 03:29:39.191 I/auditd ( 0): type=1400 audit(0.0:4391): avc: denied { kill } for comm="swapper/2" capability=5 scontext=u:r:kernel:s0 tcontext=u:r:kernel:s0 tclass=capability permissive=0
01-08 03:29:40.191 I/auditd ( 0): type=1400 audit(0.0:4392): avc: denied { kill } for comm="swapper/2" capability=5 scontext=u:r:kernel:s0 tcontext=u:r:kernel:s0 tclass=capability permissive=0
01-08 03:29:41.191 I/auditd ( 0): type=1400 audit(0.0:4393): avc: denied { kill } for comm="swapper/2" capability=5 scontext=u:r:kernel:s0 tcontext=u:r:kernel:s0 tclass=capability permissive=0
01-08 03:29:43.187 I/auditd ( 0): type=1400 audit(0.0:4394): avc: denied { kill } for comm="swapper/2" capability=5 scontext=u:r:kernel:s0 tcontext=u:r:kernel:s0 tclass=capability permissive=0
01-08 03:29:44.191 I/auditd ( 0): type=1400 audit(0.0:4395): avc: denied { kill } for comm="swapper/2" capability=5 scontext=u:r:kernel:s0 tcontext=u:r:kernel:s0 tclass=capability permissive=0
01-08 03:29:45.187 I/auditd ( 0): type=1400 audit(0.0:4396): avc: denied { kill } for comm="swapper/2" capability=5 scontext=u:r:kernel:s0 tcontext=u:r:kernel:s0 tclass=capability permissive=0
01-08 03:29:46.191 I/auditd ( 0): type=1400 audit(0.0:4397): avc: denied { kill } for comm="swapper/2" capability=5 scontext=u:r:kernel:s0 tcontext=u:r:kernel:s0 tclass=capability permissive=0
01-08 03:29:47.191 I/auditd ( 0): type=1400 audit(0.0:4398): avc: denied { kill } for comm="swapper/2" capability=5 scontext=u:r:kernel:s0 tcontext=u:r:kernel:s0 tclass=capability permissive=0
01-08 03:29:48.187 I/auditd ( 0): type=1400 audit(0.0:4399): avc: denied { kill } for comm="swapper/2" capability=5 scontext=u:r:kernel:s0 tcontext=u:r:kernel:s0 tclass=capability permissive=0
01-08 03:29:49.187 I/auditd ( 0): type=1400 audit(0.0:4400): avc: denied { kill } for comm="swapper/2" capability=5 scontext=u:r:kernel:s0 tcontext=u:r:kernel:s0 tclass=capability permissive=0
01-08 03:29:50.191 I/auditd ( 0): type=1400 audit(0.0:4401): avc: denied { kill } for comm="swapper/2" capability=5 scontext=u:r:kernel:s0 tcontext=u:r:kernel:s0 tclass=capability permissive=0
01-08 03:29:51.191 I/auditd ( 0): type=1400 audit(0.0:4402): avc: denied { kill } for comm="swapper/2" capability=5 scontext=u:r:kernel:s0 tcontext=u:r:kernel:s0 tclass=capability permissive=0
01-08 03:29:52.191 I/auditd ( 0): type=1400 audit(0.0:4403): avc: denied { kill } for comm="swapper/2" capability=5 scontext=u:r:kernel:s0 tcontext=u:r:kernel:s0 tclass=capability permissive=0
01-08 03:29:53.187 I/auditd ( 0): type=1400 audit(0.0:4404): avc: denied { kill } for comm="swapper/2" capability=5 scontext=u:r:kernel:s0 tcontext=u:r:kernel:s0 tclass=capability permissive=0
01-08 03:29:54.191 I/auditd ( 0): type=1400 audit(0.0:4405): avc: denied { kill } for comm="swapper/2" capability=5 scontext=u:r:kernel:s0 tcontext=u:r:kernel:s0 tclass=capability permissive=0
01-08 03:29:55.191 I/auditd ( 0): type=1400 audit(0.0:4406): avc: denied { kill } for comm="swapper/2" capability=5 scontext=u:r:kernel:s0 tcontext=u:r:kernel:s0 tclass=capability permissive=0
01-08 03:29:56.187 I/auditd ( 0): type=1400 audit(0.0:4407): avc: denied { kill } for comm="swapper/2" capability=5 scontext=u:r:kernel:s0 tcontext=u:r:kernel:s0 tclass=capability permissive=0
01-08 03:29:57.187 I/auditd ( 0): type=1400 audit(0.0:4408): avc: denied { kill } for comm="swapper/2" capability=5 scontext=u:r:kernel:s0 tcontext=u:r:kernel:s0 tclass=capability permissive=0
01-08 03:29:58.187 I/auditd ( 0): type=1400 audit(0.0:4409): avc: denied { kill } for comm="swapper/2" capability=5 scontext=u:r:kernel:s0 tcontext=u:r:kernel:s0 tclass=capability permissive=0
01-08 03:29:59.187 I/auditd ( 0): type=1400 audit(0.0:4410): avc: denied { kill } for comm="swapper/2" capability=5 scontext=u:r:kernel:s0 tcontext=u:r:kernel:s0 tclass=capability permissive=0
01-08 03:30:00.187 I/auditd ( 0): type=1400 audit(0.0:4411): avc: denied { kill } for comm="swapper/2" capability=5 scontext=u:r:kernel:s0 tcontext=u:r:kernel:s0 tclass=capability permissive=0
01-08 03:30:01.187 I/auditd ( 0): type=1400 audit(0.0:4412): avc: denied { kill } for comm="swapper/2" capability=5 scontext=u:r:kernel:s0 tcontext=u:r:kernel:s0 tclass=capability permissive=0
01-08 03:30:02.187 I/auditd ( 0): type=1400 audit(0.0:4413): avc: denied { kill } for comm="swapper/2" capability=5 scontext=u:r:kernel:s0 tcontext=u:r:kernel:s0 tclass=capability permissive=0
01-08 03:30:03.191 I/auditd ( 0): type=1400 audit(0.0:4414): avc: denied { kill } for comm="swapper/2" capability=5 scontext=u:r:kernel:s0 tcontext=u:r:kernel:s0 tclass=capability permissive=0
01-08 03:30:05.187 I/auditd ( 0): type=1400 audit(0.0:4415): avc: denied { kill } for comm="swapper/2" capability=5 scontext=u:r:kernel:s0 tcontext=u:r:kernel:s0 tclass=capability permissive=0
01-08 03:30:06.187 I/auditd ( 0): type=1400 audit(0.0:4416): avc: denied { kill } for comm="swapper/2" capability=5 scontext=u:r:kernel:s0 tcontext=u:r:kernel:s0 tclass=capability permissive=0
01-08 03:30:07.191 I/auditd ( 0): type=1400 audit(0.0:4417): avc: denied { kill } for comm="swapper/2" capability=5 scontext=u:r:kernel:s0 tcontext=u:r:kernel:s0 tclass=capability permissive=0
01-08 03:30:08.191 I/auditd ( 0): type=1400 audit(0.0:4418): avc: denied { kill } for comm="swapper/2" capability=5 scontext=u:r:kernel:s0 tcontext=u:r:kernel:s0 tclass=capability permissive=0
01-08 03:30:09.187 I/auditd ( 0): type=1400 audit(0.0:4419): avc: denied { kill } for comm="swapper/2" capability=5 scontext=u:r:kernel:s0 tcontext=u:r:kernel:s0 tclass=capability permissive=0
01-08 03:30:10.187 I/auditd ( 0): type=1400 audit(0.0:4420): avc: denied { kill } for comm="swapper/2" capability=5 scontext=u:r:kernel:s0 tcontext=u:r:kernel:s0 tclass=capability permissive=0
01-08 03:30:11.187 I/auditd ( 0): type=1400 audit(0.0:4421): avc: denied { kill } for comm="swapper/2" capability=5 scontext=u:r:kernel:s0 tcontext=u:r:kernel:s0 tclass=capability permissive=0
01-08 03:30:12.191 I/auditd ( 0): type=1400 audit(0.0:4422): avc: denied { kill } for comm="swapper/2" capability=5 scontext=u:r:kernel:s0 tcontext=u:r:kernel:s0 tclass=capability permissive=0
01-08 03:30:13.191 I/auditd ( 0): type=1400 audit(0.0:4423): avc: denied { kill } for comm="swapper/2" capability=5 scontext=u:r:kernel:s0 tcontext=u:r:kernel:s0 tclass=capability permissive=0
01-08 03:30:14.191 I/auditd ( 0): type=1400 audit(0.0:4424): avc: denied { kill } for comm="swapper/2" capability=5 scontext=u:r:kernel:s0 tcontext=u:r:kernel:s0 tclass=capability permissive=0
01-08 03:30:15.191 I/auditd ( 0): type=1400 audit(0.0:4425): avc: denied { kill } for comm="swapper/2" capability=5 scontext=u:r:kernel:s0 tcontext=u:r:kernel:s0 tclass=capability permissive=0
01-08 03:30:16.187 I/auditd ( 0): type=1400 audit(0.0:4426): avc: denied { kill } for comm="swapper/2" capability=5 scontext=u:r:kernel:s0 tcontext=u:r:kernel:s0 tclass=capability permissive=0
01-08 03:30:17.187 I/auditd ( 0): type=1400 audit(0.0:4427): avc: denied { kill } for comm="swapper/2" capability=5 scontext=u:r:kernel:s0 tcontext=u:r:kernel:s0 tclass=capability permissive=0
01-08 03:30:18.191 I/auditd ( 0): type=1400 audit(0.0:4428): avc: denied { kill } for comm="swapper/2" capability=5 scontext=u:r:kernel:s0 tcontext=u:r:kernel:s0 tclass=capability permissive=0
01-08 03:30:19.191 I/auditd ( 0): type=1400 audit(0.0:4429): avc: denied { kill } for comm="swapper/2" capability=5 scontext=u:r:kernel:s0 tcontext=u:r:kernel:s0 tclass=capability permissive=0
01-08 03:30:20.191 I/auditd ( 0): type=1400 audit(0.0:4430): avc: denied { kill } for comm="swapper/2" capability=5 scontext=u:r:kernel:s0 tcontext=u:r:kernel:s0 tclass=capability permissive=0
01-08 03:30:21.191 I/auditd ( 0): type=1400 audit(0.0:4431): avc: denied { kill } for comm="swapper/2" capability=5 scontext=u:r:kernel:s0 tcontext=u:r:kernel:s0 tclass=capability permissive=0
01-08 03:30:22.191 I/auditd ( 0): type=1400 audit(0.0:4432): avc: denied { kill } for comm="swapper/2" capability=5 scontext=u:r:kernel:s0 tcontext=u:r:kernel:s0 tclass=capability permissive=0
01-08 03:30:23.191 I/auditd ( 0): type=1400 audit(0.0:4433): avc: denied { kill } for comm="swapper/2" capability=5 scontext=u:r:kernel:s0 tcontext=u:r:kernel:s0 tclass=capability permissive=0
01-08 03:30:24.191 I/auditd ( 0): type=1400 audit(0.0:4434): avc: denied { kill } for comm="swapper/2" capability=5 scontext=u:r:kernel:s0 tcontext=u:r:kernel:s0 tclass=capability permissive=0
01-08 03:30:25.187 I/auditd ( 0): type=1400 audit(0.0:4435): avc: denied { kill } for comm="swapper/2" capability=5 scontext=u:r:kernel:s0 tcontext=u:r:kernel:s0 tclass=capability permissive=0
01-08 03:30:26.191 I/auditd ( 0): type=1400 audit(0.0:4436): avc: denied { kill } for comm="swapper/2" capability=5 scontext=u:r:kernel:s0 tcontext=u:r:kernel:s0 tclass=capability permissive=0
01-08 03:30:27.187 I/auditd ( 0): type=1400 audit(0.0:4437): avc: denied { kill } for comm="swapper/2" capability=5 scontext=u:r:kernel:s0 tcontext=u:r:kernel:s0 tclass=capability permissive=0
01-08 03:30:28.191 I/auditd ( 0): type=1400 audit(0.0:4438): avc: denied { kill } for comm="swapper/2" capability=5 scontext=u:r:kernel:s0 tcontext=u:r:kernel:s0 tclass=capability permissive=0
01-08 03:30:29.191 I/auditd ( 0): type=1400 audit(0.0:4439): avc: denied { kill } for comm="swapper/2" capability=5 scontext=u:r:kernel:s0 tcontext=u:r:kernel:s0 tclass=capability permissive=0
01-08 03:30:29.252 I/input_interaction( 1519): Interaction with: 5659ec1 com.thundercomm.screensaver/android.service.dreams.DreamActivity (server), edge-swipe (server), swipe-up (server), PointerEventDispatcher0 (server),
01-08 03:30:29.256 I/wm_finish_activity( 1519): [0,171827856,37,com.thundercomm.screensaver/android.service.dreams.DreamActivity,finish-activity]
01-08 03:30:29.256 I/wm_task_moved( 1519): [35,1,7]
01-08 03:30:29.256 I/wm_task_to_front( 1519): [0,35]
01-08 03:30:29.257 I/wm_focused_root_task( 1519): [0,0,35,37,finish-top adjustFocusToNextFocusableTask]
01-08 03:30:29.258 I/wm_pause_activity( 1519): [0,171827856,com.thundercomm.screensaver/android.service.dreams.DreamActivity,userLeaving=false,finish]
01-08 03:30:29.269 I/sysui_multi_action( 1519): [757,803,799,window_time_0,802,642]
01-08 03:30:29.272 I/wm_on_top_resumed_lost_called(14634): [171827856,android.service.dreams.DreamActivity,topStateChangedWhenResumed]
01-08 03:30:29.272 I/wm_on_paused_called(14634): [171827856,android.service.dreams.DreamActivity,performPause]
01-08 03:30:29.272 I/wm_add_to_stopping( 1519): [0,171827856,com.thundercomm.screensaver/android.service.dreams.DreamActivity,completeFinishing]
01-08 03:30:29.276 I/wm_set_resumed_activity( 1519): [0,com.android.settings/.Settings,resumeTopActivityInnerLocked]
01-08 03:30:29.277 I/wm_resume_activity( 1519): [0,59838401,35,com.android.settings/.Settings]
01-08 03:30:29.281 I/input_focus( 1519): [Focus leaving 5659ec1 com.thundercomm.screensaver/android.service.dreams.DreamActivity (server),reason=NO_WINDOW]
01-08 03:30:29.282 I/view_enqueue_input_event(14634): [Motion - Cancel,com.thundercomm.screensaver/android.service.dreams.DreamActivity]
01-08 03:30:29.287 I/sysui_multi_action( 1519): [757,803,799,window_time_0,802,0]
01-08 03:30:29.288 I/input_interaction( 1519): Interaction with: edge-swipe (server), swipe-up (server), PointerEventDispatcher0 (server),
01-08 03:30:29.289 I/wm_on_restart_called(13228): [59838401,com.android.settings.Settings,performRestartActivity]
01-08 03:30:29.290 I/wm_on_start_called(13228): [59838401,com.android.settings.Settings,handleStartActivity]
01-08 03:30:29.291 I/snet_event_log(13228): [120484087,-1,]
01-08 03:30:29.291 I/wm_on_resume_called(13228): [59838401,com.android.settings.Settings,RESUME_ACTIVITY]
01-08 03:30:29.292 I/sysui_multi_action(13228): [757,35,758,1,833,0,1089,0]
01-08 03:30:29.293 I/sysui_multi_action(13228): [757,3000,758,1,833,0,1089,0]
01-08 03:30:29.293 I/wm_on_top_resumed_gained_called(13228): [59838401,com.android.settings.Settings,topWhenResuming]
01-08 03:30:29.303 I/input_focus( 1519): [Focus request ffd8487 com.android.settings/com.android.settings.Settings,reason=UpdateInputWindows]
01-08 03:30:29.312 I/am_pss ( 1519): [2835,1000,com.thundercomm.gamemode,27145216,16805888,6129664,105594880,0,10,7]
01-08 03:30:29.316 I/am_uid_active( 1519): 10069
01-08 03:30:29.338 I/input_focus( 1519): [Focus entering ffd8487 com.android.settings/com.android.settings.Settings (server),reason=Window became focusable. Previous reason: NOT_VISIBLE]
01-08 03:30:29.327 I/auditd ( 563): type=1400 audit(0.0:4441): avc: denied { read } for comm="Binder:563_2" name="wakeup48" dev="sysfs" ino=67399 scontext=u:r:system_suspend:s0 tcontext=u:object_r:sysfs:s0 tclass=dir permissive=0
01-08 03:30:29.327 I/auditd ( 563): type=1400 audit(0.0:4442): avc: denied { read } for comm="Binder:563_2" name="wakeup4" dev="sysfs" ino=47049 scontext=u:r:system_suspend:s0 tcontext=u:object_r:sysfs:s0 tclass=dir permissive=0
01-08 03:30:29.327 I/auditd ( 563): type=1400 audit(0.0:4443): avc: denied { read } for comm="Binder:563_2" name="wakeup76" dev="sysfs" ino=76730 scontext=u:r:system_suspend:s0 tcontext=u:object_r:sysfs:s0 tclass=dir permissive=0
01-08 03:30:29.845 I/wm_destroy_activity( 1519): [0,171827856,37,com.thundercomm.screensaver/android.service.dreams.DreamActivity,finish-imm:idle]
01-08 03:30:29.864 I/wm_on_stop_called(14634): [171827856,android.service.dreams.DreamActivity,LIFECYCLER_STOP_ACTIVITY]
01-08 03:30:29.866 I/wm_on_destroy_called(14634): [171827856,android.service.dreams.DreamActivity,performDestroy]
01-08 03:30:29.871 I/sysui_multi_action( 1519): [757,222,758,2]
01-08 03:30:29.871 I/sysui_multi_action( 1519): [757,804,799,dreaming_minutes,801,10,802,1]
01-08 03:30:29.885 I/wm_task_removed( 1519): [37,removeChild:removeChild last r=ActivityRecord{a3de290 u0 com.thundercomm.screensaver/android.service.dreams.DreamActivity t-1 f}} in t=Task{c6dee97 #37 type=dream A=10052:android:com.thundercomm.screensaver/dream U=0 visible=false mode=fullscreen translucent=true sz=0}]
01-08 03:30:29.885 I/wm_task_removed( 1519): [37,removeChild]
01-08 03:30:32.191 I/auditd ( 0): type=1400 audit(0.0:4541): avc: denied { kill } for comm="swapper/2" capability=5 scontext=u:r:kernel:s0 tcontext=u:r:kernel:s0 tclass=capability permissive=0
01-08 03:30:32.895 I/input_interaction( 1519): Interaction with: ffd8487 com.android.settings/com.android.settings.Settings (server), edge-swipe (server), swipe-up (server), PointerEventDispatcher0 (server),
01-08 03:30:32.911 I/wm_task_moved( 1519): [1,0,0]
01-08 03:30:32.912 I/wm_task_moved( 1519): [1,0,6]
01-08 03:30:32.935 I/wm_on_restart_called( 2855): [110752405,com.android.launcher3.uioverrides.QuickstepLauncher,performRestartActivity]
01-08 03:30:32.948 I/wm_on_start_called( 2855): [110752405,com.android.launcher3.uioverrides.QuickstepLauncher,handleStartActivity]
01-08 03:30:32.949 I/view_enqueue_input_event(13228): [Motion - Cancel,com.android.settings/com.android.settings.Settings]
01-08 03:30:32.950 I/input_focus( 1519): [Focus request recents_animation_input_consumer,reason=UpdateInputWindows]
01-08 03:30:32.955 I/sysui_latency( 2855): [1,60]
01-08 03:30:32.961 I/input_interaction( 1519): Interaction with: edge-swipe (server), swipe-up (server), PointerEventDispatcher0 (server),
01-08 03:30:32.964 I/input_focus( 1519): [Focus leaving ffd8487 com.android.settings/com.android.settings.Settings (server),reason=NOT_FOCUSABLE]
01-08 03:30:32.964 I/input_focus( 1519): [Focus entering recents_animation_input_consumer (server),reason=setFocusedWindow]
01-08 03:30:32.972 I/sysui_multi_action( 1519): [319,9,322,54,325,7173,757,761,758,9,759,5,806,com.android.launcher3,871,com.android.launcher3.uioverrides.QuickstepLauncher,905,0,1320,4,1321,1]
01-08 03:30:33.151 I/commit_sys_config_file( 1519): [settings-1-0,4]
01-08 03:30:33.187 I/auditd ( 0): type=1400 audit(0.0:4542): avc: denied { kill } for comm="swapper/2" capability=5 scontext=u:r:kernel:s0 tcontext=u:r:kernel:s0 tclass=capability permissive=0
01-08 03:30:33.267 I/sysui_latency( 1519): [8,66]
01-08 03:30:33.784 I/wm_task_moved( 1519): [1,1,7]
01-08 03:30:33.784 I/wm_task_moved( 1519): [10,1,2147483647]
01-08 03:30:33.784 I/wm_task_to_front( 1519): [0,10]
01-08 03:30:33.784 I/wm_focused_root_task( 1519): [0,0,1,35,RecentsAnimation.onAnimationFinished()]
01-08 03:30:33.785 I/wm_on_top_resumed_lost_called(13228): [59838401,com.android.settings.Settings,topStateChangedWhenResumed]
01-08 03:30:33.785 I/wm_set_resumed_activity( 1519): [0,com.android.launcher3/.uioverrides.QuickstepLauncher,RecentsAnimation.onAnimationFinished()]
01-08 03:30:33.785 I/wm_pause_activity( 1519): [0,59838401,com.android.settings/.Settings,userLeaving=true,pauseBackTasks]
01-08 03:30:33.786 I/wm_add_to_stopping( 1519): [0,59838401,com.android.settings/.Settings,makeInvisible]
01-08 03:30:33.787 I/wm_set_resumed_activity( 1519): [0,com.android.launcher3/.uioverrides.QuickstepLauncher,resumeTopActivityInnerLocked]
01-08 03:30:33.789 I/wm_resume_activity( 1519): [0,110752405,10,com.android.launcher3/.uioverrides.QuickstepLauncher]
01-08 03:30:33.790 I/wm_on_resume_called( 2855): [110752405,com.android.launcher3.uioverrides.QuickstepLauncher,RESUME_ACTIVITY]
01-08 03:30:33.794 I/input_focus( 1519): [Focus request 4e2f174 com.android.launcher3/com.android.launcher3.uioverrides.QuickstepLauncher,reason=UpdateInputWindows]
01-08 03:30:33.795 I/wm_on_top_resumed_gained_called( 2855): [110752405,com.android.launcher3.uioverrides.QuickstepLauncher,topStateChangedWhenResumed]
01-08 03:30:33.796 I/sysui_multi_action(13228): [757,35,758,2,1089,4504]
01-08 03:30:33.796 I/sysui_multi_action(13228): [757,3000,758,2,1089,4504]
01-08 03:30:33.797 I/wm_on_paused_called(13228): [59838401,com.android.settings.Settings,performPause]
01-08 03:30:33.799 I/input_focus( 1519): [Focus leaving recents_animation_input_consumer (server),reason=NOT_VISIBLE]
01-08 03:30:33.799 I/wm_stop_activity( 1519): [0,59838401,com.android.settings/.Settings]
01-08 03:30:33.804 I/sysui_multi_action( 1519): [757,803,799,window_time_0,802,4]
01-08 03:30:33.813 I/sysui_multi_action( 1519): [757,803,799,window_time_0,802,0]
01-08 03:30:33.815 I/input_focus( 1519): [Focus entering 4e2f174 com.android.launcher3/com.android.launcher3.uioverrides.QuickstepLauncher (server),reason=setFocusedWindow]
01-08 03:30:33.828 I/wm_on_stop_called(13228): [59838401,com.android.settings.Settings,STOP_ACTIVITY_ITEM]
01-08 03:30:34.191 I/auditd ( 0): type=1400 audit(0.0:4543): avc: denied { kill } for comm="swapper/2" capability=5 scontext=u:r:kernel:s0 tcontext=u:r:kernel:s0 tclass=capability permissive=0
01-08 03:30:34.471 I/input_interaction( 1519): Interaction with: 341370a StatusBar (server), edge-swipe (server), swipe-up (server), PointerEventDispatcher0 (server),
01-08 03:30:34.475 I/sysui_multi_action( 2378): [757,803,799,panel_open,802,1]
01-08 03:30:34.476 I/sysui_multi_action( 2378): [757,1328,758,4,1326,48,1327,6,1329,0]
01-08 03:30:34.523 I/sysui_multi_action( 1519): [757,127,758,1]
01-08 03:30:34.523 I/sysui_multi_action( 1519): [757,804,799,note_load,801,3,802,1]
01-08 03:30:34.523 I/notification_panel_revealed( 1519): 3
01-08 03:30:34.536 I/input_focus( 1519): [Focus request e19dcb9 NotificationShade,reason=UpdateInputWindows]
01-08 03:30:34.544 I/sysui_multi_action( 1519): [757,128,758,1,793,7095597,794,0,795,7095597,796,26,798,0,806,android,857,DEVELOPER_IMPORTANT,858,4,947,0,1395,3,1500,7095393,1688,1]
01-08 03:30:34.545 I/sysui_multi_action( 1519): [757,804,799,note_freshness,801,7095597,802,1]
01-08 03:30:34.545 I/notification_visibility( 1519): [-1|android|26|null|1000,1,7095597,7095597,0,0]
01-08 03:30:34.546 I/sysui_multi_action( 1519): [757,128,758,1,793,2626048,794,0,795,2626048,796,4273,798,1,806,com.android.systemui,857,screen_record,858,3,947,0,1395,3,1500,2625846,1688,1,1745,680407814]
01-08 03:30:34.546 I/sysui_multi_action( 1519): [757,804,799,note_freshness,801,2626048,802,1]
01-08 03:30:34.547 I/notification_visibility( 1519): [0|com.android.systemui|4273|null|10081,1,2626048,2626048,0,1]
01-08 03:30:34.548 I/sysui_multi_action( 1519): [757,128,758,1,793,7149458,794,0,795,7149458,796,32,798,2,806,android,857,USB,858,1,947,0,1395,3,1500,7149255,1688,1]
01-08 03:30:34.548 I/sysui_multi_action( 1519): [757,804,799,note_freshness,801,7149458,802,1]
01-08 03:30:34.548 I/notification_visibility( 1519): [-1|android|32|null|1000,1,7149458,7149458,0,2]
01-08 03:30:34.552 I/input_focus( 1519): [Focus leaving 4e2f174 com.android.launcher3/com.android.launcher3.uioverrides.QuickstepLauncher (server),reason=setFocusedWindow]
01-08 03:30:34.552 I/input_focus( 1519): [Focus entering e19dcb9 NotificationShade (server),reason=setFocusedWindow]
01-08 03:30:34.600 I/sysui_multi_action( 2378): [757,111,758,1]
01-08 03:30:34.600 I/sysui_multi_action( 2378): [757,126,758,1,759,126,927,0,928,1,1593,0]
01-08 03:30:34.600 I/sysui_multi_action( 2378): [757,113,758,1,759,113,927,1,928,1,1593,0]
01-08 03:30:34.601 I/sysui_multi_action( 2378): [757,0,758,1,759,0,927,2,928,0,1593,0]
01-08 03:30:34.601 I/sysui_multi_action( 2378): [757,0,758,1,759,0,927,3,928,0,1593,0]
01-08 03:30:34.601 I/sysui_multi_action( 2378): [757,491,758,1,759,491,927,4,928,0,1311,-1,1593,0]
01-08 03:30:34.601 I/sysui_multi_action( 2378): [757,0,758,1,759,0,927,5,928,0,1593,0]
01-08 03:30:34.602 I/sysui_multi_action( 2378): [757,111,758,1]
01-08 03:30:34.602 I/sysui_multi_action( 2378): [757,126,758,1,759,126,927,0,928,1,1593,0]
01-08 03:30:34.602 I/sysui_multi_action( 2378): [757,113,758,1,759,113,927,1,928,1,1593,0]
01-08 03:30:34.602 I/sysui_multi_action( 2378): [757,0,758,1,759,0,927,2,928,0,1593,0]
01-08 03:30:34.602 I/sysui_multi_action( 2378): [757,0,758,1,759,0,927,3,928,0,1593,0]
01-08 03:30:35.187 I/auditd ( 0): type=1400 audit(0.0:4544): avc: denied { kill } for comm="swapper/2" capability=5 scontext=u:r:kernel:s0 tcontext=u:r:kernel:s0 tclass=capability permissive=0
01-08 03:30:35.912 I/input_interaction( 1519): Interaction with: e19dcb9 NotificationShade (server), edge-swipe (server), swipe-up (server), PointerEventDispatcher0 (server),
01-08 03:30:36.187 I/auditd ( 0): type=1400 audit(0.0:4545): avc: denied { kill } for comm="swapper/2" capability=5 scontext=u:r:kernel:s0 tcontext=u:r:kernel:s0 tclass=capability permissive=0
01-08 03:30:36.878 I/notification_enqueue( 1519): [10081,2378,com.android.systemui,2048,NULL,0,Notification(channel=updateNotification shortcut=null contentView=null vibrate=null sound=null defaults=0x0 flags=0x0 color=0x00000000 vis=PRIVATE),1]
01-08 03:30:36.878 I/sysui_multi_action( 2378): [757,111,758,2]
01-08 03:30:36.878 I/sysui_multi_action( 2378): [757,111,758,2]
01-08 03:30:37.097 I/input_focus( 1519): [Focus request 4e2f174 com.android.launcher3/com.android.launcher3.uioverrides.QuickstepLauncher,reason=UpdateInputWindows]
01-08 03:30:37.108 I/sysui_multi_action( 1519): [757,128,758,2,793,7098161,794,2564,795,7098161,796,26,798,0,806,android,857,DEVELOPER_IMPORTANT,858,4,947,0,1395,3,1500,7097957,1688,1]
01-08 03:30:37.109 I/notification_visibility( 1519): [-1|android|26|null|1000,0,7098161,7098161,0,0]
01-08 03:30:37.109 I/sysui_multi_action( 1519): [757,128,758,2,793,2628611,794,2563,795,2628611,796,4273,798,1,806,com.android.systemui,857,screen_record,858,3,947,0,1395,3,1500,2628409,1688,1,1745,680407814]
01-08 03:30:37.109 I/notification_visibility( 1519): [0|com.android.systemui|4273|null|10081,0,2628611,2628611,0,1]
01-08 03:30:37.109 I/sysui_multi_action( 1519): [757,128,758,2,793,7152020,794,2562,795,7152020,796,32,798,2,806,android,857,USB,858,1,947,0,1395,3,1500,7151817,1688,1]
01-08 03:30:37.109 I/notification_visibility( 1519): [-1|android|32|null|1000,0,7152020,7152020,0,2]
01-08 03:30:37.110 I/sysui_multi_action( 1519): [757,127,758,2]
01-08 03:30:37.110 I/notification_panel_hidden( 1519):
01-08 03:30:37.124 I/input_focus( 1519): [Focus leaving e19dcb9 NotificationShade (server),reason=NOT_FOCUSABLE]
01-08 03:30:37.125 I/input_focus( 1519): [Focus entering 4e2f174 com.android.launcher3/com.android.launcher3.uioverrides.QuickstepLauncher (server),reason=setFocusedWindow]
01-08 03:30:37.187 I/auditd ( 0): type=1400 audit(0.0:4546): avc: denied { kill } for comm="swapper/2" capability=5 scontext=u:r:kernel:s0 tcontext=u:r:kernel:s0 tclass=capability permissive=0
01-08 03:30:39.187 I/auditd ( 0): type=1400 audit(0.0:4547): avc: denied { kill } for comm="swapper/2" capability=5 scontext=u:r:kernel:s0 tcontext=u:r:kernel:s0 tclass=capability permissive=0
01-08 03:30:40.191 I/auditd ( 0): type=1400 audit(0.0:4548): avc: denied { kill } for comm="swapper/2" capability=5 scontext=u:r:kernel:s0 tcontext=u:r:kernel:s0 tclass=capability permissive=0
01-08 03:30:41.191 I/auditd ( 0): type=1400 audit(0.0:4549): avc: denied { kill } for comm="swapper/2" capability=5 scontext=u:r:kernel:s0 tcontext=u:r:kernel:s0 tclass=capability permissive=0
01-08 03:30:42.191 I/auditd ( 0): type=1400 audit(0.0:4550): avc: denied { kill } for comm="swapper/2" capability=5 scontext=u:r:kernel:s0 tcontext=u:r:kernel:s0 tclass=capability permissive=0
01-08 03:30:43.191 I/auditd ( 0): type=1400 audit(0.0:4551): avc: denied { kill } for comm="swapper/2" capability=5 scontext=u:r:kernel:s0 tcontext=u:r:kernel:s0 tclass=capability permissive=0
01-08 03:30:44.187 I/auditd ( 0): type=1400 audit(0.0:4552): avc: denied { kill } for comm="swapper/2" capability=5 scontext=u:r:kernel:s0 tcontext=u:r:kernel:s0 tclass=capability permissive=0
01-08 03:30:45.191 I/auditd ( 0): type=1400 audit(0.0:4553): avc: denied { kill } for comm="swapper/2" capability=5 scontext=u:r:kernel:s0 tcontext=u:r:kernel:s0 tclass=capability permissive=0
01-08 03:30:46.191 I/auditd ( 0): type=1400 audit(0.0:4554): avc: denied { kill } for comm="swapper/2" capability=5 scontext=u:r:kernel:s0 tcontext=u:r:kernel:s0 tclass=capability permissive=0
01-08 03:30:47.191 I/auditd ( 0): type=1400 audit(0.0:4555): avc: denied { kill } for comm="swapper/2" capability=5 scontext=u:r:kernel:s0 tcontext=u:r:kernel:s0 tclass=capability permissive=0
01-08 03:30:48.187 I/auditd ( 0): type=1400 audit(0.0:4556): avc: denied { kill } for comm="swapper/2" capability=5 scontext=u:r:kernel:s0 tcontext=u:r:kernel:s0 tclass=capability permissive=0
01-08 03:30:49.191 I/auditd ( 0): type=1400 audit(0.0:4557): avc: denied { kill } for comm="swapper/2" capability=5 scontext=u:r:kernel:s0 tcontext=u:r:kernel:s0 tclass=capability permissive=0
01-08 03:30:50.191 I/auditd ( 0): type=1400 audit(0.0:4558): avc: denied { kill } for comm="swapper/2" capability=5 scontext=u:r:kernel:s0 tcontext=u:r:kernel:s0 tclass=capability permissive=0
01-08 03:30:51.191 I/auditd ( 0): type=1400 audit(0.0:4559): avc: denied { kill } for comm="swapper/2" capability=5 scontext=u:r:kernel:s0 tcontext=u:r:kernel:s0 tclass=capability permissive=0
01-08 03:30:52.191 I/auditd ( 0): type=1400 audit(0.0:4560): avc: denied { kill } for comm="swapper/2" capability=5 scontext=u:r:kernel:s0 tcontext=u:r:kernel:s0 tclass=capability permissive=0
01-08 03:30:53.191 I/auditd ( 0): type=1400 audit(0.0:4561): avc: denied { kill } for comm="swapper/2" capability=5 scontext=u:r:kernel:s0 tcontext=u:r:kernel:s0 tclass=capability permissive=0
01-08 03:30:54.191 I/auditd ( 0): type=1400 audit(0.0:4562): avc: denied { kill } for comm="swapper/2" capability=5 scontext=u:r:kernel:s0 tcontext=u:r:kernel:s0 tclass=capability permissive=0
01-08 03:30:55.191 I/auditd ( 0): type=1400 audit(0.0:4563): avc: denied { kill } for comm="swapper/2" capability=5 scontext=u:r:kernel:s0 tcontext=u:r:kernel:s0 tclass=capability permissive=0
01-08 03:30:56.191 I/auditd ( 0): type=1400 audit(0.0:4564): avc: denied { kill } for comm="swapper/2" capability=5 scontext=u:r:kernel:s0 tcontext=u:r:kernel:s0 tclass=capability permissive=0
01-08 03:30:57.187 I/auditd ( 0): type=1400 audit(0.0:4565): avc: denied { kill } for comm="swapper/2" capability=5 scontext=u:r:kernel:s0 tcontext=u:r:kernel:s0 tclass=capability permissive=0
01-08 03:30:58.191 I/auditd ( 0): type=1400 audit(0.0:4566): avc: denied { kill } for comm="swapper/2" capability=5 scontext=u:r:kernel:s0 tcontext=u:r:kernel:s0 tclass=capability permissive=0
01-08 03:30:59.102 I/service_manager_stats( 1519): [100,47,626039]
01-08 03:30:59.099 I/auditd ( 563): type=1400 audit(0.0:4567): avc: denied { read } for comm="Binder:563_2" name="wakeup58" dev="sysfs" ino=71686 scontext=u:r:system_suspend:s0 tcontext=u:object_r:sysfs:s0 tclass=dir permissive=0
01-08 03:30:59.099 I/auditd ( 563): type=1400 audit(0.0:4568): avc: denied { read } for comm="Binder:563_2" name="wakeup48" dev="sysfs" ino=67399 scontext=u:r:system_suspend:s0 tcontext=u:object_r:sysfs:s0 tclass=dir permissive=0
01-08 03:30:59.099 I/auditd ( 563): type=1400 audit(0.0:4569): avc: denied { read } for comm="Binder:563_2" name="wakeup4" dev="sysfs" ino=47049 scontext=u:r:system_suspend:s0 tcontext=u:object_r:sysfs:s0 tclass=dir permissive=0
01-08 03:30:59.099 I/auditd ( 563): type=1400 audit(0.0:4570): avc: denied { read } for comm="Binder:563_2" name="wakeup76" dev="sysfs" ino=76730 scontext=u:r:system_suspend:s0 tcontext=u:object_r:sysfs:s0 tclass=dir permissive=0
01-08 03:30:59.132 I/commit_sys_config_file( 1519): [batterystats,6]
01-08 03:30:59.134 I/commit_sys_config_file( 1519): [batterystats,2]
01-08 03:31:00.191 I/auditd ( 0): type=1400 audit(0.0:4618): avc: denied { kill } for comm="swapper/2" capability=5 scontext=u:r:kernel:s0 tcontext=u:r:kernel:s0 tclass=capability permissive=0
01-08 03:31:01.191 I/auditd ( 0): type=1400 audit(0.0:4619): avc: denied { kill } for comm="swapper/2" capability=5 scontext=u:r:kernel:s0 tcontext=u:r:kernel:s0 tclass=capability permissive=0
01-08 03:31:02.191 I/auditd ( 0): type=1400 audit(0.0:4620): avc: denied { kill } for comm="swapper/2" capability=5 scontext=u:r:kernel:s0 tcontext=u:r:kernel:s0 tclass=capability permissive=0
01-08 03:31:03.191 I/auditd ( 0): type=1400 audit(0.0:4621): avc: denied { kill } for comm="swapper/2" capability=5 scontext=u:r:kernel:s0 tcontext=u:r:kernel:s0 tclass=capability permissive=0
01-08 03:31:04.163 I/am_uid_idle( 1519): 10096
01-08 03:31:04.163 I/am_stop_idle_service( 1519): [10096,com.tencent.tmgp.sgame/com.tencent.tpns.mqttchannel.services.MqttService]
01-08 03:31:04.187 I/auditd ( 0): type=1400 audit(0.0:4622): avc: denied { kill } for comm="swapper/2" capability=5 scontext=u:r:kernel:s0 tcontext=u:r:kernel:s0 tclass=capability permissive=0
01-08 03:31:05.191 I/auditd ( 0): type=1400 audit(0.0:4623): avc: denied { kill } for comm="swapper/2" capability=5 scontext=u:r:kernel:s0 tcontext=u:r:kernel:s0 tclass=capability permissive=0
01-08 03:31:06.191 I/auditd ( 0): type=1400 audit(0.0:4624): avc: denied { kill } for comm="swapper/2" capability=5 scontext=u:r:kernel:s0 tcontext=u:r:kernel:s0 tclass=capability permissive=0
01-08 03:31:06.954 I/netstats_mobile_sample( 1519): [0,0,0,0,0,0,0,0,0,0,0,0,1673119866954]
01-08 03:31:06.954 I/netstats_wifi_sample( 1519): [8192626299,6019611,98552372,1274124,8192626299,6019611,98552372,1274124,8194833339,6041970,81025048,1234793,1673119866954]
01-08 03:31:07.191 I/auditd ( 0): type=1400 audit(0.0:4625): avc: denied { kill } for comm="swapper/2" capability=5 scontext=u:r:kernel:s0 tcontext=u:r:kernel:s0 tclass=capability permissive=0
01-08 03:31:08.187 I/auditd ( 0): type=1400 audit(0.0:4626): avc: denied { kill } for comm="swapper/2" capability=5 scontext=u:r:kernel:s0 tcontext=u:r:kernel:s0 tclass=capability permissive=0
01-08 03:31:09.187 I/auditd ( 0): type=1400 audit(0.0:4627): avc: denied { kill } for comm="swapper/2" capability=5 scontext=u:r:kernel:s0 tcontext=u:r:kernel:s0 tclass=capability permissive=0
01-08 03:31:10.187 I/auditd ( 0): type=1400 audit(0.0:4628): avc: denied { kill } for comm="swapper/2" capability=5 scontext=u:r:kernel:s0 tcontext=u:r:kernel:s0 tclass=capability permissive=0
01-08 03:31:11.191 I/auditd ( 0): type=1400 audit(0.0:4629): avc: denied { kill } for comm="swapper/2" capability=5 scontext=u:r:kernel:s0 tcontext=u:r:kernel:s0 tclass=capability permissive=0
01-08 03:31:12.187 I/auditd ( 0): type=1400 audit(0.0:4630): avc: denied { kill } for comm="swapper/2" capability=5 scontext=u:r:kernel:s0 tcontext=u:r:kernel:s0 tclass=capability permissive=0
01-08 03:31:13.191 I/auditd ( 0): type=1400 audit(0.0:4631): avc: denied { kill } for comm="swapper/2" capability=5 scontext=u:r:kernel:s0 tcontext=u:r:kernel:s0 tclass=capability permissive=0
01-08 03:31:14.191 I/auditd ( 0): type=1400 audit(0.0:4632): avc: denied { kill } for comm="swapper/2" capability=5 scontext=u:r:kernel:s0 tcontext=u:r:kernel:s0 tclass=capability permissive=0
01-08 03:31:15.191 I/auditd ( 0): type=1400 audit(0.0:4633): avc: denied { kill } for comm="swapper/2" capability=5 scontext=u:r:kernel:s0 tcontext=u:r:kernel:s0 tclass=capability permissive=0
01-08 03:31:16.191 I/auditd ( 0): type=1400 audit(0.0:4634): avc: denied { kill } for comm="swapper/2" capability=5 scontext=u:r:kernel:s0 tcontext=u:r:kernel:s0 tclass=capability permissive=0
01-08 03:31:17.191 I/auditd ( 0): type=1400 audit(0.0:4635): avc: denied { kill } for comm="swapper/2" capability=5 scontext=u:r:kernel:s0 tcontext=u:r:kernel:s0 tclass=capability permissive=0
01-08 03:31:18.187 I/auditd ( 0): type=1400 audit(0.0:4636): avc: denied { kill } for comm="swapper/2" capability=5 scontext=u:r:kernel:s0 tcontext=u:r:kernel:s0 tclass=capability permissive=0
01-08 03:31:19.191 I/auditd ( 0): type=1400 audit(0.0:4637): avc: denied { kill } for comm="swapper/2" capability=5 scontext=u:r:kernel:s0 tcontext=u:r:kernel:s0 tclass=capability permissive=0
01-08 03:31:19.742 I/am_uid_active( 1519): 10096
01-08 03:31:20.191 I/auditd ( 0): type=1400 audit(0.0:4638): avc: denied { kill } for comm="swapper/2" capability=5 scontext=u:r:kernel:s0 tcontext=u:r:kernel:s0 tclass=capability permissive=0
01-08 03:31:21.191 I/auditd ( 0): type=1400 audit(0.0:4639): avc: denied { kill } for comm="swapper/2" capability=5 scontext=u:r:kernel:s0 tcontext=u:r:kernel:s0 tclass=capability permissive=0
01-08 03:31:22.187 I/auditd ( 0): type=1400 audit(0.0:4640): avc: denied { kill } for comm="swapper/2" capability=5 scontext=u:r:kernel:s0 tcontext=u:r:kernel:s0 tclass=capability permissive=0
01-08 03:31:23.191 I/auditd ( 0): type=1400 audit(0.0:4641): avc: denied { kill } for comm="swapper/2" capability=5 scontext=u:r:kernel:s0 tcontext=u:r:kernel:s0 tclass=capability permissive=0
01-08 03:31:23.839 I/netstats_mobile_sample( 1519): [0,0,0,0,0,0,0,0,0,0,0,0,1673119883839]
01-08 03:31:23.840 I/netstats_wifi_sample( 1519): [8192723225,6019843,98744622,1274568,8192723225,6019843,98744622,1274568,8194949941,6042326,81121592,1235023,1673119883839]
01-08 03:31:24.191 I/auditd ( 0): type=1400 audit(0.0:4642): avc: denied { kill } for comm="swapper/2" capability=5 scontext=u:r:kernel:s0 tcontext=u:r:kernel:s0 tclass=capability permissive=0
01-08 03:31:25.191 I/auditd ( 0): type=1400 audit(0.0:4643): avc: denied { kill } for comm="swapper/2" capability=5 scontext=u:r:kernel:s0 tcontext=u:r:kernel:s0 tclass=capability permissive=0
01-08 03:31:26.191 I/auditd ( 0): type=1400 audit(0.0:4644): avc: denied { kill } for comm="swapper/2" capability=5 scontext=u:r:kernel:s0 tcontext=u:r:kernel:s0 tclass=capability permissive=0
01-08 03:31:27.191 I/auditd ( 0): type=1400 audit(0.0:4645): avc: denied { kill } for comm="swapper/2" capability=5 scontext=u:r:kernel:s0 tcontext=u:r:kernel:s0 tclass=capability permissive=0
01-08 03:31:28.191 I/auditd ( 0): type=1400 audit(0.0:4646): avc: denied { kill } for comm="swapper/2" capability=5 scontext=u:r:kernel:s0 tcontext=u:r:kernel:s0 tclass=capability permissive=0
01-08 03:31:29.187 I/auditd ( 0): type=1400 audit(0.0:4647): avc: denied { kill } for comm="swapper/2" capability=5 scontext=u:r:kernel:s0 tcontext=u:r:kernel:s0 tclass=capability permissive=0
01-08 03:31:29.551 I/sysui_multi_action( 1519): [757,1696,758,6,759,2]
01-08 03:31:29.561 I/am_wtf ( 1519): [0,1519,system_server,-1,DisplayDeviceConfig,requesting nits when no mapping exists.]
01-08 03:31:29.564 I/am_wtf ( 1519): [0,1519,system_server,-1,DisplayDeviceConfig,requesting nits when no mapping exists.]
01-08 03:31:29.576 I/am_wtf ( 1519): [0,1519,system_server,-1,DisplayDeviceConfig,requesting nits when no mapping exists.]
01-08 03:31:29.578 I/am_wtf ( 1519): [0,1519,system_server,-1,DisplayDeviceConfig,requesting nits when no mapping exists.]
01-08 03:31:29.593 I/am_wtf ( 1519): [0,1519,system_server,-1,DisplayDeviceConfig,requesting nits when no mapping exists.]
01-08 03:31:29.594 I/am_wtf ( 1519): [0,1519,system_server,-1,DisplayDeviceConfig,requesting nits when no mapping exists.]
01-08 03:31:29.599 I/am_wtf ( 1519): [0,1519,system_server,-1,DisplayDeviceConfig,requesting nits when no mapping exists.]
01-08 03:31:29.600 I/am_wtf ( 1519): [0,1519,system_server,-1,DisplayDeviceConfig,requesting nits when no mapping exists.]
01-08 03:31:29.616 I/am_wtf ( 1519): [0,1519,system_server,-1,DisplayDeviceConfig,requesting nits when no mapping exists.]
01-08 03:31:29.617 I/am_wtf ( 1519): [0,1519,system_server,-1,DisplayDeviceConfig,requesting nits when no mapping exists.]
01-08 03:31:29.632 I/am_wtf ( 1519): [0,1519,system_server,-1,DisplayDeviceConfig,requesting nits when no mapping exists.]
01-08 03:31:29.633 I/am_wtf ( 1519): [0,1519,system_server,-1,DisplayDeviceConfig,requesting nits when no mapping exists.]
01-08 03:31:29.649 I/am_wtf ( 1519): [0,1519,system_server,-1,DisplayDeviceConfig,requesting nits when no mapping exists.]
01-08 03:31:29.650 I/am_wtf ( 1519): [0,1519,system_server,-1,DisplayDeviceConfig,requesting nits when no mapping exists.]
01-08 03:31:29.666 I/am_wtf ( 1519): [0,1519,system_server,-1,DisplayDeviceConfig,requesting nits when no mapping exists.]
01-08 03:31:29.667 I/am_wtf ( 1519): [0,1519,system_server,-1,DisplayDeviceConfig,requesting nits when no mapping exists.]
01-08 03:31:29.683 I/am_wtf ( 1519): [0,1519,system_server,-1,DisplayDeviceConfig,requesting nits when no mapping exists.]
01-08 03:31:29.684 I/am_wtf ( 1519): [0,1519,system_server,-1,DisplayDeviceConfig,requesting nits when no mapping exists.]
01-08 03:31:29.700 I/am_wtf ( 1519): [0,1519,system_server,-1,DisplayDeviceConfig,requesting nits when no mapping exists.]
01-08 03:31:29.701 I/am_wtf ( 1519): [0,1519,system_server,-1,DisplayDeviceConfig,requesting nits when no mapping exists.]
01-08 03:31:29.716 I/am_wtf ( 1519): [0,1519,system_server,-1,DisplayDeviceConfig,requesting nits when no mapping exists.]
01-08 03:31:29.717 I/am_wtf ( 1519): [0,1519,system_server,-1,DisplayDeviceConfig,requesting nits when no mapping exists.]
01-08 03:31:29.733 I/am_wtf ( 1519): [0,1519,system_server,-1,DisplayDeviceConfig,requesting nits when no mapping exists.]
01-08 03:31:29.734 I/am_wtf ( 1519): [0,1519,system_server,-1,DisplayDeviceConfig,requesting nits when no mapping exists.]
01-08 03:31:29.750 I/am_wtf ( 1519): [0,1519,system_server,-1,DisplayDeviceConfig,requesting nits when no mapping exists.]
01-08 03:31:29.751 I/am_wtf ( 1519): [0,1519,system_server,-1,DisplayDeviceConfig,requesting nits when no mapping exists.]
01-08 03:31:29.766 I/am_wtf ( 1519): [0,1519,system_server,-1,DisplayDeviceConfig,requesting nits when no mapping exists.]
01-08 03:31:29.768 I/am_wtf ( 1519): [0,1519,system_server,-1,DisplayDeviceConfig,requesting nits when no mapping exists.]
01-08 03:31:29.783 I/am_wtf ( 1519): [0,1519,system_server,-1,DisplayDeviceConfig,requesting nits when no mapping exists.]
01-08 03:31:29.784 I/am_wtf ( 1519): [0,1519,system_server,-1,DisplayDeviceConfig,requesting nits when no mapping exists.]
01-08 03:31:29.800 I/am_wtf ( 1519): [0,1519,system_server,-1,DisplayDeviceConfig,requesting nits when no mapping exists.]
01-08 03:31:29.800 I/am_wtf ( 1519): [0,1519,system_server,-1,DisplayDeviceConfig,requesting nits when no mapping exists.]
01-08 03:31:29.816 I/am_wtf ( 1519): [0,1519,system_server,-1,DisplayDeviceConfig,requesting nits when no mapping exists.]
01-08 03:31:29.817 I/am_wtf ( 1519): [0,1519,system_server,-1,DisplayDeviceConfig,requesting nits when no mapping exists.]
01-08 03:31:29.832 I/am_wtf ( 1519): [0,1519,system_server,-1,DisplayDeviceConfig,requesting nits when no mapping exists.]
01-08 03:31:29.833 I/am_wtf ( 1519): [0,1519,system_server,-1,DisplayDeviceConfig,requesting nits when no mapping exists.]
01-08 03:31:29.850 I/am_wtf ( 1519): [0,1519,system_server,-1,DisplayDeviceConfig,requesting nits when no mapping exists.]
01-08 03:31:29.851 I/am_wtf ( 1519): [0,1519,system_server,-1,DisplayDeviceConfig,requesting nits when no mapping exists.]
01-08 03:31:29.867 I/am_wtf ( 1519): [0,1519,system_server,-1,DisplayDeviceConfig,requesting nits when no mapping exists.]
01-08 03:31:29.868 I/am_wtf ( 1519): [0,1519,system_server,-1,DisplayDeviceConfig,requesting nits when no mapping exists.]
01-08 03:31:29.875 I/am_uid_idle( 1519): 10052
01-08 03:31:29.883 I/am_wtf ( 1519): [0,1519,system_server,-1,DisplayDeviceConfig,requesting nits when no mapping exists.]
01-08 03:31:29.884 I/am_wtf ( 1519): [0,1519,system_server,-1,DisplayDeviceConfig,requesting nits when no mapping exists.]
01-08 03:31:29.900 I/am_wtf ( 1519): [0,1519,system_server,-1,DisplayDeviceConfig,requesting nits when no mapping exists.]
01-08 03:31:29.901 I/am_wtf ( 1519): [0,1519,system_server,-1,DisplayDeviceConfig,requesting nits when no mapping exists.]
01-08 03:31:29.917 I/am_wtf ( 1519): [0,1519,system_server,-1,DisplayDeviceConfig,requesting nits when no mapping exists.]
01-08 03:31:29.917 I/am_wtf ( 1519): [0,1519,system_server,-1,DisplayDeviceConfig,requesting nits when no mapping exists.]
01-08 03:31:29.933 I/am_wtf ( 1519): [0,1519,system_server,-1,DisplayDeviceConfig,requesting nits when no mapping exists.]
01-08 03:31:29.934 I/am_wtf ( 1519): [0,1519,system_server,-1,DisplayDeviceConfig,requesting nits when no mapping exists.]
01-08 03:31:29.950 I/am_wtf ( 1519): [0,1519,system_server,-1,DisplayDeviceConfig,requesting nits when no mapping exists.]
01-08 03:31:29.951 I/am_wtf ( 1519): [0,1519,system_server,-1,DisplayDeviceConfig,requesting nits when no mapping exists.]
01-08 03:31:29.967 I/am_wtf ( 1519): [0,1519,system_server,-1,DisplayDeviceConfig,requesting nits when no mapping exists.]
01-08 03:31:29.968 I/am_wtf ( 1519): [0,1519,system_server,-1,DisplayDeviceConfig,requesting nits when no mapping exists.]
01-08 03:31:29.984 I/am_wtf ( 1519): [0,1519,system_server,-1,DisplayDeviceConfig,requesting nits when no mapping exists.]
01-08 03:31:29.985 I/am_wtf ( 1519): [0,1519,system_server,-1,DisplayDeviceConfig,requesting nits when no mapping exists.]
01-08 03:31:30.004 I/am_wtf ( 1519): [0,1519,system_server,-1,DisplayDeviceConfig,requesting nits when no mapping exists.]
01-08 03:31:30.005 I/am_wtf ( 1519): [0,1519,system_server,-1,DisplayDeviceConfig,requesting nits when no mapping exists.]
01-08 03:31:30.017 I/am_wtf ( 1519): [0,1519,system_server,-1,DisplayDeviceConfig,requesting nits when no mapping exists.]
01-08 03:31:30.018 I/am_wtf ( 1519): [0,1519,system_server,-1,DisplayDeviceConfig,requesting nits when no mapping exists.]
01-08 03:31:30.033 I/am_wtf ( 1519): [0,1519,system_server,-1,DisplayDeviceConfig,requesting nits when no mapping exists.]
01-08 03:31:30.034 I/am_wtf ( 1519): [0,1519,system_server,-1,DisplayDeviceConfig,requesting nits when no mapping exists.]
01-08 03:31:30.050 I/am_wtf ( 1519): [0,1519,system_server,-1,DisplayDeviceConfig,requesting nits when no mapping exists.]
01-08 03:31:30.051 I/am_wtf ( 1519): [0,1519,system_server,-1,DisplayDeviceConfig,requesting nits when no mapping exists.]
01-08 03:31:30.067 I/am_wtf ( 1519): [0,1519,system_server,-1,DisplayDeviceConfig,requesting nits when no mapping exists.]
01-08 03:31:30.068 I/am_wtf ( 1519): [0,1519,system_server,-1,DisplayDeviceConfig,requesting nits when no mapping exists.]
01-08 03:31:30.084 I/am_wtf ( 1519): [0,1519,system_server,-1,DisplayDeviceConfig,requesting nits when no mapping exists.]
01-08 03:31:30.085 I/am_wtf ( 1519): [0,1519,system_server,-1,DisplayDeviceConfig,requesting nits when no mapping exists.]
01-08 03:31:30.100 I/am_wtf ( 1519): [0,1519,system_server,-1,DisplayDeviceConfig,requesting nits when no mapping exists.]
01-08 03:31:30.101 I/am_wtf ( 1519): [0,1519,system_server,-1,DisplayDeviceConfig,requesting nits when no mapping exists.]
01-08 03:31:30.117 I/am_wtf ( 1519): [0,1519,system_server,-1,DisplayDeviceConfig,requesting nits when no mapping exists.]
01-08 03:31:30.118 I/am_wtf ( 1519): [0,1519,system_server,-1,DisplayDeviceConfig,requesting nits when no mapping exists.]
01-08 03:31:30.134 I/am_wtf ( 1519): [0,1519,system_server,-1,DisplayDeviceConfig,requesting nits when no mapping exists.]
01-08 03:31:30.134 I/am_wtf ( 1519): [0,1519,system_server,-1,DisplayDeviceConfig,requesting nits when no mapping exists.]
