01-08 03:15:57.031 I/wm_on_stop_called(13673): [31973988,com.tencent.tmgp.sgame.SGameActivity,STOP_ACTIVITY_ITEM]
01-08 03:15:57.300 I/input_interaction( 1519): Interaction with: 4e2f174 com.android.launcher3/com.android.launcher3.uioverrides.QuickstepLauncher (server), c8b2b8c com.android.systemui.ImageWallpaper (server), edge-swipe (server), swipe-up (server), PointerEventDispatcher0 (server),
01-08 03:15:57.440 I/wm_task_moved( 1519): [1,1,7]
01-08 03:15:57.441 I/wm_set_resumed_activity( 1519): [0,com.android.launcher3/.uioverrides.QuickstepLauncher,positionChildAt]
01-08 03:15:57.442 I/wm_task_moved( 1519): [36,1,7]
01-08 03:15:57.442 I/wm_focused_root_task( 1519): [0,0,36,1,moveTaskToFront findTaskToMoveToFront]
01-08 03:15:57.443 I/wm_set_resumed_activity( 1519): [0,com.tencent.tmgp.sgame/.SGameActivity,moveTaskToFront findTaskToMoveToFront]
01-08 03:15:57.445 I/wm_pause_activity( 1519): [0,110752405,com.android.launcher3/.uioverrides.QuickstepLauncher,userLeaving=true,pauseBackTasks]
01-08 03:15:57.452 I/wm_on_top_resumed_lost_called( 2855): [110752405,com.android.launcher3.uioverrides.QuickstepLauncher,topStateChangedWhenResumed]
01-08 03:15:57.454 I/wm_on_paused_called( 2855): [110752405,com.android.launcher3.uioverrides.QuickstepLauncher,performPause]
01-08 03:15:57.462 I/wm_set_resumed_activity( 1519): [0,com.tencent.tmgp.sgame/.SGameActivity,resumeTopActivityInnerLocked]
01-08 03:15:57.463 I/wm_add_to_stopping( 1519): [0,110752405,com.android.launcher3/.uioverrides.QuickstepLauncher,makeInvisible]
01-08 03:15:57.464 I/wm_resume_activity( 1519): [0,31973988,36,com.tencent.tmgp.sgame/.SGameActivity]
01-08 03:15:57.472 I/sysui_multi_action( 1519): [757,803,799,window_time_0,802,1]
01-08 03:15:57.486 I/wm_on_restart_called(13673): [31973988,com.tencent.tmgp.sgame.SGameActivity,performRestartActivity]
01-08 03:15:57.486 I/wm_on_start_called(13673): [31973988,com.tencent.tmgp.sgame.SGameActivity,handleStartActivity]
01-08 03:15:57.489 I/wm_on_resume_called(13673): [31973988,com.tencent.tmgp.sgame.SGameActivity,RESUME_ACTIVITY]
01-08 03:15:57.489 I/wm_on_top_resumed_gained_called(13673): [31973988,com.tencent.tmgp.sgame.SGameActivity,topWhenResuming]
01-08 03:15:57.492 I/input_focus( 1519): [Focus leaving 4e2f174 com.android.launcher3/com.android.launcher3.uioverrides.QuickstepLauncher (server),reason=NO_WINDOW]
01-08 03:15:57.503 I/input_focus( 1519): [Focus request 6a4af1c com.tencent.tmgp.sgame/com.tencent.tmgp.sgame.SGameActivity,reason=UpdateInputWindows]
01-08 03:15:57.513 I/sysui_multi_action( 1519): [319,38,321,33,322,66,325,6298,757,761,758,9,759,4,806,com.tencent.tmgp.sgame,871,com.tencent.tmgp.sgame.SGameActivity,904,com.android.launcher3,905,0,1320,4,1321,4]
01-08 03:15:57.525 I/input_focus( 1519): [Focus entering 6a4af1c com.tencent.tmgp.sgame/com.tencent.tmgp.sgame.SGameActivity (server),reason=Window became focusable. Previous reason: NOT_VISIBLE]
01-08 03:15:57.701 I/commit_sys_config_file( 1519): [settings-1-0,10]
01-08 03:15:57.827 I/wm_stop_activity( 1519): [0,110752405,com.android.launcher3/.uioverrides.QuickstepLauncher]
01-08 03:15:57.882 I/wm_on_stop_called( 2855): [110752405,com.android.launcher3.uioverrides.QuickstepLauncher,STOP_ACTIVITY_ITEM]
01-08 03:15:58.187 I/auditd ( 0): type=1400 audit(0.0:3520): avc: denied { kill } for comm="swapper/3" capability=5 scontext=u:r:kernel:s0 tcontext=u:r:kernel:s0 tclass=capability permissive=0
01-08 03:15:59.187 I/auditd ( 0): type=1400 audit(0.0:3521): avc: denied { kill } for comm="swapper/3" capability=5 scontext=u:r:kernel:s0 tcontext=u:r:kernel:s0 tclass=capability permissive=0
01-08 03:16:00.187 I/auditd ( 9788): type=1400 audit(0.0:3522): avc: denied { kill } for comm="kworker/u16:9" capability=5 scontext=u:r:kernel:s0 tcontext=u:r:kernel:s0 tclass=capability permissive=0
01-08 03:16:01.187 I/auditd ( 0): type=1400 audit(0.0:3523): avc: denied { kill } for comm="swapper/3" capability=5 scontext=u:r:kernel:s0 tcontext=u:r:kernel:s0 tclass=capability permissive=0
01-08 03:16:03.187 I/auditd ( 0): type=1400 audit(0.0:3524): avc: denied { kill } for comm="swapper/3" capability=5 scontext=u:r:kernel:s0 tcontext=u:r:kernel:s0 tclass=capability permissive=0
01-08 03:16:04.187 I/auditd ( 0): type=1400 audit(0.0:3525): avc: denied { kill } for comm="swapper/3" capability=5 scontext=u:r:kernel:s0 tcontext=u:r:kernel:s0 tclass=capability permissive=0
01-08 03:16:05.187 I/auditd ( 0): type=1400 audit(0.0:3526): avc: denied { kill } for comm="swapper/3" capability=5 scontext=u:r:kernel:s0 tcontext=u:r:kernel:s0 tclass=capability permissive=0
01-08 03:16:06.187 I/auditd ( 0): type=1400 audit(0.0:3527): avc: denied { kill } for comm="swapper/3" capability=5 scontext=u:r:kernel:s0 tcontext=u:r:kernel:s0 tclass=capability permissive=0
01-08 03:16:07.187 I/auditd ( 0): type=1400 audit(0.0:3528): avc: denied { kill } for comm="swapper/3" capability=5 scontext=u:r:kernel:s0 tcontext=u:r:kernel:s0 tclass=capability permissive=0
01-08 03:16:09.187 I/auditd ( 0): type=1400 audit(0.0:3529): avc: denied { kill } for comm="swapper/2" capability=5 scontext=u:r:kernel:s0 tcontext=u:r:kernel:s0 tclass=capability permissive=0
01-08 03:16:11.187 I/auditd ( 0): type=1400 audit(0.0:3530): avc: denied { kill } for comm="swapper/2" capability=5 scontext=u:r:kernel:s0 tcontext=u:r:kernel:s0 tclass=capability permissive=0
01-08 03:16:11.292 I/netstats_mobile_sample( 1519): [0,0,0,0,0,0,0,0,0,0,0,0,1673118971292]
01-08 03:16:11.292 I/netstats_wifi_sample( 1519): [8187530292,6008026,88464403,1251461,8187530292,6008026,88464403,1251461,8188869034,6024833,75963165,1223316,1673118971292]
01-08 03:16:12.187 I/auditd ( 0): type=1400 audit(0.0:3531): avc: denied { kill } for comm="swapper/2" capability=5 scontext=u:r:kernel:s0 tcontext=u:r:kernel:s0 tclass=capability permissive=0
01-08 03:16:14.187 I/auditd ( 0): type=1400 audit(0.0:3532): avc: denied { kill } for comm="swapper/2" capability=5 scontext=u:r:kernel:s0 tcontext=u:r:kernel:s0 tclass=capability permissive=0
01-08 03:16:15.187 I/auditd ( 0): type=1400 audit(0.0:3533): avc: denied { kill } for comm="swapper/2" capability=5 scontext=u:r:kernel:s0 tcontext=u:r:kernel:s0 tclass=capability permissive=0
01-08 03:16:16.187 I/auditd ( 0): type=1400 audit(0.0:3534): avc: denied { kill } for comm="swapper/2" capability=5 scontext=u:r:kernel:s0 tcontext=u:r:kernel:s0 tclass=capability permissive=0
01-08 03:16:18.187 I/auditd ( 0): type=1400 audit(0.0:3535): avc: denied { kill } for comm="swapper/2" capability=5 scontext=u:r:kernel:s0 tcontext=u:r:kernel:s0 tclass=capability permissive=0
01-08 03:16:20.187 I/auditd ( 0): type=1400 audit(0.0:3536): avc: denied { kill } for comm="swapper/3" capability=5 scontext=u:r:kernel:s0 tcontext=u:r:kernel:s0 tclass=capability permissive=0
01-08 03:16:23.187 I/auditd ( 0): type=1400 audit(0.0:3537): avc: denied { kill } for comm="swapper/3" capability=5 scontext=u:r:kernel:s0 tcontext=u:r:kernel:s0 tclass=capability permissive=0
01-08 03:16:24.187 I/auditd ( 0): type=1400 audit(0.0:3538): avc: denied { kill } for comm="swapper/3" capability=5 scontext=u:r:kernel:s0 tcontext=u:r:kernel:s0 tclass=capability permissive=0
01-08 03:16:28.187 I/auditd ( 0): type=1400 audit(0.0:3539): avc: denied { kill } for comm="swapper/3" capability=5 scontext=u:r:kernel:s0 tcontext=u:r:kernel:s0 tclass=capability permissive=0
01-08 03:16:29.187 I/auditd ( 0): type=1400 audit(0.0:3540): avc: denied { kill } for comm="swapper/3" capability=5 scontext=u:r:kernel:s0 tcontext=u:r:kernel:s0 tclass=capability permissive=0
01-08 03:16:30.187 I/auditd ( 0): type=1400 audit(0.0:3541): avc: denied { kill } for comm="swapper/3" capability=5 scontext=u:r:kernel:s0 tcontext=u:r:kernel:s0 tclass=capability permissive=0
01-08 03:16:32.187 I/auditd ( 0): type=1400 audit(0.0:3542): avc: denied { kill } for comm="swapper/3" capability=5 scontext=u:r:kernel:s0 tcontext=u:r:kernel:s0 tclass=capability permissive=0
01-08 03:16:33.187 I/auditd ( 0): type=1400 audit(0.0:3543): avc: denied { kill } for comm="swapper/3" capability=5 scontext=u:r:kernel:s0 tcontext=u:r:kernel:s0 tclass=capability permissive=0
01-08 03:16:34.187 I/auditd ( 0): type=1400 audit(0.0:3544): avc: denied { kill } for comm="swapper/3" capability=5 scontext=u:r:kernel:s0 tcontext=u:r:kernel:s0 tclass=capability permissive=0
01-08 03:16:35.187 I/auditd ( 0): type=1400 audit(0.0:3545): avc: denied { kill } for comm="swapper/3" capability=5 scontext=u:r:kernel:s0 tcontext=u:r:kernel:s0 tclass=capability permissive=0
01-08 03:16:36.187 I/auditd ( 0): type=1400 audit(0.0:3546): avc: denied { kill } for comm="swapper/3" capability=5 scontext=u:r:kernel:s0 tcontext=u:r:kernel:s0 tclass=capability permissive=0
01-08 03:16:38.187 I/auditd ( 0): type=1400 audit(0.0:3547): avc: denied { kill } for comm="swapper/0" capability=5 scontext=u:r:kernel:s0 tcontext=u:r:kernel:s0 tclass=capability permissive=0
01-08 03:16:39.187 I/auditd ( 0): type=1400 audit(0.0:3548): avc: denied { kill } for comm="swapper/0" capability=5 scontext=u:r:kernel:s0 tcontext=u:r:kernel:s0 tclass=capability permissive=0
01-08 03:16:40.187 I/auditd ( 0): type=1400 audit(0.0:3549): avc: denied { kill } for comm="swapper/0" capability=5 scontext=u:r:kernel:s0 tcontext=u:r:kernel:s0 tclass=capability permissive=0
01-08 03:16:41.187 I/auditd ( 0): type=1400 audit(0.0:3550): avc: denied { kill } for comm="swapper/0" capability=5 scontext=u:r:kernel:s0 tcontext=u:r:kernel:s0 tclass=capability permissive=0
01-08 03:16:42.187 I/auditd ( 0): type=1400 audit(0.0:3551): avc: denied { kill } for comm="swapper/0" capability=5 scontext=u:r:kernel:s0 tcontext=u:r:kernel:s0 tclass=capability permissive=0
01-08 03:16:43.187 I/auditd ( 0): type=1400 audit(0.0:3552): avc: denied { kill } for comm="swapper/0" capability=5 scontext=u:r:kernel:s0 tcontext=u:r:kernel:s0 tclass=capability permissive=0
01-08 03:16:44.187 I/auditd ( 0): type=1400 audit(0.0:3553): avc: denied { kill } for comm="swapper/0" capability=5 scontext=u:r:kernel:s0 tcontext=u:r:kernel:s0 tclass=capability permissive=0
01-08 03:16:45.187 I/auditd ( 0): type=1400 audit(0.0:3554): avc: denied { kill } for comm="swapper/0" capability=5 scontext=u:r:kernel:s0 tcontext=u:r:kernel:s0 tclass=capability permissive=0
01-08 03:16:46.187 I/auditd ( 0): type=1400 audit(0.0:3555): avc: denied { kill } for comm="swapper/0" capability=5 scontext=u:r:kernel:s0 tcontext=u:r:kernel:s0 tclass=capability permissive=0
01-08 03:16:47.187 I/auditd ( 0): type=1400 audit(0.0:3556): avc: denied { kill } for comm="swapper/0" capability=5 scontext=u:r:kernel:s0 tcontext=u:r:kernel:s0 tclass=capability permissive=0
01-08 03:16:48.187 I/auditd ( 0): type=1400 audit(0.0:3557): avc: denied { kill } for comm="swapper/0" capability=5 scontext=u:r:kernel:s0 tcontext=u:r:kernel:s0 tclass=capability permissive=0
01-08 03:16:48.361 I/input_interaction( 1519): Interaction with: 6a4af1c com.tencent.tmgp.sgame/com.tencent.tmgp.sgame.SGameActivity (server), edge-swipe (server), swipe-up (server), PointerEventDispatcher0 (server),
01-08 03:16:48.781 I/service_manager_stats( 1519): [100,60,537461]
01-08 03:16:48.792 I/netstats_mobile_sample( 1519): [0,0,0,0,0,0,0,0,0,0,0,0,1673119008792]
01-08 03:16:48.792 I/netstats_wifi_sample( 1519): [8187754748,6008563,88891011,1252445,8187754748,6008563,88891011,1252445,8189128109,6025591,76182059,1223838,1673119008792]
01-08 03:16:49.103 I/input_interaction( 1519): Interaction with: 341370a StatusBar (server), edge-swipe (server), swipe-up (server), PointerEventDispatcher0 (server),
01-08 03:16:49.106 I/sysui_multi_action( 2378): [757,803,799,panel_open,802,1]
01-08 03:16:49.109 I/sysui_multi_action( 2378): [757,1328,758,4,1326,47,1327,1,1329,0]
01-08 03:16:49.157 I/sysui_multi_action( 1519): [757,127,758,1]
01-08 03:16:49.158 I/sysui_multi_action( 1519): [757,804,799,note_load,801,3,802,1]
01-08 03:16:49.158 I/notification_panel_revealed( 1519): 3
01-08 03:16:49.183 I/input_focus( 1519): [Focus request e19dcb9 NotificationShade,reason=UpdateInputWindows]
01-08 03:16:49.192 I/sysui_multi_action( 1519): [757,128,758,1,793,6270245,794,0,795,6270245,796,26,798,0,806,android,857,DEVELOPER_IMPORTANT,858,4,947,0,1395,3,1500,6270041,1688,1]
01-08 03:16:49.192 I/sysui_multi_action( 1519): [757,804,799,note_freshness,801,6270245,802,1]
01-08 03:16:49.192 I/notification_visibility( 1519): [-1|android|26|null|1000,1,6270245,6270245,0,0]
01-08 03:16:49.192 I/sysui_multi_action( 1519): [757,128,758,1,793,1800694,794,0,795,1800694,796,4273,798,1,806,com.android.systemui,857,screen_record,858,3,947,0,1395,3,1500,1800492,1688,1,1745,680407814]
01-08 03:16:49.192 I/sysui_multi_action( 1519): [757,804,799,note_freshness,801,1800694,802,1]
01-08 03:16:49.192 I/notification_visibility( 1519): [0|com.android.systemui|4273|null|10081,1,1800694,1800694,0,1]
01-08 03:16:49.192 I/sysui_multi_action( 1519): [757,128,758,1,793,6324103,794,0,795,6324103,796,32,798,2,806,android,857,USB,858,1,947,0,1395,3,1500,6323900,1688,1]
01-08 03:16:49.193 I/sysui_multi_action( 1519): [757,804,799,note_freshness,801,6324103,802,1]
01-08 03:16:49.193 I/notification_visibility( 1519): [-1|android|32|null|1000,1,6324103,6324103,0,2]
01-08 03:16:49.187 I/auditd ( 0): type=1400 audit(0.0:3558): avc: denied { kill } for comm="swapper/0" capability=5 scontext=u:r:kernel:s0 tcontext=u:r:kernel:s0 tclass=capability permissive=0
01-08 03:16:49.202 I/input_focus( 1519): [Focus leaving 6a4af1c com.tencent.tmgp.sgame/com.tencent.tmgp.sgame.SGameActivity (server),reason=setFocusedWindow]
01-08 03:16:49.203 I/input_focus( 1519): [Focus entering e19dcb9 NotificationShade (server),reason=setFocusedWindow]
01-08 03:16:49.216 I/sysui_multi_action( 2378): [757,111,758,1]
01-08 03:16:49.216 I/sysui_multi_action( 2378): [757,126,758,1,759,126,927,0,928,1,1593,0]
01-08 03:16:49.216 I/sysui_multi_action( 2378): [757,113,758,1,759,113,927,1,928,1,1593,0]
01-08 03:16:49.216 I/sysui_multi_action( 2378): [757,0,758,1,759,0,927,2,928,0,1593,0]
01-08 03:16:49.216 I/sysui_multi_action( 2378): [757,0,758,1,759,0,927,3,928,0,1593,0]
01-08 03:16:49.216 I/sysui_multi_action( 2378): [757,491,758,1,759,491,927,4,928,0,1311,-1,1593,0]
01-08 03:16:49.217 I/sysui_multi_action( 2378): [757,0,758,1,759,0,927,5,928,0,1593,0]
01-08 03:16:49.217 I/sysui_multi_action( 2378): [757,111,758,1]
01-08 03:16:49.217 I/sysui_multi_action( 2378): [757,126,758,1,759,126,927,0,928,1,1593,0]
01-08 03:16:49.217 I/sysui_multi_action( 2378): [757,113,758,1,759,113,927,1,928,1,1593,0]
01-08 03:16:49.217 I/sysui_multi_action( 2378): [757,0,758,1,759,0,927,2,928,0,1593,0]
01-08 03:16:49.217 I/sysui_multi_action( 2378): [757,0,758,1,759,0,927,3,928,0,1593,0]
01-08 03:16:50.064 I/input_interaction( 1519): Interaction with: e19dcb9 NotificationShade (server), edge-swipe (server), swipe-up (server), PointerEventDispatcher0 (server),
01-08 03:16:50.187 I/auditd ( 0): type=1400 audit(0.0:3559): avc: denied { kill } for comm="swapper/0" capability=5 scontext=u:r:kernel:s0 tcontext=u:r:kernel:s0 tclass=capability permissive=0
01-08 03:16:50.489 I/notification_enqueue( 1519): [10081,2378,com.android.systemui,2048,NULL,0,Notification(channel=updateNotification shortcut=null contentView=null vibrate=null sound=null defaults=0x0 flags=0x0 color=0x00000000 vis=PRIVATE),1]
01-08 03:16:50.490 I/sysui_multi_action( 2378): [757,111,758,2]
01-08 03:16:50.490 I/sysui_multi_action( 2378): [757,111,758,2]
01-08 03:16:50.702 I/input_focus( 1519): [Focus request 6a4af1c com.tencent.tmgp.sgame/com.tencent.tmgp.sgame.SGameActivity,reason=UpdateInputWindows]
01-08 03:16:50.707 I/sysui_multi_action( 1519): [757,128,758,2,793,6271759,794,1514,795,6271759,796,26,798,0,806,android,857,DEVELOPER_IMPORTANT,858,4,947,0,1395,3,1500,6271555,1688,1]
01-08 03:16:50.707 I/notification_visibility( 1519): [-1|android|26|null|1000,0,6271759,6271759,0,0]
01-08 03:16:50.707 I/sysui_multi_action( 1519): [757,128,758,2,793,1802209,794,1515,795,1802209,796,4273,798,1,806,com.android.systemui,857,screen_record,858,3,947,0,1395,3,1500,1802007,1688,1,1745,680407814]
01-08 03:16:50.707 I/notification_visibility( 1519): [0|com.android.systemui|4273|null|10081,0,1802209,1802209,0,1]
01-08 03:16:50.708 I/sysui_multi_action( 1519): [757,128,758,2,793,6325618,794,1515,795,6325618,796,32,798,2,806,android,857,USB,858,1,947,0,1395,3,1500,6325415,1688,1]
01-08 03:16:50.708 I/notification_visibility( 1519): [-1|android|32|null|1000,0,6325618,6325618,0,2]
01-08 03:16:50.708 I/sysui_multi_action( 1519): [757,127,758,2]
01-08 03:16:50.708 I/notification_panel_hidden( 1519):
01-08 03:16:50.739 I/input_focus( 1519): [Focus leaving e19dcb9 NotificationShade (server),reason=NO_WINDOW]
01-08 03:16:50.739 I/input_focus( 1519): [Focus entering 6a4af1c com.tencent.tmgp.sgame/com.tencent.tmgp.sgame.SGameActivity (server),reason=setFocusedWindow]
01-08 03:16:52.187 I/auditd ( 0): type=1400 audit(0.0:3560): avc: denied { kill } for comm="swapper/0" capability=5 scontext=u:r:kernel:s0 tcontext=u:r:kernel:s0 tclass=capability permissive=0
01-08 03:16:53.187 I/auditd ( 0): type=1400 audit(0.0:3561): avc: denied { kill } for comm="swapper/0" capability=5 scontext=u:r:kernel:s0 tcontext=u:r:kernel:s0 tclass=capability permissive=0
01-08 03:16:54.187 I/auditd ( 0): type=1400 audit(0.0:3562): avc: denied { kill } for comm="swapper/0" capability=5 scontext=u:r:kernel:s0 tcontext=u:r:kernel:s0 tclass=capability permissive=0
01-08 03:16:55.187 I/auditd ( 0): type=1400 audit(0.0:3563): avc: denied { kill } for comm="swapper/0" capability=5 scontext=u:r:kernel:s0 tcontext=u:r:kernel:s0 tclass=capability permissive=0
01-08 03:16:56.187 I/auditd ( 0): type=1400 audit(0.0:3564): avc: denied { kill } for comm="swapper/0" capability=5 scontext=u:r:kernel:s0 tcontext=u:r:kernel:s0 tclass=capability permissive=0
01-08 03:16:57.006 I/input_interaction( 1519): Interaction with: 6a4af1c com.tencent.tmgp.sgame/com.tencent.tmgp.sgame.SGameActivity (server), edge-swipe (server), swipe-up (server), PointerEventDispatcher0 (server),
01-08 03:16:57.855 I/wm_task_moved( 1519): [1,0,0]
01-08 03:16:57.855 I/wm_task_moved( 1519): [1,0,6]
01-08 03:16:57.870 I/wm_on_restart_called( 2855): [110752405,com.android.launcher3.uioverrides.QuickstepLauncher,performRestartActivity]
01-08 03:16:57.890 I/wm_on_start_called( 2855): [110752405,com.android.launcher3.uioverrides.QuickstepLauncher,handleStartActivity]
01-08 03:16:57.914 I/sysui_multi_action( 1519): [319,7,322,54,325,6358,757,761,758,9,759,5,806,com.android.launcher3,871,com.android.launcher3.uioverrides.QuickstepLauncher,905,0,1320,4,1321,1]
01-08 03:16:57.936 I/view_enqueue_input_event(13673): [Motion - Cancel,com.tencent.tmgp.sgame/com.tencent.tmgp.sgame.SGameActivity]
01-08 03:16:57.948 I/input_interaction( 1519): Interaction with: edge-swipe (server), swipe-up (server), PointerEventDispatcher0 (server),
01-08 03:16:57.954 I/sysui_latency( 2855): [1,59]
01-08 03:16:57.967 I/input_focus( 1519): [Focus request recents_animation_input_consumer,reason=UpdateInputWindows]
01-08 03:16:57.987 I/input_focus( 1519): [Focus leaving 6a4af1c com.tencent.tmgp.sgame/com.tencent.tmgp.sgame.SGameActivity (server),reason=NOT_FOCUSABLE]
01-08 03:16:57.988 I/input_focus( 1519): [Focus entering recents_animation_input_consumer (server),reason=setFocusedWindow]
01-08 03:16:58.092 I/commit_sys_config_file( 1519): [settings-1-0,6]
01-08 03:16:58.187 I/auditd ( 0): type=1400 audit(0.0:3565): avc: denied { kill } for comm="swapper/0" capability=5 scontext=u:r:kernel:s0 tcontext=u:r:kernel:s0 tclass=capability permissive=0
01-08 03:16:58.211 I/sysui_latency( 1519): [8,65]
01-08 03:16:58.726 I/wm_task_moved( 1519): [1,1,7]
01-08 03:16:58.729 I/wm_focused_root_task( 1519): [0,0,1,36,RecentsAnimation.onAnimationFinished()]
01-08 03:16:58.730 I/wm_on_top_resumed_lost_called(13673): [31973988,com.tencent.tmgp.sgame.SGameActivity,topStateChangedWhenResumed]
01-08 03:16:58.730 I/wm_pause_activity( 1519): [0,31973988,com.tencent.tmgp.sgame/.SGameActivity,userLeaving=false,pauseBackTasks]
01-08 03:16:58.732 I/wm_set_resumed_activity( 1519): [0,com.android.launcher3/.uioverrides.QuickstepLauncher,resumeTopActivityInnerLocked]
01-08 03:16:58.733 I/wm_resume_activity( 1519): [0,110752405,10,com.android.launcher3/.uioverrides.QuickstepLauncher]
01-08 03:16:58.733 I/wm_add_to_stopping( 1519): [0,31973988,com.tencent.tmgp.sgame/.SGameActivity,makeInvisible]
01-08 03:16:58.735 I/wm_on_resume_called( 2855): [110752405,com.android.launcher3.uioverrides.QuickstepLauncher,RESUME_ACTIVITY]
01-08 03:16:58.742 I/input_focus( 1519): [Focus request 4e2f174 com.android.launcher3/com.android.launcher3.uioverrides.QuickstepLauncher,reason=UpdateInputWindows]
01-08 03:16:58.743 I/sysui_multi_action( 1519): [757,803,799,window_time_0,802,61]
01-08 03:16:58.746 I/wm_stop_activity( 1519): [0,31973988,com.tencent.tmgp.sgame/.SGameActivity]
01-08 03:16:58.747 I/sysui_multi_action( 1519): [757,803,799,window_time_0,802,0]
01-08 03:16:58.759 I/input_focus( 1519): [Focus leaving recents_animation_input_consumer (server),reason=NOT_VISIBLE]
01-08 03:16:58.759 I/input_focus( 1519): [Focus entering 4e2f174 com.android.launcher3/com.android.launcher3.uioverrides.QuickstepLauncher (server),reason=setFocusedWindow]
01-08 03:16:58.763 I/am_pss ( 1519): [4194,10030,com.android.packageinstaller,25185280,4554752,16924672,80728064,0,19,5]
01-08 03:16:58.809 I/wm_on_top_resumed_gained_called( 2855): [110752405,com.android.launcher3.uioverrides.QuickstepLauncher,topStateChangedWhenResumed]
01-08 03:16:58.985 I/commit_sys_config_file( 1519): [settings-1-0,6]
01-08 03:16:59.137 I/wm_on_paused_called(13673): [31973988,com.tencent.tmgp.sgame.SGameActivity,performPause]
01-08 03:16:59.146 I/wm_on_stop_called(13673): [31973988,com.tencent.tmgp.sgame.SGameActivity,STOP_ACTIVITY_ITEM]
01-08 03:16:59.187 I/auditd ( 9788): type=1400 audit(0.0:3566): avc: denied { kill } for comm="kworker/u16:9" capability=5 scontext=u:r:kernel:s0 tcontext=u:r:kernel:s0 tclass=capability permissive=0
01-08 03:16:59.454 I/input_interaction( 1519): Interaction with: 4e2f174 com.android.launcher3/com.android.launcher3.uioverrides.QuickstepLauncher (server), c8b2b8c com.android.systemui.ImageWallpaper (server), edge-swipe (server), swipe-up (server), PointerEventDispatcher0 (server),
01-08 03:17:01.187 I/auditd ( 0): type=1400 audit(0.0:3567): avc: denied { kill } for comm="swapper/3" capability=5 scontext=u:r:kernel:s0 tcontext=u:r:kernel:s0 tclass=capability permissive=0
01-08 03:17:02.187 I/auditd ( 0): type=1400 audit(0.0:3568): avc: denied { kill } for comm="swapper/3" capability=5 scontext=u:r:kernel:s0 tcontext=u:r:kernel:s0 tclass=capability permissive=0
01-08 03:17:03.191 I/auditd ( 0): type=1400 audit(0.0:3569): avc: denied { kill } for comm="swapper/3" capability=5 scontext=u:r:kernel:s0 tcontext=u:r:kernel:s0 tclass=capability permissive=0
01-08 03:17:04.191 I/auditd ( 0): type=1400 audit(0.0:3570): avc: denied { kill } for comm="swapper/3" capability=5 scontext=u:r:kernel:s0 tcontext=u:r:kernel:s0 tclass=capability permissive=0
01-08 03:17:06.187 I/auditd ( 0): type=1400 audit(0.0:3571): avc: denied { kill } for comm="swapper/3" capability=5 scontext=u:r:kernel:s0 tcontext=u:r:kernel:s0 tclass=capability permissive=0
01-08 03:17:06.798 I/netstats_mobile_sample( 1519): [0,0,0,0,0,0,0,0,0,0,0,0,1673119026798]
01-08 03:17:06.798 I/netstats_wifi_sample( 1519): [8187856841,6008797,89094002,1252900,8187856841,6008797,89094002,1252900,8189245802,6025925,76284118,1224069,1673119026798]
01-08 03:17:07.191 I/auditd ( 0): type=1400 audit(0.0:3572): avc: denied { kill } for comm="swapper/3" capability=5 scontext=u:r:kernel:s0 tcontext=u:r:kernel:s0 tclass=capability permissive=0
01-08 03:17:08.191 I/auditd ( 0): type=1400 audit(0.0:3573): avc: denied { kill } for comm="swapper/3" capability=5 scontext=u:r:kernel:s0 tcontext=u:r:kernel:s0 tclass=capability permissive=0
01-08 03:17:09.187 I/auditd ( 0): type=1400 audit(0.0:3574): avc: denied { kill } for comm="swapper/3" capability=5 scontext=u:r:kernel:s0 tcontext=u:r:kernel:s0 tclass=capability permissive=0
01-08 03:17:10.187 I/auditd ( 0): type=1400 audit(0.0:3575): avc: denied { kill } for comm="swapper/3" capability=5 scontext=u:r:kernel:s0 tcontext=u:r:kernel:s0 tclass=capability permissive=0
01-08 03:17:11.191 I/auditd ( 0): type=1400 audit(0.0:3576): avc: denied { kill } for comm="swapper/3" capability=5 scontext=u:r:kernel:s0 tcontext=u:r:kernel:s0 tclass=capability permissive=0
01-08 03:17:12.191 I/auditd ( 0): type=1400 audit(0.0:3577): avc: denied { kill } for comm="swapper/3" capability=5 scontext=u:r:kernel:s0 tcontext=u:r:kernel:s0 tclass=capability permissive=0
01-08 03:17:13.187 I/auditd ( 0): type=1400 audit(0.0:3578): avc: denied { kill } for comm="swapper/3" capability=5 scontext=u:r:kernel:s0 tcontext=u:r:kernel:s0 tclass=capability permissive=0
01-08 03:17:14.191 I/auditd ( 0): type=1400 audit(0.0:3579): avc: denied { kill } for comm="swapper/3" capability=5 scontext=u:r:kernel:s0 tcontext=u:r:kernel:s0 tclass=capability permissive=0
01-08 03:17:14.740 I/input_interaction( 1519): Interaction with: 341370a StatusBar (server), edge-swipe (server), swipe-up (server), PointerEventDispatcher0 (server),
01-08 03:17:14.744 I/sysui_multi_action( 2378): [757,803,799,panel_open,802,1]
01-08 03:17:14.746 I/sysui_multi_action( 2378): [757,1328,758,4,1326,47,1327,5,1329,0]
01-08 03:17:14.780 I/sysui_multi_action( 1519): [757,127,758,1]
01-08 03:17:14.780 I/sysui_multi_action( 1519): [757,804,799,note_load,801,3,802,1]
01-08 03:17:14.780 I/notification_panel_revealed( 1519): 3
01-08 03:17:14.790 I/input_focus( 1519): [Focus request e19dcb9 NotificationShade,reason=UpdateInputWindows]
01-08 03:17:14.801 I/sysui_multi_action( 1519): [757,128,758,1,793,6295854,794,0,795,6295854,796,26,798,0,806,android,857,DEVELOPER_IMPORTANT,858,4,947,0,1395,3,1500,6295650,1688,1]
01-08 03:17:14.801 I/sysui_multi_action( 1519): [757,804,799,note_freshness,801,6295854,802,1]
01-08 03:17:14.801 I/notification_visibility( 1519): [-1|android|26|null|1000,1,6295854,6295854,0,0]
01-08 03:17:14.801 I/sysui_multi_action( 1519): [757,128,758,1,793,1826303,794,0,795,1826303,796,4273,798,1,806,com.android.systemui,857,screen_record,858,3,947,0,1395,3,1500,1826101,1688,1,1745,680407814]
01-08 03:17:14.801 I/sysui_multi_action( 1519): [757,804,799,note_freshness,801,1826303,802,1]
01-08 03:17:14.801 I/notification_visibility( 1519): [0|com.android.systemui|4273|null|10081,1,1826303,1826303,0,1]
01-08 03:17:14.801 I/sysui_multi_action( 1519): [757,128,758,1,793,6349712,794,0,795,6349712,796,32,798,2,806,android,857,USB,858,1,947,0,1395,3,1500,6349509,1688,1]
01-08 03:17:14.801 I/sysui_multi_action( 1519): [757,804,799,note_freshness,801,6349712,802,1]
01-08 03:17:14.802 I/notification_visibility( 1519): [-1|android|32|null|1000,1,6349712,6349712,0,2]
01-08 03:17:14.814 I/input_focus( 1519): [Focus leaving 4e2f174 com.android.launcher3/com.android.launcher3.uioverrides.QuickstepLauncher (server),reason=setFocusedWindow]
01-08 03:17:14.815 I/input_focus( 1519): [Focus entering e19dcb9 NotificationShade (server),reason=setFocusedWindow]
01-08 03:17:14.827 I/sysui_multi_action( 2378): [757,111,758,1]
01-08 03:17:14.827 I/sysui_multi_action( 2378): [757,126,758,1,759,126,927,0,928,1,1593,0]
01-08 03:17:14.827 I/sysui_multi_action( 2378): [757,113,758,1,759,113,927,1,928,1,1593,0]
01-08 03:17:14.827 I/sysui_multi_action( 2378): [757,0,758,1,759,0,927,2,928,0,1593,0]
01-08 03:17:14.828 I/sysui_multi_action( 2378): [757,0,758,1,759,0,927,3,928,0,1593,0]
01-08 03:17:14.828 I/sysui_multi_action( 2378): [757,491,758,1,759,491,927,4,928,0,1311,-1,1593,0]
01-08 03:17:14.828 I/sysui_multi_action( 2378): [757,0,758,1,759,0,927,5,928,0,1593,0]
01-08 03:17:14.828 I/sysui_multi_action( 2378): [757,111,758,1]
01-08 03:17:14.828 I/sysui_multi_action( 2378): [757,126,758,1,759,126,927,0,928,1,1593,0]
01-08 03:17:14.829 I/sysui_multi_action( 2378): [757,113,758,1,759,113,927,1,928,1,1593,0]
01-08 03:17:14.829 I/sysui_multi_action( 2378): [757,0,758,1,759,0,927,2,928,0,1593,0]
01-08 03:17:14.829 I/sysui_multi_action( 2378): [757,0,758,1,759,0,927,3,928,0,1593,0]
01-08 03:17:15.187 I/auditd ( 0): type=1400 audit(0.0:3580): avc: denied { kill } for comm="swapper/3" capability=5 scontext=u:r:kernel:s0 tcontext=u:r:kernel:s0 tclass=capability permissive=0
01-08 03:17:15.723 I/input_interaction( 1519): Interaction with: e19dcb9 NotificationShade (server), edge-swipe (server), swipe-up (server), PointerEventDispatcher0 (server),
01-08 03:17:16.171 I/notification_enqueue( 1519): [10081,2378,com.android.systemui,2048,NULL,0,Notification(channel=updateNotification shortcut=null contentView=null vibrate=null sound=null defaults=0x0 flags=0x0 color=0x00000000 vis=PRIVATE),1]
01-08 03:17:16.171 I/sysui_multi_action( 2378): [757,111,758,2]
01-08 03:17:16.172 I/sysui_multi_action( 2378): [757,111,758,2]
01-08 03:17:16.187 I/auditd ( 0): type=1400 audit(0.0:3581): avc: denied { kill } for comm="swapper/3" capability=5 scontext=u:r:kernel:s0 tcontext=u:r:kernel:s0 tclass=capability permissive=0
01-08 03:17:16.381 I/input_focus( 1519): [Focus request 4e2f174 com.android.launcher3/com.android.launcher3.uioverrides.QuickstepLauncher,reason=UpdateInputWindows]
01-08 03:17:16.386 I/sysui_multi_action( 1519): [757,128,758,2,793,6297439,794,1585,795,6297439,796,26,798,0,806,android,857,DEVELOPER_IMPORTANT,858,4,947,0,1395,3,1500,6297235,1688,1]
01-08 03:17:16.386 I/notification_visibility( 1519): [-1|android|26|null|1000,0,6297439,6297439,0,0]
01-08 03:17:16.386 I/sysui_multi_action( 1519): [757,128,758,2,793,1827888,794,1585,795,1827888,796,4273,798,1,806,com.android.systemui,857,screen_record,858,3,947,0,1395,3,1500,1827686,1688,1,1745,680407814]
01-08 03:17:16.386 I/notification_visibility( 1519): [0|com.android.systemui|4273|null|10081,0,1827888,1827888,0,1]
01-08 03:17:16.387 I/sysui_multi_action( 1519): [757,128,758,2,793,6351297,794,1585,795,6351297,796,32,798,2,806,android,857,USB,858,1,947,0,1395,3,1500,6351094,1688,1]
01-08 03:17:16.387 I/notification_visibility( 1519): [-1|android|32|null|1000,0,6351297,6351297,0,2]
01-08 03:17:16.388 I/sysui_multi_action( 1519): [757,127,758,2]
01-08 03:17:16.388 I/notification_panel_hidden( 1519):
01-08 03:17:16.417 I/input_focus( 1519): [Focus leaving e19dcb9 NotificationShade (server),reason=NO_WINDOW]
01-08 03:17:16.417 I/input_focus( 1519): [Focus entering 4e2f174 com.android.launcher3/com.android.launcher3.uioverrides.QuickstepLauncher (server),reason=setFocusedWindow]
01-08 03:17:16.726 I/input_interaction( 1519): Interaction with: 4e2f174 com.android.launcher3/com.android.launcher3.uioverrides.QuickstepLauncher (server), c8b2b8c com.android.systemui.ImageWallpaper (server), edge-swipe (server), swipe-up (server), PointerEventDispatcher0 (server),
01-08 03:17:16.787 I/view_enqueue_input_event( 2855): [Motion - Cancel,com.android.launcher3/com.android.launcher3.uioverrides.QuickstepLauncher]
01-08 03:17:16.794 I/input_interaction( 1519): Interaction with: edge-swipe (server), swipe-up (server), PointerEventDispatcher0 (server),
01-08 03:17:16.977 I/commit_sys_config_file( 1519): [settings-1-0,5]
01-08 03:17:17.187 I/auditd ( 0): type=1400 audit(0.0:3582): avc: denied { kill } for comm="swapper/3" capability=5 scontext=u:r:kernel:s0 tcontext=u:r:kernel:s0 tclass=capability permissive=0
01-08 03:17:17.426 I/commit_sys_config_file( 1519): [settings-1-0,3]
01-08 03:17:18.187 I/auditd ( 0): type=1400 audit(0.0:3583): avc: denied { kill } for comm="swapper/3" capability=5 scontext=u:r:kernel:s0 tcontext=u:r:kernel:s0 tclass=capability permissive=0
01-08 03:17:18.567 I/input_interaction( 1519): Interaction with: 4e2f174 com.android.launcher3/com.android.launcher3.uioverrides.QuickstepLauncher (server), c8b2b8c com.android.systemui.ImageWallpaper (server), edge-swipe (server), swipe-up (server), PointerEventDispatcher0 (server),
01-08 03:17:19.191 I/auditd ( 0): type=1400 audit(0.0:3584): avc: denied { kill } for comm="swapper/3" capability=5 scontext=u:r:kernel:s0 tcontext=u:r:kernel:s0 tclass=capability permissive=0
01-08 03:17:19.920 I/view_enqueue_input_event( 2855): [Motion - Cancel,com.android.launcher3/com.android.launcher3.uioverrides.QuickstepLauncher]
01-08 03:17:19.926 I/input_interaction( 1519): Interaction with: edge-swipe (server), swipe-up (server), PointerEventDispatcher0 (server),
01-08 03:17:19.968 I/commit_sys_config_file( 1519): [appops,6346735]
01-08 03:17:20.113 I/commit_sys_config_file( 1519): [settings-1-0,4]
01-08 03:17:20.187 I/auditd ( 0): type=1400 audit(0.0:3585): avc: denied { kill } for comm="swapper/3" capability=5 scontext=u:r:kernel:s0 tcontext=u:r:kernel:s0 tclass=capability permissive=0
01-08 03:17:20.616 I/commit_sys_config_file( 1519): [settings-1-0,5]
01-08 03:17:21.187 I/auditd ( 0): type=1400 audit(0.0:3586): avc: denied { kill } for comm="swapper/3" capability=5 scontext=u:r:kernel:s0 tcontext=u:r:kernel:s0 tclass=capability permissive=0
01-08 03:17:21.774 I/input_interaction( 1519): Interaction with: 4e2f174 com.android.launcher3/com.android.launcher3.uioverrides.QuickstepLauncher (server), c8b2b8c com.android.systemui.ImageWallpaper (server), edge-swipe (server), swipe-up (server), PointerEventDispatcher0 (server),
01-08 03:17:23.187 I/auditd ( 0): type=1400 audit(0.0:3587): avc: denied { kill } for comm="swapper/3" capability=5 scontext=u:r:kernel:s0 tcontext=u:r:kernel:s0 tclass=capability permissive=0
01-08 03:17:23.237 I/wm_task_moved( 1519): [35,1,7]
01-08 03:17:23.237 I/wm_task_to_front( 1519): [0,35]
01-08 03:17:23.238 I/wm_focused_root_task( 1519): [0,0,35,1,bringingFoundTaskToFront]
01-08 03:17:23.238 I/wm_set_resumed_activity( 1519): [0,com.android.settings/.Settings,bringingFoundTaskToFront]
01-08 03:17:23.238 I/wm_new_intent( 1519): [0,59838401,35,com.android.settings/.Settings,android.intent.action.MAIN,NULL,NULL,270532608]
01-08 03:17:23.240 I/wm_pause_activity( 1519): [0,110752405,com.android.launcher3/.uioverrides.QuickstepLauncher,userLeaving=true,pauseBackTasks]
01-08 03:17:23.247 I/wm_on_top_resumed_lost_called( 2855): [110752405,com.android.launcher3.uioverrides.QuickstepLauncher,topStateChangedWhenResumed]
01-08 03:17:23.255 I/wm_on_paused_called( 2855): [110752405,com.android.launcher3.uioverrides.QuickstepLauncher,performPause]
01-08 03:17:23.259 I/wm_set_resumed_activity( 1519): [0,com.android.settings/.Settings,resumeTopActivityInnerLocked]
01-08 03:17:23.260 I/wm_add_to_stopping( 1519): [0,110752405,com.android.launcher3/.uioverrides.QuickstepLauncher,makeInvisible]
01-08 03:17:23.268 I/wm_resume_activity( 1519): [0,59838401,35,com.android.settings/.Settings]
01-08 03:17:23.278 I/sysui_multi_action( 1519): [757,803,799,window_time_0,802,25]
01-08 03:17:23.284 I/wm_on_restart_called(13228): [59838401,com.android.settings.Settings,performRestartActivity]
01-08 03:17:23.286 I/wm_on_start_called(13228): [59838401,com.android.settings.Settings,handleStartActivity]
01-08 03:17:23.287 I/snet_event_log(13228): [120484087,-1,]
01-08 03:17:23.288 I/wm_on_resume_called(13228): [59838401,com.android.settings.Settings,RESUME_ACTIVITY]
01-08 03:17:23.288 I/sysui_multi_action(13228): [757,35,758,1,833,0,1089,0]
01-08 03:17:23.290 I/sysui_multi_action(13228): [757,3000,758,1,833,0,1089,0]
01-08 03:17:23.292 I/wm_on_top_resumed_gained_called(13228): [59838401,com.android.settings.Settings,topWhenResuming]
01-08 03:17:23.298 I/input_focus( 1519): [Focus leaving 4e2f174 com.android.launcher3/com.android.launcher3.uioverrides.QuickstepLauncher (server),reason=NO_WINDOW]
01-08 03:17:23.308 I/input_focus( 1519): [Focus request ffd8487 com.android.settings/com.android.settings.Settings,reason=UpdateInputWindows]
01-08 03:17:23.323 I/auditd ( 563): type=1400 audit(0.0:3588): avc: denied { read } for comm="Binder:563_2" name="wakeup58" dev="sysfs" ino=71686 scontext=u:r:system_suspend:s0 tcontext=u:object_r:sysfs:s0 tclass=dir permissive=0
01-08 03:17:23.323 I/auditd ( 563): type=1400 audit(0.0:3589): avc: denied { read } for comm="Binder:563_2" name="wakeup48" dev="sysfs" ino=67399 scontext=u:r:system_suspend:s0 tcontext=u:object_r:sysfs:s0 tclass=dir permissive=0
01-08 03:17:23.323 I/auditd ( 563): type=1400 audit(0.0:3590): avc: denied { read } for comm="Binder:563_2" name="wakeup4" dev="sysfs" ino=47049 scontext=u:r:system_suspend:s0 tcontext=u:object_r:sysfs:s0 tclass=dir permissive=0
01-08 03:17:23.323 I/auditd ( 563): type=1400 audit(0.0:3591): avc: denied { read } for comm="Binder:563_2" name="wakeup76" dev="sysfs" ino=76730 scontext=u:r:system_suspend:s0 tcontext=u:object_r:sysfs:s0 tclass=dir permissive=0
01-08 03:17:23.336 I/sysui_multi_action( 1519): [319,39,321,35,322,95,325,6384,757,761,758,9,759,4,806,com.android.settings,871,com.android.settings.Settings,904,com.android.launcher3,905,0,1320,4,1321,1]
01-08 03:17:23.348 I/input_focus( 1519): [Focus entering ffd8487 com.android.settings/com.android.settings.Settings (server),reason=Window became focusable. Previous reason: NOT_VISIBLE]
01-08 03:17:23.821 I/wm_stop_activity( 1519): [0,110752405,com.android.launcher3/.uioverrides.QuickstepLauncher]
01-08 03:17:23.847 I/wm_on_stop_called( 2855): [110752405,com.android.launcher3.uioverrides.QuickstepLauncher,STOP_ACTIVITY_ITEM]
01-08 03:17:24.493 I/input_interaction( 1519): Interaction with: ffd8487 com.android.settings/com.android.settings.Settings (server), edge-swipe (server), swipe-up (server), PointerEventDispatcher0 (server),
01-08 03:17:25.187 I/auditd ( 0): type=1400 audit(0.0:3689): avc: denied { kill } for comm="swapper/3" capability=5 scontext=u:r:kernel:s0 tcontext=u:r:kernel:s0 tclass=capability permissive=0
01-08 03:17:25.457 I/wm_task_moved( 1519): [1,0,0]
01-08 03:17:25.457 I/wm_task_moved( 1519): [1,0,6]
01-08 03:17:25.469 I/wm_on_restart_called( 2855): [110752405,com.android.launcher3.uioverrides.QuickstepLauncher,performRestartActivity]
01-08 03:17:25.489 I/wm_on_start_called( 2855): [110752405,com.android.launcher3.uioverrides.QuickstepLauncher,handleStartActivity]
01-08 03:17:25.509 I/view_enqueue_input_event(13228): [Motion - Cancel,com.android.settings/com.android.settings.Settings]
01-08 03:17:25.513 I/sysui_latency( 2855): [1,58]
01-08 03:17:25.516 I/input_focus( 1519): [Focus request recents_animation_input_consumer,reason=UpdateInputWindows]
01-08 03:17:25.517 I/sysui_multi_action( 1519): [319,8,322,49,325,6386,757,761,758,9,759,5,806,com.android.launcher3,871,com.android.launcher3.uioverrides.QuickstepLauncher,905,0,1320,4,1321,1]
01-08 03:17:25.522 I/input_interaction( 1519): Interaction with: edge-swipe (server), swipe-up (server), PointerEventDispatcher0 (server),
01-08 03:17:25.537 I/input_focus( 1519): [Focus leaving ffd8487 com.android.settings/com.android.settings.Settings (server),reason=NOT_FOCUSABLE]
01-08 03:17:25.537 I/input_focus( 1519): [Focus entering recents_animation_input_consumer (server),reason=setFocusedWindow]
01-08 03:17:25.689 I/commit_sys_config_file( 1519): [settings-1-0,5]
01-08 03:17:25.809 I/sysui_latency( 1519): [8,61]
01-08 03:17:26.136 I/commit_sys_config_file( 1519): [settings-1-0,4]
01-08 03:17:26.592 I/wm_task_moved( 1519): [1,1,7]
01-08 03:17:26.593 I/wm_task_moved( 1519): [10,1,2147483647]
01-08 03:17:26.593 I/wm_task_to_front( 1519): [0,10]
01-08 03:17:26.593 I/wm_focused_root_task( 1519): [0,0,1,35,RecentsAnimation.onAnimationFinished()]
01-08 03:17:26.594 I/wm_on_top_resumed_lost_called(13228): [59838401,com.android.settings.Settings,topStateChangedWhenResumed]
01-08 03:17:26.594 I/wm_set_resumed_activity( 1519): [0,com.android.launcher3/.uioverrides.QuickstepLauncher,RecentsAnimation.onAnimationFinished()]
01-08 03:17:26.595 I/wm_pause_activity( 1519): [0,59838401,com.android.settings/.Settings,userLeaving=true,pauseBackTasks]
01-08 03:17:26.596 I/wm_add_to_stopping( 1519): [0,59838401,com.android.settings/.Settings,makeInvisible]
01-08 03:17:26.597 I/wm_set_resumed_activity( 1519): [0,com.android.launcher3/.uioverrides.QuickstepLauncher,resumeTopActivityInnerLocked]
01-08 03:17:26.599 I/wm_resume_activity( 1519): [0,110752405,10,com.android.launcher3/.uioverrides.QuickstepLauncher]
01-08 03:17:26.600 I/wm_on_resume_called( 2855): [110752405,com.android.launcher3.uioverrides.QuickstepLauncher,RESUME_ACTIVITY]
01-08 03:17:26.610 I/input_focus( 1519): [Focus request 4e2f174 com.android.launcher3/com.android.launcher3.uioverrides.QuickstepLauncher,reason=UpdateInputWindows]
01-08 03:17:26.613 I/wm_stop_activity( 1519): [0,59838401,com.android.settings/.Settings]
01-08 03:17:26.614 I/wm_on_top_resumed_gained_called( 2855): [110752405,com.android.launcher3.uioverrides.QuickstepLauncher,topStateChangedWhenResumed]
01-08 03:17:26.616 I/sysui_multi_action(13228): [757,35,758,2,1089,3327]
01-08 03:17:26.617 I/sysui_multi_action( 1519): [757,803,799,window_time_0,802,3]
01-08 03:17:26.618 I/sysui_multi_action(13228): [757,3000,758,2,1089,3328]
01-08 03:17:26.619 I/wm_on_paused_called(13228): [59838401,com.android.settings.Settings,performPause]
01-08 03:17:26.619 I/sysui_multi_action( 1519): [757,803,799,window_time_0,802,0]
01-08 03:17:26.624 I/input_focus( 1519): [Focus leaving recents_animation_input_consumer (server),reason=NOT_VISIBLE]
01-08 03:17:26.624 I/input_focus( 1519): [Focus entering 4e2f174 com.android.launcher3/com.android.launcher3.uioverrides.QuickstepLauncher (server),reason=setFocusedWindow]
01-08 03:17:26.632 I/wm_on_stop_called(13228): [59838401,com.android.settings.Settings,STOP_ACTIVITY_ITEM]
01-08 03:17:26.664 I/input_interaction( 1519): Interaction with: 4e2f174 com.android.launcher3/com.android.launcher3.uioverrides.QuickstepLauncher (server), c8b2b8c com.android.systemui.ImageWallpaper (server), edge-swipe (server), swipe-up (server), PointerEventDispatcher0 (server),
01-08 03:17:27.187 I/auditd ( 0): type=1400 audit(0.0:3690): avc: denied { kill } for comm="swapper/2" capability=5 scontext=u:r:kernel:s0 tcontext=u:r:kernel:s0 tclass=capability permissive=0
01-08 03:17:28.011 I/input_interaction( 1519): Interaction with: 341370a StatusBar (server), edge-swipe (server), swipe-up (server), PointerEventDispatcher0 (server),
01-08 03:17:28.014 I/sysui_multi_action( 2378): [757,803,799,panel_open,802,1]
01-08 03:17:28.016 I/sysui_multi_action( 2378): [757,1328,758,4,1326,52,1327,2,1329,0]
01-08 03:17:28.063 I/sysui_multi_action( 1519): [757,127,758,1]
01-08 03:17:28.063 I/sysui_multi_action( 1519): [757,804,799,note_load,801,3,802,1]
01-08 03:17:28.063 I/notification_panel_revealed( 1519): 3
01-08 03:17:28.075 I/input_focus( 1519): [Focus request e19dcb9 NotificationShade,reason=UpdateInputWindows]
01-08 03:17:28.086 I/sysui_multi_action( 1519): [757,128,758,1,793,6309139,794,0,795,6309139,796,26,798,0,806,android,857,DEVELOPER_IMPORTANT,858,4,947,0,1395,3,1500,6308935,1688,1]
01-08 03:17:28.086 I/sysui_multi_action( 1519): [757,804,799,note_freshness,801,6309139,802,1]
01-08 03:17:28.086 I/notification_visibility( 1519): [-1|android|26|null|1000,1,6309139,6309139,0,0]
01-08 03:17:28.086 I/sysui_multi_action( 1519): [757,128,758,1,793,1839588,794,0,795,1839588,796,4273,798,1,806,com.android.systemui,857,screen_record,858,3,947,0,1395,3,1500,1839386,1688,1,1745,680407814]
01-08 03:17:28.086 I/sysui_multi_action( 1519): [757,804,799,note_freshness,801,1839588,802,1]
01-08 03:17:28.086 I/notification_visibility( 1519): [0|com.android.systemui|4273|null|10081,1,1839588,1839588,0,1]
01-08 03:17:28.086 I/sysui_multi_action( 1519): [757,128,758,1,793,6362997,794,0,795,6362997,796,32,798,2,806,android,857,USB,858,1,947,0,1395,3,1500,6362794,1688,1]
01-08 03:17:28.087 I/sysui_multi_action( 1519): [757,804,799,note_freshness,801,6362997,802,1]
01-08 03:17:28.087 I/notification_visibility( 1519): [-1|android|32|null|1000,1,6362997,6362997,0,2]
01-08 03:17:28.094 I/input_focus( 1519): [Focus leaving 4e2f174 com.android.launcher3/com.android.launcher3.uioverrides.QuickstepLauncher (server),reason=setFocusedWindow]
01-08 03:17:28.094 I/input_focus( 1519): [Focus entering e19dcb9 NotificationShade (server),reason=setFocusedWindow]
01-08 03:17:28.126 I/sysui_multi_action( 2378): [757,111,758,1]
01-08 03:17:28.126 I/sysui_multi_action( 2378): [757,126,758,1,759,126,927,0,928,1,1593,0]
01-08 03:17:28.126 I/sysui_multi_action( 2378): [757,113,758,1,759,113,927,1,928,1,1593,0]
01-08 03:17:28.127 I/sysui_multi_action( 2378): [757,0,758,1,759,0,927,2,928,0,1593,0]
01-08 03:17:28.127 I/sysui_multi_action( 2378): [757,0,758,1,759,0,927,3,928,0,1593,0]
01-08 03:17:28.127 I/sysui_multi_action( 2378): [757,491,758,1,759,491,927,4,928,0,1311,-1,1593,0]
01-08 03:17:28.127 I/sysui_multi_action( 2378): [757,0,758,1,759,0,927,5,928,0,1593,0]
01-08 03:17:28.127 I/sysui_multi_action( 2378): [757,111,758,1]
01-08 03:17:28.128 I/sysui_multi_action( 2378): [757,126,758,1,759,126,927,0,928,1,1593,0]
01-08 03:17:28.128 I/sysui_multi_action( 2378): [757,113,758,1,759,113,927,1,928,1,1593,0]
01-08 03:17:28.128 I/sysui_multi_action( 2378): [757,0,758,1,759,0,927,2,928,0,1593,0]
01-08 03:17:28.128 I/sysui_multi_action( 2378): [757,0,758,1,759,0,927,3,928,0,1593,0]
01-08 03:17:29.187 I/auditd ( 0): type=1400 audit(0.0:3691): avc: denied { kill } for comm="swapper/3" capability=5 scontext=u:r:kernel:s0 tcontext=u:r:kernel:s0 tclass=capability permissive=0
01-08 03:17:29.368 I/input_interaction( 1519): Interaction with: e19dcb9 NotificationShade (server), edge-swipe (server), swipe-up (server), PointerEventDispatcher0 (server),
01-08 03:17:29.789 I/notification_enqueue( 1519): [10081,2378,com.android.systemui,2048,NULL,0,Notification(channel=updateNotification shortcut=null contentView=null vibrate=null sound=null defaults=0x0 flags=0x0 color=0x00000000 vis=PRIVATE),1]
01-08 03:17:29.789 I/sysui_multi_action( 2378): [757,111,758,2]
01-08 03:17:29.789 I/sysui_multi_action( 2378): [757,111,758,2]
01-08 03:17:30.005 I/input_focus( 1519): [Focus request 4e2f174 com.android.launcher3/com.android.launcher3.uioverrides.QuickstepLauncher,reason=UpdateInputWindows]
01-08 03:17:30.013 I/sysui_multi_action( 1519): [757,128,758,2,793,6311066,794,1927,795,6311066,796,26,798,0,806,android,857,DEVELOPER_IMPORTANT,858,4,947,0,1395,3,1500,6310862,1688,1]
01-08 03:17:30.013 I/notification_visibility( 1519): [-1|android|26|null|1000,0,6311066,6311066,0,0]
01-08 03:17:30.014 I/sysui_multi_action( 1519): [757,128,758,2,793,1841516,794,1928,795,1841516,796,4273,798,1,806,com.android.systemui,857,screen_record,858,3,947,0,1395,3,1500,1841314,1688,1,1745,680407814]
01-08 03:17:30.014 I/notification_visibility( 1519): [0|com.android.systemui|4273|null|10081,0,1841516,1841516,0,1]
01-08 03:17:30.014 I/sysui_multi_action( 1519): [757,128,758,2,793,6364925,794,1928,795,6364925,796,32,798,2,806,android,857,USB,858,1,947,0,1395,3,1500,6364722,1688,1]
01-08 03:17:30.014 I/notification_visibility( 1519): [-1|android|32|null|1000,0,6364925,6364925,0,2]
01-08 03:17:30.014 I/sysui_multi_action( 1519): [757,127,758,2]
01-08 03:17:30.015 I/notification_panel_hidden( 1519):
01-08 03:17:30.032 I/input_focus( 1519): [Focus leaving e19dcb9 NotificationShade (server),reason=NOT_FOCUSABLE]
01-08 03:17:30.033 I/input_focus( 1519): [Focus entering 4e2f174 com.android.launcher3/com.android.launcher3.uioverrides.QuickstepLauncher (server),reason=setFocusedWindow]
01-08 03:17:30.187 I/auditd ( 0): type=1400 audit(0.0:3692): avc: denied { kill } for comm="swapper/3" capability=5 scontext=u:r:kernel:s0 tcontext=u:r:kernel:s0 tclass=capability permissive=0
01-08 03:17:31.191 I/auditd ( 0): type=1400 audit(0.0:3693): avc: denied { kill } for comm="swapper/3" capability=5 scontext=u:r:kernel:s0 tcontext=u:r:kernel:s0 tclass=capability permissive=0
01-08 03:17:32.191 I/auditd ( 0): type=1400 audit(0.0:3694): avc: denied { kill } for comm="swapper/3" capability=5 scontext=u:r:kernel:s0 tcontext=u:r:kernel:s0 tclass=capability permissive=0
01-08 03:17:33.187 I/auditd ( 0): type=1400 audit(0.0:3695): avc: denied { kill } for comm="swapper/3" capability=5 scontext=u:r:kernel:s0 tcontext=u:r:kernel:s0 tclass=capability permissive=0
01-08 03:17:34.187 I/auditd ( 0): type=1400 audit(0.0:3696): avc: denied { kill } for comm="swapper/3" capability=5 scontext=u:r:kernel:s0 tcontext=u:r:kernel:s0 tclass=capability permissive=0
01-08 03:17:35.191 I/auditd ( 0): type=1400 audit(0.0:3697): avc: denied { kill } for comm="swapper/3" capability=5 scontext=u:r:kernel:s0 tcontext=u:r:kernel:s0 tclass=capability permissive=0
01-08 03:17:36.191 I/auditd ( 0): type=1400 audit(0.0:3698): avc: denied { kill } for comm="swapper/3" capability=5 scontext=u:r:kernel:s0 tcontext=u:r:kernel:s0 tclass=capability permissive=0
01-08 03:17:37.191 I/auditd ( 0): type=1400 audit(0.0:3699): avc: denied { kill } for comm="swapper/3" capability=5 scontext=u:r:kernel:s0 tcontext=u:r:kernel:s0 tclass=capability permissive=0
01-08 03:17:38.191 I/auditd ( 0): type=1400 audit(0.0:3700): avc: denied { kill } for comm="swapper/3" capability=5 scontext=u:r:kernel:s0 tcontext=u:r:kernel:s0 tclass=capability permissive=0
01-08 03:17:39.187 I/auditd ( 0): type=1400 audit(0.0:3701): avc: denied { kill } for comm="swapper/3" capability=5 scontext=u:r:kernel:s0 tcontext=u:r:kernel:s0 tclass=capability permissive=0
01-08 03:17:40.070 I/netstats_mobile_sample( 1519): [0,0,0,0,0,0,0,0,0,0,0,0,1673119060070]
01-08 03:17:40.070 I/netstats_wifi_sample( 1519): [8188049066,6009232,89476638,1253759,8188049066,6009232,89476638,1253759,8189473483,6026586,76475654,1224502,1673119060070]
01-08 03:17:40.191 I/auditd ( 0): type=1400 audit(0.0:3702): avc: denied { kill } for comm="swapper/3" capability=5 scontext=u:r:kernel:s0 tcontext=u:r:kernel:s0 tclass=capability permissive=0
01-08 03:17:41.191 I/auditd ( 0): type=1400 audit(0.0:3703): avc: denied { kill } for comm="swapper/3" capability=5 scontext=u:r:kernel:s0 tcontext=u:r:kernel:s0 tclass=capability permissive=0
