01-08 03:17:42.191 I/auditd ( 0): type=1400 audit(0.0:3704): avc: denied { kill } for comm="swapper/3" capability=5 scontext=u:r:kernel:s0 tcontext=u:r:kernel:s0 tclass=capability permissive=0
01-08 03:17:43.191 I/auditd ( 0): type=1400 audit(0.0:3705): avc: denied { kill } for comm="swapper/3" capability=5 scontext=u:r:kernel:s0 tcontext=u:r:kernel:s0 tclass=capability permissive=0
01-08 03:17:44.187 I/auditd ( 0): type=1400 audit(0.0:3706): avc: denied { kill } for comm="swapper/3" capability=5 scontext=u:r:kernel:s0 tcontext=u:r:kernel:s0 tclass=capability permissive=0
01-08 03:17:45.191 I/auditd ( 0): type=1400 audit(0.0:3707): avc: denied { kill } for comm="swapper/3" capability=5 scontext=u:r:kernel:s0 tcontext=u:r:kernel:s0 tclass=capability permissive=0
01-08 03:17:46.191 I/auditd ( 0): type=1400 audit(0.0:3708): avc: denied { kill } for comm="swapper/3" capability=5 scontext=u:r:kernel:s0 tcontext=u:r:kernel:s0 tclass=capability permissive=0
01-08 03:17:47.191 I/auditd ( 0): type=1400 audit(0.0:3709): avc: denied { kill } for comm="swapper/3" capability=5 scontext=u:r:kernel:s0 tcontext=u:r:kernel:s0 tclass=capability permissive=0
01-08 03:17:48.191 I/auditd ( 0): type=1400 audit(0.0:3710): avc: denied { kill } for comm="swapper/3" capability=5 scontext=u:r:kernel:s0 tcontext=u:r:kernel:s0 tclass=capability permissive=0
01-08 03:17:49.191 I/auditd ( 0): type=1400 audit(0.0:3711): avc: denied { kill } for comm="swapper/3" capability=5 scontext=u:r:kernel:s0 tcontext=u:r:kernel:s0 tclass=capability permissive=0
01-08 03:17:50.191 I/auditd ( 0): type=1400 audit(0.0:3712): avc: denied { kill } for comm="swapper/3" capability=5 scontext=u:r:kernel:s0 tcontext=u:r:kernel:s0 tclass=capability permissive=0
01-08 03:17:51.191 I/auditd ( 0): type=1400 audit(0.0:3713): avc: denied { kill } for comm="swapper/3" capability=5 scontext=u:r:kernel:s0 tcontext=u:r:kernel:s0 tclass=capability permissive=0
01-08 03:17:52.191 I/auditd ( 0): type=1400 audit(0.0:3714): avc: denied { kill } for comm="swapper/3" capability=5 scontext=u:r:kernel:s0 tcontext=u:r:kernel:s0 tclass=capability permissive=0
01-08 03:17:53.191 I/auditd ( 0): type=1400 audit(0.0:3715): avc: denied { kill } for comm="swapper/3" capability=5 scontext=u:r:kernel:s0 tcontext=u:r:kernel:s0 tclass=capability permissive=0
01-08 03:17:54.191 I/auditd ( 0): type=1400 audit(0.0:3716): avc: denied { kill } for comm="swapper/3" capability=5 scontext=u:r:kernel:s0 tcontext=u:r:kernel:s0 tclass=capability permissive=0
01-08 03:17:55.187 I/auditd ( 0): type=1400 audit(0.0:3717): avc: denied { kill } for comm="swapper/3" capability=5 scontext=u:r:kernel:s0 tcontext=u:r:kernel:s0 tclass=capability permissive=0
01-08 03:17:55.422 I/netstats_mobile_sample( 1519): [0,0,0,0,0,0,0,0,0,0,0,0,1673119075421]
01-08 03:17:55.422 I/netstats_wifi_sample( 1519): [8188134100,6009426,89646357,1254143,8188134100,6009426,89646357,1254143,8189574117,6026880,76561055,1224698,1673119075421]
01-08 03:17:56.187 I/auditd ( 0): type=1400 audit(0.0:3718): avc: denied { kill } for comm="swapper/3" capability=5 scontext=u:r:kernel:s0 tcontext=u:r:kernel:s0 tclass=capability permissive=0
01-08 03:17:57.187 I/auditd ( 0): type=1400 audit(0.0:3719): avc: denied { kill } for comm="swapper/3" capability=5 scontext=u:r:kernel:s0 tcontext=u:r:kernel:s0 tclass=capability permissive=0
01-08 03:17:57.291 I/input_interaction( 1519): Interaction with: 341370a StatusBar (server), edge-swipe (server), swipe-up (server), PointerEventDispatcher0 (server),
01-08 03:17:57.295 I/sysui_multi_action( 2378): [757,803,799,panel_open,802,1]
01-08 03:17:57.297 I/sysui_multi_action( 2378): [757,1328,758,4,1326,45,1327,1,1329,0]
01-08 03:17:57.350 I/sysui_multi_action( 1519): [757,127,758,1]
01-08 03:17:57.350 I/sysui_multi_action( 1519): [757,804,799,note_load,801,3,802,1]
01-08 03:17:57.350 I/notification_panel_revealed( 1519): 3
01-08 03:17:57.361 I/input_focus( 1519): [Focus request e19dcb9 NotificationShade,reason=UpdateInputWindows]
01-08 03:17:57.374 I/sysui_multi_action( 1519): [757,128,758,1,793,6338427,794,0,795,6338427,796,26,798,0,806,android,857,DEVELOPER_IMPORTANT,858,4,947,0,1395,3,1500,6338223,1688,1]
01-08 03:17:57.374 I/sysui_multi_action( 1519): [757,804,799,note_freshness,801,6338427,802,1]
01-08 03:17:57.374 I/notification_visibility( 1519): [-1|android|26|null|1000,1,6338427,6338427,0,0]
01-08 03:17:57.374 I/sysui_multi_action( 1519): [757,128,758,1,793,1868876,794,0,795,1868876,796,4273,798,1,806,com.android.systemui,857,screen_record,858,3,947,0,1395,3,1500,1868674,1688,1,1745,680407814]
01-08 03:17:57.374 I/sysui_multi_action( 1519): [757,804,799,note_freshness,801,1868876,802,1]
01-08 03:17:57.374 I/notification_visibility( 1519): [0|com.android.systemui|4273|null|10081,1,1868876,1868876,0,1]
01-08 03:17:57.374 I/sysui_multi_action( 1519): [757,128,758,1,793,6392285,794,0,795,6392285,796,32,798,2,806,android,857,USB,858,1,947,0,1395,3,1500,6392082,1688,1]
01-08 03:17:57.374 I/sysui_multi_action( 1519): [757,804,799,note_freshness,801,6392285,802,1]
01-08 03:17:57.374 I/notification_visibility( 1519): [-1|android|32|null|1000,1,6392285,6392285,0,2]
01-08 03:17:57.381 I/input_focus( 1519): [Focus leaving 4e2f174 com.android.launcher3/com.android.launcher3.uioverrides.QuickstepLauncher (server),reason=setFocusedWindow]
01-08 03:17:57.381 I/input_focus( 1519): [Focus entering e19dcb9 NotificationShade (server),reason=setFocusedWindow]
01-08 03:17:57.413 I/sysui_multi_action( 2378): [757,111,758,1]
01-08 03:17:57.414 I/sysui_multi_action( 2378): [757,126,758,1,759,126,927,0,928,1,1593,0]
01-08 03:17:57.414 I/sysui_multi_action( 2378): [757,113,758,1,759,113,927,1,928,1,1593,0]
01-08 03:17:57.414 I/sysui_multi_action( 2378): [757,0,758,1,759,0,927,2,928,0,1593,0]
01-08 03:17:57.414 I/sysui_multi_action( 2378): [757,0,758,1,759,0,927,3,928,0,1593,0]
01-08 03:17:57.414 I/sysui_multi_action( 2378): [757,491,758,1,759,491,927,4,928,0,1311,-1,1593,0]
01-08 03:17:57.414 I/sysui_multi_action( 2378): [757,0,758,1,759,0,927,5,928,0,1593,0]
01-08 03:17:57.415 I/sysui_multi_action( 2378): [757,111,758,1]
01-08 03:17:57.415 I/sysui_multi_action( 2378): [757,126,758,1,759,126,927,0,928,1,1593,0]
01-08 03:17:57.415 I/sysui_multi_action( 2378): [757,113,758,1,759,113,927,1,928,1,1593,0]
01-08 03:17:57.415 I/sysui_multi_action( 2378): [757,0,758,1,759,0,927,2,928,0,1593,0]
01-08 03:17:57.415 I/sysui_multi_action( 2378): [757,0,758,1,759,0,927,3,928,0,1593,0]
01-08 03:17:57.509 I/service_manager_stats( 1519): [100,75,68728]
01-08 03:17:58.187 I/auditd ( 0): type=1400 audit(0.0:3720): avc: denied { kill } for comm="swapper/3" capability=5 scontext=u:r:kernel:s0 tcontext=u:r:kernel:s0 tclass=capability permissive=0
01-08 03:17:58.240 I/input_interaction( 1519): Interaction with: e19dcb9 NotificationShade (server), edge-swipe (server), swipe-up (server), PointerEventDispatcher0 (server),
01-08 03:17:58.656 I/notification_enqueue( 1519): [10081,2378,com.android.systemui,2048,NULL,0,Notification(channel=updateNotification shortcut=null contentView=null vibrate=null sound=null defaults=0x0 flags=0x0 color=0x00000000 vis=PRIVATE),1]
01-08 03:17:58.658 I/sysui_multi_action( 2378): [757,111,758,2]
01-08 03:17:58.659 I/sysui_multi_action( 2378): [757,111,758,2]
01-08 03:17:58.874 I/input_focus( 1519): [Focus request 4e2f174 com.android.launcher3/com.android.launcher3.uioverrides.QuickstepLauncher,reason=UpdateInputWindows]
01-08 03:17:58.883 I/sysui_multi_action( 1519): [757,128,758,2,793,6339936,794,1509,795,6339936,796,26,798,0,806,android,857,DEVELOPER_IMPORTANT,858,4,947,0,1395,3,1500,6339732,1688,1]
01-08 03:17:58.884 I/notification_visibility( 1519): [-1|android|26|null|1000,0,6339936,6339936,0,0]
01-08 03:17:58.884 I/sysui_multi_action( 1519): [757,128,758,2,793,1870386,794,1510,795,1870386,796,4273,798,1,806,com.android.systemui,857,screen_record,858,3,947,0,1395,3,1500,1870184,1688,1,1745,680407814]
01-08 03:17:58.884 I/notification_visibility( 1519): [0|com.android.systemui|4273|null|10081,0,1870386,1870386,0,1]
01-08 03:17:58.884 I/sysui_multi_action( 1519): [757,128,758,2,793,6393795,794,1510,795,6393795,796,32,798,2,806,android,857,USB,858,1,947,0,1395,3,1500,6393592,1688,1]
01-08 03:17:58.884 I/notification_visibility( 1519): [-1|android|32|null|1000,0,6393795,6393795,0,2]
01-08 03:17:58.887 I/sysui_multi_action( 1519): [757,127,758,2]
01-08 03:17:58.887 I/notification_panel_hidden( 1519):
01-08 03:17:58.901 I/input_focus( 1519): [Focus leaving e19dcb9 NotificationShade (server),reason=NOT_FOCUSABLE]
01-08 03:17:58.901 I/input_focus( 1519): [Focus entering 4e2f174 com.android.launcher3/com.android.launcher3.uioverrides.QuickstepLauncher (server),reason=setFocusedWindow]
01-08 03:17:59.187 I/auditd ( 0): type=1400 audit(0.0:3721): avc: denied { kill } for comm="swapper/3" capability=5 scontext=u:r:kernel:s0 tcontext=u:r:kernel:s0 tclass=capability permissive=0
01-08 03:17:59.291 I/input_interaction( 1519): Interaction with: 4e2f174 com.android.launcher3/com.android.launcher3.uioverrides.QuickstepLauncher (server), c8b2b8c com.android.systemui.ImageWallpaper (server), edge-swipe (server), swipe-up (server), PointerEventDispatcher0 (server),
01-08 03:17:59.463 I/view_enqueue_input_event( 2855): [Motion - Cancel,com.android.launcher3/com.android.launcher3.uioverrides.QuickstepLauncher]
01-08 03:17:59.468 I/input_interaction( 1519): Interaction with: edge-swipe (server), swipe-up (server), PointerEventDispatcher0 (server),
01-08 03:17:59.643 I/commit_sys_config_file( 1519): [settings-1-0,3]
01-08 03:18:00.063 I/commit_sys_config_file( 1519): [settings-1-0,6]
01-08 03:18:00.187 I/auditd ( 0): type=1400 audit(0.0:3722): avc: denied { kill } for comm="swapper/3" capability=5 scontext=u:r:kernel:s0 tcontext=u:r:kernel:s0 tclass=capability permissive=0
01-08 03:18:00.909 I/input_interaction( 1519): Interaction with: 4e2f174 com.android.launcher3/com.android.launcher3.uioverrides.QuickstepLauncher (server), c8b2b8c com.android.systemui.ImageWallpaper (server), edge-swipe (server), swipe-up (server), PointerEventDispatcher0 (server),
01-08 03:18:01.187 I/auditd ( 0): type=1400 audit(0.0:3723): avc: denied { kill } for comm="swapper/3" capability=5 scontext=u:r:kernel:s0 tcontext=u:r:kernel:s0 tclass=capability permissive=0
01-08 03:18:01.938 I/view_enqueue_input_event( 2855): [Motion - Cancel,com.android.launcher3/com.android.launcher3.uioverrides.QuickstepLauncher]
01-08 03:18:01.942 I/input_interaction( 1519): Interaction with: edge-swipe (server), swipe-up (server), PointerEventDispatcher0 (server),
01-08 03:18:02.130 I/commit_sys_config_file( 1519): [settings-1-0,3]
01-08 03:18:02.187 I/auditd ( 0): type=1400 audit(0.0:3724): avc: denied { kill } for comm="swapper/3" capability=5 scontext=u:r:kernel:s0 tcontext=u:r:kernel:s0 tclass=capability permissive=0
01-08 03:18:02.520 I/commit_sys_config_file( 1519): [settings-1-0,3]
01-08 03:18:03.031 I/input_interaction( 1519): Interaction with: 4e2f174 com.android.launcher3/com.android.launcher3.uioverrides.QuickstepLauncher (server), c8b2b8c com.android.systemui.ImageWallpaper (server), edge-swipe (server), swipe-up (server), PointerEventDispatcher0 (server),
01-08 03:18:03.187 I/auditd ( 0): type=1400 audit(0.0:3725): avc: denied { kill } for comm="swapper/3" capability=5 scontext=u:r:kernel:s0 tcontext=u:r:kernel:s0 tclass=capability permissive=0
01-08 03:18:04.187 I/auditd ( 0): type=1400 audit(0.0:3726): avc: denied { kill } for comm="swapper/3" capability=5 scontext=u:r:kernel:s0 tcontext=u:r:kernel:s0 tclass=capability permissive=0
01-08 03:18:04.661 I/input_interaction( 1519): Interaction with: edge-swipe (server), swipe-up (server), PointerEventDispatcher0 (server),
01-08 03:18:04.663 I/view_enqueue_input_event( 2855): [Motion - Cancel,com.android.launcher3/com.android.launcher3.uioverrides.QuickstepLauncher]
01-08 03:18:04.856 I/commit_sys_config_file( 1519): [settings-1-0,4]
01-08 03:18:05.187 I/auditd ( 0): type=1400 audit(0.0:3727): avc: denied { kill } for comm="swapper/3" capability=5 scontext=u:r:kernel:s0 tcontext=u:r:kernel:s0 tclass=capability permissive=0
01-08 03:18:05.269 I/commit_sys_config_file( 1519): [settings-1-0,5]
01-08 03:18:05.706 I/input_interaction( 1519): Interaction with: 4e2f174 com.android.launcher3/com.android.launcher3.uioverrides.QuickstepLauncher (server), c8b2b8c com.android.systemui.ImageWallpaper (server), edge-swipe (server), swipe-up (server), PointerEventDispatcher0 (server),
01-08 03:18:06.187 I/auditd ( 0): type=1400 audit(0.0:3728): avc: denied { kill } for comm="swapper/3" capability=5 scontext=u:r:kernel:s0 tcontext=u:r:kernel:s0 tclass=capability permissive=0
01-08 03:18:07.191 I/auditd ( 0): type=1400 audit(0.0:3729): avc: denied { kill } for comm="swapper/3" capability=5 scontext=u:r:kernel:s0 tcontext=u:r:kernel:s0 tclass=capability permissive=0
01-08 03:18:08.055 I/input_interaction( 1519): Interaction with: 341370a StatusBar (server), edge-swipe (server), swipe-up (server), PointerEventDispatcher0 (server),
01-08 03:18:08.061 I/sysui_multi_action( 2378): [757,803,799,panel_open,802,1]
01-08 03:18:08.062 I/sysui_multi_action( 2378): [757,1328,758,4,1326,52,1327,2,1329,0]
01-08 03:18:08.108 I/sysui_multi_action( 1519): [757,127,758,1]
01-08 03:18:08.108 I/sysui_multi_action( 1519): [757,804,799,note_load,801,3,802,1]
01-08 03:18:08.108 I/notification_panel_revealed( 1519): 3
01-08 03:18:08.121 I/input_focus( 1519): [Focus request e19dcb9 NotificationShade,reason=UpdateInputWindows]
01-08 03:18:08.132 I/sysui_multi_action( 1519): [757,128,758,1,793,6349184,794,0,795,6349184,796,26,798,0,806,android,857,DEVELOPER_IMPORTANT,858,4,947,0,1395,3,1500,6348980,1688,1]
01-08 03:18:08.132 I/sysui_multi_action( 1519): [757,804,799,note_freshness,801,6349184,802,1]
01-08 03:18:08.132 I/notification_visibility( 1519): [-1|android|26|null|1000,1,6349184,6349184,0,0]
01-08 03:18:08.132 I/sysui_multi_action( 1519): [757,128,758,1,793,1879634,794,0,795,1879634,796,4273,798,1,806,com.android.systemui,857,screen_record,858,3,947,0,1395,3,1500,1879432,1688,1,1745,680407814]
01-08 03:18:08.132 I/sysui_multi_action( 1519): [757,804,799,note_freshness,801,1879634,802,1]
01-08 03:18:08.132 I/notification_visibility( 1519): [0|com.android.systemui|4273|null|10081,1,1879634,1879634,0,1]
01-08 03:18:08.132 I/sysui_multi_action( 1519): [757,128,758,1,793,6403043,794,0,795,6403043,796,32,798,2,806,android,857,USB,858,1,947,0,1395,3,1500,6402840,1688,1]
01-08 03:18:08.132 I/sysui_multi_action( 1519): [757,804,799,note_freshness,801,6403043,802,1]
01-08 03:18:08.133 I/notification_visibility( 1519): [-1|android|32|null|1000,1,6403043,6403043,0,2]
01-08 03:18:08.141 I/input_focus( 1519): [Focus leaving 4e2f174 com.android.launcher3/com.android.launcher3.uioverrides.QuickstepLauncher (server),reason=setFocusedWindow]
01-08 03:18:08.141 I/input_focus( 1519): [Focus entering e19dcb9 NotificationShade (server),reason=setFocusedWindow]
01-08 03:18:08.189 I/sysui_multi_action( 2378): [757,111,758,1]
01-08 03:18:08.189 I/sysui_multi_action( 2378): [757,126,758,1,759,126,927,0,928,1,1593,0]
01-08 03:18:08.189 I/sysui_multi_action( 2378): [757,113,758,1,759,113,927,1,928,1,1593,0]
01-08 03:18:08.189 I/sysui_multi_action( 2378): [757,0,758,1,759,0,927,2,928,0,1593,0]
01-08 03:18:08.190 I/sysui_multi_action( 2378): [757,0,758,1,759,0,927,3,928,0,1593,0]
01-08 03:18:08.190 I/sysui_multi_action( 2378): [757,491,758,1,759,491,927,4,928,0,1311,-1,1593,0]
01-08 03:18:08.190 I/sysui_multi_action( 2378): [757,0,758,1,759,0,927,5,928,0,1593,0]
01-08 03:18:08.190 I/sysui_multi_action( 2378): [757,111,758,1]
01-08 03:18:08.191 I/sysui_multi_action( 2378): [757,126,758,1,759,126,927,0,928,1,1593,0]
01-08 03:18:08.191 I/sysui_multi_action( 2378): [757,113,758,1,759,113,927,1,928,1,1593,0]
01-08 03:18:08.191 I/sysui_multi_action( 2378): [757,0,758,1,759,0,927,2,928,0,1593,0]
01-08 03:18:08.191 I/sysui_multi_action( 2378): [757,0,758,1,759,0,927,3,928,0,1593,0]
01-08 03:18:08.187 I/auditd ( 0): type=1400 audit(0.0:3730): avc: denied { kill } for comm="swapper/3" capability=5 scontext=u:r:kernel:s0 tcontext=u:r:kernel:s0 tclass=capability permissive=0
01-08 03:18:09.187 I/auditd ( 0): type=1400 audit(0.0:3731): avc: denied { kill } for comm="swapper/3" capability=5 scontext=u:r:kernel:s0 tcontext=u:r:kernel:s0 tclass=capability permissive=0
01-08 03:18:09.213 I/input_interaction( 1519): Interaction with: e19dcb9 NotificationShade (server), edge-swipe (server), swipe-up (server), PointerEventDispatcher0 (server),
01-08 03:18:10.033 I/notification_enqueue( 1519): [10081,2378,com.android.systemui,2048,NULL,0,Notification(channel=updateNotification shortcut=null contentView=null vibrate=null sound=null defaults=0x0 flags=0x0 color=0x00000000 vis=PRIVATE),1]
01-08 03:18:10.033 I/sysui_multi_action( 2378): [757,111,758,2]
01-08 03:18:10.034 I/sysui_multi_action( 2378): [757,111,758,2]
01-08 03:18:10.187 I/auditd ( 0): type=1400 audit(0.0:3732): avc: denied { kill } for comm="swapper/3" capability=5 scontext=u:r:kernel:s0 tcontext=u:r:kernel:s0 tclass=capability permissive=0
01-08 03:18:10.235 I/input_focus( 1519): [Focus request 4e2f174 com.android.launcher3/com.android.launcher3.uioverrides.QuickstepLauncher,reason=UpdateInputWindows]
01-08 03:18:10.248 I/sysui_multi_action( 1519): [757,128,758,2,793,6351301,794,2117,795,6351301,796,26,798,0,806,android,857,DEVELOPER_IMPORTANT,858,4,947,0,1395,3,1500,6351097,1688,1]
01-08 03:18:10.248 I/notification_visibility( 1519): [-1|android|26|null|1000,0,6351301,6351301,0,0]
01-08 03:18:10.249 I/sysui_multi_action( 1519): [757,128,758,2,793,1881750,794,2116,795,1881750,796,4273,798,1,806,com.android.systemui,857,screen_record,858,3,947,0,1395,3,1500,1881548,1688,1,1745,680407814]
01-08 03:18:10.249 I/notification_visibility( 1519): [0|com.android.systemui|4273|null|10081,0,1881750,1881750,0,1]
01-08 03:18:10.249 I/sysui_multi_action( 1519): [757,128,758,2,793,6405160,794,2117,795,6405160,796,32,798,2,806,android,857,USB,858,1,947,0,1395,3,1500,6404957,1688,1]
01-08 03:18:10.249 I/notification_visibility( 1519): [-1|android|32|null|1000,0,6405160,6405160,0,2]
01-08 03:18:10.250 I/sysui_multi_action( 1519): [757,127,758,2]
01-08 03:18:10.250 I/notification_panel_hidden( 1519):
01-08 03:18:10.262 I/input_focus( 1519): [Focus leaving e19dcb9 NotificationShade (server),reason=NOT_FOCUSABLE]
01-08 03:18:10.263 I/input_focus( 1519): [Focus entering 4e2f174 com.android.launcher3/com.android.launcher3.uioverrides.QuickstepLauncher (server),reason=setFocusedWindow]
01-08 03:18:10.798 I/input_interaction( 1519): Interaction with: 4e2f174 com.android.launcher3/com.android.launcher3.uioverrides.QuickstepLauncher (server), c8b2b8c com.android.systemui.ImageWallpaper (server), edge-swipe (server), swipe-up (server), PointerEventDispatcher0 (server),
01-08 03:18:11.191 I/auditd ( 0): type=1400 audit(0.0:3733): avc: denied { kill } for comm="swapper/3" capability=5 scontext=u:r:kernel:s0 tcontext=u:r:kernel:s0 tclass=capability permissive=0
01-08 03:18:12.187 I/auditd ( 0): type=1400 audit(0.0:3734): avc: denied { kill } for comm="swapper/3" capability=5 scontext=u:r:kernel:s0 tcontext=u:r:kernel:s0 tclass=capability permissive=0
01-08 03:18:12.261 I/wm_task_moved( 1519): [35,1,7]
01-08 03:18:12.261 I/wm_task_to_front( 1519): [0,35]
01-08 03:18:12.262 I/wm_focused_root_task( 1519): [0,0,35,1,bringingFoundTaskToFront]
01-08 03:18:12.262 I/wm_set_resumed_activity( 1519): [0,com.android.settings/.Settings,bringingFoundTaskToFront]
01-08 03:18:12.262 I/wm_new_intent( 1519): [0,59838401,35,com.android.settings/.Settings,android.intent.action.MAIN,NULL,NULL,270532608]
01-08 03:18:12.265 I/wm_pause_activity( 1519): [0,110752405,com.android.launcher3/.uioverrides.QuickstepLauncher,userLeaving=true,pauseBackTasks]
01-08 03:18:12.270 I/wm_on_top_resumed_lost_called( 2855): [110752405,com.android.launcher3.uioverrides.QuickstepLauncher,topStateChangedWhenResumed]
01-08 03:18:12.276 I/wm_on_paused_called( 2855): [110752405,com.android.launcher3.uioverrides.QuickstepLauncher,performPause]
01-08 03:18:12.279 I/wm_set_resumed_activity( 1519): [0,com.android.settings/.Settings,resumeTopActivityInnerLocked]
01-08 03:18:12.280 I/wm_add_to_stopping( 1519): [0,110752405,com.android.launcher3/.uioverrides.QuickstepLauncher,makeInvisible]
01-08 03:18:12.282 I/wm_resume_activity( 1519): [0,59838401,35,com.android.settings/.Settings]
01-08 03:18:12.294 I/sysui_multi_action( 1519): [757,803,799,window_time_0,802,46]
01-08 03:18:12.300 I/wm_on_restart_called(13228): [59838401,com.android.settings.Settings,performRestartActivity]
01-08 03:18:12.300 I/input_focus( 1519): [Focus leaving 4e2f174 com.android.launcher3/com.android.launcher3.uioverrides.QuickstepLauncher (server),reason=NO_WINDOW]
01-08 03:18:12.302 I/wm_on_start_called(13228): [59838401,com.android.settings.Settings,handleStartActivity]
01-08 03:18:12.302 I/snet_event_log(13228): [120484087,-1,]
01-08 03:18:12.303 I/wm_on_resume_called(13228): [59838401,com.android.settings.Settings,RESUME_ACTIVITY]
01-08 03:18:12.303 I/sysui_multi_action(13228): [757,35,758,1,833,0,1089,0]
01-08 03:18:12.304 I/sysui_multi_action(13228): [757,3000,758,1,833,0,1089,0]
01-08 03:18:12.305 I/wm_on_top_resumed_gained_called(13228): [59838401,com.android.settings.Settings,topWhenResuming]
01-08 03:18:12.318 I/input_focus( 1519): [Focus request ffd8487 com.android.settings/com.android.settings.Settings,reason=UpdateInputWindows]
01-08 03:18:12.338 I/sysui_multi_action( 1519): [319,28,321,24,322,73,325,6433,757,761,758,9,759,4,806,com.android.settings,871,com.android.settings.Settings,904,com.android.launcher3,905,0,1320,4,1321,1]
01-08 03:18:12.349 I/input_focus( 1519): [Focus entering ffd8487 com.android.settings/com.android.settings.Settings (server),reason=Window became focusable. Previous reason: NOT_VISIBLE]
01-08 03:18:12.354 I/am_pss ( 1519): [13673,10096,com.tencent.tmgp.sgame,762571776,743731200,39936,893534208,0,16,42]
01-08 03:18:12.361 I/am_pss ( 1519): [13709,10096,com.tencent.tmgp.sgame:xg_vip_service,15451136,7008256,43008,108793856,0,10,6]
01-08 03:18:12.822 I/wm_stop_activity( 1519): [0,110752405,com.android.launcher3/.uioverrides.QuickstepLauncher]
01-08 03:18:12.852 I/wm_on_stop_called( 2855): [110752405,com.android.launcher3.uioverrides.QuickstepLauncher,STOP_ACTIVITY_ITEM]
01-08 03:18:13.191 I/auditd ( 0): type=1400 audit(0.0:3735): avc: denied { kill } for comm="swapper/3" capability=5 scontext=u:r:kernel:s0 tcontext=u:r:kernel:s0 tclass=capability permissive=0
01-08 03:18:13.287 I/input_interaction( 1519): Interaction with: ffd8487 com.android.settings/com.android.settings.Settings (server), edge-swipe (server), swipe-up (server), PointerEventDispatcher0 (server),
01-08 03:18:13.313 I/view_enqueue_input_event(13228): [Motion - Cancel,com.android.settings/com.android.settings.Settings]
01-08 03:18:13.325 I/input_interaction( 1519): Interaction with: edge-swipe (server), swipe-up (server), PointerEventDispatcher0 (server),
01-08 03:18:13.477 I/sysui_multi_action( 1519): [757,803,799,key_back_press,802,1]
01-08 03:18:13.482 I/input_interaction( 1519): Interaction with: ffd8487 com.android.settings/com.android.settings.Settings (server), PointerEventDispatcher0 (server),
01-08 03:18:13.491 I/sysui_multi_action(13228): [757,3000,758,2,1089,1187]
01-08 03:18:13.504 I/sysui_multi_action(13228): [757,3000,758,1,833,0,1089,0]
01-08 03:18:14.851 I/input_interaction( 1519): Interaction with: ffd8487 com.android.settings/com.android.settings.Settings (server), edge-swipe (server), swipe-up (server), PointerEventDispatcher0 (server),
01-08 03:18:15.850 I/sysui_multi_action(13228): [757,830,758,4,833,0,854,top_level_network,1089,0]
01-08 03:18:15.955 I/sysui_multi_action(13228): [757,3000,758,2,1089,2451]
01-08 03:18:15.969 W/CarrierConfigManager(13228): Error getting config for subId -1 ICarrierConfigLoader is null
01-08 03:18:16.013 I/sysui_multi_action(13228): [757,746,758,1,833,0,1089,51]
01-08 03:18:16.014 D/TelephonyRegistry( 1519): listen oscl: mHasNotifySubscriptionInfoChangedOccurred==false no callback
01-08 03:18:16.016 D/TelephonyRegistry( 1519): listen oscl: mHasNotifySubscriptionInfoChangedOccurred==false no callback
01-08 03:18:16.022 I/sysui_multi_action(13228): [757,1729,758,4,854,isParalleledControllers:false,1089,60]
01-08 03:18:16.433 I/sysui_multi_action(13228): [757,830,758,4,833,0,854,top_level_connected_devices,1089,0]
01-08 03:18:16.541 I/sysui_multi_action(13228): [757,746,758,2,1089,528]
01-08 03:18:16.629 I/sysui_multi_action(13228): [757,747,758,1,833,0,1089,70]
01-08 03:18:16.631 I/sysui_multi_action(13228): [757,1729,758,4,854,isParalleledControllers:false,1089,72]
01-08 03:18:16.915 I/sysui_multi_action(13228): [757,830,758,4,833,0,854,top_level_apps,1089,0]
01-08 03:18:17.019 I/sysui_multi_action(13228): [757,747,758,2,1089,389]
01-08 03:18:17.127 I/sysui_multi_action(13228): [757,65,758,1,833,0,1089,98]
01-08 03:18:17.163 I/sysui_multi_action(13228): [757,1729,758,4,854,isParalleledControllers:false,1089,134]
01-08 03:18:17.187 I/auditd ( 288): type=1400 audit(0.0:3736): avc: denied { kill } for comm="kgsl_worker_thr" capability=5 scontext=u:r:kernel:s0 tcontext=u:r:kernel:s0 tclass=capability permissive=0
01-08 03:18:17.346 I/sysui_multi_action(13228): [757,830,758,4,833,0,854,top_level_notification,1089,0]
01-08 03:18:17.492 I/sysui_multi_action(13228): [757,65,758,2,1089,364]
01-08 03:18:17.573 I/sysui_multi_action(13228): [757,337,758,1,833,0,1089,17]
01-08 03:18:17.575 I/sysui_multi_action(13228): [757,1729,758,4,854,isParalleledControllers:false,1089,19]
01-08 03:18:18.111 I/liblog ( 1300): 15
01-08 03:18:18.187 I/auditd ( 0): type=1400 audit(0.0:3737): avc: denied { kill } for comm="swapper/1" capability=5 scontext=u:r:kernel:s0 tcontext=u:r:kernel:s0 tclass=capability permissive=0
01-08 03:18:18.670 I/sysui_multi_action(13228): [757,830,758,4,833,0,854,top_level_storage,1089,0]
01-08 03:18:18.777 I/sysui_multi_action(13228): [757,337,758,2,1089,1204]
01-08 03:18:18.839 I/sysui_multi_action(13228): [757,745,758,1,833,0,1089,38]
01-08 03:18:18.840 I/sysui_multi_action(13228): [757,1729,758,4,854,isParalleledControllers:false,1089,39]
01-08 03:18:19.187 I/auditd ( 0): type=1400 audit(0.0:3738): avc: denied { kill } for comm="swapper/1" capability=5 scontext=u:r:kernel:s0 tcontext=u:r:kernel:s0 tclass=capability permissive=0
01-08 03:18:19.200 I/sysui_multi_action(13228): [757,830,758,4,833,0,854,top_level_sound,1089,0]
01-08 03:18:19.317 I/sysui_multi_action(13228): [757,745,758,2,1089,479]
01-08 03:18:19.323 I/am_uid_idle( 1519): 10096
01-08 03:18:19.323 I/am_stop_idle_service( 1519): [10096,com.tencent.tmgp.sgame/com.tencent.android.tpush.service.XGVipPushService]
01-08 03:18:19.324 I/am_stop_idle_service( 1519): [10096,com.tencent.tmgp.sgame/com.tencent.tpns.mqttchannel.services.MqttService]
01-08 03:18:19.359 I/service_manager_stats(13228): [100,31,6440376]
01-08 03:18:19.373 I/sysui_multi_action(13228): [757,336,758,1,833,0,1089,44]
01-08 03:18:19.376 I/sysui_multi_action(13228): [757,1729,758,4,854,isParalleledControllers:false,1089,47]
01-08 03:18:19.706 I/sysui_multi_action(13228): [757,830,758,4,833,0,854,top_level_display,1089,0]
01-08 03:18:19.812 I/sysui_multi_action(13228): [757,336,758,2,1089,439]
01-08 03:18:19.859 I/sysui_multi_action(13228): [757,46,758,1,833,0,1089,37]
01-08 03:18:19.869 I/sysui_multi_action(13228): [757,1729,758,4,854,isParalleledControllers:false,1089,47]
01-08 03:18:20.187 I/auditd ( 0): type=1400 audit(0.0:3739): avc: denied { kill } for comm="swapper/1" capability=5 scontext=u:r:kernel:s0 tcontext=u:r:kernel:s0 tclass=capability permissive=0
01-08 03:18:21.091 I/sysui_multi_action(13228): [757,830,758,4,833,0,854,top_level_security,1089,0]
01-08 03:18:21.187 I/auditd ( 0): type=1400 audit(0.0:3740): avc: denied { kill } for comm="swapper/1" capability=5 scontext=u:r:kernel:s0 tcontext=u:r:kernel:s0 tclass=capability permissive=0
01-08 03:18:21.194 I/sysui_multi_action(13228): [757,46,758,2,1089,1334]
01-08 03:18:21.242 I/sysui_multi_action(13228): [757,87,758,1,833,0,1089,37]
01-08 03:18:21.246 I/sysui_multi_action(13228): [757,1729,758,4,854,isParalleledControllers:false,1089,42]
01-08 03:18:21.661 I/sysui_multi_action(13228): [757,830,758,4,833,0,854,top_level_privacy,1089,0]
01-08 03:18:21.766 I/sysui_multi_action(13228): [757,87,758,2,1089,524]
01-08 03:18:21.824 I/sysui_multi_action(13228): [757,1587,758,1,833,0,1089,41]
01-08 03:18:21.829 I/sysui_multi_action(13228): [757,1729,758,4,854,isParalleledControllers:false,1089,47]
01-08 03:18:22.187 I/auditd ( 0): type=1400 audit(0.0:3741): avc: denied { kill } for comm="swapper/1" capability=5 scontext=u:r:kernel:s0 tcontext=u:r:kernel:s0 tclass=capability permissive=0
01-08 03:18:22.246 I/sysui_multi_action(13228): [757,830,758,4,833,0,854,top_level_system,1089,0]
01-08 03:18:22.351 I/sysui_multi_action(13228): [757,1587,758,2,1089,527]
01-08 03:18:22.406 I/sysui_multi_action(13228): [757,744,758,1,833,0,1089,37]
01-08 03:18:22.420 I/sysui_multi_action(13228): [757,1729,758,4,854,isParalleledControllers:false,1089,51]
01-08 03:18:22.866 I/sysui_multi_action(13228): [757,830,758,4,833,0,854,top_level_game,1089,0]
01-08 03:18:22.969 I/sysui_multi_action(13228): [757,744,758,2,1089,563]
01-08 03:18:23.007 I/am_pss ( 1519): [13228,1000,com.android.settings,189206528,177729536,40960,309534720,0,2,22]
01-08 03:18:23.021 I/sysui_multi_action(13228): [757,3000,758,1,833,0,1089,45]
01-08 03:18:23.022 I/sysui_multi_action(13228): [757,1729,758,4,854,isParalleledControllers:false,1089,46]
01-08 03:18:23.187 I/auditd ( 0): type=1400 audit(0.0:3742): avc: denied { kill } for comm="swapper/1" capability=5 scontext=u:r:kernel:s0 tcontext=u:r:kernel:s0 tclass=capability permissive=0
01-08 03:18:24.187 I/auditd ( 0): type=1400 audit(0.0:3743): avc: denied { kill } for comm="swapper/1" capability=5 scontext=u:r:kernel:s0 tcontext=u:r:kernel:s0 tclass=capability permissive=0
01-08 03:18:25.187 I/auditd ( 0): type=1400 audit(0.0:3744): avc: denied { kill } for comm="swapper/1" capability=5 scontext=u:r:kernel:s0 tcontext=u:r:kernel:s0 tclass=capability permissive=0
01-08 03:18:26.191 I/auditd ( 0): type=1400 audit(0.0:3745): avc: denied { kill } for comm="swapper/1" capability=5 scontext=u:r:kernel:s0 tcontext=u:r:kernel:s0 tclass=capability permissive=0
01-08 03:18:26.629 I/sysui_multi_action(13228): [757,830,758,4,833,0,854,top_level_system,1089,0]
01-08 03:18:26.735 I/sysui_multi_action(13228): [757,3000,758,2,1089,3712]
01-08 03:18:26.785 I/sysui_multi_action(13228): [757,744,758,1,833,0,1089,31]
01-08 03:18:26.789 I/sysui_multi_action(13228): [757,1729,758,4,854,isParalleledControllers:false,1089,34]
01-08 03:18:27.187 I/auditd ( 0): type=1400 audit(0.0:3746): avc: denied { kill } for comm="swapper/1" capability=5 scontext=u:r:kernel:s0 tcontext=u:r:kernel:s0 tclass=capability permissive=0
01-08 03:18:27.342 I/sysui_multi_action(13228): [757,830,758,4,833,0,854,top_level_privacy,1089,0]
01-08 03:18:27.453 I/sysui_multi_action(13228): [757,744,758,2,1089,667]
01-08 03:18:27.483 I/sysui_multi_action(13228): [757,1587,758,1,833,0,1089,22]
01-08 03:18:27.484 I/sysui_multi_action(13228): [757,1729,758,4,854,isParalleledControllers:false,1089,24]
01-08 03:18:27.761 I/service_manager_stats( 1519): [100,68,30252]
01-08 03:18:27.773 I/sysui_multi_action(13228): [757,830,758,4,833,0,854,top_level_security,1089,0]
01-08 03:18:27.876 I/sysui_multi_action(13228): [757,1587,758,2,1089,393]
01-08 03:18:27.911 I/sysui_multi_action(13228): [757,87,758,1,833,0,1089,30]
01-08 03:18:27.915 I/sysui_multi_action(13228): [757,1729,758,4,854,isParalleledControllers:false,1089,34]
01-08 03:18:28.075 I/sysui_multi_action(13228): [757,830,758,4,833,0,854,top_level_display,1089,0]
01-08 03:18:28.177 I/sysui_multi_action(13228): [757,87,758,2,1089,265]
01-08 03:18:28.187 I/auditd ( 0): type=1400 audit(0.0:3747): avc: denied { kill } for comm="swapper/1" capability=5 scontext=u:r:kernel:s0 tcontext=u:r:kernel:s0 tclass=capability permissive=0
01-08 03:18:28.212 I/sysui_multi_action(13228): [757,46,758,1,833,0,1089,29]
01-08 03:18:28.217 I/sysui_multi_action(13228): [757,1729,758,4,854,isParalleledControllers:false,1089,34]
01-08 03:18:28.308 I/sysui_multi_action(13228): [757,830,758,4,833,0,854,top_level_sound,1089,0]
01-08 03:18:28.412 I/sysui_multi_action(13228): [757,46,758,2,1089,199]
01-08 03:18:28.455 I/sysui_multi_action(13228): [757,336,758,1,833,0,1089,32]
01-08 03:18:28.459 I/sysui_multi_action(13228): [757,1729,758,4,854,isParalleledControllers:false,1089,37]
01-08 03:18:28.710 I/sysui_multi_action(13228): [757,830,758,4,833,0,854,top_level_sound,1089,0]
01-08 03:18:28.815 I/sysui_multi_action(13228): [757,336,758,2,1089,361]
01-08 03:18:28.857 I/sysui_multi_action(13228): [757,336,758,1,833,0,1089,34]
01-08 03:18:28.861 I/sysui_multi_action(13228): [757,1729,758,4,854,isParalleledControllers:false,1089,37]
01-08 03:18:29.187 I/auditd ( 0): type=1400 audit(0.0:3748): avc: denied { kill } for comm="swapper/1" capability=5 scontext=u:r:kernel:s0 tcontext=u:r:kernel:s0 tclass=capability permissive=0
01-08 03:18:30.132 I/sysui_multi_action(13228): [757,830,758,4,833,0,854,top_level_storage,1089,0]
01-08 03:18:30.187 I/auditd ( 0): type=1400 audit(0.0:3749): avc: denied { kill } for comm="swapper/1" capability=5 scontext=u:r:kernel:s0 tcontext=u:r:kernel:s0 tclass=capability permissive=0
01-08 03:18:30.241 I/sysui_multi_action(13228): [757,336,758,2,1089,1383]
01-08 03:18:30.290 I/sysui_multi_action(13228): [757,745,758,1,833,0,1089,31]
01-08 03:18:30.292 I/sysui_multi_action(13228): [757,1729,758,4,854,isParalleledControllers:false,1089,34]
01-08 03:18:30.488 I/sysui_multi_action(13228): [757,830,758,4,833,0,854,top_level_notification,1089,0]
01-08 03:18:30.594 I/sysui_multi_action(13228): [757,745,758,2,1089,305]
01-08 03:18:30.625 I/sysui_multi_action(13228): [757,337,758,1,833,0,1089,20]
01-08 03:18:30.626 I/sysui_multi_action(13228): [757,1729,758,4,854,isParalleledControllers:false,1089,21]
01-08 03:18:30.747 I/sysui_multi_action(13228): [757,830,758,4,833,0,854,top_level_notification,1089,0]
01-08 03:18:30.851 I/sysui_multi_action(13228): [757,337,758,2,1089,225]
01-08 03:18:30.879 I/sysui_multi_action(13228): [757,337,758,1,833,0,1089,19]
01-08 03:18:30.880 I/sysui_multi_action(13228): [757,1729,758,4,854,isParalleledControllers:false,1089,21]
01-08 03:18:31.049 I/sysui_multi_action(13228): [757,830,758,4,833,0,854,top_level_apps,1089,0]
01-08 03:18:31.152 I/sysui_multi_action(13228): [757,337,758,2,1089,273]
01-08 03:18:31.187 I/auditd ( 0): type=1400 audit(0.0:3750): avc: denied { kill } for comm="swapper/1" capability=5 scontext=u:r:kernel:s0 tcontext=u:r:kernel:s0 tclass=capability permissive=0
01-08 03:18:31.194 I/sysui_multi_action(13228): [757,65,758,1,833,0,1089,33]
01-08 03:18:31.197 I/sysui_multi_action(13228): [757,1729,758,4,854,isParalleledControllers:false,1089,37]
01-08 03:18:31.279 I/sysui_multi_action(13228): [757,830,758,4,833,0,854,top_level_apps,1089,0]
01-08 03:18:31.382 I/sysui_multi_action(13228): [757,65,758,2,1089,189]
01-08 03:18:31.416 I/sysui_multi_action(13228): [757,65,758,1,833,0,1089,25]
01-08 03:18:31.419 I/sysui_multi_action(13228): [757,1729,758,4,854,isParalleledControllers:false,1089,29]
01-08 03:18:31.633 I/sysui_multi_action(13228): [757,830,758,4,833,0,854,top_level_connected_devices,1089,0]
01-08 03:18:31.748 I/sysui_multi_action(13228): [757,65,758,2,1089,332]
01-08 03:18:31.786 I/sysui_multi_action(13228): [757,747,758,1,833,0,1089,31]
01-08 03:18:31.788 I/sysui_multi_action(13228): [757,1729,758,4,854,isParalleledControllers:false,1089,33]
01-08 03:18:31.849 I/sysui_multi_action(13228): [757,830,758,4,833,0,854,top_level_connected_devices,1089,0]
01-08 03:18:31.953 I/sysui_multi_action(13228): [757,747,758,2,1089,166]
01-08 03:18:31.984 I/sysui_multi_action(13228): [757,747,758,1,833,0,1089,23]
01-08 03:18:31.986 I/sysui_multi_action(13228): [757,1729,758,4,854,isParalleledControllers:false,1089,25]
01-08 03:18:32.187 I/auditd ( 0): type=1400 audit(0.0:3751): avc: denied { kill } for comm="swapper/1" capability=5 scontext=u:r:kernel:s0 tcontext=u:r:kernel:s0 tclass=capability permissive=0
01-08 03:18:33.187 I/auditd ( 0): type=1400 audit(0.0:3752): avc: denied { kill } for comm="swapper/1" capability=5 scontext=u:r:kernel:s0 tcontext=u:r:kernel:s0 tclass=capability permissive=0
01-08 03:18:33.219 I/sysui_multi_action(13228): [757,830,758,4,833,0,854,top_level_network,1089,0]
01-08 03:18:33.325 I/sysui_multi_action(13228): [757,747,758,2,1089,1340]
01-08 03:18:33.349 W/CarrierConfigManager(13228): Error getting config for subId -1 ICarrierConfigLoader is null
01-08 03:18:33.373 I/am_pss ( 1519): [13228,1000,com.android.settings,198270976,185806848,40960,321351680,0,2,17]
01-08 03:18:33.413 I/sysui_multi_action(13228): [757,746,758,1,833,0,1089,71]
01-08 03:18:33.414 D/TelephonyRegistry( 1519): listen oscl: mHasNotifySubscriptionInfoChangedOccurred==false no callback
01-08 03:18:33.417 D/TelephonyRegistry( 1519): listen oscl: mHasNotifySubscriptionInfoChangedOccurred==false no callback
01-08 03:18:33.424 I/sysui_multi_action(13228): [757,1729,758,4,854,isParalleledControllers:false,1089,82]
01-08 03:18:34.187 I/auditd ( 0): type=1400 audit(0.0:3753): avc: denied { kill } for comm="swapper/1" capability=5 scontext=u:r:kernel:s0 tcontext=u:r:kernel:s0 tclass=capability permissive=0
01-08 03:18:35.775 I/sysui_multi_action(13228): [757,830,758,4,833,0,854,top_level_about_device,1089,0]
01-08 03:18:35.889 I/sysui_multi_action(13228): [757,746,758,2,1089,2475]
01-08 03:18:35.966 I/sysui_multi_action(13228): [757,40,758,1,833,0,1089,61]
01-08 03:18:35.967 W/FeatureConnector(13228): [ImsConnector, 0] connect: not supported.
01-08 03:18:35.971 I/sysui_multi_action(13228): [757,1729,758,4,854,isParalleledControllers:false,1089,66]
01-08 03:18:36.187 I/auditd ( 0): type=1400 audit(0.0:3754): avc: denied { kill } for comm="swapper/2" capability=5 scontext=u:r:kernel:s0 tcontext=u:r:kernel:s0 tclass=capability permissive=0
01-08 03:18:36.314 I/sysui_multi_action(13228): [757,830,758,4,833,0,854,top_level_game,1089,0]
01-08 03:18:36.416 I/sysui_multi_action(13228): [757,40,758,2,1089,451]
01-08 03:18:36.448 I/sysui_multi_action(13228): [757,3000,758,1,833,0,1089,24]
01-08 03:18:36.450 I/sysui_multi_action(13228): [757,1729,758,4,854,isParalleledControllers:false,1089,25]
01-08 03:18:36.679 I/sysui_multi_action(13228): [757,830,758,4,833,0,854,top_level_system,1089,0]
01-08 03:18:36.782 I/sysui_multi_action(13228): [757,3000,758,2,1089,333]
01-08 03:18:36.807 I/sysui_multi_action(13228): [757,744,758,1,833,0,1089,20]
01-08 03:18:36.809 I/sysui_multi_action(13228): [757,1729,758,4,854,isParalleledControllers:false,1089,22]
01-08 03:18:36.946 I/sysui_multi_action(13228): [757,830,758,4,833,0,854,top_level_privacy,1089,0]
01-08 03:18:37.050 I/sysui_multi_action(13228): [757,744,758,2,1089,242]
01-08 03:18:37.081 I/sysui_multi_action(13228): [757,1587,758,1,833,0,1089,25]
01-08 03:18:37.083 I/sysui_multi_action(13228): [757,1729,758,4,854,isParalleledControllers:false,1089,28]
01-08 03:18:37.272 I/sysui_multi_action(13228): [757,830,758,4,833,0,854,top_level_privacy,1089,0]
01-08 03:18:37.374 I/sysui_multi_action(13228): [757,1587,758,2,1089,294]
01-08 03:18:37.403 I/sysui_multi_action(13228): [757,1587,758,1,833,0,1089,23]
01-08 03:18:37.405 I/sysui_multi_action(13228): [757,1729,758,4,854,isParalleledControllers:false,1089,25]
01-08 03:18:37.574 I/sysui_multi_action(13228): [757,830,758,4,833,0,854,top_level_security,1089,0]
01-08 03:18:37.676 I/sysui_multi_action(13228): [757,1587,758,2,1089,273]
01-08 03:18:37.714 I/sysui_multi_action(13228): [757,87,758,1,833,0,1089,33]
01-08 03:18:37.717 I/service_manager_stats(13228): [100,29,18358]
01-08 03:18:37.718 I/sysui_multi_action(13228): [757,1729,758,4,854,isParalleledControllers:false,1089,37]
01-08 03:18:38.187 I/auditd ( 0): type=1400 audit(0.0:3755): avc: denied { kill } for comm="swapper/2" capability=5 scontext=u:r:kernel:s0 tcontext=u:r:kernel:s0 tclass=capability permissive=0
01-08 03:18:38.703 I/sysui_multi_action(13228): [757,830,758,4,833,0,854,top_level_privacy,1089,0]
01-08 03:18:38.807 I/sysui_multi_action(13228): [757,87,758,2,1089,1092]
01-08 03:18:38.852 I/sysui_multi_action(13228): [757,1587,758,1,833,0,1089,31]
01-08 03:18:38.856 I/sysui_multi_action(13228): [757,1729,758,4,854,isParalleledControllers:false,1089,35]
01-08 03:18:39.166 I/sysui_multi_action(13228): [757,830,758,4,833,0,854,top_level_security,1089,0]
01-08 03:18:39.187 I/auditd ( 0): type=1400 audit(0.0:3756): avc: denied { kill } for comm="swapper/6" capability=5 scontext=u:r:kernel:s0 tcontext=u:r:kernel:s0 tclass=capability permissive=0
01-08 03:18:39.268 I/sysui_multi_action(13228): [757,1587,758,2,1089,415]
01-08 03:18:39.302 I/sysui_multi_action(13228): [757,87,758,1,833,0,1089,29]
01-08 03:18:39.307 I/sysui_multi_action(13228): [757,1729,758,4,854,isParalleledControllers:false,1089,34]
01-08 03:18:39.608 I/sysui_multi_action(13228): [757,830,758,4,833,0,854,top_level_display,1089,0]
01-08 03:18:39.710 I/sysui_multi_action(13228): [757,87,758,2,1089,408]
01-08 03:18:39.750 I/sysui_multi_action(13228): [757,46,758,1,833,0,1089,34]
01-08 03:18:39.756 I/sysui_multi_action(13228): [757,1729,758,4,854,isParalleledControllers:false,1089,40]
01-08 03:18:40.115 I/sysui_multi_action(13228): [757,830,758,4,833,0,854,top_level_security,1089,0]
01-08 03:18:40.187 I/auditd ( 0): type=1400 audit(0.0:3757): avc: denied { kill } for comm="swapper/6" capability=5 scontext=u:r:kernel:s0 tcontext=u:r:kernel:s0 tclass=capability permissive=0
01-08 03:18:40.217 I/sysui_multi_action(13228): [757,46,758,2,1089,467]
01-08 03:18:40.258 I/sysui_multi_action(13228): [757,87,758,1,833,0,1089,31]
01-08 03:18:40.263 I/sysui_multi_action(13228): [757,1729,758,4,854,isParalleledControllers:false,1089,36]
01-08 03:18:40.597 I/sysui_multi_action(13228): [757,830,758,4,833,0,854,top_level_privacy,1089,0]
01-08 03:18:40.700 I/sysui_multi_action(13228): [757,87,758,2,1089,441]
01-08 03:18:40.729 I/sysui_multi_action(13228): [757,1587,758,1,833,0,1089,24]
01-08 03:18:40.731 I/sysui_multi_action(13228): [757,1729,758,4,854,isParalleledControllers:false,1089,27]
01-08 03:18:41.118 I/sysui_multi_action(13228): [757,830,758,4,833,0,854,top_level_system,1089,0]
01-08 03:18:41.187 I/auditd ( 0): type=1400 audit(0.0:3758): avc: denied { kill } for comm="swapper/6" capability=5 scontext=u:r:kernel:s0 tcontext=u:r:kernel:s0 tclass=capability permissive=0
01-08 03:18:41.221 I/sysui_multi_action(13228): [757,1587,758,2,1089,492]
01-08 03:18:41.242 I/sysui_multi_action(13228): [757,744,758,1,833,0,1089,16]
01-08 03:18:41.244 I/sysui_multi_action(13228): [757,1729,758,4,854,isParalleledControllers:false,1089,18]
01-08 03:18:42.187 I/auditd ( 0): type=1400 audit(0.0:3759): avc: denied { kill } for comm="swapper/6" capability=5 scontext=u:r:kernel:s0 tcontext=u:r:kernel:s0 tclass=capability permissive=0
01-08 03:18:42.476 I/sysui_multi_action(13228): [757,830,758,4,833,0,854,top_level_game,1089,0]
01-08 03:18:42.581 I/sysui_multi_action(13228): [757,744,758,2,1089,1338]
01-08 03:18:42.621 I/sysui_multi_action(13228): [757,3000,758,1,833,0,1089,28]
01-08 03:18:42.622 I/sysui_multi_action(13228): [757,1729,758,4,854,isParalleledControllers:false,1089,29]
01-08 03:18:43.154 I/sysui_multi_action(13228): [757,830,758,4,833,0,854,top_level_system,1089,0]
01-08 03:18:43.187 I/auditd ( 0): type=1400 audit(0.0:3760): avc: denied { kill } for comm="swapper/6" capability=5 scontext=u:r:kernel:s0 tcontext=u:r:kernel:s0 tclass=capability permissive=0
01-08 03:18:43.258 I/sysui_multi_action(13228): [757,3000,758,2,1089,636]
01-08 03:18:43.294 I/sysui_multi_action(13228): [757,744,758,1,833,0,1089,25]
01-08 03:18:43.297 I/sysui_multi_action(13228): [757,1729,758,4,854,isParalleledControllers:false,1089,28]
01-08 03:18:43.562 I/sysui_multi_action(13228): [757,830,758,4,833,0,854,top_level_privacy,1089,0]
01-08 03:18:43.665 I/sysui_multi_action(13228): [757,744,758,2,1089,370]
01-08 03:18:43.691 I/sysui_multi_action(13228): [757,1587,758,1,833,0,1089,21]
01-08 03:18:43.693 I/sysui_multi_action(13228): [757,1729,758,4,854,isParalleledControllers:false,1089,22]
01-08 03:18:43.946 I/sysui_multi_action(13228): [757,830,758,4,833,0,854,top_level_security,1089,0]
01-08 03:18:44.048 I/sysui_multi_action(13228): [757,1587,758,2,1089,356]
01-08 03:18:44.083 I/sysui_multi_action(13228): [757,87,758,1,833,0,1089,29]
01-08 03:18:44.087 I/sysui_multi_action(13228): [757,1729,758,4,854,isParalleledControllers:false,1089,34]
01-08 03:18:44.187 I/auditd ( 0): type=1400 audit(0.0:3761): avc: denied { kill } for comm="swapper/6" capability=5 scontext=u:r:kernel:s0 tcontext=u:r:kernel:s0 tclass=capability permissive=0
01-08 03:18:44.297 I/sysui_multi_action(13228): [757,830,758,4,833,0,854,top_level_display,1089,0]
01-08 03:18:44.410 I/sysui_multi_action(13228): [757,87,758,2,1089,328]
01-08 03:18:44.445 I/sysui_multi_action(13228): [757,46,758,1,833,0,1089,29]
01-08 03:18:44.450 I/sysui_multi_action(13228): [757,1729,758,4,854,isParalleledControllers:false,1089,34]
01-08 03:18:45.187 I/auditd ( 0): type=1400 audit(0.0:3762): avc: denied { kill } for comm="swapper/6" capability=5 scontext=u:r:kernel:s0 tcontext=u:r:kernel:s0 tclass=capability permissive=0
01-08 03:18:46.187 I/auditd ( 0): type=1400 audit(0.0:3763): avc: denied { kill } for comm="swapper/6" capability=5 scontext=u:r:kernel:s0 tcontext=u:r:kernel:s0 tclass=capability permissive=0
01-08 03:18:46.671 I/sysui_multi_action(13228): [757,830,758,4,833,0,854,top_level_system,1089,0]
01-08 03:18:46.777 I/sysui_multi_action(13228): [757,46,758,2,1089,2331]
01-08 03:18:46.823 I/sysui_multi_action(13228): [757,744,758,1,833,0,1089,26]
01-08 03:18:46.826 I/sysui_multi_action(13228): [757,1729,758,4,854,isParalleledControllers:false,1089,29]
01-08 03:18:47.187 I/auditd ( 0): type=1400 audit(0.0:3764): avc: denied { kill } for comm="swapper/6" capability=5 scontext=u:r:kernel:s0 tcontext=u:r:kernel:s0 tclass=capability permissive=0
01-08 03:18:47.339 I/sysui_multi_action(13228): [757,830,758,4,833,0,854,top_level_game,1089,0]
01-08 03:18:47.444 I/sysui_multi_action(13228): [757,744,758,2,1089,620]
01-08 03:18:47.485 I/sysui_multi_action(13228): [757,3000,758,1,833,0,1089,27]
01-08 03:18:47.486 I/sysui_multi_action(13228): [757,1729,758,4,854,isParalleledControllers:false,1089,28]
01-08 03:18:48.187 I/auditd ( 0): type=1400 audit(0.0:3765): avc: denied { kill } for comm="swapper/6" capability=5 scontext=u:r:kernel:s0 tcontext=u:r:kernel:s0 tclass=capability permissive=0
01-08 03:18:50.191 I/auditd ( 0): type=1400 audit(0.0:3766): avc: denied { kill } for comm="swapper/3" capability=5 scontext=u:r:kernel:s0 tcontext=u:r:kernel:s0 tclass=capability permissive=0
01-08 03:18:51.191 I/auditd ( 0): type=1400 audit(0.0:3767): avc: denied { kill } for comm="swapper/3" capability=5 scontext=u:r:kernel:s0 tcontext=u:r:kernel:s0 tclass=capability permissive=0
01-08 03:18:52.187 I/auditd ( 0): type=1400 audit(0.0:3768): avc: denied { kill } for comm="swapper/3" capability=5 scontext=u:r:kernel:s0 tcontext=u:r:kernel:s0 tclass=capability permissive=0
01-08 03:18:53.187 I/auditd ( 0): type=1400 audit(0.0:3769): avc: denied { kill } for comm="swapper/3" capability=5 scontext=u:r:kernel:s0 tcontext=u:r:kernel:s0 tclass=capability permissive=0
01-08 03:18:55.191 I/auditd ( 0): type=1400 audit(0.0:3770): avc: denied { kill } for comm="swapper/3" capability=5 scontext=u:r:kernel:s0 tcontext=u:r:kernel:s0 tclass=capability permissive=0
01-08 03:18:56.191 I/auditd ( 0): type=1400 audit(0.0:3771): avc: denied { kill } for comm="swapper/3" capability=5 scontext=u:r:kernel:s0 tcontext=u:r:kernel:s0 tclass=capability permissive=0
01-08 03:18:57.187 I/auditd ( 0): type=1400 audit(0.0:3772): avc: denied { kill } for comm="swapper/3" capability=5 scontext=u:r:kernel:s0 tcontext=u:r:kernel:s0 tclass=capability permissive=0
01-08 03:18:58.191 I/auditd ( 0): type=1400 audit(0.0:3773): avc: denied { kill } for comm="swapper/3" capability=5 scontext=u:r:kernel:s0 tcontext=u:r:kernel:s0 tclass=capability permissive=0
01-08 03:18:59.187 I/auditd ( 0): type=1400 audit(0.0:3774): avc: denied { kill } for comm="swapper/3" capability=5 scontext=u:r:kernel:s0 tcontext=u:r:kernel:s0 tclass=capability permissive=0
01-08 03:19:00.191 I/auditd ( 0): type=1400 audit(0.0:3775): avc: denied { kill } for comm="swapper/3" capability=5 scontext=u:r:kernel:s0 tcontext=u:r:kernel:s0 tclass=capability permissive=0
01-08 03:19:01.191 I/auditd ( 0): type=1400 audit(0.0:3776): avc: denied { kill } for comm="swapper/3" capability=5 scontext=u:r:kernel:s0 tcontext=u:r:kernel:s0 tclass=capability permissive=0
01-08 03:19:02.191 I/auditd ( 0): type=1400 audit(0.0:3777): avc: denied { kill } for comm="swapper/3" capability=5 scontext=u:r:kernel:s0 tcontext=u:r:kernel:s0 tclass=capability permissive=0
01-08 03:19:03.191 I/auditd ( 0): type=1400 audit(0.0:3778): avc: denied { kill } for comm="swapper/3" capability=5 scontext=u:r:kernel:s0 tcontext=u:r:kernel:s0 tclass=capability permissive=0
01-08 03:19:04.191 I/auditd ( 0): type=1400 audit(0.0:3779): avc: denied { kill } for comm="swapper/3" capability=5 scontext=u:r:kernel:s0 tcontext=u:r:kernel:s0 tclass=capability permissive=0
01-08 03:19:05.191 I/auditd ( 0): type=1400 audit(0.0:3780): avc: denied { kill } for comm="swapper/3" capability=5 scontext=u:r:kernel:s0 tcontext=u:r:kernel:s0 tclass=capability permissive=0
01-08 03:19:06.187 I/auditd ( 0): type=1400 audit(0.0:3781): avc: denied { kill } for comm="swapper/3" capability=5 scontext=u:r:kernel:s0 tcontext=u:r:kernel:s0 tclass=capability permissive=0
