01-08 05:14:09.187 I/auditd ( 0): type=1400 audit(0.0:11185): avc: denied { kill } for comm="swapper/3" capability=5 scontext=u:r:kernel:s0 tcontext=u:r:kernel:s0 tclass=capability permissive=0
01-08 05:14:10.191 I/auditd ( 0): type=1400 audit(0.0:11186): avc: denied { kill } for comm="swapper/3" capability=5 scontext=u:r:kernel:s0 tcontext=u:r:kernel:s0 tclass=capability permissive=0
01-08 05:14:11.187 I/auditd ( 0): type=1400 audit(0.0:11187): avc: denied { kill } for comm="swapper/3" capability=5 scontext=u:r:kernel:s0 tcontext=u:r:kernel:s0 tclass=capability permissive=0
01-08 05:14:12.187 I/auditd ( 0): type=1400 audit(0.0:11188): avc: denied { kill } for comm="swapper/3" capability=5 scontext=u:r:kernel:s0 tcontext=u:r:kernel:s0 tclass=capability permissive=0
01-08 05:14:13.191 I/auditd ( 0): type=1400 audit(0.0:11189): avc: denied { kill } for comm="swapper/3" capability=5 scontext=u:r:kernel:s0 tcontext=u:r:kernel:s0 tclass=capability permissive=0
01-08 05:14:14.191 I/auditd ( 0): type=1400 audit(0.0:11190): avc: denied { kill } for comm="swapper/3" capability=5 scontext=u:r:kernel:s0 tcontext=u:r:kernel:s0 tclass=capability permissive=0
01-08 05:14:15.187 I/auditd (15989): type=1400 audit(0.0:11191): avc: denied { kill } for comm="kworker/u17:0" capability=5 scontext=u:r:kernel:s0 tcontext=u:r:kernel:s0 tclass=capability permissive=0
01-08 05:14:16.187 I/auditd ( 0): type=1400 audit(0.0:11192): avc: denied { kill } for comm="swapper/3" capability=5 scontext=u:r:kernel:s0 tcontext=u:r:kernel:s0 tclass=capability permissive=0
01-08 05:14:17.191 I/auditd ( 0): type=1400 audit(0.0:11193): avc: denied { kill } for comm="swapper/3" capability=5 scontext=u:r:kernel:s0 tcontext=u:r:kernel:s0 tclass=capability permissive=0
01-08 05:14:18.191 I/auditd ( 0): type=1400 audit(0.0:11194): avc: denied { kill } for comm="swapper/3" capability=5 scontext=u:r:kernel:s0 tcontext=u:r:kernel:s0 tclass=capability permissive=0
01-08 05:14:19.191 I/auditd ( 0): type=1400 audit(0.0:11195): avc: denied { kill } for comm="swapper/3" capability=5 scontext=u:r:kernel:s0 tcontext=u:r:kernel:s0 tclass=capability permissive=0
01-08 05:14:20.187 I/auditd ( 0): type=1400 audit(0.0:11196): avc: denied { kill } for comm="swapper/3" capability=5 scontext=u:r:kernel:s0 tcontext=u:r:kernel:s0 tclass=capability permissive=0
01-08 05:14:21.191 I/auditd ( 0): type=1400 audit(0.0:11197): avc: denied { kill } for comm="swapper/3" capability=5 scontext=u:r:kernel:s0 tcontext=u:r:kernel:s0 tclass=capability permissive=0
01-08 05:14:22.187 I/auditd ( 0): type=1400 audit(0.0:11198): avc: denied { kill } for comm="swapper/3" capability=5 scontext=u:r:kernel:s0 tcontext=u:r:kernel:s0 tclass=capability permissive=0
01-08 05:14:23.191 I/auditd ( 0): type=1400 audit(0.0:11199): avc: denied { kill } for comm="swapper/3" capability=5 scontext=u:r:kernel:s0 tcontext=u:r:kernel:s0 tclass=capability permissive=0
01-08 05:14:23.509 I/am_uid_idle( 1519): 10096
01-08 05:14:24.187 I/auditd ( 0): type=1400 audit(0.0:11200): avc: denied { kill } for comm="swapper/3" capability=5 scontext=u:r:kernel:s0 tcontext=u:r:kernel:s0 tclass=capability permissive=0
01-08 05:14:25.187 I/auditd ( 0): type=1400 audit(0.0:11201): avc: denied { kill } for comm="swapper/3" capability=5 scontext=u:r:kernel:s0 tcontext=u:r:kernel:s0 tclass=capability permissive=0
01-08 05:14:26.191 I/auditd ( 0): type=1400 audit(0.0:11202): avc: denied { kill } for comm="swapper/3" capability=5 scontext=u:r:kernel:s0 tcontext=u:r:kernel:s0 tclass=capability permissive=0
01-08 05:14:27.187 I/auditd ( 0): type=1400 audit(0.0:11203): avc: denied { kill } for comm="swapper/3" capability=5 scontext=u:r:kernel:s0 tcontext=u:r:kernel:s0 tclass=capability permissive=0
01-08 05:14:28.187 I/auditd ( 0): type=1400 audit(0.0:11204): avc: denied { kill } for comm="swapper/3" capability=5 scontext=u:r:kernel:s0 tcontext=u:r:kernel:s0 tclass=capability permissive=0
01-08 05:14:29.191 I/auditd ( 0): type=1400 audit(0.0:11205): avc: denied { kill } for comm="swapper/3" capability=5 scontext=u:r:kernel:s0 tcontext=u:r:kernel:s0 tclass=capability permissive=0
01-08 05:14:30.191 I/auditd ( 0): type=1400 audit(0.0:11206): avc: denied { kill } for comm="swapper/3" capability=5 scontext=u:r:kernel:s0 tcontext=u:r:kernel:s0 tclass=capability permissive=0
01-08 05:14:30.870 I/input_interaction( 1519): Interaction with: 6b67bdc com.thundercomm.screensaver/android.service.dreams.DreamActivity (server), edge-swipe (server), swipe-up (server), PointerEventDispatcher0 (server),
01-08 05:14:30.873 I/wm_finish_activity( 1519): [0,193053872,40,com.thundercomm.screensaver/android.service.dreams.DreamActivity,finish-activity]
01-08 05:14:30.873 I/wm_task_moved( 1519): [1,1,7]
01-08 05:14:30.874 I/wm_task_moved( 1519): [10,1,2147483647]
01-08 05:14:30.874 I/wm_task_to_front( 1519): [0,10]
01-08 05:14:30.874 I/wm_focused_root_task( 1519): [0,0,1,40,finish-top adjustFocusToNextFocusableTask]
01-08 05:14:30.875 I/wm_set_resumed_activity( 1519): [0,com.android.launcher3/.uioverrides.QuickstepLauncher,finish-top adjustFocusToNextFocusableTask]
01-08 05:14:30.876 I/wm_pause_activity( 1519): [0,193053872,com.thundercomm.screensaver/android.service.dreams.DreamActivity,userLeaving=false,finish]
01-08 05:14:30.883 I/sysui_multi_action( 1519): [757,803,799,window_time_0,802,5764]
01-08 05:14:30.884 I/wm_on_top_resumed_lost_called(14634): [193053872,android.service.dreams.DreamActivity,topStateChangedWhenResumed]
01-08 05:14:30.885 I/wm_on_paused_called(14634): [193053872,android.service.dreams.DreamActivity,performPause]
01-08 05:14:30.885 I/wm_add_to_stopping( 1519): [0,193053872,com.thundercomm.screensaver/android.service.dreams.DreamActivity,completeFinishing]
01-08 05:14:30.887 I/wm_set_resumed_activity( 1519): [0,com.android.launcher3/.uioverrides.QuickstepLauncher,resumeTopActivityInnerLocked]
01-08 05:14:30.890 I/wm_resume_activity( 1519): [0,110752405,10,com.android.launcher3/.uioverrides.QuickstepLauncher]
01-08 05:14:30.895 I/sysui_multi_action( 1519): [757,803,799,window_time_0,802,0]
01-08 05:14:30.901 I/wm_on_restart_called( 2855): [110752405,com.android.launcher3.uioverrides.QuickstepLauncher,performRestartActivity]
01-08 05:14:30.901 I/wm_on_start_called( 2855): [110752405,com.android.launcher3.uioverrides.QuickstepLauncher,handleStartActivity]
01-08 05:14:30.902 I/wm_on_resume_called( 2855): [110752405,com.android.launcher3.uioverrides.QuickstepLauncher,RESUME_ACTIVITY]
01-08 05:14:30.902 I/wm_on_top_resumed_gained_called( 2855): [110752405,com.android.launcher3.uioverrides.QuickstepLauncher,topWhenResuming]
01-08 05:14:30.911 I/input_focus( 1519): [Focus leaving 6b67bdc com.thundercomm.screensaver/android.service.dreams.DreamActivity (server),reason=NO_WINDOW]
01-08 05:14:30.912 I/view_enqueue_input_event(14634): [Motion - Cancel,com.thundercomm.screensaver/android.service.dreams.DreamActivity]
01-08 05:14:30.913 I/input_focus( 1519): [Focus request 4e2f174 com.android.launcher3/com.android.launcher3.uioverrides.QuickstepLauncher,reason=UpdateInputWindows]
01-08 05:14:30.915 I/am_pss ( 1519): [15736,10069,com.thundercomm.gamemode.provider,8784896,5722112,44032,92336128,0,19,6]
01-08 05:14:30.920 I/input_interaction( 1519): Interaction with: edge-swipe (server), swipe-up (server), PointerEventDispatcher0 (server),
01-08 05:14:30.926 I/am_pss ( 1519): [15719,1000,com.thundercomm.gamemode,20684800,16297984,40960,115326976,0,10,9]
01-08 05:14:30.927 I/am_uid_active( 1519): 10069
01-08 05:14:30.932 I/am_pss ( 1519): [15701,1000,com.qti.diagservices,7317504,4276224,44032,90189824,0,10,5]
01-08 05:14:30.941 I/input_focus( 1519): [Focus entering 4e2f174 com.android.launcher3/com.android.launcher3.uioverrides.QuickstepLauncher (server),reason=Window became focusable. Previous reason: NOT_VISIBLE]
01-08 05:14:31.178 I/wm_destroy_activity( 1519): [0,193053872,40,com.thundercomm.screensaver/android.service.dreams.DreamActivity,finish-imm:idle]
01-08 05:14:31.201 I/wm_on_stop_called(14634): [193053872,android.service.dreams.DreamActivity,LIFECYCLER_STOP_ACTIVITY]
01-08 05:14:31.202 I/wm_on_destroy_called(14634): [193053872,android.service.dreams.DreamActivity,performDestroy]
01-08 05:14:31.205 I/sysui_multi_action( 1519): [757,222,758,2]
01-08 05:14:31.205 I/sysui_multi_action( 1519): [757,804,799,dreaming_minutes,801,96,802,1]
01-08 05:14:31.211 I/wm_task_removed( 1519): [40,removeChild:removeChild last r=ActivityRecord{b81c4b0 u0 com.thundercomm.screensaver/android.service.dreams.DreamActivity t-1 f}} in t=Task{5c8e155 #40 type=dream A=10052:android:com.thundercomm.screensaver/dream U=0 visible=false mode=fullscreen translucent=true sz=0}]
01-08 05:14:31.212 I/wm_task_removed( 1519): [40,removeChild]
01-08 05:14:32.187 I/auditd ( 0): type=1400 audit(0.0:11207): avc: denied { kill } for comm="swapper/3" capability=5 scontext=u:r:kernel:s0 tcontext=u:r:kernel:s0 tclass=capability permissive=0
01-08 05:14:33.187 I/auditd ( 0): type=1400 audit(0.0:11208): avc: denied { kill } for comm="swapper/3" capability=5 scontext=u:r:kernel:s0 tcontext=u:r:kernel:s0 tclass=capability permissive=0
01-08 05:14:34.187 I/auditd ( 0): type=1400 audit(0.0:11209): avc: denied { kill } for comm="swapper/3" capability=5 scontext=u:r:kernel:s0 tcontext=u:r:kernel:s0 tclass=capability permissive=0
01-08 05:14:34.984 I/am_uid_active( 1519): 10096
01-08 05:14:35.191 I/auditd ( 0): type=1400 audit(0.0:11210): avc: denied { kill } for comm="swapper/3" capability=5 scontext=u:r:kernel:s0 tcontext=u:r:kernel:s0 tclass=capability permissive=0
01-08 05:14:36.191 I/auditd ( 0): type=1400 audit(0.0:11211): avc: denied { kill } for comm="swapper/3" capability=5 scontext=u:r:kernel:s0 tcontext=u:r:kernel:s0 tclass=capability permissive=0
01-08 05:14:37.187 I/auditd ( 0): type=1400 audit(0.0:11212): avc: denied { kill } for comm="swapper/3" capability=5 scontext=u:r:kernel:s0 tcontext=u:r:kernel:s0 tclass=capability permissive=0
01-08 05:14:38.191 I/auditd ( 0): type=1400 audit(0.0:11213): avc: denied { kill } for comm="swapper/3" capability=5 scontext=u:r:kernel:s0 tcontext=u:r:kernel:s0 tclass=capability permissive=0
01-08 05:14:39.191 I/auditd ( 0): type=1400 audit(0.0:11214): avc: denied { kill } for comm="swapper/3" capability=5 scontext=u:r:kernel:s0 tcontext=u:r:kernel:s0 tclass=capability permissive=0
01-08 05:14:40.187 I/auditd ( 0): type=1400 audit(0.0:11215): avc: denied { kill } for comm="swapper/3" capability=5 scontext=u:r:kernel:s0 tcontext=u:r:kernel:s0 tclass=capability permissive=0
01-08 05:14:41.191 I/auditd ( 0): type=1400 audit(0.0:11216): avc: denied { kill } for comm="swapper/3" capability=5 scontext=u:r:kernel:s0 tcontext=u:r:kernel:s0 tclass=capability permissive=0
01-08 05:14:42.187 I/auditd ( 0): type=1400 audit(0.0:11217): avc: denied { kill } for comm="swapper/3" capability=5 scontext=u:r:kernel:s0 tcontext=u:r:kernel:s0 tclass=capability permissive=0
01-08 05:14:43.191 I/auditd ( 0): type=1400 audit(0.0:11218): avc: denied { kill } for comm="swapper/3" capability=5 scontext=u:r:kernel:s0 tcontext=u:r:kernel:s0 tclass=capability permissive=0
01-08 05:14:44.191 I/auditd ( 0): type=1400 audit(0.0:11219): avc: denied { kill } for comm="swapper/3" capability=5 scontext=u:r:kernel:s0 tcontext=u:r:kernel:s0 tclass=capability permissive=0
01-08 05:14:45.191 I/auditd ( 0): type=1400 audit(0.0:11220): avc: denied { kill } for comm="swapper/3" capability=5 scontext=u:r:kernel:s0 tcontext=u:r:kernel:s0 tclass=capability permissive=0
01-08 05:14:46.191 I/auditd ( 0): type=1400 audit(0.0:11221): avc: denied { kill } for comm="swapper/3" capability=5 scontext=u:r:kernel:s0 tcontext=u:r:kernel:s0 tclass=capability permissive=0
01-08 05:14:47.187 I/auditd ( 0): type=1400 audit(0.0:11222): avc: denied { kill } for comm="swapper/3" capability=5 scontext=u:r:kernel:s0 tcontext=u:r:kernel:s0 tclass=capability permissive=0
01-08 05:14:48.191 I/auditd ( 0): type=1400 audit(0.0:11223): avc: denied { kill } for comm="swapper/3" capability=5 scontext=u:r:kernel:s0 tcontext=u:r:kernel:s0 tclass=capability permissive=0
01-08 05:14:49.191 I/auditd ( 0): type=1400 audit(0.0:11224): avc: denied { kill } for comm="swapper/3" capability=5 scontext=u:r:kernel:s0 tcontext=u:r:kernel:s0 tclass=capability permissive=0
01-08 05:14:50.191 I/auditd ( 0): type=1400 audit(0.0:11225): avc: denied { kill } for comm="swapper/3" capability=5 scontext=u:r:kernel:s0 tcontext=u:r:kernel:s0 tclass=capability permissive=0
01-08 05:14:51.191 I/auditd ( 0): type=1400 audit(0.0:11226): avc: denied { kill } for comm="swapper/3" capability=5 scontext=u:r:kernel:s0 tcontext=u:r:kernel:s0 tclass=capability permissive=0
01-08 05:14:52.191 I/auditd ( 0): type=1400 audit(0.0:11227): avc: denied { kill } for comm="swapper/3" capability=5 scontext=u:r:kernel:s0 tcontext=u:r:kernel:s0 tclass=capability permissive=0
01-08 05:14:53.191 I/auditd ( 0): type=1400 audit(0.0:11228): avc: denied { kill } for comm="swapper/3" capability=5 scontext=u:r:kernel:s0 tcontext=u:r:kernel:s0 tclass=capability permissive=0
01-08 05:14:54.191 I/auditd ( 0): type=1400 audit(0.0:11229): avc: denied { kill } for comm="swapper/3" capability=5 scontext=u:r:kernel:s0 tcontext=u:r:kernel:s0 tclass=capability permissive=0
01-08 05:14:55.191 I/auditd ( 0): type=1400 audit(0.0:11230): avc: denied { kill } for comm="swapper/3" capability=5 scontext=u:r:kernel:s0 tcontext=u:r:kernel:s0 tclass=capability permissive=0
01-08 05:14:56.191 I/auditd ( 0): type=1400 audit(0.0:11231): avc: denied { kill } for comm="swapper/3" capability=5 scontext=u:r:kernel:s0 tcontext=u:r:kernel:s0 tclass=capability permissive=0
01-08 05:14:57.191 I/auditd ( 0): type=1400 audit(0.0:11232): avc: denied { kill } for comm="swapper/3" capability=5 scontext=u:r:kernel:s0 tcontext=u:r:kernel:s0 tclass=capability permissive=0
01-08 05:14:58.191 I/auditd ( 0): type=1400 audit(0.0:11233): avc: denied { kill } for comm="swapper/3" capability=5 scontext=u:r:kernel:s0 tcontext=u:r:kernel:s0 tclass=capability permissive=0
01-08 05:14:59.191 I/auditd ( 0): type=1400 audit(0.0:11234): avc: denied { kill } for comm="swapper/3" capability=5 scontext=u:r:kernel:s0 tcontext=u:r:kernel:s0 tclass=capability permissive=0
01-08 05:15:00.191 I/auditd ( 0): type=1400 audit(0.0:11235): avc: denied { kill } for comm="swapper/3" capability=5 scontext=u:r:kernel:s0 tcontext=u:r:kernel:s0 tclass=capability permissive=0
01-08 05:15:01.191 I/auditd ( 0): type=1400 audit(0.0:11236): avc: denied { kill } for comm="swapper/3" capability=5 scontext=u:r:kernel:s0 tcontext=u:r:kernel:s0 tclass=capability permissive=0
01-08 05:15:02.191 I/auditd ( 0): type=1400 audit(0.0:11237): avc: denied { kill } for comm="swapper/3" capability=5 scontext=u:r:kernel:s0 tcontext=u:r:kernel:s0 tclass=capability permissive=0
01-08 05:15:03.191 I/auditd ( 0): type=1400 audit(0.0:11238): avc: denied { kill } for comm="swapper/3" capability=5 scontext=u:r:kernel:s0 tcontext=u:r:kernel:s0 tclass=capability permissive=0
01-08 05:15:04.187 I/auditd ( 0): type=1400 audit(0.0:11239): avc: denied { kill } for comm="swapper/3" capability=5 scontext=u:r:kernel:s0 tcontext=u:r:kernel:s0 tclass=capability permissive=0
01-08 05:15:05.191 I/auditd ( 0): type=1400 audit(0.0:11240): avc: denied { kill } for comm="swapper/3" capability=5 scontext=u:r:kernel:s0 tcontext=u:r:kernel:s0 tclass=capability permissive=0
01-08 05:15:06.191 I/auditd ( 0): type=1400 audit(0.0:11241): avc: denied { kill } for comm="swapper/3" capability=5 scontext=u:r:kernel:s0 tcontext=u:r:kernel:s0 tclass=capability permissive=0
01-08 05:15:07.191 I/auditd ( 0): type=1400 audit(0.0:11242): avc: denied { kill } for comm="swapper/3" capability=5 scontext=u:r:kernel:s0 tcontext=u:r:kernel:s0 tclass=capability permissive=0
01-08 05:15:08.191 I/auditd ( 0): type=1400 audit(0.0:11243): avc: denied { kill } for comm="swapper/3" capability=5 scontext=u:r:kernel:s0 tcontext=u:r:kernel:s0 tclass=capability permissive=0
01-08 05:15:09.187 I/auditd ( 0): type=1400 audit(0.0:11244): avc: denied { kill } for comm="swapper/3" capability=5 scontext=u:r:kernel:s0 tcontext=u:r:kernel:s0 tclass=capability permissive=0
01-08 05:15:10.191 I/auditd ( 0): type=1400 audit(0.0:11245): avc: denied { kill } for comm="swapper/3" capability=5 scontext=u:r:kernel:s0 tcontext=u:r:kernel:s0 tclass=capability permissive=0
01-08 05:15:11.187 I/auditd ( 0): type=1400 audit(0.0:11246): avc: denied { kill } for comm="swapper/3" capability=5 scontext=u:r:kernel:s0 tcontext=u:r:kernel:s0 tclass=capability permissive=0
01-08 05:15:12.191 I/auditd ( 0): type=1400 audit(0.0:11247): avc: denied { kill } for comm="swapper/3" capability=5 scontext=u:r:kernel:s0 tcontext=u:r:kernel:s0 tclass=capability permissive=0
01-08 05:15:13.191 I/auditd ( 0): type=1400 audit(0.0:11248): avc: denied { kill } for comm="swapper/3" capability=5 scontext=u:r:kernel:s0 tcontext=u:r:kernel:s0 tclass=capability permissive=0
01-08 05:15:14.191 I/auditd ( 0): type=1400 audit(0.0:11249): avc: denied { kill } for comm="swapper/3" capability=5 scontext=u:r:kernel:s0 tcontext=u:r:kernel:s0 tclass=capability permissive=0
01-08 05:15:15.191 I/auditd ( 0): type=1400 audit(0.0:11250): avc: denied { kill } for comm="swapper/3" capability=5 scontext=u:r:kernel:s0 tcontext=u:r:kernel:s0 tclass=capability permissive=0
01-08 05:15:16.191 I/auditd ( 0): type=1400 audit(0.0:11251): avc: denied { kill } for comm="swapper/3" capability=5 scontext=u:r:kernel:s0 tcontext=u:r:kernel:s0 tclass=capability permissive=0
01-08 05:15:17.191 I/auditd ( 0): type=1400 audit(0.0:11252): avc: denied { kill } for comm="swapper/3" capability=5 scontext=u:r:kernel:s0 tcontext=u:r:kernel:s0 tclass=capability permissive=0
01-08 05:15:19.191 I/auditd ( 0): type=1400 audit(0.0:11253): avc: denied { kill } for comm="swapper/3" capability=5 scontext=u:r:kernel:s0 tcontext=u:r:kernel:s0 tclass=capability permissive=0
01-08 05:15:20.191 I/auditd ( 0): type=1400 audit(0.0:11254): avc: denied { kill } for comm="swapper/3" capability=5 scontext=u:r:kernel:s0 tcontext=u:r:kernel:s0 tclass=capability permissive=0
01-08 05:15:21.191 I/auditd ( 0): type=1400 audit(0.0:11255): avc: denied { kill } for comm="swapper/3" capability=5 scontext=u:r:kernel:s0 tcontext=u:r:kernel:s0 tclass=capability permissive=0
01-08 05:15:22.187 I/auditd ( 0): type=1400 audit(0.0:11256): avc: denied { kill } for comm="swapper/3" capability=5 scontext=u:r:kernel:s0 tcontext=u:r:kernel:s0 tclass=capability permissive=0
01-08 05:15:23.187 I/auditd ( 0): type=1400 audit(0.0:11257): avc: denied { kill } for comm="swapper/3" capability=5 scontext=u:r:kernel:s0 tcontext=u:r:kernel:s0 tclass=capability permissive=0
01-08 05:15:23.554 I/am_pss ( 1519): [13228,1000,com.android.settings,152417280,140791808,40960,274157568,0,15,23]
01-08 05:15:23.988 I/sysui_multi_action( 1519): [757,1696,758,6,759,2]
01-08 05:15:23.991 I/am_wtf ( 1519): [0,1519,system_server,-1,DisplayDeviceConfig,requesting nits when no mapping exists.]
01-08 05:15:23.995 I/am_wtf ( 1519): [0,1519,system_server,-1,DisplayDeviceConfig,requesting nits when no mapping exists.]
01-08 05:15:24.006 I/am_wtf ( 1519): [0,1519,system_server,-1,DisplayDeviceConfig,requesting nits when no mapping exists.]
01-08 05:15:24.009 I/am_wtf ( 1519): [0,1519,system_server,-1,DisplayDeviceConfig,requesting nits when no mapping exists.]
01-08 05:15:24.023 I/am_wtf ( 1519): [0,1519,system_server,-1,DisplayDeviceConfig,requesting nits when no mapping exists.]
01-08 05:15:24.023 I/service_manager_stats( 1519): [100,59,902939]
01-08 05:15:24.025 I/am_wtf ( 1519): [0,1519,system_server,-1,DisplayDeviceConfig,requesting nits when no mapping exists.]
01-08 05:15:24.035 I/am_wtf ( 1519): [0,1519,system_server,-1,DisplayDeviceConfig,requesting nits when no mapping exists.]
01-08 05:15:24.036 I/am_wtf ( 1519): [0,1519,system_server,-1,DisplayDeviceConfig,requesting nits when no mapping exists.]
01-08 05:15:24.052 I/am_wtf ( 1519): [0,1519,system_server,-1,DisplayDeviceConfig,requesting nits when no mapping exists.]
01-08 05:15:24.053 I/am_wtf ( 1519): [0,1519,system_server,-1,DisplayDeviceConfig,requesting nits when no mapping exists.]
01-08 05:15:24.069 I/am_wtf ( 1519): [0,1519,system_server,-1,DisplayDeviceConfig,requesting nits when no mapping exists.]
01-08 05:15:24.070 I/am_wtf ( 1519): [0,1519,system_server,-1,DisplayDeviceConfig,requesting nits when no mapping exists.]
01-08 05:15:24.085 I/am_wtf ( 1519): [0,1519,system_server,-1,DisplayDeviceConfig,requesting nits when no mapping exists.]
01-08 05:15:24.086 I/am_wtf ( 1519): [0,1519,system_server,-1,DisplayDeviceConfig,requesting nits when no mapping exists.]
01-08 05:15:24.102 I/am_wtf ( 1519): [0,1519,system_server,-1,DisplayDeviceConfig,requesting nits when no mapping exists.]
01-08 05:15:24.104 I/am_wtf ( 1519): [0,1519,system_server,-1,DisplayDeviceConfig,requesting nits when no mapping exists.]
01-08 05:15:24.119 I/am_wtf ( 1519): [0,1519,system_server,-1,DisplayDeviceConfig,requesting nits when no mapping exists.]
01-08 05:15:24.120 I/am_wtf ( 1519): [0,1519,system_server,-1,DisplayDeviceConfig,requesting nits when no mapping exists.]
01-08 05:15:24.136 I/am_wtf ( 1519): [0,1519,system_server,-1,DisplayDeviceConfig,requesting nits when no mapping exists.]
01-08 05:15:24.137 I/am_wtf ( 1519): [0,1519,system_server,-1,DisplayDeviceConfig,requesting nits when no mapping exists.]
01-08 05:15:24.153 I/am_wtf ( 1519): [0,1519,system_server,-1,DisplayDeviceConfig,requesting nits when no mapping exists.]
01-08 05:15:24.153 I/am_wtf ( 1519): [0,1519,system_server,-1,DisplayDeviceConfig,requesting nits when no mapping exists.]
01-08 05:15:24.169 I/am_wtf ( 1519): [0,1519,system_server,-1,DisplayDeviceConfig,requesting nits when no mapping exists.]
01-08 05:15:24.170 I/am_wtf ( 1519): [0,1519,system_server,-1,DisplayDeviceConfig,requesting nits when no mapping exists.]
01-08 05:15:24.185 I/am_wtf ( 1519): [0,1519,system_server,-1,DisplayDeviceConfig,requesting nits when no mapping exists.]
01-08 05:15:24.186 I/am_wtf ( 1519): [0,1519,system_server,-1,DisplayDeviceConfig,requesting nits when no mapping exists.]
01-08 05:15:24.187 I/auditd ( 0): type=1400 audit(0.0:11258): avc: denied { kill } for comm="swapper/3" capability=5 scontext=u:r:kernel:s0 tcontext=u:r:kernel:s0 tclass=capability permissive=0
01-08 05:15:24.202 I/am_wtf ( 1519): [0,1519,system_server,-1,DisplayDeviceConfig,requesting nits when no mapping exists.]
01-08 05:15:24.203 I/am_wtf ( 1519): [0,1519,system_server,-1,DisplayDeviceConfig,requesting nits when no mapping exists.]
01-08 05:15:24.219 I/am_wtf ( 1519): [0,1519,system_server,-1,DisplayDeviceConfig,requesting nits when no mapping exists.]
01-08 05:15:24.220 I/am_wtf ( 1519): [0,1519,system_server,-1,DisplayDeviceConfig,requesting nits when no mapping exists.]
01-08 05:15:24.236 I/am_wtf ( 1519): [0,1519,system_server,-1,DisplayDeviceConfig,requesting nits when no mapping exists.]
01-08 05:15:24.237 I/am_wtf ( 1519): [0,1519,system_server,-1,DisplayDeviceConfig,requesting nits when no mapping exists.]
01-08 05:15:24.253 I/am_wtf ( 1519): [0,1519,system_server,-1,DisplayDeviceConfig,requesting nits when no mapping exists.]
01-08 05:15:24.254 I/am_wtf ( 1519): [0,1519,system_server,-1,DisplayDeviceConfig,requesting nits when no mapping exists.]
01-08 05:15:24.270 I/am_wtf ( 1519): [0,1519,system_server,-1,DisplayDeviceConfig,requesting nits when no mapping exists.]
01-08 05:15:24.271 I/am_wtf ( 1519): [0,1519,system_server,-1,DisplayDeviceConfig,requesting nits when no mapping exists.]
01-08 05:15:24.287 I/am_wtf ( 1519): [0,1519,system_server,-1,DisplayDeviceConfig,requesting nits when no mapping exists.]
01-08 05:15:24.287 I/am_wtf ( 1519): [0,1519,system_server,-1,DisplayDeviceConfig,requesting nits when no mapping exists.]
01-08 05:15:24.303 I/am_wtf ( 1519): [0,1519,system_server,-1,DisplayDeviceConfig,requesting nits when no mapping exists.]
01-08 05:15:24.304 I/am_wtf ( 1519): [0,1519,system_server,-1,DisplayDeviceConfig,requesting nits when no mapping exists.]
01-08 05:15:24.320 I/am_wtf ( 1519): [0,1519,system_server,-1,DisplayDeviceConfig,requesting nits when no mapping exists.]
01-08 05:15:24.320 I/am_wtf ( 1519): [0,1519,system_server,-1,DisplayDeviceConfig,requesting nits when no mapping exists.]
01-08 05:15:24.336 I/am_wtf ( 1519): [0,1519,system_server,-1,DisplayDeviceConfig,requesting nits when no mapping exists.]
01-08 05:15:24.337 I/am_wtf ( 1519): [0,1519,system_server,-1,DisplayDeviceConfig,requesting nits when no mapping exists.]
01-08 05:15:24.354 I/am_wtf ( 1519): [0,1519,system_server,-1,DisplayDeviceConfig,requesting nits when no mapping exists.]
01-08 05:15:24.356 I/am_wtf ( 1519): [0,1519,system_server,-1,DisplayDeviceConfig,requesting nits when no mapping exists.]
01-08 05:15:24.370 I/am_wtf ( 1519): [0,1519,system_server,-1,DisplayDeviceConfig,requesting nits when no mapping exists.]
01-08 05:15:24.372 I/am_wtf ( 1519): [0,1519,system_server,-1,DisplayDeviceConfig,requesting nits when no mapping exists.]
01-08 05:15:24.387 I/am_wtf ( 1519): [0,1519,system_server,-1,DisplayDeviceConfig,requesting nits when no mapping exists.]
01-08 05:15:24.388 I/am_wtf ( 1519): [0,1519,system_server,-1,DisplayDeviceConfig,requesting nits when no mapping exists.]
01-08 05:15:24.404 I/am_wtf ( 1519): [0,1519,system_server,-1,DisplayDeviceConfig,requesting nits when no mapping exists.]
01-08 05:15:24.404 I/am_wtf ( 1519): [0,1519,system_server,-1,DisplayDeviceConfig,requesting nits when no mapping exists.]
01-08 05:15:24.420 I/am_wtf ( 1519): [0,1519,system_server,-1,DisplayDeviceConfig,requesting nits when no mapping exists.]
01-08 05:15:24.421 I/am_wtf ( 1519): [0,1519,system_server,-1,DisplayDeviceConfig,requesting nits when no mapping exists.]
01-08 05:15:24.437 I/am_wtf ( 1519): [0,1519,system_server,-1,DisplayDeviceConfig,requesting nits when no mapping exists.]
01-08 05:15:24.438 I/am_wtf ( 1519): [0,1519,system_server,-1,DisplayDeviceConfig,requesting nits when no mapping exists.]
01-08 05:15:24.454 I/am_wtf ( 1519): [0,1519,system_server,-1,DisplayDeviceConfig,requesting nits when no mapping exists.]
01-08 05:15:24.455 I/am_wtf ( 1519): [0,1519,system_server,-1,DisplayDeviceConfig,requesting nits when no mapping exists.]
01-08 05:15:24.470 I/am_wtf ( 1519): [0,1519,system_server,-1,DisplayDeviceConfig,requesting nits when no mapping exists.]
01-08 05:15:24.471 I/am_wtf ( 1519): [0,1519,system_server,-1,DisplayDeviceConfig,requesting nits when no mapping exists.]
01-08 05:15:24.487 I/am_wtf ( 1519): [0,1519,system_server,-1,DisplayDeviceConfig,requesting nits when no mapping exists.]
01-08 05:15:24.488 I/am_wtf ( 1519): [0,1519,system_server,-1,DisplayDeviceConfig,requesting nits when no mapping exists.]
01-08 05:15:24.503 I/am_wtf ( 1519): [0,1519,system_server,-1,DisplayDeviceConfig,requesting nits when no mapping exists.]
01-08 05:15:24.504 I/am_wtf ( 1519): [0,1519,system_server,-1,DisplayDeviceConfig,requesting nits when no mapping exists.]
01-08 05:15:24.520 I/am_wtf ( 1519): [0,1519,system_server,-1,DisplayDeviceConfig,requesting nits when no mapping exists.]
01-08 05:15:24.521 I/am_wtf ( 1519): [0,1519,system_server,-1,DisplayDeviceConfig,requesting nits when no mapping exists.]
01-08 05:15:24.537 I/am_wtf ( 1519): [0,1519,system_server,-1,DisplayDeviceConfig,requesting nits when no mapping exists.]
01-08 05:15:24.537 I/am_wtf ( 1519): [0,1519,system_server,-1,DisplayDeviceConfig,requesting nits when no mapping exists.]
01-08 05:15:24.554 I/am_wtf ( 1519): [0,1519,system_server,-1,DisplayDeviceConfig,requesting nits when no mapping exists.]
01-08 05:15:24.555 I/am_wtf ( 1519): [0,1519,system_server,-1,DisplayDeviceConfig,requesting nits when no mapping exists.]
01-08 05:15:24.570 I/am_wtf ( 1519): [0,1519,system_server,-1,DisplayDeviceConfig,requesting nits when no mapping exists.]
01-08 05:15:24.571 I/am_wtf ( 1519): [0,1519,system_server,-1,DisplayDeviceConfig,requesting nits when no mapping exists.]
01-08 05:15:24.587 I/am_wtf ( 1519): [0,1519,system_server,-1,DisplayDeviceConfig,requesting nits when no mapping exists.]
01-08 05:15:24.588 I/am_wtf ( 1519): [0,1519,system_server,-1,DisplayDeviceConfig,requesting nits when no mapping exists.]
01-08 05:15:24.604 I/am_wtf ( 1519): [0,1519,system_server,-1,DisplayDeviceConfig,requesting nits when no mapping exists.]
01-08 05:15:24.605 I/am_wtf ( 1519): [0,1519,system_server,-1,DisplayDeviceConfig,requesting nits when no mapping exists.]
01-08 05:15:24.620 I/am_wtf ( 1519): [0,1519,system_server,-1,DisplayDeviceConfig,requesting nits when no mapping exists.]
01-08 05:15:24.621 I/am_wtf ( 1519): [0,1519,system_server,-1,DisplayDeviceConfig,requesting nits when no mapping exists.]
01-08 05:15:24.637 I/am_wtf ( 1519): [0,1519,system_server,-1,DisplayDeviceConfig,requesting nits when no mapping exists.]
01-08 05:15:24.638 I/am_wtf ( 1519): [0,1519,system_server,-1,DisplayDeviceConfig,requesting nits when no mapping exists.]
01-08 05:15:24.654 I/am_wtf ( 1519): [0,1519,system_server,-1,DisplayDeviceConfig,requesting nits when no mapping exists.]
01-08 05:15:24.655 I/am_wtf ( 1519): [0,1519,system_server,-1,DisplayDeviceConfig,requesting nits when no mapping exists.]
01-08 05:15:24.670 I/am_wtf ( 1519): [0,1519,system_server,-1,DisplayDeviceConfig,requesting nits when no mapping exists.]
01-08 05:15:24.671 I/am_wtf ( 1519): [0,1519,system_server,-1,DisplayDeviceConfig,requesting nits when no mapping exists.]
01-08 05:15:24.687 I/am_wtf ( 1519): [0,1519,system_server,-1,DisplayDeviceConfig,requesting nits when no mapping exists.]
01-08 05:15:24.688 I/am_wtf ( 1519): [0,1519,system_server,-1,DisplayDeviceConfig,requesting nits when no mapping exists.]
01-08 05:15:24.704 I/am_wtf ( 1519): [0,1519,system_server,-1,DisplayDeviceConfig,requesting nits when no mapping exists.]
01-08 05:15:24.704 I/am_wtf ( 1519): [0,1519,system_server,-1,DisplayDeviceConfig,requesting nits when no mapping exists.]
01-08 05:15:24.720 I/am_wtf ( 1519): [0,1519,system_server,-1,DisplayDeviceConfig,requesting nits when no mapping exists.]
01-08 05:15:24.721 I/am_wtf ( 1519): [0,1519,system_server,-1,DisplayDeviceConfig,requesting nits when no mapping exists.]
01-08 05:15:24.737 I/am_wtf ( 1519): [0,1519,system_server,-1,DisplayDeviceConfig,requesting nits when no mapping exists.]
01-08 05:15:24.738 I/am_wtf ( 1519): [0,1519,system_server,-1,DisplayDeviceConfig,requesting nits when no mapping exists.]
01-08 05:15:24.754 I/am_wtf ( 1519): [0,1519,system_server,-1,DisplayDeviceConfig,requesting nits when no mapping exists.]
01-08 05:15:24.754 I/am_wtf ( 1519): [0,1519,system_server,-1,DisplayDeviceConfig,requesting nits when no mapping exists.]
01-08 05:15:24.770 I/am_wtf ( 1519): [0,1519,system_server,-1,DisplayDeviceConfig,requesting nits when no mapping exists.]
01-08 05:15:24.772 I/am_wtf ( 1519): [0,1519,system_server,-1,DisplayDeviceConfig,requesting nits when no mapping exists.]
01-08 05:15:24.787 I/am_wtf ( 1519): [0,1519,system_server,-1,DisplayDeviceConfig,requesting nits when no mapping exists.]
01-08 05:15:24.788 I/am_wtf ( 1519): [0,1519,system_server,-1,DisplayDeviceConfig,requesting nits when no mapping exists.]
01-08 05:15:24.804 I/am_wtf ( 1519): [0,1519,system_server,-1,DisplayDeviceConfig,requesting nits when no mapping exists.]
01-08 05:15:24.805 I/am_wtf ( 1519): [0,1519,system_server,-1,DisplayDeviceConfig,requesting nits when no mapping exists.]
01-08 05:15:24.821 I/am_wtf ( 1519): [0,1519,system_server,-1,DisplayDeviceConfig,requesting nits when no mapping exists.]
01-08 05:15:24.821 I/am_wtf ( 1519): [0,1519,system_server,-1,DisplayDeviceConfig,requesting nits when no mapping exists.]
01-08 05:15:24.837 I/am_wtf ( 1519): [0,1519,system_server,-1,DisplayDeviceConfig,requesting nits when no mapping exists.]
01-08 05:15:24.838 I/am_wtf ( 1519): [0,1519,system_server,-1,DisplayDeviceConfig,requesting nits when no mapping exists.]
01-08 05:15:24.854 I/am_wtf ( 1519): [0,1519,system_server,-1,DisplayDeviceConfig,requesting nits when no mapping exists.]
01-08 05:15:24.855 I/am_wtf ( 1519): [0,1519,system_server,-1,DisplayDeviceConfig,requesting nits when no mapping exists.]
01-08 05:15:24.871 I/am_wtf ( 1519): [0,1519,system_server,-1,DisplayDeviceConfig,requesting nits when no mapping exists.]
01-08 05:15:24.872 I/am_wtf ( 1519): [0,1519,system_server,-1,DisplayDeviceConfig,requesting nits when no mapping exists.]
01-08 05:15:24.887 I/am_wtf ( 1519): [0,1519,system_server,-1,DisplayDeviceConfig,requesting nits when no mapping exists.]
01-08 05:15:24.888 I/am_wtf ( 1519): [0,1519,system_server,-1,DisplayDeviceConfig,requesting nits when no mapping exists.]
01-08 05:15:24.904 I/am_wtf ( 1519): [0,1519,system_server,-1,DisplayDeviceConfig,requesting nits when no mapping exists.]
01-08 05:15:24.905 I/am_wtf ( 1519): [0,1519,system_server,-1,DisplayDeviceConfig,requesting nits when no mapping exists.]
01-08 05:15:24.921 I/am_wtf ( 1519): [0,1519,system_server,-1,DisplayDeviceConfig,requesting nits when no mapping exists.]
01-08 05:15:24.922 I/am_wtf ( 1519): [0,1519,system_server,-1,DisplayDeviceConfig,requesting nits when no mapping exists.]
01-08 05:15:24.937 I/am_wtf ( 1519): [0,1519,system_server,-1,DisplayDeviceConfig,requesting nits when no mapping exists.]
01-08 05:15:24.938 I/am_wtf ( 1519): [0,1519,system_server,-1,DisplayDeviceConfig,requesting nits when no mapping exists.]
01-08 05:15:25.191 I/auditd ( 0): type=1400 audit(0.0:11259): avc: denied { kill } for comm="swapper/3" capability=5 scontext=u:r:kernel:s0 tcontext=u:r:kernel:s0 tclass=capability permissive=0
01-08 05:15:26.191 I/auditd ( 0): type=1400 audit(0.0:11260): avc: denied { kill } for comm="swapper/3" capability=5 scontext=u:r:kernel:s0 tcontext=u:r:kernel:s0 tclass=capability permissive=0
01-08 05:15:27.191 I/auditd ( 0): type=1400 audit(0.0:11261): avc: denied { kill } for comm="swapper/3" capability=5 scontext=u:r:kernel:s0 tcontext=u:r:kernel:s0 tclass=capability permissive=0
01-08 05:15:28.191 I/auditd ( 0): type=1400 audit(0.0:11262): avc: denied { kill } for comm="swapper/3" capability=5 scontext=u:r:kernel:s0 tcontext=u:r:kernel:s0 tclass=capability permissive=0
01-08 05:15:29.191 I/auditd ( 0): type=1400 audit(0.0:11263): avc: denied { kill } for comm="swapper/3" capability=5 scontext=u:r:kernel:s0 tcontext=u:r:kernel:s0 tclass=capability permissive=0
01-08 05:15:30.191 I/auditd ( 0): type=1400 audit(0.0:11264): avc: denied { kill } for comm="swapper/3" capability=5 scontext=u:r:kernel:s0 tcontext=u:r:kernel:s0 tclass=capability permissive=0
01-08 05:15:31.184 I/sysui_multi_action( 1519): [757,222,758,1]
01-08 05:15:31.198 I/service_manager_stats( 1519): [112,55,7175]
01-08 05:15:31.199 I/wm_task_created( 1519): [41,-1]
01-08 05:15:31.204 I/wm_task_moved( 1519): [41,1,8]
01-08 05:15:31.204 I/wm_task_to_front( 1519): [0,41]
01-08 05:15:31.204 I/wm_create_task( 1519): [0,41]
01-08 05:15:31.204 I/wm_create_activity( 1519): [0,37631403,41,com.thundercomm.screensaver/android.service.dreams.DreamActivity,NULL,NULL,NULL,276824064]
01-08 05:15:31.204 I/wm_task_moved( 1519): [41,1,8]
01-08 05:15:31.204 I/wm_on_top_resumed_lost_called( 2855): [110752405,com.android.launcher3.uioverrides.QuickstepLauncher,topStateChangedWhenResumed]
01-08 05:15:31.204 I/wm_pause_activity( 1519): [0,110752405,com.android.launcher3/.uioverrides.QuickstepLauncher,userLeaving=true,pauseBackTasks]
01-08 05:15:31.206 I/wm_on_paused_called( 2855): [110752405,com.android.launcher3.uioverrides.QuickstepLauncher,performPause]
01-08 05:15:31.208 I/wm_add_to_stopping( 1519): [0,110752405,com.android.launcher3/.uioverrides.QuickstepLauncher,makeInvisible]
01-08 05:15:31.208 I/wm_restart_activity( 1519): [0,37631403,41,com.thundercomm.screensaver/android.service.dreams.DreamActivity]
01-08 05:15:31.209 I/wm_set_resumed_activity( 1519): [0,com.thundercomm.screensaver/android.service.dreams.DreamActivity,minimalResumeActivityLocked]
01-08 05:15:31.212 I/sysui_multi_action( 1519): [757,803,799,window_time_0,802,61]
01-08 05:15:31.213 I/wm_on_create_called(14634): [37631403,android.service.dreams.DreamActivity,performCreate]
01-08 05:15:31.213 I/wm_on_start_called(14634): [37631403,android.service.dreams.DreamActivity,handleStartActivity]
01-08 05:15:31.213 I/wm_on_resume_called(14634): [37631403,android.service.dreams.DreamActivity,RESUME_ACTIVITY]
01-08 05:15:31.215 I/wm_on_top_resumed_gained_called(14634): [37631403,android.service.dreams.DreamActivity,topStateChangedWhenResumed]
01-08 05:15:31.228 I/input_focus( 1519): [Focus leaving 4e2f174 com.android.launcher3/com.android.launcher3.uioverrides.QuickstepLauncher (server),reason=NO_WINDOW]
01-08 05:15:31.235 I/input_focus( 1519): [Focus request 5288187 com.thundercomm.screensaver/android.service.dreams.DreamActivity,reason=UpdateInputWindows]
01-08 05:15:31.243 I/sysui_multi_action( 1519): [319,45,322,44,325,13472,757,761,758,8,759,2,806,com.thundercomm.screensaver,871,android.service.dreams.DreamActivity,904,com.thundercomm.screensaver,905,0,1320,4,1321,2]
01-08 05:15:31.243 I/wm_activity_launch_time( 1519): [0,37631403,com.thundercomm.screensaver/android.service.dreams.DreamActivity,44]
01-08 05:15:31.243 I/sysui_multi_action( 1519): [757,1696,758,6,759,3]
01-08 05:15:31.251 I/am_wtf ( 1519): [0,1519,system_server,-1,DisplayDeviceConfig,requesting nits when no mapping exists.]
01-08 05:15:31.252 I/am_wtf ( 1519): [0,1519,system_server,-1,DisplayDeviceConfig,requesting nits when no mapping exists.]
01-08 05:15:31.268 I/am_wtf ( 1519): [0,1519,system_server,-1,DisplayDeviceConfig,requesting nits when no mapping exists.]
01-08 05:15:31.269 I/am_wtf ( 1519): [0,1519,system_server,-1,DisplayDeviceConfig,requesting nits when no mapping exists.]
01-08 05:15:31.269 I/input_focus( 1519): [Focus entering 5288187 com.thundercomm.screensaver/android.service.dreams.DreamActivity (server),reason=Window became focusable. Previous reason: NOT_VISIBLE]
01-08 05:15:31.285 I/am_wtf ( 1519): [0,1519,system_server,-1,DisplayDeviceConfig,requesting nits when no mapping exists.]
01-08 05:15:31.285 I/am_wtf ( 1519): [0,1519,system_server,-1,DisplayDeviceConfig,requesting nits when no mapping exists.]
01-08 05:15:31.302 I/am_wtf ( 1519): [0,1519,system_server,-1,DisplayDeviceConfig,requesting nits when no mapping exists.]
01-08 05:15:31.302 I/am_wtf ( 1519): [0,1519,system_server,-1,DisplayDeviceConfig,requesting nits when no mapping exists.]
01-08 05:15:31.319 I/am_wtf ( 1519): [0,1519,system_server,-1,DisplayDeviceConfig,requesting nits when no mapping exists.]
01-08 05:15:31.319 I/am_wtf ( 1519): [0,1519,system_server,-1,DisplayDeviceConfig,requesting nits when no mapping exists.]
01-08 05:15:31.335 I/am_wtf ( 1519): [0,1519,system_server,-1,DisplayDeviceConfig,requesting nits when no mapping exists.]
01-08 05:15:31.336 I/am_wtf ( 1519): [0,1519,system_server,-1,DisplayDeviceConfig,requesting nits when no mapping exists.]
01-08 05:15:31.352 I/am_wtf ( 1519): [0,1519,system_server,-1,DisplayDeviceConfig,requesting nits when no mapping exists.]
01-08 05:15:31.353 I/am_wtf ( 1519): [0,1519,system_server,-1,DisplayDeviceConfig,requesting nits when no mapping exists.]
01-08 05:15:31.368 I/am_wtf ( 1519): [0,1519,system_server,-1,DisplayDeviceConfig,requesting nits when no mapping exists.]
01-08 05:15:31.369 I/am_wtf ( 1519): [0,1519,system_server,-1,DisplayDeviceConfig,requesting nits when no mapping exists.]
01-08 05:15:31.386 I/am_wtf ( 1519): [0,1519,system_server,-1,DisplayDeviceConfig,requesting nits when no mapping exists.]
01-08 05:15:31.386 I/am_wtf ( 1519): [0,1519,system_server,-1,DisplayDeviceConfig,requesting nits when no mapping exists.]
01-08 05:15:31.403 I/am_wtf ( 1519): [0,1519,system_server,-1,DisplayDeviceConfig,requesting nits when no mapping exists.]
01-08 05:15:31.403 I/am_wtf ( 1519): [0,1519,system_server,-1,DisplayDeviceConfig,requesting nits when no mapping exists.]
01-08 05:15:31.419 I/am_wtf ( 1519): [0,1519,system_server,-1,DisplayDeviceConfig,requesting nits when no mapping exists.]
01-08 05:15:31.419 I/am_wtf ( 1519): [0,1519,system_server,-1,DisplayDeviceConfig,requesting nits when no mapping exists.]
01-08 05:15:31.436 I/am_wtf ( 1519): [0,1519,system_server,-1,DisplayDeviceConfig,requesting nits when no mapping exists.]
01-08 05:15:31.436 I/am_wtf ( 1519): [0,1519,system_server,-1,DisplayDeviceConfig,requesting nits when no mapping exists.]
01-08 05:15:31.452 I/am_wtf ( 1519): [0,1519,system_server,-1,DisplayDeviceConfig,requesting nits when no mapping exists.]
01-08 05:15:31.452 I/am_wtf ( 1519): [0,1519,system_server,-1,DisplayDeviceConfig,requesting nits when no mapping exists.]
01-08 05:15:31.469 I/am_wtf ( 1519): [0,1519,system_server,-1,DisplayDeviceConfig,requesting nits when no mapping exists.]
01-08 05:15:31.469 I/am_wtf ( 1519): [0,1519,system_server,-1,DisplayDeviceConfig,requesting nits when no mapping exists.]
01-08 05:15:31.486 I/am_wtf ( 1519): [0,1519,system_server,-1,DisplayDeviceConfig,requesting nits when no mapping exists.]
01-08 05:15:31.486 I/am_wtf ( 1519): [0,1519,system_server,-1,DisplayDeviceConfig,requesting nits when no mapping exists.]
01-08 05:15:31.503 I/am_wtf ( 1519): [0,1519,system_server,-1,DisplayDeviceConfig,requesting nits when no mapping exists.]
01-08 05:15:31.503 I/am_wtf ( 1519): [0,1519,system_server,-1,DisplayDeviceConfig,requesting nits when no mapping exists.]
01-08 05:15:31.519 I/am_wtf ( 1519): [0,1519,system_server,-1,DisplayDeviceConfig,requesting nits when no mapping exists.]
01-08 05:15:31.519 I/am_wtf ( 1519): [0,1519,system_server,-1,DisplayDeviceConfig,requesting nits when no mapping exists.]
01-08 05:15:31.537 I/am_wtf ( 1519): [0,1519,system_server,-1,DisplayDeviceConfig,requesting nits when no mapping exists.]
01-08 05:15:31.537 I/am_wtf ( 1519): [0,1519,system_server,-1,DisplayDeviceConfig,requesting nits when no mapping exists.]
01-08 05:15:31.538 I/wm_stop_activity( 1519): [0,110752405,com.android.launcher3/.uioverrides.QuickstepLauncher]
01-08 05:15:31.553 I/am_wtf ( 1519): [0,1519,system_server,-1,DisplayDeviceConfig,requesting nits when no mapping exists.]
01-08 05:15:31.553 I/am_wtf ( 1519): [0,1519,system_server,-1,DisplayDeviceConfig,requesting nits when no mapping exists.]
01-08 05:15:31.555 I/wm_on_stop_called( 2855): [110752405,com.android.launcher3.uioverrides.QuickstepLauncher,STOP_ACTIVITY_ITEM]
01-08 05:15:31.569 I/am_wtf ( 1519): [0,1519,system_server,-1,DisplayDeviceConfig,requesting nits when no mapping exists.]
01-08 05:15:31.570 I/am_wtf ( 1519): [0,1519,system_server,-1,DisplayDeviceConfig,requesting nits when no mapping exists.]
01-08 05:15:31.586 I/am_wtf ( 1519): [0,1519,system_server,-1,DisplayDeviceConfig,requesting nits when no mapping exists.]
01-08 05:15:31.586 I/am_wtf ( 1519): [0,1519,system_server,-1,DisplayDeviceConfig,requesting nits when no mapping exists.]
01-08 05:15:31.602 I/am_wtf ( 1519): [0,1519,system_server,-1,DisplayDeviceConfig,requesting nits when no mapping exists.]
01-08 05:15:31.602 I/am_wtf ( 1519): [0,1519,system_server,-1,DisplayDeviceConfig,requesting nits when no mapping exists.]
01-08 05:15:31.620 I/am_wtf ( 1519): [0,1519,system_server,-1,DisplayDeviceConfig,requesting nits when no mapping exists.]
01-08 05:15:31.620 I/am_wtf ( 1519): [0,1519,system_server,-1,DisplayDeviceConfig,requesting nits when no mapping exists.]
01-08 05:15:31.636 I/am_wtf ( 1519): [0,1519,system_server,-1,DisplayDeviceConfig,requesting nits when no mapping exists.]
01-08 05:15:31.636 I/am_wtf ( 1519): [0,1519,system_server,-1,DisplayDeviceConfig,requesting nits when no mapping exists.]
01-08 05:15:31.653 I/am_wtf ( 1519): [0,1519,system_server,-1,DisplayDeviceConfig,requesting nits when no mapping exists.]
01-08 05:15:31.653 I/am_wtf ( 1519): [0,1519,system_server,-1,DisplayDeviceConfig,requesting nits when no mapping exists.]
01-08 05:15:31.670 I/am_wtf ( 1519): [0,1519,system_server,-1,DisplayDeviceConfig,requesting nits when no mapping exists.]
01-08 05:15:31.670 I/am_wtf ( 1519): [0,1519,system_server,-1,DisplayDeviceConfig,requesting nits when no mapping exists.]
01-08 05:15:31.687 I/am_wtf ( 1519): [0,1519,system_server,-1,DisplayDeviceConfig,requesting nits when no mapping exists.]
01-08 05:15:31.687 I/am_wtf ( 1519): [0,1519,system_server,-1,DisplayDeviceConfig,requesting nits when no mapping exists.]
01-08 05:15:31.703 I/am_wtf ( 1519): [0,1519,system_server,-1,DisplayDeviceConfig,requesting nits when no mapping exists.]
01-08 05:15:31.704 I/am_wtf ( 1519): [0,1519,system_server,-1,DisplayDeviceConfig,requesting nits when no mapping exists.]
01-08 05:15:31.720 I/am_wtf ( 1519): [0,1519,system_server,-1,DisplayDeviceConfig,requesting nits when no mapping exists.]
01-08 05:15:31.720 I/am_wtf ( 1519): [0,1519,system_server,-1,DisplayDeviceConfig,requesting nits when no mapping exists.]
01-08 05:15:31.737 I/am_wtf ( 1519): [0,1519,system_server,-1,DisplayDeviceConfig,requesting nits when no mapping exists.]
01-08 05:15:31.737 I/am_wtf ( 1519): [0,1519,system_server,-1,DisplayDeviceConfig,requesting nits when no mapping exists.]
01-08 05:15:31.754 I/am_wtf ( 1519): [0,1519,system_server,-1,DisplayDeviceConfig,requesting nits when no mapping exists.]
01-08 05:15:31.754 I/am_wtf ( 1519): [0,1519,system_server,-1,DisplayDeviceConfig,requesting nits when no mapping exists.]
01-08 05:15:31.770 I/am_wtf ( 1519): [0,1519,system_server,-1,DisplayDeviceConfig,requesting nits when no mapping exists.]
01-08 05:15:31.770 I/am_wtf ( 1519): [0,1519,system_server,-1,DisplayDeviceConfig,requesting nits when no mapping exists.]
01-08 05:15:31.787 I/am_wtf ( 1519): [0,1519,system_server,-1,DisplayDeviceConfig,requesting nits when no mapping exists.]
01-08 05:15:31.787 I/am_wtf ( 1519): [0,1519,system_server,-1,DisplayDeviceConfig,requesting nits when no mapping exists.]
01-08 05:15:31.803 I/am_wtf ( 1519): [0,1519,system_server,-1,DisplayDeviceConfig,requesting nits when no mapping exists.]
01-08 05:15:31.804 I/am_wtf ( 1519): [0,1519,system_server,-1,DisplayDeviceConfig,requesting nits when no mapping exists.]
01-08 05:15:31.820 I/am_wtf ( 1519): [0,1519,system_server,-1,DisplayDeviceConfig,requesting nits when no mapping exists.]
01-08 05:15:31.820 I/am_wtf ( 1519): [0,1519,system_server,-1,DisplayDeviceConfig,requesting nits when no mapping exists.]
01-08 05:15:31.837 I/am_wtf ( 1519): [0,1519,system_server,-1,DisplayDeviceConfig,requesting nits when no mapping exists.]
01-08 05:15:31.837 I/am_wtf ( 1519): [0,1519,system_server,-1,DisplayDeviceConfig,requesting nits when no mapping exists.]
01-08 05:15:31.854 I/am_wtf ( 1519): [0,1519,system_server,-1,DisplayDeviceConfig,requesting nits when no mapping exists.]
01-08 05:15:31.854 I/am_wtf ( 1519): [0,1519,system_server,-1,DisplayDeviceConfig,requesting nits when no mapping exists.]
01-08 05:15:31.871 I/am_wtf ( 1519): [0,1519,system_server,-1,DisplayDeviceConfig,requesting nits when no mapping exists.]
01-08 05:15:31.871 I/am_wtf ( 1519): [0,1519,system_server,-1,DisplayDeviceConfig,requesting nits when no mapping exists.]
01-08 05:15:31.887 I/am_wtf ( 1519): [0,1519,system_server,-1,DisplayDeviceConfig,requesting nits when no mapping exists.]
01-08 05:15:31.887 I/am_wtf ( 1519): [0,1519,system_server,-1,DisplayDeviceConfig,requesting nits when no mapping exists.]
01-08 05:15:31.904 I/am_wtf ( 1519): [0,1519,system_server,-1,DisplayDeviceConfig,requesting nits when no mapping exists.]
01-08 05:15:31.904 I/am_wtf ( 1519): [0,1519,system_server,-1,DisplayDeviceConfig,requesting nits when no mapping exists.]
01-08 05:15:31.921 I/am_wtf ( 1519): [0,1519,system_server,-1,DisplayDeviceConfig,requesting nits when no mapping exists.]
01-08 05:15:31.921 I/am_wtf ( 1519): [0,1519,system_server,-1,DisplayDeviceConfig,requesting nits when no mapping exists.]
01-08 05:15:31.937 I/am_wtf ( 1519): [0,1519,system_server,-1,DisplayDeviceConfig,requesting nits when no mapping exists.]
01-08 05:15:31.937 I/am_wtf ( 1519): [0,1519,system_server,-1,DisplayDeviceConfig,requesting nits when no mapping exists.]
01-08 05:15:31.954 I/am_wtf ( 1519): [0,1519,system_server,-1,DisplayDeviceConfig,requesting nits when no mapping exists.]
01-08 05:15:31.954 I/am_wtf ( 1519): [0,1519,system_server,-1,DisplayDeviceConfig,requesting nits when no mapping exists.]
01-08 05:15:31.971 I/am_wtf ( 1519): [0,1519,system_server,-1,DisplayDeviceConfig,requesting nits when no mapping exists.]
01-08 05:15:31.971 I/am_wtf ( 1519): [0,1519,system_server,-1,DisplayDeviceConfig,requesting nits when no mapping exists.]
01-08 05:15:31.987 I/am_wtf ( 1519): [0,1519,system_server,-1,DisplayDeviceConfig,requesting nits when no mapping exists.]
01-08 05:15:31.988 I/am_wtf ( 1519): [0,1519,system_server,-1,DisplayDeviceConfig,requesting nits when no mapping exists.]
01-08 05:15:32.004 I/am_wtf ( 1519): [0,1519,system_server,-1,DisplayDeviceConfig,requesting nits when no mapping exists.]
01-08 05:15:32.004 I/am_wtf ( 1519): [0,1519,system_server,-1,DisplayDeviceConfig,requesting nits when no mapping exists.]
01-08 05:15:32.021 I/am_wtf ( 1519): [0,1519,system_server,-1,DisplayDeviceConfig,requesting nits when no mapping exists.]
01-08 05:15:32.021 I/am_wtf ( 1519): [0,1519,system_server,-1,DisplayDeviceConfig,requesting nits when no mapping exists.]
01-08 05:15:32.037 I/am_wtf ( 1519): [0,1519,system_server,-1,DisplayDeviceConfig,requesting nits when no mapping exists.]
01-08 05:15:32.037 I/am_wtf ( 1519): [0,1519,system_server,-1,DisplayDeviceConfig,requesting nits when no mapping exists.]
01-08 05:15:32.054 I/am_wtf ( 1519): [0,1519,system_server,-1,DisplayDeviceConfig,requesting nits when no mapping exists.]
01-08 05:15:32.054 I/am_wtf ( 1519): [0,1519,system_server,-1,DisplayDeviceConfig,requesting nits when no mapping exists.]
01-08 05:15:32.070 I/am_wtf ( 1519): [0,1519,system_server,-1,DisplayDeviceConfig,requesting nits when no mapping exists.]
01-08 05:15:32.071 I/am_wtf ( 1519): [0,1519,system_server,-1,DisplayDeviceConfig,requesting nits when no mapping exists.]
