01-08 03:33:50.191 I/auditd ( 0): type=1400 audit(0.0:4786): avc: denied { kill } for comm="swapper/2" capability=5 scontext=u:r:kernel:s0 tcontext=u:r:kernel:s0 tclass=capability permissive=0
01-08 03:33:51.191 I/auditd ( 0): type=1400 audit(0.0:4787): avc: denied { kill } for comm="swapper/2" capability=5 scontext=u:r:kernel:s0 tcontext=u:r:kernel:s0 tclass=capability permissive=0
01-08 03:33:52.191 I/auditd ( 0): type=1400 audit(0.0:4788): avc: denied { kill } for comm="swapper/2" capability=5 scontext=u:r:kernel:s0 tcontext=u:r:kernel:s0 tclass=capability permissive=0
01-08 03:33:53.187 I/auditd ( 0): type=1400 audit(0.0:4789): avc: denied { kill } for comm="swapper/2" capability=5 scontext=u:r:kernel:s0 tcontext=u:r:kernel:s0 tclass=capability permissive=0
01-08 03:33:54.191 I/auditd ( 0): type=1400 audit(0.0:4790): avc: denied { kill } for comm="swapper/2" capability=5 scontext=u:r:kernel:s0 tcontext=u:r:kernel:s0 tclass=capability permissive=0
01-08 03:33:55.191 I/auditd ( 0): type=1400 audit(0.0:4791): avc: denied { kill } for comm="swapper/2" capability=5 scontext=u:r:kernel:s0 tcontext=u:r:kernel:s0 tclass=capability permissive=0
01-08 03:33:56.191 I/auditd ( 0): type=1400 audit(0.0:4792): avc: denied { kill } for comm="swapper/2" capability=5 scontext=u:r:kernel:s0 tcontext=u:r:kernel:s0 tclass=capability permissive=0
01-08 03:33:59.187 I/auditd ( 0): type=1400 audit(0.0:4793): avc: denied { kill } for comm="swapper/2" capability=5 scontext=u:r:kernel:s0 tcontext=u:r:kernel:s0 tclass=capability permissive=0
01-08 03:34:00.187 I/auditd ( 0): type=1400 audit(0.0:4794): avc: denied { kill } for comm="swapper/2" capability=5 scontext=u:r:kernel:s0 tcontext=u:r:kernel:s0 tclass=capability permissive=0
01-08 03:34:01.187 I/auditd ( 0): type=1400 audit(0.0:4795): avc: denied { kill } for comm="swapper/2" capability=5 scontext=u:r:kernel:s0 tcontext=u:r:kernel:s0 tclass=capability permissive=0
01-08 03:34:02.187 I/auditd ( 0): type=1400 audit(0.0:4796): avc: denied { kill } for comm="swapper/2" capability=5 scontext=u:r:kernel:s0 tcontext=u:r:kernel:s0 tclass=capability permissive=0
01-08 03:34:03.191 I/auditd ( 0): type=1400 audit(0.0:4797): avc: denied { kill } for comm="swapper/2" capability=5 scontext=u:r:kernel:s0 tcontext=u:r:kernel:s0 tclass=capability permissive=0
01-08 03:34:04.187 I/auditd ( 0): type=1400 audit(0.0:4798): avc: denied { kill } for comm="swapper/2" capability=5 scontext=u:r:kernel:s0 tcontext=u:r:kernel:s0 tclass=capability permissive=0
01-08 03:34:05.191 I/auditd ( 0): type=1400 audit(0.0:4799): avc: denied { kill } for comm="swapper/2" capability=5 scontext=u:r:kernel:s0 tcontext=u:r:kernel:s0 tclass=capability permissive=0
01-08 03:34:06.187 I/auditd ( 0): type=1400 audit(0.0:4800): avc: denied { kill } for comm="swapper/2" capability=5 scontext=u:r:kernel:s0 tcontext=u:r:kernel:s0 tclass=capability permissive=0
01-08 03:34:07.187 I/auditd ( 0): type=1400 audit(0.0:4801): avc: denied { kill } for comm="swapper/2" capability=5 scontext=u:r:kernel:s0 tcontext=u:r:kernel:s0 tclass=capability permissive=0
01-08 03:34:08.191 I/auditd ( 0): type=1400 audit(0.0:4802): avc: denied { kill } for comm="swapper/2" capability=5 scontext=u:r:kernel:s0 tcontext=u:r:kernel:s0 tclass=capability permissive=0
01-08 03:34:09.191 I/auditd ( 0): type=1400 audit(0.0:4803): avc: denied { kill } for comm="swapper/2" capability=5 scontext=u:r:kernel:s0 tcontext=u:r:kernel:s0 tclass=capability permissive=0
01-08 03:34:10.187 I/auditd ( 0): type=1400 audit(0.0:4804): avc: denied { kill } for comm="swapper/2" capability=5 scontext=u:r:kernel:s0 tcontext=u:r:kernel:s0 tclass=capability permissive=0
01-08 03:34:11.191 I/auditd ( 0): type=1400 audit(0.0:4805): avc: denied { kill } for comm="swapper/2" capability=5 scontext=u:r:kernel:s0 tcontext=u:r:kernel:s0 tclass=capability permissive=0
01-08 03:34:12.191 I/auditd ( 0): type=1400 audit(0.0:4806): avc: denied { kill } for comm="swapper/2" capability=5 scontext=u:r:kernel:s0 tcontext=u:r:kernel:s0 tclass=capability permissive=0
01-08 03:34:13.187 I/auditd ( 0): type=1400 audit(0.0:4807): avc: denied { kill } for comm="swapper/2" capability=5 scontext=u:r:kernel:s0 tcontext=u:r:kernel:s0 tclass=capability permissive=0
01-08 03:34:14.191 I/auditd ( 0): type=1400 audit(0.0:4808): avc: denied { kill } for comm="swapper/2" capability=5 scontext=u:r:kernel:s0 tcontext=u:r:kernel:s0 tclass=capability permissive=0
01-08 03:34:15.187 I/auditd ( 0): type=1400 audit(0.0:4809): avc: denied { kill } for comm="swapper/2" capability=5 scontext=u:r:kernel:s0 tcontext=u:r:kernel:s0 tclass=capability permissive=0
01-08 03:34:16.187 I/auditd ( 0): type=1400 audit(0.0:4810): avc: denied { kill } for comm="swapper/2" capability=5 scontext=u:r:kernel:s0 tcontext=u:r:kernel:s0 tclass=capability permissive=0
01-08 03:34:17.029 I/netstats_mobile_sample( 1519): [0,0,0,0,0,0,0,0,0,0,0,0,1673120057029]
01-08 03:34:17.029 I/netstats_wifi_sample( 1519): [8193704555,6022059,100695063,1278935,8193704555,6022059,100695063,1278935,8196099171,6045617,82097774,1237222,1673120057029]
01-08 03:34:17.191 I/auditd ( 0): type=1400 audit(0.0:4811): avc: denied { kill } for comm="swapper/2" capability=5 scontext=u:r:kernel:s0 tcontext=u:r:kernel:s0 tclass=capability permissive=0
01-08 03:34:18.187 I/auditd ( 0): type=1400 audit(0.0:4812): avc: denied { kill } for comm="swapper/2" capability=5 scontext=u:r:kernel:s0 tcontext=u:r:kernel:s0 tclass=capability permissive=0
01-08 03:34:19.191 I/auditd ( 0): type=1400 audit(0.0:4813): avc: denied { kill } for comm="swapper/2" capability=5 scontext=u:r:kernel:s0 tcontext=u:r:kernel:s0 tclass=capability permissive=0
01-08 03:34:19.817 I/am_uid_idle( 1519): 10096
01-08 03:34:20.191 I/auditd ( 0): type=1400 audit(0.0:4814): avc: denied { kill } for comm="swapper/2" capability=5 scontext=u:r:kernel:s0 tcontext=u:r:kernel:s0 tclass=capability permissive=0
01-08 03:34:21.191 I/auditd ( 0): type=1400 audit(0.0:4815): avc: denied { kill } for comm="swapper/2" capability=5 scontext=u:r:kernel:s0 tcontext=u:r:kernel:s0 tclass=capability permissive=0
01-08 03:34:22.187 I/auditd ( 0): type=1400 audit(0.0:4816): avc: denied { kill } for comm="swapper/2" capability=5 scontext=u:r:kernel:s0 tcontext=u:r:kernel:s0 tclass=capability permissive=0
01-08 03:34:23.191 I/auditd ( 0): type=1400 audit(0.0:4817): avc: denied { kill } for comm="swapper/2" capability=5 scontext=u:r:kernel:s0 tcontext=u:r:kernel:s0 tclass=capability permissive=0
01-08 03:34:24.191 I/auditd ( 0): type=1400 audit(0.0:4818): avc: denied { kill } for comm="swapper/2" capability=5 scontext=u:r:kernel:s0 tcontext=u:r:kernel:s0 tclass=capability permissive=0
01-08 03:34:25.187 I/auditd ( 0): type=1400 audit(0.0:4819): avc: denied { kill } for comm="swapper/2" capability=5 scontext=u:r:kernel:s0 tcontext=u:r:kernel:s0 tclass=capability permissive=0
01-08 03:34:26.187 I/auditd ( 0): type=1400 audit(0.0:4820): avc: denied { kill } for comm="swapper/2" capability=5 scontext=u:r:kernel:s0 tcontext=u:r:kernel:s0 tclass=capability permissive=0
01-08 03:34:27.187 I/auditd ( 0): type=1400 audit(0.0:4821): avc: denied { kill } for comm="swapper/2" capability=5 scontext=u:r:kernel:s0 tcontext=u:r:kernel:s0 tclass=capability permissive=0
01-08 03:34:29.191 I/auditd ( 0): type=1400 audit(0.0:4822): avc: denied { kill } for comm="swapper/2" capability=5 scontext=u:r:kernel:s0 tcontext=u:r:kernel:s0 tclass=capability permissive=0
01-08 03:34:30.191 I/auditd ( 0): type=1400 audit(0.0:4823): avc: denied { kill } for comm="swapper/2" capability=5 scontext=u:r:kernel:s0 tcontext=u:r:kernel:s0 tclass=capability permissive=0
01-08 03:34:31.187 I/auditd ( 0): type=1400 audit(0.0:4824): avc: denied { kill } for comm="swapper/2" capability=5 scontext=u:r:kernel:s0 tcontext=u:r:kernel:s0 tclass=capability permissive=0
01-08 03:34:32.191 I/auditd ( 0): type=1400 audit(0.0:4825): avc: denied { kill } for comm="swapper/2" capability=5 scontext=u:r:kernel:s0 tcontext=u:r:kernel:s0 tclass=capability permissive=0
01-08 03:34:33.187 I/auditd ( 0): type=1400 audit(0.0:4826): avc: denied { kill } for comm="swapper/2" capability=5 scontext=u:r:kernel:s0 tcontext=u:r:kernel:s0 tclass=capability permissive=0
01-08 03:34:34.191 I/auditd ( 0): type=1400 audit(0.0:4827): avc: denied { kill } for comm="swapper/2" capability=5 scontext=u:r:kernel:s0 tcontext=u:r:kernel:s0 tclass=capability permissive=0
01-08 03:34:35.187 I/auditd ( 0): type=1400 audit(0.0:4828): avc: denied { kill } for comm="swapper/2" capability=5 scontext=u:r:kernel:s0 tcontext=u:r:kernel:s0 tclass=capability permissive=0
01-08 03:34:36.187 I/auditd ( 0): type=1400 audit(0.0:4829): avc: denied { kill } for comm="swapper/2" capability=5 scontext=u:r:kernel:s0 tcontext=u:r:kernel:s0 tclass=capability permissive=0
01-08 03:34:36.986 I/netstats_mobile_sample( 1519): [0,0,0,0,0,0,0,0,0,0,0,0,1673120076986]
01-08 03:34:36.986 I/netstats_wifi_sample( 1519): [8193815154,6022311,100914578,1279429,8193815154,6022311,100914578,1279429,8196229002,6045991,82207738,1237472,1673120076986]
01-08 03:34:36.989 I/am_pss ( 1519): [13245,10097,com.tencent.mm,285290496,201637888,41984,473706496,0,10,35]
01-08 03:34:37.008 I/am_pss ( 1519): [13419,10097,com.tencent.mm:push,127787008,47648768,43008,302501888,0,10,19]
01-08 03:34:37.187 I/auditd ( 0): type=1400 audit(0.0:4830): avc: denied { kill } for comm="swapper/2" capability=5 scontext=u:r:kernel:s0 tcontext=u:r:kernel:s0 tclass=capability permissive=0
01-08 03:34:38.187 I/auditd ( 0): type=1400 audit(0.0:4831): avc: denied { kill } for comm="swapper/2" capability=5 scontext=u:r:kernel:s0 tcontext=u:r:kernel:s0 tclass=capability permissive=0
01-08 03:34:39.187 I/auditd ( 0): type=1400 audit(0.0:4832): avc: denied { kill } for comm="swapper/2" capability=5 scontext=u:r:kernel:s0 tcontext=u:r:kernel:s0 tclass=capability permissive=0
01-08 03:34:40.191 I/auditd ( 0): type=1400 audit(0.0:4833): avc: denied { kill } for comm="swapper/2" capability=5 scontext=u:r:kernel:s0 tcontext=u:r:kernel:s0 tclass=capability permissive=0
01-08 03:34:41.191 I/auditd ( 0): type=1400 audit(0.0:4834): avc: denied { kill } for comm="swapper/2" capability=5 scontext=u:r:kernel:s0 tcontext=u:r:kernel:s0 tclass=capability permissive=0
01-08 03:34:42.191 I/auditd ( 0): type=1400 audit(0.0:4835): avc: denied { kill } for comm="swapper/2" capability=5 scontext=u:r:kernel:s0 tcontext=u:r:kernel:s0 tclass=capability permissive=0
01-08 03:34:43.191 I/auditd ( 0): type=1400 audit(0.0:4836): avc: denied { kill } for comm="swapper/2" capability=5 scontext=u:r:kernel:s0 tcontext=u:r:kernel:s0 tclass=capability permissive=0
01-08 03:34:44.187 I/auditd ( 0): type=1400 audit(0.0:4837): avc: denied { kill } for comm="swapper/2" capability=5 scontext=u:r:kernel:s0 tcontext=u:r:kernel:s0 tclass=capability permissive=0
01-08 03:34:45.191 I/auditd ( 0): type=1400 audit(0.0:4838): avc: denied { kill } for comm="swapper/2" capability=5 scontext=u:r:kernel:s0 tcontext=u:r:kernel:s0 tclass=capability permissive=0
01-08 03:34:46.191 I/auditd ( 0): type=1400 audit(0.0:4839): avc: denied { kill } for comm="swapper/2" capability=5 scontext=u:r:kernel:s0 tcontext=u:r:kernel:s0 tclass=capability permissive=0
01-08 03:34:47.191 I/auditd ( 0): type=1400 audit(0.0:4840): avc: denied { kill } for comm="swapper/2" capability=5 scontext=u:r:kernel:s0 tcontext=u:r:kernel:s0 tclass=capability permissive=0
01-08 03:34:48.191 I/auditd ( 0): type=1400 audit(0.0:4841): avc: denied { kill } for comm="swapper/2" capability=5 scontext=u:r:kernel:s0 tcontext=u:r:kernel:s0 tclass=capability permissive=0
01-08 03:34:49.199 I/am_uid_active( 1519): 10096
01-08 03:34:50.191 I/auditd ( 0): type=1400 audit(0.0:4842): avc: denied { kill } for comm="swapper/2" capability=5 scontext=u:r:kernel:s0 tcontext=u:r:kernel:s0 tclass=capability permissive=0
01-08 03:34:51.191 I/auditd ( 0): type=1400 audit(0.0:4843): avc: denied { kill } for comm="swapper/2" capability=5 scontext=u:r:kernel:s0 tcontext=u:r:kernel:s0 tclass=capability permissive=0
01-08 03:34:52.187 I/auditd ( 0): type=1400 audit(0.0:4844): avc: denied { kill } for comm="swapper/2" capability=5 scontext=u:r:kernel:s0 tcontext=u:r:kernel:s0 tclass=capability permissive=0
01-08 03:34:53.187 I/auditd ( 0): type=1400 audit(0.0:4845): avc: denied { kill } for comm="swapper/2" capability=5 scontext=u:r:kernel:s0 tcontext=u:r:kernel:s0 tclass=capability permissive=0
01-08 03:34:54.191 I/auditd ( 0): type=1400 audit(0.0:4846): avc: denied { kill } for comm="swapper/2" capability=5 scontext=u:r:kernel:s0 tcontext=u:r:kernel:s0 tclass=capability permissive=0
01-08 03:34:55.191 I/auditd ( 0): type=1400 audit(0.0:4847): avc: denied { kill } for comm="swapper/2" capability=5 scontext=u:r:kernel:s0 tcontext=u:r:kernel:s0 tclass=capability permissive=0
01-08 03:34:56.187 I/auditd ( 0): type=1400 audit(0.0:4848): avc: denied { kill } for comm="swapper/2" capability=5 scontext=u:r:kernel:s0 tcontext=u:r:kernel:s0 tclass=capability permissive=0
01-08 03:34:57.187 I/auditd ( 0): type=1400 audit(0.0:4849): avc: denied { kill } for comm="swapper/2" capability=5 scontext=u:r:kernel:s0 tcontext=u:r:kernel:s0 tclass=capability permissive=0
01-08 03:34:58.187 I/auditd ( 0): type=1400 audit(0.0:4850): avc: denied { kill } for comm="swapper/2" capability=5 scontext=u:r:kernel:s0 tcontext=u:r:kernel:s0 tclass=capability permissive=0
01-08 03:34:59.187 I/auditd ( 0): type=1400 audit(0.0:4851): avc: denied { kill } for comm="swapper/2" capability=5 scontext=u:r:kernel:s0 tcontext=u:r:kernel:s0 tclass=capability permissive=0
01-08 03:35:00.187 I/auditd ( 0): type=1400 audit(0.0:4852): avc: denied { kill } for comm="swapper/2" capability=5 scontext=u:r:kernel:s0 tcontext=u:r:kernel:s0 tclass=capability permissive=0
01-08 03:35:01.187 I/auditd ( 0): type=1400 audit(0.0:4853): avc: denied { kill } for comm="swapper/2" capability=5 scontext=u:r:kernel:s0 tcontext=u:r:kernel:s0 tclass=capability permissive=0
01-08 03:35:02.187 I/auditd ( 0): type=1400 audit(0.0:4854): avc: denied { kill } for comm="swapper/2" capability=5 scontext=u:r:kernel:s0 tcontext=u:r:kernel:s0 tclass=capability permissive=0
01-08 03:35:03.187 I/auditd ( 0): type=1400 audit(0.0:4855): avc: denied { kill } for comm="swapper/2" capability=5 scontext=u:r:kernel:s0 tcontext=u:r:kernel:s0 tclass=capability permissive=0
01-08 03:35:04.191 I/auditd ( 0): type=1400 audit(0.0:4856): avc: denied { kill } for comm="swapper/2" capability=5 scontext=u:r:kernel:s0 tcontext=u:r:kernel:s0 tclass=capability permissive=0
01-08 03:35:05.191 I/auditd ( 0): type=1400 audit(0.0:4857): avc: denied { kill } for comm="swapper/2" capability=5 scontext=u:r:kernel:s0 tcontext=u:r:kernel:s0 tclass=capability permissive=0
01-08 03:35:06.187 I/auditd ( 0): type=1400 audit(0.0:4858): avc: denied { kill } for comm="swapper/2" capability=5 scontext=u:r:kernel:s0 tcontext=u:r:kernel:s0 tclass=capability permissive=0
01-08 03:35:07.191 I/auditd ( 0): type=1400 audit(0.0:4859): avc: denied { kill } for comm="swapper/2" capability=5 scontext=u:r:kernel:s0 tcontext=u:r:kernel:s0 tclass=capability permissive=0
01-08 03:35:08.191 I/auditd ( 0): type=1400 audit(0.0:4860): avc: denied { kill } for comm="swapper/2" capability=5 scontext=u:r:kernel:s0 tcontext=u:r:kernel:s0 tclass=capability permissive=0
01-08 03:35:09.187 I/auditd ( 0): type=1400 audit(0.0:4861): avc: denied { kill } for comm="swapper/2" capability=5 scontext=u:r:kernel:s0 tcontext=u:r:kernel:s0 tclass=capability permissive=0
01-08 03:35:10.187 I/auditd ( 0): type=1400 audit(0.0:4862): avc: denied { kill } for comm="swapper/2" capability=5 scontext=u:r:kernel:s0 tcontext=u:r:kernel:s0 tclass=capability permissive=0
01-08 03:35:11.187 I/auditd ( 0): type=1400 audit(0.0:4863): avc: denied { kill } for comm="swapper/2" capability=5 scontext=u:r:kernel:s0 tcontext=u:r:kernel:s0 tclass=capability permissive=0
01-08 03:35:12.187 I/auditd ( 0): type=1400 audit(0.0:4864): avc: denied { kill } for comm="swapper/2" capability=5 scontext=u:r:kernel:s0 tcontext=u:r:kernel:s0 tclass=capability permissive=0
01-08 03:35:13.187 I/auditd ( 0): type=1400 audit(0.0:4865): avc: denied { kill } for comm="swapper/2" capability=5 scontext=u:r:kernel:s0 tcontext=u:r:kernel:s0 tclass=capability permissive=0
01-08 03:35:14.191 I/auditd ( 0): type=1400 audit(0.0:4866): avc: denied { kill } for comm="swapper/2" capability=5 scontext=u:r:kernel:s0 tcontext=u:r:kernel:s0 tclass=capability permissive=0
01-08 03:35:15.187 I/auditd ( 0): type=1400 audit(0.0:4867): avc: denied { kill } for comm="swapper/2" capability=5 scontext=u:r:kernel:s0 tcontext=u:r:kernel:s0 tclass=capability permissive=0
01-08 03:35:16.191 I/auditd ( 0): type=1400 audit(0.0:4868): avc: denied { kill } for comm="swapper/2" capability=5 scontext=u:r:kernel:s0 tcontext=u:r:kernel:s0 tclass=capability permissive=0
01-08 03:35:17.191 I/auditd ( 0): type=1400 audit(0.0:4869): avc: denied { kill } for comm="swapper/2" capability=5 scontext=u:r:kernel:s0 tcontext=u:r:kernel:s0 tclass=capability permissive=0
01-08 03:35:18.187 I/auditd ( 0): type=1400 audit(0.0:4870): avc: denied { kill } for comm="swapper/2" capability=5 scontext=u:r:kernel:s0 tcontext=u:r:kernel:s0 tclass=capability permissive=0
01-08 03:35:19.187 I/auditd ( 0): type=1400 audit(0.0:4871): avc: denied { kill } for comm="swapper/2" capability=5 scontext=u:r:kernel:s0 tcontext=u:r:kernel:s0 tclass=capability permissive=0
01-08 03:35:20.191 I/auditd ( 0): type=1400 audit(0.0:4872): avc: denied { kill } for comm="swapper/2" capability=5 scontext=u:r:kernel:s0 tcontext=u:r:kernel:s0 tclass=capability permissive=0
01-08 03:35:21.191 I/auditd ( 0): type=1400 audit(0.0:4873): avc: denied { kill } for comm="swapper/2" capability=5 scontext=u:r:kernel:s0 tcontext=u:r:kernel:s0 tclass=capability permissive=0
01-08 03:35:22.191 I/auditd ( 0): type=1400 audit(0.0:4874): avc: denied { kill } for comm="swapper/2" capability=5 scontext=u:r:kernel:s0 tcontext=u:r:kernel:s0 tclass=capability permissive=0
01-08 03:35:23.191 I/auditd ( 0): type=1400 audit(0.0:4875): avc: denied { kill } for comm="swapper/2" capability=5 scontext=u:r:kernel:s0 tcontext=u:r:kernel:s0 tclass=capability permissive=0
01-08 03:35:24.191 I/auditd ( 0): type=1400 audit(0.0:4876): avc: denied { kill } for comm="swapper/2" capability=5 scontext=u:r:kernel:s0 tcontext=u:r:kernel:s0 tclass=capability permissive=0
01-08 03:35:25.187 I/auditd ( 0): type=1400 audit(0.0:4877): avc: denied { kill } for comm="swapper/2" capability=5 scontext=u:r:kernel:s0 tcontext=u:r:kernel:s0 tclass=capability permissive=0
01-08 03:35:26.191 I/auditd ( 0): type=1400 audit(0.0:4878): avc: denied { kill } for comm="swapper/2" capability=5 scontext=u:r:kernel:s0 tcontext=u:r:kernel:s0 tclass=capability permissive=0
01-08 03:35:27.187 I/auditd ( 0): type=1400 audit(0.0:4879): avc: denied { kill } for comm="swapper/2" capability=5 scontext=u:r:kernel:s0 tcontext=u:r:kernel:s0 tclass=capability permissive=0
01-08 03:35:28.187 I/auditd ( 0): type=1400 audit(0.0:4880): avc: denied { kill } for comm="swapper/2" capability=5 scontext=u:r:kernel:s0 tcontext=u:r:kernel:s0 tclass=capability permissive=0
01-08 03:35:29.191 I/auditd ( 0): type=1400 audit(0.0:4881): avc: denied { kill } for comm="swapper/2" capability=5 scontext=u:r:kernel:s0 tcontext=u:r:kernel:s0 tclass=capability permissive=0
01-08 03:35:30.187 I/auditd ( 0): type=1400 audit(0.0:4882): avc: denied { kill } for comm="swapper/2" capability=5 scontext=u:r:kernel:s0 tcontext=u:r:kernel:s0 tclass=capability permissive=0
01-08 03:35:31.187 I/auditd ( 0): type=1400 audit(0.0:4883): avc: denied { kill } for comm="swapper/2" capability=5 scontext=u:r:kernel:s0 tcontext=u:r:kernel:s0 tclass=capability permissive=0
01-08 03:35:32.191 I/auditd ( 0): type=1400 audit(0.0:4884): avc: denied { kill } for comm="swapper/2" capability=5 scontext=u:r:kernel:s0 tcontext=u:r:kernel:s0 tclass=capability permissive=0
01-08 03:35:33.191 I/auditd ( 0): type=1400 audit(0.0:4885): avc: denied { kill } for comm="swapper/2" capability=5 scontext=u:r:kernel:s0 tcontext=u:r:kernel:s0 tclass=capability permissive=0
01-08 03:35:34.187 I/auditd ( 0): type=1400 audit(0.0:4886): avc: denied { kill } for comm="swapper/2" capability=5 scontext=u:r:kernel:s0 tcontext=u:r:kernel:s0 tclass=capability permissive=0
01-08 03:35:35.187 I/auditd ( 0): type=1400 audit(0.0:4887): avc: denied { kill } for comm="swapper/2" capability=5 scontext=u:r:kernel:s0 tcontext=u:r:kernel:s0 tclass=capability permissive=0
01-08 03:35:36.191 I/auditd ( 0): type=1400 audit(0.0:4888): avc: denied { kill } for comm="swapper/2" capability=5 scontext=u:r:kernel:s0 tcontext=u:r:kernel:s0 tclass=capability permissive=0
01-08 03:35:37.187 I/auditd ( 0): type=1400 audit(0.0:4889): avc: denied { kill } for comm="swapper/2" capability=5 scontext=u:r:kernel:s0 tcontext=u:r:kernel:s0 tclass=capability permissive=0
01-08 03:35:38.191 I/auditd ( 0): type=1400 audit(0.0:4890): avc: denied { kill } for comm="swapper/2" capability=5 scontext=u:r:kernel:s0 tcontext=u:r:kernel:s0 tclass=capability permissive=0
01-08 03:35:39.187 I/auditd ( 0): type=1400 audit(0.0:4891): avc: denied { kill } for comm="swapper/2" capability=5 scontext=u:r:kernel:s0 tcontext=u:r:kernel:s0 tclass=capability permissive=0
01-08 03:35:40.187 I/auditd ( 0): type=1400 audit(0.0:4892): avc: denied { kill } for comm="swapper/2" capability=5 scontext=u:r:kernel:s0 tcontext=u:r:kernel:s0 tclass=capability permissive=0
01-08 03:35:41.187 I/auditd ( 0): type=1400 audit(0.0:4893): avc: denied { kill } for comm="swapper/2" capability=5 scontext=u:r:kernel:s0 tcontext=u:r:kernel:s0 tclass=capability permissive=0
01-08 03:35:42.191 I/auditd ( 0): type=1400 audit(0.0:4894): avc: denied { kill } for comm="swapper/2" capability=5 scontext=u:r:kernel:s0 tcontext=u:r:kernel:s0 tclass=capability permissive=0
01-08 03:35:43.187 I/auditd ( 0): type=1400 audit(0.0:4895): avc: denied { kill } for comm="swapper/2" capability=5 scontext=u:r:kernel:s0 tcontext=u:r:kernel:s0 tclass=capability permissive=0
01-08 03:35:44.191 I/auditd ( 0): type=1400 audit(0.0:4896): avc: denied { kill } for comm="swapper/2" capability=5 scontext=u:r:kernel:s0 tcontext=u:r:kernel:s0 tclass=capability permissive=0
01-08 03:35:45.191 I/auditd ( 0): type=1400 audit(0.0:4897): avc: denied { kill } for comm="swapper/2" capability=5 scontext=u:r:kernel:s0 tcontext=u:r:kernel:s0 tclass=capability permissive=0
01-08 03:35:46.191 I/auditd ( 0): type=1400 audit(0.0:4898): avc: denied { kill } for comm="swapper/2" capability=5 scontext=u:r:kernel:s0 tcontext=u:r:kernel:s0 tclass=capability permissive=0
01-08 03:35:47.187 I/auditd ( 0): type=1400 audit(0.0:4899): avc: denied { kill } for comm="swapper/2" capability=5 scontext=u:r:kernel:s0 tcontext=u:r:kernel:s0 tclass=capability permissive=0
01-08 03:35:48.187 I/auditd ( 0): type=1400 audit(0.0:4900): avc: denied { kill } for comm="swapper/2" capability=5 scontext=u:r:kernel:s0 tcontext=u:r:kernel:s0 tclass=capability permissive=0
01-08 03:35:49.191 I/auditd ( 0): type=1400 audit(0.0:4901): avc: denied { kill } for comm="swapper/2" capability=5 scontext=u:r:kernel:s0 tcontext=u:r:kernel:s0 tclass=capability permissive=0
01-08 03:35:50.191 I/auditd ( 0): type=1400 audit(0.0:4902): avc: denied { kill } for comm="swapper/2" capability=5 scontext=u:r:kernel:s0 tcontext=u:r:kernel:s0 tclass=capability permissive=0
01-08 03:35:51.187 I/auditd ( 0): type=1400 audit(0.0:4903): avc: denied { kill } for comm="swapper/2" capability=5 scontext=u:r:kernel:s0 tcontext=u:r:kernel:s0 tclass=capability permissive=0
01-08 03:35:52.191 I/auditd ( 0): type=1400 audit(0.0:4904): avc: denied { kill } for comm="swapper/2" capability=5 scontext=u:r:kernel:s0 tcontext=u:r:kernel:s0 tclass=capability permissive=0
01-08 03:35:53.187 I/auditd ( 0): type=1400 audit(0.0:4905): avc: denied { kill } for comm="swapper/2" capability=5 scontext=u:r:kernel:s0 tcontext=u:r:kernel:s0 tclass=capability permissive=0
01-08 03:35:54.191 I/auditd ( 0): type=1400 audit(0.0:4906): avc: denied { kill } for comm="swapper/2" capability=5 scontext=u:r:kernel:s0 tcontext=u:r:kernel:s0 tclass=capability permissive=0
01-08 03:35:55.187 I/auditd ( 0): type=1400 audit(0.0:4907): avc: denied { kill } for comm="swapper/2" capability=5 scontext=u:r:kernel:s0 tcontext=u:r:kernel:s0 tclass=capability permissive=0
01-08 03:35:56.187 I/auditd ( 0): type=1400 audit(0.0:4908): avc: denied { kill } for comm="swapper/2" capability=5 scontext=u:r:kernel:s0 tcontext=u:r:kernel:s0 tclass=capability permissive=0
01-08 03:35:57.187 I/auditd ( 0): type=1400 audit(0.0:4909): avc: denied { kill } for comm="swapper/2" capability=5 scontext=u:r:kernel:s0 tcontext=u:r:kernel:s0 tclass=capability permissive=0
01-08 03:35:58.187 I/auditd ( 0): type=1400 audit(0.0:4910): avc: denied { kill } for comm="swapper/2" capability=5 scontext=u:r:kernel:s0 tcontext=u:r:kernel:s0 tclass=capability permissive=0
01-08 03:36:00.187 I/auditd ( 0): type=1400 audit(0.0:4911): avc: denied { kill } for comm="swapper/2" capability=5 scontext=u:r:kernel:s0 tcontext=u:r:kernel:s0 tclass=capability permissive=0
01-08 03:36:01.187 I/auditd ( 0): type=1400 audit(0.0:4912): avc: denied { kill } for comm="swapper/2" capability=5 scontext=u:r:kernel:s0 tcontext=u:r:kernel:s0 tclass=capability permissive=0
01-08 03:36:02.187 I/auditd ( 0): type=1400 audit(0.0:4913): avc: denied { kill } for comm="swapper/2" capability=5 scontext=u:r:kernel:s0 tcontext=u:r:kernel:s0 tclass=capability permissive=0
01-08 03:36:04.191 I/auditd ( 0): type=1400 audit(0.0:4914): avc: denied { kill } for comm="swapper/2" capability=5 scontext=u:r:kernel:s0 tcontext=u:r:kernel:s0 tclass=capability permissive=0
01-08 03:36:05.191 I/auditd ( 0): type=1400 audit(0.0:4915): avc: denied { kill } for comm="swapper/2" capability=5 scontext=u:r:kernel:s0 tcontext=u:r:kernel:s0 tclass=capability permissive=0
01-08 03:36:06.191 I/auditd ( 0): type=1400 audit(0.0:4916): avc: denied { kill } for comm="swapper/2" capability=5 scontext=u:r:kernel:s0 tcontext=u:r:kernel:s0 tclass=capability permissive=0
01-08 03:36:07.187 I/auditd ( 0): type=1400 audit(0.0:4917): avc: denied { kill } for comm="swapper/2" capability=5 scontext=u:r:kernel:s0 tcontext=u:r:kernel:s0 tclass=capability permissive=0
01-08 03:36:08.191 I/auditd ( 0): type=1400 audit(0.0:4918): avc: denied { kill } for comm="swapper/2" capability=5 scontext=u:r:kernel:s0 tcontext=u:r:kernel:s0 tclass=capability permissive=0
01-08 03:36:09.191 I/auditd ( 0): type=1400 audit(0.0:4919): avc: denied { kill } for comm="swapper/2" capability=5 scontext=u:r:kernel:s0 tcontext=u:r:kernel:s0 tclass=capability permissive=0
01-08 03:36:10.191 I/auditd ( 0): type=1400 audit(0.0:4920): avc: denied { kill } for comm="swapper/2" capability=5 scontext=u:r:kernel:s0 tcontext=u:r:kernel:s0 tclass=capability permissive=0
01-08 03:36:11.187 I/auditd ( 0): type=1400 audit(0.0:4921): avc: denied { kill } for comm="swapper/2" capability=5 scontext=u:r:kernel:s0 tcontext=u:r:kernel:s0 tclass=capability permissive=0
01-08 03:36:12.191 I/auditd ( 0): type=1400 audit(0.0:4922): avc: denied { kill } for comm="swapper/2" capability=5 scontext=u:r:kernel:s0 tcontext=u:r:kernel:s0 tclass=capability permissive=0
01-08 03:36:13.187 I/auditd ( 0): type=1400 audit(0.0:4923): avc: denied { kill } for comm="swapper/2" capability=5 scontext=u:r:kernel:s0 tcontext=u:r:kernel:s0 tclass=capability permissive=0
01-08 03:36:13.586 I/netstats_mobile_sample( 1519): [0,0,0,0,0,0,0,0,0,0,0,0,1673120173585]
01-08 03:36:13.586 I/netstats_wifi_sample( 1519): [8194364884,6023556,102005515,1281883,8194364884,6023556,102005515,1281883,8196871980,6047833,82754001,1238714,1673120173585]
01-08 03:36:13.635 I/auditd (13245): type=1400 audit(0.0:4924): avc: denied { getattr } for comm="[GT]ColdPool#0" path="/sys/kernel/tracing/trace_marker" dev="tracefs" ino=11230 scontext=u:r:untrusted_app_29:s0:c97,c256,c512,c768 tcontext=u:object_r:debugfs_trace_marker:s0 tclass=file permissive=0 app=com.tencent.mm
01-08 03:36:14.187 I/auditd ( 0): type=1400 audit(0.0:4925): avc: denied { kill } for comm="swapper/2" capability=5 scontext=u:r:kernel:s0 tcontext=u:r:kernel:s0 tclass=capability permissive=0
01-08 03:36:15.187 I/auditd ( 0): type=1400 audit(0.0:4926): avc: denied { kill } for comm="swapper/2" capability=5 scontext=u:r:kernel:s0 tcontext=u:r:kernel:s0 tclass=capability permissive=0
01-08 03:36:16.187 I/auditd ( 0): type=1400 audit(0.0:4927): avc: denied { kill } for comm="swapper/2" capability=5 scontext=u:r:kernel:s0 tcontext=u:r:kernel:s0 tclass=capability permissive=0
01-08 03:36:16.303 I/auditd (13419): type=1400 audit(0.0:4928): avc: denied { getattr } for comm="[GT]ColdPool#2" path="/sys/kernel/tracing/trace_marker" dev="tracefs" ino=11230 scontext=u:r:untrusted_app_29:s0:c97,c256,c512,c768 tcontext=u:object_r:debugfs_trace_marker:s0 tclass=file permissive=0 app=com.tencent.mm
01-08 03:36:17.187 I/auditd ( 0): type=1400 audit(0.0:4929): avc: denied { kill } for comm="swapper/2" capability=5 scontext=u:r:kernel:s0 tcontext=u:r:kernel:s0 tclass=capability permissive=0
01-08 03:36:18.191 I/auditd ( 0): type=1400 audit(0.0:4930): avc: denied { kill } for comm="swapper/2" capability=5 scontext=u:r:kernel:s0 tcontext=u:r:kernel:s0 tclass=capability permissive=0
01-08 03:36:19.187 I/auditd ( 0): type=1400 audit(0.0:4931): avc: denied { kill } for comm="swapper/2" capability=5 scontext=u:r:kernel:s0 tcontext=u:r:kernel:s0 tclass=capability permissive=0
01-08 03:36:19.857 I/am_uid_idle( 1519): 10096
01-08 03:36:20.191 I/auditd ( 0): type=1400 audit(0.0:4932): avc: denied { kill } for comm="swapper/2" capability=5 scontext=u:r:kernel:s0 tcontext=u:r:kernel:s0 tclass=capability permissive=0
01-08 03:36:21.187 I/auditd ( 0): type=1400 audit(0.0:4933): avc: denied { kill } for comm="swapper/2" capability=5 scontext=u:r:kernel:s0 tcontext=u:r:kernel:s0 tclass=capability permissive=0
01-08 03:36:22.191 I/auditd ( 0): type=1400 audit(0.0:4934): avc: denied { kill } for comm="swapper/2" capability=5 scontext=u:r:kernel:s0 tcontext=u:r:kernel:s0 tclass=capability permissive=0
01-08 03:36:23.187 I/auditd ( 0): type=1400 audit(0.0:4935): avc: denied { kill } for comm="swapper/2" capability=5 scontext=u:r:kernel:s0 tcontext=u:r:kernel:s0 tclass=capability permissive=0
01-08 03:36:24.191 I/auditd ( 0): type=1400 audit(0.0:4936): avc: denied { kill } for comm="swapper/2" capability=5 scontext=u:r:kernel:s0 tcontext=u:r:kernel:s0 tclass=capability permissive=0
01-08 03:36:25.191 I/auditd ( 0): type=1400 audit(0.0:4937): avc: denied { kill } for comm="swapper/2" capability=5 scontext=u:r:kernel:s0 tcontext=u:r:kernel:s0 tclass=capability permissive=0
01-08 03:36:26.187 I/auditd ( 0): type=1400 audit(0.0:4938): avc: denied { kill } for comm="swapper/2" capability=5 scontext=u:r:kernel:s0 tcontext=u:r:kernel:s0 tclass=capability permissive=0
01-08 03:36:28.191 I/auditd ( 0): type=1400 audit(0.0:4939): avc: denied { kill } for comm="swapper/2" capability=5 scontext=u:r:kernel:s0 tcontext=u:r:kernel:s0 tclass=capability permissive=0
01-08 03:36:29.187 I/auditd ( 0): type=1400 audit(0.0:4940): avc: denied { kill } for comm="swapper/2" capability=5 scontext=u:r:kernel:s0 tcontext=u:r:kernel:s0 tclass=capability permissive=0
01-08 03:36:30.191 I/auditd ( 0): type=1400 audit(0.0:4941): avc: denied { kill } for comm="swapper/2" capability=5 scontext=u:r:kernel:s0 tcontext=u:r:kernel:s0 tclass=capability permissive=0
01-08 03:36:31.187 I/auditd ( 0): type=1400 audit(0.0:4942): avc: denied { kill } for comm="swapper/2" capability=5 scontext=u:r:kernel:s0 tcontext=u:r:kernel:s0 tclass=capability permissive=0
01-08 03:36:32.187 I/auditd ( 0): type=1400 audit(0.0:4943): avc: denied { kill } for comm="swapper/2" capability=5 scontext=u:r:kernel:s0 tcontext=u:r:kernel:s0 tclass=capability permissive=0
01-08 03:36:33.191 I/auditd ( 0): type=1400 audit(0.0:4944): avc: denied { kill } for comm="swapper/2" capability=5 scontext=u:r:kernel:s0 tcontext=u:r:kernel:s0 tclass=capability permissive=0
01-08 03:36:34.187 I/auditd ( 0): type=1400 audit(0.0:4945): avc: denied { kill } for comm="swapper/2" capability=5 scontext=u:r:kernel:s0 tcontext=u:r:kernel:s0 tclass=capability permissive=0
01-08 03:36:35.187 I/auditd ( 0): type=1400 audit(0.0:4946): avc: denied { kill } for comm="swapper/2" capability=5 scontext=u:r:kernel:s0 tcontext=u:r:kernel:s0 tclass=capability permissive=0
01-08 03:36:36.191 I/auditd ( 0): type=1400 audit(0.0:4947): avc: denied { kill } for comm="swapper/2" capability=5 scontext=u:r:kernel:s0 tcontext=u:r:kernel:s0 tclass=capability permissive=0
01-08 03:36:37.191 I/auditd ( 0): type=1400 audit(0.0:4948): avc: denied { kill } for comm="swapper/2" capability=5 scontext=u:r:kernel:s0 tcontext=u:r:kernel:s0 tclass=capability permissive=0
01-08 03:36:38.191 I/auditd ( 0): type=1400 audit(0.0:4949): avc: denied { kill } for comm="swapper/2" capability=5 scontext=u:r:kernel:s0 tcontext=u:r:kernel:s0 tclass=capability permissive=0
01-08 03:36:38.883 I/netstats_mobile_sample( 1519): [0,0,0,0,0,0,0,0,0,0,0,0,1673120198883]
01-08 03:36:38.883 I/netstats_wifi_sample( 1519): [8194507527,6023880,102286916,1282518,8194507527,6023880,102286916,1282518,8197037967,6048306,82895080,1239037,1673120198883]
01-08 03:36:39.187 I/auditd ( 0): type=1400 audit(0.0:4950): avc: denied { kill } for comm="swapper/2" capability=5 scontext=u:r:kernel:s0 tcontext=u:r:kernel:s0 tclass=capability permissive=0
01-08 03:36:40.191 I/auditd ( 0): type=1400 audit(0.0:4951): avc: denied { kill } for comm="swapper/2" capability=5 scontext=u:r:kernel:s0 tcontext=u:r:kernel:s0 tclass=capability permissive=0
01-08 03:36:41.191 I/auditd ( 0): type=1400 audit(0.0:4952): avc: denied { kill } for comm="swapper/2" capability=5 scontext=u:r:kernel:s0 tcontext=u:r:kernel:s0 tclass=capability permissive=0
01-08 03:36:42.191 I/auditd ( 0): type=1400 audit(0.0:4953): avc: denied { kill } for comm="swapper/2" capability=5 scontext=u:r:kernel:s0 tcontext=u:r:kernel:s0 tclass=capability permissive=0
01-08 03:36:43.187 I/auditd ( 0): type=1400 audit(0.0:4954): avc: denied { kill } for comm="swapper/2" capability=5 scontext=u:r:kernel:s0 tcontext=u:r:kernel:s0 tclass=capability permissive=0
01-08 03:36:44.187 I/auditd ( 0): type=1400 audit(0.0:4955): avc: denied { kill } for comm="swapper/2" capability=5 scontext=u:r:kernel:s0 tcontext=u:r:kernel:s0 tclass=capability permissive=0
01-08 03:36:45.187 I/auditd ( 0): type=1400 audit(0.0:4956): avc: denied { kill } for comm="swapper/2" capability=5 scontext=u:r:kernel:s0 tcontext=u:r:kernel:s0 tclass=capability permissive=0
01-08 03:36:46.191 I/auditd ( 0): type=1400 audit(0.0:4957): avc: denied { kill } for comm="swapper/2" capability=5 scontext=u:r:kernel:s0 tcontext=u:r:kernel:s0 tclass=capability permissive=0
01-08 03:36:47.187 I/auditd ( 0): type=1400 audit(0.0:4958): avc: denied { kill } for comm="swapper/2" capability=5 scontext=u:r:kernel:s0 tcontext=u:r:kernel:s0 tclass=capability permissive=0
01-08 03:36:48.191 I/auditd ( 0): type=1400 audit(0.0:4959): avc: denied { kill } for comm="swapper/2" capability=5 scontext=u:r:kernel:s0 tcontext=u:r:kernel:s0 tclass=capability permissive=0
01-08 03:36:49.191 I/auditd ( 0): type=1400 audit(0.0:4960): avc: denied { kill } for comm="swapper/2" capability=5 scontext=u:r:kernel:s0 tcontext=u:r:kernel:s0 tclass=capability permissive=0
01-08 03:36:50.191 I/auditd ( 0): type=1400 audit(0.0:4961): avc: denied { kill } for comm="swapper/2" capability=5 scontext=u:r:kernel:s0 tcontext=u:r:kernel:s0 tclass=capability permissive=0
01-08 03:36:51.187 I/auditd ( 0): type=1400 audit(0.0:4962): avc: denied { kill } for comm="swapper/2" capability=5 scontext=u:r:kernel:s0 tcontext=u:r:kernel:s0 tclass=capability permissive=0
01-08 03:36:52.187 I/auditd ( 0): type=1400 audit(0.0:4963): avc: denied { kill } for comm="swapper/2" capability=5 scontext=u:r:kernel:s0 tcontext=u:r:kernel:s0 tclass=capability permissive=0
01-08 03:36:53.191 I/auditd ( 0): type=1400 audit(0.0:4964): avc: denied { kill } for comm="swapper/2" capability=5 scontext=u:r:kernel:s0 tcontext=u:r:kernel:s0 tclass=capability permissive=0
01-08 03:36:54.187 I/auditd ( 0): type=1400 audit(0.0:4965): avc: denied { kill } for comm="swapper/2" capability=5 scontext=u:r:kernel:s0 tcontext=u:r:kernel:s0 tclass=capability permissive=0
01-08 03:36:56.191 I/auditd ( 0): type=1400 audit(0.0:4966): avc: denied { kill } for comm="swapper/2" capability=5 scontext=u:r:kernel:s0 tcontext=u:r:kernel:s0 tclass=capability permissive=0
01-08 03:36:58.187 I/auditd ( 0): type=1400 audit(0.0:4967): avc: denied { kill } for comm="swapper/2" capability=5 scontext=u:r:kernel:s0 tcontext=u:r:kernel:s0 tclass=capability permissive=0
01-08 03:37:00.187 I/auditd ( 0): type=1400 audit(0.0:4968): avc: denied { kill } for comm="swapper/3" capability=5 scontext=u:r:kernel:s0 tcontext=u:r:kernel:s0 tclass=capability permissive=0
01-08 03:37:01.187 I/auditd ( 0): type=1400 audit(0.0:4969): avc: denied { kill } for comm="swapper/3" capability=5 scontext=u:r:kernel:s0 tcontext=u:r:kernel:s0 tclass=capability permissive=0
01-08 03:37:02.187 I/auditd ( 0): type=1400 audit(0.0:4970): avc: denied { kill } for comm="swapper/3" capability=5 scontext=u:r:kernel:s0 tcontext=u:r:kernel:s0 tclass=capability permissive=0
01-08 03:37:03.023 I/input_interaction( 1519): Interaction with: c58e23e com.thundercomm.screensaver/android.service.dreams.DreamActivity (server), edge-swipe (server), swipe-up (server), PointerEventDispatcher0 (server),
01-08 03:37:03.025 I/wm_finish_activity( 1519): [0,178596082,38,com.thundercomm.screensaver/android.service.dreams.DreamActivity,finish-activity]
01-08 03:37:03.025 I/wm_task_moved( 1519): [1,1,7]
01-08 03:37:03.026 I/wm_task_moved( 1519): [10,1,2147483647]
01-08 03:37:03.026 I/wm_task_to_front( 1519): [0,10]
01-08 03:37:03.026 I/wm_focused_root_task( 1519): [0,0,1,38,finish-top adjustFocusToNextFocusableTask]
01-08 03:37:03.026 I/wm_set_resumed_activity( 1519): [0,com.android.launcher3/.uioverrides.QuickstepLauncher,finish-top adjustFocusToNextFocusableTask]
01-08 03:37:03.027 I/wm_pause_activity( 1519): [0,178596082,com.thundercomm.screensaver/android.service.dreams.DreamActivity,userLeaving=false,finish]
01-08 03:37:03.034 I/wm_on_top_resumed_lost_called(14634): [178596082,android.service.dreams.DreamActivity,topStateChangedWhenResumed]
01-08 03:37:03.039 I/wm_on_paused_called(14634): [178596082,android.service.dreams.DreamActivity,performPause]
01-08 03:37:03.040 I/wm_add_to_stopping( 1519): [0,178596082,com.thundercomm.screensaver/android.service.dreams.DreamActivity,completeFinishing]
01-08 03:37:03.043 I/wm_set_resumed_activity( 1519): [0,com.android.launcher3/.uioverrides.QuickstepLauncher,resumeTopActivityInnerLocked]
01-08 03:37:03.045 I/wm_resume_activity( 1519): [0,110752405,10,com.android.launcher3/.uioverrides.QuickstepLauncher]
01-08 03:37:03.051 I/view_enqueue_input_event(14634): [Motion - Cancel,com.thundercomm.screensaver/android.service.dreams.DreamActivity]
01-08 03:37:03.051 I/input_focus( 1519): [Focus leaving c58e23e com.thundercomm.screensaver/android.service.dreams.DreamActivity (server),reason=NO_WINDOW]
01-08 03:37:03.057 I/wm_on_restart_called( 2855): [110752405,com.android.launcher3.uioverrides.QuickstepLauncher,performRestartActivity]
01-08 03:37:03.058 I/input_interaction( 1519): Interaction with: edge-swipe (server), swipe-up (server), PointerEventDispatcher0 (server),
01-08 03:37:03.058 I/sysui_multi_action( 1519): [757,803,799,window_time_0,802,327]
01-08 03:37:03.059 I/wm_on_start_called( 2855): [110752405,com.android.launcher3.uioverrides.QuickstepLauncher,handleStartActivity]
01-08 03:37:03.060 I/wm_on_resume_called( 2855): [110752405,com.android.launcher3.uioverrides.QuickstepLauncher,RESUME_ACTIVITY]
01-08 03:37:03.060 I/wm_on_top_resumed_gained_called( 2855): [110752405,com.android.launcher3.uioverrides.QuickstepLauncher,topWhenResuming]
01-08 03:37:03.060 I/sysui_multi_action( 1519): [757,803,799,window_time_0,802,0]
01-08 03:37:03.071 I/input_focus( 1519): [Focus request 4e2f174 com.android.launcher3/com.android.launcher3.uioverrides.QuickstepLauncher,reason=UpdateInputWindows]
01-08 03:37:03.085 I/input_focus( 1519): [Focus entering 4e2f174 com.android.launcher3/com.android.launcher3.uioverrides.QuickstepLauncher (server),reason=setFocusedWindow]
01-08 03:37:03.088 I/am_uid_active( 1519): 10069
01-08 03:37:03.187 I/auditd ( 0): type=1400 audit(0.0:4971): avc: denied { kill } for comm="swapper/3" capability=5 scontext=u:r:kernel:s0 tcontext=u:r:kernel:s0 tclass=capability permissive=0
01-08 03:37:03.322 I/wm_destroy_activity( 1519): [0,178596082,38,com.thundercomm.screensaver/android.service.dreams.DreamActivity,finish-imm:idle]
01-08 03:37:03.342 I/wm_on_stop_called(14634): [178596082,android.service.dreams.DreamActivity,LIFECYCLER_STOP_ACTIVITY]
01-08 03:37:03.342 I/wm_on_destroy_called(14634): [178596082,android.service.dreams.DreamActivity,performDestroy]
01-08 03:37:03.346 I/sysui_multi_action( 1519): [757,222,758,2]
01-08 03:37:03.346 I/sysui_multi_action( 1519): [757,804,799,dreaming_minutes,801,5,802,1]
01-08 03:37:03.358 I/wm_task_removed( 1519): [38,removeChild:removeChild last r=ActivityRecord{aa528f2 u0 com.thundercomm.screensaver/android.service.dreams.DreamActivity t-1 f}} in t=Task{8d5b78f #38 type=dream A=10052:android:com.thundercomm.screensaver/dream U=0 visible=false mode=fullscreen translucent=true sz=0}]
01-08 03:37:03.358 I/wm_task_removed( 1519): [38,removeChild]
01-08 03:37:04.053 I/input_interaction( 1519): Interaction with: 341370a StatusBar (server), edge-swipe (server), swipe-up (server), PointerEventDispatcher0 (server),
01-08 03:37:04.059 I/sysui_multi_action( 2378): [757,803,799,panel_open,802,1]
01-08 03:37:04.060 I/sysui_multi_action( 2378): [757,1328,758,4,1326,44,1327,5,1329,0]
01-08 03:37:04.092 I/sysui_multi_action( 1519): [757,127,758,1]
01-08 03:37:04.092 I/sysui_multi_action( 1519): [757,804,799,note_load,801,3,802,1]
01-08 03:37:04.093 I/notification_panel_revealed( 1519): 3
01-08 03:37:04.106 I/input_focus( 1519): [Focus request e19dcb9 NotificationShade,reason=UpdateInputWindows]
01-08 03:37:04.115 I/sysui_multi_action( 1519): [757,128,758,1,793,7485168,794,0,795,7485168,796,26,798,0,806,android,857,DEVELOPER_IMPORTANT,858,4,947,0,1395,3,1500,7484964,1688,1]
01-08 03:37:04.115 I/sysui_multi_action( 1519): [757,804,799,note_freshness,801,7485168,802,1]
01-08 03:37:04.115 I/notification_visibility( 1519): [-1|android|26|null|1000,1,7485168,7485168,0,0]
01-08 03:37:04.116 I/sysui_multi_action( 1519): [757,128,758,1,793,3015617,794,0,795,3015617,796,4273,798,1,806,com.android.systemui,857,screen_record,858,3,947,0,1395,3,1500,3015415,1688,1,1745,680407814]
01-08 03:37:04.116 I/sysui_multi_action( 1519): [757,804,799,note_freshness,801,3015617,802,1]
01-08 03:37:04.116 I/notification_visibility( 1519): [0|com.android.systemui|4273|null|10081,1,3015617,3015617,0,1]
01-08 03:37:04.116 I/sysui_multi_action( 1519): [757,128,758,1,793,7539027,794,0,795,7539027,796,32,798,2,806,android,857,USB,858,1,947,0,1395,3,1500,7538824,1688,1]
01-08 03:37:04.116 I/sysui_multi_action( 1519): [757,804,799,note_freshness,801,7539027,802,1]
01-08 03:37:04.116 I/notification_visibility( 1519): [-1|android|32|null|1000,1,7539027,7539027,0,2]
01-08 03:37:04.121 I/input_focus( 1519): [Focus leaving 4e2f174 com.android.launcher3/com.android.launcher3.uioverrides.QuickstepLauncher (server),reason=setFocusedWindow]
01-08 03:37:04.121 I/input_focus( 1519): [Focus entering e19dcb9 NotificationShade (server),reason=setFocusedWindow]
01-08 03:37:04.136 I/sysui_multi_action( 2378): [757,111,758,1]
01-08 03:37:04.136 I/sysui_multi_action( 2378): [757,126,758,1,759,126,927,0,928,1,1593,0]
01-08 03:37:04.136 I/sysui_multi_action( 2378): [757,113,758,1,759,113,927,1,928,1,1593,0]
01-08 03:37:04.136 I/sysui_multi_action( 2378): [757,0,758,1,759,0,927,2,928,0,1593,0]
01-08 03:37:04.136 I/sysui_multi_action( 2378): [757,0,758,1,759,0,927,3,928,0,1593,0]
01-08 03:37:04.137 I/sysui_multi_action( 2378): [757,491,758,1,759,491,927,4,928,0,1311,-1,1593,0]
01-08 03:37:04.137 I/sysui_multi_action( 2378): [757,0,758,1,759,0,927,5,928,0,1593,0]
01-08 03:37:04.137 I/sysui_multi_action( 2378): [757,111,758,1]
01-08 03:37:04.137 I/sysui_multi_action( 2378): [757,126,758,1,759,126,927,0,928,1,1593,0]
01-08 03:37:04.137 I/sysui_multi_action( 2378): [757,113,758,1,759,113,927,1,928,1,1593,0]
01-08 03:37:04.138 I/sysui_multi_action( 2378): [757,0,758,1,759,0,927,2,928,0,1593,0]
01-08 03:37:04.138 I/sysui_multi_action( 2378): [757,0,758,1,759,0,927,3,928,0,1593,0]
01-08 03:37:04.187 I/auditd ( 0): type=1400 audit(0.0:4972): avc: denied { kill } for comm="swapper/3" capability=5 scontext=u:r:kernel:s0 tcontext=u:r:kernel:s0 tclass=capability permissive=0
01-08 03:37:05.187 I/auditd ( 0): type=1400 audit(0.0:4973): avc: denied { kill } for comm="swapper/3" capability=5 scontext=u:r:kernel:s0 tcontext=u:r:kernel:s0 tclass=capability permissive=0
01-08 03:37:07.188 I/input_interaction( 1519): Interaction with: e19dcb9 NotificationShade (server), edge-swipe (server), swipe-up (server), PointerEventDispatcher0 (server),
01-08 03:37:07.187 I/auditd ( 0): type=1400 audit(0.0:4974): avc: denied { kill } for comm="swapper/0" capability=5 scontext=u:r:kernel:s0 tcontext=u:r:kernel:s0 tclass=capability permissive=0
01-08 03:37:07.607 I/sysui_multi_action( 2378): [757,366,758,4,759,126,927,0,928,1,1592,0,1593,1]
01-08 03:37:07.621 I/wm_task_created( 1519): [39,-1]
01-08 03:37:07.623 I/wm_task_moved( 1519): [39,1,8]
01-08 03:37:07.623 I/wm_task_to_front( 1519): [0,39]
01-08 03:37:07.623 I/wm_create_task( 1519): [0,39]
01-08 03:37:07.623 I/wm_create_activity( 1519): [0,259855501,39,com.android.settings/.Settings$WifiSettingsActivity,android.settings.WIFI_SETTINGS,NULL,NULL,335544320]
01-08 03:37:07.623 I/wm_task_moved( 1519): [39,1,8]
01-08 03:37:07.623 I/wm_on_top_resumed_lost_called( 2855): [110752405,com.android.launcher3.uioverrides.QuickstepLauncher,topStateChangedWhenResumed]
01-08 03:37:07.624 I/wm_pause_activity( 1519): [0,110752405,com.android.launcher3/.uioverrides.QuickstepLauncher,userLeaving=true,pauseBackTasks]
01-08 03:37:07.625 I/wm_on_paused_called( 2855): [110752405,com.android.launcher3.uioverrides.QuickstepLauncher,performPause]
01-08 03:37:07.627 I/wm_add_to_stopping( 1519): [0,110752405,com.android.launcher3/.uioverrides.QuickstepLauncher,makeInvisible]
01-08 03:37:07.627 I/wm_restart_activity( 1519): [0,259855501,39,com.android.settings/.Settings$WifiSettingsActivity]
01-08 03:37:07.628 I/wm_set_resumed_activity( 1519): [0,com.android.settings/.Settings$WifiSettingsActivity,minimalResumeActivityLocked]
01-08 03:37:07.634 I/sysui_multi_action( 1519): [757,803,799,window_time_0,802,4]
01-08 03:37:07.646 I/am_uid_running( 1519): 10089
01-08 03:37:07.652 I/wm_task_moved( 1519): [35,1,8]
01-08 03:37:07.652 I/wm_task_to_front( 1519): [0,35]
01-08 03:37:07.652 I/wm_focused_root_task( 1519): [0,0,35,39,bringingFoundTaskToFront]
01-08 03:37:07.652 I/wm_set_resumed_activity( 1519): [0,com.android.settings/.Settings,bringingFoundTaskToFront]
01-08 03:37:07.653 I/wm_new_intent( 1519): [0,59838401,35,com.android.settings/.Settings,android.intent.action.MAIN,NULL,NULL,270532608]
01-08 03:37:07.653 I/wm_pause_activity( 1519): [0,259855501,com.android.settings/.Settings$WifiSettingsActivity,userLeaving=true,pauseBackTasks]
01-08 03:37:07.654 I/am_proc_start( 1519): [0,14853,10089,com.qualcomm.qti.qccauthmgr,content provider,{com.qualcomm.qti.qccauthmgr/com.qualcomm.qti.qccauthmgr.providers.SMQContentProvider}]
01-08 03:37:07.656 I/wm_finish_activity( 1519): [0,259855501,39,com.android.settings/.Settings$WifiSettingsActivity,app-request]
01-08 03:37:07.656 I/wm_on_create_called(13228): [259855501,com.android.settings.Settings$WifiSettingsActivity,performCreate]
01-08 03:37:07.657 I/wm_add_to_stopping( 1519): [0,259855501,com.android.settings/.Settings$WifiSettingsActivity,completeFinishing]
01-08 03:37:07.658 I/wm_set_resumed_activity( 1519): [0,com.android.settings/.Settings,resumeTopActivityInnerLocked]
01-08 03:37:07.659 I/wm_resume_activity( 1519): [0,59838401,35,com.android.settings/.Settings]
01-08 03:37:07.663 I/wm_on_restart_called(13228): [59838401,com.android.settings.Settings,performRestartActivity]
01-08 03:37:07.663 I/wm_destroy_activity( 1519): [0,259855501,39,com.android.settings/.Settings$WifiSettingsActivity,finish-imm:idle]
01-08 03:37:07.665 I/wm_on_start_called(13228): [59838401,com.android.settings.Settings,handleStartActivity]
01-08 03:37:07.666 I/snet_event_log(13228): [120484087,-1,]
01-08 03:37:07.666 I/wm_on_resume_called(13228): [59838401,com.android.settings.Settings,RESUME_ACTIVITY]
01-08 03:37:07.666 I/am_proc_bound( 1519): [0,14853,com.qualcomm.qti.qccauthmgr]
01-08 03:37:07.666 I/sysui_multi_action(13228): [757,35,758,1,833,0,1089,0]
01-08 03:37:07.667 I/sysui_multi_action( 1519): [757,803,799,window_time_0,802,0]
01-08 03:37:07.668 I/sysui_multi_action(13228): [757,3000,758,1,833,0,1089,0]
01-08 03:37:07.668 I/am_uid_active( 1519): 10089
01-08 03:37:07.668 I/wm_on_top_resumed_gained_called(13228): [59838401,com.android.settings.Settings,topWhenResuming]
01-08 03:37:07.672 I/service_manager_stats( 1519): [100,37,330488]
01-08 03:37:07.679 I/auditd ( 563): type=1400 audit(0.0:4975): avc: denied { read } for comm="Binder:563_2" name="wakeup58" dev="sysfs" ino=71686 scontext=u:r:system_suspend:s0 tcontext=u:object_r:sysfs:s0 tclass=dir permissive=0
01-08 03:37:07.679 I/auditd ( 563): type=1400 audit(0.0:4976): avc: denied { read } for comm="Binder:563_2" name="wakeup48" dev="sysfs" ino=67399 scontext=u:r:system_suspend:s0 tcontext=u:object_r:sysfs:s0 tclass=dir permissive=0
