--------- beginning of radio
01-08 01:31:22.921 D/TelephonyRegistry( 1519): listen oscl: mHasNotifySubscriptionInfoChangedOccurred==false no callback
01-08 01:31:23.411 D/TelephonyRegistry( 1519): listen oscl: mHasNotifySubscriptionInfoChangedOccurred==false no callback
01-08 01:31:23.473 D/TelephonyRegistry( 1519): listen oscl: mHasNotifySubscriptionInfoChangedOccurred==false no callback
01-08 01:31:23.504 D/TelephonyRegistry( 1519): listen oscl: mHasNotifySubscriptionInfoChangedOccurred==false no callback
01-08 01:31:23.505 D/TelephonyRegistry( 1519): listen oscl: mHasNotifySubscriptionInfoChangedOccurred==false no callback
01-08 01:31:23.522 D/TelephonyRegistry( 1519): listen oscl: mHasNotifySubscriptionInfoChangedOccurred==false no callback
01-08 01:31:23.552 W/CarrierConfigManager( 1519): Error getting config for subId -1 ICarrierConfigLoader is null
01-08 01:31:23.560 D/TelephonyRegistry( 1519): systemRunning register for intents
01-08 01:31:23.629 D/TelephonyRegistry( 1519): listen oscl: mHasNotifySubscriptionInfoChangedOccurred==false no callback
01-08 01:31:23.931 W/CarrierConfigManager( 2378): Error getting config for subId -1 ICarrierConfigLoader is null
01-08 01:31:23.946 D/TelephonyRegistry( 1519): listen oscl: mHasNotifySubscriptionInfoChangedOccurred==false no callback
01-08 01:31:24.347 D/TelephonyRegistry( 1519): listen oscl: mHasNotifySubscriptionInfoChangedOccurred==false no callback
01-08 01:31:24.350 W/CarrierConfigManager( 1519): Error getting config for subId -1 ICarrierConfigLoader is null
01-08 01:31:24.914 D/TelephonyRegistry( 1519): notifyCellLocationForSubscriber: subId=2147483647 cellIdentity=null
01-08 01:31:25.241 D/TelephonyRegistry( 1519): listen oscl: mHasNotifySubscriptionInfoChangedOccurred==false no callback
01-08 01:31:25.656 D/TelephonyRegistry( 1519): listen oscl: mHasNotifySubscriptionInfoChangedOccurred==false no callback
01-08 01:31:26.316 D/TelephonyRegistry( 1519): listen oscl: mHasNotifySubscriptionInfoChangedOccurred==false no callback
01-08 01:31:58.422 W/CarrierConfigManager( 1519): Error getting config for subId -1 ICarrierConfigLoader is null
01-08 01:31:58.425 W/CarrierConfigManager( 1519): Error getting config for subId -1 ICarrierConfigLoader is null
01-08 01:32:01.363 W/CarrierConfigManager( 2955): Error getting config for subId -1 ICarrierConfigLoader is null
01-08 01:32:01.388 D/TelephonyRegistry( 1519): listen oscl: mHasNotifySubscriptionInfoChangedOccurred==false no callback
01-08 01:32:01.392 D/TelephonyRegistry( 1519): listen oscl: mHasNotifySubscriptionInfoChangedOccurred==false no callback
01-08 01:32:04.531 W/FeatureConnector( 2955): [ImsConnector, 0] connect: not supported.
01-08 01:32:07.503 W/FeatureConnector( 2955): [ImsConnector, 0] connect: not supported.
01-08 01:32:14.388 D/TelephonyRegistry( 1519): listen oscl: mHasNotifySubscriptionInfoChangedOccurred==false no callback
01-08 01:32:14.393 D/TelephonyRegistry( 1519): listen oscl: mHasNotifySubscriptionInfoChangedOccurred==false no callback
01-08 01:32:23.365 D/TelephonyRegistry( 1519): listen oscl: mHasNotifySubscriptionInfoChangedOccurred==false no callback
01-08 01:32:23.373 D/TelephonyRegistry( 1519): listen oscl: mHasNotifySubscriptionInfoChangedOccurred==false no callback
01-08 02:40:23.849 W/FeatureConnector( 2955): [ImsConnector, 0] connect: not supported.
01-08 02:40:25.911 W/FeatureConnector( 2955): [ImsConnector, 0] connect: not supported.
01-08 02:42:54.182 W/FeatureConnector( 2955): [ImsConnector, 0] connect: not supported.
01-08 02:42:59.641 D/TelephonyRegistry( 1519): listen oscl: mHasNotifySubscriptionInfoChangedOccurred==false no callback
01-08 02:42:59.644 D/TelephonyRegistry( 1519): listen oscl: mHasNotifySubscriptionInfoChangedOccurred==false no callback
01-08 02:45:07.426 D/TelephonyRegistry( 1519): listen oscl: mHasNotifySubscriptionInfoChangedOccurred==false no callback
01-08 02:45:07.434 D/TelephonyRegistry( 1519): listen oscl: mHasNotifySubscriptionInfoChangedOccurred==false no callback
01-08 03:01:24.661 W/CarrierConfigManager(11322): Error getting config for subId -1 ICarrierConfigLoader is null
01-08 03:01:24.698 D/TelephonyRegistry( 1519): listen oscl: mHasNotifySubscriptionInfoChangedOccurred==false no callback
01-08 03:01:24.761 D/TelephonyRegistry( 1519): listen oscl: mHasNotifySubscriptionInfoChangedOccurred==false no callback --------- beginning of events
01-08 03:02:42.275 I/wm_create_task( 1519): [0,34]
01-08 03:02:42.275 I/wm_create_activity( 1519): [0,154199911,34,com.tencent.tmgp.sgame/.SGameActivity,android.intent.action.MAIN,NULL,NULL,335544320]
01-08 03:02:42.275 I/wm_task_moved( 1519): [34,1,9]
01-08 03:02:42.281 I/input_focus( 1519): [Focus leaving 8ecb2b3 com.tencent.tmgp.sgame/com.tencent.tmgp.sgame.SGameActivity (server),reason=NO_WINDOW]
01-08 03:02:42.336 I/am_proc_died( 1519): [0,8905,com.tencent.tmgp.sgame,0,2]
01-08 03:02:42.349 I/wm_task_removed( 1519): [30,removeChild:removeChild last r=ActivityRecord{4cd5f8f u0 com.tencent.tmgp.sgame/.SGameActivity t-1 f} isExiting} in t=Task{863df23 #30 type=standard A=10096:com.tencent.tmgp.sgame U=0 visible=false mode=fullscreen translucent=true sz=0}]
01-08 03:02:42.349 I/wm_task_removed( 1519): [30,removeChild]
01-08 03:02:42.351 I/am_proc_start( 1519): [0,11799,10096,com.tencent.tmgp.sgame,top-activity,{com.tencent.tmgp.sgame/com.tencent.tmgp.sgame.SGameActivity}]
01-08 03:02:42.364 I/am_pss ( 1519): [11322,1000,com.android.settings,123174912,100622336,15008768,196685824,0,15,11]
01-08 03:02:42.370 I/am_proc_bound( 1519): [0,11799,com.tencent.tmgp.sgame]
01-08 03:02:42.372 I/wm_restart_activity( 1519): [0,154199911,34,com.tencent.tmgp.sgame/.SGameActivity]
01-08 03:02:42.373 I/wm_set_resumed_activity( 1519): [0,com.tencent.tmgp.sgame/.SGameActivity,minimalResumeActivityLocked]
01-08 03:02:42.394 I/am_pss ( 1519): [9674,10097,com.tencent.mm,342597632,276529152,3722240,559243264,0,16,25]
01-08 03:02:42.410 I/am_pss ( 1519): [9883,10097,com.tencent.mm:push,87859200,37285888,1774592,265699328,0,17,13]
01-08 03:02:42.434 I/am_pss ( 1519): [11416,10097,com.tencent.mm:patch,344286208,296448000,33792,525352960,0,17,24]
01-08 03:02:42.439 I/am_pss ( 1519): [10691,99001,com.android.webview:sandboxed_process0:org.chromium.content.app.SandboxedProcessService0:0,25412608,1581056,19726336,31911936,0,17,4]
01-08 03:02:42.774 I/wm_on_create_called(11799): [154199911,com.tencent.tmgp.sgame.SGameActivity,performCreate]
01-08 03:02:42.775 I/wm_on_start_called(11799): [154199911,com.tencent.tmgp.sgame.SGameActivity,handleStartActivity]
01-08 03:02:42.778 I/wm_on_resume_called(11799): [154199911,com.tencent.tmgp.sgame.SGameActivity,RESUME_ACTIVITY]
01-08 03:02:42.779 I/wm_on_top_resumed_gained_called(11799): [154199911,com.tencent.tmgp.sgame.SGameActivity,topStateChangedWhenResumed]
01-08 03:02:42.786 I/input_focus( 1519): [Focus request 16696a3 com.tencent.tmgp.sgame/com.tencent.tmgp.sgame.SGameActivity,reason=UpdateInputWindows]
01-08 03:02:42.826 I/wm_activity_launch_time( 1519): [0,154199911,com.tencent.tmgp.sgame/.SGameActivity,554]
01-08 03:02:42.833 I/input_focus( 1519): [Focus entering 16696a3 com.tencent.tmgp.sgame/com.tencent.tmgp.sgame.SGameActivity (server),reason=Window became focusable. Previous reason: NOT_VISIBLE]
01-08 03:02:42.919 I/auditd (11799): type=1400 audit(0.0:2732): avc: granted { execute } for comm="tbs_preinit" path="/data/user/0/com.tencent.tmgp.sgame/app_tbs_64/core_share/libwebp_base.so" dev="dm-10" ino=8500 scontext=u:r:untrusted_app_29:s0:c96,c256,c512,c768 tcontext=u:object_r:app_data_file:s0:c96,c256,c512,c768 tclass=file app=com.tencent.tmgp.sgame
01-08 03:02:42.935 I/auditd (11799): type=1400 audit(0.0:2733): avc: granted { execute } for comm="logging-thread" path="/data/user/0/com.tencent.tmgp.sgame/app_tbs_64/core_share/libx5log.so" dev="dm-10" ino=8502 scontext=u:r:untrusted_app_29:s0:c96,c256,c512,c768 tcontext=u:object_r:app_data_file:s0:c96,c256,c512,c768 tclass=file app=com.tencent.tmgp.sgame
01-08 03:02:42.963 I/auditd (11799): type=1400 audit(0.0:2734): avc: granted { execute } for comm="TP-IoBound-3" path="/data/user/0/com.tencent.tmgp.sgame/app_tbs_64/core_share/libqb_keystore.so" dev="dm-10" ino=8492 scontext=u:r:untrusted_app_29:s0:c96,c256,c512,c768 tcontext=u:object_r:app_data_file:s0:c96,c256,c512,c768 tclass=file app=com.tencent.tmgp.sgame
01-08 03:02:42.967 I/auditd (11799): type=1400 audit(0.0:2735): avc: granted { execute } for comm="tbs_preinit" path="/data/user/0/com.tencent.tmgp.sgame/app_tbs_64/core_share/libmttwebview.so" dev="dm-10" ino=8449 scontext=u:r:untrusted_app_29:s0:c96,c256,c512,c768 tcontext=u:object_r:app_data_file:s0:c96,c256,c512,c768 tclass=file app=com.tencent.tmgp.sgame
01-08 03:02:42.979 I/auditd (11799): type=1400 audit(0.0:2736): avc: granted { execute } for comm="beacon-thread-1" path="/data/user/0/com.tencent.tmgp.sgame/app_tbs_64/core_share/libtbsbeaconid.so" dev="dm-10" ino=8495 scontext=u:r:untrusted_app_29:s0:c96,c256,c512,c768 tcontext=u:object_r:app_data_file:s0:c96,c256,c512,c768 tclass=file app=com.tencent.tmgp.sgame
01-08 03:02:43.003 I/auditd (12007): type=1400 audit(0.0:2737): avc: granted { execute } for comm="X5MemoryMonitor" name="libcmdsh.so" dev="dm-10" ino=8447 scontext=u:r:untrusted_app_29:s0:c96,c256,c512,c768 tcontext=u:object_r:app_data_file:s0:c96,c256,c512,c768 tclass=file
01-08 03:02:44.187 I/auditd ( 0): type=1400 audit(0.0:2740): avc: denied { kill } for comm="swapper/3" capability=5 scontext=u:r:kernel:s0 tcontext=u:r:kernel:s0 tclass=capability permissive=0
01-08 03:02:45.187 I/auditd ( 0): type=1400 audit(0.0:2741): avc: denied { kill } for comm="swapper/3" capability=5 scontext=u:r:kernel:s0 tcontext=u:r:kernel:s0 tclass=capability permissive=0
01-08 03:02:48.187 I/auditd ( 0): type=1400 audit(0.0:2742): avc: denied { kill } for comm="swapper/6" capability=5 scontext=u:r:kernel:s0 tcontext=u:r:kernel:s0 tclass=capability permissive=0
01-08 03:02:50.136 I/input_focus( 1519): [Focus request 9442d2a com.tencent.tmgp.sgame/com.tencent.tmgp.sgame.SGameActivity,reason=UpdateInputWindows]
01-08 03:02:50.150 I/input_focus( 1519): [Focus entering 9442d2a com.tencent.tmgp.sgame/com.tencent.tmgp.sgame.SGameActivity (server),reason=setFocusedWindow]
01-08 03:02:50.603 I/auditd (11799): type=1400 audit(0.0:2743): avc: denied { read } for comm="TuringFdTMFShar" name="version" dev="proc" ino=4026532247 scontext=u:r:untrusted_app_29:s0:c96,c256,c512,c768 tcontext=u:object_r:proc_version:s0 tclass=file permissive=0 app=com.tencent.tmgp.sgame
01-08 03:02:51.187 I/auditd ( 0): type=1400 audit(0.0:2744): avc: denied { kill } for comm="swapper/4" capability=5 scontext=u:r:kernel:s0 tcontext=u:r:kernel:s0 tclass=capability permissive=0
01-08 03:02:51.351 I/auditd ( 9674): type=1400 audit(0.0:2745): avc: denied { read } for comm="transThread" name="snmp" dev="proc" ino=4026532270 scontext=u:r:untrusted_app_29:s0:c97,c256,c512,c768 tcontext=u:object_r:proc_net:s0 tclass=file permissive=0 app=com.tencent.mm
01-08 03:02:51.455 I/auditd ( 9674): type=1400 audit(0.0:2746): avc: denied { read } for comm="transThread" name="snmp" dev="proc" ino=4026532270 scontext=u:r:untrusted_app_29:s0:c97,c256,c512,c768 tcontext=u:object_r:proc_net:s0 tclass=file permissive=0 app=com.tencent.mm
01-08 03:02:52.187 I/auditd ( 0): type=1400 audit(0.0:2747): avc: denied { kill } for comm="swapper/4" capability=5 scontext=u:r:kernel:s0 tcontext=u:r:kernel:s0 tclass=capability permissive=0
01-08 03:02:52.770 I/am_pss ( 1519): [11799,10096,com.tencent.tmgp.sgame,542043136,515948544,32768,684756992,0,2,28]
01-08 03:02:53.187 I/auditd ( 0): type=1400 audit(0.0:2748): avc: denied { kill } for comm="swapper/4" capability=5 scontext=u:r:kernel:s0 tcontext=u:r:kernel:s0 tclass=capability permissive=0
01-08 03:02:54.187 I/auditd ( 0): type=1400 audit(0.0:2749): avc: denied { kill } for comm="swapper/4" capability=5 scontext=u:r:kernel:s0 tcontext=u:r:kernel:s0 tclass=capability permissive=0
01-08 03:02:55.187 I/auditd ( 0): type=1400 audit(0.0:2750): avc: denied { kill } for comm="swapper/4" capability=5 scontext=u:r:kernel:s0 tcontext=u:r:kernel:s0 tclass=capability permissive=0
01-08 03:02:55.963 I/auditd (11799): type=1400 audit(0.0:2751): avc: denied { read } for comm="Thread-98" name="cache" dev="dm-5" ino=16 scontext=u:r:untrusted_app_29:s0:c96,c256,c512,c768 tcontext=u:object_r:cache_file:s0 tclass=lnk_file permissive=0 app=com.tencent.tmgp.sgame
01-08 03:02:55.963 I/auditd (11799): type=1400 audit(0.0:2752): avc: denied { read } for comm="Thread-98" name="cache" dev="dm-5" ino=16 scontext=u:r:untrusted_app_29:s0:c96,c256,c512,c768 tcontext=u:object_r:cache_file:s0 tclass=lnk_file permissive=0 app=com.tencent.tmgp.sgame
01-08 03:02:56.187 I/auditd ( 0): type=1400 audit(0.0:2753): avc: denied { kill } for comm="swapper/4" capability=5 scontext=u:r:kernel:s0 tcontext=u:r:kernel:s0 tclass=capability permissive=0
01-08 03:02:57.187 I/auditd ( 0): type=1400 audit(0.0:2754): avc: denied { kill } for comm="swapper/4" capability=5 scontext=u:r:kernel:s0 tcontext=u:r:kernel:s0 tclass=capability permissive=0
01-08 03:02:58.187 I/auditd ( 0): type=1400 audit(0.0:2755): avc: denied { kill } for comm="swapper/4" capability=5 scontext=u:r:kernel:s0 tcontext=u:r:kernel:s0 tclass=capability permissive=0
01-08 03:02:59.187 I/auditd ( 0): type=1400 audit(0.0:2756): avc: denied { kill } for comm="swapper/4" capability=5 scontext=u:r:kernel:s0 tcontext=u:r:kernel:s0 tclass=capability permissive=0
01-08 03:03:00.187 I/auditd ( 0): type=1400 audit(0.0:2757): avc: denied { kill } for comm="swapper/4" capability=5 scontext=u:r:kernel:s0 tcontext=u:r:kernel:s0 tclass=capability permissive=0
01-08 03:03:01.187 I/auditd ( 0): type=1400 audit(0.0:2758): avc: denied { kill } for comm="swapper/4" capability=5 scontext=u:r:kernel:s0 tcontext=u:r:kernel:s0 tclass=capability permissive=0
01-08 03:03:02.187 I/auditd ( 0): type=1400 audit(0.0:2759): avc: denied { kill } for comm="swapper/4" capability=5 scontext=u:r:kernel:s0 tcontext=u:r:kernel:s0 tclass=capability permissive=0
01-08 03:03:03.187 I/auditd ( 0): type=1400 audit(0.0:2760): avc: denied { kill } for comm="swapper/4" capability=5 scontext=u:r:kernel:s0 tcontext=u:r:kernel:s0 tclass=capability permissive=0
01-08 03:03:04.187 I/auditd ( 0): type=1400 audit(0.0:2761): avc: denied { kill } for comm="swapper/4" capability=5 scontext=u:r:kernel:s0 tcontext=u:r:kernel:s0 tclass=capability permissive=0
01-08 03:03:05.187 I/auditd ( 0): type=1400 audit(0.0:2762): avc: denied { kill } for comm="swapper/4" capability=5 scontext=u:r:kernel:s0 tcontext=u:r:kernel:s0 tclass=capability permissive=0
01-08 03:03:06.187 I/auditd ( 0): type=1400 audit(0.0:2763): avc: denied { kill } for comm="swapper/4" capability=5 scontext=u:r:kernel:s0 tcontext=u:r:kernel:s0 tclass=capability permissive=0
01-08 03:03:07.187 I/auditd ( 0): type=1400 audit(0.0:2764): avc: denied { kill } for comm="swapper/4" capability=5 scontext=u:r:kernel:s0 tcontext=u:r:kernel:s0 tclass=capability permissive=0
01-08 03:03:08.187 I/auditd ( 0): type=1400 audit(0.0:2765): avc: denied { kill } for comm="swapper/4" capability=5 scontext=u:r:kernel:s0 tcontext=u:r:kernel:s0 tclass=capability permissive=0
01-08 03:03:09.187 I/auditd ( 0): type=1400 audit(0.0:2766): avc: denied { kill } for comm="swapper/4" capability=5 scontext=u:r:kernel:s0 tcontext=u:r:kernel:s0 tclass=capability permissive=0
01-08 03:03:10.187 I/auditd ( 0): type=1400 audit(0.0:2767): avc: denied { kill } for comm="swapper/4" capability=5 scontext=u:r:kernel:s0 tcontext=u:r:kernel:s0 tclass=capability permissive=0
01-08 03:03:11.187 I/auditd ( 0): type=1400 audit(0.0:2768): avc: denied { kill } for comm="swapper/4" capability=5 scontext=u:r:kernel:s0 tcontext=u:r:kernel:s0 tclass=capability permissive=0
01-08 03:03:12.187 I/auditd ( 0): type=1400 audit(0.0:2769): avc: denied { kill } for comm="swapper/0" capability=5 scontext=u:r:kernel:s0 tcontext=u:r:kernel:s0 tclass=capability permissive=0
01-08 03:03:13.187 I/auditd ( 0): type=1400 audit(0.0:2770): avc: denied { kill } for comm="swapper/0" capability=5 scontext=u:r:kernel:s0 tcontext=u:r:kernel:s0 tclass=capability permissive=0
01-08 03:03:14.069 I/input_interaction( 1519): Interaction with: 9442d2a com.tencent.tmgp.sgame/com.tencent.tmgp.sgame.SGameActivity (server), edge-swipe (server), swipe-up (server), PointerEventDispatcher0 (server),
01-08 03:03:14.187 I/auditd ( 0): type=1400 audit(0.0:2771): avc: denied { kill } for comm="swapper/0" capability=5 scontext=u:r:kernel:s0 tcontext=u:r:kernel:s0 tclass=capability permissive=0
01-08 03:03:16.078 I/netstats_mobile_sample( 1519): [0,0,0,0,0,0,0,0,0,0,0,0,1673118196078]
01-08 03:03:16.078 I/netstats_wifi_sample( 1519): [8127513663,5955250,78832917,1216681,8127513663,5955250,78832917,1216681,8128102472,5967274,70684157,1198224,1673118196078]
01-08 03:03:16.187 I/auditd ( 0): type=1400 audit(0.0:2772): avc: denied { kill } for comm="swapper/2" capability=5 scontext=u:r:kernel:s0 tcontext=u:r:kernel:s0 tclass=capability permissive=0
01-08 03:03:18.187 I/auditd ( 0): type=1400 audit(0.0:2773): avc: denied { kill } for comm="swapper/0" capability=5 scontext=u:r:kernel:s0 tcontext=u:r:kernel:s0 tclass=capability permissive=0
01-08 03:03:19.187 I/auditd ( 0): type=1400 audit(0.0:2774): avc: denied { kill } for comm="swapper/0" capability=5 scontext=u:r:kernel:s0 tcontext=u:r:kernel:s0 tclass=capability permissive=0
01-08 03:03:20.187 I/auditd ( 0): type=1400 audit(0.0:2775): avc: denied { kill } for comm="swapper/0" capability=5 scontext=u:r:kernel:s0 tcontext=u:r:kernel:s0 tclass=capability permissive=0
01-08 03:03:21.187 I/auditd ( 0): type=1400 audit(0.0:2776): avc: denied { kill } for comm="swapper/0" capability=5 scontext=u:r:kernel:s0 tcontext=u:r:kernel:s0 tclass=capability permissive=0
01-08 03:03:23.187 I/auditd ( 0): type=1400 audit(0.0:2777): avc: denied { kill } for comm="swapper/1" capability=5 scontext=u:r:kernel:s0 tcontext=u:r:kernel:s0 tclass=capability permissive=0
01-08 03:03:24.187 I/auditd ( 0): type=1400 audit(0.0:2778): avc: denied { kill } for comm="swapper/1" capability=5 scontext=u:r:kernel:s0 tcontext=u:r:kernel:s0 tclass=capability permissive=0
01-08 03:03:26.187 I/auditd ( 0): type=1400 audit(0.0:2779): avc: denied { kill } for comm="swapper/0" capability=5 scontext=u:r:kernel:s0 tcontext=u:r:kernel:s0 tclass=capability permissive=0
01-08 03:03:29.187 I/auditd ( 0): type=1400 audit(0.0:2780): avc: denied { kill } for comm="swapper/2" capability=5 scontext=u:r:kernel:s0 tcontext=u:r:kernel:s0 tclass=capability permissive=0
01-08 03:03:30.187 I/auditd ( 0): type=1400 audit(0.0:2781): avc: denied { kill } for comm="swapper/2" capability=5 scontext=u:r:kernel:s0 tcontext=u:r:kernel:s0 tclass=capability permissive=0
01-08 03:03:31.187 I/auditd ( 0): type=1400 audit(0.0:2782): avc: denied { kill } for comm="swapper/2" capability=5 scontext=u:r:kernel:s0 tcontext=u:r:kernel:s0 tclass=capability permissive=0
01-08 03:03:32.187 I/auditd ( 0): type=1400 audit(0.0:2783): avc: denied { kill } for comm="swapper/2" capability=5 scontext=u:r:kernel:s0 tcontext=u:r:kernel:s0 tclass=capability permissive=0
01-08 03:03:33.187 I/auditd ( 0): type=1400 audit(0.0:2784): avc: denied { kill } for comm="swapper/2" capability=5 scontext=u:r:kernel:s0 tcontext=u:r:kernel:s0 tclass=capability permissive=0
01-08 03:03:33.731 I/auditd ( 9674): type=1400 audit(0.0:2785): avc: denied { read } for comm="transThread" name="snmp" dev="proc" ino=4026532270 scontext=u:r:untrusted_app_29:s0:c97,c256,c512,c768 tcontext=u:object_r:proc_net:s0 tclass=file permissive=0 app=com.tencent.mm
01-08 03:03:33.835 I/auditd ( 9674): type=1400 audit(0.0:2786): avc: denied { read } for comm="transThread" name="snmp" dev="proc" ino=4026532270 scontext=u:r:untrusted_app_29:s0:c97,c256,c512,c768 tcontext=u:object_r:proc_net:s0 tclass=file permissive=0 app=com.tencent.mm
01-08 03:03:34.187 I/auditd ( 0): type=1400 audit(0.0:2787): avc: denied { kill } for comm="swapper/2" capability=5 scontext=u:r:kernel:s0 tcontext=u:r:kernel:s0 tclass=capability permissive=0
01-08 03:03:35.187 I/auditd ( 0): type=1400 audit(0.0:2788): avc: denied { kill } for comm="swapper/2" capability=5 scontext=u:r:kernel:s0 tcontext=u:r:kernel:s0 tclass=capability permissive=0
01-08 03:03:36.187 I/auditd (10120): type=1400 audit(0.0:2789): avc: denied { kill } for comm="kworker/u16:15" capability=5 scontext=u:r:kernel:s0 tcontext=u:r:kernel:s0 tclass=capability permissive=0
01-08 03:03:37.187 I/auditd ( 0): type=1400 audit(0.0:2790): avc: denied { kill } for comm="swapper/2" capability=5 scontext=u:r:kernel:s0 tcontext=u:r:kernel:s0 tclass=capability permissive=0
01-08 03:03:38.187 I/auditd ( 0): type=1400 audit(0.0:2791): avc: denied { kill } for comm="swapper/2" capability=5 scontext=u:r:kernel:s0 tcontext=u:r:kernel:s0 tclass=capability permissive=0
01-08 03:03:39.187 I/auditd ( 0): type=1400 audit(0.0:2792): avc: denied { kill } for comm="swapper/2" capability=5 scontext=u:r:kernel:s0 tcontext=u:r:kernel:s0 tclass=capability permissive=0
01-08 03:03:40.187 I/auditd ( 0): type=1400 audit(0.0:2793): avc: denied { kill } for comm="swapper/2" capability=5 scontext=u:r:kernel:s0 tcontext=u:r:kernel:s0 tclass=capability permissive=0
01-08 03:03:42.521 I/am_pss ( 1519): [11799,10096,com.tencent.tmgp.sgame,721848320,696451072,31744,864382976,0,2,45]
01-08 03:03:43.187 I/auditd ( 0): type=1400 audit(0.0:2794): avc: denied { kill } for comm="swapper/2" capability=5 scontext=u:r:kernel:s0 tcontext=u:r:kernel:s0 tclass=capability permissive=0
01-08 03:03:44.187 I/auditd ( 0): type=1400 audit(0.0:2795): avc: denied { kill } for comm="swapper/2" capability=5 scontext=u:r:kernel:s0 tcontext=u:r:kernel:s0 tclass=capability permissive=0
01-08 03:03:44.664 I/notification_enqueue( 1519): [10097,9674,com.tencent.mm,1101346194,NULL,0,Notification(channel=message_channel_new_id shortcut=null contentView=null vibrate=null sound=null tick defaults=0x0 flags=0x11 color=0x00000000 category=msg vis=PRIVATE),1]
01-08 03:03:44.865 I/sysui_multi_action( 1519): [757,1501,758,1,793,79568,794,69922,795,204,796,1101346194,806,com.tencent.mm,857,message_channel_new_id,858,4,947,0,1500,0,1641,msg,1688,1]
01-08 03:03:44.866 I/sysui_multi_action( 1519): [757,804,799,note_interruptive,801,0,802,1]
01-08 03:03:44.868 I/sysui_multi_action( 1519): [757,1501,758,1,793,79571,794,69925,795,207,796,1101346194,806,com.tencent.mm,857,message_channel_new_id,858,4,947,0,1500,0,1641,msg,1688,1]
01-08 03:03:44.869 I/sysui_multi_action( 1519): [757,804,799,note_interruptive,801,0,802,1]
01-08 03:03:44.869 I/sysui_multi_action( 1519): [757,199,758,1,759,3,793,79572,794,69926,795,208,796,1101346194,806,com.tencent.mm,857,message_channel_new_id,858,4,947,0,1500,1,1641,msg,1688,1]
01-08 03:03:44.869 I/notification_alert( 1519): [0|com.tencent.mm|1101346194|null|10097,1,1,0]
01-08 03:03:44.940 I/sysui_multi_action( 2378): [757,803,799,note_peek,802,1]
01-08 03:03:44.947 I/sysui_multi_action( 1519): [757,127,758,1]
01-08 03:03:44.948 I/sysui_multi_action( 1519): [757,804,799,note_load,801,1,802,1]
01-08 03:03:44.948 I/notification_panel_revealed( 1519): 1
01-08 03:03:44.948 I/sysui_heads_up_status( 2378): [0|com.tencent.mm|1101346194|null|10097,1]
01-08 03:03:44.954 I/sysui_multi_action( 1519): [757,128,758,1,793,5486007,794,0,795,5486007,796,26,798,1,806,android,857,DEVELOPER_IMPORTANT,858,4,947,0,1395,4,1500,5485803,1688,1]
01-08 03:03:44.954 I/sysui_multi_action( 1519): [757,804,799,note_freshness,801,5486007,802,1]
01-08 03:03:44.954 I/notification_visibility( 1519): [-1|android|26|null|1000,1,5486007,5486007,0,1]
01-08 03:03:44.955 I/sysui_multi_action( 1519): [757,128,758,1,793,79658,794,0,795,294,796,1101346194,798,0,806,com.tencent.mm,857,message_channel_new_id,858,4,947,0,1395,4,1500,87,1641,msg,1688,1]
01-08 03:03:44.955 I/sysui_multi_action( 1519): [757,1501,758,1,793,79658,794,0,795,294,796,1101346194,806,com.tencent.mm,857,message_channel_new_id,858,4,947,0,1500,0,1641,msg,1688,1]
01-08 03:03:44.955 I/sysui_multi_action( 1519): [757,804,799,note_interruptive,801,0,802,1]
01-08 03:03:44.955 I/sysui_multi_action( 1519): [757,804,799,note_freshness,801,294,802,1]
01-08 03:03:44.955 I/notification_visibility( 1519): [0|com.tencent.mm|1101346194|null|10097,1,79658,294,0,0]
01-08 03:03:44.956 I/sysui_multi_action( 1519): [757,128,758,1,793,1016458,794,0,795,1016458,796,4273,798,2,806,com.android.systemui,857,screen_record,858,3,947,0,1395,4,1500,1016256,1688,1,1745,680407814]
01-08 03:03:44.956 I/sysui_multi_action( 1519): [757,804,799,note_freshness,801,1016458,802,1]
01-08 03:03:44.956 I/notification_visibility( 1519): [0|com.android.systemui|4273|null|10081,1,1016458,1016458,0,2]
01-08 03:03:44.956 I/sysui_multi_action( 1519): [757,128,758,1,793,5539867,794,0,795,5539867,796,32,798,3,806,android,857,USB,858,1,947,0,1395,4,1500,5539664,1688,1]
01-08 03:03:44.956 I/sysui_multi_action( 1519): [757,804,799,note_freshness,801,5539867,802,1]
01-08 03:03:44.957 I/notification_visibility( 1519): [-1|android|32|null|1000,1,5539867,5539867,0,3]
01-08 03:03:45.187 I/auditd ( 0): type=1400 audit(0.0:2796): avc: denied { kill } for comm="swapper/2" capability=5 scontext=u:r:kernel:s0 tcontext=u:r:kernel:s0 tclass=capability permissive=0
01-08 03:03:45.454 I/sysui_multi_action( 1519): [757,128,758,2,793,5486506,794,499,795,5486506,796,26,798,1,806,android,857,DEVELOPER_IMPORTANT,858,4,947,0,1395,4,1500,5486302,1688,1]
01-08 03:03:45.454 I/notification_visibility( 1519): [-1|android|26|null|1000,0,5486506,5486506,0,1]
01-08 03:03:45.454 I/sysui_multi_action( 1519): [757,128,758,2,793,1016956,794,498,795,1016956,796,4273,798,2,806,com.android.systemui,857,screen_record,858,3,947,0,1395,4,1500,1016754,1688,1,1745,680407814]
01-08 03:03:45.454 I/notification_visibility( 1519): [0|com.android.systemui|4273|null|10081,0,1016956,1016956,0,2]
01-08 03:03:45.454 I/sysui_multi_action( 1519): [757,128,758,2,793,5540365,794,498,795,5540365,796,32,798,3,806,android,857,USB,858,1,947,0,1395,4,1500,5540162,1688,1]
01-08 03:03:45.455 I/notification_visibility( 1519): [-1|android|32|null|1000,0,5540365,5540365,0,3]
01-08 03:03:46.187 I/auditd ( 0): type=1400 audit(0.0:2797): avc: denied { kill } for comm="swapper/2" capability=5 scontext=u:r:kernel:s0 tcontext=u:r:kernel:s0 tclass=capability permissive=0
01-08 03:03:47.187 I/auditd ( 0): type=1400 audit(0.0:2798): avc: denied { kill } for comm="swapper/2" capability=5 scontext=u:r:kernel:s0 tcontext=u:r:kernel:s0 tclass=capability permissive=0
01-08 03:03:48.187 I/auditd ( 0): type=1400 audit(0.0:2799): avc: denied { kill } for comm="swapper/2" capability=5 scontext=u:r:kernel:s0 tcontext=u:r:kernel:s0 tclass=capability permissive=0
01-08 03:03:48.403 I/am_uid_idle( 1519): 10069
01-08 03:03:49.187 I/auditd ( 0): type=1400 audit(0.0:2800): avc: denied { kill } for comm="swapper/2" capability=5 scontext=u:r:kernel:s0 tcontext=u:r:kernel:s0 tclass=capability permissive=0
01-08 03:03:50.187 I/auditd ( 0): type=1400 audit(0.0:2801): avc: denied { kill } for comm="swapper/2" capability=5 scontext=u:r:kernel:s0 tcontext=u:r:kernel:s0 tclass=capability permissive=0
01-08 03:03:50.651 I/sysui_heads_up_status( 2378): [0|com.tencent.mm|1101346194|null|10097,0]
01-08 03:03:51.095 I/sysui_multi_action( 1519): [757,128,758,1,793,5492148,794,0,795,5492148,796,26,798,0,806,android,857,DEVELOPER_IMPORTANT,858,4,947,0,1395,4,1500,5491944,1688,1]
01-08 03:03:51.095 I/sysui_multi_action( 1519): [757,804,799,note_freshness,801,5492148,802,1]
01-08 03:03:51.095 I/notification_visibility( 1519): [-1|android|26|null|1000,1,5492148,5492148,0,0]
01-08 03:03:51.096 I/sysui_multi_action( 1519): [757,128,758,1,793,1022598,794,0,795,1022598,796,4273,798,2,806,com.android.systemui,857,screen_record,858,3,947,0,1395,4,1500,1022396,1688,1,1745,680407814]
01-08 03:03:51.096 I/sysui_multi_action( 1519): [757,804,799,note_freshness,801,1022598,802,1]
01-08 03:03:51.096 I/notification_visibility( 1519): [0|com.android.systemui|4273|null|10081,1,1022598,1022598,0,2]
01-08 03:03:51.096 I/sysui_multi_action( 1519): [757,128,758,1,793,5546007,794,0,795,5546007,796,32,798,3,806,android,857,USB,858,1,947,0,1395,4,1500,5545804,1688,1]
01-08 03:03:51.096 I/sysui_multi_action( 1519): [757,804,799,note_freshness,801,5546007,802,1]
01-08 03:03:51.096 I/notification_visibility( 1519): [-1|android|32|null|1000,1,5546007,5546007,0,3]
01-08 03:03:51.098 I/sysui_multi_action( 1519): [757,128,758,2,793,5492151,794,3,795,5492151,796,26,798,0,806,android,857,DEVELOPER_IMPORTANT,858,4,947,0,1395,4,1500,5491947,1688,1]
01-08 03:03:51.098 I/notification_visibility( 1519): [-1|android|26|null|1000,0,5492151,5492151,0,0]
01-08 03:03:51.099 I/sysui_multi_action( 1519): [757,128,758,2,793,85802,794,6144,795,6438,796,1101346194,798,1,806,com.tencent.mm,857,message_channel_new_id,858,4,947,0,1395,4,1500,6144,1641,msg,1688,1]
01-08 03:03:51.099 I/notification_visibility( 1519): [0|com.tencent.mm|1101346194|null|10097,0,85802,6438,0,1]
01-08 03:03:51.099 I/sysui_multi_action( 1519): [757,128,758,2,793,1022601,794,3,795,1022601,796,4273,798,2,806,com.android.systemui,857,screen_record,858,3,947,0,1395,4,1500,1022399,1688,1,1745,680407814]
01-08 03:03:51.099 I/notification_visibility( 1519): [0|com.android.systemui|4273|null|10081,0,1022601,1022601,0,2]
01-08 03:03:51.100 I/sysui_multi_action( 1519): [757,128,758,2,793,5546010,794,3,795,5546010,796,32,798,3,806,android,857,USB,858,1,947,0,1395,4,1500,5545807,1688,1]
01-08 03:03:51.100 I/notification_visibility( 1519): [-1|android|32|null|1000,0,5546010,5546010,0,3]
01-08 03:03:51.100 I/sysui_multi_action( 1519): [757,127,758,2]
01-08 03:03:51.101 I/notification_panel_hidden( 1519):
01-08 03:03:51.187 I/auditd ( 0): type=1400 audit(0.0:2802): avc: denied { kill } for comm="swapper/2" capability=5 scontext=u:r:kernel:s0 tcontext=u:r:kernel:s0 tclass=capability permissive=0
01-08 03:03:52.187 I/auditd ( 0): type=1400 audit(0.0:2803): avc: denied { kill } for comm="swapper/2" capability=5 scontext=u:r:kernel:s0 tcontext=u:r:kernel:s0 tclass=capability permissive=0
01-08 03:03:53.187 I/auditd ( 0): type=1400 audit(0.0:2804): avc: denied { kill } for comm="swapper/2" capability=5 scontext=u:r:kernel:s0 tcontext=u:r:kernel:s0 tclass=capability permissive=0
01-08 03:03:54.187 I/auditd ( 0): type=1400 audit(0.0:2805): avc: denied { kill } for comm="swapper/2" capability=5 scontext=u:r:kernel:s0 tcontext=u:r:kernel:s0 tclass=capability permissive=0
01-08 03:03:54.216 I/input_interaction( 1519): Interaction with: 341370a StatusBar (server), edge-swipe (server), swipe-up (server), PointerEventDispatcher0 (server),
01-08 03:03:54.220 I/sysui_multi_action( 2378): [757,803,799,panel_open,802,1]
01-08 03:03:54.221 I/sysui_multi_action( 2378): [757,1328,758,4,1326,45,1327,1,1329,0]
01-08 03:03:54.279 I/sysui_multi_action( 1519): [757,127,758,1]
01-08 03:03:54.279 I/sysui_multi_action( 1519): [757,804,799,note_load,801,4,802,1]
01-08 03:03:54.280 I/notification_panel_revealed( 1519): 4
01-08 03:03:54.298 I/input_focus( 1519): [Focus request e19dcb9 NotificationShade,reason=UpdateInputWindows]
01-08 03:03:54.310 I/sysui_multi_action( 1519): [757,128,758,1,793,5495363,794,0,795,5495363,796,26,798,0,806,android,857,DEVELOPER_IMPORTANT,858,4,947,0,1395,4,1500,5495159,1688,1]
01-08 03:03:54.311 I/sysui_multi_action( 1519): [757,804,799,note_freshness,801,5495363,802,1]
01-08 03:03:54.311 I/notification_visibility( 1519): [-1|android|26|null|1000,1,5495363,5495363,0,0]
01-08 03:03:54.311 I/sysui_multi_action( 1519): [757,128,758,1,793,89014,794,0,795,9650,796,1101346194,798,1,806,com.tencent.mm,857,message_channel_new_id,858,4,947,0,1395,4,1500,9356,1641,msg,1688,1]
01-08 03:03:54.311 I/sysui_multi_action( 1519): [757,1501,758,1,793,89014,794,0,795,9650,796,1101346194,806,com.tencent.mm,857,message_channel_new_id,858,4,947,0,1500,0,1641,msg,1688,1]
01-08 03:03:54.311 I/sysui_multi_action( 1519): [757,804,799,note_interruptive,801,0,802,1]
01-08 03:03:54.311 I/sysui_multi_action( 1519): [757,804,799,note_freshness,801,9650,802,1]
01-08 03:03:54.311 I/notification_visibility( 1519): [0|com.tencent.mm|1101346194|null|10097,1,89014,9650,0,1]
01-08 03:03:54.311 I/sysui_multi_action( 1519): [757,128,758,1,793,1025813,794,0,795,1025813,796,4273,798,2,806,com.android.systemui,857,screen_record,858,3,947,0,1395,4,1500,1025611,1688,1,1745,680407814]
01-08 03:03:54.311 I/sysui_multi_action( 1519): [757,804,799,note_freshness,801,1025813,802,1]
01-08 03:03:54.312 I/notification_visibility( 1519): [0|com.android.systemui|4273|null|10081,1,1025813,1025813,0,2]
01-08 03:03:54.312 I/sysui_multi_action( 1519): [757,128,758,1,793,5549223,794,0,795,5549223,796,32,798,3,806,android,857,USB,858,1,947,0,1395,4,1500,5549020,1688,1]
01-08 03:03:54.312 I/sysui_multi_action( 1519): [757,804,799,note_freshness,801,5549223,802,1]
01-08 03:03:54.312 I/notification_visibility( 1519): [-1|android|32|null|1000,1,5549223,5549223,0,3]
01-08 03:03:54.323 I/input_focus( 1519): [Focus leaving 9442d2a com.tencent.tmgp.sgame/com.tencent.tmgp.sgame.SGameActivity (server),reason=setFocusedWindow]
01-08 03:03:54.323 I/input_focus( 1519): [Focus entering e19dcb9 NotificationShade (server),reason=setFocusedWindow]
01-08 03:03:54.337 I/sysui_multi_action( 2378): [757,111,758,1]
01-08 03:03:54.337 I/sysui_multi_action( 2378): [757,126,758,1,759,126,927,0,928,1,1593,0]
01-08 03:03:54.337 I/sysui_multi_action( 2378): [757,113,758,1,759,113,927,1,928,1,1593,0]
01-08 03:03:54.337 I/sysui_multi_action( 2378): [757,0,758,1,759,0,927,2,928,0,1593,0]
01-08 03:03:54.337 I/sysui_multi_action( 2378): [757,0,758,1,759,0,927,3,928,0,1593,0]
01-08 03:03:54.338 I/sysui_multi_action( 2378): [757,491,758,1,759,491,927,4,928,0,1311,-1,1593,0]
01-08 03:03:54.338 I/sysui_multi_action( 2378): [757,0,758,1,759,0,927,5,928,0,1593,0]
01-08 03:03:54.338 I/sysui_multi_action( 2378): [757,111,758,1]
01-08 03:03:54.338 I/sysui_multi_action( 2378): [757,126,758,1,759,126,927,0,928,1,1593,0]
01-08 03:03:54.338 I/sysui_multi_action( 2378): [757,113,758,1,759,113,927,1,928,1,1593,0]
01-08 03:03:54.338 I/sysui_multi_action( 2378): [757,0,758,1,759,0,927,2,928,0,1593,0]
01-08 03:03:54.338 I/sysui_multi_action( 2378): [757,0,758,1,759,0,927,3,928,0,1593,0]
01-08 03:03:56.187 I/auditd ( 9547): type=1400 audit(0.0:2806): avc: denied { kill } for comm="kworker/u17:0" capability=5 scontext=u:r:kernel:s0 tcontext=u:r:kernel:s0 tclass=capability permissive=0
01-08 03:03:56.359 I/auditd ( 9674): type=1400 audit(0.0:2807): avc: denied { read } for comm="transThread" name="snmp" dev="proc" ino=4026532270 scontext=u:r:untrusted_app_29:s0:c97,c256,c512,c768 tcontext=u:object_r:proc_net:s0 tclass=file permissive=0 app=com.tencent.mm
01-08 03:03:56.463 I/auditd ( 9674): type=1400 audit(0.0:2808): avc: denied { read } for comm="transThread" name="snmp" dev="proc" ino=4026532270 scontext=u:r:untrusted_app_29:s0:c97,c256,c512,c768 tcontext=u:object_r:proc_net:s0 tclass=file permissive=0 app=com.tencent.mm
01-08 03:03:57.187 I/auditd ( 0): type=1400 audit(0.0:2809): avc: denied { kill } for comm="swapper/2" capability=5 scontext=u:r:kernel:s0 tcontext=u:r:kernel:s0 tclass=capability permissive=0
01-08 03:03:58.169 I/netstats_mobile_sample( 1519): [0,0,0,0,0,0,0,0,0,0,0,0,1673118238169]
01-08 03:03:58.169 I/netstats_wifi_sample( 1519): [8135670142,5961966,79402882,1219454,8135670142,5961966,79402882,1219454,8136297047,5974214,71018406,1200473,1673118238169]
01-08 03:03:58.187 I/auditd ( 0): type=1400 audit(0.0:2810): avc: denied { kill } for comm="swapper/2" capability=5 scontext=u:r:kernel:s0 tcontext=u:r:kernel:s0 tclass=capability permissive=0
01-08 03:03:59.187 I/auditd ( 0): type=1400 audit(0.0:2811): avc: denied { kill } for comm="swapper/2" capability=5 scontext=u:r:kernel:s0 tcontext=u:r:kernel:s0 tclass=capability permissive=0
01-08 03:03:59.746 I/netstats_mobile_sample( 1519): [0,0,0,0,0,0,0,0,0,0,0,0,1673118239746]
01-08 03:03:59.746 I/netstats_wifi_sample( 1519): [8153320412,5975344,79626850,1224034,8153311266,5975335,79626522,1224027,8153898206,5987575,71235242,1205017,1673118239746]
01-08 03:04:00.791 I/input_interaction( 1519): Interaction with: e19dcb9 NotificationShade (server), edge-swipe (server), swipe-up (server), PointerEventDispatcher0 (server),
01-08 03:04:00.895 I/netstats_mobile_sample( 1519): [0,0,0,0,0,0,0,0,0,0,0,0,1673118240895]
01-08 03:04:00.895 I/netstats_wifi_sample( 1519): [8176757047,5992876,79913421,1229929,8176757047,5992876,79913421,1229929,8177387852,6005149,71517557,1210922,1673118240895]
01-08 03:04:01.187 I/auditd ( 0): type=1400 audit(0.0:2812): avc: denied { kill } for comm="swapper/3" capability=5 scontext=u:r:kernel:s0 tcontext=u:r:kernel:s0 tclass=capability permissive=0
01-08 03:04:01.273 I/sysui_multi_action( 2378): [757,111,758,2]
01-08 03:04:01.273 I/sysui_multi_action( 2378): [757,111,758,2]
01-08 03:04:01.275 I/notification_enqueue( 1519): [10081,2378,com.android.systemui,2048,NULL,0,Notification(channel=updateNotification shortcut=null contentView=null vibrate=null sound=null defaults=0x0 flags=0x0 color=0x00000000 vis=PRIVATE),1]
01-08 03:04:01.484 I/input_focus( 1519): [Focus request 9442d2a com.tencent.tmgp.sgame/com.tencent.tmgp.sgame.SGameActivity,reason=UpdateInputWindows]
01-08 03:04:01.491 I/sysui_multi_action( 1519): [757,128,758,2,793,5502543,794,7180,795,5502543,796,26,798,0,806,android,857,DEVELOPER_IMPORTANT,858,4,947,0,1395,4,1500,5502339,1688,1]
01-08 03:04:01.491 I/notification_visibility( 1519): [-1|android|26|null|1000,0,5502543,5502543,0,0]
01-08 03:04:01.492 I/sysui_multi_action( 1519): [757,128,758,2,793,96195,794,7181,795,16831,796,1101346194,798,1,806,com.tencent.mm,857,message_channel_new_id,858,4,947,0,1395,4,1500,7181,1641,msg,1688,1]
01-08 03:04:01.492 I/notification_visibility( 1519): [0|com.tencent.mm|1101346194|null|10097,0,96195,16831,0,1]
01-08 03:04:01.492 I/sysui_multi_action( 1519): [757,128,758,2,793,1032994,794,7181,795,1032994,796,4273,798,2,806,com.android.systemui,857,screen_record,858,3,947,0,1395,4,1500,1032792,1688,1,1745,680407814]
01-08 03:04:01.492 I/notification_visibility( 1519): [0|com.android.systemui|4273|null|10081,0,1032994,1032994,0,2]
01-08 03:04:01.492 I/sysui_multi_action( 1519): [757,128,758,2,793,5556403,794,7180,795,5556403,796,32,798,3,806,android,857,USB,858,1,947,0,1395,4,1500,5556200,1688,1]
01-08 03:04:01.493 I/notification_visibility( 1519): [-1|android|32|null|1000,0,5556403,5556403,0,3]
01-08 03:04:01.493 I/sysui_multi_action( 1519): [757,127,758,2]
01-08 03:04:01.493 I/notification_panel_hidden( 1519):
01-08 03:04:01.505 I/input_focus( 1519): [Focus leaving e19dcb9 NotificationShade (server),reason=NO_WINDOW]
01-08 03:04:01.505 I/input_focus( 1519): [Focus entering 9442d2a com.tencent.tmgp.sgame/com.tencent.tmgp.sgame.SGameActivity (server),reason=setFocusedWindow]
01-08 03:04:02.045 I/netstats_mobile_sample( 1519): [0,0,0,0,0,0,0,0,0,0,0,0,1673118242045]
01-08 03:04:02.045 I/netstats_wifi_sample( 1519): [8183042270,5997613,80015034,1231741,8183042270,5997613,80015034,1231741,8183673075,6009886,71610863,1212716,1673118242045]
01-08 03:04:02.187 I/auditd ( 0): type=1400 audit(0.0:2813): avc: denied { kill } for comm="swapper/3" capability=5 scontext=u:r:kernel:s0 tcontext=u:r:kernel:s0 tclass=capability permissive=0
01-08 03:04:02.412 I/input_interaction( 1519): Interaction with: 9442d2a com.tencent.tmgp.sgame/com.tencent.tmgp.sgame.SGameActivity (server), edge-swipe (server), swipe-up (server), PointerEventDispatcher0 (server),
01-08 03:04:03.187 I/auditd ( 0): type=1400 audit(0.0:2814): avc: denied { kill } for comm="swapper/3" capability=5 scontext=u:r:kernel:s0 tcontext=u:r:kernel:s0 tclass=capability permissive=0
01-08 03:04:04.187 I/auditd ( 0): type=1400 audit(0.0:2815): avc: denied { kill } for comm="swapper/3" capability=5 scontext=u:r:kernel:s0 tcontext=u:r:kernel:s0 tclass=capability permissive=0
01-08 03:04:05.187 I/auditd ( 0): type=1400 audit(0.0:2816): avc: denied { kill } for comm="swapper/3" capability=5 scontext=u:r:kernel:s0 tcontext=u:r:kernel:s0 tclass=capability permissive=0
01-08 03:04:06.187 I/auditd ( 0): type=1400 audit(0.0:2817): avc: denied { kill } for comm="swapper/3" capability=5 scontext=u:r:kernel:s0 tcontext=u:r:kernel:s0 tclass=capability permissive=0
01-08 03:04:06.893 I/wm_task_moved( 1519): [1,0,0]
01-08 03:04:06.893 I/wm_task_moved( 1519): [1,0,7]
01-08 03:04:06.918 I/am_uid_active( 1519): 10069
01-08 03:04:06.921 I/wm_on_restart_called( 2855): [110752405,com.android.launcher3.uioverrides.QuickstepLauncher,performRestartActivity]
01-08 03:04:06.940 I/wm_on_start_called( 2855): [110752405,com.android.launcher3.uioverrides.QuickstepLauncher,handleStartActivity]
01-08 03:04:06.941 I/view_enqueue_input_event(11799): [Motion - Cancel,com.tencent.tmgp.sgame/com.tencent.tmgp.sgame.SGameActivity]
01-08 03:04:06.942 I/input_focus( 1519): [Focus request recents_animation_input_consumer,reason=UpdateInputWindows]
01-08 03:04:06.947 I/input_interaction( 1519): Interaction with: edge-swipe (server), swipe-up (server), PointerEventDispatcher0 (server),
01-08 03:04:06.951 I/input_focus( 1519): [Focus leaving 9442d2a com.tencent.tmgp.sgame/com.tencent.tmgp.sgame.SGameActivity (server),reason=NOT_FOCUSABLE]
01-08 03:04:06.951 I/input_focus( 1519): [Focus entering recents_animation_input_consumer (server),reason=setFocusedWindow]
01-08 03:04:06.953 I/sysui_latency( 2855): [1,84]
01-08 03:04:06.964 I/sysui_multi_action( 1519): [319,11,322,66,325,5587,757,761,758,9,759,5,806,com.android.launcher3,871,com.android.launcher3.uioverrides.QuickstepLauncher,905,0,1320,4,1321,1]
01-08 03:04:07.149 I/commit_sys_config_file( 1519): [settings-1-0,12]
01-08 03:04:07.187 I/auditd ( 0): type=1400 audit(0.0:2818): avc: denied { kill } for comm="swapper/3" capability=5 scontext=u:r:kernel:s0 tcontext=u:r:kernel:s0 tclass=capability permissive=0
01-08 03:04:07.260 I/sysui_latency( 1519): [8,86]
01-08 03:04:07.712 I/wm_task_moved( 1519): [1,1,8]
01-08 03:04:07.713 I/wm_task_moved( 1519): [10,1,2147483647]
01-08 03:04:07.713 I/wm_task_to_front( 1519): [0,10]
01-08 03:04:07.713 I/wm_focused_root_task( 1519): [0,0,1,34,RecentsAnimation.onAnimationFinished()]
01-08 03:04:07.713 I/wm_on_top_resumed_lost_called(11799): [154199911,com.tencent.tmgp.sgame.SGameActivity,topStateChangedWhenResumed]
01-08 03:04:07.713 I/wm_set_resumed_activity( 1519): [0,com.android.launcher3/.uioverrides.QuickstepLauncher,RecentsAnimation.onAnimationFinished()]
01-08 03:04:07.714 I/wm_pause_activity( 1519): [0,154199911,com.tencent.tmgp.sgame/.SGameActivity,userLeaving=true,pauseBackTasks]
01-08 03:04:07.715 I/wm_add_to_stopping( 1519): [0,154199911,com.tencent.tmgp.sgame/.SGameActivity,makeInvisible]
01-08 03:04:07.716 I/wm_set_resumed_activity( 1519): [0,com.android.launcher3/.uioverrides.QuickstepLauncher,resumeTopActivityInnerLocked]
01-08 03:04:07.721 I/wm_resume_activity( 1519): [0,110752405,10,com.android.launcher3/.uioverrides.QuickstepLauncher]
01-08 03:04:07.723 I/wm_on_resume_called( 2855): [110752405,com.android.launcher3.uioverrides.QuickstepLauncher,RESUME_ACTIVITY]
01-08 03:04:07.730 I/input_focus( 1519): [Focus request 4e2f174 com.android.launcher3/com.android.launcher3.uioverrides.QuickstepLauncher,reason=UpdateInputWindows]
01-08 03:04:07.731 I/wm_stop_activity( 1519): [0,154199911,com.tencent.tmgp.sgame/.SGameActivity]
01-08 03:04:07.734 I/sysui_multi_action( 1519): [757,803,799,window_time_0,802,138]
01-08 03:04:07.735 I/wm_on_top_resumed_gained_called( 2855): [110752405,com.android.launcher3.uioverrides.QuickstepLauncher,topStateChangedWhenResumed]
01-08 03:04:07.737 I/input_focus( 1519): [Focus leaving recents_animation_input_consumer (server),reason=NOT_VISIBLE]
01-08 03:04:07.737 I/input_focus( 1519): [Focus entering 4e2f174 com.android.launcher3/com.android.launcher3.uioverrides.QuickstepLauncher (server),reason=setFocusedWindow]
01-08 03:04:07.744 I/sysui_multi_action( 1519): [757,803,799,window_time_0,802,0]
01-08 03:04:08.042 I/commit_sys_config_file( 1519): [settings-1-0,8]
01-08 03:04:08.121 I/wm_on_paused_called(11799): [154199911,com.tencent.tmgp.sgame.SGameActivity,performPause]
01-08 03:04:08.126 I/wm_on_stop_called(11799): [154199911,com.tencent.tmgp.sgame.SGameActivity,STOP_ACTIVITY_ITEM]
01-08 03:04:08.187 I/auditd ( 0): type=1400 audit(0.0:2819): avc: denied { kill } for comm="swapper/3" capability=5 scontext=u:r:kernel:s0 tcontext=u:r:kernel:s0 tclass=capability permissive=0
01-08 03:04:08.273 I/input_interaction( 1519): Interaction with: 4e2f174 com.android.launcher3/com.android.launcher3.uioverrides.QuickstepLauncher (server), c8b2b8c com.android.systemui.ImageWallpaper (server), edge-swipe (server), swipe-up (server), PointerEventDispatcher0 (server),
01-08 03:04:08.386 I/service_manager_stats( 1519): [100,62,130509]
01-08 03:04:08.406 I/wm_task_moved( 1519): [33,1,8]
01-08 03:04:08.406 I/wm_task_to_front( 1519): [0,33]
01-08 03:04:08.407 I/wm_focused_root_task( 1519): [0,0,33,1,bringingFoundTaskToFront]
01-08 03:04:08.408 I/wm_set_resumed_activity( 1519): [0,com.android.settings/.Settings,bringingFoundTaskToFront]
01-08 03:04:08.408 I/wm_new_intent( 1519): [0,141584062,33,com.android.settings/.Settings,android.intent.action.MAIN,NULL,NULL,270532608]
01-08 03:04:08.410 I/wm_pause_activity( 1519): [0,110752405,com.android.launcher3/.uioverrides.QuickstepLauncher,userLeaving=true,pauseBackTasks]
01-08 03:04:08.416 I/wm_on_top_resumed_lost_called( 2855): [110752405,com.android.launcher3.uioverrides.QuickstepLauncher,topStateChangedWhenResumed]
01-08 03:04:08.417 I/wm_on_paused_called( 2855): [110752405,com.android.launcher3.uioverrides.QuickstepLauncher,performPause]
01-08 03:04:08.426 I/wm_set_resumed_activity( 1519): [0,com.android.settings/.Settings,resumeTopActivityInnerLocked]
01-08 03:04:08.426 I/wm_add_to_stopping( 1519): [0,110752405,com.android.launcher3/.uioverrides.QuickstepLauncher,makeInvisible]
01-08 03:04:08.433 I/wm_resume_activity( 1519): [0,141584062,33,com.android.settings/.Settings]
01-08 03:04:08.443 I/sysui_multi_action( 1519): [757,803,799,window_time_0,802,1]
01-08 03:04:08.443 I/wm_on_restart_called(11322): [141584062,com.android.settings.Settings,performRestartActivity]
01-08 03:04:08.455 I/wm_on_start_called(11322): [141584062,com.android.settings.Settings,handleStartActivity]
01-08 03:04:08.455 I/input_focus( 1519): [Focus leaving 4e2f174 com.android.launcher3/com.android.launcher3.uioverrides.QuickstepLauncher (server),reason=NO_WINDOW]
01-08 03:04:08.456 I/snet_event_log(11322): [120484087,-1,]
01-08 03:04:08.456 I/wm_on_resume_called(11322): [141584062,com.android.settings.Settings,RESUME_ACTIVITY]
01-08 03:04:08.459 I/sysui_multi_action(11322): [757,35,758,1,833,0,1089,0]
01-08 03:04:08.461 I/sysui_multi_action(11322): [757,3102,758,1,833,0,1089,0]
01-08 03:04:08.462 I/wm_on_top_resumed_gained_called(11322): [141584062,com.android.settings.Settings,topWhenResuming]
01-08 03:04:08.467 I/input_focus( 1519): [Focus request a733300 com.android.settings/com.android.settings.Settings,reason=UpdateInputWindows]
01-08 03:04:08.505 I/input_focus( 1519): [Focus entering a733300 com.android.settings/com.android.settings.Settings (server),reason=Window became focusable. Previous reason: NOT_VISIBLE]
01-08 03:04:08.670 I/sysui_multi_action( 1519): [319,41,321,40,322,87,325,5589,757,761,758,9,759,4,806,com.android.settings,871,com.android.settings.Settings,904,com.android.launcher3,905,0,1320,4,1321,1]
01-08 03:04:08.977 I/wm_stop_activity( 1519): [0,110752405,com.android.launcher3/.uioverrides.QuickstepLauncher]
01-08 03:04:09.003 I/wm_on_stop_called( 2855): [110752405,com.android.launcher3.uioverrides.QuickstepLauncher,STOP_ACTIVITY_ITEM]
01-08 03:04:09.187 I/auditd ( 0): type=1400 audit(0.0:2820): avc: denied { kill } for comm="swapper/3" capability=5 scontext=u:r:kernel:s0 tcontext=u:r:kernel:s0 tclass=capability permissive=0
01-08 03:04:09.568 I/input_interaction( 1519): Interaction with: a733300 com.android.settings/com.android.settings.Settings (server), edge-swipe (server), swipe-up (server), PointerEventDispatcher0 (server),
01-08 03:04:10.805 I/input_interaction( 1519): Interaction with: 341370a StatusBar (server), edge-swipe (server), swipe-up (server), PointerEventDispatcher0 (server),
01-08 03:04:10.810 I/sysui_multi_action( 2378): [757,803,799,panel_open,802,1]
01-08 03:04:10.811 I/sysui_multi_action( 2378): [757,1328,758,4,1326,35,1327,1,1329,0]
01-08 03:04:10.851 I/sysui_multi_action( 1519): [757,127,758,1]
01-08 03:04:10.851 I/sysui_multi_action( 1519): [757,804,799,note_load,801,4,802,1]
01-08 03:04:10.851 I/notification_panel_revealed( 1519): 4
01-08 03:04:10.866 I/input_focus( 1519): [Focus request e19dcb9 NotificationShade,reason=UpdateInputWindows]
01-08 03:04:10.879 I/sysui_multi_action( 1519): [757,128,758,1,793,5511932,794,0,795,5511932,796,26,798,0,806,android,857,DEVELOPER_IMPORTANT,858,4,947,0,1395,4,1500,5511728,1688,1]
01-08 03:04:10.879 I/sysui_multi_action( 1519): [757,804,799,note_freshness,801,5511932,802,1]
01-08 03:04:10.879 I/notification_visibility( 1519): [-1|android|26|null|1000,1,5511932,5511932,0,0]
01-08 03:04:10.879 I/sysui_multi_action( 1519): [757,128,758,1,793,105582,794,0,795,26218,796,1101346194,798,1,806,com.tencent.mm,857,message_channel_new_id,858,4,947,0,1395,4,1500,16568,1641,msg,1688,1]
01-08 03:04:10.879 I/sysui_multi_action( 1519): [757,1501,758,1,793,105582,794,0,795,26218,796,1101346194,806,com.tencent.mm,857,message_channel_new_id,858,4,947,0,1500,0,1641,msg,1688,1]
01-08 03:04:10.879 I/sysui_multi_action( 1519): [757,804,799,note_interruptive,801,0,802,1]
01-08 03:04:10.879 I/sysui_multi_action( 1519): [757,804,799,note_freshness,801,26218,802,1]
01-08 03:04:10.879 I/notification_visibility( 1519): [0|com.tencent.mm|1101346194|null|10097,1,105582,26218,0,1]
