01-08 01:32:03.380 W/hpplay-java( 2713): [AsyncTask #20]:DeviceUtils:getDomain create lb domain
01-08 01:32:03.381 I/hpplay-java( 2713): [AsyncTask #20]:Feature:getMirrorAudioVideoSync DISABLE
01-08 01:32:03.381 I/hpplay-java( 2713): [AsyncTask #20]:Feature:checkSupportRedirectOtherApp,no set redirect api
01-08 01:32:03.381 I/hpplay-java( 2713): [AsyncTask #20]:Feature:getRedirectSearchFlag,value: 0
01-08 01:32:03.382 I/hpplay-java( 2713): [AsyncTask #20]:Bridge:mIn: InParameters{appInfo='0', appKey='21409', authMode=0, authPwd='null', broadcastDirection=0, broadcastState=1, broadcastTimeout=3, buildType='release', cacheAVPath='/data/user/0/com.hht.lebocast/cache/hpplay/av', cachePhotoPath='/data/user/0/com.hht.lebocast/cache/hpplay/image', channel='LEBO-APK--60146-25915', desPath='/data/user/0/com.hht.lebocast/files/hpplay/file/config/dcf', , deviceName='高合娱乐副屏', dlna=1, dlnaCompany='Microsoft Corporation', dlnaCompanyURL='http://www.microsoft.com', dlnaDeviceDescribe='Media Renderer', dlnaDeviceName='Windows Media Player', dlnaDeviceURL='http://go.microsoft.com/fwlink/Linkld=105927', dlnaLelinkSwitch=1, dlnaManufacturer=0, dlnaName='高合娱乐副屏', dlnaUPC='null', dlnaUUID='774c117d-0217-0fc4-1a60-e56e55fcc56d', domain='Lebo-figure-42ab7764ca4f', drainage=0, feature='6655', fps=60, height=1080, host='null', , keyPath='/data/user/0/com.hht.lebocast/files/hpplay/file', lelinkfp=1, lelinkfp2=0, logBaseState=1, logPath='/storage/emulated/0/com.hht.lebocast/sink/sdk/common', , mdnsEnable=1, mirrorSyncType=0, netCastVer='2.0', packageName='com.hht.lebocast', packagePath='/data/user/0/com.hht.lebocast', permissionDid='42:ab:77:64:ca:4f', permissionMode=3, permissionPreSN='', port=0, preemptMode=0, regType='_leboremote._tcp.', serverPorts=null, sockWaitTimeOut=45, teleControlPort=53388, tunnels=3, txtKeys=null, txtValues=null, uid='2755248317583304728', videoFrameType=1001, width=1920}com.hpplay.sdk.sink.protocol.InParameters@32f9367
01-08 01:32:03.382 I/hpplay-java( 2713): [main]:Bridge:startServer state: 0
01-08 01:32:03.382 D/hpplay-base( 2713): [jniBridge:185] not conference version
01-08 01:32:03.382 I/hpplay-base( 2713): [jniBridge:241] 1initServer nSettingWidth=1920 nSettingHeight=1080 nSettingMaxFPS=60 dlnaEnable=1 lelinkFpEnable=1
01-08 01:32:03.382 D/hpplay-base( 2713): [jniBridge:283] 1initServer cfg.leLinkIp=192.168.124.22
01-08 01:32:03.382 D/hpplay-base( 2713): [jniBridge:286] 1initServer cfg.mPermissionMode=3
01-08 01:32:03.382 D/hpplay-base( 2713): [jniBridge:304] 1initServer cfg.permissionDid=42:ab:77:64:ca:4f000000000000000
01-08 01:32:03.382 D/hpplay-base( 2713): [jniBridge:313] 1initServer cfg.mPermissionPreSN=00000000000000000000000000000000
01-08 01:32:03.382 D/hpplay-base( 2713): [jniBridge:317] Bridge___1initServer status:0
01-08 01:32:03.382 I/hpplay-base( 2713): [jniBridge:325] 1initServer cfg.feature=6655
01-08 01:32:03.382 D/hpplay-base( 2713): [jniBridge:377] 1initServer isSendBroadCast=3
01-08 01:32:03.382 D/hpplay-base( 2713): [jniBridge:380] 1initServer broadcastDirection=0
01-08 01:32:03.382 D/hpplay-base( 2713): [jniBridge:382] 1initServer ipBroadcast direction=0
01-08 01:32:03.382 D/hpplay-base( 2713): [jniBridge:387] 1initServer tunnel=3
01-08 01:32:03.382 D/hpplay-base( 2713): [jniBridge:390] 1initServer drainage=0
01-08 01:32:03.382 D/hpplay-base( 2713): [jniBridge:401] 1initServer mDNSEnable=1
01-08 01:32:03.382 D/hpplay-base( 2713): [jniBridge:406] 1initServer nSockWaitTimeOut=45
01-08 01:32:03.382 D/hpplay-base( 2713): [jniBridge:410] 1initServer nMirrorAudioVideoSync=0
01-08 01:32:03.382 I/hpplay-base( 2713): [sign_check:168] checkSign strPackageName:com.hht.lebocast
01-08 01:32:03.382 I/hpplay-base( 2713): [sign_check:169] checkSign buildType:release
01-08 01:32:03.382 I/hpplay-base( 2713): [sign_check:170] checkSign appKey:21409
01-08 01:32:03.382 D/hpplay-base( 2713): [LelinkBase:405] bridgeInit port: 0, lelinkfp: 0
01-08 01:32:03.382 D/hpplay-base( 2713): [LelinkBase:462] bridgeInit mPackagePath =/data/user/0/com.hht.lebocast
01-08 01:32:03.382 D/hpplay-base( 2713): [LelinkBase:463] bridgeInit mKeyPath =/data/user/0/com.hht.lebocast/files/hpplay/file
01-08 01:32:03.382 D/hpplay-base( 2713): [SinkContext:97] initSinkContext mPackagePath =/data/user/0/com.hht.lebocast
01-08 01:32:03.382 D/hpplay-base( 2713): [SinkContext:98] initSinkContext mKeyPath =/data/user/0/com.hht.lebocast/files/hpplay/file
01-08 01:32:03.382 D/hpplay-base( 2713): [jniBridge:478] Java_com_hpplay_sdk_sink_protocol_Bridge__1initServer end
01-08 01:32:03.382 D/hpplay-base( 2713): [jniBridge:869] Bridge__1startServer status:1
01-08 01:32:03.383 D/hpplay-base( 2713): [LelinkBase:492] startAllServer at base
01-08 01:32:03.383 D/hpplay-base( 2713): [lelinkSinkServer:152] httpPlugins_SetServerPort TYPE_SERVER_LELINK:52266
01-08 01:32:03.383 D/hpplay-base( 2713): [network.c:362] protocol bind host :192.168.124.22 port:52266 curent bind port:52266
01-08 01:32:03.383 D/hpplay-base( 2713): [lelinkSinkServer:681] HTTP Server real at:52266
01-08 01:32:03.383 D/hpplay-base( 2713): [lelinkSinkServer:644] Connected Service Type:0
01-08 01:32:03.383 D/hpplay-base( 2713): [ScreenStream:1285] current bind port:7100
01-08 01:32:03.383 I/hpplay-base( 2713): : (server.c.315) startServer listen_ing....:
01-08 01:32:03.383 D/hpplay-base( 2713): [Server:371] startHttpServer srv_sockets.used:1 nCurrentFd:71, tid is 5003
01-08 01:32:03.383 D/hpplay-base( 2713): [LelinkBase:515] startAllServer pBaseContext->config.dlnaEnable:1
01-08 01:32:03.383 D/hpplay-base( 2713): [lelinkDlna:324] addDMRCallback end
01-08 01:32:03.383 D/hpplay-base( 2713): [stream_mirror_compat:759] compat mirror stream begin to run,server fd:72,thread_id:3140989376!!
01-08 01:32:03.384 E/hpplay-base-dlna( 2713): miniserver.c:788::dlna_port(ipv4: 49152 ipv6:0)
01-08 01:32:03.434 D/hpplay-base-dlna( 2713): [lebodlna-dlnaframe:166] succeed to load lebodlnaplugin
01-08 01:32:03.434 D/hpplay-base-dlna( 2713): [lebodlna-dlnaframe:232] Succeed to load specified plugin:lebodlna_plugin
01-08 01:32:03.434 D/hpplay-base( 2713): [lelinkDlna:328] startDLNAServer ret=0
01-08 01:32:03.434 D/hpplay-base( 2713): [LelinkBase:531] startDLNAServer ret= 0
01-08 01:32:03.434 D/hpplay-base( 2713): [lelinkDlna:342] setDMRFriendlyName 高合娱乐副屏
01-08 01:32:03.435 D/hpplay-base-dlna( 2713): [lebodlna-dlna_android:136] setBroadcastTimeout mBroadcastTimeOut=66 status=3!
01-08 01:32:03.435 D/hpplay-base-dlna( 2713): [lebodlna_api:32] start DMR
01-08 01:32:03.435 D/hpplay-base-dlna( 2713): [UpnpDefine:434] RegisterDMRender invalid lelink info
01-08 01:32:03.435 D/hpplay-base-dlna( 2713): [UpnpDefine:551] DLNA DESCRIPTION FROME SERVER
01-08 01:32:03.436 E/hpplay-base-dlna( 2713): upnpapi.c:1078::Exiting RegisterRootDevice2 *Hnd =1, return value == 0
01-08 01:32:03.436 D/hpplay-base-dlna( 2713): [CUpnpDevice:41] Register Root Device 2:0
01-08 01:32:03.436 D/hpplay-base-dlna( 2713): [UpnpDefine:794] ESDMRender:Register success
01-08 01:32:03.436 D/hpplay-base-dlna( 2713): [lebodlna_api:41] sendBroadcast mBroadcastTimeOut=3
01-08 01:32:03.436 D/hpplay-base-dlna( 2713): [lebodlna_api:44] sendBroadcast timeout=66
01-08 01:32:03.457 I/hpplay-java( 2713): [AsyncTask #22]:HttpRequest:doGet responseCode:200 0
01-08 01:32:03.490 D/hpplay-base( 2713): [lelinkDlna:361] startDLNADevice dlnaManufacturer:0 ret=0
01-08 01:32:03.490 D/hpplay-base( 2713): [LelinkBase:535] lelinkSetDlnaInfo ret= 0
01-08 01:32:03.490 D/hpplay-base( 2713): [LelinkBase:547] startAllServer pBaseContext->config.mDNSEnable:1
01-08 01:32:03.490 D/hpplay-base( 2713): [base_mdns:509] mdns net.hostname:
01-08 01:32:03.491 D/hpplay-base( 2713): [base_mdns:529] mdns namelabel:-36-7C-7C-00-00-0F
01-08 01:32:03.491 D/hpplay-base( 2713): [base_mdns:509] mdns net.hostname:
01-08 01:32:03.491 D/hpplay-base( 2713): [base_mdns:529] mdns namelabel:-36-7C-7C-00-00-0F
01-08 01:32:03.491 D/hpplay-base( 2713): [mdns:813] mdns start bind port:0
01-08 01:32:03.493 D/hpplay-base( 2713): [mdns:813] mdns start bind port:5353
01-08 01:32:03.493 D/hpplay-base( 2713): [mdns:813] mdns start bind port:5353
01-08 01:32:03.493 D/hpplay-base( 2713): [mdns:813] mdns start bind port:5353
01-08 01:32:03.493 D/hpplay-base( 2713): [mdns:813] mdns start bind port:5353
01-08 01:32:03.494 D/hpplay-base( 2713): [mdns:813] mdns start bind port:5353
01-08 01:32:03.494 D/hpplay-base( 2713): [mdns:813] mdns start bind port:5353
01-08 01:32:03.494 D/hpplay-base( 2713): [mdns:813] mdns start bind port:5353
01-08 01:32:03.494 I/hpplay-base( 2713): [mDNSEmbeded:57] embedded_mDNSInit stopmDNSNow:0 status:0
01-08 01:32:03.494 D/hpplay-base( 2713): [mDNSEmbeded:436] startmDNSServer end nRet=0
01-08 01:32:03.494 D/hpplay-base( 2713): [LelinkBase:555] lelink broadcast_on_off:1 log2java_on_off:1
01-08 01:32:03.494 D/hpplay-base( 2713): [LelinkMDNS:729] leboAuthorizationCheck strUuid=42:ab:77:64:ca:4f000000000000000
01-08 01:32:03.494 D/hpplay-base( 2713): [LelinkMDNS:730] leboAuthorizationCheck mPermissionDid=42:ab:77:64:ca:4f000000000000000
01-08 01:32:03.494 D/hpplay-base( 2713): [LelinkMDNS:755] leboAuthorizationCheck mPermissionMac=42:ab:77:64:ca:4f000000000000000
01-08 01:32:03.495 I/hpplay-base( 2713): [mDNSEmbeded:268] start lelink publish server, tid is 5024
01-08 01:32:03.495 D/hpplay-base( 2713): [AEventUtils:595] request to start event handle service!!
01-08 01:32:03.495 D/hpplay-base( 2713): [mDNSEmbeded:197] http_port bind check 197 http_port_check
01-08 01:32:03.495 D/hpplay-base( 2713): [AEventUtils:603] start_event_handle_service,begin to run!!
01-08 01:32:03.495 D/hpplay-base( 2713): [REventUtils:210] start_event_handle_service,begin to run!!
01-08 01:32:03.495 D/hpplay-base( 2713): [AEventUtils:171] create handle AEvent thread ok!!,tid is 5026
01-08 01:32:03.495 D/hpplay-base( 2713): [LelinkBase:576] startAllServer success .
01-08 01:32:03.495 D/hpplay-base( 2713): [REventUtils:59] create handleREventThread thread ok!!,tid is 5028
01-08 01:32:03.495 D/hpplay-base( 2713): [jniBridge:894] startDlna_link:http://192.168.124.22:49152/description.xml
01-08 01:32:03.495 D/hpplay-base( 2713): [jniBridge:1081] notifyJavaDlnalink:http://192.168.124.22:49152/description.xml
01-08 01:32:03.495 D/hpplay-base( 2713): [jniBridge:1726] notifyJava, what:207, castType:0, mimeType:0 baseStatus:2
01-08 01:32:03.495 D/hpplay-base( 2713): [jniBridge:1727] notifyJava sessionID:(null)
01-08 01:32:03.495 D/hpplay-base( 2713): [mDNSEmbeded:217] http_port bind check 217 http_port_check
01-08 01:32:03.495 D/hpplay-base( 2713): [mDNSEmbeded:222] http_port bind check 222 http_port_check
01-08 01:32:03.496 I/hpplay-java( 2713): [Thread-39]:Bridge:notify: what: 207
01-08 01:32:03.496 I/hpplay-java( 2713): [main]:ServerBusiness:get deviceCode:2326366951
01-08 01:32:03.496 I/hpplay-java( 2713): [Thread-39]:Bridge:notify: out: OutParameters:{audioSessionId=-1, audiotrackIndex=0, castHandleType=-1, castType=0, deviceName='http://192.168.124.22:49152/description.xml', dlnaName='', dramaID='', extra=0, frameHandleType=-1, handleInside=true, headduration=0, header='', headers=null, isAD=false, isMultiMirror=false, lelinkVer='', limitTime=0, , mediaAlbum='null', mediaAlbumArtURI='', mediaArtist='null', mediaAssets='', mediaTitle='null', mimeType=0, multiSession=null, period=0, pinCode='', playSpeed=0.0, playerChoice=0, plugin=0, port=0, position=0.0, positionUnit=2, protocol=0, realSessionID='', regType='', , sinkIp='', sourceAPPVersion='', sourceChannel='', sourceClientInfo='', sourceDeviceInfo='', sourceDeviceModel='', sourceDeviceName='', sourceDeviceType=0, sourceHID='', , sourceInfo='', , , sourceOSVersion='', sourceSDKVersion='', sourceUid='', stopDetail=0, stopReason=0, tailduration=0, url='', urlID='', urls=null, userAgent='', videoDecoder=0, volume=0, what=207}com.hpplay.sdk.sink.protocol.OutParameters@b1f8df0
01-08 01:32:03.496 I/hpplay-java( 2713): [Thread-39]:Bridge:notify: address:21938025
01-08 01:32:03.496 D/hpplay-base( 2713): [mDNSEmbeded:234] http_port bind check 234 http_port_check port:52266
01-08 01:32:03.497 D/hpplay-base( 2713): [mDNSEmbeded:237] http_port bind check 237 http_port_check
01-08 01:32:03.497 D/hpplay-base( 2713): [lelinkSinkServer:93] new client connection from 127.0.0.1 54987, fd=128
01-08 01:32:03.497 D/hpplay-base( 2713): [SinkContext:137] addSinkContextSession,begin to run!!
01-08 01:32:03.497 D/hpplay-base( 2713): [SinkContext:142] addSinkContextSession,begin to get lock!!
01-08 01:32:03.497 D/hpplay-base( 2713): [SinkContext:144] addSinkContextSession,get lock ok!!
01-08 01:32:03.497 D/hpplay-base( 2713): [SinkContext:149] addSinkContextSession,session list is null,begin to malloc!!
01-08 01:32:03.497 D/hpplay-base( 2713): [SinkContext:156] addSinkContextSession,begin to update!!
01-08 01:32:03.497 D/hpplay-base( 2713): [SinkContext:160] addSinkContextSession,begin to update header!!
01-08 01:32:03.497 D/hpplay-base( 2713): [SinkContext:172] addSinkContextSession,begin to unlock!!
01-08 01:32:03.497 D/hpplay-base( 2713): [SinkContext:174] addSinkContextSession,unlock ok!!
01-08 01:32:03.497 D/hpplay-base( 2713): [LelinkReceiver:4908] get ping !!!
01-08 01:32:03.497 D/hpplay-base( 2713): [mDNSEmbeded:240] http_port bind check 240 http_port_check recieved:64
01-08 01:32:03.497 D/hpplay-base( 2713): [mDNSEmbeded:243] http_port bind check 243 http_port_check
01-08 01:32:03.497 D/hpplay-base( 2713): [mDNSEmbeded:244] http_port bind check ok!
01-08 01:32:03.661 D/hpplay-base( 2713): [LelinkMDNS:766] devicePermissionPublic leboPermissionCheck:-2
01-08 01:32:03.661 D/hpplay-base( 2713): [jniBridge:1125] com_hpplay_sdk_sink_protocol_Bridge_WHAT_SERVER_ERROR
01-08 01:32:03.661 D/hpplay-base( 2713): [jniBridge:1726] notifyJava, what:204, castType:0, mimeType:0 baseStatus:2
01-08 01:32:03.662 D/hpplay-base( 2713): [jniBridge:1727] notifyJava sessionID:(null)
01-08 01:32:03.662 I/hpplay-java( 2713): [Thread-40]:Bridge:notify: what: 204
01-08 01:32:03.663 I/hpplay-java( 2713): [Thread-40]:Bridge:notify: out: OutParameters:{audioSessionId=-1, audiotrackIndex=0, castHandleType=-1, castType=0, deviceName='', dlnaName='', dramaID='', extra=-2002, frameHandleType=-1, handleInside=true, headduration=0, header='', headers=null, isAD=false, isMultiMirror=false, lelinkVer='', limitTime=0, , mediaAlbum='null', mediaAlbumArtURI='', mediaArtist='null', mediaAssets='', mediaTitle='null', mimeType=0, multiSession=null, period=0, pinCode='', playSpeed=0.0, playerChoice=0, plugin=0, port=0, position=0.0, positionUnit=2, protocol=0, realSessionID='', regType='', , sinkIp='', sourceAPPVersion='', sourceChannel='', sourceClientInfo='', sourceDeviceInfo='', sourceDeviceModel='', sourceDeviceName='', sourceDeviceType=0, sourceHID='', , sourceInfo='', , , sourceOSVersion='', sourceSDKVersion='', sourceUid='', stopDetail=0, stopReason=0, tailduration=0, url='', urlID='', urls=null, userAgent='', videoDecoder=0, volume=0, what=204}com.hpplay.sdk.sink.protocol.OutParameters@10fadee
01-08 01:32:03.663 I/hpplay-java( 2713): [Thread-40]:Bridge:notify: address:247448207
01-08 01:32:03.663 I/hpplay-base( 2713): [mDNSEmbeded:79] embedded_mDNSLoop stopmDNSNow:0 nPublish:-2 nExitFlag:6 tid is 5023
01-08 01:32:03.663 I/hpplay-java( 2713): [main]:Bridge:findServiceID start out: 247448207
01-08 01:32:03.663 I/hpplay-java( 2713): [main]:Bridge:findServiceID end
01-08 01:32:03.663 E/hpplay-java( 2713): [main]:ServerTaskManager:onError 204/-2002 com.hht.lebocast.LelinkHelper$e@1c2de7f
01-08 01:32:03.663 I/hpplay-java( 2713): [main]:ServerTaskManager:cancelTimeOutCheck
01-08 01:32:03.663 W/hpplay-java( 2713): [main]:ServerTaskManager:onErrorDispatcher errorCode:-2002
01-08 01:32:03.663 I/hpplay-java( 2713): [main]:ServerTaskManager:onError retry later
01-08 01:32:03.697 I/hpplay-base( 2713): [LelinkReceiver:14605] _connectionFinalize (128)
01-08 01:32:03.697 D/hpplay-base( 2713): [LelinkReceiver:14752] ###connectionFinalize,release ok!!###
01-08 01:32:03.755 I/mpu_uart( 640): [MSG-P:RECV]:No message received in 1000 ms
01-08 01:32:03.756 I/hpplay-java( 2713): [AsyncTask #26]:HttpRequest:doGet responseCode:200 0
01-08 01:32:03.963 I/auditd ( 0): type=1400 audit(0.0:388): avc: denied { kill } for comm="swapper/3" capability=5 scontext=u:r:kernel:s0 tcontext=u:r:kernel:s0 tclass=capability permissive=0
01-08 01:32:03.963 W/swapper/3( 0): type=1400 audit(0.0:388): avc: denied { kill } for capability=5 scontext=u:r:kernel:s0 tcontext=u:r:kernel:s0 tclass=capability permissive=0
01-08 01:32:04.700 I/input_interaction( 1526): Interaction with: 1db9dd2 NotificationShade (server), edge-swipe (server), swipe-up (server), PointerEventDispatcher0 (server),
01-08 01:32:04.756 I/mpu_uart( 640): [MSG-P:RECV]:No message received in 1000 ms
01-08 01:32:04.780 I/mpu_uart( 640): [MSG-P:R]:recv sync frame timeout
01-08 01:32:04.783 I/Process ( 4505): Sending signal. PID: 4505 SIG: 9 --------- beginning of system
01-08 01:32:04.821 I/ActivityManager( 1526): Process com.tencent.mm:hotpot.. (pid 4505) has died: cch+5 CEM
01-08 01:32:04.822 I/Zygote ( 660): Process 4505 exited due to signal 9 (Killed)
01-08 01:32:04.823 I/am_proc_died( 1526): [0,4505,com.tencent.mm:hotpot..,905,19]
01-08 01:32:04.827 I/sysui_multi_action( 1984): [757,925,758,4,759,0,927,3,928,0,1592,0,1593,1]
01-08 01:32:04.827 I/libprocessgroup( 1526): Successfully killed process cgroup uid 10097 pid 4505 in 5ms
01-08 01:32:04.834 I/am_pss ( 1526): [4355,10054,com.qualcomm.qti.qms.service.trustzoneaccess,5469184,3846144,0,91713536,0,19,5]
01-08 01:32:04.839 I/thunderperf( 1526): Maybe need boostperf for current app!
01-08 01:32:04.841 I/ThunderPerfManager( 1526): Start bindService: PERF_SERVICE=com.thundercomm.gamemode.perfservice service=android.os.BinderProxy@7761508
01-08 01:32:04.842 D/FgBoostPerfService( 2387): [FgBoostPerfService.perfBoostAcq]start: stat=true pkgName=com.android.systemui
01-08 01:32:04.842 V/GameMode_GameTypeUtils( 2387): judge isGame:com.android.systemui
01-08 01:32:04.843 I/FgBoostPerfService( 2387): [FgBoostPerfService.perfBoostAcq] not game-mode or game app!
01-08 01:32:04.843 I/ThunderPerfManager( 1526): PerfAcq error : state=true pkgName=com.android.systemui
01-08 01:32:04.843 V/GameMode_GameTypeUtils( 2387): judge isGame:com.android.systemui
01-08 01:32:04.843 I/FgBoostPerfService( 2387): [GetGpuMode] isMode=1 isGame=false mGpuMode=1
01-08 01:32:04.844 V/GameMode_GameTypeUtils( 2387): judge isGame:com.android.systemui
01-08 01:32:04.844 I/FgBoostPerfService( 2387): [GetGpuDpiType] isMode=1 isGame=false mGpuDpiType=0
01-08 01:32:04.845 I/thunderperf( 1526): Current app pkgName=com.android.systemui bm:com.thundercomm.perf.BoostPerfManager@3df94a1 gpuMode=-1 gpuType=-1
01-08 01:32:04.845 I/ThunderBoostPerfService( 1526): Resolution: Uid=10081 Pid=1984 gMode=-1 dType=-1
01-08 01:32:04.845 I/thunderperf( 1526): PlatormCompat.setOverrides: Uid1=10081 Pid1=1984 Uid2=10081 Pid2=1984
01-08 01:32:04.845 I/thunderperf( 1526): PlatormCompat.setOverrides: needCheck:false
01-08 01:32:04.845 I/am_pss ( 1526): [3706,10017,com.android.providers.calendar,7004160,5181440,0,98091008,0,19,6]
01-08 01:32:04.846 I/thunderperf( 1526): CompatConfig.addOverrideUnsafe: bef-state=1
01-08 01:32:04.846 I/thunderperf( 1526): CompatConfig.addOverrideUnsafe: aft-state=0
01-08 01:32:04.847 I/thunderperf( 1526): CompatConfig.addOverrideUnsafe: bef-state=1
01-08 01:32:04.847 I/thunderperf( 1526): CompatConfig.addOverrideUnsafe: aft-state=0
01-08 01:32:04.848 I/thunderperf( 1526): CompatConfig.addOverrideUnsafe: bef-state=1
01-08 01:32:04.848 I/thunderperf( 1526): CompatConfig.addOverrideUnsafe: aft-state=0
01-08 01:32:04.848 I/thunderperf( 1526): CompatConfig.addOverrideUnsafe: bef-state=1
01-08 01:32:04.848 I/thunderperf( 1526): CompatConfig.addOverrideUnsafe: aft-state=0
01-08 01:32:04.848 I/thunderperf( 1526): CompatConfig.addOverrideUnsafe: bef-state=1
01-08 01:32:04.849 I/thunderperf( 1526): CompatConfig.addOverrideUnsafe: aft-state=0
01-08 01:32:04.849 I/thunderperf( 1526): CompatConfig.addOverrideUnsafe: bef-state=1
01-08 01:32:04.849 I/thunderperf( 1526): CompatConfig.addOverrideUnsafe: aft-state=0
01-08 01:32:04.849 I/thunderperf( 1526): CompatConfig.addOverrideUnsafe: bef-state=1
01-08 01:32:04.850 I/thunderperf( 1526): CompatConfig.addOverrideUnsafe: aft-state=0
01-08 01:32:04.850 I/thunderperf( 1526): CompatConfig.addOverrideUnsafe: bef-state=1
01-08 01:32:04.850 I/thunderperf( 1526): CompatConfig.addOverrideUnsafe: aft-state=0
01-08 01:32:04.850 I/thunderperf( 1526): CompatConfig.addOverrideUnsafe: bef-state=1
01-08 01:32:04.851 I/thunderperf( 1526): CompatConfig.addOverrideUnsafe: aft-state=0
01-08 01:32:04.851 I/thunderperf( 1526): CompatConfig.addOverrideUnsafe: bef-state=1
01-08 01:32:04.851 I/thunderperf( 1526): CompatConfig.addOverrideUnsafe: aft-state=0
01-08 01:32:04.852 I/thunderperf( 1526): CompatConfig.addOverrideUnsafe: bef-state=1
01-08 01:32:04.852 I/thunderperf( 1526): CompatConfig.addOverrideUnsafe: aft-state=0
01-08 01:32:04.852 I/thunderperf( 1526): CompatConfig.addOverrideUnsafe: bef-state=1
01-08 01:32:04.853 I/thunderperf( 1526): CompatConfig.addOverrideUnsafe: aft-state=0
01-08 01:32:04.853 I/am_pss ( 1526): [3047,10019,android.process.media,11295744,9428992,0,102412288,0,19,6]
01-08 01:32:04.853 I/thunderperf( 1526): CompatConfig.addOverrideUnsafe: bef-state=1
01-08 01:32:04.853 I/thunderperf( 1526): CompatConfig.addOverrideUnsafe: aft-state=0
01-08 01:32:04.854 I/thunderperf( 1526): CompatConfig.addOverrideUnsafe: bef-state=1
01-08 01:32:04.854 I/thunderperf( 1526): CompatConfig.addOverrideUnsafe: aft-state=0
01-08 01:32:04.859 I/am_pss ( 1526): [4010,10023,com.android.externalstorage,5377024,3813376,0,91783168,0,19,5]
01-08 01:32:04.860 I/ThunderBoostPerfService( 1526): Disable downscaling com.android.systemui to 2380x1020
01-08 01:32:04.861 I/ActivityTaskManager( 1526): START u0 {flg=0x10000000 cmp=com.android.systemui/.screenrecord.ScreenRecordDialog} from uid 10081
01-08 01:32:04.861 I/EventSequenceValidator( 1526): inc AccIntentStartedEvents to 2
01-08 01:32:04.865 E/ANDR-PERF-JNI( 1526): com_qualcomm_qtiperformance_native_perf_io_prefetch_start
01-08 01:32:04.866 I/wm_task_created( 1526): [9,-1]
01-08 01:32:04.866 W/ActivityTaskManager( 1526): Can't find TaskDisplayArea to determine support for multi window. Task id=9 attached=false
01-08 01:32:04.866 I/am_pss ( 1526): [2664,10066,com.android.deskclock,9714688,6864896,0,102531072,0,19,5]
01-08 01:32:04.867 E/ANDR-IOP( 833): io prefetch is disabled
01-08 01:32:04.867 D/CompatibilityChangeReporter( 1526): Compat change id reported: 174042980; UID 10081; state: DISABLED
01-08 01:32:04.867 D/CompatibilityChangeReporter( 1526): Compat change id reported: 184838306; UID 10081; state: DISABLED
01-08 01:32:04.868 D/CompatibilityChangeReporter( 1526): Compat change id reported: 185004937; UID 10081; state: DISABLED
01-08 01:32:04.868 D/CompatibilityChangeReporter( 1526): Compat change id reported: 181136395; UID 10081; state: DISABLED
01-08 01:32:04.868 D/CompatibilityChangeReporter( 1526): Compat change id reported: 174042936; UID 10081; state: DISABLED
01-08 01:32:04.869 I/wm_task_moved( 1526): [9,1,6]
01-08 01:32:04.869 I/wm_task_to_front( 1526): [0,9]
01-08 01:32:04.869 I/wm_create_task( 1526): [0,9]
01-08 01:32:04.869 I/wm_create_activity( 1526): [0,131824052,9,com.android.systemui/.screenrecord.ScreenRecordDialog,NULL,NULL,NULL,276824064]
01-08 01:32:04.869 I/wm_task_moved( 1526): [9,1,6]
01-08 01:32:04.869 I/wm_on_top_resumed_lost_called( 2543): [162781513,com.android.launcher3.uioverrides.QuickstepLauncher,topStateChangedWhenResumed]
01-08 01:32:04.869 D/CompatibilityInfo( 1526): mCompatibilityFlags - 4
01-08 01:32:04.869 D/CompatibilityInfo( 1526): applicationDensity - 240
01-08 01:32:04.870 D/CompatibilityInfo( 1526): applicationScale - 1.0
01-08 01:32:04.870 D/ActivityTrigger( 1526): ActivityTrigger activityPauseTrigger
01-08 01:32:04.870 I/wm_pause_activity( 1526): [0,162781513,com.android.launcher3/.uioverrides.QuickstepLauncher,userLeaving=true,pauseBackTasks]
01-08 01:32:04.872 I/am_pss ( 1526): [2984,10083,com.qualcomm.qtil.aptxui,7232512,5767168,0,91504640,0,19,5]
01-08 01:32:04.872 I/wm_on_paused_called( 2543): [162781513,com.android.launcher3.uioverrides.QuickstepLauncher,performPause]
01-08 01:32:04.873 V/ShadeControllerImpl( 1984): NotificationShadeWindow: com.android.systemui.statusbar.phone.NotificationShadeWindowView{8dd8b58 V.E...... ........ 0,0-2380,1020} canPanelBeCollapsed(): true
01-08 01:32:04.873 I/ActivityTaskManager( 1526): FOREGROUND_APPLICATION_CHANGED to com.android.systemui.screenrecord.ScreenRecordDialog
01-08 01:32:04.874 I/ActivityTaskManager( 1526): The Process com.android.systemui Already Exists in BG. So sending its PID: 1984
01-08 01:32:04.874 I/wm_restart_activity( 1526): [0,131824052,9,com.android.systemui/.screenrecord.ScreenRecordDialog]
01-08 01:32:04.874 D/CompatibilityInfo( 1526): mCompatibilityFlags - 4
01-08 01:32:04.874 D/CompatibilityInfo( 1526): applicationDensity - 240
01-08 01:32:04.874 D/CompatibilityInfo( 1526): applicationScale - 1.0
01-08 01:32:04.875 I/wm_set_resumed_activity( 1526): [0,com.android.systemui/.screenrecord.ScreenRecordDialog,minimalResumeActivityLocked]
01-08 01:32:04.877 I/sysui_multi_action( 1526): [757,803,799,window_time_0,802,51]
01-08 01:32:04.878 I/am_pss ( 1526): [2489,10069,com.thundercomm.gamemode.provider,7472128,5771264,0,95879168,0,19,5]
01-08 01:32:04.882 I/am_pss ( 1526): [3785,10056,com.qualcomm.qti.qms.service.connectionsecurity,15923200,4337664,0,77737984,0,19,4]
01-08 01:32:04.886 I/BpBinder( 906): onLastStrongRef automatically unlinking death recipients:
01-08 01:32:04.887 I/am_pss ( 1526): [2577,10089,com.qualcomm.qti.qccauthmgr,6061056,4296704,0,95682560,0,19,4]
01-08 01:32:04.891 I/am_pss ( 1526): [3727,2000,com.android.shell,5857280,4288512,0,91914240,0,19,4]
01-08 01:32:04.898 I/am_pss ( 1526): [2377,1000,com.android.settings,31670272,18673664,0,145879040,0,19,6]
01-08 01:32:04.903 I/am_pss ( 1526): [3689,10093,com.android.permissioncontroller,11423744,9773056,0,99258368,0,19,4]
01-08 01:32:04.905 I/input_focus( 1526): [Focus leaving 1db9dd2 NotificationShade (server),reason=NOT_FOCUSABLE]
01-08 01:32:04.906 I/wm_on_create_called( 1984): [131824052,com.android.systemui.screenrecord.ScreenRecordDialog,performCreate]
01-08 01:32:04.906 I/wm_on_start_called( 1984): [131824052,com.android.systemui.screenrecord.ScreenRecordDialog,handleStartActivity]
01-08 01:32:04.907 I/wm_on_resume_called( 1984): [131824052,com.android.systemui.screenrecord.ScreenRecordDialog,RESUME_ACTIVITY]
01-08 01:32:04.908 I/am_pss ( 1526): [3674,10030,com.android.packageinstaller,7060480,5607424,0,91017216,0,19,4]
01-08 01:32:04.912 D/KeyguardViewMediator( 1984): setOccluded true
01-08 01:32:04.912 I/wm_on_top_resumed_gained_called( 1984): [131824052,com.android.systemui.screenrecord.ScreenRecordDialog,topStateChangedWhenResumed]
01-08 01:32:04.913 I/am_pss ( 1526): [2865,1000,com.android.keychain,8141824,6598656,0,94162944,0,19,5]
01-08 01:32:04.915 D/KeyguardViewMediator( 1984): setOccluded false
01-08 01:32:04.918 I/input_focus( 1526): [Focus request 7aeb0aa com.android.systemui/com.android.systemui.screenrecord.ScreenRecordDialog,reason=UpdateInputWindows]
01-08 01:32:04.918 I/am_pss ( 1526): [3655,10060,com.android.onetimeinitializer,5016576,3502080,0,90517504,0,19,5]
01-08 01:32:04.925 I/am_pss ( 1526): [3631,10087,com.android.music,7388160,5345280,0,94588928,0,19,6]
01-08 01:32:04.930 I/am_pss ( 1526): [3553,1000,com.android.localtransport,5264384,3735552,0,90804224,0,19,4]
01-08 01:32:04.934 I/EventSequenceValidator( 1526): dec AccIntentStartedEvents to 1
01-08 01:32:04.935 I/sysui_multi_action( 1526): [319,69,322,69,325,61,757,761,758,8,759,2,806,com.android.systemui,871,com.android.systemui.screenrecord.ScreenRecordDialog,904,com.android.systemui,905,0,1320,8,1321,5]
01-08 01:32:04.936 I/wm_activity_launch_time( 1526): [0,131824052,com.android.systemui/.screenrecord.ScreenRecordDialog,69]
01-08 01:32:04.937 I/ActivityTaskManager( 1526): Displayed com.android.systemui/.screenrecord.ScreenRecordDialog: +69ms
01-08 01:32:04.939 I/am_pss ( 1526): [3613,10028,com.android.managedprovisioning,8710144,7159808,0,94703616,0,19,6]
01-08 01:32:04.944 I/am_pss ( 1526): [3579,1000,com.android.dynsystem:dynsystem,5580800,3895296,0,91582464,0,19,4]
01-08 01:32:04.948 I/am_pss ( 1526): [3545,1000,com.android.dynsystem,5246976,3682304,0,90042368,0,19,4]
01-08 01:32:04.954 I/input_focus( 1526): [Focus entering 7aeb0aa com.android.systemui/com.android.systemui.screenrecord.ScreenRecordDialog (server),reason=Window became focusable. Previous reason: NOT_VISIBLE]
01-08 01:32:04.954 I/am_pss ( 1526): [3528,10064,com.android.calendar,5942272,4018176,0,92041216,0,19,5]
01-08 01:32:04.960 I/am_pss ( 1526): [3504,10025,com.hryt.hiphishowfsecontrol,17504256,14225408,0,107274240,0,19,6]
01-08 01:32:04.966 I/am_pss ( 1526): [3215,10031,android.process.acore,13854720,10567680,0,117866496,0,19,5]
01-08 01:32:04.963 I/auditd ( 0): type=1400 audit(0.0:389): avc: denied { kill } for comm="swapper/3" capability=5 scontext=u:r:kernel:s0 tcontext=u:r:kernel:s0 tclass=capability permissive=0
01-08 01:32:04.963 W/swapper/3( 0): type=1400 audit(0.0:389): avc: denied { kill } for capability=5 scontext=u:r:kernel:s0 tcontext=u:r:kernel:s0 tclass=capability permissive=0
01-08 01:32:04.972 I/am_pss ( 1526): [3162,1000,com.qti.diagservices,5690368,3792896,0,95195136,0,10,6]
01-08 01:32:04.976 I/GameMode_ActivityMonitoringService( 2387): onTaskStackChanged
01-08 01:32:04.977 W/FreeFormWindowHelper( 1526): Current Display FreeFormTask is null
01-08 01:32:04.977 I/am_pss ( 1526): [3044,10033,com.android.traceur,10118144,8523776,0,97431552,0,19,4]
01-08 01:32:04.978 I/GameMode_ActivityMonitoringService( 2387): Updating top task to: TaskInfoContainer [topActivity=ComponentInfo{com.android.systemui/com.android.systemui.screenrecord.ScreenRecordDialog}, taskId=9, stackId=9, userId=0, displayId=0, position=6
01-08 01:32:04.978 I/GameMode_ActivityMonitoringService( 2387): Notifying about top task: TaskInfoContainer [topActivity=ComponentInfo{com.android.systemui/com.android.systemui.screenrecord.ScreenRecordDialog}, taskId=9, stackId=9, userId=0, displayId=0, position=6
01-08 01:32:04.978 I/GameMode_ActivityMonitoringService( 2387): WindowMode: 1
01-08 01:32:04.978 E/GameMode_ActivityMonitoringService( 2387): onActivityLaunch:com.android.systemui
01-08 01:32:04.978 V/GameMode_GameTypeUtils( 2387): judge isGame:com.android.systemui
01-08 01:32:04.978 V/GameMode_GpuUtils( 2387): fps:60
01-08 01:32:04.979 D/GameMode_GameModeActionUtils( 2387): Show GameMode entry by service!
01-08 01:32:04.980 W/ContextImpl( 2387): Calling a method in the system process without a qualified user: android.app.ContextImpl.startService:1816 android.content.ContextWrapper.startService:774 com.thundercomm.gamemode.ingame.services.GameModeActionUtils.startGameModeService:111 com.thundercomm.gamemode.ingame.services.GameModeActionUtils.startGameModeEntry:22 com.thundercomm.gamemode.ingame.services.ActivityMonitoringService$1.onActivityLaunch:129
01-08 01:32:04.980 D/GameModeIF_GameModeSettings( 2387): getUriFor setting_content_uri_root = content://com.thundercomm.gamemode.api/gamemode_settings , name = gamemode_isgaming
01-08 01:32:04.980 D/GameMode_GameModeService( 2387): type=hide_entry
01-08 01:32:04.982 I/am_pss ( 1526): [2816,10086,com.qualcomm.qti.workloadclassifier,8132608,6590464,0,93487104,0,0,5]
01-08 01:32:04.982 I/GameModeConfig( 1526): Current uri is uri = content://com.thundercomm.gamemode.api/gamemode_settings/gamemode_isgaming
01-08 01:32:04.982 D/GameModeIF_GameModeSettings( 1526): getUriFor setting_content_uri_root = content://com.thundercomm.gamemode.api/gamemode_settings , name = gamemode_isgaming
01-08 01:32:04.983 D/GameModeIF_GameModeSettings( 2387): gamemode_isgaming set to 0
01-08 01:32:04.983 D/CompatibilityChangeReporter( 2387): Compat change id reported: 150939131; UID 1000; state: ENABLED
01-08 01:32:04.983 D/GameMode_GameSettingsObserver( 2387): Game Data change!!!! uri = content://com.thundercomm.gamemode.api/gamemode_settings/gamemode_isgaming
01-08 01:32:04.983 D/GameModeIF_GameModeSettings( 2387): getUriFor setting_content_uri_root = content://com.thundercomm.gamemode.api/gamemode_settings , name = gamemode_isgaming
01-08 01:32:04.984 I/GameModeConfig( 1526): isGameModeOn = true
01-08 01:32:04.984 I/GameModeConfig( 1526): isGaming = false
01-08 01:32:04.984 I/GameModeConfig( 1526): isGameModeOn = true
01-08 01:32:04.984 I/GameModeConfig( 1526): isGaming = false
01-08 01:32:04.984 I/GameModeConfig( 1526): isDisableVoice = true
01-08 01:32:04.984 D/GameMode_GameModeService( 2387): updateGlobalSettings = gamemode_isgaming
01-08 01:32:04.988 I/am_pss ( 1526): [2814,10085,com.qualcomm.qti.qccnetstat,5806080,4247552,0,91725824,0,0,5]
01-08 01:32:04.993 I/am_pss ( 1526): [2785,10076,com.qualcomm.qti.services.systemhelper:systemhelper_service,6090752,4460544,0,93880320,0,0,4]
01-08 01:32:04.999 I/am_pss ( 1526): [2713,10082,com.hht.lebocast,45956096,29106176,0,125911040,0,0,5]
01-08 01:32:05.005 I/am_pss ( 1526): [2753,10058,.pasr,5130240,3649536,0,89382912,0,0,5]
01-08 01:32:05.009 I/am_pss ( 1526): [2716,10059,ts.car.uart,5937152,4456448,0,90525696,0,0,4]
01-08 01:32:05.014 I/am_pss ( 1526): [2367,1000,com.qualcomm.qti.qdma,9121792,6393856,0,106426368,0,0,4]
01-08 01:32:05.019 I/am_pss ( 1526): [2298,1000,com.thundercomm.remotecontrolservice,9125888,7065600,0,101720064,0,0,5]
01-08 01:32:05.025 I/am_pss ( 1526): [2307,1000,com.thundercomm.tcservice,7903232,6246400,0,96256000,0,0,5]
01-08 01:32:05.030 I/am_pss ( 1526): [3151,10067,com.qualcomm.qti.devicestatisticsservice,5059584,3575808,0,89047040,0,0,5]
01-08 01:32:05.034 I/am_pss ( 1526): [2293,1068,com.android.se,5528576,3981312,0,91709440,0,0,4]
01-08 01:32:05.040 I/am_pss ( 1526): [2261,1000,vendor.qti.qesdk.sysservice,5287936,3739648,0,91500544,0,0,6]
01-08 01:32:05.045 I/am_pss ( 1526): [2281,10084,com.qti.qualcomm.mstatssystemservice,5188608,3698688,0,89993216,0,0,4]
01-08 01:32:05.049 I/am_pss ( 1526): [2258,1000,com.thundercomm.tcsetupwizard,6555648,5074944,0,91377664,0,0,4]
01-08 01:32:05.055 I/am_pss ( 1526): [2250,1000,com.tc.logclient,7354368,5484544,0,99581952,0,0,5]
01-08 01:32:05.060 I/am_pss ( 1526): [2213,1000,com.thundercomm.tchttpserver,7818240,6197248,0,94826496,0,0,4]
01-08 01:32:05.064 I/am_pss ( 1526): [2187,10055,.qtidataservices,5696512,4161536,0,91570176,0,0,5]
01-08 01:32:05.070 I/am_pss ( 1526): [2161,1000,com.thundercomm.microsettings,26564608,18837504,0,131964928,0,0,5]
01-08 01:32:05.075 I/am_pss ( 1526): [2070,1000,com.thundercomm.microservice,8619008,6987776,0,96174080,0,0,5]
01-08 01:32:05.187 I/GameModeConfig( 1526): isGameModeOn = true
01-08 01:32:05.187 I/GameModeConfig( 1526): isGaming = false
01-08 01:32:05.187 I/GameModeConfig( 1526): isGameModeOn = true
01-08 01:32:05.187 I/GameModeConfig( 1526): isGaming = false
01-08 01:32:05.187 I/GameModeConfig( 1526): isGameModeOn = true
01-08 01:32:05.188 I/GameModeConfig( 1526): isGaming = false
01-08 01:32:05.188 I/notification_enqueue( 1526): [10081,1984,com.android.systemui,2048,NULL,0,Notification(channel=updateNotification shortcut=null contentView=null vibrate=null sound=null defaults=0x0 flags=0x0 color=0x00000000 vis=PRIVATE),0]
01-08 01:32:05.188 I/sysui_multi_action( 1984): [757,111,758,2]
01-08 01:32:05.189 I/sysui_multi_action( 1984): [757,111,758,2]
01-08 01:32:05.287 W/Choreographer( 1984): Frame time is 0.37355798 ms in the future! Check that graphics HAL is generating vsync timestamps using the correct timebase.
01-08 01:32:05.389 I/sysui_multi_action( 1526): [757,1501,758,1,793,202,794,0,795,202,796,2048,806,com.android.systemui,857,updateNotification,858,3,947,0,1500,0,1688,1]
01-08 01:32:05.389 I/sysui_multi_action( 1526): [757,804,799,note_interruptive,801,0,802,1]
01-08 01:32:05.389 I/GameModeConfig( 1526): isGameModeOn = true
01-08 01:32:05.389 I/GameModeConfig( 1526): isGaming = false
01-08 01:32:05.390 W/NotificationHistory( 1526): Attempted to add notif for locked/gone/disabled user 0
01-08 01:32:05.392 I/sysui_multi_action( 1526): [757,128,758,2,793,52518,794,2900,795,52518,796,26,798,0,806,android,857,DEVELOPER_IMPORTANT,858,4,947,0,1395,2,1500,52130,1688,1]
01-08 01:32:05.392 V/GameMode_GameTypeUtils( 2387): judge isGame:com.android.systemui
01-08 01:32:05.392 I/notification_visibility( 1526): [-1|android|26|null|1000,0,52518,52518,0,0]
01-08 01:32:05.392 E/GameMode_GameModeNotificationListenerService( 2387): title :content :,PackageName:com.android.systemui,isGameModeOn:true,isBulletScreenOn:false,isBulletScreenPackage:false
01-08 01:32:05.393 I/sysui_multi_action( 1526): [757,128,758,2,793,53058,794,2899,795,53058,796,32,798,1,806,android,857,USB,858,1,947,0,1395,2,1500,52793,1688,1]
01-08 01:32:05.393 I/notification_visibility( 1526): [-1|android|32|null|1000,0,53058,53058,0,1]
01-08 01:32:05.393 D/StatusBar( 1984): disable disable2
01-08 01:32:05.393 I/sysui_multi_action( 1526): [757,127,758,2]
01-08 01:32:05.393 I/notification_panel_hidden( 1526):
01-08 01:32:05.409 D/InterruptionStateProvider( 1984): No bubble up: not allowed to bubble: 0|com.android.systemui|2048|null|10081
01-08 01:32:05.410 D/InterruptionStateProvider( 1984): No heads up: unimportant notification: 0|com.android.systemui|2048|null|10081
01-08 01:32:05.410 D/PeopleSpaceWidgetMgr( 1984): Sbn doesn't contain valid PeopleTileKey: null/0/com.android.systemui
01-08 01:32:05.410 V/KeyguardUpdateMonitor( 1984): *** unregister callback for com.android.keyguard.CarrierTextManager$2@6c4d0a8
01-08 01:32:05.756 I/mpu_uart( 640): [MSG-P:RECV]:No message received in 1000 ms
01-08 01:32:05.963 I/auditd ( 0): type=1400 audit(0.0:390): avc: denied { kill } for comm="swapper/3" capability=5 scontext=u:r:kernel:s0 tcontext=u:r:kernel:s0 tclass=capability permissive=0
01-08 01:32:05.963 W/swapper/3( 0): type=1400 audit(0.0:390): avc: denied { kill } for capability=5 scontext=u:r:kernel:s0 tcontext=u:r:kernel:s0 tclass=capability permissive=0
01-08 01:32:06.094 I/input_interaction( 1526): Interaction with: 7aeb0aa com.android.systemui/com.android.systemui.screenrecord.ScreenRecordDialog (server), edge-swipe (server), swipe-up (server), PointerEventDispatcher0 (server),
01-08 01:32:06.217 I/wm_finish_activity( 1526): [0,131824052,9,com.android.systemui/.screenrecord.ScreenRecordDialog,app-request]
01-08 01:32:06.217 I/wm_task_moved( 1526): [1,1,6]
01-08 01:32:06.217 I/wm_task_moved( 1526): [8,1,2147483647]
01-08 01:32:06.217 I/wm_task_to_front( 1526): [0,8]
01-08 01:32:06.218 I/wm_focused_root_task( 1526): [0,0,1,-1,finish-top adjustFocusToNextFocusableTask]
01-08 01:32:06.218 D/PermissionCache( 906): checking android.permission.READ_FRAME_BUFFER for uid=1000 => granted (83 us)
01-08 01:32:06.221 I/hwservicemanager( 499): getTransport: Cannot find entry android.hardware.graphics.mapper@4.0::IMapper/default in either framework or device VINTF manifest.
01-08 01:32:06.221 I/Gralloc4( 1526): mapper 4.x is not supported
01-08 01:32:06.223 D/ActivityTrigger( 1526): ActivityTrigger activityPauseTrigger
01-08 01:32:06.223 I/wm_pause_activity( 1526): [0,131824052,com.android.systemui/.screenrecord.ScreenRecordDialog,userLeaving=false,finish]
01-08 01:32:06.226 I/wm_on_top_resumed_lost_called( 1984): [131824052,com.android.systemui.screenrecord.ScreenRecordDialog,topStateChangedWhenResumed]
01-08 01:32:06.226 I/input_focus( 1526): [Focus request 1bc00b2 com.android.launcher3/com.android.launcher3.uioverrides.QuickstepLauncher,reason=UpdateInputWindows]
01-08 01:32:06.226 I/wm_on_paused_called( 1984): [131824052,com.android.systemui.screenrecord.ScreenRecordDialog,performPause]
01-08 01:32:06.227 I/ActivityTaskManager( 1526): FOREGROUND_APPLICATION_CHANGED to com.android.launcher3.uioverrides.QuickstepLauncher
01-08 01:32:06.227 I/hwservicemanager( 499): getTransport: Cannot find entry android.hardware.graphics.mapper@4.0::IMapper/default in either framework or device VINTF manifest.
01-08 01:32:06.227 I/Gralloc4( 2387): mapper 4.x is not supported
01-08 01:32:06.228 I/wm_set_resumed_activity( 1526): [0,com.android.launcher3/.uioverrides.QuickstepLauncher,resumeTopActivityInnerLocked]
01-08 01:32:06.229 I/wm_resume_activity( 1526): [0,162781513,8,com.android.launcher3/.uioverrides.QuickstepLauncher]
01-08 01:32:06.229 I/AdrenoGLES-0( 1526): QUALCOMM build : 47421dbee6, I139f36ad46
01-08 01:32:06.229 I/AdrenoGLES-0( 1526): Build Date : 02/18/22
01-08 01:32:06.229 I/AdrenoGLES-0( 1526): OpenGL ES Shader Compiler Version: EV031.32.02.17
01-08 01:32:06.229 I/AdrenoGLES-0( 1526): Local Branch :
01-08 01:32:06.229 I/AdrenoGLES-0( 1526): Remote Branch :
01-08 01:32:06.229 I/AdrenoGLES-0( 1526): Remote Branch :
01-08 01:32:06.229 I/AdrenoGLES-0( 1526): Reconstruct Branch :
01-08 01:32:06.229 I/AdrenoGLES-0( 1526): Build Config : S P 10.0.7 AArch64
01-08 01:32:06.229 I/AdrenoGLES-0( 1526): Driver Path : /vendor/lib64/egl/libGLESv2_adreno.so
01-08 01:32:06.229 I/hwservicemanager( 499): getTransport: Cannot find entry android.hardware.graphics.mapper@4.0::IMapper/default in either framework or device VINTF manifest.
01-08 01:32:06.230 I/wm_on_resume_called( 2543): [162781513,com.android.launcher3.uioverrides.QuickstepLauncher,RESUME_ACTIVITY]
01-08 01:32:06.230 I/wm_on_top_resumed_gained_called( 2543): [162781513,com.android.launcher3.uioverrides.QuickstepLauncher,topWhenResuming]
01-08 01:32:06.231 I/AdrenoGLES-0( 1526): PFP: 0x016dd093, ME: 0x00000000
01-08 01:32:06.233 I/sysui_multi_action( 1526): [757,803,799,window_time_0,802,2]
01-08 01:32:06.235 D/libEGL ( 1526): MSAA-->msaa:2 gamemode:0 4x_msaa:0
01-08 01:32:06.236 D/libEGL ( 1526): MSAA-->msaa:2 gamemode:0 4x_msaa:0
01-08 01:32:06.236 D/libEGL ( 1526): MSAA-->msaa:2 gamemode:0 4x_msaa:0
01-08 01:32:06.241 I/input_focus( 1526): [Focus leaving 7aeb0aa com.android.systemui/com.android.systemui.screenrecord.ScreenRecordDialog (server),reason=NO_WINDOW]
01-08 01:32:06.241 I/input_focus( 1526): [Focus entering 1bc00b2 com.android.launcher3/com.android.launcher3.uioverrides.QuickstepLauncher (server),reason=setFocusedWindow]
01-08 01:32:06.245 I/wm_destroy_activity( 1526): [0,131824052,9,com.android.systemui/.screenrecord.ScreenRecordDialog,finish-idle]
01-08 01:32:06.247 I/wm_on_stop_called( 1984): [131824052,com.android.systemui.screenrecord.ScreenRecordDialog,LIFECYCLER_STOP_ACTIVITY]
01-08 01:32:06.247 I/wm_on_destroy_called( 1984): [131824052,com.android.systemui.screenrecord.ScreenRecordDialog,performDestroy]
01-08 01:32:06.249 W/InputManager-JNI( 1526): Input channel object '7aeb0aa com.android.systemui/com.android.systemui.screenrecord.ScreenRecordDialog (client)' was disposed without first being removed with the input manager!
01-08 01:32:06.273 I/BpBinder( 906): onLastStrongRef automatically unlinking death recipients:
01-08 01:32:06.322 W/System ( 1526): A resource failed to call release.
01-08 01:32:06.322 W/System ( 1526): A resource failed to call close.
01-08 01:32:06.322 W/System ( 1526): A resource failed to call close.
01-08 01:32:06.330 I/GameMode_ActivityMonitoringService( 2387): onTaskStackChanged
01-08 01:32:06.331 I/GameMode_ActivityMonitoringService( 2387): Updating top task to: TaskInfoContainer [topActivity=ComponentInfo{com.android.launcher3/com.android.launcher3.uioverrides.QuickstepLauncher}, taskId=8, stackId=1, userId=0, displayId=0, position=6
01-08 01:32:06.331 I/GameMode_ActivityMonitoringService( 2387): Notifying about top task: TaskInfoContainer [topActivity=ComponentInfo{com.android.launcher3/com.android.launcher3.uioverrides.QuickstepLauncher}, taskId=8, stackId=1, userId=0, displayId=0, position=6
01-08 01:32:06.332 I/GameMode_ActivityMonitoringService( 2387): WindowMode: 1
01-08 01:32:06.332 E/GameMode_ActivityMonitoringService( 2387): onActivityLaunch:com.android.launcher3
01-08 01:32:06.332 V/GameMode_GameTypeUtils( 2387): judge isGame:com.android.launcher3
01-08 01:32:06.332 V/GameMode_GpuUtils( 2387): fps:60
01-08 01:32:06.333 D/GameMode_GameModeActionUtils( 2387): Show GameMode entry by service!
01-08 01:32:06.333 W/ContextImpl( 2387): Calling a method in the system process without a qualified user: android.app.ContextImpl.startService:1816 android.content.ContextWrapper.startService:774 com.thundercomm.gamemode.ingame.services.GameModeActionUtils.startGameModeService:111 com.thundercomm.gamemode.ingame.services.GameModeActionUtils.startGameModeEntry:22 com.thundercomm.gamemode.ingame.services.ActivityMonitoringService$1.onActivityLaunch:129
01-08 01:32:06.333 D/GameModeIF_GameModeSettings( 2387): getUriFor setting_content_uri_root = content://com.thundercomm.gamemode.api/gamemode_settings , name = gamemode_isgaming
01-08 01:32:06.334 D/GameMode_GameModeService( 2387): type=hide_entry
01-08 01:32:06.334 I/GameModeConfig( 1526): Current uri is uri = content://com.thundercomm.gamemode.api/gamemode_settings/gamemode_isgaming
01-08 01:32:06.334 D/GameModeIF_GameModeSettings( 1526): getUriFor setting_content_uri_root = content://com.thundercomm.gamemode.api/gamemode_settings , name = gamemode_isgaming
01-08 01:32:06.334 D/GameMode_GameSettingsObserver( 2387): Game Data change!!!! uri = content://com.thundercomm.gamemode.api/gamemode_settings/gamemode_isgaming
01-08 01:32:06.335 D/GameModeIF_GameModeSettings( 2387): getUriFor setting_content_uri_root = content://com.thundercomm.gamemode.api/gamemode_settings , name = gamemode_isgaming
01-08 01:32:06.335 D/GameModeIF_GameModeSettings( 2387): gamemode_isgaming set to 0
01-08 01:32:06.335 I/GameModeConfig( 1526): isGameModeOn = true
01-08 01:32:06.335 I/GameModeConfig( 1526): isGaming = false
01-08 01:32:06.335 I/GameModeConfig( 1526): isGameModeOn = true
01-08 01:32:06.335 I/GameModeConfig( 1526): isGaming = false
01-08 01:32:06.335 I/GameModeConfig( 1526): isDisableVoice = true
01-08 01:32:06.336 D/GameMode_GameModeService( 2387): updateGlobalSettings = gamemode_isgaming
01-08 01:32:06.506 I/wm_task_removed( 1526): [9,removeChild:removeChild last r=ActivityRecord{7db79b4 u0 com.android.systemui/.screenrecord.ScreenRecordDialog t-1 f}} in t=Task{29f2d76 #9 type=standard A=10081:com.android.systemui U=0 visible=false mode=fullscreen translucent=true sz=0}]
01-08 01:32:06.506 I/wm_task_removed( 1526): [9,removeChild]
01-08 01:32:06.507 W/ActivityTaskManager( 1526): Can't find TaskDisplayArea to determine support for multi window. Task id=9 attached=false
01-08 01:32:06.507 W/ActivityTaskManager( 1526): Can't find TaskDisplayArea to determine support for multi window. Task id=9 attached=false
01-08 01:32:06.664 I/hpplay-java( 2713): [main]:ServerTaskManager:restart by error
01-08 01:32:06.664 I/hpplay-java( 2713): [main]:ServerTaskManager:startServer
01-08 01:32:06.664 I/hpplay-java( 2713): [main]:ServerTaskManager:startServer add, reason: server is starting or running
01-08 01:32:06.664 I/hpplay-java( 2713): [main]:ServerTaskManager:addStopTask
01-08 01:32:06.664 I/hpplay-java( 2713): [main]:ServerTaskManager:addStartTask
01-08 01:32:06.664 I/hpplay-java( 2713): [main]:ServerTaskManager:exeTask stopServer
01-08 01:32:06.664 I/hpplay-java( 2713): [main]:Bridge:stopServer keepPush: false
01-08 01:32:06.664 D/hpplay-base( 2713): [jniBridge:909] Bridge__1stopServer status:2
01-08 01:32:06.665 D/hpplay-base( 2713): [LelinkBase:654] stopAllServer will start thread!
01-08 01:32:06.665 D/hpplay-base( 2713): [AEventUtils:588] handle AEvent thread end!!,tid is 5026
01-08 01:32:06.665 I/hpplay-base( 2713): [mDNSEmbeded:65] embedded_mDNSExit call
01-08 01:32:06.665 D/hpplay-base( 2713): [REventUtils:197] handleREventThread thread end!!,tid is 5028
01-08 01:32:06.689 D/hpplay-base( 2713): [stream_mirror_compat:1284] mirror stream begin to exit,server fd:72,thread_id:3140989376!!
01-08 01:32:06.689 D/hpplay-base( 2713): [stream_mirror_compat:1323] ##screen stream exit successfully!!##
01-08 01:32:06.701 D/hpplay-base( 2713): [Server:447] startHttpServer will END srv->serverType:0
01-08 01:32:06.701 D/hpplay-base( 2713): [Server:646] startHttpServer cond srv_shutdown:1 connectNummber:0
01-08 01:32:06.701 D/hpplay-base( 2713): [Server:669] startHttpServer wait cond END. srv_shutdown:1 connectNummber:0
01-08 01:32:06.701 D/hpplay-base( 2713): [Server:457] HttpServer END, tid is 5003
01-08 01:32:06.756 I/mpu_uart( 640): [MSG-P:RECV]:No message received in 1000 ms
01-08 01:32:06.963 I/auditd ( 0): type=1400 audit(0.0:391): avc: denied { kill } for comm="swapper/3" capability=5 scontext=u:r:kernel:s0 tcontext=u:r:kernel:s0 tclass=capability permissive=0
01-08 01:32:06.963 W/swapper/3( 0): type=1400 audit(0.0:391): avc: denied { kill } for capability=5 scontext=u:r:kernel:s0 tcontext=u:r:kernel:s0 tclass=capability permissive=0
01-08 01:32:07.474 I/hpplay-base( 2713): [mDNSEmbeded:140] embedded_mDNSLoop Exiting end,tid is 5023
01-08 01:32:07.475 D/hpplay-base( 2713): [mDNSEmbeded:452] stopmDNSServer end stopmDNSNow=2, nRet=0
01-08 01:32:07.693 I/hpplay-base( 2713): [mDNSEmbeded:376] end lelink publish server, tid is 5024
01-08 01:32:07.694 D/hpplay-base( 2713): [mDNSEmbeded:420] stopmLelinkServer end nRet=0
01-08 01:32:07.694 D/hpplay-base( 2713): [LelinkBase:615] lebodlna stopServerThreadFunc dlnaEnable:1
01-08 01:32:07.694 D/hpplay-base-dlna( 2713): [lebodlna_api:49] stop DMR
01-08 01:32:07.694 D/hpplay-base-dlna( 2713): [lebodlna_api:344] m_pRender Release
01-08 01:32:07.754 D/hpplay-base-dlna( 2713): [UpnpDefine:867] DMRender release success
01-08 01:32:07.754 D/hpplay-base-dlna( 2713): [lebodlna_api:352] m_pAVT Release
01-08 01:32:07.754 D/hpplay-base-dlna( 2713): [lebodlna_api:360] m_pRCS Release
01-08 01:32:07.754 D/hpplay-base-dlna( 2713): [lebodlna_api:365] dmrender destroydmr
01-08 01:32:07.756 I/mpu_uart( 640): [MSG-P:RECV]:No message received in 1000 ms
01-08 01:32:07.783 I/mpu_uart( 640): [MSG-P:R]:recv sync frame timeout
