01-08 01:33:22.881 I/GameModeConfig( 1526): isGaming = false
01-08 01:33:22.881 I/GameModeConfig( 1526): isDisableVoice = true
01-08 01:33:22.882 D/GameMode_GameModeService( 2387): updateGlobalSettings = gamemode_isgaming
01-08 01:33:22.938 D/hpplay-base( 2713): [stream_mirror_compat:1489] request to stop screen stream session!!
01-08 01:33:22.938 D/hpplay-base( 2713): [AEventUtils:625] begin to stop event handle service!!
01-08 01:33:22.938 D/hpplay-base( 2713): [AEventUtils:628] stop event handle service ok!!
01-08 01:33:22.938 D/hpplay-base( 2713): [REventUtils:231] begin to stop report handle service!!
01-08 01:33:22.938 D/hpplay-base( 2713): [REventUtils:234] stop report handle service ok!!
01-08 01:33:22.938 D/hpplay-base( 2713): [lelinkSinkServer:711] HTTP Server stopSinkServer End .
01-08 01:33:22.938 D/hpplay-base( 2713): [jniBridge:1135] notifyJavaServerStoped
01-08 01:33:22.938 D/hpplay-base( 2713): [jniBridge:1726] notifyJava, what:202, castType:0, mimeType:0 baseStatus:4
01-08 01:33:22.938 D/hpplay-base( 2713): [jniBridge:1727] notifyJava sessionID:(null)
01-08 01:33:22.938 I/hpplay-java( 2713): [Thread-101]:Bridge:notify: what: 202
01-08 01:33:22.938 I/hpplay-java( 2713): [Thread-101]:Bridge:notify: out: OutParameters:{audioSessionId=-1, audiotrackIndex=0, castHandleType=-1, castType=0, deviceName='', dlnaName='', dramaID='', extra=0, frameHandleType=-1, handleInside=true, headduration=0, header='', headers=null, isAD=false, isMultiMirror=false, lelinkVer='', limitTime=0, , mediaAlbum='null', mediaAlbumArtURI='', mediaArtist='null', mediaAssets='', mediaTitle='null', mimeType=0, multiSession=null, period=0, pinCode='', playSpeed=0.0, playerChoice=0, plugin=0, port=0, position=0.0, positionUnit=2, protocol=0, realSessionID='', regType='', , sinkIp='', sourceAPPVersion='', sourceChannel='', sourceClientInfo='', sourceDeviceInfo='', sourceDeviceModel='', sourceDeviceName='', sourceDeviceType=0, sourceHID='', , sourceInfo='', , , sourceOSVersion='', sourceSDKVersion='', sourceUid='', stopDetail=0, stopReason=0, tailduration=0, url='', urlID='', urls=null, userAgent='', videoDecoder=0, volume=0, what=202}com.hpplay.sdk.sink.protocol.OutParameters@9d6e9bb
01-08 01:33:22.938 I/hpplay-java( 2713): [Thread-101]:Bridge:notify: address:224046808
01-08 01:33:22.938 D/hpplay-base( 2713): [LelinkBase:645] stopServerThreadFunc notifyJavaServerStoped!
01-08 01:33:22.938 I/hpplay-java( 2713): [main]:ServerTaskManager:startTimeOutCheck
01-08 01:33:22.938 I/hpplay-java( 2713): [main]:ServerBusiness:stopDaemonBusiness
01-08 01:33:22.938 I/hpplay-java( 2713): [main]:SinkDataReport:logout
01-08 01:33:22.939 I/hpplay-java( 2713): [main]:EPControl:release
01-08 01:33:22.939 I/hpplay-java( 2713): [AsyncTask #20]:GlideCreator:clearCache clearDiskCache
01-08 01:33:22.939 I/hpplay-java( 2713): [main]:Dispatcher:notifyAllReverseControlsStop
01-08 01:33:22.939 I/hpplay-java( 2713): [main]:Preference:checkFeature none
01-08 01:33:22.939 I/hpplay-java( 2713): [main]:Dispatcher:notifyAllUIControlsStop set: []
01-08 01:33:22.939 I/hpplay-java( 2713): [main]:Bridge:findServiceID start out: 224046808
01-08 01:33:22.939 I/hpplay-java( 2713): [main]:Bridge:findServiceID end
01-08 01:33:22.939 I/hpplay-java( 2713): [main]:ServerTaskManager:onStop retry:true
01-08 01:33:22.940 I/hpplay-java( 2713): [main]:ServerTaskManager:cancelTimeOutCheck
01-08 01:33:22.940 W/hpplay-java( 2713): NanoHTTPDServerRunnable:Communication with the client broken
01-08 01:33:22.940 W/hpplay-java( 2713): java.net.SocketException: Socket closed
01-08 01:33:22.940 W/hpplay-java( 2713): at java.net.PlainSocketImpl.socketAccept(PlainSocketImpl.java:213)
01-08 01:33:22.940 W/hpplay-java( 2713): at java.net.AbstractPlainSocketImpl.accept(AbstractPlainSocketImpl.java:451)
01-08 01:33:22.940 W/hpplay-java( 2713): at java.net.ServerSocket.implAccept(ServerSocket.java:547)
01-08 01:33:22.940 W/hpplay-java( 2713): at java.net.ServerSocket.accept(ServerSocket.java:515)
01-08 01:33:22.940 W/hpplay-java( 2713): at com.hpplay.nanohttpd.protocols.http.ServerRunnable.run(SourceFile:118)
01-08 01:33:22.940 W/hpplay-java( 2713): at java.lang.Thread.run(Thread.java:920)
01-08 01:33:22.940 I/hpplay-java( 2713): NanoHTTPDNanoHTTPD:server is stoped
01-08 01:33:22.940 I/hpplay-java( 2713): NanoHTTPDNanoHTTPD:clear obj
01-08 01:33:22.940 I/hpplay-java( 2713): [main]:IPManager:getActiveNets type: WIFI
01-08 01:33:22.940 I/hpplay-java( 2713): [main]:IPManager:getActiveNets eth0:false wifi:true mobile:false ap:false
01-08 01:33:22.940 I/hpplay-java( 2713): [main]:IPManager:getIPAddress IP_WLAN0
01-08 01:33:22.941 I/hpplay-java( 2713): [main]:IPManager:updateIPAddress getIPAddress: 192.168.4.16 name:vlan4
01-08 01:33:22.941 I/hpplay-java( 2713): [main]:IPManager:updateIPAddress getIPAddress: 192.168.124.22 name:wlan0
01-08 01:33:22.941 I/hpplay-java( 2713): [main]:IPManager:updateIPAddress getIPAddress: 192.168.8.16 name:vlan8
01-08 01:33:22.941 I/hpplay-java( 2713): [main]:IPManager:updateIPAddress getIPAddress: 192.168.11.16 name:vlan11
01-08 01:33:22.941 I/hpplay-java( 2713): [main]:IPManager:updateIPAddress getIPAddress: 192.168.0.16 name:vlan0
01-08 01:33:22.941 I/hpplay-java( 2713): [main]:IPManager:updateIPAddress getIPAddress: 192.168.2.16 name:vlan2
01-08 01:33:22.941 I/hpplay-java( 2713): [main]:IPManager:updateIPAddress getIPAddress: 192.168.1.16 name:vlan1
01-08 01:33:22.941 I/hpplay-java( 2713): [main]:ServerTaskManager:exeTask startServer
01-08 01:33:22.941 I/hpplay-java( 2713): [main]:ServerTaskManager:startTimeOutCheck
01-08 01:33:22.941 I/hpplay-java( 2713): [AsyncTask #24]:ServerBusiness:startDaemonBusiness
01-08 01:33:22.941 I/hpplay-java( 2713): [AsyncTask #26]:Bridge:assembleInParameters
01-08 01:33:22.941 I/hpplay-java( 2713): [AsyncTask #24]:TimeOutCheckUtil:addTask id:upgrade
01-08 01:33:22.941 I/hpplay-java( 2713): [AsyncTask #24]:TimeOutCheckUtil:addTask id:ijkupgrade
01-08 01:33:22.941 I/hpplay-java( 2713): [AsyncTask #26]:Bridge:createDeviceId deviceId:YTQ6MWE6NWI6N2U6YTg6MDY=
01-08 01:33:22.942 I/hpplay-java( 2713): [AsyncTask #26]:IPManager:getActiveNets type: WIFI
01-08 01:33:22.942 I/hpplay-java( 2713): [AsyncTask #26]:IPManager:getActiveNets eth0:false wifi:true mobile:false ap:false
01-08 01:33:22.942 I/hpplay-java( 2713): NanoHTTPDNanoHTTPD:server is started
01-08 01:33:22.942 I/hpplay-java( 2713): [AsyncTask #26]:IPManager:getIPAddress IP_WLAN0
01-08 01:33:22.942 I/hpplay-java( 2713): [AsyncTask #26]:Preference:checkFeature none
01-08 01:33:22.942 I/hpplay-java( 2713): [AsyncTask #26]:SWI:dlna tip
01-08 01:33:22.942 I/hpplay-java( 2713): [AsyncTask #26]:SWI:lefp tip
01-08 01:33:22.942 I/hpplay-java( 2713): [AsyncTask #26]:Bridge:assembleInParameters none alias name use device name: 高合娱乐副屏
01-08 01:33:22.942 I/hpplay-java( 2713): [AsyncTask #26]:Feature:isSendAdvertisement
01-08 01:33:22.942 I/hpplay-java( 2713): [AsyncTask #26]:Preference:checkFeature none
01-08 01:33:22.942 I/hpplay-java( 2713): [AsyncTask #26]:Preference:checkFeature none
01-08 01:33:22.942 I/hpplay-java( 2713): [AsyncTask #26]:Bridge:backupHpplayDat bakPath:
01-08 01:33:22.942 I/hpplay-java( 2713): [AsyncTask #26]:Bridge:path:/data/user/0/com.hht.lebocast/files/hpplay/file/happyplay.dat
01-08 01:33:22.942 I/hpplay-java( 2713): [AsyncTask #26]:Bridge:mAppId:21409
01-08 01:33:22.942 I/hpplay-java( 2713): [AsyncTask #26]:Bridge:mode:3
01-08 01:33:22.942 I/hpplay-java( 2713): [AsyncTask #26]:Bridge:type:1
01-08 01:33:22.942 I/hpplay-java( 2713): [AsyncTask #26]:Bridge:SN:
01-08 01:33:22.942 I/hpplay-java( 2713): [AsyncTask #26]:Preference:checkFeature none
01-08 01:33:22.942 I/hpplay-java( 2713): [AsyncTask #26]:Bridge:backPath:
01-08 01:33:22.942 I/hpplay-java( 2713): [AsyncTask #26]:DeviceUtil:getPermissionDid: 1
01-08 01:33:22.942 I/hpplay-java( 2713): [AsyncTask #26]:DeviceUtil:getPermissionDid: 1
01-08 01:33:22.943 I/hpplay-java( 2713): [AsyncTask #26]:BPIFileUtil:getMd5ByFile: 0FA04FD08975C81CDD9275F6AE23A020
01-08 01:33:22.943 I/hpplay-java( 2713): [AsyncTask #26]:Preference:checkFeature none
01-08 01:33:22.943 I/hpplay-java( 2713): [AsyncTask #26]:Preference:checkFeature none
01-08 01:33:22.943 I/hpplay-java( 2713): [AsyncTask #26]:Preference:checkFeature none
01-08 01:33:22.943 I/hpplay-java( 2713): [AsyncTask #26]:Preference:checkFeature none
01-08 01:33:22.943 I/hpplay-java( 2713): [AsyncTask #26]:Preference:checkFeature none
01-08 01:33:22.946 W/hpplay-java( 2713): [AsyncTask #26]:DeviceUtils:getDomain create lb domain
01-08 01:33:22.947 I/hpplay-java( 2713): [AsyncTask #26]:Feature:getMirrorAudioVideoSync DISABLE
01-08 01:33:22.947 I/hpplay-java( 2713): [AsyncTask #26]:Feature:checkSupportRedirectOtherApp,no set redirect api
01-08 01:33:22.947 I/hpplay-java( 2713): [AsyncTask #26]:Feature:getRedirectSearchFlag,value: 0
01-08 01:33:22.947 I/hpplay-java( 2713): [AsyncTask #26]:Bridge:mIn: InParameters{appInfo='0', appKey='21409', authMode=0, authPwd='null', broadcastDirection=0, broadcastState=1, broadcastTimeout=3, buildType='release', cacheAVPath='/data/user/0/com.hht.lebocast/cache/hpplay/av', cachePhotoPath='/data/user/0/com.hht.lebocast/cache/hpplay/image', channel='LEBO-APK--60146-25915', desPath='/data/user/0/com.hht.lebocast/files/hpplay/file/config/dcf', , deviceName='高合娱乐副屏', dlna=1, dlnaCompany='Microsoft Corporation', dlnaCompanyURL='http://www.microsoft.com', dlnaDeviceDescribe='Media Renderer', dlnaDeviceName='Windows Media Player', dlnaDeviceURL='http://go.microsoft.com/fwlink/Linkld=105927', dlnaLelinkSwitch=1, dlnaManufacturer=0, dlnaName='高合娱乐副屏', dlnaUPC='null', dlnaUUID='774c117d-0217-0fc4-1a60-e56e55fcc56d', domain='Lebo-figure-42ab7764ca4f', drainage=0, feature='6655', fps=60, height=1080, host='null', , keyPath='/data/user/0/com.hht.lebocast/files/hpplay/file', lelinkfp=1, lelinkfp2=0, logBaseState=1, logPath='/storage/emulated/0/com.hht.lebocast/sink/sdk/common', , mdnsEnable=1, mirrorSyncType=0, netCastVer='2.0', packageName='com.hht.lebocast', packagePath='/data/user/0/com.hht.lebocast', permissionDid='42:ab:77:64:ca:4f', permissionMode=3, permissionPreSN='', port=0, preemptMode=0, regType='_leboremote._tcp.', serverPorts=null, sockWaitTimeOut=45, teleControlPort=53388, tunnels=3, txtKeys=null, txtValues=null, uid='2755248317583304728', videoFrameType=1001, width=1920}com.hpplay.sdk.sink.protocol.InParameters@32f9367
01-08 01:33:22.947 I/hpplay-java( 2713): [main]:Bridge:startServer state: 0
01-08 01:33:22.947 D/hpplay-base( 2713): [jniBridge:185] not conference version
01-08 01:33:22.947 I/hpplay-base( 2713): [jniBridge:241] 1initServer nSettingWidth=1920 nSettingHeight=1080 nSettingMaxFPS=60 dlnaEnable=1 lelinkFpEnable=1
01-08 01:33:22.947 D/hpplay-base( 2713): [jniBridge:283] 1initServer cfg.leLinkIp=192.168.124.22
01-08 01:33:22.947 D/hpplay-base( 2713): [jniBridge:286] 1initServer cfg.mPermissionMode=3
01-08 01:33:22.947 D/hpplay-base( 2713): [jniBridge:304] 1initServer cfg.permissionDid=42:ab:77:64:ca:4f000000000000000
01-08 01:33:22.947 D/hpplay-base( 2713): [jniBridge:313] 1initServer cfg.mPermissionPreSN=00000000000000000000000000000000
01-08 01:33:22.947 D/hpplay-base( 2713): [jniBridge:317] Bridge___1initServer status:0
01-08 01:33:22.947 I/hpplay-base( 2713): [jniBridge:325] 1initServer cfg.feature=6655
01-08 01:33:22.947 D/hpplay-base( 2713): [jniBridge:377] 1initServer isSendBroadCast=3
01-08 01:33:22.947 D/hpplay-base( 2713): [jniBridge:380] 1initServer broadcastDirection=0
01-08 01:33:22.947 D/hpplay-base( 2713): [jniBridge:382] 1initServer ipBroadcast direction=0
01-08 01:33:22.947 D/hpplay-base( 2713): [jniBridge:387] 1initServer tunnel=3
01-08 01:33:22.947 D/hpplay-base( 2713): [jniBridge:390] 1initServer drainage=0
01-08 01:33:22.947 D/hpplay-base( 2713): [jniBridge:401] 1initServer mDNSEnable=1
01-08 01:33:22.947 D/hpplay-base( 2713): [jniBridge:406] 1initServer nSockWaitTimeOut=45
01-08 01:33:22.947 D/hpplay-base( 2713): [jniBridge:410] 1initServer nMirrorAudioVideoSync=0
01-08 01:33:22.947 I/hpplay-base( 2713): [sign_check:168] checkSign strPackageName:com.hht.lebocast
01-08 01:33:22.947 I/hpplay-base( 2713): [sign_check:169] checkSign buildType:release
01-08 01:33:22.947 I/hpplay-base( 2713): [sign_check:170] checkSign appKey:21409
01-08 01:33:22.947 D/hpplay-base( 2713): [LelinkBase:405] bridgeInit port: 0, lelinkfp: 0
01-08 01:33:22.947 D/hpplay-base( 2713): [LelinkBase:462] bridgeInit mPackagePath =/data/user/0/com.hht.lebocast
01-08 01:33:22.947 D/hpplay-base( 2713): [LelinkBase:463] bridgeInit mKeyPath =/data/user/0/com.hht.lebocast/files/hpplay/file
01-08 01:33:22.947 D/hpplay-base( 2713): [SinkContext:97] initSinkContext mPackagePath =/data/user/0/com.hht.lebocast
01-08 01:33:22.947 D/hpplay-base( 2713): [SinkContext:98] initSinkContext mKeyPath =/data/user/0/com.hht.lebocast/files/hpplay/file
01-08 01:33:22.947 D/hpplay-base( 2713): [jniBridge:478] Java_com_hpplay_sdk_sink_protocol_Bridge__1initServer end
01-08 01:33:22.947 D/hpplay-base( 2713): [jniBridge:869] Bridge__1startServer status:1
01-08 01:33:22.947 D/hpplay-base( 2713): [LelinkBase:492] startAllServer at base
01-08 01:33:22.948 D/hpplay-base( 2713): [lelinkSinkServer:152] httpPlugins_SetServerPort TYPE_SERVER_LELINK:52266
01-08 01:33:22.948 D/hpplay-base( 2713): [network.c:362] protocol bind host :192.168.124.22 port:52266 curent bind port:52266
01-08 01:33:22.948 D/hpplay-base( 2713): [lelinkSinkServer:681] HTTP Server real at:52266
01-08 01:33:22.948 D/hpplay-base( 2713): [lelinkSinkServer:644] Connected Service Type:0
01-08 01:33:22.948 I/hpplay-base( 2713): : (server.c.315) startServer listen_ing....:
01-08 01:33:22.948 D/hpplay-base( 2713): [ScreenStream:1285] current bind port:7100
01-08 01:33:22.948 D/hpplay-base( 2713): [Server:371] startHttpServer srv_sockets.used:1 nCurrentFd:98, tid is 6136
01-08 01:33:22.948 D/hpplay-base( 2713): [LelinkBase:515] startAllServer pBaseContext->config.dlnaEnable:1
01-08 01:33:22.948 D/hpplay-base( 2713): [lelinkDlna:324] addDMRCallback end
01-08 01:33:22.948 D/hpplay-base( 2713): [stream_mirror_compat:759] compat mirror stream begin to run,server fd:105,thread_id:3114475968!!
01-08 01:33:22.948 E/hpplay-base-dlna( 2713): miniserver.c:788::dlna_port(ipv4: 49152 ipv6:0)
01-08 01:33:22.949 D/hpplay-base-dlna( 2713): [lebodlna-dlnaframe:166] succeed to load lebodlnaplugin
01-08 01:33:22.949 D/hpplay-base-dlna( 2713): [lebodlna-dlnaframe:232] Succeed to load specified plugin:lebodlna_plugin
01-08 01:33:22.949 D/hpplay-base( 2713): [lelinkDlna:328] startDLNAServer ret=0
01-08 01:33:22.949 D/hpplay-base( 2713): [LelinkBase:531] startDLNAServer ret= 0
01-08 01:33:22.949 D/hpplay-base( 2713): [lelinkDlna:342] setDMRFriendlyName 高合娱乐副屏
01-08 01:33:22.949 D/hpplay-base-dlna( 2713): [lebodlna-dlna_android:136] setBroadcastTimeout mBroadcastTimeOut=66 status=3!
01-08 01:33:22.949 D/hpplay-base-dlna( 2713): [lebodlna_api:32] start DMR
01-08 01:33:22.949 D/hpplay-base-dlna( 2713): [UpnpDefine:434] RegisterDMRender invalid lelink info
01-08 01:33:22.949 D/hpplay-base-dlna( 2713): [UpnpDefine:551] DLNA DESCRIPTION FROME SERVER
01-08 01:33:22.949 E/hpplay-base-dlna( 2713): upnpapi.c:1078::Exiting RegisterRootDevice2 *Hnd =1, return value == 0
01-08 01:33:22.949 D/hpplay-base-dlna( 2713): [CUpnpDevice:41] Register Root Device 2:0
01-08 01:33:22.949 D/hpplay-base-dlna( 2713): [UpnpDefine:794] ESDMRender:Register success
01-08 01:33:22.949 D/hpplay-base-dlna( 2713): [lebodlna_api:41] sendBroadcast mBroadcastTimeOut=3
01-08 01:33:22.949 D/hpplay-base-dlna( 2713): [lebodlna_api:44] sendBroadcast timeout=66
01-08 01:33:22.952 W/hpplay-java( 2713): [AsyncTask #24]:ServerBusiness:startDaemonBusiness start LelinkHTTPD sucess 52288
01-08 01:33:22.963 I/auditd ( 0): type=1400 audit(0.0:677): avc: denied { kill } for comm="swapper/3" capability=5 scontext=u:r:kernel:s0 tcontext=u:r:kernel:s0 tclass=capability permissive=0
01-08 01:33:22.963 W/swapper/3( 0): type=1400 audit(0.0:677): avc: denied { kill } for capability=5 scontext=u:r:kernel:s0 tcontext=u:r:kernel:s0 tclass=capability permissive=0
01-08 01:33:22.967 D/hpplay-base( 2713): [lelinkDlna:361] startDLNADevice dlnaManufacturer:0 ret=0
01-08 01:33:22.967 D/hpplay-base( 2713): [LelinkBase:535] lelinkSetDlnaInfo ret= 0
01-08 01:33:22.967 D/hpplay-base( 2713): [LelinkBase:547] startAllServer pBaseContext->config.mDNSEnable:1
01-08 01:33:22.967 D/hpplay-base( 2713): [base_mdns:509] mdns net.hostname:
01-08 01:33:22.967 D/hpplay-base( 2713): [base_mdns:529] mdns namelabel:-36-7C-7C-00-00-0F
01-08 01:33:22.967 D/hpplay-base( 2713): [base_mdns:509] mdns net.hostname:
01-08 01:33:22.967 D/hpplay-base( 2713): [base_mdns:529] mdns namelabel:-36-7C-7C-00-00-0F
01-08 01:33:22.967 D/hpplay-base( 2713): [mdns:813] mdns start bind port:0
01-08 01:33:22.967 D/hpplay-base( 2713): [mdns:813] mdns start bind port:5353
01-08 01:33:22.967 D/hpplay-base( 2713): [mdns:813] mdns start bind port:5353
01-08 01:33:22.967 D/hpplay-base( 2713): [mdns:813] mdns start bind port:5353
01-08 01:33:22.967 D/hpplay-base( 2713): [mdns:813] mdns start bind port:5353
01-08 01:33:22.967 D/hpplay-base( 2713): [mdns:813] mdns start bind port:5353
01-08 01:33:22.967 D/hpplay-base( 2713): [mdns:813] mdns start bind port:5353
01-08 01:33:22.967 D/hpplay-base( 2713): [mdns:813] mdns start bind port:5353
01-08 01:33:22.967 I/hpplay-base( 2713): [mDNSEmbeded:57] embedded_mDNSInit stopmDNSNow:0 status:0
01-08 01:33:22.967 D/hpplay-base( 2713): [mDNSEmbeded:436] startmDNSServer end nRet=0
01-08 01:33:22.967 D/hpplay-base( 2713): [LelinkBase:555] lelink broadcast_on_off:1 log2java_on_off:1
01-08 01:33:22.967 D/hpplay-base( 2713): [LelinkMDNS:729] leboAuthorizationCheck strUuid=42:ab:77:64:ca:4f000000000000000
01-08 01:33:22.968 D/hpplay-base( 2713): [LelinkMDNS:730] leboAuthorizationCheck mPermissionDid=42:ab:77:64:ca:4f000000000000000
01-08 01:33:22.968 D/hpplay-base( 2713): [LelinkMDNS:755] leboAuthorizationCheck mPermissionMac=42:ab:77:64:ca:4f000000000000000
01-08 01:33:22.968 D/hpplay-base( 2713): [AEventUtils:595] request to start event handle service!!
01-08 01:33:22.968 I/hpplay-base( 2713): [mDNSEmbeded:268] start lelink publish server, tid is 6150
01-08 01:33:22.968 D/hpplay-base( 2713): [mDNSEmbeded:197] http_port bind check 197 http_port_check
01-08 01:33:22.968 D/hpplay-base( 2713): [AEventUtils:603] start_event_handle_service,begin to run!!
01-08 01:33:22.968 D/hpplay-base( 2713): [REventUtils:210] start_event_handle_service,begin to run!!
01-08 01:33:22.968 D/hpplay-base( 2713): [AEventUtils:171] create handle AEvent thread ok!!,tid is 6152
01-08 01:33:22.968 D/hpplay-base( 2713): [LelinkBase:576] startAllServer success .
01-08 01:33:22.968 D/hpplay-base( 2713): [jniBridge:894] startDlna_link:http://192.168.124.22:49152/description.xml
01-08 01:33:22.968 I/hpplay-java( 2713): [main]:ServerBusiness:get deviceCode:2326366951
01-08 01:33:22.968 D/hpplay-base( 2713): [mDNSEmbeded:217] http_port bind check 217 http_port_check
01-08 01:33:22.968 D/hpplay-base( 2713): [mDNSEmbeded:222] http_port bind check 222 http_port_check
01-08 01:33:22.968 I/hpplay-java( 2713): [main]:Upgrade:upgrade not be allowed
01-08 01:33:22.968 D/hpplay-base( 2713): [jniBridge:1081] notifyJavaDlnalink:http://192.168.124.22:49152/description.xml
01-08 01:33:22.968 D/hpplay-base( 2713): [jniBridge:1726] notifyJava, what:207, castType:0, mimeType:0 baseStatus:2
01-08 01:33:22.968 D/hpplay-base( 2713): [jniBridge:1727] notifyJava sessionID:(null)
01-08 01:33:22.969 I/hpplay-java( 2713): [Thread-103]:Bridge:notify: what: 207
01-08 01:33:22.969 D/hpplay-base( 2713): [mDNSEmbeded:234] http_port bind check 234 http_port_check port:52266
01-08 01:33:22.969 D/hpplay-base( 2713): [mDNSEmbeded:237] http_port bind check 237 http_port_check
01-08 01:33:22.969 I/hpplay-java( 2713): [Thread-103]:Bridge:notify: out: OutParameters:{audioSessionId=-1, audiotrackIndex=0, castHandleType=-1, castType=0, deviceName='http://192.168.124.22:49152/description.xml', dlnaName='', dramaID='', extra=0, frameHandleType=-1, handleInside=true, headduration=0, header='', headers=null, isAD=false, isMultiMirror=false, lelinkVer='', limitTime=0, , mediaAlbum='null', mediaAlbumArtURI='', mediaArtist='null', mediaAssets='', mediaTitle='null', mimeType=0, multiSession=null, period=0, pinCode='', playSpeed=0.0, playerChoice=0, plugin=0, port=0, position=0.0, positionUnit=2, protocol=0, realSessionID='', regType='', , sinkIp='', sourceAPPVersion='', sourceChannel='', sourceClientInfo='', sourceDeviceInfo='', sourceDeviceModel='', sourceDeviceName='', sourceDeviceType=0, sourceHID='', , sourceInfo='', , , sourceOSVersion='', sourceSDKVersion='', sourceUid='', stopDetail=0, stopReason=0, tailduration=0, url='', urlID='', urls=null, userAgent='', videoDecoder=0, volume=0, what=207}com.hpplay.sdk.sink.protocol.OutParameters@a3558ee
01-08 01:33:22.969 I/hpplay-java( 2713): [Thread-103]:Bridge:notify: address:266572175
01-08 01:33:22.969 D/hpplay-base( 2713): [lelinkSinkServer:93] new client connection from 127.0.0.1 22732, fd=179
01-08 01:33:22.969 D/hpplay-base( 2713): [SinkContext:137] addSinkContextSession,begin to run!!
01-08 01:33:22.969 D/hpplay-base( 2713): [SinkContext:142] addSinkContextSession,begin to get lock!!
01-08 01:33:22.969 D/hpplay-base( 2713): [SinkContext:144] addSinkContextSession,get lock ok!!
01-08 01:33:22.969 D/hpplay-base( 2713): [SinkContext:149] addSinkContextSession,session list is null,begin to malloc!!
01-08 01:33:22.969 D/hpplay-base( 2713): [SinkContext:156] addSinkContextSession,begin to update!!
01-08 01:33:22.969 D/hpplay-base( 2713): [REventUtils:59] create handleREventThread thread ok!!,tid is 6153
01-08 01:33:22.969 D/hpplay-base( 2713): [SinkContext:160] addSinkContextSession,begin to update header!!
01-08 01:33:22.969 D/hpplay-base( 2713): [SinkContext:172] addSinkContextSession,begin to unlock!!
01-08 01:33:22.969 D/hpplay-base( 2713): [SinkContext:174] addSinkContextSession,unlock ok!!
01-08 01:33:22.969 D/hpplay-base( 2713): [LelinkReceiver:4908] get ping !!!
01-08 01:33:22.969 D/hpplay-base( 2713): [mDNSEmbeded:240] http_port bind check 240 http_port_check recieved:64
01-08 01:33:22.969 D/hpplay-base( 2713): [mDNSEmbeded:243] http_port bind check 243 http_port_check
01-08 01:33:22.969 D/hpplay-base( 2713): [mDNSEmbeded:244] http_port bind check ok!
01-08 01:33:23.058 I/hpplay-java( 2713): [AsyncTask #7]:HttpRequest:doGet responseCode:200 0
01-08 01:33:23.074 I/wm_task_removed( 1526): [26,removeChild:removeChild last r=ActivityRecord{75e7ef u0 com.android.deskclock/.DeskClock t-1 f}} in t=Task{49b8cce #26 type=standard A=10066:com.android.deskclock U=0 visible=false mode=freeform translucent=true sz=0}]
01-08 01:33:23.074 I/wm_task_removed( 1526): [26,removeChild]
01-08 01:33:23.074 D/FreeFormWindowHelper( 1526): Remove freefrom task=Task{49b8cce #26 type=standard A=10066:com.android.deskclock U=0 visible=false mode=freeform translucent=true sz=0}
01-08 01:33:23.106 D/hpplay-base( 2713): [LelinkMDNS:766] devicePermissionPublic leboPermissionCheck:-2
01-08 01:33:23.106 D/hpplay-base( 2713): [jniBridge:1125] com_hpplay_sdk_sink_protocol_Bridge_WHAT_SERVER_ERROR
01-08 01:33:23.106 D/hpplay-base( 2713): [jniBridge:1726] notifyJava, what:204, castType:0, mimeType:0 baseStatus:2
01-08 01:33:23.106 D/hpplay-base( 2713): [jniBridge:1727] notifyJava sessionID:(null)
01-08 01:33:23.106 I/hpplay-java( 2713): [Thread-104]:Bridge:notify: what: 204
01-08 01:33:23.107 I/hpplay-java( 2713): [Thread-104]:Bridge:notify: out: OutParameters:{audioSessionId=-1, audiotrackIndex=0, castHandleType=-1, castType=0, deviceName='', dlnaName='', dramaID='', extra=-2002, frameHandleType=-1, handleInside=true, headduration=0, header='', headers=null, isAD=false, isMultiMirror=false, lelinkVer='', limitTime=0, , mediaAlbum='null', mediaAlbumArtURI='', mediaArtist='null', mediaAssets='', mediaTitle='null', mimeType=0, multiSession=null, period=0, pinCode='', playSpeed=0.0, playerChoice=0, plugin=0, port=0, position=0.0, positionUnit=2, protocol=0, realSessionID='', regType='', , sinkIp='', sourceAPPVersion='', sourceChannel='', sourceClientInfo='', sourceDeviceInfo='', sourceDeviceModel='', sourceDeviceName='', sourceDeviceType=0, sourceHID='', , sourceInfo='', , , sourceOSVersion='', sourceSDKVersion='', sourceUid='', stopDetail=0, stopReason=0, tailduration=0, url='', urlID='', urls=null, userAgent='', videoDecoder=0, volume=0, what=204}com.hpplay.sdk.sink.protocol.OutParameters@dd8bc1c
01-08 01:33:23.107 I/hpplay-java( 2713): [Thread-104]:Bridge:notify: address:138465317
01-08 01:33:23.107 I/hpplay-java( 2713): [main]:Bridge:findServiceID start out: 138465317
01-08 01:33:23.107 I/hpplay-base( 2713): [mDNSEmbeded:79] embedded_mDNSLoop stopmDNSNow:0 nPublish:-2 nExitFlag:6 tid is 6149
01-08 01:33:23.107 I/hpplay-java( 2713): [main]:Bridge:findServiceID end
01-08 01:33:23.107 E/hpplay-java( 2713): [main]:ServerTaskManager:onError 204/-2002 com.hht.lebocast.LelinkHelper$e@1c2de7f
01-08 01:33:23.107 I/hpplay-java( 2713): [main]:ServerTaskManager:cancelTimeOutCheck
01-08 01:33:23.107 W/hpplay-java( 2713): [main]:ServerTaskManager:onErrorDispatcher errorCode:-2002
01-08 01:33:23.107 I/hpplay-java( 2713): [main]:ServerTaskManager:onError retry later
01-08 01:33:23.170 I/hpplay-base( 2713): [LelinkReceiver:14605] _connectionFinalize (179)
01-08 01:33:23.170 D/hpplay-base( 2713): [LelinkReceiver:14752] ###connectionFinalize,release ok!!###
01-08 01:33:23.275 I/hpplay-java( 2713): [AsyncTask #28]:HttpRequest:doGet responseCode:200 0
01-08 01:33:23.544 I/OMX-VENC: venc_dev( 1222): stats: avg. fps 32.35, bitrate 3181438
01-08 01:33:23.593 I/input_interaction( 1526): Interaction with: 1bc00b2 com.android.launcher3/com.android.launcher3.uioverrides.QuickstepLauncher (server), fe7e613 com.android.systemui.ImageWallpaper (server), edge-swipe (server), swipe-up (server), PointerEventDispatcher0 (server),
01-08 01:33:23.730 D/FreeWindowHelper( 2543): setExitFlag: old=0,new=1
01-08 01:33:23.731 I/thunderperf( 1526): Maybe need boostperf for current app!
01-08 01:33:23.731 D/FgBoostPerfService( 2387): [FgBoostPerfService.perfBoostAcq]start: stat=true pkgName=com.android.calendar
01-08 01:33:23.731 V/GameMode_GameTypeUtils( 2387): judge isGame:com.android.calendar
01-08 01:33:23.732 I/FgBoostPerfService( 2387): [FgBoostPerfService.perfBoostAcq] not game-mode or game app!
01-08 01:33:23.732 I/ThunderPerfManager( 1526): PerfAcq error : state=true pkgName=com.android.calendar
01-08 01:33:23.732 V/GameMode_GameTypeUtils( 2387): judge isGame:com.android.calendar
01-08 01:33:23.732 I/FgBoostPerfService( 2387): [GetGpuMode] isMode=1 isGame=false mGpuMode=1
01-08 01:33:23.733 V/GameMode_GameTypeUtils( 2387): judge isGame:com.android.calendar
01-08 01:33:23.733 I/FgBoostPerfService( 2387): [GetGpuDpiType] isMode=1 isGame=false mGpuDpiType=0
01-08 01:33:23.733 I/thunderperf( 1526): Current app pkgName=com.android.calendar bm:com.thundercomm.perf.BoostPerfManager@3df94a1 gpuMode=-1 gpuType=-1
01-08 01:33:23.733 I/ThunderBoostPerfService( 1526): Resolution: Uid=10078 Pid=2543 gMode=-1 dType=-1
01-08 01:33:23.734 I/thunderperf( 1526): PlatormCompat.setOverrides: Uid1=10078 Pid1=2543 Uid2=10078 Pid2=2543
01-08 01:33:23.734 I/thunderperf( 1526): PlatormCompat.setOverrides: needCheck:false
01-08 01:33:23.734 I/thunderperf( 1526): CompatConfig.addOverrideUnsafe: bef-state=1
01-08 01:33:23.735 I/thunderperf( 1526): CompatConfig.addOverrideUnsafe: aft-state=0
01-08 01:33:23.737 I/thunderperf( 1526): CompatConfig.addOverrideUnsafe: bef-state=1
01-08 01:33:23.737 I/thunderperf( 1526): CompatConfig.addOverrideUnsafe: aft-state=0
01-08 01:33:23.738 I/thunderperf( 1526): CompatConfig.addOverrideUnsafe: bef-state=1
01-08 01:33:23.738 I/thunderperf( 1526): CompatConfig.addOverrideUnsafe: aft-state=0
01-08 01:33:23.740 I/thunderperf( 1526): CompatConfig.addOverrideUnsafe: bef-state=1
01-08 01:33:23.741 I/thunderperf( 1526): CompatConfig.addOverrideUnsafe: aft-state=0
01-08 01:33:23.742 I/thunderperf( 1526): CompatConfig.addOverrideUnsafe: bef-state=1
01-08 01:33:23.742 I/thunderperf( 1526): CompatConfig.addOverrideUnsafe: aft-state=0
01-08 01:33:23.743 I/thunderperf( 1526): CompatConfig.addOverrideUnsafe: bef-state=1
01-08 01:33:23.744 I/thunderperf( 1526): CompatConfig.addOverrideUnsafe: aft-state=0
01-08 01:33:23.745 I/thunderperf( 1526): CompatConfig.addOverrideUnsafe: bef-state=1
01-08 01:33:23.745 I/thunderperf( 1526): CompatConfig.addOverrideUnsafe: aft-state=0
01-08 01:33:23.746 I/thunderperf( 1526): CompatConfig.addOverrideUnsafe: bef-state=1
01-08 01:33:23.746 I/thunderperf( 1526): CompatConfig.addOverrideUnsafe: aft-state=0
01-08 01:33:23.747 I/thunderperf( 1526): CompatConfig.addOverrideUnsafe: bef-state=1
01-08 01:33:23.747 I/thunderperf( 1526): CompatConfig.addOverrideUnsafe: aft-state=0
01-08 01:33:23.748 I/thunderperf( 1526): CompatConfig.addOverrideUnsafe: bef-state=1
01-08 01:33:23.748 I/thunderperf( 1526): CompatConfig.addOverrideUnsafe: aft-state=0
01-08 01:33:23.749 I/thunderperf( 1526): CompatConfig.addOverrideUnsafe: bef-state=1
01-08 01:33:23.749 I/thunderperf( 1526): CompatConfig.addOverrideUnsafe: aft-state=0
01-08 01:33:23.750 I/thunderperf( 1526): CompatConfig.addOverrideUnsafe: bef-state=1
01-08 01:33:23.750 I/thunderperf( 1526): CompatConfig.addOverrideUnsafe: aft-state=0
01-08 01:33:23.751 I/thunderperf( 1526): CompatConfig.addOverrideUnsafe: bef-state=1
01-08 01:33:23.751 I/thunderperf( 1526): CompatConfig.addOverrideUnsafe: aft-state=0
01-08 01:33:23.752 I/thunderperf( 1526): CompatConfig.addOverrideUnsafe: bef-state=1
01-08 01:33:23.752 I/thunderperf( 1526): CompatConfig.addOverrideUnsafe: aft-state=0
01-08 01:33:23.759 I/ThunderBoostPerfService( 1526): Disable downscaling com.android.calendar to 2380x1020
01-08 01:33:23.760 I/ActivityTaskManager( 1526): START u0 {flg=0x10008000 cmp=com.android.calendar/.AllInOneActivity} from uid 10078
01-08 01:33:23.760 I/EventSequenceValidator( 1526): inc AccIntentStartedEvents to 2
01-08 01:33:23.764 E/ANDR-PERF-JNI( 1526): com_qualcomm_qtiperformance_native_perf_io_prefetch_start
01-08 01:33:23.764 I/wm_task_created( 1526): [27,-1]
01-08 01:33:23.764 W/ActivityTaskManager( 1526): Can't find TaskDisplayArea to determine support for multi window. Task id=27 attached=false
01-08 01:33:23.765 D/FreeFormWindowHelper( 1526): Add freeform task=Task{74586f2 #27 type=standard ?? U=0 visible=false mode=freeform translucent=true sz=0}
01-08 01:33:23.766 E/ANDR-IOP( 833): io prefetch is disabled
01-08 01:33:23.767 I/wm_task_moved( 1526): [27,1,6]
01-08 01:33:23.767 I/wm_task_to_front( 1526): [0,27]
01-08 01:33:23.767 I/wm_create_task( 1526): [0,27]
01-08 01:33:23.767 I/wm_create_activity( 1526): [0,149184835,27,com.android.calendar/.AllInOneActivity,NULL,NULL,NULL,268468224]
01-08 01:33:23.767 I/wm_task_moved( 1526): [27,1,6]
01-08 01:33:23.768 D/CompatibilityInfo( 1526): mCompatibilityFlags - 4
01-08 01:33:23.768 D/CompatibilityInfo( 1526): applicationDensity - 240
01-08 01:33:23.768 D/CompatibilityInfo( 1526): applicationScale - 1.0
01-08 01:33:23.768 I/ActivityTaskManager( 1526): FOREGROUND_APPLICATION_CHANGED to com.android.calendar.AllInOneActivity
01-08 01:33:23.768 I/ActivityTaskManager( 1526): The Process com.android.calendar Already Exists in BG. So sending its PID: 3528
01-08 01:33:23.768 W/ActivityTaskManager( 1526): Tried to set launchTime (0) < mLastActivityLaunchTime (121765)
01-08 01:33:23.768 I/wm_restart_activity( 1526): [0,149184835,27,com.android.calendar/.AllInOneActivity]
01-08 01:33:23.768 D/CompatibilityInfo( 1526): mCompatibilityFlags - 4
01-08 01:33:23.768 D/CompatibilityInfo( 1526): applicationDensity - 240
01-08 01:33:23.768 D/CompatibilityInfo( 1526): applicationScale - 1.0
01-08 01:33:23.769 I/wm_set_resumed_activity( 1526): [0,com.android.calendar/.AllInOneActivity,minimalResumeActivityLocked]
01-08 01:33:23.771 D/StateManager( 2543): goToState: Normal
01-08 01:33:23.771 D/EditModeHelper( 2543): setHotseatVisibility: 0
01-08 01:33:23.772 I/wm_on_top_resumed_lost_called( 2543): [162781513,com.android.launcher3.uioverrides.QuickstepLauncher,topStateChangedWhenResumed]
01-08 01:33:23.772 I/GameMode_ActivityMonitoringService( 2387): onForegroundActivitiesChanged uid 10064 pid 3528 fg true
01-08 01:33:23.778 I/wm_on_create_called( 3528): [149184835,com.android.calendar.AllInOneActivity,performCreate]
01-08 01:33:23.782 I/mpu_uart( 640): [MSG-P:RECV]:No message received in 1000 ms
01-08 01:33:23.782 I/GameMode_ActivityMonitoringService( 2387): Updating top task to: TaskInfoContainer [topActivity=ComponentInfo{com.android.calendar/com.android.calendar.AllInOneActivity}, taskId=27, stackId=27, userId=0, displayId=0, position=6
01-08 01:33:23.782 I/GameMode_ActivityMonitoringService( 2387): Notifying about top task: TaskInfoContainer [topActivity=ComponentInfo{com.android.calendar/com.android.calendar.AllInOneActivity}, taskId=27, stackId=27, userId=0, displayId=0, position=6
01-08 01:33:23.782 I/GameMode_ActivityMonitoringService( 2387): WindowMode: 5
01-08 01:33:23.784 I/wm_on_start_called( 3528): [149184835,com.android.calendar.AllInOneActivity,handleStartActivity]
01-08 01:33:23.784 I/wm_on_resume_called( 3528): [149184835,com.android.calendar.AllInOneActivity,RESUME_ACTIVITY]
01-08 01:33:23.787 I/wm_on_top_resumed_gained_called( 3528): [149184835,com.android.calendar.AllInOneActivity,topStateChangedWhenResumed]
01-08 01:33:23.788 D/AccountManagerService( 1526): bind attempt failed for Session: expectLaunch true, connected false, stats (0/0/0), lifetime 0.0, addAccount, accountType com.google, requiredFeatures null
01-08 01:33:23.789 D/FreeWindowHelper( 2543): enterOrExitRecentTasks: isEnterRecentTasks=false,mExitFlag=1
01-08 01:33:23.789 W/FreeFormWindowHelper( 1526): exitRecentTasks type=1
01-08 01:33:23.793 W/FreeFormWindowHelper( 1526): Current Display FreeFormTask is Task{74586f2 #27 type=standard A=10064:android.task.calendar U=0 visible=true mode=freeform translucent=false sz=1}
01-08 01:33:23.795 W/WindowManager( 1526): updateScale : 0.7996942
01-08 01:33:23.797 I/input_focus( 1526): [Focus request d148ad8 com.android.calendar/com.android.calendar.AllInOneActivity,reason=UpdateInputWindows]
01-08 01:33:23.805 W/WindowManager( 1526): updateScale : 0.7996942
01-08 01:33:23.807 W/WindowManager( 1526): updateScale : 0.7996942
01-08 01:33:23.808 I/sysui_multi_action( 1526): [319,47,322,46,325,140,757,761,758,8,759,2,806,com.android.calendar,871,com.android.calendar.AllInOneActivity,904,com.android.launcher3,905,0,1320,4,1321,1]
01-08 01:33:23.808 I/wm_activity_launch_time( 1526): [0,149184835,com.android.calendar/.AllInOneActivity,46]
01-08 01:33:23.808 I/ActivityTaskManager( 1526): Displayed com.android.calendar/.AllInOneActivity: +46ms
01-08 01:33:23.809 W/WindowManager( 1526): updateScale : 0.7996942
01-08 01:33:23.809 I/EventSequenceValidator( 1526): dec AccIntentStartedEvents to 1
01-08 01:33:23.811 I/input_focus( 1526): [Focus leaving 1bc00b2 com.android.launcher3/com.android.launcher3.uioverrides.QuickstepLauncher (server),reason=setFocusedWindow]
01-08 01:33:23.811 I/input_focus( 1526): [Focus entering d148ad8 com.android.calendar/com.android.calendar.AllInOneActivity (server),reason=setFocusedWindow]
01-08 01:33:23.867 I/am_pss ( 1526): [5509,10020,com.android.documentsui,31603712,24702976,0,160747520,0,18,6]
01-08 01:33:24.078 W/WindowManager( 1526): updateScale : 0.7996942
01-08 01:33:24.759 D/EditModeHelper( 2543): setHotseatVisibility: 8
01-08 01:33:24.760 W/FreeFormWindowHelper( 1526): Current Display FreeFormTask is Task{74586f2 #27 type=standard A=10064:android.task.calendar U=0 visible=true mode=freeform translucent=false sz=1}
01-08 01:33:24.760 W/FreeFormWindowHelper( 1526): Current Display FreeFormTask is Task{74586f2 #27 type=standard A=10064:android.task.calendar U=0 visible=true mode=freeform translucent=false sz=1}
01-08 01:33:24.760 W/FreeFormWindowHelper( 1526): Current Display FreeFormTask is Task{74586f2 #27 type=standard A=10064:android.task.calendar U=0 visible=true mode=freeform translucent=false sz=1}
01-08 01:33:24.760 W/FreeFormWindowHelper( 1526): Current Display FreeFormTask is Task{74586f2 #27 type=standard A=10064:android.task.calendar U=0 visible=true mode=freeform translucent=false sz=1}
01-08 01:33:24.760 W/FreeFormWindowHelper( 1526): Current Display FreeFormTask is Task{74586f2 #27 type=standard A=10064:android.task.calendar U=0 visible=true mode=freeform translucent=false sz=1}
01-08 01:33:24.760 W/FreeFormWindowHelper( 1526): Current Display FreeFormTask is Task{74586f2 #27 type=standard A=10064:android.task.calendar U=0 visible=true mode=freeform translucent=false sz=1}
01-08 01:33:24.760 W/FreeFormWindowHelper( 1526): Current Display FreeFormTask is Task{74586f2 #27 type=standard A=10064:android.task.calendar U=0 visible=true mode=freeform translucent=false sz=1}
01-08 01:33:24.760 W/FreeFormWindowHelper( 1526): Current Display FreeFormTask is Task{74586f2 #27 type=standard A=10064:android.task.calendar U=0 visible=true mode=freeform translucent=false sz=1}
01-08 01:33:24.760 W/FreeFormWindowHelper( 1526): Current Display FreeFormTask is Task{74586f2 #27 type=standard A=10064:android.task.calendar U=0 visible=true mode=freeform translucent=false sz=1}
01-08 01:33:24.760 W/FreeFormWindowHelper( 1526): Current Display FreeFormTask is Task{74586f2 #27 type=standard A=10064:android.task.calendar U=0 visible=true mode=freeform translucent=false sz=1}
01-08 01:33:24.760 W/FreeFormWindowHelper( 1526): Current Display FreeFormTask is Task{74586f2 #27 type=standard A=10064:android.task.calendar U=0 visible=true mode=freeform translucent=false sz=1}
01-08 01:33:24.760 D/FreeWindowContainer( 2543): reloadTask: TaskInfo{userId=0 taskId=27 displayId=0 isRunning=true baseIntent=Intent { flg=0x10008000 cmp=com.android.calendar/.AllInOneActivity } baseActivity=ComponentInfo{com.android.calendar/com.android.calendar.AllInOneActivity} topActivity=ComponentInfo{com.android.calendar/com.android.calendar.AllInOneActivity} origActivity=null realActivity=ComponentInfo{com.android.calendar/com.android.calendar.AllInOneActivity} numActivities=1 lastActiveTime=141872 supportsSplitScreenMultiWindow=true supportsMultiWindow=true resizeMode=1 isResizeable=true token=WCT{android.window.IWindowContainerToken$Stub$Proxy@bdbd1e3} topActivityType=1 pictureInPictureParams=PictureInPictureParams( aspectRatio=null sourceRectHint=null hasSetActions=false isAutoPipEnabled=false isSeamlessResizeEnabled=true) displayCutoutSafeInsets=null topActivityInfo=ActivityInfo{f1db7e0 com.android.calendar.AllInOneActivity} launchCookies=[] positionInParent=Point(0, 72) parentTaskId=-1 isFocused=true isVisible=true topActivityInSizeCompat=false locusId= null}
01-08 01:33:24.764 I/InputDispatcher( 1526): Monitor swipe-up (server) is stealing touch from [1bc00b2 com.android.launcher3/com.android.launcher3.uioverrides.QuickstepLauncher (server), fe7e613 com.android.systemui.ImageWallpaper (server), ]
01-08 01:33:24.765 W/FreeFormWindowHelper( 1526): Current Display FreeFormTask is Task{74586f2 #27 type=standard A=10064:android.task.calendar U=0 visible=true mode=freeform translucent=false sz=1}
01-08 01:33:24.765 V/ShadeControllerImpl( 1984): NotificationShadeWindow: com.android.systemui.statusbar.phone.NotificationShadeWindowView{8dd8b58 I.E...... ......ID 0,0-2380,1020} canPanelBeCollapsed(): false
01-08 01:33:24.766 I/view_enqueue_input_event( 2543): [Motion - Cancel,com.android.launcher3/com.android.launcher3.uioverrides.QuickstepLauncher]
01-08 01:33:24.766 W/FreeFormWindowHelper( 1526): Current Display FreeFormTask is Task{74586f2 #27 type=standard A=10064:android.task.calendar U=0 visible=true mode=freeform translucent=false sz=1}
01-08 01:33:24.770 I/input_interaction( 1526): Interaction with: edge-swipe (server), swipe-up (server), PointerEventDispatcher0 (server),
01-08 01:33:24.771 D/BaseIconFactory( 2543): normalizeAndWrapToAdaptiveIcon: scale=0.8095241
01-08 01:33:24.776 W/FreeFormWindowHelper( 1526): Current Display FreeFormTask is Task{74586f2 #27 type=standard A=10064:android.task.calendar U=0 visible=true mode=freeform translucent=false sz=1}
01-08 01:33:24.782 I/mpu_uart( 640): [MSG-P:RECV]:No message received in 1000 ms
01-08 01:33:24.784 W/ActivityTaskManager( 1526): getTaskSnapshot: taskId=2016 not found
01-08 01:33:24.784 W/ActivityTaskManager( 1526): getTaskSnapshot: taskId=1016 not found
01-08 01:33:24.793 W/FreeFormWindowHelper( 1526): Current Display FreeFormTask is Task{74586f2 #27 type=standard A=10064:android.task.calendar U=0 visible=true mode=freeform translucent=false sz=1}
01-08 01:33:24.793 I/OMX-VENC: venc_dev( 1222): stats: avg. fps 24.83, bitrate 2656190
01-08 01:33:24.810 W/FreeFormWindowHelper( 1526): Current Display FreeFormTask is Task{74586f2 #27 type=standard A=10064:android.task.calendar U=0 visible=true mode=freeform translucent=false sz=1}
01-08 01:33:24.961 I/commit_sys_config_file( 1526): [settings-1-0,1]
01-08 01:33:24.963 I/auditd ( 0): type=1400 audit(0.0:678): avc: denied { kill } for comm="swapper/7" capability=5 scontext=u:r:kernel:s0 tcontext=u:r:kernel:s0 tclass=capability permissive=0
01-08 01:33:24.963 W/swapper/7( 0): type=1400 audit(0.0:678): avc: denied { kill } for capability=5 scontext=u:r:kernel:s0 tcontext=u:r:kernel:s0 tclass=capability permissive=0
01-08 01:33:25.160 D/NoButtonQuickSwitchTouchController( 2543): onMotionPauseDetected:
01-08 01:33:25.161 D/vendor.qti.vibrator( 844): Vibrator perform effect 0
01-08 01:33:25.161 D/vendor.qti.vibrator( 844): Vibrator on for timeoutMs: 10
01-08 01:33:25.161 D/vendor.qti.vibrator( 844): Starting on on another thread
01-08 01:33:25.171 D/vendor.qti.vibrator( 844): Notifying on complete
01-08 01:33:25.171 D/vendor.qti.vibrator( 844): QTI Vibrator off
01-08 01:33:25.192 D/vendor.qti.vibrator( 844): Vibrator on for timeoutMs: 30
01-08 01:33:25.192 D/vendor.qti.vibrator( 844): Starting on on another thread
01-08 01:33:25.222 D/vendor.qti.vibrator( 844): Notifying on complete
01-08 01:33:25.222 D/vendor.qti.vibrator( 844): QTI Vibrator off
01-08 01:33:25.225 D/NoButtonQuickSwitchTouchController( 2543): onDragEnd: noFling=true,isPaused=true,velocity=PointF(0.021830397, -0.111313365)
01-08 01:33:25.225 D/EditModeHelper( 2543): setHotseatVisibility: 0
01-08 01:33:25.226 W/FreeFormWindowHelper( 1526): Current Display FreeFormTask is Task{74586f2 #27 type=standard A=10064:android.task.calendar U=0 visible=true mode=freeform translucent=false sz=1}
01-08 01:33:25.252 W/FreeFormWindowHelper( 1526): Current Display FreeFormTask is Task{74586f2 #27 type=standard A=10064:android.task.calendar U=0 visible=true mode=freeform translucent=false sz=1}
01-08 01:33:25.252 W/View ( 2543): requestLayout() improperly called by com.android.launcher3.views.NoInsetView{73e83be V.ED..... ......ID 2038,0-2380,1020 #7f09007c app:id/bg_hotseat} during layout: running second layout pass
01-08 01:33:25.270 W/System ( 1526): A resource failed to call close.
01-08 01:33:25.270 W/System ( 1526): A resource failed to call close.
01-08 01:33:25.270 W/System ( 1526): A resource failed to call close.
01-08 01:33:25.270 W/System ( 1526): A resource failed to call close.
01-08 01:33:25.271 W/System ( 1526): A resource failed to call close.
01-08 01:33:25.271 W/System ( 1526): A resource failed to call close.
01-08 01:33:25.271 W/System ( 1526): A resource failed to call close.
01-08 01:33:25.271 W/System ( 1526): A resource failed to call close.
01-08 01:33:25.271 W/System ( 1526): A resource failed to call close.
01-08 01:33:25.271 W/System ( 1526): A resource failed to call close.
01-08 01:33:25.275 W/FreeFormWindowHelper( 1526): Current Display FreeFormTask is Task{74586f2 #27 type=standard A=10064:android.task.calendar U=0 visible=true mode=freeform translucent=false sz=1}
01-08 01:33:25.287 W/FreeFormWindowHelper( 1526): Current Display FreeFormTask is Task{74586f2 #27 type=standard A=10064:android.task.calendar U=0 visible=true mode=freeform translucent=false sz=1}
01-08 01:33:25.290 I/OpenGLRenderer( 2543): Davey! duration=9223371894478ms; Flags=0, FrameTimelineVsyncId=7388, IntendedVsync=142376092666, Vsync=142376092666, InputEventId=0, HandleInputStart=142376265621, AnimationStart=142376266350, PerformTraversalsStart=142391084840, DrawStart=142391690725, FrameDeadline=142397425998, FrameInterval=142376263850, FrameStartTime=16666666, SyncQueued=142393162131, SyncStart=142393190621, IssueDrawCommandsStart=142393336506, SwapBuffers=142394857912, FrameCompleted=9223372036854775807, DequeueBufferDuration=11042, QueueBufferDuration=286615, GpuCompleted=9223372036854775807, SwapBuffersCompleted=142395374944, DisplayPresentTime=72057628415623209,
01-08 01:33:25.303 W/FreeFormWindowHelper( 1526): Current Display FreeFormTask is Task{74586f2 #27 type=standard A=10064:android.task.calendar U=0 visible=true mode=freeform translucent=false sz=1}
01-08 01:33:25.320 W/FreeFormWindowHelper( 1526): Current Display FreeFormTask is Task{74586f2 #27 type=standard A=10064:android.task.calendar U=0 visible=true mode=freeform translucent=false sz=1}
01-08 01:33:25.337 W/FreeFormWindowHelper( 1526): Current Display FreeFormTask is Task{74586f2 #27 type=standard A=10064:android.task.calendar U=0 visible=true mode=freeform translucent=false sz=1}
01-08 01:33:25.352 W/FreeFormWindowHelper( 1526): Current Display FreeFormTask is Task{74586f2 #27 type=standard A=10064:android.task.calendar U=0 visible=true mode=freeform translucent=false sz=1}
01-08 01:33:25.368 W/FreeFormWindowHelper( 1526): Current Display FreeFormTask is Task{74586f2 #27 type=standard A=10064:android.task.calendar U=0 visible=true mode=freeform translucent=false sz=1}
01-08 01:33:25.385 W/FreeFormWindowHelper( 1526): Current Display FreeFormTask is Task{74586f2 #27 type=standard A=10064:android.task.calendar U=0 visible=true mode=freeform translucent=false sz=1}
01-08 01:33:25.402 W/FreeFormWindowHelper( 1526): Current Display FreeFormTask is Task{74586f2 #27 type=standard A=10064:android.task.calendar U=0 visible=true mode=freeform translucent=false sz=1}
01-08 01:33:25.419 W/FreeFormWindowHelper( 1526): Current Display FreeFormTask is Task{74586f2 #27 type=standard A=10064:android.task.calendar U=0 visible=true mode=freeform translucent=false sz=1}
01-08 01:33:25.428 I/commit_sys_config_file( 1526): [settings-1-0,2]
01-08 01:33:25.435 W/FreeFormWindowHelper( 1526): Current Display FreeFormTask is Task{74586f2 #27 type=standard A=10064:android.task.calendar U=0 visible=true mode=freeform translucent=false sz=1}
01-08 01:33:25.452 W/FreeFormWindowHelper( 1526): Current Display FreeFormTask is Task{74586f2 #27 type=standard A=10064:android.task.calendar U=0 visible=true mode=freeform translucent=false sz=1}
01-08 01:33:25.470 W/FreeFormWindowHelper( 1526): Current Display FreeFormTask is Task{74586f2 #27 type=standard A=10064:android.task.calendar U=0 visible=true mode=freeform translucent=false sz=1}
01-08 01:33:25.487 W/FreeFormWindowHelper( 1526): Current Display FreeFormTask is Task{74586f2 #27 type=standard A=10064:android.task.calendar U=0 visible=true mode=freeform translucent=false sz=1}
01-08 01:33:25.504 W/FreeFormWindowHelper( 1526): Current Display FreeFormTask is Task{74586f2 #27 type=standard A=10064:android.task.calendar U=0 visible=true mode=freeform translucent=false sz=1}
01-08 01:33:25.520 W/FreeFormWindowHelper( 1526): Current Display FreeFormTask is Task{74586f2 #27 type=standard A=10064:android.task.calendar U=0 visible=true mode=freeform translucent=false sz=1}
01-08 01:33:25.537 D/StateManager( 2543): goToState: Overview
01-08 01:33:25.537 D/FreeWindowHelper( 2543): enterOrExitRecentTasks: isEnterRecentTasks=true,mExitFlag=1
01-08 01:33:25.537 I/wm_finish_activity( 1526): [0,149184835,27,com.android.calendar/.AllInOneActivity,app-request]
01-08 01:33:25.537 I/wm_task_moved( 1526): [1,1,6]
01-08 01:33:25.538 I/wm_set_resumed_activity( 1526): [0,com.android.launcher3/.uioverrides.QuickstepLauncher,positionChildAt]
01-08 01:33:25.538 I/wm_task_moved( 1526): [8,1,2147483647]
01-08 01:33:25.538 I/wm_task_to_front( 1526): [0,8]
01-08 01:33:25.538 I/wm_focused_root_task( 1526): [0,0,1,-1,finish-top adjustFocusToNextFocusableTask]
01-08 01:33:25.538 I/wm_set_resumed_activity( 1526): [0,com.android.launcher3/.uioverrides.QuickstepLauncher,finish-top]
01-08 01:33:25.538 I/wm_on_top_resumed_lost_called( 3528): [149184835,com.android.calendar.AllInOneActivity,topStateChangedWhenResumed]
01-08 01:33:25.542 D/ActivityTrigger( 1526): ActivityTrigger activityPauseTrigger
01-08 01:33:25.542 I/wm_pause_activity( 1526): [0,149184835,com.android.calendar/.AllInOneActivity,userLeaving=false,finish]
01-08 01:33:25.544 I/input_focus( 1526): [Focus request 1bc00b2 com.android.launcher3/com.android.launcher3.uioverrides.QuickstepLauncher,reason=UpdateInputWindows]
01-08 01:33:25.544 W/FreeFormWindowHelper( 1526): Current Display FreeFormTask is Task{74586f2 #27 type=standard A=10064:android.task.calendar U=0 visible=false mode=freeform translucent=true sz=1}
01-08 01:33:25.545 D/FreeWindowContainer( 2543): reloadTask: TaskInfo{userId=0 taskId=27 displayId=0 isRunning=false baseIntent=Intent { flg=0x10008000 cmp=com.android.calendar/.AllInOneActivity } baseActivity=null topActivity=null origActivity=null realActivity=ComponentInfo{com.android.calendar/com.android.calendar.AllInOneActivity} numActivities=0 lastActiveTime=142658 supportsSplitScreenMultiWindow=true supportsMultiWindow=true resizeMode=1 isResizeable=true token=WCT{android.window.IWindowContainerToken$Stub$Proxy@5fab31f} topActivityType=1 pictureInPictureParams=null displayCutoutSafeInsets=null topActivityInfo=null launchCookies=[] positionInParent=Point(0, 72) parentTaskId=-1 isFocused=false isVisible=true topActivityInSizeCompat=false locusId= null}
01-08 01:33:25.547 I/wm_on_paused_called( 3528): [149184835,com.android.calendar.AllInOneActivity,performPause]
