01-08 01:33:47.484 D/hpplay-base( 2713): [lelinkDlna:328] startDLNAServer ret=0
01-08 01:33:47.484 D/hpplay-base( 2713): [LelinkBase:531] startDLNAServer ret= 0
01-08 01:33:47.484 D/hpplay-base( 2713): [lelinkDlna:342] setDMRFriendlyName 高合娱乐副屏
01-08 01:33:47.484 D/hpplay-base-dlna( 2713): [lebodlna-dlna_android:136] setBroadcastTimeout mBroadcastTimeOut=66 status=3!
01-08 01:33:47.484 D/hpplay-base-dlna( 2713): [lebodlna_api:32] start DMR
01-08 01:33:47.484 D/hpplay-base-dlna( 2713): [UpnpDefine:434] RegisterDMRender invalid lelink info
01-08 01:33:47.485 D/hpplay-base-dlna( 2713): [UpnpDefine:551] DLNA DESCRIPTION FROME SERVER
01-08 01:33:47.486 E/hpplay-base-dlna( 2713): upnpapi.c:1078::Exiting RegisterRootDevice2 *Hnd =1, return value == 0
01-08 01:33:47.486 D/hpplay-base-dlna( 2713): [CUpnpDevice:41] Register Root Device 2:0
01-08 01:33:47.487 D/hpplay-base-dlna( 2713): [UpnpDefine:794] ESDMRender:Register success
01-08 01:33:47.487 D/hpplay-base-dlna( 2713): [lebodlna_api:41] sendBroadcast mBroadcastTimeOut=3
01-08 01:33:47.487 D/hpplay-base-dlna( 2713): [lebodlna_api:44] sendBroadcast timeout=66
01-08 01:33:47.514 I/hpplay-java( 2713): [AsyncTask #3]:HttpRequest:doGet responseCode:200 0
01-08 01:33:47.543 D/hpplay-base( 2713): [lelinkDlna:361] startDLNADevice dlnaManufacturer:0 ret=0
01-08 01:33:47.543 D/hpplay-base( 2713): [LelinkBase:535] lelinkSetDlnaInfo ret= 0
01-08 01:33:47.543 D/hpplay-base( 2713): [LelinkBase:547] startAllServer pBaseContext->config.mDNSEnable:1
01-08 01:33:47.543 D/hpplay-base( 2713): [base_mdns:509] mdns net.hostname:
01-08 01:33:47.543 D/hpplay-base( 2713): [base_mdns:529] mdns namelabel:-36-7C-7C-00-00-0F
01-08 01:33:47.543 D/hpplay-base( 2713): [base_mdns:509] mdns net.hostname:
01-08 01:33:47.543 D/hpplay-base( 2713): [base_mdns:529] mdns namelabel:-36-7C-7C-00-00-0F
01-08 01:33:47.544 D/hpplay-base( 2713): [mdns:813] mdns start bind port:0
01-08 01:33:47.548 D/hpplay-base( 2713): [mdns:813] mdns start bind port:5353
01-08 01:33:47.548 D/hpplay-base( 2713): [mdns:813] mdns start bind port:5353
01-08 01:33:47.548 D/hpplay-base( 2713): [mdns:813] mdns start bind port:5353
01-08 01:33:47.549 D/hpplay-base( 2713): [mdns:813] mdns start bind port:5353
01-08 01:33:47.549 D/hpplay-base( 2713): [mdns:813] mdns start bind port:5353
01-08 01:33:47.550 D/hpplay-base( 2713): [mdns:813] mdns start bind port:5353
01-08 01:33:47.550 D/hpplay-base( 2713): [mdns:813] mdns start bind port:5353
01-08 01:33:47.550 I/hpplay-base( 2713): [mDNSEmbeded:57] embedded_mDNSInit stopmDNSNow:0 status:0
01-08 01:33:47.551 D/hpplay-base( 2713): [mDNSEmbeded:436] startmDNSServer end nRet=0
01-08 01:33:47.551 D/hpplay-base( 2713): [LelinkBase:555] lelink broadcast_on_off:1 log2java_on_off:1
01-08 01:33:47.551 D/hpplay-base( 2713): [LelinkMDNS:729] leboAuthorizationCheck strUuid=42:ab:77:64:ca:4f000000000000000
01-08 01:33:47.551 D/hpplay-base( 2713): [LelinkMDNS:730] leboAuthorizationCheck mPermissionDid=42:ab:77:64:ca:4f000000000000000
01-08 01:33:47.551 D/hpplay-base( 2713): [LelinkMDNS:755] leboAuthorizationCheck mPermissionMac=42:ab:77:64:ca:4f000000000000000
01-08 01:33:47.551 I/hpplay-base( 2713): [mDNSEmbeded:268] start lelink publish server, tid is 6377
01-08 01:33:47.551 D/hpplay-base( 2713): [mDNSEmbeded:197] http_port bind check 197 http_port_check
01-08 01:33:47.551 D/hpplay-base( 2713): [AEventUtils:595] request to start event handle service!!
01-08 01:33:47.552 D/hpplay-base( 2713): [AEventUtils:603] start_event_handle_service,begin to run!!
01-08 01:33:47.552 D/hpplay-base( 2713): [REventUtils:210] start_event_handle_service,begin to run!!
01-08 01:33:47.552 D/hpplay-base( 2713): [AEventUtils:171] create handle AEvent thread ok!!,tid is 6379
01-08 01:33:47.552 D/hpplay-base( 2713): [LelinkBase:576] startAllServer success .
01-08 01:33:47.552 D/hpplay-base( 2713): [jniBridge:894] startDlna_link:http://192.168.124.22:49152/description.xml
01-08 01:33:47.552 D/hpplay-base( 2713): [jniBridge:1081] notifyJavaDlnalink:http://192.168.124.22:49152/description.xml
01-08 01:33:47.552 D/hpplay-base( 2713): [jniBridge:1726] notifyJava, what:207, castType:0, mimeType:0 baseStatus:2
01-08 01:33:47.552 D/hpplay-base( 2713): [jniBridge:1727] notifyJava sessionID:(null)
01-08 01:33:47.553 I/hpplay-java( 2713): [main]:Upgrade:upgrade not be allowed
01-08 01:33:47.553 D/hpplay-base( 2713): [REventUtils:59] create handleREventThread thread ok!!,tid is 6381
01-08 01:33:47.553 D/hpplay-base( 2713): [mDNSEmbeded:217] http_port bind check 217 http_port_check
01-08 01:33:47.553 D/hpplay-base( 2713): [mDNSEmbeded:222] http_port bind check 222 http_port_check
01-08 01:33:47.554 I/hpplay-java( 2713): [Thread-123]:Bridge:notify: what: 207
01-08 01:33:47.556 I/hpplay-java( 2713): [Thread-123]:Bridge:notify: out: OutParameters:{audioSessionId=-1, audiotrackIndex=0, castHandleType=-1, castType=0, deviceName='http://192.168.124.22:49152/description.xml', dlnaName='', dramaID='', extra=0, frameHandleType=-1, handleInside=true, headduration=0, header='', headers=null, isAD=false, isMultiMirror=false, lelinkVer='', limitTime=0, , mediaAlbum='null', mediaAlbumArtURI='', mediaArtist='null', mediaAssets='', mediaTitle='null', mimeType=0, multiSession=null, period=0, pinCode='', playSpeed=0.0, playerChoice=0, plugin=0, port=0, position=0.0, positionUnit=2, protocol=0, realSessionID='', regType='', , sinkIp='', sourceAPPVersion='', sourceChannel='', sourceClientInfo='', sourceDeviceInfo='', sourceDeviceModel='', sourceDeviceName='', sourceDeviceType=0, sourceHID='', , sourceInfo='', , , sourceOSVersion='', sourceSDKVersion='', sourceUid='', stopDetail=0, stopReason=0, tailduration=0, url='', urlID='', urls=null, userAgent='', videoDecoder=0, volume=0, what=207}com.hpplay.sdk.sink.protocol.OutParameters@f17545e
01-08 01:33:47.556 I/hpplay-java( 2713): [Thread-123]:Bridge:notify: address:123191359
01-08 01:33:47.557 D/hpplay-base( 2713): [mDNSEmbeded:234] http_port bind check 234 http_port_check port:52266
01-08 01:33:47.557 D/hpplay-base( 2713): [mDNSEmbeded:237] http_port bind check 237 http_port_check
01-08 01:33:47.558 D/hpplay-base( 2713): [lelinkSinkServer:93] new client connection from 127.0.0.1 33996, fd=187
01-08 01:33:47.558 D/hpplay-base( 2713): [SinkContext:137] addSinkContextSession,begin to run!!
01-08 01:33:47.558 D/hpplay-base( 2713): [SinkContext:142] addSinkContextSession,begin to get lock!!
01-08 01:33:47.558 D/hpplay-base( 2713): [SinkContext:144] addSinkContextSession,get lock ok!!
01-08 01:33:47.558 D/hpplay-base( 2713): [SinkContext:149] addSinkContextSession,session list is null,begin to malloc!!
01-08 01:33:47.558 D/hpplay-base( 2713): [SinkContext:156] addSinkContextSession,begin to update!!
01-08 01:33:47.558 D/hpplay-base( 2713): [SinkContext:160] addSinkContextSession,begin to update header!!
01-08 01:33:47.558 D/hpplay-base( 2713): [SinkContext:172] addSinkContextSession,begin to unlock!!
01-08 01:33:47.558 D/hpplay-base( 2713): [SinkContext:174] addSinkContextSession,unlock ok!!
01-08 01:33:47.558 D/hpplay-base( 2713): [LelinkReceiver:4908] get ping !!!
01-08 01:33:47.558 D/hpplay-base( 2713): [mDNSEmbeded:240] http_port bind check 240 http_port_check recieved:64
01-08 01:33:47.558 D/hpplay-base( 2713): [mDNSEmbeded:243] http_port bind check 243 http_port_check
01-08 01:33:47.558 D/hpplay-base( 2713): [mDNSEmbeded:244] http_port bind check ok!
01-08 01:33:47.759 I/hpplay-base( 2713): [LelinkReceiver:14605] _connectionFinalize (187)
01-08 01:33:47.759 D/hpplay-base( 2713): [LelinkReceiver:14752] ###connectionFinalize,release ok!!###
01-08 01:33:47.796 I/mpu_uart( 640): [MSG-P:RECV]:No message received in 1000 ms
01-08 01:33:47.804 D/hpplay-base( 2713): [LelinkMDNS:766] devicePermissionPublic leboPermissionCheck:-2
01-08 01:33:47.804 D/hpplay-base( 2713): [jniBridge:1125] com_hpplay_sdk_sink_protocol_Bridge_WHAT_SERVER_ERROR
01-08 01:33:47.804 D/hpplay-base( 2713): [jniBridge:1726] notifyJava, what:204, castType:0, mimeType:0 baseStatus:2
01-08 01:33:47.804 D/hpplay-base( 2713): [jniBridge:1727] notifyJava sessionID:(null)
01-08 01:33:47.805 I/hpplay-java( 2713): [Thread-124]:Bridge:notify: what: 204
01-08 01:33:47.807 I/hpplay-java( 2713): [Thread-124]:Bridge:notify: out: OutParameters:{audioSessionId=-1, audiotrackIndex=0, castHandleType=-1, castType=0, deviceName='', dlnaName='', dramaID='', extra=-2002, frameHandleType=-1, handleInside=true, headduration=0, header='', headers=null, isAD=false, isMultiMirror=false, lelinkVer='', limitTime=0, , mediaAlbum='null', mediaAlbumArtURI='', mediaArtist='null', mediaAssets='', mediaTitle='null', mimeType=0, multiSession=null, period=0, pinCode='', playSpeed=0.0, playerChoice=0, plugin=0, port=0, position=0.0, positionUnit=2, protocol=0, realSessionID='', regType='', , sinkIp='', sourceAPPVersion='', sourceChannel='', sourceClientInfo='', sourceDeviceInfo='', sourceDeviceModel='', sourceDeviceName='', sourceDeviceType=0, sourceHID='', , sourceInfo='', , , sourceOSVersion='', sourceSDKVersion='', sourceUid='', stopDetail=0, stopReason=0, tailduration=0, url='', urlID='', urls=null, userAgent='', videoDecoder=0, volume=0, what=204}com.hpplay.sdk.sink.protocol.OutParameters@caa3d0c
01-08 01:33:47.807 I/hpplay-java( 2713): [Thread-124]:Bridge:notify: address:106813013
01-08 01:33:47.807 I/hpplay-java( 2713): [main]:Bridge:findServiceID start out: 106813013
01-08 01:33:47.807 I/hpplay-java( 2713): [main]:Bridge:findServiceID end
01-08 01:33:47.807 E/hpplay-java( 2713): [main]:ServerTaskManager:onError 204/-2002 com.hht.lebocast.LelinkHelper$e@1c2de7f
01-08 01:33:47.807 I/hpplay-java( 2713): [main]:ServerTaskManager:cancelTimeOutCheck
01-08 01:33:47.808 I/hpplay-base( 2713): [mDNSEmbeded:79] embedded_mDNSLoop stopmDNSNow:0 nPublish:-2 nExitFlag:6 tid is 6376
01-08 01:33:47.808 W/hpplay-java( 2713): [main]:ServerTaskManager:onErrorDispatcher errorCode:-2002
01-08 01:33:47.808 I/hpplay-java( 2713): [main]:ServerTaskManager:exeTask ignore, reason: TaskList is clear
01-08 01:33:47.906 I/hpplay-java( 2713): [AsyncTask #14]:HttpRequest:doGet responseCode:200 0
01-08 01:33:47.963 I/auditd ( 0): type=1400 audit(0.0:701): avc: denied { kill } for comm="swapper/1" capability=5 scontext=u:r:kernel:s0 tcontext=u:r:kernel:s0 tclass=capability permissive=0
01-08 01:33:47.963 W/swapper/1( 0): type=1400 audit(0.0:701): avc: denied { kill } for capability=5 scontext=u:r:kernel:s0 tcontext=u:r:kernel:s0 tclass=capability permissive=0
01-08 01:33:48.546 D/Launcher( 2543): startEditMode:
01-08 01:33:48.550 D/StateManager( 2543): goToState: EditMode
01-08 01:33:48.551 D/EditModeHelper( 2543): setHotseatVisibility: 8
01-08 01:33:48.555 D/FreeWindowHelper( 2543): enterOrExitRecentTasks: isEnterRecentTasks=true,mExitFlag=0
01-08 01:33:48.570 D/vendor.qti.vibrator( 844): Vibrator perform effect 5
01-08 01:33:48.571 D/vendor.qti.vibrator( 844): Vibrator on for timeoutMs: 1
01-08 01:33:48.571 D/vendor.qti.vibrator( 844): Starting on on another thread
01-08 01:33:48.571 D/vendor.qti.vibrator( 844): QTI Vibrator off
01-08 01:33:48.577 D/vendor.qti.vibrator( 844): Notifying on complete
01-08 01:33:48.586 I/OMX-VENC: venc_dev( 1222): stats: avg. fps 1.01, bitrate 32421
01-08 01:33:48.591 D/vendor.qti.vibrator( 844): Vibrator on for timeoutMs: 21
01-08 01:33:48.591 D/vendor.qti.vibrator( 844): Starting on on another thread
01-08 01:33:48.599 W/Choreographer( 2543): Frame time is 0.100095 ms in the future! Check that graphics HAL is generating vsync timestamps using the correct timebase.
01-08 01:33:48.612 D/vendor.qti.vibrator( 844): Notifying on complete
01-08 01:33:48.613 D/vendor.qti.vibrator( 844): QTI Vibrator off
01-08 01:33:48.759 I/commit_sys_config_file( 1526): [settings-1-0,4]
01-08 01:33:48.797 I/mpu_uart( 640): [MSG-P:RECV]:No message received in 1000 ms
01-08 01:33:48.963 I/auditd ( 0): type=1400 audit(0.0:702): avc: denied { kill } for comm="swapper/1" capability=5 scontext=u:r:kernel:s0 tcontext=u:r:kernel:s0 tclass=capability permissive=0
01-08 01:33:48.963 W/swapper/1( 0): type=1400 audit(0.0:702): avc: denied { kill } for capability=5 scontext=u:r:kernel:s0 tcontext=u:r:kernel:s0 tclass=capability permissive=0
01-08 01:33:49.595 I/OMX-VENC: venc_dev( 1222): stats: avg. fps 12.88, bitrate 2184433
01-08 01:33:49.797 I/mpu_uart( 640): [MSG-P:RECV]:No message received in 1000 ms
01-08 01:33:49.891 I/mpu_uart( 640): [MSG-P:R]:recv sync frame timeout
01-08 01:33:49.963 I/auditd ( 0): type=1400 audit(0.0:703): avc: denied { kill } for comm="swapper/1" capability=5 scontext=u:r:kernel:s0 tcontext=u:r:kernel:s0 tclass=capability permissive=0
01-08 01:33:49.963 W/swapper/1( 0): type=1400 audit(0.0:703): avc: denied { kill } for capability=5 scontext=u:r:kernel:s0 tcontext=u:r:kernel:s0 tclass=capability permissive=0
01-08 01:33:50.609 I/OMX-VENC: venc_dev( 1222): stats: avg. fps 0.99, bitrate 35430
01-08 01:33:50.798 I/mpu_uart( 640): [MSG-P:RECV]:No message received in 1000 ms
01-08 01:33:50.963 I/auditd ( 0): type=1400 audit(0.0:704): avc: denied { kill } for comm="swapper/1" capability=5 scontext=u:r:kernel:s0 tcontext=u:r:kernel:s0 tclass=capability permissive=0
01-08 01:33:50.963 W/swapper/1( 0): type=1400 audit(0.0:704): avc: denied { kill } for capability=5 scontext=u:r:kernel:s0 tcontext=u:r:kernel:s0 tclass=capability permissive=0
01-08 01:33:51.377 I/GameModeConfig( 1526): isGameModeOn = true
01-08 01:33:51.377 I/GameModeConfig( 1526): isGaming = false
01-08 01:33:51.383 D/InterruptionStateProvider( 1984): No bubble up: not allowed to bubble: 0|com.android.systemui|4274|null|10081
01-08 01:33:51.383 D/InterruptionStateProvider( 1984): No bubble up: not allowed to bubble: -1|android|26|null|1000
01-08 01:33:51.383 D/InterruptionStateProvider( 1984): No alerting: filtered notification: 0|com.android.systemui|1|empty_media|10081
01-08 01:33:51.383 D/InterruptionStateProvider( 1984): No bubble up: not allowed to bubble: 0|com.android.systemui|2048|null|10081
01-08 01:33:51.383 D/InterruptionStateProvider( 1984): No bubble up: not allowed to bubble: -1|android|32|null|1000
01-08 01:33:51.393 D/StatusBar( 1984): disable disable2
01-08 01:33:51.394 I/sysui_multi_action( 1526): [757,127,758,1]
01-08 01:33:51.394 I/sysui_multi_action( 1526): [757,804,799,note_load,801,3,802,1]
01-08 01:33:51.394 I/notification_panel_revealed( 1526): 3
01-08 01:33:51.396 I/sysui_multi_action( 1526): [757,128,758,1,793,158522,794,0,795,158522,796,26,798,1,806,android,857,DEVELOPER_IMPORTANT,858,4,947,0,1395,3,1500,158134,1688,1]
01-08 01:33:51.396 I/sysui_multi_action( 1526): [757,804,799,note_freshness,801,158522,802,1]
01-08 01:33:51.396 I/notification_visibility( 1526): [-1|android|26|null|1000,1,158522,158522,0,1]
01-08 01:33:51.397 I/sysui_multi_action( 1526): [757,128,758,1,793,102010,794,0,795,102010,796,4274,798,0,806,com.android.systemui,857,screen_record,858,3,947,0,1395,3,1500,101804,1688,1]
01-08 01:33:51.397 I/sysui_multi_action( 1526): [757,804,799,note_freshness,801,102010,802,1]
01-08 01:33:51.397 I/notification_visibility( 1526): [0|com.android.systemui|4274|null|10081,1,102010,102010,0,0]
01-08 01:33:51.397 I/sysui_multi_action( 1526): [757,128,758,1,793,159063,794,0,795,159063,796,32,798,2,806,android,857,USB,858,1,947,0,1395,3,1500,158798,1688,1]
01-08 01:33:51.397 I/sysui_multi_action( 1526): [757,804,799,note_freshness,801,159063,802,1]
01-08 01:33:51.397 I/notification_visibility( 1526): [-1|android|32|null|1000,1,159063,159063,0,2]
01-08 01:33:51.406 I/OpenGLRenderer( 1984): Davey! duration=9223371868354ms; Flags=0, FrameTimelineVsyncId=-1, IntendedVsync=168499518996, Vsync=168499520559, InputEventId=0, HandleInputStart=168499526132, AnimationStart=168499527538, PerformTraversalsStart=168499528944, DrawStart=168502064934, FrameDeadline=9223372036854775807, FrameInterval=168499520559, FrameStartTime=16666666, SyncQueued=168502368163, SyncStart=168502721340, IssueDrawCommandsStart=168502915611, SwapBuffers=168504898892, FrameCompleted=9223372036854775807, DequeueBufferDuration=47292, QueueBufferDuration=824583, GpuCompleted=9223372036854775807, SwapBuffersCompleted=168506225298, DisplayPresentTime=0,
01-08 01:33:51.413 I/input_focus( 1526): [Focus request 1db9dd2 NotificationShade,reason=UpdateInputWindows]
01-08 01:33:51.430 I/input_focus( 1526): [Focus leaving 1bc00b2 com.android.launcher3/com.android.launcher3.uioverrides.QuickstepLauncher (server),reason=setFocusedWindow]
01-08 01:33:51.430 I/input_focus( 1526): [Focus entering 1db9dd2 NotificationShade (server),reason=setFocusedWindow]
01-08 01:33:51.436 I/input_interaction( 1526): Interaction with: 1bc00b2 com.android.launcher3/com.android.launcher3.uioverrides.QuickstepLauncher (server), fe7e613 com.android.systemui.ImageWallpaper (server), 1db9dd2 NotificationShade (server), edge-swipe (server), swipe-up (server), PointerEventDispatcher0 (server),
01-08 01:33:51.436 I/view_enqueue_input_event( 2543): [Motion - Cancel,com.android.launcher3/com.android.launcher3.uioverrides.QuickstepLauncher]
01-08 01:33:51.438 I/sysui_multi_action( 1984): [757,803,799,panel_open,802,1]
01-08 01:33:51.438 I/sysui_multi_action( 1984): [757,1328,758,4,1326,51,1327,71,1329,0]
01-08 01:33:51.449 I/input_interaction( 1526): Interaction with: fe7e613 com.android.systemui.ImageWallpaper (server), 1db9dd2 NotificationShade (server), edge-swipe (server), swipe-up (server), PointerEventDispatcher0 (server),
01-08 01:33:51.615 I/OMX-VENC: venc_dev( 1222): stats: avg. fps 12.92, bitrate 661704
01-08 01:33:51.725 I/sysui_multi_action( 1984): [757,111,758,1]
01-08 01:33:51.725 I/sysui_multi_action( 1984): [757,126,758,1,759,126,927,0,928,1,1593,0]
01-08 01:33:51.725 I/sysui_multi_action( 1984): [757,113,758,1,759,113,927,1,928,1,1593,0]
01-08 01:33:51.725 I/sysui_multi_action( 1984): [757,0,758,1,759,0,927,2,928,0,1593,0]
01-08 01:33:51.726 I/sysui_multi_action( 1984): [757,0,758,1,759,0,927,3,928,1,1593,0]
01-08 01:33:51.727 I/sysui_multi_action( 1984): [757,491,758,1,759,491,927,4,928,0,1311,-1,1593,0]
01-08 01:33:51.727 I/sysui_multi_action( 1984): [757,0,758,1,759,0,927,5,928,0,1593,0]
01-08 01:33:51.727 I/sysui_multi_action( 1984): [757,111,758,1]
01-08 01:33:51.727 I/sysui_multi_action( 1984): [757,126,758,1,759,126,927,0,928,1,1593,0]
01-08 01:33:51.727 I/sysui_multi_action( 1984): [757,113,758,1,759,113,927,1,928,1,1593,0]
01-08 01:33:51.727 I/sysui_multi_action( 1984): [757,0,758,1,759,0,927,2,928,0,1593,0]
01-08 01:33:51.727 I/sysui_multi_action( 1984): [757,0,758,1,759,0,927,3,928,1,1593,0]
01-08 01:33:51.756 I/OpenGLRenderer( 1984): Davey! duration=9223371868014ms; Flags=0, FrameTimelineVsyncId=8419, IntendedVsync=168839756146, Vsync=168839756146, InputEventId=0, HandleInputStart=168840154361, AnimationStart=168840156184, PerformTraversalsStart=168847083527, DrawStart=168849459569, FrameDeadline=168861089478, FrameInterval=168840149777, FrameStartTime=16666666, SyncQueued=168852853892, SyncStart=168852952746, IssueDrawCommandsStart=168854587121, SwapBuffers=168858335663, FrameCompleted=9223372036854775807, DequeueBufferDuration=36979, QueueBufferDuration=1242240, GpuCompleted=9223372036854775807, SwapBuffersCompleted=168860523736, DisplayPresentTime=0,
01-08 01:33:51.798 I/mpu_uart( 640): [MSG-P:RECV]:No message received in 1000 ms
01-08 01:33:51.963 I/auditd ( 0): type=1400 audit(0.0:705): avc: denied { kill } for comm="swapper/1" capability=5 scontext=u:r:kernel:s0 tcontext=u:r:kernel:s0 tclass=capability permissive=0
01-08 01:33:51.963 W/swapper/1( 0): type=1400 audit(0.0:705): avc: denied { kill } for capability=5 scontext=u:r:kernel:s0 tcontext=u:r:kernel:s0 tclass=capability permissive=0
01-08 01:33:52.230 W/View ( 1984): requestLayout() improperly called by android.widget.TextView{28eb761 V.ED..... ..S...ID 0,38-136,68 #7f0b00a4 app:id/app_label} during layout: running second layout pass
01-08 01:33:52.250 W/View ( 1984): requestLayout() improperly called by android.widget.TextView{28eb761 V.ED..... ..S..... 0,38-136,68 #7f0b00a4 app:id/app_label} during second layout pass: posting in next frame
01-08 01:33:52.423 I/hpplay-java( 2713): [main]:IPManager:getActiveNets type: WIFI
01-08 01:33:52.423 I/hpplay-java( 2713): [main]:IPManager:getActiveNets eth0:false wifi:true mobile:false ap:false
01-08 01:33:52.423 I/hpplay-java( 2713): [main]:IPManager:getIPAddress IP_WLAN0
01-08 01:33:52.442 W/hpplay-java( 2713): [main]:DeviceUtils:getDomain create lb domain
01-08 01:33:52.454 I/hpplay-java( 2713): [main]:Upgrade:upgrade not be allowed
01-08 01:33:52.454 I/hpplay-java( 2713): [AsyncTask #1]:HttpRequest:http://gslb.hpplay.cn/lebo-flux-sdk/sdk/service/upload path post
01-08 01:33:52.619 I/OMX-VENC: venc_dev( 1222): stats: avg. fps 57.80, bitrate 4459111
01-08 01:33:52.675 I/hpplay-java( 2713): [AsyncTask #1]:HttpRequest:doPost responseCode:200
01-08 01:33:52.799 I/mpu_uart( 640): [MSG-P:RECV]:No message received in 1000 ms
01-08 01:33:52.895 I/mpu_uart( 640): [MSG-P:R]:recv sync frame timeout
01-08 01:33:52.981 I/input_interaction( 1526): Interaction with: 1db9dd2 NotificationShade (server), edge-swipe (server), swipe-up (server), PointerEventDispatcher0 (server),
01-08 01:33:53.414 I/GameModeConfig( 1526): isGameModeOn = true
01-08 01:33:53.414 I/GameModeConfig( 1526): isGaming = false
01-08 01:33:53.415 I/GameModeConfig( 1526): isGameModeOn = true
01-08 01:33:53.415 I/GameModeConfig( 1526): isGaming = false
01-08 01:33:53.415 I/GameModeConfig( 1526): isGameModeOn = true
01-08 01:33:53.415 I/GameModeConfig( 1526): isGaming = false
01-08 01:33:53.415 I/GameModeConfig( 1526): isGameModeOn = true
01-08 01:33:53.415 I/GameModeConfig( 1526): isGaming = false
01-08 01:33:53.415 I/GameModeConfig( 1526): isGameModeOn = true
01-08 01:33:53.415 I/GameModeConfig( 1526): isGaming = false
01-08 01:33:53.417 I/notification_enqueue( 1526): [10081,1984,com.android.systemui,2048,NULL,0,Notification(channel=updateNotification shortcut=null contentView=null vibrate=null sound=null defaults=0x0 flags=0x0 color=0x00000000 vis=PRIVATE),1]
01-08 01:33:53.419 I/sysui_multi_action( 1984): [757,111,758,2]
01-08 01:33:53.421 I/sysui_multi_action( 1984): [757,111,758,2]
01-08 01:33:53.620 I/GameModeConfig( 1526): isGameModeOn = true
01-08 01:33:53.620 I/GameModeConfig( 1526): isGaming = false
01-08 01:33:53.623 V/GameMode_GameTypeUtils( 2387): judge isGame:com.android.launcher3
01-08 01:33:53.626 E/GameMode_GameModeNotificationListenerService( 2387): title :content :,PackageName:com.android.systemui,isGameModeOn:true,isBulletScreenOn:false,isBulletScreenPackage:false
01-08 01:33:53.628 I/OMX-VENC: venc_dev( 1222): stats: avg. fps 58.50, bitrate 3363836
01-08 01:33:53.631 I/input_focus( 1526): [Focus request 1bc00b2 com.android.launcher3/com.android.launcher3.uioverrides.QuickstepLauncher,reason=UpdateInputWindows]
01-08 01:33:53.637 I/sysui_multi_action( 1526): [757,128,758,2,793,160763,794,2241,795,160763,796,26,798,1,806,android,857,DEVELOPER_IMPORTANT,858,4,947,0,1395,3,1500,160375,1688,1]
01-08 01:33:53.637 I/notification_visibility( 1526): [-1|android|26|null|1000,0,160763,160763,0,1]
01-08 01:33:53.638 I/sysui_multi_action( 1526): [757,128,758,2,793,104251,794,2241,795,104251,796,4274,798,0,806,com.android.systemui,857,screen_record,858,3,947,0,1395,3,1500,104045,1688,1]
01-08 01:33:53.639 I/notification_visibility( 1526): [0|com.android.systemui|4274|null|10081,0,104251,104251,0,0]
01-08 01:33:53.640 I/sysui_multi_action( 1526): [757,128,758,2,793,161306,794,2243,795,161306,796,32,798,2,806,android,857,USB,858,1,947,0,1395,3,1500,161041,1688,1]
01-08 01:33:53.640 I/notification_visibility( 1526): [-1|android|32|null|1000,0,161306,161306,0,2]
01-08 01:33:53.641 D/StatusBar( 1984): disable disable2
01-08 01:33:53.645 I/sysui_multi_action( 1526): [757,127,758,2]
01-08 01:33:53.645 I/notification_panel_hidden( 1526):
01-08 01:33:53.652 I/input_focus( 1526): [Focus leaving 1db9dd2 NotificationShade (server),reason=NOT_FOCUSABLE]
01-08 01:33:53.652 I/input_focus( 1526): [Focus entering 1bc00b2 com.android.launcher3/com.android.launcher3.uioverrides.QuickstepLauncher (server),reason=setFocusedWindow]
01-08 01:33:53.664 D/InterruptionStateProvider( 1984): No bubble up: not allowed to bubble: 0|com.android.systemui|2048|null|10081
01-08 01:33:53.664 D/InterruptionStateProvider( 1984): No heads up: unimportant notification: 0|com.android.systemui|2048|null|10081
01-08 01:33:53.668 D/PeopleSpaceWidgetMgr( 1984): Sbn doesn't contain valid PeopleTileKey: null/0/com.android.systemui
01-08 01:33:53.677 V/KeyguardUpdateMonitor( 1984): *** unregister callback for com.android.keyguard.CarrierTextManager$2@6c4d0a8
01-08 01:33:53.799 I/mpu_uart( 640): [MSG-P:RECV]:No message received in 1000 ms
01-08 01:33:53.963 I/auditd ( 0): type=1400 audit(0.0:706): avc: denied { kill } for comm="swapper/3" capability=5 scontext=u:r:kernel:s0 tcontext=u:r:kernel:s0 tclass=capability permissive=0
01-08 01:33:53.963 W/swapper/3( 0): type=1400 audit(0.0:706): avc: denied { kill } for capability=5 scontext=u:r:kernel:s0 tcontext=u:r:kernel:s0 tclass=capability permissive=0
01-08 01:33:54.464 I/input_interaction( 1526): Interaction with: 1bc00b2 com.android.launcher3/com.android.launcher3.uioverrides.QuickstepLauncher (server), fe7e613 com.android.systemui.ImageWallpaper (server), edge-swipe (server), swipe-up (server), PointerEventDispatcher0 (server),
01-08 01:33:54.799 I/mpu_uart( 640): [MSG-P:RECV]:No message received in 1000 ms
01-08 01:33:54.963 I/auditd ( 0): type=1400 audit(0.0:707): avc: denied { kill } for comm="swapper/3" capability=5 scontext=u:r:kernel:s0 tcontext=u:r:kernel:s0 tclass=capability permissive=0
01-08 01:33:54.963 W/swapper/3( 0): type=1400 audit(0.0:707): avc: denied { kill } for capability=5 scontext=u:r:kernel:s0 tcontext=u:r:kernel:s0 tclass=capability permissive=0
01-08 01:33:55.272 I/OMX-VENC: venc_dev( 1222): stats: avg. fps 16.42, bitrate 808506
01-08 01:33:55.453 D/StatusBar( 1984): disable disable2
01-08 01:33:55.454 I/sysui_multi_action( 1526): [757,127,758,1]
01-08 01:33:55.454 I/sysui_multi_action( 1526): [757,804,799,note_load,801,3,802,1]
01-08 01:33:55.454 I/notification_panel_revealed( 1526): 3
01-08 01:33:55.464 I/input_focus( 1526): [Focus request 1db9dd2 NotificationShade,reason=UpdateInputWindows]
01-08 01:33:55.475 I/sysui_multi_action( 1526): [757,128,758,1,793,162601,794,0,795,162601,796,26,798,1,806,android,857,DEVELOPER_IMPORTANT,858,4,947,0,1395,3,1500,162213,1688,1]
01-08 01:33:55.475 I/sysui_multi_action( 1526): [757,804,799,note_freshness,801,162601,802,1]
01-08 01:33:55.475 I/notification_visibility( 1526): [-1|android|26|null|1000,1,162601,162601,0,1]
01-08 01:33:55.476 I/sysui_multi_action( 1526): [757,128,758,1,793,106089,794,0,795,106089,796,4274,798,0,806,com.android.systemui,857,screen_record,858,3,947,0,1395,3,1500,105883,1688,1]
01-08 01:33:55.476 I/sysui_multi_action( 1526): [757,804,799,note_freshness,801,106089,802,1]
01-08 01:33:55.476 I/notification_visibility( 1526): [0|com.android.systemui|4274|null|10081,1,106089,106089,0,0]
01-08 01:33:55.476 I/sysui_multi_action( 1526): [757,128,758,1,793,163142,794,0,795,163142,796,32,798,2,806,android,857,USB,858,1,947,0,1395,3,1500,162877,1688,1]
01-08 01:33:55.476 I/sysui_multi_action( 1526): [757,804,799,note_freshness,801,163142,802,1]
01-08 01:33:55.476 I/notification_visibility( 1526): [-1|android|32|null|1000,1,163142,163142,0,2]
01-08 01:33:55.490 I/input_focus( 1526): [Focus leaving 1bc00b2 com.android.launcher3/com.android.launcher3.uioverrides.QuickstepLauncher (server),reason=setFocusedWindow]
01-08 01:33:55.490 I/input_focus( 1526): [Focus entering 1db9dd2 NotificationShade (server),reason=setFocusedWindow]
01-08 01:33:55.490 I/input_interaction( 1526): Interaction with: 1bc00b2 com.android.launcher3/com.android.launcher3.uioverrides.QuickstepLauncher (server), fe7e613 com.android.systemui.ImageWallpaper (server), 1db9dd2 NotificationShade (server), edge-swipe (server), swipe-up (server), PointerEventDispatcher0 (server),
01-08 01:33:55.491 I/view_enqueue_input_event( 2543): [Motion - Cancel,com.android.launcher3/com.android.launcher3.uioverrides.QuickstepLauncher]
01-08 01:33:55.492 I/sysui_multi_action( 1984): [757,803,799,panel_open,802,1]
01-08 01:33:55.492 I/sysui_multi_action( 1984): [757,1328,758,4,1326,52,1327,67,1329,0]
01-08 01:33:55.505 I/input_interaction( 1526): Interaction with: fe7e613 com.android.systemui.ImageWallpaper (server), 1db9dd2 NotificationShade (server), edge-swipe (server), swipe-up (server), PointerEventDispatcher0 (server),
01-08 01:33:55.751 I/sysui_multi_action( 1984): [757,111,758,1]
01-08 01:33:55.752 I/sysui_multi_action( 1984): [757,126,758,1,759,126,927,0,928,1,1593,0]
01-08 01:33:55.752 I/sysui_multi_action( 1984): [757,113,758,1,759,113,927,1,928,1,1593,0]
01-08 01:33:55.752 I/sysui_multi_action( 1984): [757,0,758,1,759,0,927,2,928,0,1593,0]
01-08 01:33:55.752 I/sysui_multi_action( 1984): [757,0,758,1,759,0,927,3,928,1,1593,0]
01-08 01:33:55.753 I/sysui_multi_action( 1984): [757,491,758,1,759,491,927,4,928,0,1311,-1,1593,0]
01-08 01:33:55.753 I/sysui_multi_action( 1984): [757,0,758,1,759,0,927,5,928,0,1593,0]
01-08 01:33:55.754 I/sysui_multi_action( 1984): [757,111,758,1]
01-08 01:33:55.754 I/sysui_multi_action( 1984): [757,126,758,1,759,126,927,0,928,1,1593,0]
01-08 01:33:55.754 I/sysui_multi_action( 1984): [757,113,758,1,759,113,927,1,928,1,1593,0]
01-08 01:33:55.755 I/sysui_multi_action( 1984): [757,0,758,1,759,0,927,2,928,0,1593,0]
01-08 01:33:55.755 I/sysui_multi_action( 1984): [757,0,758,1,759,0,927,3,928,1,1593,0]
01-08 01:33:55.799 I/mpu_uart( 640): [MSG-P:RECV]:No message received in 1000 ms
01-08 01:33:55.899 I/mpu_uart( 640): [MSG-P:R]:recv sync frame timeout
01-08 01:33:55.963 I/auditd ( 0): type=1400 audit(0.0:708): avc: denied { kill } for comm="swapper/3" capability=5 scontext=u:r:kernel:s0 tcontext=u:r:kernel:s0 tclass=capability permissive=0
01-08 01:33:55.963 W/swapper/3( 0): type=1400 audit(0.0:708): avc: denied { kill } for capability=5 scontext=u:r:kernel:s0 tcontext=u:r:kernel:s0 tclass=capability permissive=0
01-08 01:33:56.273 I/OMX-VENC: venc_dev( 1222): stats: avg. fps 46.98, bitrate 2863914
01-08 01:33:56.541 W/View ( 1984): requestLayout() improperly called by android.widget.TextView{28eb761 V.ED..... ..S...ID 0,38-136,68 #7f0b00a4 app:id/app_label} during layout: running second layout pass
01-08 01:33:56.567 W/View ( 1984): requestLayout() improperly called by android.widget.TextView{28eb761 V.ED..... ..S..... 0,38-136,68 #7f0b00a4 app:id/app_label} during second layout pass: posting in next frame
01-08 01:33:56.800 I/mpu_uart( 640): [MSG-P:RECV]:No message received in 1000 ms
01-08 01:33:56.963 I/auditd ( 0): type=1400 audit(0.0:709): avc: denied { kill } for comm="swapper/3" capability=5 scontext=u:r:kernel:s0 tcontext=u:r:kernel:s0 tclass=capability permissive=0
01-08 01:33:56.963 W/swapper/3( 0): type=1400 audit(0.0:709): avc: denied { kill } for capability=5 scontext=u:r:kernel:s0 tcontext=u:r:kernel:s0 tclass=capability permissive=0
01-08 01:33:57.278 I/OMX-VENC: venc_dev( 1222): stats: avg. fps 58.71, bitrate 3846699
01-08 01:33:57.391 I/input_interaction( 1526): Interaction with: 1db9dd2 NotificationShade (server), edge-swipe (server), swipe-up (server), PointerEventDispatcher0 (server),
01-08 01:33:57.408 I/hpplay-java( 2713): [main]:Upgrade:upgrade not be allowed
01-08 01:33:57.603 I/OpenGLRenderer( 1984): Davey! duration=9223371862154ms; Flags=0, FrameTimelineVsyncId=9043, IntendedVsync=174687123286, Vsync=174687123286, InputEventId=0, HandleInputStart=174687435036, AnimationStart=174687436806, PerformTraversalsStart=174687886338, DrawStart=174693554827, FrameDeadline=174708456618, FrameInterval=174687431286, FrameStartTime=16666666, SyncQueued=174693826494, SyncStart=174706864358, IssueDrawCommandsStart=174707055348, SwapBuffers=174707835192, FrameCompleted=9223372036854775807, DequeueBufferDuration=65364, QueueBufferDuration=454948, GpuCompleted=9223372036854775807, SwapBuffersCompleted=174709164671, DisplayPresentTime=0,
01-08 01:33:57.800 I/mpu_uart( 640): [MSG-P:RECV]:No message received in 1000 ms
01-08 01:33:57.874 I/GameModeConfig( 1526): isGameModeOn = true
01-08 01:33:57.874 I/GameModeConfig( 1526): isGaming = false
01-08 01:33:57.874 I/GameModeConfig( 1526): isGameModeOn = true
01-08 01:33:57.874 I/GameModeConfig( 1526): isGaming = false
01-08 01:33:57.874 I/GameModeConfig( 1526): isGameModeOn = true
01-08 01:33:57.874 I/GameModeConfig( 1526): isGaming = false
01-08 01:33:57.874 I/GameModeConfig( 1526): isGameModeOn = true
01-08 01:33:57.874 I/GameModeConfig( 1526): isGaming = false
01-08 01:33:57.875 I/GameModeConfig( 1526): isGameModeOn = true
01-08 01:33:57.875 I/GameModeConfig( 1526): isGaming = false
01-08 01:33:57.876 I/notification_enqueue( 1526): [10081,1984,com.android.systemui,2048,NULL,0,Notification(channel=updateNotification shortcut=null contentView=null vibrate=null sound=null defaults=0x0 flags=0x0 color=0x00000000 vis=PRIVATE),1]
01-08 01:33:57.876 I/sysui_multi_action( 1984): [757,111,758,2]
01-08 01:33:57.877 I/sysui_multi_action( 1984): [757,111,758,2]
01-08 01:33:58.079 I/GameModeConfig( 1526): isGameModeOn = true
01-08 01:33:58.079 I/GameModeConfig( 1526): isGaming = false
01-08 01:33:58.084 V/GameMode_GameTypeUtils( 2387): judge isGame:com.android.launcher3
01-08 01:33:58.084 E/GameMode_GameModeNotificationListenerService( 2387): title :content :,PackageName:com.android.systemui,isGameModeOn:true,isBulletScreenOn:false,isBulletScreenPackage:false
01-08 01:33:58.092 I/input_focus( 1526): [Focus request 1bc00b2 com.android.launcher3/com.android.launcher3.uioverrides.QuickstepLauncher,reason=UpdateInputWindows]
01-08 01:33:58.097 I/sysui_multi_action( 1526): [757,128,758,2,793,165223,794,2622,795,165223,796,26,798,1,806,android,857,DEVELOPER_IMPORTANT,858,4,947,0,1395,3,1500,164835,1688,1]
01-08 01:33:58.098 I/notification_visibility( 1526): [-1|android|26|null|1000,0,165223,165223,0,1]
01-08 01:33:58.098 I/sysui_multi_action( 1526): [757,128,758,2,793,108711,794,2622,795,108711,796,4274,798,0,806,com.android.systemui,857,screen_record,858,3,947,0,1395,3,1500,108505,1688,1]
01-08 01:33:58.099 I/notification_visibility( 1526): [0|com.android.systemui|4274|null|10081,0,108711,108711,0,0]
01-08 01:33:58.099 I/sysui_multi_action( 1526): [757,128,758,2,793,165765,794,2623,795,165765,796,32,798,2,806,android,857,USB,858,1,947,0,1395,3,1500,165500,1688,1]
01-08 01:33:58.099 I/notification_visibility( 1526): [-1|android|32|null|1000,0,165765,165765,0,2]
01-08 01:33:58.100 I/sysui_multi_action( 1526): [757,127,758,2]
01-08 01:33:58.100 I/notification_panel_hidden( 1526):
01-08 01:33:58.100 D/StatusBar( 1984): disable disable2
01-08 01:33:58.113 I/input_focus( 1526): [Focus leaving 1db9dd2 NotificationShade (server),reason=NOT_FOCUSABLE]
01-08 01:33:58.113 I/input_focus( 1526): [Focus entering 1bc00b2 com.android.launcher3/com.android.launcher3.uioverrides.QuickstepLauncher (server),reason=setFocusedWindow]
01-08 01:33:58.124 D/InterruptionStateProvider( 1984): No bubble up: not allowed to bubble: 0|com.android.systemui|2048|null|10081
01-08 01:33:58.124 D/InterruptionStateProvider( 1984): No heads up: unimportant notification: 0|com.android.systemui|2048|null|10081
01-08 01:33:58.128 D/PeopleSpaceWidgetMgr( 1984): Sbn doesn't contain valid PeopleTileKey: null/0/com.android.systemui
01-08 01:33:58.141 V/KeyguardUpdateMonitor( 1984): *** unregister callback for com.android.keyguard.CarrierTextManager$2@6c4d0a8
01-08 01:33:58.279 I/OMX-VENC: venc_dev( 1222): stats: avg. fps 57.94, bitrate 3198859
01-08 01:33:58.800 I/mpu_uart( 640): [MSG-P:RECV]:No message received in 1000 ms
01-08 01:33:58.903 I/mpu_uart( 640): [MSG-P:R]:recv sync frame timeout
01-08 01:33:58.963 I/auditd ( 0): type=1400 audit(0.0:710): avc: denied { kill } for comm="swapper/3" capability=5 scontext=u:r:kernel:s0 tcontext=u:r:kernel:s0 tclass=capability permissive=0
01-08 01:33:58.963 W/swapper/3( 0): type=1400 audit(0.0:710): avc: denied { kill } for capability=5 scontext=u:r:kernel:s0 tcontext=u:r:kernel:s0 tclass=capability permissive=0
01-08 01:33:59.618 I/OMX-VENC: venc_dev( 1222): stats: avg. fps 12.69, bitrate 602040
01-08 01:33:59.801 I/mpu_uart( 640): [MSG-P:RECV]:No message received in 1000 ms
01-08 01:33:59.963 I/auditd ( 0): type=1400 audit(0.0:711): avc: denied { kill } for comm="swapper/3" capability=5 scontext=u:r:kernel:s0 tcontext=u:r:kernel:s0 tclass=capability permissive=0
01-08 01:33:59.963 W/swapper/3( 0): type=1400 audit(0.0:711): avc: denied { kill } for capability=5 scontext=u:r:kernel:s0 tcontext=u:r:kernel:s0 tclass=capability permissive=0
01-08 01:34:00.003 D/KeyguardUpdateMonitor( 1984): received broadcast android.intent.action.TIME_TICK
01-08 01:34:00.003 D/KeyguardUpdateMonitor( 1984): handleTimeUpdate
01-08 01:34:00.003 W/QCC:PeriodicCI( 2367): [ERROR] Current time is wrong, status=3
01-08 01:34:00.106 I/input_interaction( 1526): Interaction with: 1bc00b2 com.android.launcher3/com.android.launcher3.uioverrides.QuickstepLauncher (server), fe7e613 com.android.systemui.ImageWallpaper (server), edge-swipe (server), swipe-up (server), PointerEventDispatcher0 (server),
01-08 01:34:00.228 D/Launcher( 2543): closeEditMode:
01-08 01:34:00.231 D/StateManager( 2543): goToState: Normal
01-08 01:34:00.232 D/EditModeHelper( 2543): setHotseatVisibility: 0
01-08 01:34:00.234 D/FreeWindowHelper( 2543): enterOrExitRecentTasks: isEnterRecentTasks=false,mExitFlag=0
01-08 01:34:00.235 W/FreeFormWindowHelper( 1526): exitRecentTasks type=0
01-08 01:34:00.245 W/View ( 2543): requestLayout() improperly called by com.android.launcher3.views.NoInsetView{73e83be V.ED..... ......ID 2038,0-2380,1020 #7f09007c app:id/bg_hotseat} during layout: running second layout pass
01-08 01:34:00.441 I/commit_sys_config_file( 1526): [settings-1-0,7]
01-08 01:34:00.622 I/OMX-VENC: venc_dev( 1222): stats: avg. fps 14.94, bitrate 2123934
01-08 01:34:00.801 I/mpu_uart( 640): [MSG-P:RECV]:No message received in 1000 ms
01-08 01:34:00.963 I/auditd ( 0): type=1400 audit(0.0:712): avc: denied { kill } for comm="swapper/3" capability=5 scontext=u:r:kernel:s0 tcontext=u:r:kernel:s0 tclass=capability permissive=0
01-08 01:34:00.963 W/swapper/3( 0): type=1400 audit(0.0:712): avc: denied { kill } for capability=5 scontext=u:r:kernel:s0 tcontext=u:r:kernel:s0 tclass=capability permissive=0
01-08 01:34:01.623 I/OMX-VENC: venc_dev( 1222): stats: avg. fps 2.00, bitrate 65201
01-08 01:34:01.801 I/mpu_uart( 640): [MSG-P:RECV]:No message received in 1000 ms
01-08 01:34:01.907 I/mpu_uart( 640): [MSG-P:R]:recv sync frame timeout
01-08 01:34:01.966 D/EditModeHelper( 2543): setHotseatVisibility: 8
01-08 01:34:01.963 I/auditd ( 0): type=1400 audit(0.0:713): avc: denied { kill } for comm="swapper/3" capability=5 scontext=u:r:kernel:s0 tcontext=u:r:kernel:s0 tclass=capability permissive=0
01-08 01:34:01.963 W/swapper/3( 0): type=1400 audit(0.0:713): avc: denied { kill } for capability=5 scontext=u:r:kernel:s0 tcontext=u:r:kernel:s0 tclass=capability permissive=0
01-08 01:34:01.969 W/FreeFormWindowHelper( 1526): Current Display FreeFormTask is null
01-08 01:34:01.970 D/FreeWindowContainer( 2543): reloadTask: null
01-08 01:34:01.969 W/FreeFormWindowHelper( 1526): Current Display FreeFormTask is null
01-08 01:34:01.972 W/FreeFormWindowHelper( 1526): Current Display FreeFormTask is null
01-08 01:34:01.972 W/FreeFormWindowHelper( 1526): Current Display FreeFormTask is null
01-08 01:34:01.972 W/FreeFormWindowHelper( 1526): Current Display FreeFormTask is null
01-08 01:34:01.972 W/FreeFormWindowHelper( 1526): Current Display FreeFormTask is null
01-08 01:34:01.994 I/view_enqueue_input_event( 2543): [Motion - Cancel,com.android.launcher3/com.android.launcher3.uioverrides.QuickstepLauncher]
01-08 01:34:01.994 I/InputDispatcher( 1526): Monitor swipe-up (server) is stealing touch from [1bc00b2 com.android.launcher3/com.android.launcher3.uioverrides.QuickstepLauncher (server), fe7e613 com.android.systemui.ImageWallpaper (server), ]
01-08 01:34:01.995 W/FreeFormWindowHelper( 1526): Current Display FreeFormTask is null
01-08 01:34:01.997 W/FreeFormWindowHelper( 1526): Current Display FreeFormTask is null
01-08 01:34:01.997 V/ShadeControllerImpl( 1984): NotificationShadeWindow: com.android.systemui.statusbar.phone.NotificationShadeWindowView{8dd8b58 I.E...... ......ID 0,0-2380,1020} canPanelBeCollapsed(): false
01-08 01:34:02.001 D/libEGL ( 1526): MSAA-->msaa:2 gamemode:0 4x_msaa:0
01-08 01:34:02.002 D/libEGL ( 1526): MSAA-->msaa:2 gamemode:0 4x_msaa:0
01-08 01:34:02.003 D/libEGL ( 1526): MSAA-->msaa:2 gamemode:0 4x_msaa:0
01-08 01:34:02.007 I/input_interaction( 1526): Interaction with: edge-swipe (server), swipe-up (server), PointerEventDispatcher0 (server),
01-08 01:34:02.010 D/BaseIconFactory( 2543): normalizeAndWrapToAdaptiveIcon: scale=0.8095241
01-08 01:34:02.016 W/FreeFormWindowHelper( 1526): Current Display FreeFormTask is null
01-08 01:34:02.033 W/FreeFormWindowHelper( 1526): Current Display FreeFormTask is null
01-08 01:34:02.034 W/ActivityTaskManager( 1526): getTaskSnapshot: taskId=1016 not found
01-08 01:34:02.049 W/FreeFormWindowHelper( 1526): Current Display FreeFormTask is null
01-08 01:34:02.178 I/commit_sys_config_file( 1526): [settings-1-0,10]
01-08 01:34:02.350 D/NoButtonQuickSwitchTouchController( 2543): onMotionPauseDetected:
01-08 01:34:02.352 D/vendor.qti.vibrator( 844): Vibrator perform effect 0
01-08 01:34:02.353 D/vendor.qti.vibrator( 844): Vibrator on for timeoutMs: 10
01-08 01:34:02.353 D/vendor.qti.vibrator( 844): Starting on on another thread
01-08 01:34:02.362 D/vendor.qti.vibrator( 844): QTI Vibrator off
01-08 01:34:02.363 D/vendor.qti.vibrator( 844): Notifying on complete
01-08 01:34:02.382 D/vendor.qti.vibrator( 844): Vibrator on for timeoutMs: 30
01-08 01:34:02.383 D/vendor.qti.vibrator( 844): Starting on on another thread
01-08 01:34:02.413 D/vendor.qti.vibrator( 844): Notifying on complete
01-08 01:34:02.413 D/vendor.qti.vibrator( 844): QTI Vibrator off
01-08 01:34:02.461 D/NoButtonQuickSwitchTouchController( 2543): onDragEnd: noFling=true,isPaused=true,velocity=PointF(-0.023012005, 0.035511624)
01-08 01:34:02.462 D/EditModeHelper( 2543): setHotseatVisibility: 0
01-08 01:34:02.507 W/FreeFormWindowHelper( 1526): Current Display FreeFormTask is null
01-08 01:34:02.507 W/View ( 2543): requestLayout() improperly called by com.android.launcher3.views.NoInsetView{73e83be V.ED..... ......ID 2038,0-2380,1020 #7f09007c app:id/bg_hotseat} during layout: running second layout pass
01-08 01:34:02.529 W/FreeFormWindowHelper( 1526): Current Display FreeFormTask is null
01-08 01:34:02.546 W/FreeFormWindowHelper( 1526): Current Display FreeFormTask is null
01-08 01:34:02.560 W/FreeFormWindowHelper( 1526): Current Display FreeFormTask is null
01-08 01:34:02.578 W/FreeFormWindowHelper( 1526): Current Display FreeFormTask is null
01-08 01:34:02.595 W/FreeFormWindowHelper( 1526): Current Display FreeFormTask is null
01-08 01:34:02.617 W/FreeFormWindowHelper( 1526): Current Display FreeFormTask is null
01-08 01:34:02.633 W/FreeFormWindowHelper( 1526): Current Display FreeFormTask is null
01-08 01:34:02.637 I/OMX-VENC: venc_dev( 1222): stats: avg. fps 18.75, bitrate 2574531
01-08 01:34:02.638 W/System ( 1526): A resource failed to call close.
01-08 01:34:02.638 W/System ( 1526): A resource failed to call close.
01-08 01:34:02.638 W/System ( 1526): A resource failed to call close.
01-08 01:34:02.639 W/System ( 1526): A resource failed to call close.
01-08 01:34:02.639 W/System ( 1526): A resource failed to call close.
01-08 01:34:02.640 W/System ( 1526): A resource failed to call close.
01-08 01:34:02.641 W/System ( 1526): A resource failed to call close.
01-08 01:34:02.641 W/System ( 1526): A resource failed to call close.
01-08 01:34:02.641 W/System ( 1526): A resource failed to call close.
01-08 01:34:02.641 W/System ( 1526): A resource failed to call close.
01-08 01:34:02.642 W/System ( 1526): A resource failed to call close.
01-08 01:34:02.648 W/FreeFormWindowHelper( 1526): Current Display FreeFormTask is null
01-08 01:34:02.661 W/FreeFormWindowHelper( 1526): Current Display FreeFormTask is null
01-08 01:34:02.669 I/commit_sys_config_file( 1526): [settings-1-0,4]
01-08 01:34:02.678 W/FreeFormWindowHelper( 1526): Current Display FreeFormTask is null
01-08 01:34:02.697 W/FreeFormWindowHelper( 1526): Current Display FreeFormTask is null
01-08 01:34:02.710 W/FreeFormWindowHelper( 1526): Current Display FreeFormTask is null
01-08 01:34:02.727 W/FreeFormWindowHelper( 1526): Current Display FreeFormTask is null
01-08 01:34:02.744 W/FreeFormWindowHelper( 1526): Current Display FreeFormTask is null
01-08 01:34:02.762 W/FreeFormWindowHelper( 1526): Current Display FreeFormTask is null
01-08 01:34:02.778 W/FreeFormWindowHelper( 1526): Current Display FreeFormTask is null
01-08 01:34:02.794 D/StateManager( 2543): goToState: Overview
01-08 01:34:02.794 D/FreeWindowHelper( 2543): enterOrExitRecentTasks: isEnterRecentTasks=true,mExitFlag=0
01-08 01:34:02.795 W/FreeFormWindowHelper( 1526): Current Display FreeFormTask is null
01-08 01:34:02.795 D/FreeWindowContainer( 2543): reloadTask: null
01-08 01:34:02.799 D/EditModeHelper( 2543): setHotseatVisibility: 0
01-08 01:34:02.802 I/mpu_uart( 640): [MSG-P:RECV]:No message received in 1000 ms
01-08 01:34:02.810 W/FreeFormWindowHelper( 1526): Current Display FreeFormTask is null
01-08 01:34:02.963 I/auditd ( 0): type=1400 audit(0.0:714): avc: denied { kill } for comm="swapper/3" capability=5 scontext=u:r:kernel:s0 tcontext=u:r:kernel:s0 tclass=capability permissive=0
01-08 01:34:02.963 W/swapper/3( 0): type=1400 audit(0.0:714): avc: denied { kill } for capability=5 scontext=u:r:kernel:s0 tcontext=u:r:kernel:s0 tclass=capability permissive=0
01-08 01:34:03.636 I/GameModeConfig( 1526): isGameModeOn = true
01-08 01:34:03.636 I/GameModeConfig( 1526): isGaming = false
01-08 01:34:03.802 I/mpu_uart( 640): [MSG-P:RECV]:No message received in 1000 ms
01-08 01:34:03.963 I/auditd ( 0): type=1400 audit(0.0:715): avc: denied { kill } for comm="swapper/3" capability=5 scontext=u:r:kernel:s0 tcontext=u:r:kernel:s0 tclass=capability permissive=0
01-08 01:34:03.963 W/swapper/3( 0): type=1400 audit(0.0:715): avc: denied { kill } for capability=5 scontext=u:r:kernel:s0 tcontext=u:r:kernel:s0 tclass=capability permissive=0
01-08 01:34:04.628 I/input_interaction( 1526): Interaction with: 1bc00b2 com.android.launcher3/com.android.launcher3.uioverrides.QuickstepLauncher (server), fe7e613 com.android.systemui.ImageWallpaper (server), edge-swipe (server), swipe-up (server), PointerEventDispatcher0 (server),
01-08 01:34:04.631 I/OMX-VENC: venc_dev( 1222): stats: avg. fps 7.02, bitrate 1297342
01-08 01:34:04.792 D/FreeWindowHelper( 2543): setExitFlag: old=0,new=1
01-08 01:34:04.794 I/thunderperf( 1526): Maybe need boostperf for current app!
01-08 01:34:04.794 D/FgBoostPerfService( 2387): [FgBoostPerfService.perfBoostAcq]start: stat=true pkgName=com.android.music
01-08 01:34:04.794 V/GameMode_GameTypeUtils( 2387): judge isGame:com.android.music
01-08 01:34:04.794 I/FgBoostPerfService( 2387): [FgBoostPerfService.perfBoostAcq] not game-mode or game app!
01-08 01:34:04.795 I/ThunderPerfManager( 1526): PerfAcq error : state=true pkgName=com.android.music
01-08 01:34:04.795 V/GameMode_GameTypeUtils( 2387): judge isGame:com.android.music
01-08 01:34:04.795 I/FgBoostPerfService( 2387): [GetGpuMode] isMode=1 isGame=false mGpuMode=1
01-08 01:34:04.795 V/GameMode_GameTypeUtils( 2387): judge isGame:com.android.music
01-08 01:34:04.795 I/FgBoostPerfService( 2387): [GetGpuDpiType] isMode=1 isGame=false mGpuDpiType=0
01-08 01:34:04.796 I/thunderperf( 1526): Current app pkgName=com.android.music bm:com.thundercomm.perf.BoostPerfManager@3df94a1 gpuMode=-1 gpuType=-1
01-08 01:34:04.796 I/ThunderBoostPerfService( 1526): Resolution: Uid=10078 Pid=2543 gMode=-1 dType=-1
01-08 01:34:04.796 I/thunderperf( 1526): PlatormCompat.setOverrides: Uid1=10078 Pid1=2543 Uid2=10078 Pid2=2543
01-08 01:34:04.797 I/thunderperf( 1526): PlatormCompat.setOverrides: needCheck:false
01-08 01:34:04.797 I/thunderperf( 1526): CompatConfig.addOverrideUnsafe: bef-state=1
01-08 01:34:04.797 I/thunderperf( 1526): CompatConfig.addOverrideUnsafe: aft-state=0
01-08 01:34:04.798 I/thunderperf( 1526): CompatConfig.addOverrideUnsafe: bef-state=1
01-08 01:34:04.799 I/thunderperf( 1526): CompatConfig.addOverrideUnsafe: aft-state=0
01-08 01:34:04.799 I/thunderperf( 1526): CompatConfig.addOverrideUnsafe: bef-state=1
01-08 01:34:04.799 I/thunderperf( 1526): CompatConfig.addOverrideUnsafe: aft-state=0
01-08 01:34:04.800 I/thunderperf( 1526): CompatConfig.addOverrideUnsafe: bef-state=1
01-08 01:34:04.800 I/thunderperf( 1526): CompatConfig.addOverrideUnsafe: aft-state=0
01-08 01:34:04.801 I/thunderperf( 1526): CompatConfig.addOverrideUnsafe: bef-state=1
01-08 01:34:04.801 I/thunderperf( 1526): CompatConfig.addOverrideUnsafe: aft-state=0
01-08 01:34:04.802 I/thunderperf( 1526): CompatConfig.addOverrideUnsafe: bef-state=1
01-08 01:34:04.802 I/thunderperf( 1526): CompatConfig.addOverrideUnsafe: aft-state=0
01-08 01:34:04.802 I/mpu_uart( 640): [MSG-P:RECV]:No message received in 1000 ms
01-08 01:34:04.803 I/thunderperf( 1526): CompatConfig.addOverrideUnsafe: bef-state=1
01-08 01:34:04.803 I/thunderperf( 1526): CompatConfig.addOverrideUnsafe: aft-state=0
01-08 01:34:04.803 I/thunderperf( 1526): CompatConfig.addOverrideUnsafe: bef-state=1
01-08 01:34:04.804 I/thunderperf( 1526): CompatConfig.addOverrideUnsafe: aft-state=0
01-08 01:34:04.804 I/thunderperf( 1526): CompatConfig.addOverrideUnsafe: bef-state=1
01-08 01:34:04.804 I/thunderperf( 1526): CompatConfig.addOverrideUnsafe: aft-state=0
01-08 01:34:04.805 I/thunderperf( 1526): CompatConfig.addOverrideUnsafe: bef-state=1
01-08 01:34:04.805 I/thunderperf( 1526): CompatConfig.addOverrideUnsafe: aft-state=0
