01-08 01:32:57.767 E/hpplay-base-dlna( 2713): ThreadPool.c:1047::on ThreadPoolShutdown tp->totalThreads:6
01-08 01:32:57.768 E/hpplay-base-dlna( 2713): ThreadPool.c:1056::after ThreadPoolShutdown
01-08 01:32:57.768 E/hpplay-base-dlna( 2713): ThreadPool.c:1057::ThreadPoolShutdown tp->totalThreads:0
01-08 01:32:57.768 E/hpplay-base-dlna( 2713): upnpapi.c:661::after grecv ThreadPoolShutdown
01-08 01:32:57.768 E/hpplay-base-dlna( 2713): upnpapi.c:663::before gsend ThreadPoolShutdown
01-08 01:32:57.768 E/hpplay-base-dlna( 2713): ThreadPool.c:1047::on ThreadPoolShutdown tp->totalThreads:3
01-08 01:32:57.768 E/hpplay-base-dlna( 2713): ThreadPool.c:1056::after ThreadPoolShutdown
01-08 01:32:57.768 E/hpplay-base-dlna( 2713): ThreadPool.c:1057::ThreadPoolShutdown tp->totalThreads:0
01-08 01:32:57.768 E/hpplay-base-dlna( 2713): upnpapi.c:665::after gsend ThreadPoolShutdown
01-08 01:32:57.768 D/hpplay-base-dlna( 2713): [lebodlna-dlnaframe:253] dlnaservice Destroy 253 static ERROR_TYPE IDlnaFrame::DestroyDlnaFrame(IDlnaFrame *)
01-08 01:32:57.768 D/hpplay-base-dlna( 2713): [lebodlna-dlna_android:51] dlnaservice Destroy 51 int CDlnaService::Destroy()
01-08 01:32:57.768 D/hpplay-base-dlna( 2713): [lebodlna-dlna_android:194] stopDLNA end
01-08 01:32:57.774 I/mpu_uart( 640): [MSG-P:RECV]:No message received in 1000 ms
01-08 01:32:57.963 I/auditd ( 0): type=1400 audit(0.0:653): avc: denied { kill } for comm="swapper/3" capability=5 scontext=u:r:kernel:s0 tcontext=u:r:kernel:s0 tclass=capability permissive=0
01-08 01:32:57.963 W/swapper/3( 0): type=1400 audit(0.0:653): avc: denied { kill } for capability=5 scontext=u:r:kernel:s0 tcontext=u:r:kernel:s0 tclass=capability permissive=0
01-08 01:32:58.068 D/hpplay-base( 2713): [stream_mirror_compat:1489] request to stop screen stream session!!
01-08 01:32:58.068 D/hpplay-base( 2713): [AEventUtils:625] begin to stop event handle service!!
01-08 01:32:58.068 D/hpplay-base( 2713): [AEventUtils:628] stop event handle service ok!!
01-08 01:32:58.068 D/hpplay-base( 2713): [REventUtils:231] begin to stop report handle service!!
01-08 01:32:58.068 D/hpplay-base( 2713): [REventUtils:234] stop report handle service ok!!
01-08 01:32:58.068 D/hpplay-base( 2713): [lelinkSinkServer:711] HTTP Server stopSinkServer End .
01-08 01:32:58.068 D/hpplay-base( 2713): [jniBridge:1135] notifyJavaServerStoped
01-08 01:32:58.068 D/hpplay-base( 2713): [jniBridge:1726] notifyJava, what:202, castType:0, mimeType:0 baseStatus:4
01-08 01:32:58.068 D/hpplay-base( 2713): [jniBridge:1727] notifyJava sessionID:(null)
01-08 01:32:58.068 I/hpplay-java( 2713): [Thread-81]:Bridge:notify: what: 202
01-08 01:32:58.068 I/hpplay-java( 2713): [Thread-81]:Bridge:notify: out: OutParameters:{audioSessionId=-1, audiotrackIndex=0, castHandleType=-1, castType=0, deviceName='', dlnaName='', dramaID='', extra=0, frameHandleType=-1, handleInside=true, headduration=0, header='', headers=null, isAD=false, isMultiMirror=false, lelinkVer='', limitTime=0, , mediaAlbum='null', mediaAlbumArtURI='', mediaArtist='null', mediaAssets='', mediaTitle='null', mimeType=0, multiSession=null, period=0, pinCode='', playSpeed=0.0, playerChoice=0, plugin=0, port=0, position=0.0, positionUnit=2, protocol=0, realSessionID='', regType='', , sinkIp='', sourceAPPVersion='', sourceChannel='', sourceClientInfo='', sourceDeviceInfo='', sourceDeviceModel='', sourceDeviceName='', sourceDeviceType=0, sourceHID='', , sourceInfo='', , , sourceOSVersion='', sourceSDKVersion='', sourceUid='', stopDetail=0, stopReason=0, tailduration=0, url='', urlID='', urls=null, userAgent='', videoDecoder=0, volume=0, what=202}com.hpplay.sdk.sink.protocol.OutParameters@4c32bda
01-08 01:32:58.068 I/hpplay-java( 2713): [Thread-81]:Bridge:notify: address:51529739
01-08 01:32:58.069 D/hpplay-base( 2713): [LelinkBase:645] stopServerThreadFunc notifyJavaServerStoped!
01-08 01:32:58.069 I/hpplay-java( 2713): [main]:ServerTaskManager:startTimeOutCheck
01-08 01:32:58.069 I/hpplay-java( 2713): [main]:ServerBusiness:stopDaemonBusiness
01-08 01:32:58.069 I/hpplay-java( 2713): [main]:SinkDataReport:logout
01-08 01:32:58.069 I/hpplay-java( 2713): [main]:EPControl:release
01-08 01:32:58.069 I/hpplay-java( 2713): [AsyncTask #17]:GlideCreator:clearCache clearDiskCache
01-08 01:32:58.070 I/hpplay-java( 2713): [main]:Dispatcher:notifyAllReverseControlsStop
01-08 01:32:58.070 I/hpplay-java( 2713): [main]:Preference:checkFeature none
01-08 01:32:58.070 I/hpplay-java( 2713): [main]:Dispatcher:notifyAllUIControlsStop set: []
01-08 01:32:58.070 W/hpplay-java( 2713): NanoHTTPDServerRunnable:Communication with the client broken
01-08 01:32:58.070 W/hpplay-java( 2713): java.net.SocketException: Socket closed
01-08 01:32:58.070 W/hpplay-java( 2713): at java.net.PlainSocketImpl.socketAccept(PlainSocketImpl.java:213)
01-08 01:32:58.070 W/hpplay-java( 2713): at java.net.AbstractPlainSocketImpl.accept(AbstractPlainSocketImpl.java:451)
01-08 01:32:58.070 W/hpplay-java( 2713): at java.net.ServerSocket.implAccept(ServerSocket.java:547)
01-08 01:32:58.070 W/hpplay-java( 2713): at java.net.ServerSocket.accept(ServerSocket.java:515)
01-08 01:32:58.070 W/hpplay-java( 2713): at com.hpplay.nanohttpd.protocols.http.ServerRunnable.run(SourceFile:118)
01-08 01:32:58.070 W/hpplay-java( 2713): at java.lang.Thread.run(Thread.java:920)
01-08 01:32:58.070 I/hpplay-java( 2713): [main]:Bridge:findServiceID start out: 51529739
01-08 01:32:58.070 I/hpplay-java( 2713): NanoHTTPDNanoHTTPD:server is stoped
01-08 01:32:58.070 I/hpplay-java( 2713): [main]:Bridge:findServiceID end
01-08 01:32:58.070 I/hpplay-java( 2713): NanoHTTPDNanoHTTPD:clear obj
01-08 01:32:58.070 I/hpplay-java( 2713): [main]:ServerTaskManager:onStop retry:true
01-08 01:32:58.070 I/hpplay-java( 2713): [main]:ServerTaskManager:cancelTimeOutCheck
01-08 01:32:58.070 I/hpplay-java( 2713): [main]:IPManager:getActiveNets type: WIFI
01-08 01:32:58.070 I/hpplay-java( 2713): [main]:IPManager:getActiveNets eth0:false wifi:true mobile:false ap:false
01-08 01:32:58.070 I/hpplay-java( 2713): [main]:IPManager:getIPAddress IP_WLAN0
01-08 01:32:58.070 I/hpplay-java( 2713): [main]:IPManager:updateIPAddress getIPAddress: 192.168.4.16 name:vlan4
01-08 01:32:58.070 I/hpplay-java( 2713): [main]:IPManager:updateIPAddress getIPAddress: 192.168.124.22 name:wlan0
01-08 01:32:58.070 I/hpplay-java( 2713): [main]:IPManager:updateIPAddress getIPAddress: 192.168.8.16 name:vlan8
01-08 01:32:58.070 I/hpplay-java( 2713): [main]:IPManager:updateIPAddress getIPAddress: 192.168.11.16 name:vlan11
01-08 01:32:58.070 I/hpplay-java( 2713): [main]:IPManager:updateIPAddress getIPAddress: 192.168.0.16 name:vlan0
01-08 01:32:58.070 I/hpplay-java( 2713): [main]:IPManager:updateIPAddress getIPAddress: 192.168.2.16 name:vlan2
01-08 01:32:58.070 I/hpplay-java( 2713): [main]:IPManager:updateIPAddress getIPAddress: 192.168.1.16 name:vlan1
01-08 01:32:58.071 I/hpplay-java( 2713): [main]:ServerTaskManager:exeTask startServer
01-08 01:32:58.071 I/hpplay-java( 2713): [AsyncTask #29]:ServerBusiness:startDaemonBusiness
01-08 01:32:58.071 I/hpplay-java( 2713): [AsyncTask #5]:Bridge:assembleInParameters
01-08 01:32:58.071 I/hpplay-java( 2713): [AsyncTask #29]:TimeOutCheckUtil:addTask id:upgrade
01-08 01:32:58.071 I/hpplay-java( 2713): [AsyncTask #29]:TimeOutCheckUtil:addTask id:ijkupgrade
01-08 01:32:58.071 I/hpplay-java( 2713): [main]:ServerTaskManager:startTimeOutCheck
01-08 01:32:58.071 I/hpplay-java( 2713): [AsyncTask #5]:Bridge:createDeviceId deviceId:YTQ6MWE6NWI6N2U6YTg6MDY=
01-08 01:32:58.071 I/hpplay-java( 2713): [AsyncTask #5]:IPManager:getActiveNets type: WIFI
01-08 01:32:58.071 I/hpplay-java( 2713): [AsyncTask #5]:IPManager:getActiveNets eth0:false wifi:true mobile:false ap:false
01-08 01:32:58.071 I/hpplay-java( 2713): [AsyncTask #5]:IPManager:getIPAddress IP_WLAN0
01-08 01:32:58.071 I/hpplay-java( 2713): [AsyncTask #5]:Preference:checkFeature none
01-08 01:32:58.071 I/hpplay-java( 2713): [AsyncTask #5]:SWI:dlna tip
01-08 01:32:58.071 I/hpplay-java( 2713): [AsyncTask #5]:SWI:lefp tip
01-08 01:32:58.072 I/hpplay-java( 2713): [AsyncTask #5]:Bridge:assembleInParameters none alias name use device name: 高合娱乐副屏
01-08 01:32:58.072 I/hpplay-java( 2713): NanoHTTPDNanoHTTPD:server is started
01-08 01:32:58.072 I/hpplay-java( 2713): [AsyncTask #5]:Feature:isSendAdvertisement
01-08 01:32:58.072 I/hpplay-java( 2713): [AsyncTask #5]:Preference:checkFeature none
01-08 01:32:58.072 I/hpplay-java( 2713): [AsyncTask #5]:Preference:checkFeature none
01-08 01:32:58.072 I/hpplay-java( 2713): [AsyncTask #5]:Bridge:backupHpplayDat bakPath:
01-08 01:32:58.072 I/hpplay-java( 2713): [AsyncTask #5]:Bridge:path:/data/user/0/com.hht.lebocast/files/hpplay/file/happyplay.dat
01-08 01:32:58.072 I/hpplay-java( 2713): [AsyncTask #5]:Bridge:mAppId:21409
01-08 01:32:58.072 I/hpplay-java( 2713): [AsyncTask #5]:Bridge:mode:3
01-08 01:32:58.072 I/hpplay-java( 2713): [AsyncTask #5]:Bridge:type:1
01-08 01:32:58.072 I/hpplay-java( 2713): [AsyncTask #5]:Bridge:SN:
01-08 01:32:58.072 I/hpplay-java( 2713): [AsyncTask #5]:Preference:checkFeature none
01-08 01:32:58.072 I/hpplay-java( 2713): [AsyncTask #5]:Bridge:backPath:
01-08 01:32:58.072 I/hpplay-java( 2713): [AsyncTask #5]:DeviceUtil:getPermissionDid: 1
01-08 01:32:58.072 I/hpplay-java( 2713): [AsyncTask #5]:DeviceUtil:getPermissionDid: 1
01-08 01:32:58.072 I/hpplay-java( 2713): [AsyncTask #5]:BPIFileUtil:getMd5ByFile: 0FA04FD08975C81CDD9275F6AE23A020
01-08 01:32:58.072 I/hpplay-java( 2713): [AsyncTask #5]:Preference:checkFeature none
01-08 01:32:58.072 I/hpplay-java( 2713): [AsyncTask #5]:Preference:checkFeature none
01-08 01:32:58.072 I/hpplay-java( 2713): [AsyncTask #5]:Preference:checkFeature none
01-08 01:32:58.072 I/hpplay-java( 2713): [AsyncTask #5]:Preference:checkFeature none
01-08 01:32:58.072 I/hpplay-java( 2713): [AsyncTask #5]:Preference:checkFeature none
01-08 01:32:58.075 W/hpplay-java( 2713): [AsyncTask #5]:DeviceUtils:getDomain create lb domain
01-08 01:32:58.075 I/hpplay-java( 2713): [AsyncTask #5]:Feature:getMirrorAudioVideoSync DISABLE
01-08 01:32:58.075 I/hpplay-java( 2713): [AsyncTask #5]:Feature:checkSupportRedirectOtherApp,no set redirect api
01-08 01:32:58.075 I/hpplay-java( 2713): [AsyncTask #5]:Feature:getRedirectSearchFlag,value: 0
01-08 01:32:58.076 I/hpplay-java( 2713): [AsyncTask #5]:Bridge:mIn: InParameters{appInfo='0', appKey='21409', authMode=0, authPwd='null', broadcastDirection=0, broadcastState=1, broadcastTimeout=3, buildType='release', cacheAVPath='/data/user/0/com.hht.lebocast/cache/hpplay/av', cachePhotoPath='/data/user/0/com.hht.lebocast/cache/hpplay/image', channel='LEBO-APK--60146-25915', desPath='/data/user/0/com.hht.lebocast/files/hpplay/file/config/dcf', , deviceName='高合娱乐副屏', dlna=1, dlnaCompany='Microsoft Corporation', dlnaCompanyURL='http://www.microsoft.com', dlnaDeviceDescribe='Media Renderer', dlnaDeviceName='Windows Media Player', dlnaDeviceURL='http://go.microsoft.com/fwlink/Linkld=105927', dlnaLelinkSwitch=1, dlnaManufacturer=0, dlnaName='高合娱乐副屏', dlnaUPC='null', dlnaUUID='774c117d-0217-0fc4-1a60-e56e55fcc56d', domain='Lebo-figure-42ab7764ca4f', drainage=0, feature='6655', fps=60, height=1080, host='null', , keyPath='/data/user/0/com.hht.lebocast/files/hpplay/file', lelinkfp=1, lelinkfp2=0, logBaseState=1, logPath='/storage/emulated/0/com.hht.lebocast/sink/sdk/common', , mdnsEnable=1, mirrorSyncType=0, netCastVer='2.0', packageName='com.hht.lebocast', packagePath='/data/user/0/com.hht.lebocast', permissionDid='42:ab:77:64:ca:4f', permissionMode=3, permissionPreSN='', port=0, preemptMode=0, regType='_leboremote._tcp.', serverPorts=null, sockWaitTimeOut=45, teleControlPort=53388, tunnels=3, txtKeys=null, txtValues=null, uid='2755248317583304728', videoFrameType=1001, width=1920}com.hpplay.sdk.sink.protocol.InParameters@32f9367
01-08 01:32:58.076 I/hpplay-java( 2713): [main]:Bridge:startServer state: 0
01-08 01:32:58.077 D/hpplay-base( 2713): [jniBridge:185] not conference version
01-08 01:32:58.077 I/hpplay-base( 2713): [jniBridge:241] 1initServer nSettingWidth=1920 nSettingHeight=1080 nSettingMaxFPS=60 dlnaEnable=1 lelinkFpEnable=1
01-08 01:32:58.077 D/hpplay-base( 2713): [jniBridge:283] 1initServer cfg.leLinkIp=192.168.124.22
01-08 01:32:58.077 D/hpplay-base( 2713): [jniBridge:286] 1initServer cfg.mPermissionMode=3
01-08 01:32:58.077 D/hpplay-base( 2713): [jniBridge:304] 1initServer cfg.permissionDid=42:ab:77:64:ca:4f000000000000000
01-08 01:32:58.077 D/hpplay-base( 2713): [jniBridge:313] 1initServer cfg.mPermissionPreSN=00000000000000000000000000000000
01-08 01:32:58.077 D/hpplay-base( 2713): [jniBridge:317] Bridge___1initServer status:0
01-08 01:32:58.077 I/hpplay-base( 2713): [jniBridge:325] 1initServer cfg.feature=6655
01-08 01:32:58.077 D/hpplay-base( 2713): [jniBridge:377] 1initServer isSendBroadCast=3
01-08 01:32:58.077 D/hpplay-base( 2713): [jniBridge:380] 1initServer broadcastDirection=0
01-08 01:32:58.077 D/hpplay-base( 2713): [jniBridge:382] 1initServer ipBroadcast direction=0
01-08 01:32:58.077 D/hpplay-base( 2713): [jniBridge:387] 1initServer tunnel=3
01-08 01:32:58.077 D/hpplay-base( 2713): [jniBridge:390] 1initServer drainage=0
01-08 01:32:58.077 D/hpplay-base( 2713): [jniBridge:401] 1initServer mDNSEnable=1
01-08 01:32:58.077 D/hpplay-base( 2713): [jniBridge:406] 1initServer nSockWaitTimeOut=45
01-08 01:32:58.077 D/hpplay-base( 2713): [jniBridge:410] 1initServer nMirrorAudioVideoSync=0
01-08 01:32:58.077 I/hpplay-base( 2713): [sign_check:168] checkSign strPackageName:com.hht.lebocast
01-08 01:32:58.077 I/hpplay-base( 2713): [sign_check:169] checkSign buildType:release
01-08 01:32:58.077 I/hpplay-base( 2713): [sign_check:170] checkSign appKey:21409
01-08 01:32:58.077 D/hpplay-base( 2713): [LelinkBase:405] bridgeInit port: 0, lelinkfp: 0
01-08 01:32:58.077 D/hpplay-base( 2713): [LelinkBase:462] bridgeInit mPackagePath =/data/user/0/com.hht.lebocast
01-08 01:32:58.077 D/hpplay-base( 2713): [LelinkBase:463] bridgeInit mKeyPath =/data/user/0/com.hht.lebocast/files/hpplay/file
01-08 01:32:58.077 D/hpplay-base( 2713): [SinkContext:97] initSinkContext mPackagePath =/data/user/0/com.hht.lebocast
01-08 01:32:58.077 D/hpplay-base( 2713): [SinkContext:98] initSinkContext mKeyPath =/data/user/0/com.hht.lebocast/files/hpplay/file
01-08 01:32:58.077 D/hpplay-base( 2713): [jniBridge:478] Java_com_hpplay_sdk_sink_protocol_Bridge__1initServer end
01-08 01:32:58.077 D/hpplay-base( 2713): [jniBridge:869] Bridge__1startServer status:1
01-08 01:32:58.077 D/hpplay-base( 2713): [LelinkBase:492] startAllServer at base
01-08 01:32:58.077 D/hpplay-base( 2713): [lelinkSinkServer:152] httpPlugins_SetServerPort TYPE_SERVER_LELINK:52266
01-08 01:32:58.078 D/hpplay-base( 2713): [network.c:362] protocol bind host :192.168.124.22 port:52266 curent bind port:52266
01-08 01:32:58.078 D/hpplay-base( 2713): [lelinkSinkServer:681] HTTP Server real at:52266
01-08 01:32:58.078 D/hpplay-base( 2713): [ScreenStream:1285] current bind port:7100
01-08 01:32:58.078 D/hpplay-base( 2713): [LelinkBase:515] startAllServer pBaseContext->config.dlnaEnable:1
01-08 01:32:58.078 D/hpplay-base( 2713): [lelinkDlna:324] addDMRCallback end
01-08 01:32:58.078 D/hpplay-base( 2713): [lelinkSinkServer:644] Connected Service Type:0
01-08 01:32:58.078 D/hpplay-base( 2713): [stream_mirror_compat:759] compat mirror stream begin to run,server fd:98,thread_id:3144671680!!
01-08 01:32:58.078 I/hpplay-base( 2713): : (server.c.315) startServer listen_ing....:
01-08 01:32:58.078 D/hpplay-base( 2713): [Server:371] startHttpServer srv_sockets.used:1 nCurrentFd:72, tid is 5812
01-08 01:32:58.078 E/hpplay-base-dlna( 2713): miniserver.c:788::dlna_port(ipv4: 49152 ipv6:0)
01-08 01:32:58.078 D/hpplay-base-dlna( 2713): [lebodlna-dlnaframe:166] succeed to load lebodlnaplugin
01-08 01:32:58.078 D/hpplay-base-dlna( 2713): [lebodlna-dlnaframe:232] Succeed to load specified plugin:lebodlna_plugin
01-08 01:32:58.078 D/hpplay-base( 2713): [lelinkDlna:328] startDLNAServer ret=0
01-08 01:32:58.078 D/hpplay-base( 2713): [LelinkBase:531] startDLNAServer ret= 0
01-08 01:32:58.078 D/hpplay-base( 2713): [lelinkDlna:342] setDMRFriendlyName 高合娱乐副屏
01-08 01:32:58.078 D/hpplay-base-dlna( 2713): [lebodlna-dlna_android:136] setBroadcastTimeout mBroadcastTimeOut=66 status=3!
01-08 01:32:58.078 D/hpplay-base-dlna( 2713): [lebodlna_api:32] start DMR
01-08 01:32:58.078 D/hpplay-base-dlna( 2713): [UpnpDefine:434] RegisterDMRender invalid lelink info
01-08 01:32:58.079 D/hpplay-base-dlna( 2713): [UpnpDefine:551] DLNA DESCRIPTION FROME SERVER
01-08 01:32:58.079 E/hpplay-base-dlna( 2713): upnpapi.c:1078::Exiting RegisterRootDevice2 *Hnd =1, return value == 0
01-08 01:32:58.079 D/hpplay-base-dlna( 2713): [CUpnpDevice:41] Register Root Device 2:0
01-08 01:32:58.079 D/hpplay-base-dlna( 2713): [UpnpDefine:794] ESDMRender:Register success
01-08 01:32:58.079 D/hpplay-base-dlna( 2713): [lebodlna_api:41] sendBroadcast mBroadcastTimeOut=3
01-08 01:32:58.079 D/hpplay-base-dlna( 2713): [lebodlna_api:44] sendBroadcast timeout=66
01-08 01:32:58.081 W/hpplay-java( 2713): [AsyncTask #29]:ServerBusiness:startDaemonBusiness start LelinkHTTPD sucess 52288
01-08 01:32:58.130 D/hpplay-base( 2713): [lelinkDlna:361] startDLNADevice dlnaManufacturer:0 ret=0
01-08 01:32:58.130 D/hpplay-base( 2713): [LelinkBase:535] lelinkSetDlnaInfo ret= 0
01-08 01:32:58.130 D/hpplay-base( 2713): [LelinkBase:547] startAllServer pBaseContext->config.mDNSEnable:1
01-08 01:32:58.130 D/hpplay-base( 2713): [base_mdns:509] mdns net.hostname:
01-08 01:32:58.130 D/hpplay-base( 2713): [base_mdns:529] mdns namelabel:-36-7C-7C-00-00-0F
01-08 01:32:58.130 D/hpplay-base( 2713): [base_mdns:509] mdns net.hostname:
01-08 01:32:58.130 D/hpplay-base( 2713): [base_mdns:529] mdns namelabel:-36-7C-7C-00-00-0F
01-08 01:32:58.130 D/hpplay-base( 2713): [mdns:813] mdns start bind port:0
01-08 01:32:58.130 D/hpplay-base( 2713): [mdns:813] mdns start bind port:5353
01-08 01:32:58.130 D/hpplay-base( 2713): [mdns:813] mdns start bind port:5353
01-08 01:32:58.130 D/hpplay-base( 2713): [mdns:813] mdns start bind port:5353
01-08 01:32:58.130 D/hpplay-base( 2713): [mdns:813] mdns start bind port:5353
01-08 01:32:58.130 D/hpplay-base( 2713): [mdns:813] mdns start bind port:5353
01-08 01:32:58.130 D/hpplay-base( 2713): [mdns:813] mdns start bind port:5353
01-08 01:32:58.130 D/hpplay-base( 2713): [mdns:813] mdns start bind port:5353
01-08 01:32:58.130 I/hpplay-base( 2713): [mDNSEmbeded:57] embedded_mDNSInit stopmDNSNow:0 status:0
01-08 01:32:58.131 D/hpplay-base( 2713): [mDNSEmbeded:436] startmDNSServer end nRet=0
01-08 01:32:58.131 D/hpplay-base( 2713): [LelinkBase:555] lelink broadcast_on_off:1 log2java_on_off:1
01-08 01:32:58.131 D/hpplay-base( 2713): [LelinkMDNS:729] leboAuthorizationCheck strUuid=42:ab:77:64:ca:4f000000000000000
01-08 01:32:58.131 D/hpplay-base( 2713): [LelinkMDNS:730] leboAuthorizationCheck mPermissionDid=42:ab:77:64:ca:4f000000000000000
01-08 01:32:58.131 D/hpplay-base( 2713): [LelinkMDNS:755] leboAuthorizationCheck mPermissionMac=42:ab:77:64:ca:4f000000000000000
01-08 01:32:58.131 I/hpplay-base( 2713): [mDNSEmbeded:268] start lelink publish server, tid is 5827
01-08 01:32:58.131 D/hpplay-base( 2713): [mDNSEmbeded:197] http_port bind check 197 http_port_check
01-08 01:32:58.131 D/hpplay-base( 2713): [AEventUtils:595] request to start event handle service!!
01-08 01:32:58.131 D/hpplay-base( 2713): [AEventUtils:603] start_event_handle_service,begin to run!!
01-08 01:32:58.131 D/hpplay-base( 2713): [REventUtils:210] start_event_handle_service,begin to run!!
01-08 01:32:58.131 D/hpplay-base( 2713): [LelinkBase:576] startAllServer success .
01-08 01:32:58.131 D/hpplay-base( 2713): [jniBridge:894] startDlna_link:http://192.168.124.22:49152/description.xml
01-08 01:32:58.131 D/hpplay-base( 2713): [jniBridge:1081] notifyJavaDlnalink:http://192.168.124.22:49152/description.xml
01-08 01:32:58.131 D/hpplay-base( 2713): [jniBridge:1726] notifyJava, what:207, castType:0, mimeType:0 baseStatus:2
01-08 01:32:58.131 D/hpplay-base( 2713): [jniBridge:1727] notifyJava sessionID:(null)
01-08 01:32:58.131 I/hpplay-java( 2713): [main]:ServerBusiness:get deviceCode:2326366951
01-08 01:32:58.131 D/hpplay-base( 2713): [mDNSEmbeded:217] http_port bind check 217 http_port_check
01-08 01:32:58.131 D/hpplay-base( 2713): [mDNSEmbeded:222] http_port bind check 222 http_port_check
01-08 01:32:58.131 I/hpplay-java( 2713): [Thread-83]:Bridge:notify: what: 207
01-08 01:32:58.132 I/hpplay-java( 2713): [Thread-83]:Bridge:notify: out: OutParameters:{audioSessionId=-1, audiotrackIndex=0, castHandleType=-1, castType=0, deviceName='http://192.168.124.22:49152/description.xml', dlnaName='', dramaID='', extra=0, frameHandleType=-1, handleInside=true, headduration=0, header='', headers=null, isAD=false, isMultiMirror=false, lelinkVer='', limitTime=0, , mediaAlbum='null', mediaAlbumArtURI='', mediaArtist='null', mediaAssets='', mediaTitle='null', mimeType=0, multiSession=null, period=0, pinCode='', playSpeed=0.0, playerChoice=0, plugin=0, port=0, position=0.0, positionUnit=2, protocol=0, realSessionID='', regType='', , sinkIp='', sourceAPPVersion='', sourceChannel='', sourceClientInfo='', sourceDeviceInfo='', sourceDeviceModel='', sourceDeviceName='', sourceDeviceType=0, sourceHID='', , sourceInfo='', , , sourceOSVersion='', sourceSDKVersion='', sourceUid='', stopDetail=0, stopReason=0, tailduration=0, url='', urlID='', urls=null, userAgent='', videoDecoder=0, volume=0, what=207}com.hpplay.sdk.sink.protocol.OutParameters@24b0f39
01-08 01:32:58.132 I/hpplay-java( 2713): [Thread-83]:Bridge:notify: address:128911742
01-08 01:32:58.132 D/hpplay-base( 2713): [REventUtils:59] create handleREventThread thread ok!!,tid is 5831
01-08 01:32:58.132 D/hpplay-base( 2713): [AEventUtils:171] create handle AEvent thread ok!!,tid is 5829
01-08 01:32:58.132 D/hpplay-base( 2713): [mDNSEmbeded:234] http_port bind check 234 http_port_check port:52266
01-08 01:32:58.132 D/hpplay-base( 2713): [mDNSEmbeded:237] http_port bind check 237 http_port_check
01-08 01:32:58.132 D/hpplay-base( 2713): [lelinkSinkServer:93] new client connection from 127.0.0.1 12492, fd=162
01-08 01:32:58.132 D/hpplay-base( 2713): [SinkContext:137] addSinkContextSession,begin to run!!
01-08 01:32:58.132 D/hpplay-base( 2713): [SinkContext:142] addSinkContextSession,begin to get lock!!
01-08 01:32:58.132 D/hpplay-base( 2713): [SinkContext:144] addSinkContextSession,get lock ok!!
01-08 01:32:58.132 D/hpplay-base( 2713): [SinkContext:149] addSinkContextSession,session list is null,begin to malloc!!
01-08 01:32:58.132 D/hpplay-base( 2713): [SinkContext:156] addSinkContextSession,begin to update!!
01-08 01:32:58.132 D/hpplay-base( 2713): [SinkContext:160] addSinkContextSession,begin to update header!!
01-08 01:32:58.132 D/hpplay-base( 2713): [SinkContext:172] addSinkContextSession,begin to unlock!!
01-08 01:32:58.132 D/hpplay-base( 2713): [SinkContext:174] addSinkContextSession,unlock ok!!
01-08 01:32:58.132 D/hpplay-base( 2713): [LelinkReceiver:4908] get ping !!!
01-08 01:32:58.132 D/hpplay-base( 2713): [mDNSEmbeded:240] http_port bind check 240 http_port_check recieved:64
01-08 01:32:58.132 D/hpplay-base( 2713): [mDNSEmbeded:243] http_port bind check 243 http_port_check
01-08 01:32:58.132 D/hpplay-base( 2713): [mDNSEmbeded:244] http_port bind check ok!
01-08 01:32:58.175 I/hpplay-java( 2713): [AsyncTask #15]:HttpRequest:doGet responseCode:200 0
01-08 01:32:58.189 I/hpplay-java( 2713): [main]:Upgrade:upgrade not be allowed
01-08 01:32:58.212 D/EditModeHelper( 2543): setHotseatVisibility: 8
01-08 01:32:58.213 W/FreeFormWindowHelper( 1526): Current Display FreeFormTask is Task{f51ae7a #20 type=standard A=10064:android.task.calendar U=0 visible=true mode=freeform translucent=false sz=1}
01-08 01:32:58.213 W/FreeFormWindowHelper( 1526): Current Display FreeFormTask is Task{f51ae7a #20 type=standard A=10064:android.task.calendar U=0 visible=true mode=freeform translucent=false sz=1}
01-08 01:32:58.213 W/FreeFormWindowHelper( 1526): Current Display FreeFormTask is Task{f51ae7a #20 type=standard A=10064:android.task.calendar U=0 visible=true mode=freeform translucent=false sz=1}
01-08 01:32:58.213 W/FreeFormWindowHelper( 1526): Current Display FreeFormTask is Task{f51ae7a #20 type=standard A=10064:android.task.calendar U=0 visible=true mode=freeform translucent=false sz=1}
01-08 01:32:58.213 W/FreeFormWindowHelper( 1526): Current Display FreeFormTask is Task{f51ae7a #20 type=standard A=10064:android.task.calendar U=0 visible=true mode=freeform translucent=false sz=1}
01-08 01:32:58.213 W/FreeFormWindowHelper( 1526): Current Display FreeFormTask is Task{f51ae7a #20 type=standard A=10064:android.task.calendar U=0 visible=true mode=freeform translucent=false sz=1}
01-08 01:32:58.213 W/FreeFormWindowHelper( 1526): Current Display FreeFormTask is Task{f51ae7a #20 type=standard A=10064:android.task.calendar U=0 visible=true mode=freeform translucent=false sz=1}
01-08 01:32:58.213 W/FreeFormWindowHelper( 1526): Current Display FreeFormTask is Task{f51ae7a #20 type=standard A=10064:android.task.calendar U=0 visible=true mode=freeform translucent=false sz=1}
01-08 01:32:58.213 W/FreeFormWindowHelper( 1526): Current Display FreeFormTask is Task{f51ae7a #20 type=standard A=10064:android.task.calendar U=0 visible=true mode=freeform translucent=false sz=1}
01-08 01:32:58.213 W/FreeFormWindowHelper( 1526): Current Display FreeFormTask is Task{f51ae7a #20 type=standard A=10064:android.task.calendar U=0 visible=true mode=freeform translucent=false sz=1}
01-08 01:32:58.213 W/FreeFormWindowHelper( 1526): Current Display FreeFormTask is Task{f51ae7a #20 type=standard A=10064:android.task.calendar U=0 visible=true mode=freeform translucent=false sz=1}
01-08 01:32:58.213 D/FreeWindowContainer( 2543): reloadTask: TaskInfo{userId=0 taskId=20 displayId=0 isRunning=true baseIntent=Intent { flg=0x10008000 cmp=com.android.calendar/.AllInOneActivity } baseActivity=ComponentInfo{com.android.calendar/com.android.calendar.AllInOneActivity} topActivity=ComponentInfo{com.android.calendar/com.android.calendar.AllInOneActivity} origActivity=null realActivity=ComponentInfo{com.android.calendar/com.android.calendar.AllInOneActivity} numActivities=1 lastActiveTime=115250 supportsSplitScreenMultiWindow=true supportsMultiWindow=true resizeMode=1 isResizeable=true token=WCT{android.window.IWindowContainerToken$Stub$Proxy@b63f90a} topActivityType=1 pictureInPictureParams=PictureInPictureParams( aspectRatio=null sourceRectHint=null hasSetActions=false isAutoPipEnabled=false isSeamlessResizeEnabled=true) displayCutoutSafeInsets=null topActivityInfo=ActivityInfo{72e457b com.android.calendar.AllInOneActivity} launchCookies=[] positionInParent=Point(0, 72) parentTaskId=-1 isFocused=true isVisible=true topActivityInSizeCompat=false locusId= null}
01-08 01:32:58.218 I/InputDispatcher( 1526): Monitor swipe-up (server) is stealing touch from [1bc00b2 com.android.launcher3/com.android.launcher3.uioverrides.QuickstepLauncher (server), fe7e613 com.android.systemui.ImageWallpaper (server), ]
01-08 01:32:58.218 W/FreeFormWindowHelper( 1526): Current Display FreeFormTask is Task{f51ae7a #20 type=standard A=10064:android.task.calendar U=0 visible=true mode=freeform translucent=false sz=1}
01-08 01:32:58.218 V/ShadeControllerImpl( 1984): NotificationShadeWindow: com.android.systemui.statusbar.phone.NotificationShadeWindowView{8dd8b58 I.E...... ......ID 0,0-2380,1020} canPanelBeCollapsed(): false
01-08 01:32:58.219 I/view_enqueue_input_event( 2543): [Motion - Cancel,com.android.launcher3/com.android.launcher3.uioverrides.QuickstepLauncher]
01-08 01:32:58.219 W/FreeFormWindowHelper( 1526): Current Display FreeFormTask is Task{f51ae7a #20 type=standard A=10064:android.task.calendar U=0 visible=true mode=freeform translucent=false sz=1}
01-08 01:32:58.222 D/libEGL ( 1526): MSAA-->msaa:2 gamemode:0 4x_msaa:0
01-08 01:32:58.222 D/libEGL ( 1526): MSAA-->msaa:2 gamemode:0 4x_msaa:0
01-08 01:32:58.223 D/libEGL ( 1526): MSAA-->msaa:2 gamemode:0 4x_msaa:0
01-08 01:32:58.226 D/BaseIconFactory( 2543): normalizeAndWrapToAdaptiveIcon: scale=0.8095241
01-08 01:32:58.228 I/input_interaction( 1526): Interaction with: edge-swipe (server), swipe-up (server), PointerEventDispatcher0 (server),
01-08 01:32:58.229 W/FreeFormWindowHelper( 1526): Current Display FreeFormTask is Task{f51ae7a #20 type=standard A=10064:android.task.calendar U=0 visible=true mode=freeform translucent=false sz=1}
01-08 01:32:58.239 W/ActivityTaskManager( 1526): getTaskSnapshot: taskId=2014 not found
01-08 01:32:58.240 D/BaseIconFactory( 2543): normalizeAndWrapToAdaptiveIcon: scale=0.8095241
01-08 01:32:58.240 W/ActivityTaskManager( 1526): getTaskSnapshot: taskId=1014 not found
01-08 01:32:58.241 D/BaseIconFactory( 2543): normalizeAndWrapToAdaptiveIcon: scale=0.8095241
01-08 01:32:58.246 W/FreeFormWindowHelper( 1526): Current Display FreeFormTask is Task{f51ae7a #20 type=standard A=10064:android.task.calendar U=0 visible=true mode=freeform translucent=false sz=1}
01-08 01:32:58.262 W/FreeFormWindowHelper( 1526): Current Display FreeFormTask is Task{f51ae7a #20 type=standard A=10064:android.task.calendar U=0 visible=true mode=freeform translucent=false sz=1}
01-08 01:32:58.273 D/hpplay-base( 2713): [LelinkMDNS:766] devicePermissionPublic leboPermissionCheck:-2
01-08 01:32:58.273 D/hpplay-base( 2713): [jniBridge:1125] com_hpplay_sdk_sink_protocol_Bridge_WHAT_SERVER_ERROR
01-08 01:32:58.273 D/hpplay-base( 2713): [jniBridge:1726] notifyJava, what:204, castType:0, mimeType:0 baseStatus:2
01-08 01:32:58.273 D/hpplay-base( 2713): [jniBridge:1727] notifyJava sessionID:(null)
01-08 01:32:58.273 I/hpplay-java( 2713): [Thread-84]:Bridge:notify: what: 204
01-08 01:32:58.274 I/hpplay-java( 2713): [Thread-84]:Bridge:notify: out: OutParameters:{audioSessionId=-1, audiotrackIndex=0, castHandleType=-1, castType=0, deviceName='', dlnaName='', dramaID='', extra=-2002, frameHandleType=-1, handleInside=true, headduration=0, header='', headers=null, isAD=false, isMultiMirror=false, lelinkVer='', limitTime=0, , mediaAlbum='null', mediaAlbumArtURI='', mediaArtist='null', mediaAssets='', mediaTitle='null', mimeType=0, multiSession=null, period=0, pinCode='', playSpeed=0.0, playerChoice=0, plugin=0, port=0, position=0.0, positionUnit=2, protocol=0, realSessionID='', regType='', , sinkIp='', sourceAPPVersion='', sourceChannel='', sourceClientInfo='', sourceDeviceInfo='', sourceDeviceModel='', sourceDeviceName='', sourceDeviceType=0, sourceHID='', , sourceInfo='', , , sourceOSVersion='', sourceSDKVersion='', sourceUid='', stopDetail=0, stopReason=0, tailduration=0, url='', urlID='', urls=null, userAgent='', videoDecoder=0, volume=0, what=204}com.hpplay.sdk.sink.protocol.OutParameters@fdf9edf
01-08 01:32:58.274 I/hpplay-java( 2713): [Thread-84]:Bridge:notify: address:68732716
01-08 01:32:58.274 I/hpplay-java( 2713): [main]:Bridge:findServiceID start out: 68732716
01-08 01:32:58.274 I/hpplay-java( 2713): [main]:Bridge:findServiceID end
01-08 01:32:58.274 I/hpplay-base( 2713): [mDNSEmbeded:79] embedded_mDNSLoop stopmDNSNow:0 nPublish:-2 nExitFlag:6 tid is 5826
01-08 01:32:58.274 E/hpplay-java( 2713): [main]:ServerTaskManager:onError 204/-2002 com.hht.lebocast.LelinkHelper$e@1c2de7f
01-08 01:32:58.274 I/hpplay-java( 2713): [main]:ServerTaskManager:cancelTimeOutCheck
01-08 01:32:58.274 W/hpplay-java( 2713): [main]:ServerTaskManager:onErrorDispatcher errorCode:-2002
01-08 01:32:58.274 I/hpplay-java( 2713): [main]:ServerTaskManager:onError retry later
01-08 01:32:58.333 I/hpplay-base( 2713): [LelinkReceiver:14605] _connectionFinalize (162)
01-08 01:32:58.333 D/hpplay-base( 2713): [LelinkReceiver:14752] ###connectionFinalize,release ok!!###
01-08 01:32:58.368 I/hpplay-java( 2713): [AsyncTask #23]:HttpRequest:doGet responseCode:200 0
01-08 01:32:58.415 I/commit_sys_config_file( 1526): [settings-1-0,2]
01-08 01:32:58.546 D/NoButtonQuickSwitchTouchController( 2543): onMotionPauseDetected:
01-08 01:32:58.547 D/vendor.qti.vibrator( 844): Vibrator perform effect 0
01-08 01:32:58.547 D/vendor.qti.vibrator( 844): Vibrator on for timeoutMs: 10
01-08 01:32:58.547 D/vendor.qti.vibrator( 844): Starting on on another thread
01-08 01:32:58.557 D/vendor.qti.vibrator( 844): Notifying on complete
01-08 01:32:58.558 D/vendor.qti.vibrator( 844): QTI Vibrator off
01-08 01:32:58.578 D/vendor.qti.vibrator( 844): Vibrator on for timeoutMs: 30
01-08 01:32:58.578 D/vendor.qti.vibrator( 844): Starting on on another thread
01-08 01:32:58.608 D/vendor.qti.vibrator( 844): Notifying on complete
01-08 01:32:58.608 D/vendor.qti.vibrator( 844): QTI Vibrator off
01-08 01:32:58.614 D/NoButtonQuickSwitchTouchController( 2543): onDragEnd: noFling=true,isPaused=true,velocity=PointF(-0.00927016, -0.026657408)
01-08 01:32:58.614 D/EditModeHelper( 2543): setHotseatVisibility: 0
01-08 01:32:58.615 W/FreeFormWindowHelper( 1526): Current Display FreeFormTask is Task{f51ae7a #20 type=standard A=10064:android.task.calendar U=0 visible=true mode=freeform translucent=false sz=1}
01-08 01:32:58.647 W/FreeFormWindowHelper( 1526): Current Display FreeFormTask is Task{f51ae7a #20 type=standard A=10064:android.task.calendar U=0 visible=true mode=freeform translucent=false sz=1}
01-08 01:32:58.647 W/View ( 2543): requestLayout() improperly called by com.android.launcher3.views.NoInsetView{73e83be V.ED..... ......ID 2038,0-2380,1020 #7f09007c app:id/bg_hotseat} during layout: running second layout pass
01-08 01:32:58.664 I/OMX-VENC: venc_dev( 1222): stats: avg. fps 27.32, bitrate 2687639
01-08 01:32:58.678 W/FreeFormWindowHelper( 1526): Current Display FreeFormTask is Task{f51ae7a #20 type=standard A=10064:android.task.calendar U=0 visible=true mode=freeform translucent=false sz=1}
01-08 01:32:58.687 W/System ( 1526): A resource failed to call close.
01-08 01:32:58.687 W/System ( 1526): A resource failed to call close.
01-08 01:32:58.687 W/System ( 1526): A resource failed to call close.
01-08 01:32:58.687 W/System ( 1526): A resource failed to call close.
01-08 01:32:58.688 W/System ( 1526): A resource failed to call close.
01-08 01:32:58.688 W/System ( 1526): A resource failed to call close.
01-08 01:32:58.688 W/System ( 1526): A resource failed to call close.
01-08 01:32:58.688 W/System ( 1526): A resource failed to call close.
01-08 01:32:58.688 W/System ( 1526): A resource failed to call close.
01-08 01:32:58.688 W/System ( 1526): A resource failed to call close.
01-08 01:32:58.694 W/FreeFormWindowHelper( 1526): Current Display FreeFormTask is Task{f51ae7a #20 type=standard A=10064:android.task.calendar U=0 visible=true mode=freeform translucent=false sz=1}
01-08 01:32:58.707 W/FreeFormWindowHelper( 1526): Current Display FreeFormTask is Task{f51ae7a #20 type=standard A=10064:android.task.calendar U=0 visible=true mode=freeform translucent=false sz=1}
01-08 01:32:58.724 W/FreeFormWindowHelper( 1526): Current Display FreeFormTask is Task{f51ae7a #20 type=standard A=10064:android.task.calendar U=0 visible=true mode=freeform translucent=false sz=1}
01-08 01:32:58.740 W/FreeFormWindowHelper( 1526): Current Display FreeFormTask is Task{f51ae7a #20 type=standard A=10064:android.task.calendar U=0 visible=true mode=freeform translucent=false sz=1}
01-08 01:32:58.757 W/FreeFormWindowHelper( 1526): Current Display FreeFormTask is Task{f51ae7a #20 type=standard A=10064:android.task.calendar U=0 visible=true mode=freeform translucent=false sz=1}
01-08 01:32:58.774 I/mpu_uart( 640): [MSG-P:RECV]:No message received in 1000 ms
01-08 01:32:58.774 W/FreeFormWindowHelper( 1526): Current Display FreeFormTask is Task{f51ae7a #20 type=standard A=10064:android.task.calendar U=0 visible=true mode=freeform translucent=false sz=1}
01-08 01:32:58.790 W/FreeFormWindowHelper( 1526): Current Display FreeFormTask is Task{f51ae7a #20 type=standard A=10064:android.task.calendar U=0 visible=true mode=freeform translucent=false sz=1}
01-08 01:32:58.807 W/FreeFormWindowHelper( 1526): Current Display FreeFormTask is Task{f51ae7a #20 type=standard A=10064:android.task.calendar U=0 visible=true mode=freeform translucent=false sz=1}
01-08 01:32:58.817 I/commit_sys_config_file( 1526): [settings-1-0,1]
01-08 01:32:58.824 W/FreeFormWindowHelper( 1526): Current Display FreeFormTask is Task{f51ae7a #20 type=standard A=10064:android.task.calendar U=0 visible=true mode=freeform translucent=false sz=1}
01-08 01:32:58.835 I/mpu_uart( 640): [MSG-P:R]:recv sync frame timeout
01-08 01:32:58.841 W/FreeFormWindowHelper( 1526): Current Display FreeFormTask is Task{f51ae7a #20 type=standard A=10064:android.task.calendar U=0 visible=true mode=freeform translucent=false sz=1}
01-08 01:32:58.857 W/FreeFormWindowHelper( 1526): Current Display FreeFormTask is Task{f51ae7a #20 type=standard A=10064:android.task.calendar U=0 visible=true mode=freeform translucent=false sz=1}
01-08 01:32:58.874 W/FreeFormWindowHelper( 1526): Current Display FreeFormTask is Task{f51ae7a #20 type=standard A=10064:android.task.calendar U=0 visible=true mode=freeform translucent=false sz=1}
01-08 01:32:58.891 W/FreeFormWindowHelper( 1526): Current Display FreeFormTask is Task{f51ae7a #20 type=standard A=10064:android.task.calendar U=0 visible=true mode=freeform translucent=false sz=1}
01-08 01:32:58.907 W/FreeFormWindowHelper( 1526): Current Display FreeFormTask is Task{f51ae7a #20 type=standard A=10064:android.task.calendar U=0 visible=true mode=freeform translucent=false sz=1}
01-08 01:32:58.925 W/FreeFormWindowHelper( 1526): Current Display FreeFormTask is Task{f51ae7a #20 type=standard A=10064:android.task.calendar U=0 visible=true mode=freeform translucent=false sz=1}
01-08 01:32:58.943 D/StateManager( 2543): goToState: Overview
01-08 01:32:58.943 D/FreeWindowHelper( 2543): enterOrExitRecentTasks: isEnterRecentTasks=true,mExitFlag=1
01-08 01:32:58.944 I/wm_finish_activity( 1526): [0,88909355,20,com.android.calendar/.AllInOneActivity,app-request]
01-08 01:32:58.944 I/wm_task_moved( 1526): [1,1,6]
01-08 01:32:58.945 I/wm_on_top_resumed_lost_called( 3528): [88909355,com.android.calendar.AllInOneActivity,topStateChangedWhenResumed]
01-08 01:32:58.945 I/wm_set_resumed_activity( 1526): [0,com.android.launcher3/.uioverrides.QuickstepLauncher,positionChildAt]
01-08 01:32:58.945 I/wm_task_moved( 1526): [8,1,2147483647]
01-08 01:32:58.945 I/wm_task_to_front( 1526): [0,8]
01-08 01:32:58.945 I/wm_focused_root_task( 1526): [0,0,1,-1,finish-top adjustFocusToNextFocusableTask]
01-08 01:32:58.945 I/wm_set_resumed_activity( 1526): [0,com.android.launcher3/.uioverrides.QuickstepLauncher,finish-top]
01-08 01:32:58.947 D/ActivityTrigger( 1526): ActivityTrigger activityPauseTrigger
01-08 01:32:58.947 I/wm_pause_activity( 1526): [0,88909355,com.android.calendar/.AllInOneActivity,userLeaving=false,finish]
01-08 01:32:58.948 I/input_focus( 1526): [Focus request 1bc00b2 com.android.launcher3/com.android.launcher3.uioverrides.QuickstepLauncher,reason=UpdateInputWindows]
01-08 01:32:58.949 W/FreeFormWindowHelper( 1526): Current Display FreeFormTask is Task{f51ae7a #20 type=standard A=10064:android.task.calendar U=0 visible=false mode=freeform translucent=true sz=1}
01-08 01:32:58.949 D/FreeWindowContainer( 2543): reloadTask: TaskInfo{userId=0 taskId=20 displayId=0 isRunning=false baseIntent=Intent { flg=0x10008000 cmp=com.android.calendar/.AllInOneActivity } baseActivity=null topActivity=null origActivity=null realActivity=ComponentInfo{com.android.calendar/com.android.calendar.AllInOneActivity} numActivities=0 lastActiveTime=116063 supportsSplitScreenMultiWindow=true supportsMultiWindow=true resizeMode=1 isResizeable=true token=WCT{android.window.IWindowContainerToken$Stub$Proxy@8701e41} topActivityType=1 pictureInPictureParams=null displayCutoutSafeInsets=null topActivityInfo=null launchCookies=[] positionInParent=Point(0, 72) parentTaskId=-1 isFocused=false isVisible=true topActivityInSizeCompat=false locusId= null}
01-08 01:32:58.949 I/wm_on_paused_called( 3528): [88909355,com.android.calendar.AllInOneActivity,performPause]
01-08 01:32:58.950 I/ActivityTaskManager( 1526): FOREGROUND_APPLICATION_CHANGED to com.android.launcher3.uioverrides.QuickstepLauncher
01-08 01:32:58.950 I/wm_destroy_activity( 1526): [0,88909355,20,com.android.calendar/.AllInOneActivity,finish-imm:completePausedLocked]
01-08 01:32:58.953 I/input_focus( 1526): [Focus leaving cf9a2a0 com.android.calendar/com.android.calendar.AllInOneActivity (server),reason=NO_WINDOW]
01-08 01:32:58.953 I/input_focus( 1526): [Focus entering 1bc00b2 com.android.launcher3/com.android.launcher3.uioverrides.QuickstepLauncher (server),reason=setFocusedWindow]
01-08 01:32:58.954 I/wm_on_stop_called( 3528): [88909355,com.android.calendar.AllInOneActivity,LIFECYCLER_STOP_ACTIVITY]
01-08 01:32:58.955 I/wm_on_destroy_called( 3528): [88909355,com.android.calendar.AllInOneActivity,performDestroy]
01-08 01:32:58.957 I/GameMode_ActivityMonitoringService( 2387): onForegroundActivitiesChanged uid 10064 pid 3528 fg false
01-08 01:32:58.957 I/sysui_multi_action( 1526): [757,803,799,window_time_0,802,5]
01-08 01:32:58.958 W/InputManager-JNI( 1526): Input channel object 'cf9a2a0 com.android.calendar/com.android.calendar.AllInOneActivity (client)' was disposed without first being removed with the input manager!
01-08 01:32:58.960 I/GameMode_ActivityMonitoringService( 2387): Updating top task to: TaskInfoContainer [topActivity=ComponentInfo{com.android.launcher3/com.android.launcher3.uioverrides.QuickstepLauncher}, taskId=8, stackId=1, userId=0, displayId=0, position=6
01-08 01:32:58.960 I/GameMode_ActivityMonitoringService( 2387): Notifying about top task: TaskInfoContainer [topActivity=ComponentInfo{com.android.launcher3/com.android.launcher3.uioverrides.QuickstepLauncher}, taskId=8, stackId=1, userId=0, displayId=0, position=6
01-08 01:32:58.960 I/GameMode_ActivityMonitoringService( 2387): WindowMode: 1
01-08 01:32:58.960 E/GameMode_ActivityMonitoringService( 2387): onActivityLaunch:com.android.launcher3
01-08 01:32:58.960 V/GameMode_GameTypeUtils( 2387): judge isGame:com.android.launcher3
01-08 01:32:58.960 V/GameMode_GpuUtils( 2387): fps:60
01-08 01:32:58.962 D/GameMode_GameModeActionUtils( 2387): Show GameMode entry by service!
01-08 01:32:58.962 W/ContextImpl( 2387): Calling a method in the system process without a qualified user: android.app.ContextImpl.startService:1816 android.content.ContextWrapper.startService:774 com.thundercomm.gamemode.ingame.services.GameModeActionUtils.startGameModeService:111 com.thundercomm.gamemode.ingame.services.GameModeActionUtils.startGameModeEntry:22 com.thundercomm.gamemode.ingame.services.ActivityMonitoringService$1.onActivityLaunch:129
01-08 01:32:58.962 D/EditModeHelper( 2543): setHotseatVisibility: 0
01-08 01:32:58.963 D/GameModeIF_GameModeSettings( 2387): getUriFor setting_content_uri_root = content://com.thundercomm.gamemode.api/gamemode_settings , name = gamemode_isgaming
01-08 01:32:58.963 D/GameMode_GameModeService( 2387): type=hide_entry
01-08 01:32:58.963 W/FreeFormWindowHelper( 1526): Current Display FreeFormTask is Task{f51ae7a #20 type=standard A=10064:android.task.calendar U=0 visible=false mode=freeform translucent=true sz=1}
01-08 01:32:58.964 I/GameModeConfig( 1526): Current uri is uri = content://com.thundercomm.gamemode.api/gamemode_settings/gamemode_isgaming
01-08 01:32:58.964 D/GameModeIF_GameModeSettings( 1526): getUriFor setting_content_uri_root = content://com.thundercomm.gamemode.api/gamemode_settings , name = gamemode_isgaming
01-08 01:32:58.964 D/GameMode_GameSettingsObserver( 2387): Game Data change!!!! uri = content://com.thundercomm.gamemode.api/gamemode_settings/gamemode_isgaming
01-08 01:32:58.965 D/GameModeIF_GameModeSettings( 2387): getUriFor setting_content_uri_root = content://com.thundercomm.gamemode.api/gamemode_settings , name = gamemode_isgaming
01-08 01:32:58.965 D/GameModeIF_GameModeSettings( 2387): gamemode_isgaming set to 0
01-08 01:32:58.966 I/GameModeConfig( 1526): isGameModeOn = true
01-08 01:32:58.966 I/GameModeConfig( 1526): isGaming = false
01-08 01:32:58.966 I/GameModeConfig( 1526): isGameModeOn = true
01-08 01:32:58.966 D/GameMode_GameModeService( 2387): updateGlobalSettings = gamemode_isgaming
01-08 01:32:58.966 I/GameModeConfig( 1526): isGaming = false
01-08 01:32:58.966 I/GameModeConfig( 1526): isDisableVoice = true
01-08 01:32:58.963 I/auditd ( 0): type=1400 audit(0.0:654): avc: denied { kill } for comm="swapper/3" capability=5 scontext=u:r:kernel:s0 tcontext=u:r:kernel:s0 tclass=capability permissive=0
01-08 01:32:58.963 W/swapper/3( 0): type=1400 audit(0.0:654): avc: denied { kill } for capability=5 scontext=u:r:kernel:s0 tcontext=u:r:kernel:s0 tclass=capability permissive=0
01-08 01:32:58.976 W/FreeFormWindowHelper( 1526): Current Display FreeFormTask is Task{f51ae7a #20 type=standard A=10064:android.task.calendar U=0 visible=false mode=freeform translucent=true sz=1}
01-08 01:32:58.978 I/wm_on_top_resumed_gained_called( 2543): [162781513,com.android.launcher3.uioverrides.QuickstepLauncher,topStateChangedWhenResumed]
01-08 01:32:59.050 I/GameMode_ActivityMonitoringService( 2387): onTaskStackChanged
01-08 01:32:59.051 W/FreeFormWindowHelper( 1526): Current Display FreeFormTask is Task{f51ae7a #20 type=standard A=10064:android.task.calendar U=0 visible=false mode=freeform translucent=true sz=1}
01-08 01:32:59.051 W/FreeFormWindowHelper( 1526): Current Display FreeFormTask is Task{f51ae7a #20 type=standard A=10064:android.task.calendar U=0 visible=false mode=freeform translucent=true sz=1}
01-08 01:32:59.051 W/FreeFormWindowHelper( 1526): Current Display FreeFormTask is Task{f51ae7a #20 type=standard A=10064:android.task.calendar U=0 visible=false mode=freeform translucent=true sz=1}
01-08 01:32:59.051 W/FreeFormWindowHelper( 1526): Current Display FreeFormTask is Task{f51ae7a #20 type=standard A=10064:android.task.calendar U=0 visible=false mode=freeform translucent=true sz=1}
01-08 01:32:59.051 W/FreeFormWindowHelper( 1526): Current Display FreeFormTask is Task{f51ae7a #20 type=standard A=10064:android.task.calendar U=0 visible=false mode=freeform translucent=true sz=1}
01-08 01:32:59.051 W/FreeFormWindowHelper( 1526): Current Display FreeFormTask is Task{f51ae7a #20 type=standard A=10064:android.task.calendar U=0 visible=false mode=freeform translucent=true sz=1}
01-08 01:32:59.051 W/FreeFormWindowHelper( 1526): Current Display FreeFormTask is Task{f51ae7a #20 type=standard A=10064:android.task.calendar U=0 visible=false mode=freeform translucent=true sz=1}
01-08 01:32:59.051 W/FreeFormWindowHelper( 1526): Current Display FreeFormTask is Task{f51ae7a #20 type=standard A=10064:android.task.calendar U=0 visible=false mode=freeform translucent=true sz=1}
01-08 01:32:59.052 I/GameMode_ActivityMonitoringService( 2387): Updating top task to: TaskInfoContainer [topActivity=ComponentInfo{com.android.launcher3/com.android.launcher3.uioverrides.QuickstepLauncher}, taskId=8, stackId=1, userId=0, displayId=0, position=6
01-08 01:32:59.052 I/GameMode_ActivityMonitoringService( 2387): Notifying about top task: TaskInfoContainer [topActivity=ComponentInfo{com.android.launcher3/com.android.launcher3.uioverrides.QuickstepLauncher}, taskId=8, stackId=1, userId=0, displayId=0, position=6
01-08 01:32:59.052 I/GameMode_ActivityMonitoringService( 2387): WindowMode: 1
01-08 01:32:59.052 E/GameMode_ActivityMonitoringService( 2387): onActivityLaunch:com.android.launcher3
01-08 01:32:59.052 V/GameMode_GameTypeUtils( 2387): judge isGame:com.android.launcher3
01-08 01:32:59.052 V/GameMode_GpuUtils( 2387): fps:60
01-08 01:32:59.053 D/GameMode_GameModeActionUtils( 2387): Show GameMode entry by service!
01-08 01:32:59.053 W/ContextImpl( 2387): Calling a method in the system process without a qualified user: android.app.ContextImpl.startService:1816 android.content.ContextWrapper.startService:774 com.thundercomm.gamemode.ingame.services.GameModeActionUtils.startGameModeService:111 com.thundercomm.gamemode.ingame.services.GameModeActionUtils.startGameModeEntry:22 com.thundercomm.gamemode.ingame.services.ActivityMonitoringService$1.onActivityLaunch:129
01-08 01:32:59.054 D/GameModeIF_GameModeSettings( 2387): getUriFor setting_content_uri_root = content://com.thundercomm.gamemode.api/gamemode_settings , name = gamemode_isgaming
01-08 01:32:59.054 D/GameMode_GameModeService( 2387): type=hide_entry
01-08 01:32:59.055 I/GameModeConfig( 1526): Current uri is uri = content://com.thundercomm.gamemode.api/gamemode_settings/gamemode_isgaming
01-08 01:32:59.055 D/GameModeIF_GameModeSettings( 1526): getUriFor setting_content_uri_root = content://com.thundercomm.gamemode.api/gamemode_settings , name = gamemode_isgaming
01-08 01:32:59.055 D/GameMode_GameSettingsObserver( 2387): Game Data change!!!! uri = content://com.thundercomm.gamemode.api/gamemode_settings/gamemode_isgaming
01-08 01:32:59.055 D/GameModeIF_GameModeSettings( 2387): getUriFor setting_content_uri_root = content://com.thundercomm.gamemode.api/gamemode_settings , name = gamemode_isgaming
01-08 01:32:59.055 D/GameModeIF_GameModeSettings( 2387): gamemode_isgaming set to 0
01-08 01:32:59.055 I/GameModeConfig( 1526): isGameModeOn = true
01-08 01:32:59.055 I/GameModeConfig( 1526): isGaming = false
01-08 01:32:59.055 I/GameModeConfig( 1526): isGameModeOn = true
01-08 01:32:59.055 I/GameModeConfig( 1526): isGaming = false
01-08 01:32:59.055 I/GameModeConfig( 1526): isDisableVoice = true
01-08 01:32:59.056 D/GameMode_GameModeService( 2387): updateGlobalSettings = gamemode_isgaming
01-08 01:32:59.153 I/hpplay-java( 2713): [AsyncTask #16]:IM_MessageClient:heartBeatReceived
01-08 01:32:59.250 I/wm_task_removed( 1526): [20,removeChild:removeChild last r=ActivityRecord{54ca62b u0 com.android.calendar/.AllInOneActivity t-1 f}} in t=Task{f51ae7a #20 type=standard A=10064:android.task.calendar U=0 visible=false mode=freeform translucent=true sz=0}]
01-08 01:32:59.250 I/wm_task_removed( 1526): [20,removeChild]
