01-08 01:31:11.039 I/auditd ( 1526): type=1400 audit(0.0:204): avc: denied { read } for comm="InputReader" name="virtualkeys.cyttsp7_mt" dev="sysfs" ino=76892 scontext=u:r:system_server:s0 tcontext=u:object_r:sysfs:s0 tclass=file permissive=0
01-08 01:31:11.051 I/auditd ( 928): type=1400 audit(0.0:205): avc: denied { read write } for comm="sensors.qti" name="diag" dev="tmpfs" ino=12789 scontext=u:r:vendor_sensors_qti:s0 tcontext=u:object_r:vendor_diag_device:s0 tclass=chr_file permissive=0
01-08 01:31:11.061 I/configuration_changed( 1526): 536894968
01-08 01:31:11.062 I/sysui_multi_action( 1526): [757,1659,758,4,759,2,1660,0]
01-08 01:31:11.064 I/configuration_changed( 1526): 8 --------- beginning of radio
01-08 01:31:11.201 D/TelephonyRegistry( 1526): listen oscl: mHasNotifySubscriptionInfoChangedOccurred==false no callback
01-08 01:31:11.251 I/auditd ( 928): type=1400 audit(0.0:206): avc: denied { read write } for comm="sensors.qti" name="diag" dev="tmpfs" ino=12789 scontext=u:r:vendor_sensors_qti:s0 tcontext=u:object_r:vendor_diag_device:s0 tclass=chr_file permissive=0
01-08 01:31:11.281 I/storage_state( 1526): [41217664-9172-527a-b3d5-edabb50a7d69,0,0,104388026368,118610538496]
01-08 01:31:11.371 I/auditd ( 1526): type=1400 audit(0.0:207): avc: denied { read } for comm="system_server" name="u:object_r:vendor_default_prop:s0" dev="tmpfs" ino=12554 scontext=u:r:system_server:s0 tcontext=u:object_r:vendor_default_prop:s0 tclass=file permissive=0
01-08 01:31:11.380 I/snet_event_log( 1526): [172655291,-1,]
01-08 01:31:11.381 I/am_wtf ( 1526): [0,1526,system_server,-1,PowerManagerService,Tried to acquire wake lock for invalid display: 0]
01-08 01:31:11.451 I/stream_devices_changed( 1526): [3,0,2]
01-08 01:31:11.452 I/am_wtf ( 1526): [0,1526,system_server,-1,LazyAlarmStore,Removed TIME_TICK alarm]
01-08 01:31:11.451 I/auditd ( 928): type=1400 audit(0.0:208): avc: denied { read write } for comm="sensors.qti" name="diag" dev="tmpfs" ino=12789 scontext=u:r:vendor_sensors_qti:s0 tcontext=u:object_r:vendor_diag_device:s0 tclass=chr_file permissive=0
01-08 01:31:11.457 I/configuration_changed( 1526): 512
01-08 01:31:11.477 I/commit_sys_config_file( 1526): [settings-2-0,3]
01-08 01:31:11.490 I/stream_devices_changed( 1526): [6,0,1]
01-08 01:31:11.526 I/commit_sys_config_file( 1526): [notification-policy,3]
01-08 01:31:11.534 I/commit_sys_config_file( 1526): [settings-1-0,11]
01-08 01:31:11.539 I/commit_sys_config_file( 1526): [package-session,0]
01-08 01:31:11.563 I/auditd ( 1526): type=1400 audit(0.0:209): avc: denied { read } for comm="android.display" name="u:object_r:vendor_wfd_sys_debug_prop:s0" dev="tmpfs" ino=12621 scontext=u:r:system_server:s0 tcontext=u:object_r:vendor_wfd_sys_debug_prop:s0 tclass=file permissive=0
01-08 01:31:11.563 I/auditd ( 1526): type=1400 audit(0.0:210): avc: denied { read } for comm="android.display" name="u:object_r:vendor_wfd_sys_debug_prop:s0" dev="tmpfs" ino=12621 scontext=u:r:system_server:s0 tcontext=u:object_r:vendor_wfd_sys_debug_prop:s0 tclass=file permissive=0
01-08 01:31:11.582 I/boot_progress_ams_ready( 1526): 8697
01-08 01:31:11.588 I/configuration_changed( 1526): 268435456
01-08 01:31:11.610 I/am_uid_running( 1526): 1002
01-08 01:31:11.617 I/am_proc_start( 1526): [0,1950,1002,com.android.bluetooth,service,{com.android.bluetooth/com.android.bluetooth.btservice.AdapterService}]
01-08 01:31:11.641 I/am_proc_bound( 1526): [0,1950,com.android.bluetooth]
01-08 01:31:11.651 I/auditd ( 928): type=1400 audit(0.0:211): avc: denied { read write } for comm="sensors.qti" name="diag" dev="tmpfs" ino=12789 scontext=u:r:vendor_sensors_qti:s0 tcontext=u:object_r:vendor_diag_device:s0 tclass=chr_file permissive=0
01-08 01:31:11.655 I/am_uid_active( 1526): 1002
01-08 01:31:11.666 I/am_uid_running( 1526): 10081
01-08 01:31:11.674 I/am_proc_start( 1526): [0,1984,10081,com.android.systemui,service,{com.android.systemui/com.android.systemui.ImageWallpaper}]
01-08 01:31:11.710 I/am_uid_running( 1526): 1037
01-08 01:31:11.716 I/commit_sys_config_file( 1526): [net-policy,4]
01-08 01:31:11.724 I/am_proc_bound( 1526): [0,1984,com.android.systemui]
01-08 01:31:11.727 I/am_uid_active( 1526): 10081
01-08 01:31:11.733 D/TelephonyRegistry( 1526): listen oscl: mHasNotifySubscriptionInfoChangedOccurred==false no callback
01-08 01:31:11.744 D/TelephonyRegistry( 1526): listen oscl: mHasNotifySubscriptionInfoChangedOccurred==false no callback
01-08 01:31:11.748 D/TelephonyRegistry( 1526): listen oscl: mHasNotifySubscriptionInfoChangedOccurred==false no callback
01-08 01:31:11.774 D/TelephonyRegistry( 1526): listen oscl: mHasNotifySubscriptionInfoChangedOccurred==false no callback
01-08 01:31:11.797 I/am_uid_running( 1526): 1073
01-08 01:31:11.804 I/configuration_changed( 1526): 16384
01-08 01:31:11.806 I/netstats_mobile_sample( 1526): [0,0,0,0,0,0,0,0,0,0,0,0,1673112671805]
01-08 01:31:11.806 I/netstats_wifi_sample( 1526): [0,0,0,0,0,0,0,0,0,0,0,0,1673112671805]
01-08 01:31:11.809 W/CarrierConfigManager( 1526): Error getting config for subId -1 ICarrierConfigLoader is null
01-08 01:31:11.810 I/am_proc_start( 1526): [0,2013,1037,WebViewLoader-armeabi-v7a,NULL,]
01-08 01:31:11.811 D/TelephonyRegistry( 1526): systemRunning register for intents
01-08 01:31:11.815 I/am_proc_start( 1526): [0,2016,1037,WebViewLoader-arm64-v8a,NULL,]
01-08 01:31:11.820 I/ssm_user_starting( 1526): 0
01-08 01:31:11.821 I/am_proc_start( 1526): [0,2018,1073,com.android.networkstack.process,service,{com.android.networkstack/com.android.server.NetworkStackService}]
01-08 01:31:11.822 I/service_manager_slow( 1526): [11,netstats]
01-08 01:31:11.836 I/am_proc_bound( 1526): [0,2013,WebViewLoader-armeabi-v7a]
01-08 01:31:11.837 I/am_uid_active( 1526): 1037
01-08 01:31:11.844 I/netstats_mobile_sample( 1526): [0,0,0,0,0,0,0,0,0,0,0,0,1673112671844]
01-08 01:31:11.844 I/netstats_wifi_sample( 1526): [0,0,0,0,0,0,0,0,0,0,0,0,1673112671844]
01-08 01:31:11.845 I/am_proc_bound( 1526): [0,2018,com.android.networkstack.process]
01-08 01:31:11.847 I/am_uid_active( 1526): 1073
01-08 01:31:11.853 I/am_proc_bound( 1526): [0,2016,WebViewLoader-arm64-v8a]
01-08 01:31:11.851 I/auditd ( 928): type=1400 audit(0.0:212): avc: denied { read write } for comm="sensors.qti" name="diag" dev="tmpfs" ino=12789 scontext=u:r:vendor_sensors_qti:s0 tcontext=u:object_r:vendor_diag_device:s0 tclass=chr_file permissive=0
01-08 01:31:11.862 I/netstats_mobile_sample( 1526): [0,0,0,0,0,0,0,0,0,0,0,0,1673112671861]
01-08 01:31:11.862 I/netstats_wifi_sample( 1526): [0,0,0,0,0,0,0,0,0,0,0,0,1673112671861]
01-08 01:31:11.864 I/am_uid_running( 1526): 1001
01-08 01:31:11.865 I/am_uid_running( 1526): 10055
01-08 01:31:11.868 I/am_uid_running( 1526): 10084
01-08 01:31:11.868 I/am_uid_running( 1526): 1068
01-08 01:31:11.872 I/am_uid_running( 1526): 10067
01-08 01:31:11.874 I/netstats_mobile_sample( 1526): [0,0,0,0,0,0,0,0,0,0,0,0,1673112671874]
01-08 01:31:11.874 I/netstats_wifi_sample( 1526): [0,0,0,0,0,0,0,0,0,0,0,0,1673112671874]
01-08 01:31:11.893 I/wm_task_created( 1526): [2,-1]
01-08 01:31:11.896 I/wm_task_moved( 1526): [2,1,2147483647]
01-08 01:31:11.897 I/wm_task_moved( 1526): [1,1,0]
01-08 01:31:11.897 I/wm_create_task( 1526): [0,2]
01-08 01:31:11.897 I/wm_create_activity( 1526): [0,89812207,2,com.android.settings/.FallbackHome,android.intent.action.MAIN,NULL,NULL,276824320]
01-08 01:31:11.898 I/wm_task_moved( 1526): [1,1,0]
01-08 01:31:11.898 I/wm_task_moved( 1526): [2,1,2147483647]
01-08 01:31:11.898 I/wm_task_to_front( 1526): [0,2]
01-08 01:31:11.898 I/bt_config_source( 1950): 1
01-08 01:31:11.899 I/commit_sys_config_file( 1526): [settings-0-0,21]
01-08 01:31:11.899 I/bt_config_source( 1950): 3
01-08 01:31:11.899 I/netstats_mobile_sample( 1526): [0,0,0,0,0,0,0,0,0,0,0,0,1673112671899]
01-08 01:31:11.899 I/netstats_wifi_sample( 1526): [0,0,0,0,0,0,0,0,0,0,0,0,1673112671899]
01-08 01:31:11.916 I/netstats_mobile_sample( 1526): [0,0,0,0,0,0,0,0,0,0,0,0,1673112671915]
01-08 01:31:11.916 I/netstats_wifi_sample( 1526): [0,0,0,0,0,0,0,0,0,0,0,0,1673112671915]
01-08 01:31:11.940 I/liblog ( 1950): 29
01-08 01:31:11.945 I/netstats_mobile_sample( 1526): [0,0,0,0,0,0,0,0,0,0,0,0,1673112671945]
01-08 01:31:11.945 I/netstats_wifi_sample( 1526): [0,0,0,0,0,0,0,0,0,0,0,0,1673112671945]
01-08 01:31:11.962 I/netstats_mobile_sample( 1526): [0,0,0,0,0,0,0,0,0,0,0,0,1673112671962]
01-08 01:31:11.962 I/netstats_wifi_sample( 1526): [0,0,0,0,0,0,0,0,0,0,0,0,1673112671962]
01-08 01:31:11.969 I/netstats_mobile_sample( 1526): [0,0,0,0,0,0,0,0,0,0,0,0,1673112671969]
01-08 01:31:11.969 I/netstats_wifi_sample( 1526): [0,0,0,0,0,0,0,0,0,0,0,0,1673112671969]
01-08 01:31:11.975 I/uc_send_user_broadcast( 1526): [0,android.intent.action.USER_FOREGROUND]
01-08 01:31:11.975 I/uc_send_user_broadcast( 1526): [0,android.intent.action.USER_SWITCHED]
01-08 01:31:11.980 I/netstats_mobile_sample( 1526): [0,0,0,0,0,0,0,0,0,0,0,0,1673112671979]
01-08 01:31:11.980 I/netstats_wifi_sample( 1526): [0,0,0,0,0,0,0,0,0,0,0,0,1673112671979]
01-08 01:31:11.982 I/am_proc_start( 1526): [0,2070,1000,com.thundercomm.microservice,added application,com.thundercomm.microservice]
01-08 01:31:11.983 I/am_proc_bound( 1526): [0,2070,com.thundercomm.microservice]
01-08 01:31:11.996 I/netstats_mobile_sample( 1526): [0,0,0,0,0,0,0,0,0,0,0,0,1673112671996]
01-08 01:31:11.996 I/netstats_wifi_sample( 1526): [0,0,0,0,0,0,0,0,0,0,0,0,1673112671996]
01-08 01:31:12.007 I/netstats_mobile_sample( 1526): [0,0,0,0,0,0,0,0,0,0,0,0,1673112672007]
01-08 01:31:12.007 I/netstats_wifi_sample( 1526): [0,0,0,0,0,0,0,0,0,0,0,0,1673112672007]
01-08 01:31:12.015 I/netstats_mobile_sample( 1526): [0,0,0,0,0,0,0,0,0,0,0,0,1673112672015]
01-08 01:31:12.015 I/netstats_wifi_sample( 1526): [0,0,0,0,0,0,0,0,0,0,0,0,1673112672015]
01-08 01:31:12.017 I/wm_task_created( 1526): [3,-1]
01-08 01:31:12.018 I/notification_cancel_all( 1526): [1000,1526,android,0,0,0,20,NULL]
01-08 01:31:12.025 I/wm_task_created( 1526): [4,-1]
01-08 01:31:12.028 I/am_uid_running( 1526): 10095
01-08 01:31:12.031 I/am_proc_died( 1526): [0,2016,WebViewLoader-arm64-v8a,-700,0]
01-08 01:31:12.033 I/am_low_memory( 1526): 6
01-08 01:31:12.034 I/am_proc_start( 1526): [0,2161,1000,com.thundercomm.microsettings,added application,com.thundercomm.microsettings]
01-08 01:31:12.042 I/am_proc_died( 1526): [0,2013,WebViewLoader-armeabi-v7a,-700,0]
01-08 01:31:12.042 I/am_uid_stopped( 1526): 1037
01-08 01:31:12.051 I/auditd ( 928): type=1400 audit(0.0:213): avc: denied { read write } for comm="sensors.qti" name="diag" dev="tmpfs" ino=12789 scontext=u:r:vendor_sensors_qti:s0 tcontext=u:object_r:vendor_diag_device:s0 tclass=chr_file permissive=0
01-08 01:31:12.056 I/netstats_mobile_sample( 1526): [0,0,0,0,0,0,0,0,0,0,0,0,1673112672055]
01-08 01:31:12.056 I/netstats_wifi_sample( 1526): [0,0,0,0,0,0,0,0,0,0,0,0,1673112672055]
01-08 01:31:12.059 I/am_low_memory( 1526): 5
01-08 01:31:12.060 I/am_proc_start( 1526): [0,2176,1001,.dataservices,added application,.dataservices]
01-08 01:31:12.067 I/am_proc_start( 1526): [0,2187,10055,.qtidataservices,added application,.qtidataservices]
01-08 01:31:12.080 I/netstats_mobile_sample( 1526): [0,0,0,0,0,0,0,0,0,0,0,0,1673112672080]
01-08 01:31:12.080 I/netstats_wifi_sample( 1526): [0,0,0,0,0,0,0,0,0,0,0,0,1673112672080]
01-08 01:31:12.088 I/am_proc_bound( 1526): [0,2161,com.thundercomm.microsettings]
01-08 01:31:12.090 D/TelephonyRegistry( 1526): listen oscl: mHasNotifySubscriptionInfoChangedOccurred==false no callback
01-08 01:31:12.103 I/wm_task_created( 1526): [5,-1]
01-08 01:31:12.105 I/wm_task_created( 1526): [6,-1]
01-08 01:31:12.107 I/wm_task_created( 1526): [7,-1]
01-08 01:31:12.108 I/am_proc_bound( 1526): [0,2187,.qtidataservices]
01-08 01:31:12.111 I/am_uid_active( 1526): 10055
01-08 01:31:12.112 I/am_proc_bound( 1526): [0,2176,.dataservices]
01-08 01:31:12.114 I/am_uid_active( 1526): 1001
01-08 01:31:12.116 I/am_proc_start( 1526): [0,2213,1000,com.thundercomm.tchttpserver,added application,com.thundercomm.tchttpserver]
01-08 01:31:12.123 I/am_proc_start( 1526): [0,2250,1000,com.tc.logclient,added application,com.tc.logclient]
01-08 01:31:12.128 I/am_proc_bound( 1526): [0,2213,com.thundercomm.tchttpserver]
01-08 01:31:12.133 I/am_proc_start( 1526): [0,2258,1000,com.thundercomm.tcsetupwizard,added application,com.thundercomm.tcsetupwizard]
01-08 01:31:12.143 I/am_proc_start( 1526): [0,2261,1000,vendor.qti.qesdk.sysservice,added application,vendor.qti.qesdk.sysservice]
01-08 01:31:12.150 I/am_proc_start( 1526): [0,2281,10084,com.qti.qualcomm.mstatssystemservice,added application,com.qti.qualcomm.mstatssystemservice]
01-08 01:31:12.152 I/am_proc_bound( 1526): [0,2250,com.tc.logclient]
01-08 01:31:12.156 I/am_proc_start( 1526): [0,2293,1068,com.android.se,added application,com.android.se]
01-08 01:31:12.162 I/am_proc_start( 1526): [0,2298,1000,com.thundercomm.remotecontrolservice,added application,com.thundercomm.remotecontrolservice]
01-08 01:31:12.165 I/am_proc_bound( 1526): [0,2258,com.thundercomm.tcsetupwizard]
01-08 01:31:12.174 I/am_proc_start( 1526): [0,2307,1000,com.thundercomm.tcservice,added application,com.thundercomm.tcservice]
01-08 01:31:12.180 I/am_proc_start( 1526): [0,2319,10067,com.qualcomm.qti.devicestatisticsservice,added application,com.qualcomm.qti.devicestatisticsservice]
01-08 01:31:12.182 I/am_proc_bound( 1526): [0,2281,com.qti.qualcomm.mstatssystemservice]
01-08 01:31:12.185 I/am_uid_active( 1526): 10084
01-08 01:31:12.187 I/am_proc_bound( 1526): [0,2261,vendor.qti.qesdk.sysservice]
01-08 01:31:12.194 I/am_proc_start( 1526): [0,2367,1000,com.qualcomm.qti.qdma,added application,com.qualcomm.qti.qdma]
01-08 01:31:12.195 I/am_proc_bound( 1526): [0,2293,com.android.se]
01-08 01:31:12.196 I/am_uid_active( 1526): 1068
01-08 01:31:12.202 I/am_proc_start( 1526): [0,2377,1000,com.android.settings,top-activity,{com.android.settings/com.android.settings.FallbackHome}]
01-08 01:31:12.207 I/am_proc_bound( 1526): [0,2319,com.qualcomm.qti.devicestatisticsservice]
01-08 01:31:12.209 I/am_uid_active( 1526): 10067
01-08 01:31:12.212 I/am_proc_start( 1526): [0,2387,1000,com.thundercomm.gamemode,service,{com.thundercomm.gamemode/com.thundercomm.gamemode.perf.FgBoostPerfService}]
01-08 01:31:12.219 I/am_proc_bound( 1526): [0,2307,com.thundercomm.tcservice]
01-08 01:31:12.225 I/am_proc_bound( 1526): [0,2298,com.thundercomm.remotecontrolservice]
01-08 01:31:12.228 I/am_proc_start( 1526): [0,2414,10095,android.ext.services,service,{android.ext.services/android.ext.services.autofill.InlineSuggestionRenderServiceImpl}]
01-08 01:31:12.233 I/am_proc_bound( 1526): [0,2387,com.thundercomm.gamemode]
01-08 01:31:12.235 I/am_proc_bound( 1526): [0,2377,com.android.settings]
01-08 01:31:12.236 D/TelephonyRegistry( 1526): listen oscl: mHasNotifySubscriptionInfoChangedOccurred==false no callback
01-08 01:31:12.239 I/wm_restart_activity( 1526): [0,89812207,2,com.android.settings/.FallbackHome]
01-08 01:31:12.240 I/wm_set_resumed_activity( 1526): [0,com.android.settings/.FallbackHome,minimalResumeActivityLocked]
01-08 01:31:12.243 I/am_proc_bound( 1526): [0,2367,com.qualcomm.qti.qdma]
01-08 01:31:12.251 I/auditd ( 928): type=1400 audit(0.0:214): avc: denied { read write } for comm="sensors.qti" name="diag" dev="tmpfs" ino=12789 scontext=u:r:vendor_sensors_qti:s0 tcontext=u:object_r:vendor_diag_device:s0 tclass=chr_file permissive=0
01-08 01:31:12.256 I/am_proc_bound( 1526): [0,2414,android.ext.services]
01-08 01:31:12.257 I/am_uid_active( 1526): 10095
01-08 01:31:12.289 I/am_uid_running( 1526): 10069
01-08 01:31:12.297 I/am_proc_start( 1526): [0,2489,10069,com.thundercomm.gamemode.provider,content provider,{com.thundercomm.gamemode.provider/com.thundercomm.gamemode.provider.SettingsProvider}]
01-08 01:31:12.310 I/am_wtf ( 1526): [0,2377,com.android.settings,952647173,RoleParser,com.android.permissioncontroller.role.model.AssistantRoleBehavior]
01-08 01:31:12.312 I/am_wtf ( 1526): [0,2377,com.android.settings,952647173,RoleParser,com.android.permissioncontroller.role.model.BrowserRoleBehavior]
01-08 01:31:12.313 I/am_wtf ( 1526): [0,2377,com.android.settings,952647173,RoleParser,com.android.permissioncontroller.role.model.DialerRoleBehavior]
01-08 01:31:12.314 I/am_wtf ( 1526): [0,2377,com.android.settings,952647173,RoleParser,com.android.permissioncontroller.role.model.SmsRoleBehavior]
01-08 01:31:12.314 I/am_wtf ( 1526): [0,2377,com.android.settings,952647173,RoleParser,com.android.permissioncontroller.role.model.EmergencyRoleBehavior]
01-08 01:31:12.315 I/am_wtf ( 1526): [0,2377,com.android.settings,952647173,RoleParser,com.android.permissioncontroller.role.model.HomeRoleBehavior]
01-08 01:31:12.316 I/am_wtf ( 1526): [0,2377,com.android.settings,952647173,RoleParser,com.android.permissioncontroller.role.model.SystemAutomotiveClusterRoleBehavior]
01-08 01:31:12.316 I/am_wtf ( 1526): [0,2377,com.android.settings,952647173,RoleParser,com.android.permissioncontroller.role.model.CompanionDeviceWatchRoleBehavior]
01-08 01:31:12.317 I/am_wtf ( 1526): [0,2377,com.android.settings,952647173,RoleParser,com.android.permissioncontroller.role.model.SystemShellRoleBehavior]
01-08 01:31:12.317 I/am_wtf ( 1526): [0,2377,com.android.settings,952647173,RoleParser,com.android.permissioncontroller.role.model.TelevisionRoleBehavior]
01-08 01:31:12.318 I/am_wtf ( 1526): [0,2377,com.android.settings,952647173,RoleParser,com.android.permissioncontroller.role.model.TelevisionRoleBehavior]
01-08 01:31:12.320 I/am_proc_bound( 1526): [0,2489,com.thundercomm.gamemode.provider]
01-08 01:31:12.329 I/wm_on_create_called( 2377): [89812207,com.android.settings.FallbackHome,performCreate]
01-08 01:31:12.329 I/wm_on_start_called( 2377): [89812207,com.android.settings.FallbackHome,handleStartActivity]
01-08 01:31:12.330 I/wm_on_resume_called( 2377): [89812207,com.android.settings.FallbackHome,RESUME_ACTIVITY]
01-08 01:31:12.336 I/wm_on_top_resumed_gained_called( 2377): [89812207,com.android.settings.FallbackHome,topStateChangedWhenResumed]
01-08 01:31:12.347 I/input_focus( 1526): [Focus request 2aaf692 com.android.settings/com.android.settings.FallbackHome,reason=UpdateInputWindows]
01-08 01:31:12.362 I/am_uid_running( 1526): 10078
01-08 01:31:12.371 I/am_proc_start( 1526): [0,2543,10078,com.android.launcher3,service,{com.android.launcher3/com.android.quickstep.TouchInteractionService}]
01-08 01:31:12.381 I/boot_progress_enable_screen( 1526): 9497
01-08 01:31:12.382 I/screen_toggled( 1526): 1
01-08 01:31:12.389 D/TelephonyRegistry( 1526): listen oscl: mHasNotifySubscriptionInfoChangedOccurred==false no callback
01-08 01:31:12.393 I/notification_enqueue( 1526): [10081,1984,com.android.systemui,1,empty_media,0,Notification(channel=empty_media_style_id shortcut=null contentView=null vibrate=null sound=null defaults=0x0 flags=0x20 color=0x00000000 category=transport actions=4 vis=PRIVATE),0]
01-08 01:31:12.396 I/notification_cancel_all( 1526): [1000,1526,com.android.systemui,0,0,0,20,NULL]
01-08 01:31:12.397 D/TelephonyRegistry( 1526): notifyCellLocationForSubscriber: subId=2147483647 cellIdentity=null
01-08 01:31:12.398 I/am_uid_running( 1526): 10089
01-08 01:31:12.399 I/notification_enqueue( 1526): [1000,1526,android,32,NULL,-1,Notification(channel=USB shortcut=null contentView=null vibrate=null sound=null tick defaults=0x0 flags=0x2 color=0x00000000 vis=PUBLIC),0]
01-08 01:31:12.399 I/am_proc_bound( 1526): [0,2543,com.android.launcher3]
01-08 01:31:12.401 I/am_uid_active( 1526): 10078
01-08 01:31:12.406 I/sysui_multi_action( 1526): [757,1501,758,1,793,102,794,0,795,102,796,1,797,empty_media,806,com.android.systemui,857,empty_media_style_id,858,4,947,0,1500,0,1641,transport,1745,1043716538]
01-08 01:31:12.406 I/sysui_multi_action( 1526): [757,804,799,note_interruptive,801,0,802,1]
01-08 01:31:12.409 I/am_proc_start( 1526): [0,2577,10089,com.qualcomm.qti.qccauthmgr,content provider,{com.qualcomm.qti.qccauthmgr/com.qualcomm.qti.qccauthmgr.providers.SMQContentProvider}]
01-08 01:31:12.418 I/sysui_multi_action( 1984): [757,213,758,4,759,-1]
01-08 01:31:12.434 W/CarrierConfigManager( 1984): Error getting config for subId -1 ICarrierConfigLoader is null
01-08 01:31:12.440 D/TelephonyRegistry( 1526): listen oscl: mHasNotifySubscriptionInfoChangedOccurred==false no callback
01-08 01:31:12.441 I/am_proc_bound( 1526): [0,2577,com.qualcomm.qti.qccauthmgr]
01-08 01:31:12.442 I/am_uid_active( 1526): 10089
01-08 01:31:12.451 I/auditd ( 928): type=1400 audit(0.0:215): avc: denied { read write } for comm="sensors.qti" name="diag" dev="tmpfs" ino=12789 scontext=u:r:vendor_sensors_qti:s0 tcontext=u:object_r:vendor_diag_device:s0 tclass=chr_file permissive=0
01-08 01:31:12.546 I/commit_sys_config_file( 1526): [settings-2-0,2]
01-08 01:31:12.571 I/commit_sys_config_file( 1526): [settings-0-0,1]
01-08 01:31:12.600 I/sysui_multi_action( 1526): [757,1501,758,1,793,265,794,0,795,265,796,32,806,android,857,USB,858,1,947,0,1500,0]
01-08 01:31:12.600 I/sysui_multi_action( 1526): [757,804,799,note_interruptive,801,0,802,1]
01-08 01:31:12.651 I/auditd ( 928): type=1400 audit(0.0:216): avc: denied { read write } for comm="sensors.qti" name="diag" dev="tmpfs" ino=12789 scontext=u:r:vendor_sensors_qti:s0 tcontext=u:object_r:vendor_diag_device:s0 tclass=chr_file permissive=0
01-08 01:31:12.726 I/am_uid_active( 1526): 10069
01-08 01:31:12.828 I/commit_sys_config_file( 1526): [settings-1-0,2]
01-08 01:31:12.835 I/wm_boot_animation_done( 1526): 9951
01-08 01:31:12.851 I/auditd ( 928): type=1400 audit(0.0:217): avc: denied { read write } for comm="sensors.qti" name="diag" dev="tmpfs" ino=12789 scontext=u:r:vendor_sensors_qti:s0 tcontext=u:object_r:vendor_diag_device:s0 tclass=chr_file permissive=0
01-08 01:31:12.875 I/notification_enqueue( 1526): [1000,1526,android,26,NULL,-1,Notification(channel=DEVELOPER_IMPORTANT shortcut=null contentView=null vibrate=null sound=null tick defaults=0x0 flags=0x2 color=0x00000000 vis=PUBLIC),0]
01-08 01:31:12.878 I/uc_finish_user_boot( 1526): 0
01-08 01:31:12.878 I/am_user_state_changed( 1526): [0,1]
01-08 01:31:12.880 I/uc_send_user_broadcast( 1526): [0,android.intent.action.LOCKED_BOOT_COMPLETED]
01-08 01:31:12.900 I/uc_finish_user_unlocking( 1526): 0
01-08 01:31:12.902 I/am_uid_running( 1526): 10066
01-08 01:31:12.899 I/auditd ( 2658): type=1400 audit(0.0:218): avc: denied { ptrace } for comm="crash_dump64" scontext=u:r:crash_dump:s0 tcontext=u:r:init:s0 tclass=process permissive=0
01-08 01:31:12.918 I/am_proc_start( 1526): [0,2664,10066,com.android.deskclock,broadcast,{com.android.deskclock/com.android.deskclock.AlarmInitReceiver}]
01-08 01:31:12.930 I/am_proc_bound( 1526): [0,2664,com.android.deskclock]
01-08 01:31:12.931 I/am_uid_active( 1526): 10066
01-08 01:31:13.002 I/am_user_state_changed( 1526): [0,2]
01-08 01:31:13.003 I/ssm_user_unlocking( 1526): 0
01-08 01:31:13.035 I/uc_finish_user_unlocked( 1526): 0
01-08 01:31:13.035 I/am_user_state_changed( 1526): [0,3]
01-08 01:31:13.037 I/am_uid_running( 1526): 10082
01-08 01:31:13.037 I/am_uid_running( 1526): 10059
01-08 01:31:13.038 I/am_uid_running( 1526): 10058
01-08 01:31:13.039 I/am_uid_running( 1526): 10076
01-08 01:31:13.040 I/am_uid_running( 1526): 10085
01-08 01:31:13.040 I/am_uid_running( 1526): 10086
01-08 01:31:13.049 I/am_uid_running( 1526): 10079
01-08 01:31:13.049 I/am_proc_start( 1526): [0,2713,10082,com.hht.lebocast,added application,com.hht.lebocast]
01-08 01:31:13.056 I/uc_send_user_broadcast( 1526): [0,android.intent.action.USER_UNLOCKED]
01-08 01:31:13.055 I/auditd ( 928): type=1400 audit(0.0:219): avc: denied { read write } for comm="sensors.qti" name="diag" dev="tmpfs" ino=12789 scontext=u:r:vendor_sensors_qti:s0 tcontext=u:object_r:vendor_diag_device:s0 tclass=chr_file permissive=0
01-08 01:31:13.060 I/am_proc_start( 1526): [0,2716,10059,ts.car.uart,added application,ts.car.uart]
01-08 01:31:13.061 I/am_uid_active( 1526): 10079
01-08 01:31:13.062 I/uc_finish_user_unlocked_completed( 1526): 0
01-08 01:31:13.063 I/ssm_user_unlocked( 1526): 0
01-08 01:31:13.067 I/wm_finish_activity( 1526): [0,89812207,2,com.android.settings/.FallbackHome,app-request]
01-08 01:31:13.068 I/wm_pause_activity( 1526): [0,89812207,com.android.settings/.FallbackHome,userLeaving=false,finish]
01-08 01:31:13.070 I/wm_on_top_resumed_lost_called( 2377): [89812207,com.android.settings.FallbackHome,topStateChangedWhenResumed]
01-08 01:31:13.071 I/wm_on_paused_called( 2377): [89812207,com.android.settings.FallbackHome,performPause]
01-08 01:31:13.071 I/uc_send_user_broadcast( 1526): [0,android.intent.action.BOOT_COMPLETED]
01-08 01:31:13.084 I/service_manager_slow( 1526): [11,platform_compat]
01-08 01:31:13.090 I/service_manager_slow( 1526): [12,telecom]
01-08 01:31:13.092 I/wm_task_created( 1526): [8,-1]
01-08 01:31:13.094 I/wm_task_moved( 1526): [8,1,2147483647]
01-08 01:31:13.097 I/wm_task_moved( 1526): [1,1,5]
01-08 01:31:13.097 I/wm_create_task( 1526): [0,8]
01-08 01:31:13.097 I/wm_create_activity( 1526): [0,162781513,8,com.android.launcher3/.uioverrides.QuickstepLauncher,android.intent.action.MAIN,NULL,NULL,268435712]
01-08 01:31:13.097 I/wm_task_moved( 1526): [1,1,5]
01-08 01:31:13.097 I/wm_task_moved( 1526): [8,1,2147483647]
01-08 01:31:13.097 I/wm_task_to_front( 1526): [0,8]
01-08 01:31:13.102 I/wm_restart_activity( 1526): [0,162781513,8,com.android.launcher3/.uioverrides.QuickstepLauncher]
01-08 01:31:13.103 I/wm_set_resumed_activity( 1526): [0,com.android.launcher3/.uioverrides.QuickstepLauncher,minimalResumeActivityLocked]
01-08 01:31:13.106 I/am_uid_running( 1526): 10094
01-08 01:31:13.111 I/am_proc_start( 1526): [0,2753,10058,.pasr,added application,.pasr]
01-08 01:31:13.115 I/am_proc_bound( 1526): [0,2716,ts.car.uart]
01-08 01:31:13.120 I/am_uid_active( 1526): 10059
01-08 01:31:13.122 I/am_proc_bound( 1526): [0,2753,.pasr]
01-08 01:31:13.125 I/am_uid_active( 1526): 10058
01-08 01:31:13.127 I/am_proc_bound( 1526): [0,2713,com.hht.lebocast]
01-08 01:31:13.131 I/am_uid_active( 1526): 10082
01-08 01:31:13.132 I/am_proc_start( 1526): [0,2785,10076,com.qualcomm.qti.services.systemhelper:systemhelper_service,added application,com.qualcomm.qti.services.systemhelper:systemhelper_service]
01-08 01:31:13.147 I/sysui_multi_action( 1526): [757,803,799,window_time_0,802,3]
01-08 01:31:13.153 I/am_proc_start( 1526): [0,2814,10085,com.qualcomm.qti.qccnetstat,added application,com.qualcomm.qti.qccnetstat]
01-08 01:31:13.158 I/am_proc_bound( 1526): [0,2785,com.qualcomm.qti.services.systemhelper:systemhelper_service]
01-08 01:31:13.160 I/am_uid_active( 1526): 10076
01-08 01:31:13.163 I/am_proc_start( 1526): [0,2816,10086,com.qualcomm.qti.workloadclassifier,added application,com.qualcomm.qti.workloadclassifier]
01-08 01:31:13.172 I/am_proc_bound( 1526): [0,2814,com.qualcomm.qti.qccnetstat]
01-08 01:31:13.175 I/am_uid_active( 1526): 10085
01-08 01:31:13.176 I/am_proc_start( 1526): [0,2838,10079,com.qualcomm.location,added application,com.qualcomm.location]
01-08 01:31:13.186 I/am_proc_start( 1526): [0,2846,10094,com.android.providers.media.module,service,{com.android.providers.media.module/com.android.providers.media.fuse.ExternalStorageServiceImpl}]
01-08 01:31:13.192 I/am_proc_bound( 1526): [0,2816,com.qualcomm.qti.workloadclassifier]
01-08 01:31:13.196 I/am_uid_active( 1526): 10086
01-08 01:31:13.200 I/am_proc_start( 1526): [0,2865,1000,com.android.keychain,service,{com.android.keychain/com.android.keychain.KeyChainService}]
01-08 01:31:13.204 I/am_proc_bound( 1526): [0,2838,com.qualcomm.location]
01-08 01:31:13.218 I/am_proc_bound( 1526): [0,2846,com.android.providers.media.module]
01-08 01:31:13.223 I/am_uid_active( 1526): 10094
01-08 01:31:13.226 I/am_proc_bound( 1526): [0,2865,com.android.keychain]
01-08 01:31:13.255 I/auditd ( 928): type=1400 audit(0.0:220): avc: denied { read write } for comm="sensors.qti" name="diag" dev="tmpfs" ino=12789 scontext=u:r:vendor_sensors_qti:s0 tcontext=u:object_r:vendor_diag_device:s0 tclass=chr_file permissive=0
01-08 01:31:13.262 I/sysui_multi_action( 1526): [757,1501,758,1,793,388,794,0,795,388,796,26,806,android,857,DEVELOPER_IMPORTANT,858,4,947,0,1500,0]
01-08 01:31:13.262 I/sysui_multi_action( 1526): [757,804,799,note_interruptive,801,0,802,1]
01-08 01:31:13.262 I/sysui_multi_action( 1526): [757,1501,758,1,793,388,794,0,795,388,796,26,806,android,857,DEVELOPER_IMPORTANT,858,4,947,0,1500,0,1688,1]
01-08 01:31:13.262 I/sysui_multi_action( 1526): [757,804,799,note_interruptive,801,0,802,1]
01-08 01:31:13.262 I/sysui_multi_action( 1526): [757,199,758,1,759,2,793,388,794,0,795,388,796,26,806,android,857,DEVELOPER_IMPORTANT,858,4,947,0,1500,0,1688,1]
01-08 01:31:13.262 I/notification_alert( 1526): [-1|android|26|null|1000,0,1,0]
01-08 01:31:13.354 I/am_uid_running( 1526): 10074
01-08 01:31:13.364 I/am_proc_start( 1526): [0,2961,10074,com.qualcomm.location.XT,service,{com.qualcomm.location.XT/com.qualcomm.location.XT.XTSrv}]
01-08 01:31:13.390 I/am_uid_running( 1526): 10083
01-08 01:31:13.394 I/am_proc_bound( 1526): [0,2961,com.qualcomm.location.XT]
01-08 01:31:13.400 I/am_uid_active( 1526): 10074
01-08 01:31:13.403 I/am_proc_start( 1526): [0,2984,10083,com.qualcomm.qtil.aptxui,broadcast,{com.qualcomm.qtil.aptxui/com.qualcomm.qtil.aptxui.aptxuiBootReceiver}]
01-08 01:31:13.409 I/wm_on_create_called( 2543): [162781513,com.android.launcher3.uioverrides.QuickstepLauncher,performCreate]
01-08 01:31:13.410 I/wm_on_start_called( 2543): [162781513,com.android.launcher3.uioverrides.QuickstepLauncher,handleStartActivity]
01-08 01:31:13.410 I/wm_on_resume_called( 2543): [162781513,com.android.launcher3.uioverrides.QuickstepLauncher,RESUME_ACTIVITY]
01-08 01:31:13.419 I/wm_on_top_resumed_gained_called( 2543): [162781513,com.android.launcher3.uioverrides.QuickstepLauncher,topStateChangedWhenResumed]
01-08 01:31:13.425 I/am_proc_bound( 1526): [0,2984,com.qualcomm.qtil.aptxui]
01-08 01:31:13.428 I/am_uid_active( 1526): 10083
01-08 01:31:13.440 I/input_focus( 1526): [Focus request 1bc00b2 com.android.launcher3/com.android.launcher3.uioverrides.QuickstepLauncher,reason=UpdateInputWindows]
01-08 01:31:13.435 I/auditd ( 3006): type=1400 audit(0.0:221): avc: denied { read } for comm="ip" name="rt_tables" dev="dm-10" ino=342 scontext=u:r:ethernet:s0 tcontext=u:object_r:net_data_file:s0 tclass=file permissive=0
01-08 01:31:13.439 I/auditd ( 3012): type=1400 audit(0.0:222): avc: denied { read } for comm="ip" name="rt_tables" dev="dm-10" ino=342 scontext=u:r:ethernet:s0 tcontext=u:object_r:net_data_file:s0 tclass=file permissive=0
01-08 01:31:13.469 I/sf_stop_bootanim( 906): 10585
01-08 01:31:13.485 I/input_focus( 1526): [Focus entering 1bc00b2 com.android.launcher3/com.android.launcher3.uioverrides.QuickstepLauncher (server),reason=setFocusedWindow]
01-08 01:31:13.485 I/sysui_multi_action( 1526): [319,1596,322,1591,325,8,757,761,758,7,759,2,806,com.android.launcher3,871,com.android.launcher3.uioverrides.QuickstepLauncher,905,0,945,364,1320,8,1321,5]
01-08 01:31:13.485 I/wm_activity_launch_time( 1526): [0,162781513,com.android.launcher3/.uioverrides.QuickstepLauncher,1591]
01-08 01:31:13.510 I/am_uid_running( 1526): 10033
01-08 01:31:13.514 I/am_uid_running( 1526): 10019
01-08 01:31:13.516 I/am_uid_running( 1526): 10036
01-08 01:31:13.518 I/am_proc_start( 1526): [0,3044,10033,com.android.traceur,broadcast,{com.android.traceur/com.android.traceur.Receiver}]
01-08 01:31:13.524 I/am_proc_start( 1526): [0,3047,10019,android.process.media,broadcast,{com.android.mtp/com.android.mtp.MtpReceiver}]
01-08 01:31:13.519 I/auditd ( 815): type=1400 audit(0.0:223): avc: denied { read } for comm="Loc_hal_worker" name="u:object_r:vendor_pd_locater_dbg_prop:s0" dev="tmpfs" ino=12585 scontext=u:r:vendor_hal_gnss_qti:s0 tcontext=u:object_r:vendor_pd_locater_dbg_prop:s0 tclass=file permissive=0
01-08 01:31:13.533 I/wm_destroy_activity( 1526): [0,89812207,2,com.android.settings/.FallbackHome,finish-idle]
01-08 01:31:13.534 I/am_uid_active( 1526): 10033
01-08 01:31:13.538 I/wm_on_stop_called( 2377): [89812207,com.android.settings.FallbackHome,LIFECYCLER_STOP_ACTIVITY]
01-08 01:31:13.541 I/am_proc_start( 1526): [0,3070,10036,com.baidu.input,service,{com.baidu.input/com.baidu.input.ImeService}]
01-08 01:31:13.543 I/wm_on_destroy_called( 2377): [89812207,com.android.settings.FallbackHome,performDestroy]
01-08 01:31:13.547 I/am_proc_bound( 1526): [0,3044,com.android.traceur]
01-08 01:31:13.551 D/TelephonyRegistry( 1526): listen oscl: mHasNotifySubscriptionInfoChangedOccurred==false no callback
01-08 01:31:13.561 I/am_proc_bound( 1526): [0,3070,com.baidu.input]
01-08 01:31:13.563 I/am_uid_active( 1526): 10036
01-08 01:31:13.565 I/am_proc_bound( 1526): [0,3047,android.process.media]
01-08 01:31:13.595 I/auditd ( 811): type=1400 audit(0.0:224): avc: denied { read write } for comm="bluetooth@1.0-s" name="diag" dev="tmpfs" ino=12789 scontext=u:r:hal_bluetooth_default:s0 tcontext=u:object_r:vendor_diag_device:s0 tclass=chr_file permissive=0
01-08 01:31:13.658 I/am_crash( 1526): [2319,0,com.qualcomm.qti.devicestatisticsservice,814235213,java.lang.ClassNotFoundException,android.hidl.manager.V1_0.IServiceNotification$Stub,DeviceStatisticsService.java,83]
01-08 01:31:13.665 I/sysui_multi_action( 1526): [757,316,758,4,759,-1]
01-08 01:31:13.669 I/am_wtf ( 1526): [0,1526,system_server,-1,BootReceiver,open failed: ENOENT (No such file or directory)]
01-08 01:31:13.683 I/commit_sys_config_file( 1526): [log-files,1]
01-08 01:31:13.690 I/am_uid_active( 1526): 10019
01-08 01:31:13.691 I/auditd ( 3141): type=1400 audit(0.0:225): avc: denied { read } for comm="ip" name="rt_tables" dev="dm-10" ino=342 scontext=u:r:ethernet:s0 tcontext=u:object_r:net_data_file:s0 tclass=file permissive=0
01-08 01:31:13.700 I/am_proc_died( 1526): [0,2319,com.qualcomm.qti.devicestatisticsservice,-800,0]
01-08 01:31:13.701 D/TelephonyRegistry( 1526): listen oscl: mHasNotifySubscriptionInfoChangedOccurred==false no callback
01-08 01:31:13.704 I/am_schedule_service_restart( 1526): [0,com.qualcomm.qti.devicestatisticsservice/.DeviceStatisticsService,0]
01-08 01:31:13.704 I/am_uid_stopped( 1526): 10067
01-08 01:31:13.704 I/am_uid_running( 1526): 10067
01-08 01:31:13.705 I/am_uid_active( 1526): 10067
01-08 01:31:13.703 I/auditd ( 3143): type=1400 audit(0.0:226): avc: denied { read } for comm="ip" name="rt_tables" dev="dm-10" ino=342 scontext=u:r:ethernet:s0 tcontext=u:object_r:net_data_file:s0 tclass=file permissive=0
01-08 01:31:13.712 I/am_proc_start( 1526): [0,3151,10067,com.qualcomm.qti.devicestatisticsservice,restart,com.qualcomm.qti.devicestatisticsservice]
01-08 01:31:13.720 D/TelephonyRegistry( 1526): listen oscl: mHasNotifySubscriptionInfoChangedOccurred==false no callback
01-08 01:31:13.727 I/am_proc_start( 1526): [0,3162,1000,com.qti.diagservices,broadcast,{com.qti.diagservices/com.qti.diagservices.Diag_OnBoot}]
01-08 01:31:13.733 I/am_proc_bound( 1526): [0,3151,com.qualcomm.qti.devicestatisticsservice]
01-08 01:31:13.745 I/am_proc_bound( 1526): [0,3162,com.qti.diagservices]
01-08 01:31:13.760 I/liblog ( 1950): 3
01-08 01:31:13.760 I/liblog ( 1950): 1
01-08 01:31:13.760 I/liblog ( 1950): 1
01-08 01:31:13.760 I/liblog ( 1950): 1
01-08 01:31:13.760 I/liblog ( 1950): 1
01-08 01:31:13.760 I/liblog ( 1950): 59
01-08 01:31:13.760 I/liblog ( 1950): 2
01-08 01:31:13.760 I/liblog ( 1950): 3
01-08 01:31:13.760 I/liblog ( 1950): 1
01-08 01:31:13.760 I/liblog ( 1950): 1
01-08 01:31:13.760 I/liblog ( 1950): 2
01-08 01:31:13.762 I/liblog ( 1950): 282
01-08 01:31:13.762 I/liblog ( 1950): 2
01-08 01:31:13.762 I/liblog ( 1950): 1
01-08 01:31:13.763 I/liblog ( 1950): 12
01-08 01:31:13.763 I/wm_task_removed( 1526): [2,cleanUpResourcesForDestroy]
01-08 01:31:13.763 I/liblog ( 1950): 2
01-08 01:31:13.764 I/wm_task_removed( 1526): [2,removeChild:removeChild last r=ActivityRecord{55a6cef u0 com.android.settings/.FallbackHome t-1 f}} in t=Task{e893ab #2 type=home A=1000:com.android.settings.FallbackHome U=0 visible=false mode=fullscreen translucent=true sz=0}]
01-08 01:31:13.764 I/wm_task_removed( 1526): [2,removeChild]
01-08 01:31:13.764 I/liblog ( 1950): 1
01-08 01:31:13.764 I/liblog ( 1950): 2
01-08 01:31:13.764 I/liblog ( 1950): 1
01-08 01:31:13.764 I/liblog ( 1950): 2
01-08 01:31:13.765 I/liblog ( 1950): 1
01-08 01:31:13.791 I/am_uid_running( 1526): 10031
01-08 01:31:13.805 I/am_proc_start( 1526): [0,3215,10031,android.process.acore,content provider,{com.android.providers.contacts/com.android.providers.contacts.ContactsProvider2}]
01-08 01:31:13.803 I/auditd ( 3162): type=1400 audit(0.0:227): avc: denied { read write } for comm="ti.diagservices" name="diag" dev="tmpfs" ino=12789 scontext=u:r:system_app:s0 tcontext=u:object_r:vendor_diag_device:s0 tclass=chr_file permissive=0
01-08 01:31:13.815 I/am_proc_bound( 1526): [0,3215,android.process.acore]
01-08 01:31:13.819 I/am_uid_active( 1526): 10031
01-08 01:31:13.852 I/am_meminfo( 1526): [929484800,4799725568,12288,312721408,600872960]
01-08 01:31:13.858 I/am_pss ( 1526): [2577,10089,com.qualcomm.qti.qccauthmgr,6649856,4222976,0,95285248,2,5,5]
01-08 01:31:13.864 I/am_pss ( 1526): [2414,10095,android.ext.services,9831424,4792320,0,102768640,2,5,6]
01-08 01:31:13.871 I/auditd ( 3244): type=1400 audit(0.0:228): avc: denied { read } for comm="ip" name="rt_tables" dev="dm-10" ino=342 scontext=u:r:ethernet:s0 tcontext=u:object_r:net_data_file:s0 tclass=file permissive=0
01-08 01:31:13.873 I/am_pss ( 1526): [1950,1002,com.android.bluetooth,29337600,22466560,0,138096640,2,0,8]
01-08 01:31:13.879 I/am_pss ( 1526): [2367,1000,com.qualcomm.qti.qdma,11058176,7159808,0,106782720,2,0,5]
01-08 01:31:13.885 I/am_pss ( 1526): [2387,1000,com.thundercomm.gamemode,9207808,6897664,0,96415744,2,10,6]
01-08 01:31:13.891 I/am_pss ( 1526): [2298,1000,com.thundercomm.remotecontrolservice,9720832,6914048,0,101076992,2,0,5]
01-08 01:31:13.897 I/am_pss ( 1526): [2307,1000,com.thundercomm.tcservice,8001536,5758976,0,94773248,2,0,5]
01-08 01:31:13.902 I/am_pss ( 1526): [2293,1068,com.android.se,5998592,3878912,0,91193344,2,0,5]
01-08 01:31:13.908 I/am_pss ( 1526): [2261,1000,vendor.qti.qesdk.sysservice,5748736,3629056,0,90976256,2,0,5]
01-08 01:31:13.914 I/am_pss ( 1526): [2281,10084,com.qti.qualcomm.mstatssystemservice,5617664,3575808,0,89436160,2,0,5]
01-08 01:31:13.920 I/am_pss ( 1526): [2258,1000,com.thundercomm.tcsetupwizard,6961152,4935680,0,90832896,2,0,4]
01-08 01:31:13.926 I/am_pss ( 1526): [2250,1000,com.tc.logclient,6589440,4562944,0,90476544,2,0,5]
01-08 01:31:13.932 I/am_pss ( 1526): [2213,1000,com.thundercomm.tchttpserver,7409664,5373952,0,91115520,2,0,4]
01-08 01:31:13.938 I/am_pss ( 1526): [2176,1001,.dataservices,8497152,6250496,0,94363648,2,0,5]
01-08 01:31:13.943 I/am_pss ( 1526): [2187,10055,.qtidataservices,6166528,4063232,0,90980352,2,0,5]
01-08 01:31:13.950 I/am_pss ( 1526): [2161,1000,com.thundercomm.microsettings,37654528,32755712,0,128577536,2,0,5]
01-08 01:31:13.955 I/am_pss ( 1526): [2070,1000,com.thundercomm.microservice,9244672,7024640,0,95571968,2,0,4]
01-08 01:31:13.961 I/am_pss ( 1526): [2018,1073,com.android.networkstack.process,11308032,8388608,0,103182336,2,0,6]
01-08 01:31:13.972 I/am_pss ( 1526): [1984,10081,com.android.systemui,158959616,138321920,0,309964800,2,0,9]
01-08 01:31:13.989 I/am_pss ( 1526): [1526,1000,system,218926080,115101696,0,537423872,2,0,17]
01-08 01:31:14.779 I/auditd ( 3070): type=1400 audit(0.0:254): avc: denied { read } for comm="sec-1-thread-1" name="u:object_r:bluetooth_prop:s0" dev="tmpfs" ino=12315 scontext=u:r:priv_app:s0:c512,c768 tcontext=u:object_r:bluetooth_prop:s0 tclass=file permissive=0 app=com.baidu.input
01-08 01:31:14.779 I/auditd ( 3070): type=1400 audit(0.0:255): avc: denied { search } for comm="sec-1-thread-1" name="asound" dev="proc" ino=4026532151 scontext=u:r:priv_app:s0:c512,c768 tcontext=u:object_r:proc_asound:s0 tclass=dir permissive=0 app=com.baidu.input
01-08 01:31:14.779 I/auditd ( 3070): type=1400 audit(0.0:256): avc: denied { search } for comm="sec-1-thread-1" name="asound" dev="proc" ino=4026532151 scontext=u:r:priv_app:s0:c512,c768 tcontext=u:object_r:proc_asound:s0 tclass=dir permissive=0 app=com.baidu.input
01-08 01:31:14.779 I/auditd ( 3070): type=1400 audit(0.0:257): avc: denied { search } for comm="sec-1-thread-1" name="asound" dev="proc" ino=4026532151 scontext=u:r:priv_app:s0:c512,c768 tcontext=u:object_r:proc_asound:s0 tclass=dir permissive=0 app=com.baidu.input
01-08 01:31:14.779 I/auditd ( 3070): type=1400 audit(0.0:258): avc: denied { search } for comm="sec-1-thread-1" name="asound" dev="proc" ino=4026532151 scontext=u:r:priv_app:s0:c512,c768 tcontext=u:object_r:proc_asound:s0 tclass=dir permissive=0 app=com.baidu.input
01-08 01:31:15.030 I/commit_sys_config_file( 1526): [jobs,4]
01-08 01:31:15.648 I/service_manager_stats( 1526): [756,353,5608]
01-08 01:31:15.653 I/netstats_mobile_sample( 1526): [0,0,0,0,0,0,0,0,0,0,0,0,1673112675653]
01-08 01:31:15.653 I/netstats_wifi_sample( 1526): [0,0,0,0,0,0,0,0,0,0,0,0,1673112675653]
01-08 01:31:15.665 I/netstats_mobile_sample( 1526): [0,0,0,0,0,0,0,0,0,0,0,0,1673112675665]
01-08 01:31:15.665 I/netstats_wifi_sample( 1526): [0,0,0,0,0,0,0,0,0,0,0,0,1673112675665]
01-08 01:31:15.693 I/am_uid_running( 1526): 10025
01-08 01:31:15.702 I/am_proc_start( 1526): [0,3504,10025,com.hryt.hiphishowfsecontrol,broadcast,{com.hryt.hiphishowfsecontrol/com.hryt.hiphishowfsecontrol.receivers.HiPhiShowReceiver}]
01-08 01:31:15.732 I/am_proc_bound( 1526): [0,3504,com.hryt.hiphishowfsecontrol]
01-08 01:31:15.735 I/am_uid_active( 1526): 10025
01-08 01:31:15.892 I/commit_sys_config_file( 1526): [settings-0-0,10]
01-08 01:31:15.915 I/am_uid_running( 1526): 10064
01-08 01:31:15.924 I/am_proc_start( 1526): [0,3528,10064,com.android.calendar,broadcast,{com.android.calendar/com.android.calendar.alerts.AlertReceiver}]
01-08 01:31:15.950 I/am_proc_bound( 1526): [0,3528,com.android.calendar]
01-08 01:31:15.955 I/am_uid_active( 1526): 10064
01-08 01:31:16.049 I/am_proc_start( 1526): [0,3545,1000,com.android.dynsystem,broadcast,{com.android.dynsystem/com.android.dynsystem.BootCompletedReceiver}]
01-08 01:31:16.062 I/backup_transport_lifecycle( 1526): [com.android.localtransport/.LocalTransportService,1]
01-08 01:31:16.076 I/am_proc_start( 1526): [0,3553,1000,com.android.localtransport,service,{com.android.localtransport/com.android.localtransport.LocalTransportService}]
01-08 01:31:16.082 I/am_proc_bound( 1526): [0,3545,com.android.dynsystem]
01-08 01:31:16.106 I/am_proc_bound( 1526): [0,3553,com.android.localtransport]
01-08 01:31:16.151 I/am_uid_running( 1526): 10070
01-08 01:31:16.159 I/am_proc_start( 1526): [0,3579,1000,com.android.dynsystem:dynsystem,service,{com.android.dynsystem/com.android.dynsystem.DynamicSystemInstallationService}]
01-08 01:31:16.170 I/am_proc_start( 1526): [0,3580,10070,com.android.inputmethod.latin,broadcast,{com.android.inputmethod.latin/com.android.inputmethod.latin.SystemBroadcastReceiver}]
01-08 01:31:16.186 I/am_proc_bound( 1526): [0,3579,com.android.dynsystem:dynsystem]
01-08 01:31:16.193 I/am_proc_bound( 1526): [0,3580,com.android.inputmethod.latin]
01-08 01:31:16.196 I/am_uid_active( 1526): 10070
01-08 01:31:16.286 I/am_proc_died( 1526): [0,3580,com.android.inputmethod.latin,0,11]
01-08 01:31:16.286 I/am_broadcast_discard_app( 1526): [0,197151631,android.intent.action.BOOT_COMPLETED,18,ResolveInfo{c260d21 com.android.inputmethod.latin/.SystemBroadcastReceiver m=0x108000}]
01-08 01:31:16.287 I/am_uid_stopped( 1526): 10070
01-08 01:31:16.290 I/am_uid_running( 1526): 10028
01-08 01:31:16.299 I/am_proc_start( 1526): [0,3613,10028,com.android.managedprovisioning,broadcast,{com.android.managedprovisioning/com.android.managedprovisioning.BootReminder}]
01-08 01:31:16.328 I/am_proc_bound( 1526): [0,3613,com.android.managedprovisioning]
01-08 01:31:16.332 I/am_uid_active( 1526): 10028
01-08 01:31:16.410 I/backup_transport_connection( 1526): [com.android.localtransport/.LocalTransportService,1]
01-08 01:31:16.415 I/backup_transport_lifecycle( 1526): [com.android.localtransport/.LocalTransportService,0]
01-08 01:31:16.415 I/backup_transport_connection( 1526): [com.android.localtransport/.LocalTransportService,0]
01-08 01:31:16.427 I/am_uid_running( 1526): 10087
01-08 01:31:16.430 I/notification_cancel_all( 1526): [1002,1950,com.android.bluetooth,0,0,64,9,NULL]
01-08 01:31:16.436 I/am_proc_start( 1526): [0,3631,10087,com.android.music,broadcast,{com.android.music/com.android.music.MediaPlaybackReceiver}]
01-08 01:31:16.455 I/am_proc_bound( 1526): [0,3631,com.android.music]
01-08 01:31:16.457 I/am_uid_active( 1526): 10087
01-08 01:31:16.529 I/sysui_multi_action( 1984): [757,803,799,note_peek,802,1]
01-08 01:31:16.530 I/sysui_multi_action( 1526): [757,127,758,1]
01-08 01:31:16.531 I/sysui_multi_action( 1526): [757,804,799,note_load,801,1,802,1]
01-08 01:31:16.531 I/notification_panel_revealed( 1526): 1
01-08 01:31:16.532 I/sysui_heads_up_status( 1984): [-1|android|26|null|1000,1]
01-08 01:31:16.533 I/am_uid_running( 1526): 10060
01-08 01:31:16.537 I/sysui_multi_action( 1526): [757,128,758,1,793,4203,794,0,795,4203,796,32,798,1,806,android,857,USB,858,1,947,0,1395,2,1500,3938,1688,1]
01-08 01:31:16.538 I/sysui_multi_action( 1526): [757,804,799,note_freshness,801,4203,802,1]
01-08 01:31:16.538 I/notification_visibility( 1526): [-1|android|32|null|1000,1,4203,4203,0,1]
01-08 01:31:16.541 I/am_proc_start( 1526): [0,3655,10060,com.android.onetimeinitializer,broadcast,{com.android.onetimeinitializer/com.android.onetimeinitializer.OneTimeInitializerReceiver}]
01-08 01:31:16.558 I/am_proc_bound( 1526): [0,3655,com.android.onetimeinitializer]
01-08 01:31:16.562 I/am_uid_active( 1526): 10060
01-08 01:31:16.609 I/am_uid_running( 1526): 10030
01-08 01:31:16.616 I/am_proc_start( 1526): [0,3674,10030,com.android.packageinstaller,broadcast,{com.android.packageinstaller/com.android.packageinstaller.TemporaryFileManager}]
01-08 01:31:16.635 I/am_proc_bound( 1526): [0,3674,com.android.packageinstaller]
01-08 01:31:16.639 I/am_uid_active( 1526): 10030
01-08 01:31:16.698 I/am_uid_running( 1526): 10093
01-08 01:31:16.709 I/am_proc_start( 1526): [0,3689,10093,com.android.permissioncontroller,broadcast,{com.android.permissioncontroller/com.android.permissioncontroller.permission.service.LocationAccessCheck$SetupPeriodicBackgroundLocationAccessCheck}]
01-08 01:31:16.727 I/am_proc_bound( 1526): [0,3689,com.android.permissioncontroller]
01-08 01:31:16.731 I/am_uid_active( 1526): 10093
01-08 01:31:16.831 I/am_uid_running( 1526): 10017
01-08 01:31:16.841 I/am_proc_start( 1526): [0,3706,10017,com.android.providers.calendar,broadcast,{com.android.providers.calendar/com.android.providers.calendar.CalendarReceiver}]
01-08 01:31:16.867 I/am_proc_bound( 1526): [0,3706,com.android.providers.calendar]
01-08 01:31:16.872 I/am_uid_active( 1526): 10017
01-08 01:31:16.977 I/am_uid_running( 1526): 2000
01-08 01:31:16.989 I/am_proc_start( 1526): [0,3727,2000,com.android.shell,broadcast,{com.android.shell/com.android.shell.HeapDumpReceiver}]
01-08 01:31:17.014 I/am_proc_bound( 1526): [0,3727,com.android.shell]
01-08 01:31:17.018 I/am_uid_active( 1526): 2000
01-08 01:31:17.038 I/sysui_multi_action( 1526): [757,128,758,1,793,4164,794,0,795,4164,796,26,798,0,806,android,857,DEVELOPER_IMPORTANT,858,4,947,0,1395,2,1500,3776,1688,1]
01-08 01:31:17.038 I/sysui_multi_action( 1526): [757,804,799,note_freshness,801,4164,802,1]
01-08 01:31:17.038 I/notification_visibility( 1526): [-1|android|26|null|1000,1,4164,4164,0,0]
01-08 01:31:17.039 I/sysui_multi_action( 1526): [757,128,758,2,793,4705,794,502,795,4705,796,32,798,1,806,android,857,USB,858,1,947,0,1395,2,1500,4440,1688,1]
01-08 01:31:17.039 I/notification_visibility( 1526): [-1|android|32|null|1000,0,4705,4705,0,1]
01-08 01:31:17.063 I/am_uid_running( 1526): 10075
01-08 01:31:17.074 I/am_proc_start( 1526): [0,3743,10075,com.qti.ltebc,broadcast,{com.qti.ltebc/com.qualcomm.ltebc.LTEBroadcastBootReceiver}]
01-08 01:31:17.089 I/am_proc_bound( 1526): [0,3743,com.qti.ltebc]
01-08 01:31:17.092 I/am_uid_active( 1526): 10075
01-08 01:31:17.363 I/auditd ( 3779): type=1400 audit(0.0:273): avc: denied { read } for comm="cat" name="address" dev="sysfs" ino=61789 scontext=u:r:platform_app:s0:c512,c768 tcontext=u:object_r:sysfs:s0 tclass=file permissive=0 app=com.hht.lebocast
01-08 01:31:17.489 I/am_uid_running( 1526): 10056
01-08 01:31:17.496 I/am_proc_died( 1526): [0,3743,com.qti.ltebc,905,19]
01-08 01:31:17.497 I/am_uid_stopped( 1526): 10075
01-08 01:31:17.498 I/am_uid_active( 1526): 10056
01-08 01:31:17.499 I/am_proc_start( 1526): [0,3785,10056,com.qualcomm.qti.qms.service.connectionsecurity,broadcast,{com.qualcomm.qti.qms.service.connectionsecurity/com.qualcomm.qti.qms.service.connectionsecurity.ConnSecBroadcastReceiver}]
01-08 01:31:17.521 I/am_proc_bound( 1526): [0,3785,com.qualcomm.qti.qms.service.connectionsecurity]
01-08 01:31:17.564 I/liblog ( 1365): 44
01-08 01:31:17.621 I/am_uid_running( 1526): 10097
01-08 01:31:17.630 I/am_proc_start( 1526): [0,3808,10097,com.tencent.mm:push,broadcast,{com.tencent.mm/com.tencent.mm.booter.MMReceivers$BootReceiver}]
01-08 01:31:17.650 I/am_proc_bound( 1526): [0,3808,com.tencent.mm:push]
01-08 01:31:17.654 I/am_uid_active( 1526): 10097
01-08 01:31:18.200 I/netstats_mobile_sample( 1526): [0,0,0,0,0,0,0,0,0,0,0,0,1673112678200]
01-08 01:31:18.200 I/netstats_wifi_sample( 1526): [0,0,0,0,0,0,0,0,0,0,0,0,1673112678200]
01-08 01:31:18.320 I/netstats_mobile_sample( 1526): [0,0,0,0,0,0,0,0,0,0,0,0,1673112678320]
01-08 01:31:18.320 I/netstats_wifi_sample( 1526): [0,0,0,0,0,0,0,0,0,0,0,0,1673112678320]
01-08 01:31:18.335 I/netstats_mobile_sample( 1526): [0,0,0,0,0,0,0,0,0,0,0,0,1673112678335]
01-08 01:31:18.335 I/netstats_wifi_sample( 1526): [0,0,0,0,0,0,0,0,0,0,0,0,1673112678335]
01-08 01:31:18.365 I/netstats_mobile_sample( 1526): [0,0,0,0,0,0,0,0,0,0,0,0,1673112678365]
01-08 01:31:18.365 I/netstats_wifi_sample( 1526): [0,0,0,0,0,0,0,0,0,0,0,0,1673112678365]
01-08 01:31:18.386 I/netstats_mobile_sample( 1526): [0,0,0,0,0,0,0,0,0,0,0,0,1673112678386]
