01-08 01:32:43.243 D/hpplay-base( 2713): [jniBridge:380] 1initServer broadcastDirection=0
01-08 01:32:43.243 D/hpplay-base( 2713): [jniBridge:382] 1initServer ipBroadcast direction=0
01-08 01:32:43.243 D/hpplay-base( 2713): [jniBridge:387] 1initServer tunnel=3
01-08 01:32:43.243 D/hpplay-base( 2713): [jniBridge:390] 1initServer drainage=0
01-08 01:32:43.243 D/hpplay-base( 2713): [jniBridge:401] 1initServer mDNSEnable=1
01-08 01:32:43.244 D/hpplay-base( 2713): [jniBridge:406] 1initServer nSockWaitTimeOut=45
01-08 01:32:43.244 D/hpplay-base( 2713): [jniBridge:410] 1initServer nMirrorAudioVideoSync=0
01-08 01:32:43.244 I/hpplay-base( 2713): [sign_check:168] checkSign strPackageName:com.hht.lebocast
01-08 01:32:43.244 I/hpplay-base( 2713): [sign_check:169] checkSign buildType:release
01-08 01:32:43.244 I/hpplay-base( 2713): [sign_check:170] checkSign appKey:21409
01-08 01:32:43.244 D/hpplay-base( 2713): [LelinkBase:405] bridgeInit port: 0, lelinkfp: 0
01-08 01:32:43.244 D/hpplay-base( 2713): [LelinkBase:462] bridgeInit mPackagePath =/data/user/0/com.hht.lebocast
01-08 01:32:43.244 D/hpplay-base( 2713): [LelinkBase:463] bridgeInit mKeyPath =/data/user/0/com.hht.lebocast/files/hpplay/file
01-08 01:32:43.244 D/hpplay-base( 2713): [SinkContext:97] initSinkContext mPackagePath =/data/user/0/com.hht.lebocast
01-08 01:32:43.244 D/hpplay-base( 2713): [SinkContext:98] initSinkContext mKeyPath =/data/user/0/com.hht.lebocast/files/hpplay/file
01-08 01:32:43.244 D/hpplay-base( 2713): [jniBridge:478] Java_com_hpplay_sdk_sink_protocol_Bridge__1initServer end
01-08 01:32:43.244 D/hpplay-base( 2713): [jniBridge:869] Bridge__1startServer status:1
01-08 01:32:43.244 D/hpplay-base( 2713): [LelinkBase:492] startAllServer at base
01-08 01:32:43.244 D/hpplay-base( 2713): [lelinkSinkServer:152] httpPlugins_SetServerPort TYPE_SERVER_LELINK:52266
01-08 01:32:43.244 D/hpplay-base( 2713): [network.c:362] protocol bind host :192.168.124.22 port:52266 curent bind port:52266
01-08 01:32:43.244 D/hpplay-base( 2713): [lelinkSinkServer:681] HTTP Server real at:52266
01-08 01:32:43.244 D/hpplay-base( 2713): [lelinkSinkServer:644] Connected Service Type:0
01-08 01:32:43.244 D/hpplay-base( 2713): [ScreenStream:1285] current bind port:7100
01-08 01:32:43.244 I/hpplay-base( 2713): : (server.c.315) startServer listen_ing....:
01-08 01:32:43.245 D/hpplay-base( 2713): [Server:371] startHttpServer srv_sockets.used:1 nCurrentFd:72, tid is 5639
01-08 01:32:43.245 D/hpplay-base( 2713): [LelinkBase:515] startAllServer pBaseContext->config.dlnaEnable:1
01-08 01:32:43.245 D/hpplay-base( 2713): [lelinkDlna:324] addDMRCallback end
01-08 01:32:43.245 D/hpplay-base( 2713): [stream_mirror_compat:759] compat mirror stream begin to run,server fd:98,thread_id:3155198400!!
01-08 01:32:43.246 E/hpplay-base-dlna( 2713): miniserver.c:788::dlna_port(ipv4: 49152 ipv6:0)
01-08 01:32:43.247 D/hpplay-base-dlna( 2713): [lebodlna-dlnaframe:166] succeed to load lebodlnaplugin
01-08 01:32:43.247 D/hpplay-base-dlna( 2713): [lebodlna-dlnaframe:232] Succeed to load specified plugin:lebodlna_plugin
01-08 01:32:43.247 D/hpplay-base( 2713): [lelinkDlna:328] startDLNAServer ret=0
01-08 01:32:43.247 D/hpplay-base( 2713): [LelinkBase:531] startDLNAServer ret= 0
01-08 01:32:43.247 D/hpplay-base( 2713): [lelinkDlna:342] setDMRFriendlyName 高合娱乐副屏
01-08 01:32:43.247 D/hpplay-base-dlna( 2713): [lebodlna-dlna_android:136] setBroadcastTimeout mBroadcastTimeOut=66 status=3!
01-08 01:32:43.247 D/hpplay-base-dlna( 2713): [lebodlna_api:32] start DMR
01-08 01:32:43.247 D/hpplay-base-dlna( 2713): [UpnpDefine:434] RegisterDMRender invalid lelink info
01-08 01:32:43.247 D/hpplay-base-dlna( 2713): [UpnpDefine:551] DLNA DESCRIPTION FROME SERVER
01-08 01:32:43.248 E/hpplay-base-dlna( 2713): upnpapi.c:1078::Exiting RegisterRootDevice2 *Hnd =1, return value == 0
01-08 01:32:43.248 D/hpplay-base-dlna( 2713): [CUpnpDevice:41] Register Root Device 2:0
01-08 01:32:43.248 D/hpplay-base-dlna( 2713): [UpnpDefine:794] ESDMRender:Register success
01-08 01:32:43.249 D/hpplay-base-dlna( 2713): [lebodlna_api:41] sendBroadcast mBroadcastTimeOut=3
01-08 01:32:43.249 D/hpplay-base-dlna( 2713): [lebodlna_api:44] sendBroadcast timeout=66
01-08 01:32:43.304 D/hpplay-base( 2713): [lelinkDlna:361] startDLNADevice dlnaManufacturer:0 ret=0
01-08 01:32:43.304 D/hpplay-base( 2713): [LelinkBase:535] lelinkSetDlnaInfo ret= 0
01-08 01:32:43.304 D/hpplay-base( 2713): [LelinkBase:547] startAllServer pBaseContext->config.mDNSEnable:1
01-08 01:32:43.305 D/hpplay-base( 2713): [base_mdns:509] mdns net.hostname:
01-08 01:32:43.305 D/hpplay-base( 2713): [base_mdns:529] mdns namelabel:-36-7C-7C-00-00-0F
01-08 01:32:43.305 D/hpplay-base( 2713): [base_mdns:509] mdns net.hostname:
01-08 01:32:43.305 D/hpplay-base( 2713): [base_mdns:529] mdns namelabel:-36-7C-7C-00-00-0F
01-08 01:32:43.305 D/hpplay-base( 2713): [mdns:813] mdns start bind port:0
01-08 01:32:43.307 D/hpplay-base( 2713): [mdns:813] mdns start bind port:5353
01-08 01:32:43.307 D/hpplay-base( 2713): [mdns:813] mdns start bind port:5353
01-08 01:32:43.308 D/hpplay-base( 2713): [mdns:813] mdns start bind port:5353
01-08 01:32:43.308 D/hpplay-base( 2713): [mdns:813] mdns start bind port:5353
01-08 01:32:43.308 D/hpplay-base( 2713): [mdns:813] mdns start bind port:5353
01-08 01:32:43.308 D/hpplay-base( 2713): [mdns:813] mdns start bind port:5353
01-08 01:32:43.308 D/hpplay-base( 2713): [mdns:813] mdns start bind port:5353
01-08 01:32:43.309 I/hpplay-base( 2713): [mDNSEmbeded:57] embedded_mDNSInit stopmDNSNow:0 status:0
01-08 01:32:43.309 D/hpplay-base( 2713): [mDNSEmbeded:436] startmDNSServer end nRet=0
01-08 01:32:43.309 D/hpplay-base( 2713): [LelinkBase:555] lelink broadcast_on_off:1 log2java_on_off:1
01-08 01:32:43.309 D/hpplay-base( 2713): [LelinkMDNS:729] leboAuthorizationCheck strUuid=42:ab:77:64:ca:4f000000000000000
01-08 01:32:43.309 D/hpplay-base( 2713): [LelinkMDNS:730] leboAuthorizationCheck mPermissionDid=42:ab:77:64:ca:4f000000000000000
01-08 01:32:43.309 D/hpplay-base( 2713): [LelinkMDNS:755] leboAuthorizationCheck mPermissionMac=42:ab:77:64:ca:4f000000000000000
01-08 01:32:43.309 I/hpplay-base( 2713): [mDNSEmbeded:268] start lelink publish server, tid is 5660
01-08 01:32:43.309 D/hpplay-base( 2713): [AEventUtils:595] request to start event handle service!!
01-08 01:32:43.309 D/hpplay-base( 2713): [AEventUtils:603] start_event_handle_service,begin to run!!
01-08 01:32:43.310 D/hpplay-base( 2713): [REventUtils:210] start_event_handle_service,begin to run!!
01-08 01:32:43.310 D/hpplay-base( 2713): [LelinkBase:576] startAllServer success .
01-08 01:32:43.310 D/hpplay-base( 2713): [REventUtils:59] create handleREventThread thread ok!!,tid is 5663
01-08 01:32:43.310 D/hpplay-base( 2713): [jniBridge:894] startDlna_link:http://192.168.124.22:49152/description.xml
01-08 01:32:43.310 D/hpplay-base( 2713): [AEventUtils:171] create handle AEvent thread ok!!,tid is 5662
01-08 01:32:43.310 D/hpplay-base( 2713): [jniBridge:1081] notifyJavaDlnalink:http://192.168.124.22:49152/description.xml
01-08 01:32:43.310 D/hpplay-base( 2713): [jniBridge:1726] notifyJava, what:207, castType:0, mimeType:0 baseStatus:2
01-08 01:32:43.310 D/hpplay-base( 2713): [jniBridge:1727] notifyJava sessionID:(null)
01-08 01:32:43.310 I/hpplay-java( 2713): [main]:Upgrade:upgrade not be allowed
01-08 01:32:43.310 I/hpplay-java( 2713): [Thread-71]:Bridge:notify: what: 207
01-08 01:32:43.311 D/hpplay-base( 2713): [mDNSEmbeded:197] http_port bind check 197 http_port_check
01-08 01:32:43.311 I/hpplay-java( 2713): [Thread-71]:Bridge:notify: out: OutParameters:{audioSessionId=-1, audiotrackIndex=0, castHandleType=-1, castType=0, deviceName='http://192.168.124.22:49152/description.xml', dlnaName='', dramaID='', extra=0, frameHandleType=-1, handleInside=true, headduration=0, header='', headers=null, isAD=false, isMultiMirror=false, lelinkVer='', limitTime=0, , mediaAlbum='null', mediaAlbumArtURI='', mediaArtist='null', mediaAssets='', mediaTitle='null', mimeType=0, multiSession=null, period=0, pinCode='', playSpeed=0.0, playerChoice=0, plugin=0, port=0, position=0.0, positionUnit=2, protocol=0, realSessionID='', regType='', , sinkIp='', sourceAPPVersion='', sourceChannel='', sourceClientInfo='', sourceDeviceInfo='', sourceDeviceModel='', sourceDeviceName='', sourceDeviceType=0, sourceHID='', , sourceInfo='', , , sourceOSVersion='', sourceSDKVersion='', sourceUid='', stopDetail=0, stopReason=0, tailduration=0, url='', urlID='', urls=null, userAgent='', videoDecoder=0, volume=0, what=207}com.hpplay.sdk.sink.protocol.OutParameters@591fae9
01-08 01:32:43.311 I/hpplay-java( 2713): [Thread-71]:Bridge:notify: address:47252334
01-08 01:32:43.312 D/hpplay-base( 2713): [mDNSEmbeded:217] http_port bind check 217 http_port_check
01-08 01:32:43.312 D/hpplay-base( 2713): [mDNSEmbeded:222] http_port bind check 222 http_port_check
01-08 01:32:43.314 D/hpplay-base( 2713): [mDNSEmbeded:234] http_port bind check 234 http_port_check port:52266
01-08 01:32:43.314 D/hpplay-base( 2713): [mDNSEmbeded:237] http_port bind check 237 http_port_check
01-08 01:32:43.315 D/hpplay-base( 2713): [lelinkSinkServer:93] new client connection from 127.0.0.1 6348, fd=153
01-08 01:32:43.315 D/hpplay-base( 2713): [SinkContext:137] addSinkContextSession,begin to run!!
01-08 01:32:43.315 D/hpplay-base( 2713): [SinkContext:142] addSinkContextSession,begin to get lock!!
01-08 01:32:43.315 D/hpplay-base( 2713): [SinkContext:144] addSinkContextSession,get lock ok!!
01-08 01:32:43.315 D/hpplay-base( 2713): [SinkContext:149] addSinkContextSession,session list is null,begin to malloc!!
01-08 01:32:43.315 D/hpplay-base( 2713): [SinkContext:156] addSinkContextSession,begin to update!!
01-08 01:32:43.315 D/hpplay-base( 2713): [SinkContext:160] addSinkContextSession,begin to update header!!
01-08 01:32:43.315 D/hpplay-base( 2713): [SinkContext:172] addSinkContextSession,begin to unlock!!
01-08 01:32:43.315 D/hpplay-base( 2713): [SinkContext:174] addSinkContextSession,unlock ok!!
01-08 01:32:43.315 D/hpplay-base( 2713): [LelinkReceiver:4908] get ping !!!
01-08 01:32:43.315 D/hpplay-base( 2713): [mDNSEmbeded:240] http_port bind check 240 http_port_check recieved:64
01-08 01:32:43.315 D/hpplay-base( 2713): [mDNSEmbeded:243] http_port bind check 243 http_port_check
01-08 01:32:43.315 D/hpplay-base( 2713): [mDNSEmbeded:244] http_port bind check ok!
01-08 01:32:43.328 I/hpplay-java( 2713): [AsyncTask #7]:HttpRequest:doGet responseCode:200 0
01-08 01:32:43.516 I/hpplay-base( 2713): [LelinkReceiver:14605] _connectionFinalize (153)
01-08 01:32:43.516 D/hpplay-base( 2713): [LelinkReceiver:14752] ###connectionFinalize,release ok!!###
01-08 01:32:43.521 I/OMX-VENC: venc_dev( 1222): stats: avg. fps 1.99, bitrate 51964
01-08 01:32:43.597 D/hpplay-base( 2713): [LelinkMDNS:766] devicePermissionPublic leboPermissionCheck:-2
01-08 01:32:43.597 D/hpplay-base( 2713): [jniBridge:1125] com_hpplay_sdk_sink_protocol_Bridge_WHAT_SERVER_ERROR
01-08 01:32:43.598 D/hpplay-base( 2713): [jniBridge:1726] notifyJava, what:204, castType:0, mimeType:0 baseStatus:2
01-08 01:32:43.598 D/hpplay-base( 2713): [jniBridge:1727] notifyJava sessionID:(null)
01-08 01:32:43.599 I/hpplay-java( 2713): [Thread-72]:Bridge:notify: what: 204
01-08 01:32:43.600 I/hpplay-java( 2713): [Thread-72]:Bridge:notify: out: OutParameters:{audioSessionId=-1, audiotrackIndex=0, castHandleType=-1, castType=0, deviceName='', dlnaName='', dramaID='', extra=-2002, frameHandleType=-1, handleInside=true, headduration=0, header='', headers=null, isAD=false, isMultiMirror=false, lelinkVer='', limitTime=0, , mediaAlbum='null', mediaAlbumArtURI='', mediaArtist='null', mediaAssets='', mediaTitle='null', mimeType=0, multiSession=null, period=0, pinCode='', playSpeed=0.0, playerChoice=0, plugin=0, port=0, position=0.0, positionUnit=2, protocol=0, realSessionID='', regType='', , sinkIp='', sourceAPPVersion='', sourceChannel='', sourceClientInfo='', sourceDeviceInfo='', sourceDeviceModel='', sourceDeviceName='', sourceDeviceType=0, sourceHID='', , sourceInfo='', , , sourceOSVersion='', sourceSDKVersion='', sourceUid='', stopDetail=0, stopReason=0, tailduration=0, url='', urlID='', urls=null, userAgent='', videoDecoder=0, volume=0, what=204}com.hpplay.sdk.sink.protocol.OutParameters@71e2a0f
01-08 01:32:43.601 I/hpplay-java( 2713): [Thread-72]:Bridge:notify: address:256027292
01-08 01:32:43.601 I/hpplay-base( 2713): [mDNSEmbeded:79] embedded_mDNSLoop stopmDNSNow:0 nPublish:-2 nExitFlag:6 tid is 5659
01-08 01:32:43.601 I/hpplay-java( 2713): [main]:Bridge:findServiceID start out: 256027292
01-08 01:32:43.601 I/hpplay-java( 2713): [main]:Bridge:findServiceID end
01-08 01:32:43.602 E/hpplay-java( 2713): [main]:ServerTaskManager:onError 204/-2002 com.hht.lebocast.LelinkHelper$e@1c2de7f
01-08 01:32:43.602 I/hpplay-java( 2713): [main]:ServerTaskManager:cancelTimeOutCheck
01-08 01:32:43.603 W/hpplay-java( 2713): [main]:ServerTaskManager:onErrorDispatcher errorCode:-2002
01-08 01:32:43.603 I/hpplay-java( 2713): [main]:ServerTaskManager:onError retry later
01-08 01:32:43.709 I/hpplay-java( 2713): [AsyncTask #19]:HttpRequest:doGet responseCode:200 0
01-08 01:32:43.769 I/mpu_uart( 640): [MSG-P:RECV]:No message received in 1000 ms
01-08 01:32:43.819 I/mpu_uart( 640): [MSG-P:R]:recv sync frame timeout
01-08 01:32:43.963 I/auditd ( 0): type=1400 audit(0.0:640): avc: denied { kill } for comm="swapper/1" capability=5 scontext=u:r:kernel:s0 tcontext=u:r:kernel:s0 tclass=capability permissive=0
01-08 01:32:43.963 W/swapper/1( 0): type=1400 audit(0.0:640): avc: denied { kill } for capability=5 scontext=u:r:kernel:s0 tcontext=u:r:kernel:s0 tclass=capability permissive=0
01-06 10:46:44.454 I/ ( 0): boot log copy done
01-08 01:32:44.592 D/FreeWindowHelper( 2543): setExitFlag: old=0,new=1
01-08 01:32:44.593 I/thunderperf( 1526): Maybe need boostperf for current app!
01-08 01:32:44.594 D/FgBoostPerfService( 2387): [FgBoostPerfService.perfBoostAcq]start: stat=true pkgName=com.android.deskclock
01-08 01:32:44.594 V/GameMode_GameTypeUtils( 2387): judge isGame:com.android.deskclock
01-08 01:32:44.594 I/FgBoostPerfService( 2387): [FgBoostPerfService.perfBoostAcq] not game-mode or game app!
01-08 01:32:44.595 I/ThunderPerfManager( 1526): PerfAcq error : state=true pkgName=com.android.deskclock
01-08 01:32:44.595 V/GameMode_GameTypeUtils( 2387): judge isGame:com.android.deskclock
01-08 01:32:44.595 I/FgBoostPerfService( 2387): [GetGpuMode] isMode=1 isGame=false mGpuMode=1
01-08 01:32:44.595 V/GameMode_GameTypeUtils( 2387): judge isGame:com.android.deskclock
01-08 01:32:44.595 I/FgBoostPerfService( 2387): [GetGpuDpiType] isMode=1 isGame=false mGpuDpiType=0
01-08 01:32:44.596 I/thunderperf( 1526): Current app pkgName=com.android.deskclock bm:com.thundercomm.perf.BoostPerfManager@3df94a1 gpuMode=-1 gpuType=-1
01-08 01:32:44.596 I/ThunderBoostPerfService( 1526): Resolution: Uid=10078 Pid=2543 gMode=-1 dType=-1
01-08 01:32:44.596 I/thunderperf( 1526): PlatormCompat.setOverrides: Uid1=10078 Pid1=2543 Uid2=10078 Pid2=2543
01-08 01:32:44.596 I/thunderperf( 1526): PlatormCompat.setOverrides: needCheck:false
01-08 01:32:44.596 I/thunderperf( 1526): CompatConfig.addOverrideUnsafe: bef-state=1
01-08 01:32:44.597 I/thunderperf( 1526): CompatConfig.addOverrideUnsafe: aft-state=0
01-08 01:32:44.598 I/thunderperf( 1526): CompatConfig.addOverrideUnsafe: bef-state=1
01-08 01:32:44.598 I/thunderperf( 1526): CompatConfig.addOverrideUnsafe: aft-state=0
01-08 01:32:44.599 I/thunderperf( 1526): CompatConfig.addOverrideUnsafe: bef-state=1
01-08 01:32:44.599 I/thunderperf( 1526): CompatConfig.addOverrideUnsafe: aft-state=0
01-08 01:32:44.599 I/thunderperf( 1526): CompatConfig.addOverrideUnsafe: bef-state=1
01-08 01:32:44.600 I/thunderperf( 1526): CompatConfig.addOverrideUnsafe: aft-state=0
01-08 01:32:44.600 I/thunderperf( 1526): CompatConfig.addOverrideUnsafe: bef-state=1
01-08 01:32:44.601 I/thunderperf( 1526): CompatConfig.addOverrideUnsafe: aft-state=0
01-08 01:32:44.601 I/thunderperf( 1526): CompatConfig.addOverrideUnsafe: bef-state=1
01-08 01:32:44.601 I/thunderperf( 1526): CompatConfig.addOverrideUnsafe: aft-state=0
01-08 01:32:44.602 I/thunderperf( 1526): CompatConfig.addOverrideUnsafe: bef-state=1
01-08 01:32:44.602 I/thunderperf( 1526): CompatConfig.addOverrideUnsafe: aft-state=0
01-08 01:32:44.603 I/thunderperf( 1526): CompatConfig.addOverrideUnsafe: bef-state=1
01-08 01:32:44.603 I/thunderperf( 1526): CompatConfig.addOverrideUnsafe: aft-state=0
01-08 01:32:44.604 I/thunderperf( 1526): CompatConfig.addOverrideUnsafe: bef-state=1
01-08 01:32:44.604 I/thunderperf( 1526): CompatConfig.addOverrideUnsafe: aft-state=0
01-08 01:32:44.604 I/thunderperf( 1526): CompatConfig.addOverrideUnsafe: bef-state=1
01-08 01:32:44.605 I/thunderperf( 1526): CompatConfig.addOverrideUnsafe: aft-state=0
01-08 01:32:44.605 I/thunderperf( 1526): CompatConfig.addOverrideUnsafe: bef-state=1
01-08 01:32:44.605 I/thunderperf( 1526): CompatConfig.addOverrideUnsafe: aft-state=0
01-08 01:32:44.606 I/thunderperf( 1526): CompatConfig.addOverrideUnsafe: bef-state=1
01-08 01:32:44.606 I/thunderperf( 1526): CompatConfig.addOverrideUnsafe: aft-state=0
01-08 01:32:44.606 I/thunderperf( 1526): CompatConfig.addOverrideUnsafe: bef-state=1
01-08 01:32:44.607 I/thunderperf( 1526): CompatConfig.addOverrideUnsafe: aft-state=0
01-08 01:32:44.607 I/thunderperf( 1526): CompatConfig.addOverrideUnsafe: bef-state=1
01-08 01:32:44.607 I/thunderperf( 1526): CompatConfig.addOverrideUnsafe: aft-state=0
01-08 01:32:44.613 I/ThunderBoostPerfService( 1526): Disable downscaling com.android.deskclock to 2380x1020
01-08 01:32:44.613 I/ActivityTaskManager( 1526): START u0 {flg=0x10008000 cmp=com.android.deskclock/.DeskClock} from uid 10078
01-08 01:32:44.614 I/EventSequenceValidator( 1526): inc AccIntentStartedEvents to 2
01-08 01:32:44.618 E/ANDR-PERF-JNI( 1526): com_qualcomm_qtiperformance_native_perf_io_prefetch_start
01-08 01:32:44.619 I/wm_task_created( 1526): [17,-1]
01-08 01:32:44.619 W/ActivityTaskManager( 1526): Can't find TaskDisplayArea to determine support for multi window. Task id=17 attached=false
01-08 01:32:44.620 E/ANDR-IOP( 833): io prefetch is disabled
01-08 01:32:44.620 D/FreeFormWindowHelper( 1526): Add freeform task=Task{55a6c94 #17 type=standard ?? U=0 visible=false mode=freeform translucent=true sz=0}
01-08 01:32:44.621 I/service_manager_stats( 1526): [100,30,26078]
01-08 01:32:44.622 I/wm_task_moved( 1526): [17,1,6]
01-08 01:32:44.622 I/wm_task_to_front( 1526): [0,17]
01-08 01:32:44.622 I/wm_create_task( 1526): [0,17]
01-08 01:32:44.622 I/wm_create_activity( 1526): [0,51217213,17,com.android.deskclock/.DeskClock,NULL,NULL,NULL,268468224]
01-08 01:32:44.622 I/wm_task_moved( 1526): [17,1,6]
01-08 01:32:44.622 D/CompatibilityInfo( 1526): mCompatibilityFlags - 4
01-08 01:32:44.622 D/CompatibilityInfo( 1526): applicationDensity - 240
01-08 01:32:44.622 D/CompatibilityInfo( 1526): applicationScale - 1.0
01-08 01:32:44.623 I/ActivityTaskManager( 1526): FOREGROUND_APPLICATION_CHANGED to com.android.deskclock.DeskClock
01-08 01:32:44.623 I/ActivityTaskManager( 1526): The Process com.android.deskclock Already Exists in BG. So sending its PID: 2664
01-08 01:32:44.623 W/ActivityTaskManager( 1526): Tried to set launchTime (0) < mLastActivityLaunchTime (75798)
01-08 01:32:44.623 I/wm_restart_activity( 1526): [0,51217213,17,com.android.deskclock/.DeskClock]
01-08 01:32:44.624 D/CompatibilityInfo( 1526): mCompatibilityFlags - 4
01-08 01:32:44.624 D/CompatibilityInfo( 1526): applicationDensity - 240
01-08 01:32:44.624 D/CompatibilityInfo( 1526): applicationScale - 1.0
01-08 01:32:44.624 I/wm_set_resumed_activity( 1526): [0,com.android.deskclock/.DeskClock,minimalResumeActivityLocked]
01-08 01:32:44.626 D/StateManager( 2543): goToState: Normal
01-08 01:32:44.626 D/EditModeHelper( 2543): setHotseatVisibility: 0
01-08 01:32:44.627 I/wm_on_top_resumed_lost_called( 2543): [162781513,com.android.launcher3.uioverrides.QuickstepLauncher,topStateChangedWhenResumed]
01-08 01:32:44.627 I/GameMode_ActivityMonitoringService( 2387): onForegroundActivitiesChanged uid 10066 pid 2664 fg true
01-08 01:32:44.629 I/GameMode_ActivityMonitoringService( 2387): Updating top task to: TaskInfoContainer [topActivity=ComponentInfo{com.android.deskclock/com.android.deskclock.DeskClock}, taskId=17, stackId=17, userId=0, displayId=0, position=6
01-08 01:32:44.629 I/GameMode_ActivityMonitoringService( 2387): Notifying about top task: TaskInfoContainer [topActivity=ComponentInfo{com.android.deskclock/com.android.deskclock.DeskClock}, taskId=17, stackId=17, userId=0, displayId=0, position=6
01-08 01:32:44.629 I/GameMode_ActivityMonitoringService( 2387): WindowMode: 5
01-08 01:32:44.629 W/View ( 2543): requestLayout() improperly called by com.android.launcher3.views.NoInsetView{73e83be V.ED..... ......ID 2038,0-2380,1020 #7f09007c app:id/bg_hotseat} during layout: running second layout pass
01-08 01:32:44.647 D/FreeWindowHelper( 2543): enterOrExitRecentTasks: isEnterRecentTasks=false,mExitFlag=1
01-08 01:32:44.647 W/FreeFormWindowHelper( 1526): exitRecentTasks type=1
01-08 01:32:44.649 W/FreeFormWindowHelper( 1526): Current Display FreeFormTask is Task{55a6c94 #17 type=standard A=10066:com.android.deskclock U=0 visible=true mode=freeform translucent=false sz=1}
01-08 01:32:44.652 I/OMX-VENC: venc_dev( 1222): stats: avg. fps 1.77, bitrate 133777
01-08 01:32:44.652 I/wm_on_create_called( 2664): [51217213,com.android.deskclock.DeskClock,performCreate]
01-08 01:32:44.653 I/wm_on_start_called( 2664): [51217213,com.android.deskclock.DeskClock,handleStartActivity]
01-08 01:32:44.654 I/wm_on_resume_called( 2664): [51217213,com.android.deskclock.DeskClock,RESUME_ACTIVITY]
01-08 01:32:44.656 I/wm_on_top_resumed_gained_called( 2664): [51217213,com.android.deskclock.DeskClock,topStateChangedWhenResumed]
01-08 01:32:44.657 I/OpenGLRenderer( 2543): Davey! duration=9223371935109ms; Flags=0, FrameTimelineVsyncId=4531, IntendedVsync=101745040420, Vsync=101745040420, InputEventId=985037346, HandleInputStart=101745258657, AnimationStart=101745259751, PerformTraversalsStart=101745300897, DrawStart=101745531418, FrameDeadline=101783040418, FrameInterval=101745255480, FrameStartTime=16666666, SyncQueued=101762293918, SyncStart=101762332511, IssueDrawCommandsStart=101762522459, SwapBuffers=101763476522, FrameCompleted=9223372036854775807, DequeueBufferDuration=14219, QueueBufferDuration=307031, GpuCompleted=9223372036854775807, SwapBuffersCompleted=101764421678, DisplayPresentTime=72057628414509156,
01-08 01:32:44.693 W/WindowManager( 1526): updateScale : 0.7996942
01-08 01:32:44.694 I/input_focus( 1526): [Focus request bbbe00 com.android.deskclock/com.android.deskclock.DeskClock,reason=UpdateInputWindows]
01-08 01:32:44.714 W/WindowManager( 1526): updateScale : 0.7996942
01-08 01:32:44.717 W/WindowManager( 1526): updateScale : 0.7996942
01-08 01:32:44.717 I/sysui_multi_action( 1526): [319,103,322,102,325,101,757,761,758,8,759,2,806,com.android.deskclock,871,com.android.deskclock.DeskClock,904,com.android.launcher3,905,0,1320,4,1321,1]
01-08 01:32:44.718 I/wm_activity_launch_time( 1526): [0,51217213,com.android.deskclock/.DeskClock,102]
01-08 01:32:44.718 W/WindowManager( 1526): updateScale : 0.7996942
01-08 01:32:44.718 I/input_focus( 1526): [Focus leaving 1bc00b2 com.android.launcher3/com.android.launcher3.uioverrides.QuickstepLauncher (server),reason=Waiting for window because NOT_VISIBLE]
01-08 01:32:44.718 I/ActivityTaskManager( 1526): Displayed com.android.deskclock/.DeskClock: +102ms
01-08 01:32:44.720 I/EventSequenceValidator( 1526): dec AccIntentStartedEvents to 1
01-08 01:32:44.733 I/input_focus( 1526): [Focus entering bbbe00 com.android.deskclock/com.android.deskclock.DeskClock (server),reason=Window became focusable. Previous reason: NOT_VISIBLE]
01-08 01:32:44.769 I/mpu_uart( 640): [MSG-P:RECV]:No message received in 1000 ms
01-08 01:32:44.773 I/am_pss ( 1526): [5293,10063,com.android.gallery3d,19292160,14790656,0,135311360,0,18,6]
01-08 01:32:44.829 I/commit_sys_config_file( 1526): [settings-1-0,2]
01-08 01:32:44.963 I/auditd ( 0): type=1400 audit(0.0:641): avc: denied { kill } for comm="swapper/3" capability=5 scontext=u:r:kernel:s0 tcontext=u:r:kernel:s0 tclass=capability permissive=0
01-08 01:32:44.963 W/swapper/3( 0): type=1400 audit(0.0:641): avc: denied { kill } for capability=5 scontext=u:r:kernel:s0 tcontext=u:r:kernel:s0 tclass=capability permissive=0
01-08 01:32:45.000 W/WindowManager( 1526): updateScale : 0.7996942
01-08 01:32:45.769 I/mpu_uart( 640): [MSG-P:RECV]:No message received in 1000 ms
01-08 01:32:45.815 I/OMX-VENC: venc_dev( 1222): stats: avg. fps 24.07, bitrate 3206378
01-08 01:32:45.963 I/auditd ( 0): type=1400 audit(0.0:642): avc: denied { kill } for comm="swapper/3" capability=5 scontext=u:r:kernel:s0 tcontext=u:r:kernel:s0 tclass=capability permissive=0
01-08 01:32:45.963 W/swapper/3( 0): type=1400 audit(0.0:642): avc: denied { kill } for capability=5 scontext=u:r:kernel:s0 tcontext=u:r:kernel:s0 tclass=capability permissive=0
01-08 01:32:46.501 D/EditModeHelper( 2543): setHotseatVisibility: 8
01-08 01:32:46.502 W/FreeFormWindowHelper( 1526): Current Display FreeFormTask is Task{55a6c94 #17 type=standard A=10066:com.android.deskclock U=0 visible=true mode=freeform translucent=false sz=1}
01-08 01:32:46.502 W/FreeFormWindowHelper( 1526): Current Display FreeFormTask is Task{55a6c94 #17 type=standard A=10066:com.android.deskclock U=0 visible=true mode=freeform translucent=false sz=1}
01-08 01:32:46.502 W/FreeFormWindowHelper( 1526): Current Display FreeFormTask is Task{55a6c94 #17 type=standard A=10066:com.android.deskclock U=0 visible=true mode=freeform translucent=false sz=1}
01-08 01:32:46.502 W/FreeFormWindowHelper( 1526): Current Display FreeFormTask is Task{55a6c94 #17 type=standard A=10066:com.android.deskclock U=0 visible=true mode=freeform translucent=false sz=1}
01-08 01:32:46.502 W/FreeFormWindowHelper( 1526): Current Display FreeFormTask is Task{55a6c94 #17 type=standard A=10066:com.android.deskclock U=0 visible=true mode=freeform translucent=false sz=1}
01-08 01:32:46.502 W/FreeFormWindowHelper( 1526): Current Display FreeFormTask is Task{55a6c94 #17 type=standard A=10066:com.android.deskclock U=0 visible=true mode=freeform translucent=false sz=1}
01-08 01:32:46.502 W/FreeFormWindowHelper( 1526): Current Display FreeFormTask is Task{55a6c94 #17 type=standard A=10066:com.android.deskclock U=0 visible=true mode=freeform translucent=false sz=1}
01-08 01:32:46.502 W/FreeFormWindowHelper( 1526): Current Display FreeFormTask is Task{55a6c94 #17 type=standard A=10066:com.android.deskclock U=0 visible=true mode=freeform translucent=false sz=1}
01-08 01:32:46.502 D/FreeWindowContainer( 2543): reloadTask: TaskInfo{userId=0 taskId=17 displayId=0 isRunning=true baseIntent=Intent { flg=0x10008000 cmp=com.android.deskclock/.DeskClock } baseActivity=ComponentInfo{com.android.deskclock/com.android.deskclock.DeskClock} topActivity=ComponentInfo{com.android.deskclock/com.android.deskclock.DeskClock} origActivity=null realActivity=ComponentInfo{com.android.deskclock/com.android.deskclock.DeskClock} numActivities=1 lastActiveTime=103613 supportsSplitScreenMultiWindow=true supportsMultiWindow=true resizeMode=1 isResizeable=true token=WCT{android.window.IWindowContainerToken$Stub$Proxy@28367d8} topActivityType=1 pictureInPictureParams=PictureInPictureParams( aspectRatio=null sourceRectHint=null hasSetActions=false isAutoPipEnabled=false isSeamlessResizeEnabled=true) displayCutoutSafeInsets=null topActivityInfo=ActivityInfo{4a73731 com.android.deskclock.DeskClock} launchCookies=[] positionInParent=Point(0, 72) parentTaskId=-1 isFocused=true isVisible=true topActivityInSizeCompat=false locusId= null}
01-08 01:32:46.502 W/FreeFormWindowHelper( 1526): Current Display FreeFormTask is Task{55a6c94 #17 type=standard A=10066:com.android.deskclock U=0 visible=true mode=freeform translucent=false sz=1}
01-08 01:32:46.502 W/FreeFormWindowHelper( 1526): Current Display FreeFormTask is Task{55a6c94 #17 type=standard A=10066:com.android.deskclock U=0 visible=true mode=freeform translucent=false sz=1}
01-08 01:32:46.502 W/FreeFormWindowHelper( 1526): Current Display FreeFormTask is Task{55a6c94 #17 type=standard A=10066:com.android.deskclock U=0 visible=true mode=freeform translucent=false sz=1}
01-08 01:32:46.506 I/InputDispatcher( 1526): Monitor swipe-up (server) is stealing touch from [1bc00b2 com.android.launcher3/com.android.launcher3.uioverrides.QuickstepLauncher (server), fe7e613 com.android.systemui.ImageWallpaper (server), ]
01-08 01:32:46.507 W/FreeFormWindowHelper( 1526): Current Display FreeFormTask is Task{55a6c94 #17 type=standard A=10066:com.android.deskclock U=0 visible=true mode=freeform translucent=false sz=1}
01-08 01:32:46.509 V/ShadeControllerImpl( 1984): NotificationShadeWindow: com.android.systemui.statusbar.phone.NotificationShadeWindowView{8dd8b58 I.E...... ......ID 0,0-2380,1020} canPanelBeCollapsed(): false
01-08 01:32:46.509 I/view_enqueue_input_event( 2543): [Motion - Cancel,com.android.launcher3/com.android.launcher3.uioverrides.QuickstepLauncher]
01-08 01:32:46.510 W/FreeFormWindowHelper( 1526): Current Display FreeFormTask is Task{55a6c94 #17 type=standard A=10066:com.android.deskclock U=0 visible=true mode=freeform translucent=false sz=1}
01-08 01:32:46.511 I/input_interaction( 1526): Interaction with: edge-swipe (server), swipe-up (server), PointerEventDispatcher0 (server),
01-08 01:32:46.513 D/libEGL ( 1526): MSAA-->msaa:2 gamemode:0 4x_msaa:0
01-08 01:32:46.513 D/libEGL ( 1526): MSAA-->msaa:2 gamemode:0 4x_msaa:0
01-08 01:32:46.513 D/libEGL ( 1526): MSAA-->msaa:2 gamemode:0 4x_msaa:0
01-08 01:32:46.516 D/BaseIconFactory( 2543): normalizeAndWrapToAdaptiveIcon: scale=0.8095241
01-08 01:32:46.519 W/FreeFormWindowHelper( 1526): Current Display FreeFormTask is Task{55a6c94 #17 type=standard A=10066:com.android.deskclock U=0 visible=true mode=freeform translucent=false sz=1}
01-08 01:32:46.529 W/ActivityTaskManager( 1526): getTaskSnapshot: taskId=2010 not found
01-08 01:32:46.529 W/ActivityTaskManager( 1526): getTaskSnapshot: taskId=1010 not found
01-08 01:32:46.537 W/FreeFormWindowHelper( 1526): Current Display FreeFormTask is Task{55a6c94 #17 type=standard A=10066:com.android.deskclock U=0 visible=true mode=freeform translucent=false sz=1}
01-08 01:32:46.551 W/FreeFormWindowHelper( 1526): Current Display FreeFormTask is Task{55a6c94 #17 type=standard A=10066:com.android.deskclock U=0 visible=true mode=freeform translucent=false sz=1}
01-08 01:32:46.604 I/hpplay-java( 2713): [main]:ServerTaskManager:restart by error
01-08 01:32:46.604 I/hpplay-java( 2713): [main]:ServerTaskManager:startServer
01-08 01:32:46.604 I/hpplay-java( 2713): [main]:ServerTaskManager:startServer add, reason: server is starting or running
01-08 01:32:46.604 I/hpplay-java( 2713): [main]:ServerTaskManager:addStopTask
01-08 01:32:46.604 I/hpplay-java( 2713): [main]:ServerTaskManager:addStartTask
01-08 01:32:46.604 I/hpplay-java( 2713): [main]:ServerTaskManager:exeTask stopServer
01-08 01:32:46.604 I/hpplay-java( 2713): [main]:Bridge:stopServer keepPush: false
01-08 01:32:46.604 D/hpplay-base( 2713): [jniBridge:909] Bridge__1stopServer status:2
01-08 01:32:46.604 D/hpplay-base( 2713): [LelinkBase:654] stopAllServer will start thread!
01-08 01:32:46.604 D/hpplay-base( 2713): [AEventUtils:588] handle AEvent thread end!!,tid is 5662
01-08 01:32:46.604 D/hpplay-base( 2713): [REventUtils:197] handleREventThread thread end!!,tid is 5663
01-08 01:32:46.604 I/hpplay-base( 2713): [mDNSEmbeded:65] embedded_mDNSExit call
01-08 01:32:46.651 D/hpplay-base( 2713): [stream_mirror_compat:1284] mirror stream begin to exit,server fd:98,thread_id:3155198400!!
01-08 01:32:46.651 D/hpplay-base( 2713): [stream_mirror_compat:1323] ##screen stream exit successfully!!##
01-08 01:32:46.706 I/commit_sys_config_file( 1526): [settings-1-0,3]
01-08 01:32:46.720 D/hpplay-base( 2713): [Server:447] startHttpServer will END srv->serverType:0
01-08 01:32:46.720 D/hpplay-base( 2713): [Server:646] startHttpServer cond srv_shutdown:1 connectNummber:0
01-08 01:32:46.720 D/hpplay-base( 2713): [Server:669] startHttpServer wait cond END. srv_shutdown:1 connectNummber:0
01-08 01:32:46.720 D/hpplay-base( 2713): [Server:457] HttpServer END, tid is 5639
01-08 01:32:46.770 I/mpu_uart( 640): [MSG-P:RECV]:No message received in 1000 ms
01-08 01:32:46.822 I/mpu_uart( 640): [MSG-P:R]:recv sync frame timeout
01-08 01:32:46.852 D/NoButtonQuickSwitchTouchController( 2543): onMotionPauseDetected:
01-08 01:32:46.854 D/vendor.qti.vibrator( 844): Vibrator perform effect 0
01-08 01:32:46.854 D/vendor.qti.vibrator( 844): Vibrator on for timeoutMs: 10
01-08 01:32:46.855 D/vendor.qti.vibrator( 844): Starting on on another thread
01-08 01:32:46.865 D/vendor.qti.vibrator( 844): Notifying on complete
01-08 01:32:46.865 D/vendor.qti.vibrator( 844): QTI Vibrator off
01-08 01:32:46.885 D/vendor.qti.vibrator( 844): Vibrator on for timeoutMs: 30
01-08 01:32:46.885 D/vendor.qti.vibrator( 844): Starting on on another thread
01-08 01:32:46.911 D/NoButtonQuickSwitchTouchController( 2543): onDragEnd: noFling=true,isPaused=true,velocity=PointF(-0.012972379, -0.029661708)
01-08 01:32:46.911 D/EditModeHelper( 2543): setHotseatVisibility: 0
01-08 01:32:46.914 W/FreeFormWindowHelper( 1526): Current Display FreeFormTask is Task{55a6c94 #17 type=standard A=10066:com.android.deskclock U=0 visible=true mode=freeform translucent=false sz=1}
01-08 01:32:46.915 D/vendor.qti.vibrator( 844): Notifying on complete
01-08 01:32:46.916 D/vendor.qti.vibrator( 844): QTI Vibrator off
01-08 01:32:46.960 I/OMX-VENC: venc_dev( 1222): stats: avg. fps 19.21, bitrate 1806087
01-08 01:32:46.962 W/FreeFormWindowHelper( 1526): Current Display FreeFormTask is Task{55a6c94 #17 type=standard A=10066:com.android.deskclock U=0 visible=true mode=freeform translucent=false sz=1}
01-08 01:32:46.962 W/View ( 2543): requestLayout() improperly called by com.android.launcher3.views.NoInsetView{73e83be V.ED..... ......ID 2038,0-2380,1020 #7f09007c app:id/bg_hotseat} during layout: running second layout pass
01-08 01:32:46.963 I/auditd ( 0): type=1400 audit(0.0:643): avc: denied { kill } for comm="swapper/3" capability=5 scontext=u:r:kernel:s0 tcontext=u:r:kernel:s0 tclass=capability permissive=0
01-08 01:32:46.963 W/swapper/3( 0): type=1400 audit(0.0:643): avc: denied { kill } for capability=5 scontext=u:r:kernel:s0 tcontext=u:r:kernel:s0 tclass=capability permissive=0
01-08 01:32:46.984 W/FreeFormWindowHelper( 1526): Current Display FreeFormTask is Task{55a6c94 #17 type=standard A=10066:com.android.deskclock U=0 visible=true mode=freeform translucent=false sz=1}
01-08 01:32:46.995 W/System ( 1526): A resource failed to call close.
01-08 01:32:46.996 W/System ( 1526): A resource failed to call close.
01-08 01:32:46.996 W/System ( 1526): A resource failed to call close.
01-08 01:32:46.996 W/System ( 1526): A resource failed to call close.
01-08 01:32:46.998 W/System ( 1526): A resource failed to call close.
01-08 01:32:46.998 W/System ( 1526): A resource failed to call close.
01-08 01:32:46.998 W/System ( 1526): A resource failed to call close.
01-08 01:32:46.998 W/System ( 1526): A resource failed to call close.
01-08 01:32:46.998 W/System ( 1526): A resource failed to call close.
01-08 01:32:46.998 W/System ( 1526): A resource failed to call close.
01-08 01:32:47.003 W/FreeFormWindowHelper( 1526): Current Display FreeFormTask is Task{55a6c94 #17 type=standard A=10066:com.android.deskclock U=0 visible=true mode=freeform translucent=false sz=1}
01-08 01:32:47.017 W/FreeFormWindowHelper( 1526): Current Display FreeFormTask is Task{55a6c94 #17 type=standard A=10066:com.android.deskclock U=0 visible=true mode=freeform translucent=false sz=1}
01-08 01:32:47.029 W/FreeFormWindowHelper( 1526): Current Display FreeFormTask is Task{55a6c94 #17 type=standard A=10066:com.android.deskclock U=0 visible=true mode=freeform translucent=false sz=1}
01-08 01:32:47.047 W/FreeFormWindowHelper( 1526): Current Display FreeFormTask is Task{55a6c94 #17 type=standard A=10066:com.android.deskclock U=0 visible=true mode=freeform translucent=false sz=1}
01-08 01:32:47.064 W/FreeFormWindowHelper( 1526): Current Display FreeFormTask is Task{55a6c94 #17 type=standard A=10066:com.android.deskclock U=0 visible=true mode=freeform translucent=false sz=1}
01-08 01:32:47.079 W/FreeFormWindowHelper( 1526): Current Display FreeFormTask is Task{55a6c94 #17 type=standard A=10066:com.android.deskclock U=0 visible=true mode=freeform translucent=false sz=1}
01-08 01:32:47.096 W/FreeFormWindowHelper( 1526): Current Display FreeFormTask is Task{55a6c94 #17 type=standard A=10066:com.android.deskclock U=0 visible=true mode=freeform translucent=false sz=1}
01-08 01:32:47.113 W/FreeFormWindowHelper( 1526): Current Display FreeFormTask is Task{55a6c94 #17 type=standard A=10066:com.android.deskclock U=0 visible=true mode=freeform translucent=false sz=1}
01-08 01:32:47.122 I/commit_sys_config_file( 1526): [settings-1-0,9]
01-08 01:32:47.130 W/FreeFormWindowHelper( 1526): Current Display FreeFormTask is Task{55a6c94 #17 type=standard A=10066:com.android.deskclock U=0 visible=true mode=freeform translucent=false sz=1}
01-08 01:32:47.147 W/FreeFormWindowHelper( 1526): Current Display FreeFormTask is Task{55a6c94 #17 type=standard A=10066:com.android.deskclock U=0 visible=true mode=freeform translucent=false sz=1}
01-08 01:32:47.164 W/FreeFormWindowHelper( 1526): Current Display FreeFormTask is Task{55a6c94 #17 type=standard A=10066:com.android.deskclock U=0 visible=true mode=freeform translucent=false sz=1}
01-08 01:32:47.180 W/FreeFormWindowHelper( 1526): Current Display FreeFormTask is Task{55a6c94 #17 type=standard A=10066:com.android.deskclock U=0 visible=true mode=freeform translucent=false sz=1}
01-08 01:32:47.196 W/FreeFormWindowHelper( 1526): Current Display FreeFormTask is Task{55a6c94 #17 type=standard A=10066:com.android.deskclock U=0 visible=true mode=freeform translucent=false sz=1}
01-08 01:32:47.214 W/FreeFormWindowHelper( 1526): Current Display FreeFormTask is Task{55a6c94 #17 type=standard A=10066:com.android.deskclock U=0 visible=true mode=freeform translucent=false sz=1}
01-08 01:32:47.231 W/FreeFormWindowHelper( 1526): Current Display FreeFormTask is Task{55a6c94 #17 type=standard A=10066:com.android.deskclock U=0 visible=true mode=freeform translucent=false sz=1}
01-08 01:32:47.257 W/FreeFormWindowHelper( 1526): Current Display FreeFormTask is Task{55a6c94 #17 type=standard A=10066:com.android.deskclock U=0 visible=true mode=freeform translucent=false sz=1}
01-08 01:32:47.275 D/StateManager( 2543): goToState: Overview
01-08 01:32:47.275 D/FreeWindowHelper( 2543): enterOrExitRecentTasks: isEnterRecentTasks=true,mExitFlag=1
01-08 01:32:47.275 I/wm_finish_activity( 1526): [0,51217213,17,com.android.deskclock/.DeskClock,app-request]
01-08 01:32:47.275 I/wm_task_moved( 1526): [1,1,6]
01-08 01:32:47.276 I/wm_set_resumed_activity( 1526): [0,com.android.launcher3/.uioverrides.QuickstepLauncher,positionChildAt]
01-08 01:32:47.276 I/wm_task_moved( 1526): [8,1,2147483647]
01-08 01:32:47.276 I/wm_task_to_front( 1526): [0,8]
01-08 01:32:47.276 I/wm_focused_root_task( 1526): [0,0,1,-1,finish-top adjustFocusToNextFocusableTask]
01-08 01:32:47.277 I/wm_set_resumed_activity( 1526): [0,com.android.launcher3/.uioverrides.QuickstepLauncher,finish-top]
01-08 01:32:47.277 I/wm_on_top_resumed_lost_called( 2664): [51217213,com.android.deskclock.DeskClock,topStateChangedWhenResumed]
01-08 01:32:47.289 D/ActivityTrigger( 1526): ActivityTrigger activityPauseTrigger
01-08 01:32:47.289 I/hpplay-base( 2713): [mDNSEmbeded:140] embedded_mDNSLoop Exiting end,tid is 5659
01-08 01:32:47.289 I/wm_pause_activity( 1526): [0,51217213,com.android.deskclock/.DeskClock,userLeaving=false,finish]
01-08 01:32:47.289 D/hpplay-base( 2713): [mDNSEmbeded:452] stopmDNSServer end stopmDNSNow=2, nRet=0
01-08 01:32:47.291 W/FreeFormWindowHelper( 1526): Current Display FreeFormTask is Task{55a6c94 #17 type=standard A=10066:com.android.deskclock U=0 visible=false mode=freeform translucent=true sz=1}
01-08 01:32:47.292 I/input_focus( 1526): [Focus request 1bc00b2 com.android.launcher3/com.android.launcher3.uioverrides.QuickstepLauncher,reason=UpdateInputWindows]
01-08 01:32:47.292 D/FreeWindowContainer( 2543): reloadTask: TaskInfo{userId=0 taskId=17 displayId=0 isRunning=false baseIntent=Intent { flg=0x10008000 cmp=com.android.deskclock/.DeskClock } baseActivity=null topActivity=null origActivity=null realActivity=ComponentInfo{com.android.deskclock/com.android.deskclock.DeskClock} numActivities=0 lastActiveTime=104405 supportsSplitScreenMultiWindow=true supportsMultiWindow=true resizeMode=1 isResizeable=true token=WCT{android.window.IWindowContainerToken$Stub$Proxy@f69b9e4} topActivityType=1 pictureInPictureParams=null displayCutoutSafeInsets=null topActivityInfo=null launchCookies=[] positionInParent=Point(0, 72) parentTaskId=-1 isFocused=false isVisible=true topActivityInSizeCompat=false locusId= null}
01-08 01:32:47.294 I/wm_on_paused_called( 2664): [51217213,com.android.deskclock.DeskClock,performPause]
01-08 01:32:47.294 I/ActivityTaskManager( 1526): FOREGROUND_APPLICATION_CHANGED to com.android.launcher3.uioverrides.QuickstepLauncher
01-08 01:32:47.295 I/wm_destroy_activity( 1526): [0,51217213,17,com.android.deskclock/.DeskClock,finish-imm:completePausedLocked]
01-08 01:32:47.309 I/input_focus( 1526): [Focus leaving bbbe00 com.android.deskclock/com.android.deskclock.DeskClock (server),reason=NO_WINDOW]
01-08 01:32:47.309 I/input_focus( 1526): [Focus entering 1bc00b2 com.android.launcher3/com.android.launcher3.uioverrides.QuickstepLauncher (server),reason=setFocusedWindow]
01-08 01:32:47.310 I/sysui_multi_action( 1526): [757,803,799,window_time_0,802,10]
01-08 01:32:47.311 I/GameMode_ActivityMonitoringService( 2387): onForegroundActivitiesChanged uid 10066 pid 2664 fg false
01-08 01:32:47.314 I/wm_on_stop_called( 2664): [51217213,com.android.deskclock.DeskClock,LIFECYCLER_STOP_ACTIVITY]
01-08 01:32:47.315 D/EditModeHelper( 2543): setHotseatVisibility: 0
01-08 01:32:47.316 W/FreeFormWindowHelper( 1526): Current Display FreeFormTask is Task{55a6c94 #17 type=standard A=10066:com.android.deskclock U=0 visible=false mode=freeform translucent=true sz=1}
01-08 01:32:47.318 I/GameMode_ActivityMonitoringService( 2387): Updating top task to: TaskInfoContainer [topActivity=ComponentInfo{com.android.launcher3/com.android.launcher3.uioverrides.QuickstepLauncher}, taskId=8, stackId=1, userId=0, displayId=0, position=6
01-08 01:32:47.318 I/GameMode_ActivityMonitoringService( 2387): Notifying about top task: TaskInfoContainer [topActivity=ComponentInfo{com.android.launcher3/com.android.launcher3.uioverrides.QuickstepLauncher}, taskId=8, stackId=1, userId=0, displayId=0, position=6
01-08 01:32:47.318 I/GameMode_ActivityMonitoringService( 2387): WindowMode: 1
01-08 01:32:47.318 E/GameMode_ActivityMonitoringService( 2387): onActivityLaunch:com.android.launcher3
01-08 01:32:47.318 V/GameMode_GameTypeUtils( 2387): judge isGame:com.android.launcher3
01-08 01:32:47.318 V/GameMode_GpuUtils( 2387): fps:60
01-08 01:32:47.321 D/GameMode_GameModeActionUtils( 2387): Show GameMode entry by service!
01-08 01:32:47.321 W/ContextImpl( 2387): Calling a method in the system process without a qualified user: android.app.ContextImpl.startService:1816 android.content.ContextWrapper.startService:774 com.thundercomm.gamemode.ingame.services.GameModeActionUtils.startGameModeService:111 com.thundercomm.gamemode.ingame.services.GameModeActionUtils.startGameModeEntry:22 com.thundercomm.gamemode.ingame.services.ActivityMonitoringService$1.onActivityLaunch:129
01-08 01:32:47.323 D/GameModeIF_GameModeSettings( 2387): getUriFor setting_content_uri_root = content://com.thundercomm.gamemode.api/gamemode_settings , name = gamemode_isgaming
01-08 01:32:47.324 D/GameMode_GameModeService( 2387): type=hide_entry
01-08 01:32:47.328 D/GameMode_GameSettingsObserver( 2387): Game Data change!!!! uri = content://com.thundercomm.gamemode.api/gamemode_settings/gamemode_isgaming
01-08 01:32:47.328 D/GameModeIF_GameModeSettings( 2387): getUriFor setting_content_uri_root = content://com.thundercomm.gamemode.api/gamemode_settings , name = gamemode_isgaming
01-08 01:32:47.328 I/GameModeConfig( 1526): Current uri is uri = content://com.thundercomm.gamemode.api/gamemode_settings/gamemode_isgaming
01-08 01:32:47.328 D/GameModeIF_GameModeSettings( 1526): getUriFor setting_content_uri_root = content://com.thundercomm.gamemode.api/gamemode_settings , name = gamemode_isgaming
01-08 01:32:47.329 I/wm_on_destroy_called( 2664): [51217213,com.android.deskclock.DeskClock,performDestroy]
01-08 01:32:47.330 D/GameModeIF_GameModeSettings( 2387): gamemode_isgaming set to 0
01-08 01:32:47.331 W/FreeFormWindowHelper( 1526): Current Display FreeFormTask is Task{55a6c94 #17 type=standard A=10066:com.android.deskclock U=0 visible=false mode=freeform translucent=true sz=1}
01-08 01:32:47.333 W/InputManager-JNI( 1526): Input channel object 'bbbe00 com.android.deskclock/com.android.deskclock.DeskClock (client)' was disposed without first being removed with the input manager!
01-08 01:32:47.333 D/GameMode_GameModeService( 2387): updateGlobalSettings = gamemode_isgaming
01-08 01:32:47.333 I/GameModeConfig( 1526): isGameModeOn = true
01-08 01:32:47.333 I/GameModeConfig( 1526): isGaming = false
01-08 01:32:47.333 I/GameModeConfig( 1526): isGameModeOn = true
01-08 01:32:47.333 I/GameModeConfig( 1526): isGaming = false
01-08 01:32:47.333 I/GameModeConfig( 1526): isDisableVoice = true
01-08 01:32:47.334 I/wm_on_top_resumed_gained_called( 2543): [162781513,com.android.launcher3.uioverrides.QuickstepLauncher,topStateChangedWhenResumed]
01-08 01:32:47.396 I/GameMode_ActivityMonitoringService( 2387): onTaskStackChanged
01-08 01:32:47.398 W/FreeFormWindowHelper( 1526): Current Display FreeFormTask is Task{55a6c94 #17 type=standard A=10066:com.android.deskclock U=0 visible=false mode=freeform translucent=true sz=1}
01-08 01:32:47.398 W/FreeFormWindowHelper( 1526): Current Display FreeFormTask is Task{55a6c94 #17 type=standard A=10066:com.android.deskclock U=0 visible=false mode=freeform translucent=true sz=1}
01-08 01:32:47.398 W/FreeFormWindowHelper( 1526): Current Display FreeFormTask is Task{55a6c94 #17 type=standard A=10066:com.android.deskclock U=0 visible=false mode=freeform translucent=true sz=1}
01-08 01:32:47.398 W/FreeFormWindowHelper( 1526): Current Display FreeFormTask is Task{55a6c94 #17 type=standard A=10066:com.android.deskclock U=0 visible=false mode=freeform translucent=true sz=1}
01-08 01:32:47.398 W/FreeFormWindowHelper( 1526): Current Display FreeFormTask is Task{55a6c94 #17 type=standard A=10066:com.android.deskclock U=0 visible=false mode=freeform translucent=true sz=1}
01-08 01:32:47.398 W/FreeFormWindowHelper( 1526): Current Display FreeFormTask is Task{55a6c94 #17 type=standard A=10066:com.android.deskclock U=0 visible=false mode=freeform translucent=true sz=1}
01-08 01:32:47.398 W/FreeFormWindowHelper( 1526): Current Display FreeFormTask is Task{55a6c94 #17 type=standard A=10066:com.android.deskclock U=0 visible=false mode=freeform translucent=true sz=1}
01-08 01:32:47.398 W/FreeFormWindowHelper( 1526): Current Display FreeFormTask is Task{55a6c94 #17 type=standard A=10066:com.android.deskclock U=0 visible=false mode=freeform translucent=true sz=1}
01-08 01:32:47.401 I/GameMode_ActivityMonitoringService( 2387): Updating top task to: TaskInfoContainer [topActivity=ComponentInfo{com.android.launcher3/com.android.launcher3.uioverrides.QuickstepLauncher}, taskId=8, stackId=1, userId=0, displayId=0, position=6
01-08 01:32:47.401 I/GameMode_ActivityMonitoringService( 2387): Notifying about top task: TaskInfoContainer [topActivity=ComponentInfo{com.android.launcher3/com.android.launcher3.uioverrides.QuickstepLauncher}, taskId=8, stackId=1, userId=0, displayId=0, position=6
01-08 01:32:47.401 I/GameMode_ActivityMonitoringService( 2387): WindowMode: 1
01-08 01:32:47.401 E/GameMode_ActivityMonitoringService( 2387): onActivityLaunch:com.android.launcher3
01-08 01:32:47.401 V/GameMode_GameTypeUtils( 2387): judge isGame:com.android.launcher3
01-08 01:32:47.401 V/GameMode_GpuUtils( 2387): fps:60
01-08 01:32:47.404 D/GameMode_GameModeActionUtils( 2387): Show GameMode entry by service!
01-08 01:32:47.404 W/ContextImpl( 2387): Calling a method in the system process without a qualified user: android.app.ContextImpl.startService:1816 android.content.ContextWrapper.startService:774 com.thundercomm.gamemode.ingame.services.GameModeActionUtils.startGameModeService:111 com.thundercomm.gamemode.ingame.services.GameModeActionUtils.startGameModeEntry:22 com.thundercomm.gamemode.ingame.services.ActivityMonitoringService$1.onActivityLaunch:129
01-08 01:32:47.408 D/GameModeIF_GameModeSettings( 2387): getUriFor setting_content_uri_root = content://com.thundercomm.gamemode.api/gamemode_settings , name = gamemode_isgaming
01-08 01:32:47.408 D/GameMode_GameModeService( 2387): type=hide_entry
01-08 01:32:47.410 I/GameModeConfig( 1526): Current uri is uri = content://com.thundercomm.gamemode.api/gamemode_settings/gamemode_isgaming
01-08 01:32:47.410 D/GameModeIF_GameModeSettings( 1526): getUriFor setting_content_uri_root = content://com.thundercomm.gamemode.api/gamemode_settings , name = gamemode_isgaming
01-08 01:32:47.411 D/GameMode_GameSettingsObserver( 2387): Game Data change!!!! uri = content://com.thundercomm.gamemode.api/gamemode_settings/gamemode_isgaming
01-08 01:32:47.411 D/GameModeIF_GameModeSettings( 2387): getUriFor setting_content_uri_root = content://com.thundercomm.gamemode.api/gamemode_settings , name = gamemode_isgaming
01-08 01:32:47.411 D/GameModeIF_GameModeSettings( 2387): gamemode_isgaming set to 0
01-08 01:32:47.412 I/GameModeConfig( 1526): isGameModeOn = true
