01-08 01:32:47.412 I/GameModeConfig( 1526): isGaming = false
01-08 01:32:47.413 I/GameModeConfig( 1526): isGameModeOn = true
01-08 01:32:47.413 I/GameModeConfig( 1526): isGaming = false
01-08 01:32:47.413 I/GameModeConfig( 1526): isDisableVoice = true
01-08 01:32:47.417 D/GameMode_GameModeService( 2387): updateGlobalSettings = gamemode_isgaming
01-08 01:32:47.508 I/hpplay-base( 2713): [mDNSEmbeded:376] end lelink publish server, tid is 5660
01-08 01:32:47.509 D/hpplay-base( 2713): [mDNSEmbeded:420] stopmLelinkServer end nRet=0
01-08 01:32:47.509 D/hpplay-base( 2713): [LelinkBase:615] lebodlna stopServerThreadFunc dlnaEnable:1
01-08 01:32:47.509 D/hpplay-base-dlna( 2713): [lebodlna_api:49] stop DMR
01-08 01:32:47.509 D/hpplay-base-dlna( 2713): [lebodlna_api:344] m_pRender Release
01-08 01:32:47.565 D/hpplay-base-dlna( 2713): [UpnpDefine:867] DMRender release success
01-08 01:32:47.565 D/hpplay-base-dlna( 2713): [lebodlna_api:352] m_pAVT Release
01-08 01:32:47.565 D/hpplay-base-dlna( 2713): [lebodlna_api:360] m_pRCS Release
01-08 01:32:47.565 D/hpplay-base-dlna( 2713): [lebodlna_api:365] dmrender destroydmr
01-08 01:32:47.589 I/wm_task_removed( 1526): [17,removeChild:removeChild last r=ActivityRecord{30d833d u0 com.android.deskclock/.DeskClock t-1 f}} in t=Task{55a6c94 #17 type=standard A=10066:com.android.deskclock U=0 visible=false mode=freeform translucent=true sz=0}]
01-08 01:32:47.589 I/wm_task_removed( 1526): [17,removeChild]
01-08 01:32:47.590 D/FreeFormWindowHelper( 1526): Remove freefrom task=Task{55a6c94 #17 type=standard A=10066:com.android.deskclock U=0 visible=false mode=freeform translucent=true sz=0}
01-08 01:32:47.771 I/mpu_uart( 640): [MSG-P:RECV]:No message received in 1000 ms
01-08 01:32:47.865 D/hpplay-base-dlna( 2713): [lebodlna-dlna_android:186] stopDLNA
01-08 01:32:47.866 D/hpplay-base-dlna( 2713): [lebodlna-dlna_android:189] dlnaservice destroy
01-08 01:32:47.866 D/hpplay-base-dlna( 2713): [lebodlna-dlna_android:49] dlnaservice Destroy 49 int CDlnaService::Destroy()
01-08 01:32:47.866 D/hpplay-base-dlna( 2713): [lebodlna-dlnaframe:245] dlnaservice Destroy 245 static ERROR_TYPE IDlnaFrame::DestroyDlnaFrame(IDlnaFrame *)
01-08 01:32:47.866 D/hpplay-base-dlna( 2713): [lebodlna-dlnaframe:179] dlnaservice Destroy 179 virtual void CDlnaFrame::Release()
01-08 01:32:47.866 D/hpplay-base-dlna( 2713): [lebodlna-dlnaframe:190] dlnaservice Destroy 190 virtual void CDlnaFrame::Release()
01-08 01:32:47.866 D/hpplay-base-dlna( 2713): [lebodlna-dlnaframe:192] dlnaservice Destroy 192 virtual void CDlnaFrame::Release()
01-08 01:32:47.866 D/hpplay-base-dlna( 2713): [lebodlna-dlnaframe:247] dlnaservice Destroy 247 static ERROR_TYPE IDlnaFrame::DestroyDlnaFrame(IDlnaFrame *)
01-08 01:32:47.866 D/hpplay-base-dlna( 2713): [lebodlna-dlnaframe:251] dlnaservice Destroy 251 static ERROR_TYPE IDlnaFrame::DestroyDlnaFrame(IDlnaFrame *)
01-08 01:32:47.869 E/hpplay-base-dlna( 2713): upnpapi.c:655::before gminiserver ThreadPoolShutdown
01-08 01:32:47.869 E/hpplay-base-dlna( 2713): ThreadPool.c:1047::on ThreadPoolShutdown tp->totalThreads:3
01-08 01:32:47.870 E/hpplay-base-dlna( 2713): ThreadPool.c:1056::after ThreadPoolShutdown
01-08 01:32:47.870 E/hpplay-base-dlna( 2713): ThreadPool.c:1057::ThreadPoolShutdown tp->totalThreads:0
01-08 01:32:47.870 E/hpplay-base-dlna( 2713): upnpapi.c:657::after gminiserver ThreadPoolShutdown
01-08 01:32:47.870 E/hpplay-base-dlna( 2713): upnpapi.c:659::before grecv ThreadPoolShutdown
01-08 01:32:47.870 E/hpplay-base-dlna( 2713): ThreadPool.c:1047::on ThreadPoolShutdown tp->totalThreads:12
01-08 01:32:47.871 E/hpplay-base-dlna( 2713): ThreadPool.c:1047::on ThreadPoolShutdown tp->totalThreads:10
01-08 01:32:47.871 E/hpplay-base-dlna( 2713): ThreadPool.c:1047::on ThreadPoolShutdown tp->totalThreads:9
01-08 01:32:47.871 E/hpplay-base-dlna( 2713): ThreadPool.c:1047::on ThreadPoolShutdown tp->totalThreads:7
01-08 01:32:47.873 E/hpplay-base-dlna( 2713): ThreadPool.c:1047::on ThreadPoolShutdown tp->totalThreads:1
01-08 01:32:47.873 E/hpplay-base-dlna( 2713): ThreadPool.c:1056::after ThreadPoolShutdown
01-08 01:32:47.873 E/hpplay-base-dlna( 2713): ThreadPool.c:1057::ThreadPoolShutdown tp->totalThreads:0
01-08 01:32:47.873 E/hpplay-base-dlna( 2713): upnpapi.c:661::after grecv ThreadPoolShutdown
01-08 01:32:47.873 E/hpplay-base-dlna( 2713): upnpapi.c:663::before gsend ThreadPoolShutdown
01-08 01:32:47.874 E/hpplay-base-dlna( 2713): ThreadPool.c:1047::on ThreadPoolShutdown tp->totalThreads:3
01-08 01:32:47.874 E/hpplay-base-dlna( 2713): ThreadPool.c:1047::on ThreadPoolShutdown tp->totalThreads:2
01-08 01:32:47.874 E/hpplay-base-dlna( 2713): ThreadPool.c:1047::on ThreadPoolShutdown tp->totalThreads:1
01-08 01:32:47.875 E/hpplay-base-dlna( 2713): ThreadPool.c:1056::after ThreadPoolShutdown
01-08 01:32:47.875 E/hpplay-base-dlna( 2713): ThreadPool.c:1057::ThreadPoolShutdown tp->totalThreads:0
01-08 01:32:47.875 E/hpplay-base-dlna( 2713): upnpapi.c:665::after gsend ThreadPoolShutdown
01-08 01:32:47.875 D/hpplay-base-dlna( 2713): [lebodlna-dlnaframe:253] dlnaservice Destroy 253 static ERROR_TYPE IDlnaFrame::DestroyDlnaFrame(IDlnaFrame *)
01-08 01:32:47.875 D/hpplay-base-dlna( 2713): [lebodlna-dlna_android:51] dlnaservice Destroy 51 int CDlnaService::Destroy()
01-08 01:32:47.875 D/hpplay-base-dlna( 2713): [lebodlna-dlna_android:194] stopDLNA end
01-08 01:32:47.963 I/auditd ( 0): type=1400 audit(0.0:644): avc: denied { kill } for comm="swapper/3" capability=5 scontext=u:r:kernel:s0 tcontext=u:r:kernel:s0 tclass=capability permissive=0
01-08 01:32:47.963 W/swapper/3( 0): type=1400 audit(0.0:644): avc: denied { kill } for capability=5 scontext=u:r:kernel:s0 tcontext=u:r:kernel:s0 tclass=capability permissive=0
01-08 01:32:48.175 D/hpplay-base( 2713): [stream_mirror_compat:1489] request to stop screen stream session!!
01-08 01:32:48.175 D/hpplay-base( 2713): [AEventUtils:625] begin to stop event handle service!!
01-08 01:32:48.175 D/hpplay-base( 2713): [AEventUtils:628] stop event handle service ok!!
01-08 01:32:48.175 D/hpplay-base( 2713): [REventUtils:231] begin to stop report handle service!!
01-08 01:32:48.175 D/hpplay-base( 2713): [REventUtils:234] stop report handle service ok!!
01-08 01:32:48.175 D/hpplay-base( 2713): [lelinkSinkServer:711] HTTP Server stopSinkServer End .
01-08 01:32:48.175 D/hpplay-base( 2713): [jniBridge:1135] notifyJavaServerStoped
01-08 01:32:48.175 D/hpplay-base( 2713): [jniBridge:1726] notifyJava, what:202, castType:0, mimeType:0 baseStatus:4
01-08 01:32:48.175 D/hpplay-base( 2713): [jniBridge:1727] notifyJava sessionID:(null)
01-08 01:32:48.176 I/hpplay-java( 2713): [Thread-73]:Bridge:notify: what: 202
01-08 01:32:48.177 I/hpplay-java( 2713): [Thread-73]:Bridge:notify: out: OutParameters:{audioSessionId=-1, audiotrackIndex=0, castHandleType=-1, castType=0, deviceName='', dlnaName='', dramaID='', extra=0, frameHandleType=-1, handleInside=true, headduration=0, header='', headers=null, isAD=false, isMultiMirror=false, lelinkVer='', limitTime=0, , mediaAlbum='null', mediaAlbumArtURI='', mediaArtist='null', mediaAssets='', mediaTitle='null', mimeType=0, multiSession=null, period=0, pinCode='', playSpeed=0.0, playerChoice=0, plugin=0, port=0, position=0.0, positionUnit=2, protocol=0, realSessionID='', regType='', , sinkIp='', sourceAPPVersion='', sourceChannel='', sourceClientInfo='', sourceDeviceInfo='', sourceDeviceModel='', sourceDeviceName='', sourceDeviceType=0, sourceHID='', , sourceInfo='', , , sourceOSVersion='', sourceSDKVersion='', sourceUid='', stopDetail=0, stopReason=0, tailduration=0, url='', urlID='', urls=null, userAgent='', videoDecoder=0, volume=0, what=202}com.hpplay.sdk.sink.protocol.OutParameters@f8de87a
01-08 01:32:48.177 I/hpplay-java( 2713): [Thread-73]:Bridge:notify: address:77420587
01-08 01:32:48.178 D/hpplay-base( 2713): [LelinkBase:645] stopServerThreadFunc notifyJavaServerStoped!
01-08 01:32:48.178 I/hpplay-java( 2713): [main]:ServerTaskManager:startTimeOutCheck
01-08 01:32:48.178 I/hpplay-java( 2713): [main]:ServerBusiness:stopDaemonBusiness
01-08 01:32:48.178 I/hpplay-java( 2713): [main]:SinkDataReport:logout
01-08 01:32:48.178 I/hpplay-java( 2713): [main]:EPControl:release
01-08 01:32:48.180 I/hpplay-java( 2713): [AsyncTask #6]:GlideCreator:clearCache clearDiskCache
01-08 01:32:48.181 I/hpplay-java( 2713): [main]:Dispatcher:notifyAllReverseControlsStop
01-08 01:32:48.181 I/hpplay-java( 2713): [main]:Preference:checkFeature none
01-08 01:32:48.181 I/hpplay-java( 2713): [main]:Dispatcher:notifyAllUIControlsStop set: []
01-08 01:32:48.181 I/hpplay-java( 2713): [main]:Bridge:findServiceID start out: 77420587
01-08 01:32:48.181 I/hpplay-java( 2713): [main]:Bridge:findServiceID end
01-08 01:32:48.182 I/hpplay-java( 2713): [main]:ServerTaskManager:onStop retry:true
01-08 01:32:48.182 I/hpplay-java( 2713): [main]:ServerTaskManager:cancelTimeOutCheck
01-08 01:32:48.182 W/hpplay-java( 2713): NanoHTTPDServerRunnable:Communication with the client broken
01-08 01:32:48.182 W/hpplay-java( 2713): java.net.SocketException: Socket closed
01-08 01:32:48.182 W/hpplay-java( 2713): at java.net.PlainSocketImpl.socketAccept(PlainSocketImpl.java:213)
01-08 01:32:48.182 W/hpplay-java( 2713): at java.net.AbstractPlainSocketImpl.accept(AbstractPlainSocketImpl.java:451)
01-08 01:32:48.182 W/hpplay-java( 2713): at java.net.ServerSocket.implAccept(ServerSocket.java:547)
01-08 01:32:48.182 W/hpplay-java( 2713): at java.net.ServerSocket.accept(ServerSocket.java:515)
01-08 01:32:48.182 W/hpplay-java( 2713): at com.hpplay.nanohttpd.protocols.http.ServerRunnable.run(SourceFile:118)
01-08 01:32:48.182 W/hpplay-java( 2713): at java.lang.Thread.run(Thread.java:920)
01-08 01:32:48.182 I/hpplay-java( 2713): NanoHTTPDNanoHTTPD:server is stoped
01-08 01:32:48.182 I/hpplay-java( 2713): NanoHTTPDNanoHTTPD:clear obj
01-08 01:32:48.183 I/hpplay-java( 2713): [main]:IPManager:getActiveNets type: WIFI
01-08 01:32:48.183 I/hpplay-java( 2713): [main]:IPManager:getActiveNets eth0:false wifi:true mobile:false ap:false
01-08 01:32:48.183 I/hpplay-java( 2713): [main]:IPManager:getIPAddress IP_WLAN0
01-08 01:32:48.187 I/hpplay-java( 2713): [main]:IPManager:updateIPAddress getIPAddress: 192.168.4.16 name:vlan4
01-08 01:32:48.188 I/hpplay-java( 2713): [main]:IPManager:updateIPAddress getIPAddress: 192.168.124.22 name:wlan0
01-08 01:32:48.188 I/hpplay-java( 2713): [main]:IPManager:updateIPAddress getIPAddress: 192.168.8.16 name:vlan8
01-08 01:32:48.188 I/hpplay-java( 2713): [main]:IPManager:updateIPAddress getIPAddress: 192.168.11.16 name:vlan11
01-08 01:32:48.188 I/hpplay-java( 2713): [main]:IPManager:updateIPAddress getIPAddress: 192.168.0.16 name:vlan0
01-08 01:32:48.188 I/hpplay-java( 2713): [main]:IPManager:updateIPAddress getIPAddress: 192.168.2.16 name:vlan2
01-08 01:32:48.188 I/hpplay-java( 2713): [main]:IPManager:updateIPAddress getIPAddress: 192.168.1.16 name:vlan1
01-08 01:32:48.189 I/hpplay-java( 2713): [main]:ServerTaskManager:exeTask startServer
01-08 01:32:48.189 I/hpplay-java( 2713): [AsyncTask #28]:ServerBusiness:startDaemonBusiness
01-08 01:32:48.189 I/hpplay-java( 2713): [main]:ServerTaskManager:startTimeOutCheck
01-08 01:32:48.189 I/hpplay-java( 2713): [AsyncTask #2]:Bridge:assembleInParameters
01-08 01:32:48.189 I/hpplay-java( 2713): [AsyncTask #28]:TimeOutCheckUtil:addTask id:upgrade
01-08 01:32:48.189 I/hpplay-java( 2713): [AsyncTask #28]:TimeOutCheckUtil:addTask id:ijkupgrade
01-08 01:32:48.190 I/hpplay-java( 2713): [AsyncTask #2]:Bridge:createDeviceId deviceId:YTQ6MWE6NWI6N2U6YTg6MDY=
01-08 01:32:48.191 I/hpplay-java( 2713): NanoHTTPDNanoHTTPD:server is started
01-08 01:32:48.191 I/hpplay-java( 2713): [AsyncTask #2]:IPManager:getActiveNets type: WIFI
01-08 01:32:48.191 I/hpplay-java( 2713): [AsyncTask #2]:IPManager:getActiveNets eth0:false wifi:true mobile:false ap:false
01-08 01:32:48.191 I/hpplay-java( 2713): [AsyncTask #2]:IPManager:getIPAddress IP_WLAN0
01-08 01:32:48.191 I/hpplay-java( 2713): [AsyncTask #2]:Preference:checkFeature none
01-08 01:32:48.191 I/hpplay-java( 2713): [AsyncTask #2]:SWI:dlna tip
01-08 01:32:48.192 I/hpplay-java( 2713): [AsyncTask #2]:SWI:lefp tip
01-08 01:32:48.192 I/hpplay-java( 2713): [AsyncTask #2]:Bridge:assembleInParameters none alias name use device name: 高合娱乐副屏
01-08 01:32:48.192 I/hpplay-java( 2713): [AsyncTask #2]:Feature:isSendAdvertisement
01-08 01:32:48.192 I/hpplay-java( 2713): [AsyncTask #2]:Preference:checkFeature none
01-08 01:32:48.193 I/hpplay-java( 2713): [AsyncTask #2]:Preference:checkFeature none
01-08 01:32:48.193 I/hpplay-java( 2713): [AsyncTask #2]:Bridge:backupHpplayDat bakPath:
01-08 01:32:48.193 I/hpplay-java( 2713): [AsyncTask #2]:Bridge:path:/data/user/0/com.hht.lebocast/files/hpplay/file/happyplay.dat
01-08 01:32:48.193 I/hpplay-java( 2713): [AsyncTask #2]:Bridge:mAppId:21409
01-08 01:32:48.193 I/hpplay-java( 2713): [AsyncTask #2]:Bridge:mode:3
01-08 01:32:48.193 I/hpplay-java( 2713): [AsyncTask #2]:Bridge:type:1
01-08 01:32:48.193 I/hpplay-java( 2713): [AsyncTask #2]:Bridge:SN:
01-08 01:32:48.193 I/hpplay-java( 2713): [AsyncTask #2]:Preference:checkFeature none
01-08 01:32:48.193 I/hpplay-java( 2713): [AsyncTask #2]:Bridge:backPath:
01-08 01:32:48.193 I/hpplay-java( 2713): [AsyncTask #2]:DeviceUtil:getPermissionDid: 1
01-08 01:32:48.193 I/hpplay-java( 2713): [AsyncTask #2]:DeviceUtil:getPermissionDid: 1
01-08 01:32:48.194 I/hpplay-java( 2713): [AsyncTask #2]:BPIFileUtil:getMd5ByFile: 0FA04FD08975C81CDD9275F6AE23A020
01-08 01:32:48.194 I/hpplay-java( 2713): [AsyncTask #2]:Preference:checkFeature none
01-08 01:32:48.194 I/hpplay-java( 2713): [AsyncTask #2]:Preference:checkFeature none
01-08 01:32:48.194 I/hpplay-java( 2713): [AsyncTask #2]:Preference:checkFeature none
01-08 01:32:48.194 I/hpplay-java( 2713): [AsyncTask #2]:Preference:checkFeature none
01-08 01:32:48.194 I/hpplay-java( 2713): [AsyncTask #2]:Preference:checkFeature none
01-08 01:32:48.201 W/hpplay-java( 2713): [AsyncTask #28]:ServerBusiness:startDaemonBusiness start LelinkHTTPD sucess 52288
01-08 01:32:48.205 I/hpplay-java( 2713): [main]:ServerBusiness:get deviceCode:2326366951
01-08 01:32:48.212 W/hpplay-java( 2713): [AsyncTask #2]:DeviceUtils:getDomain create lb domain
01-08 01:32:48.213 I/hpplay-java( 2713): [AsyncTask #2]:Feature:getMirrorAudioVideoSync DISABLE
01-08 01:32:48.213 I/hpplay-java( 2713): [AsyncTask #2]:Feature:checkSupportRedirectOtherApp,no set redirect api
01-08 01:32:48.213 I/hpplay-java( 2713): [AsyncTask #2]:Feature:getRedirectSearchFlag,value: 0
01-08 01:32:48.214 I/hpplay-java( 2713): [AsyncTask #2]:Bridge:mIn: InParameters{appInfo='0', appKey='21409', authMode=0, authPwd='null', broadcastDirection=0, broadcastState=1, broadcastTimeout=3, buildType='release', cacheAVPath='/data/user/0/com.hht.lebocast/cache/hpplay/av', cachePhotoPath='/data/user/0/com.hht.lebocast/cache/hpplay/image', channel='LEBO-APK--60146-25915', desPath='/data/user/0/com.hht.lebocast/files/hpplay/file/config/dcf', , deviceName='高合娱乐副屏', dlna=1, dlnaCompany='Microsoft Corporation', dlnaCompanyURL='http://www.microsoft.com', dlnaDeviceDescribe='Media Renderer', dlnaDeviceName='Windows Media Player', dlnaDeviceURL='http://go.microsoft.com/fwlink/Linkld=105927', dlnaLelinkSwitch=1, dlnaManufacturer=0, dlnaName='高合娱乐副屏', dlnaUPC='null', dlnaUUID='774c117d-0217-0fc4-1a60-e56e55fcc56d', domain='Lebo-figure-42ab7764ca4f', drainage=0, feature='6655', fps=60, height=1080, host='null', , keyPath='/data/user/0/com.hht.lebocast/files/hpplay/file', lelinkfp=1, lelinkfp2=0, logBaseState=1, logPath='/storage/emulated/0/com.hht.lebocast/sink/sdk/common', , mdnsEnable=1, mirrorSyncType=0, netCastVer='2.0', packageName='com.hht.lebocast', packagePath='/data/user/0/com.hht.lebocast', permissionDid='42:ab:77:64:ca:4f', permissionMode=3, permissionPreSN='', port=0, preemptMode=0, regType='_leboremote._tcp.', serverPorts=null, sockWaitTimeOut=45, teleControlPort=53388, tunnels=3, txtKeys=null, txtValues=null, uid='2755248317583304728', videoFrameType=1001, width=1920}com.hpplay.sdk.sink.protocol.InParameters@32f9367
01-08 01:32:48.214 I/hpplay-java( 2713): [main]:Bridge:startServer state: 0
01-08 01:32:48.214 D/hpplay-base( 2713): [jniBridge:185] not conference version
01-08 01:32:48.214 I/hpplay-base( 2713): [jniBridge:241] 1initServer nSettingWidth=1920 nSettingHeight=1080 nSettingMaxFPS=60 dlnaEnable=1 lelinkFpEnable=1
01-08 01:32:48.214 D/hpplay-base( 2713): [jniBridge:283] 1initServer cfg.leLinkIp=192.168.124.22
01-08 01:32:48.214 D/hpplay-base( 2713): [jniBridge:286] 1initServer cfg.mPermissionMode=3
01-08 01:32:48.214 D/hpplay-base( 2713): [jniBridge:304] 1initServer cfg.permissionDid=42:ab:77:64:ca:4f000000000000000
01-08 01:32:48.214 D/hpplay-base( 2713): [jniBridge:313] 1initServer cfg.mPermissionPreSN=00000000000000000000000000000000
01-08 01:32:48.214 D/hpplay-base( 2713): [jniBridge:317] Bridge___1initServer status:0
01-08 01:32:48.214 I/hpplay-base( 2713): [jniBridge:325] 1initServer cfg.feature=6655
01-08 01:32:48.215 D/hpplay-base( 2713): [jniBridge:377] 1initServer isSendBroadCast=3
01-08 01:32:48.215 D/hpplay-base( 2713): [jniBridge:380] 1initServer broadcastDirection=0
01-08 01:32:48.215 D/hpplay-base( 2713): [jniBridge:382] 1initServer ipBroadcast direction=0
01-08 01:32:48.215 D/hpplay-base( 2713): [jniBridge:387] 1initServer tunnel=3
01-08 01:32:48.215 D/hpplay-base( 2713): [jniBridge:390] 1initServer drainage=0
01-08 01:32:48.215 D/hpplay-base( 2713): [jniBridge:401] 1initServer mDNSEnable=1
01-08 01:32:48.215 D/hpplay-base( 2713): [jniBridge:406] 1initServer nSockWaitTimeOut=45
01-08 01:32:48.215 D/hpplay-base( 2713): [jniBridge:410] 1initServer nMirrorAudioVideoSync=0
01-08 01:32:48.215 I/hpplay-base( 2713): [sign_check:168] checkSign strPackageName:com.hht.lebocast
01-08 01:32:48.215 I/hpplay-base( 2713): [sign_check:169] checkSign buildType:release
01-08 01:32:48.215 I/hpplay-base( 2713): [sign_check:170] checkSign appKey:21409
01-08 01:32:48.215 D/hpplay-base( 2713): [LelinkBase:405] bridgeInit port: 0, lelinkfp: 0
01-08 01:32:48.215 D/hpplay-base( 2713): [LelinkBase:462] bridgeInit mPackagePath =/data/user/0/com.hht.lebocast
01-08 01:32:48.215 D/hpplay-base( 2713): [LelinkBase:463] bridgeInit mKeyPath =/data/user/0/com.hht.lebocast/files/hpplay/file
01-08 01:32:48.215 D/hpplay-base( 2713): [SinkContext:97] initSinkContext mPackagePath =/data/user/0/com.hht.lebocast
01-08 01:32:48.215 D/hpplay-base( 2713): [SinkContext:98] initSinkContext mKeyPath =/data/user/0/com.hht.lebocast/files/hpplay/file
01-08 01:32:48.215 D/hpplay-base( 2713): [jniBridge:478] Java_com_hpplay_sdk_sink_protocol_Bridge__1initServer end
01-08 01:32:48.215 D/hpplay-base( 2713): [jniBridge:869] Bridge__1startServer status:1
01-08 01:32:48.215 D/hpplay-base( 2713): [LelinkBase:492] startAllServer at base
01-08 01:32:48.215 D/hpplay-base( 2713): [lelinkSinkServer:152] httpPlugins_SetServerPort TYPE_SERVER_LELINK:52266
01-08 01:32:48.215 D/hpplay-base( 2713): [network.c:362] protocol bind host :192.168.124.22 port:52266 curent bind port:52266
01-08 01:32:48.215 D/hpplay-base( 2713): [lelinkSinkServer:681] HTTP Server real at:52266
01-08 01:32:48.216 D/hpplay-base( 2713): [lelinkSinkServer:644] Connected Service Type:0
01-08 01:32:48.216 D/hpplay-base( 2713): [ScreenStream:1285] current bind port:7100
01-08 01:32:48.216 I/hpplay-base( 2713): : (server.c.315) startServer listen_ing....:
01-08 01:32:48.216 D/hpplay-base( 2713): [Server:371] startHttpServer srv_sockets.used:1 nCurrentFd:72, tid is 5692
01-08 01:32:48.216 D/hpplay-base( 2713): [LelinkBase:515] startAllServer pBaseContext->config.dlnaEnable:1
01-08 01:32:48.216 D/hpplay-base( 2713): [lelinkDlna:324] addDMRCallback end
01-08 01:32:48.216 D/hpplay-base( 2713): [stream_mirror_compat:759] compat mirror stream begin to run,server fd:98,thread_id:3154145728!!
01-08 01:32:48.218 E/hpplay-base-dlna( 2713): miniserver.c:788::dlna_port(ipv4: 49152 ipv6:0)
01-08 01:32:48.219 D/hpplay-base-dlna( 2713): [lebodlna-dlnaframe:166] succeed to load lebodlnaplugin
01-08 01:32:48.219 D/hpplay-base-dlna( 2713): [lebodlna-dlnaframe:232] Succeed to load specified plugin:lebodlna_plugin
01-08 01:32:48.219 D/hpplay-base( 2713): [lelinkDlna:328] startDLNAServer ret=0
01-08 01:32:48.219 D/hpplay-base( 2713): [LelinkBase:531] startDLNAServer ret= 0
01-08 01:32:48.219 D/hpplay-base( 2713): [lelinkDlna:342] setDMRFriendlyName 高合娱乐副屏
01-08 01:32:48.219 D/hpplay-base-dlna( 2713): [lebodlna-dlna_android:136] setBroadcastTimeout mBroadcastTimeOut=66 status=3!
01-08 01:32:48.219 D/hpplay-base-dlna( 2713): [lebodlna_api:32] start DMR
01-08 01:32:48.219 D/hpplay-base-dlna( 2713): [UpnpDefine:434] RegisterDMRender invalid lelink info
01-08 01:32:48.220 D/hpplay-base-dlna( 2713): [UpnpDefine:551] DLNA DESCRIPTION FROME SERVER
01-08 01:32:48.221 E/hpplay-base-dlna( 2713): upnpapi.c:1078::Exiting RegisterRootDevice2 *Hnd =1, return value == 0
01-08 01:32:48.221 D/hpplay-base-dlna( 2713): [CUpnpDevice:41] Register Root Device 2:0
01-08 01:32:48.221 D/hpplay-base-dlna( 2713): [UpnpDefine:794] ESDMRender:Register success
01-08 01:32:48.221 D/hpplay-base-dlna( 2713): [lebodlna_api:41] sendBroadcast mBroadcastTimeOut=3
01-08 01:32:48.221 D/hpplay-base-dlna( 2713): [lebodlna_api:44] sendBroadcast timeout=66
01-08 01:32:48.277 D/hpplay-base( 2713): [lelinkDlna:361] startDLNADevice dlnaManufacturer:0 ret=0
01-08 01:32:48.277 D/hpplay-base( 2713): [LelinkBase:535] lelinkSetDlnaInfo ret= 0
01-08 01:32:48.277 D/hpplay-base( 2713): [LelinkBase:547] startAllServer pBaseContext->config.mDNSEnable:1
01-08 01:32:48.279 D/hpplay-base( 2713): [base_mdns:509] mdns net.hostname:
01-08 01:32:48.279 D/hpplay-base( 2713): [base_mdns:529] mdns namelabel:-36-7C-7C-00-00-0F
01-08 01:32:48.279 D/hpplay-base( 2713): [base_mdns:509] mdns net.hostname:
01-08 01:32:48.279 D/hpplay-base( 2713): [base_mdns:529] mdns namelabel:-36-7C-7C-00-00-0F
01-08 01:32:48.279 D/hpplay-base( 2713): [mdns:813] mdns start bind port:0
01-08 01:32:48.282 D/hpplay-base( 2713): [mdns:813] mdns start bind port:5353
01-08 01:32:48.282 D/hpplay-base( 2713): [mdns:813] mdns start bind port:5353
01-08 01:32:48.283 D/hpplay-base( 2713): [mdns:813] mdns start bind port:5353
01-08 01:32:48.283 D/hpplay-base( 2713): [mdns:813] mdns start bind port:5353
01-08 01:32:48.283 D/hpplay-base( 2713): [mdns:813] mdns start bind port:5353
01-08 01:32:48.283 D/hpplay-base( 2713): [mdns:813] mdns start bind port:5353
01-08 01:32:48.283 D/hpplay-base( 2713): [mdns:813] mdns start bind port:5353
01-08 01:32:48.284 I/hpplay-base( 2713): [mDNSEmbeded:57] embedded_mDNSInit stopmDNSNow:0 status:0
01-08 01:32:48.284 D/hpplay-base( 2713): [mDNSEmbeded:436] startmDNSServer end nRet=0
01-08 01:32:48.284 D/hpplay-base( 2713): [LelinkBase:555] lelink broadcast_on_off:1 log2java_on_off:1
01-08 01:32:48.284 D/hpplay-base( 2713): [LelinkMDNS:729] leboAuthorizationCheck strUuid=42:ab:77:64:ca:4f000000000000000
01-08 01:32:48.284 D/hpplay-base( 2713): [LelinkMDNS:730] leboAuthorizationCheck mPermissionDid=42:ab:77:64:ca:4f000000000000000
01-08 01:32:48.284 D/hpplay-base( 2713): [LelinkMDNS:755] leboAuthorizationCheck mPermissionMac=42:ab:77:64:ca:4f000000000000000
01-08 01:32:48.284 I/hpplay-base( 2713): [mDNSEmbeded:268] start lelink publish server, tid is 5709
01-08 01:32:48.284 D/hpplay-base( 2713): [AEventUtils:595] request to start event handle service!!
01-08 01:32:48.284 D/hpplay-base( 2713): [AEventUtils:603] start_event_handle_service,begin to run!!
01-08 01:32:48.284 D/hpplay-base( 2713): [REventUtils:210] start_event_handle_service,begin to run!!
01-08 01:32:48.284 D/hpplay-base( 2713): [AEventUtils:171] create handle AEvent thread ok!!,tid is 5711
01-08 01:32:48.284 D/hpplay-base( 2713): [LelinkBase:576] startAllServer success .
01-08 01:32:48.284 D/hpplay-base( 2713): [REventUtils:59] create handleREventThread thread ok!!,tid is 5712
01-08 01:32:48.284 D/hpplay-base( 2713): [jniBridge:894] startDlna_link:http://192.168.124.22:49152/description.xml
01-08 01:32:48.285 D/hpplay-base( 2713): [jniBridge:1081] notifyJavaDlnalink:http://192.168.124.22:49152/description.xml
01-08 01:32:48.285 D/hpplay-base( 2713): [jniBridge:1726] notifyJava, what:207, castType:0, mimeType:0 baseStatus:2
01-08 01:32:48.285 D/hpplay-base( 2713): [jniBridge:1727] notifyJava sessionID:(null)
01-08 01:32:48.285 I/hpplay-java( 2713): [main]:Upgrade:upgrade not be allowed
01-08 01:32:48.285 I/hpplay-java( 2713): [Thread-75]:Bridge:notify: what: 207
01-08 01:32:48.285 D/hpplay-base( 2713): [mDNSEmbeded:197] http_port bind check 197 http_port_check
01-08 01:32:48.286 I/hpplay-java( 2713): [Thread-75]:Bridge:notify: out: OutParameters:{audioSessionId=-1, audiotrackIndex=0, castHandleType=-1, castType=0, deviceName='http://192.168.124.22:49152/description.xml', dlnaName='', dramaID='', extra=0, frameHandleType=-1, handleInside=true, headduration=0, header='', headers=null, isAD=false, isMultiMirror=false, lelinkVer='', limitTime=0, , mediaAlbum='null', mediaAlbumArtURI='', mediaArtist='null', mediaAssets='', mediaTitle='null', mimeType=0, multiSession=null, period=0, pinCode='', playSpeed=0.0, playerChoice=0, plugin=0, port=0, position=0.0, positionUnit=2, protocol=0, realSessionID='', regType='', , sinkIp='', sourceAPPVersion='', sourceChannel='', sourceClientInfo='', sourceDeviceInfo='', sourceDeviceModel='', sourceDeviceName='', sourceDeviceType=0, sourceHID='', , sourceInfo='', , , sourceOSVersion='', sourceSDKVersion='', sourceUid='', stopDetail=0, stopReason=0, tailduration=0, url='', urlID='', urls=null, userAgent='', videoDecoder=0, volume=0, what=207}com.hpplay.sdk.sink.protocol.OutParameters@9227059
01-08 01:32:48.286 I/hpplay-java( 2713): [Thread-75]:Bridge:notify: address:263922718
01-08 01:32:48.286 D/hpplay-base( 2713): [mDNSEmbeded:217] http_port bind check 217 http_port_check
01-08 01:32:48.286 D/hpplay-base( 2713): [mDNSEmbeded:222] http_port bind check 222 http_port_check
01-08 01:32:48.288 D/hpplay-base( 2713): [mDNSEmbeded:234] http_port bind check 234 http_port_check port:52266
01-08 01:32:48.288 D/hpplay-base( 2713): [mDNSEmbeded:237] http_port bind check 237 http_port_check
01-08 01:32:48.289 D/hpplay-base( 2713): [lelinkSinkServer:93] new client connection from 127.0.0.1 8396, fd=156
01-08 01:32:48.289 D/hpplay-base( 2713): [SinkContext:137] addSinkContextSession,begin to run!!
01-08 01:32:48.289 D/hpplay-base( 2713): [SinkContext:142] addSinkContextSession,begin to get lock!!
01-08 01:32:48.289 D/hpplay-base( 2713): [SinkContext:144] addSinkContextSession,get lock ok!!
01-08 01:32:48.289 D/hpplay-base( 2713): [SinkContext:149] addSinkContextSession,session list is null,begin to malloc!!
01-08 01:32:48.289 D/hpplay-base( 2713): [SinkContext:156] addSinkContextSession,begin to update!!
01-08 01:32:48.289 D/hpplay-base( 2713): [SinkContext:160] addSinkContextSession,begin to update header!!
01-08 01:32:48.289 D/hpplay-base( 2713): [SinkContext:172] addSinkContextSession,begin to unlock!!
01-08 01:32:48.289 D/hpplay-base( 2713): [SinkContext:174] addSinkContextSession,unlock ok!!
01-08 01:32:48.289 D/hpplay-base( 2713): [LelinkReceiver:4908] get ping !!!
01-08 01:32:48.290 D/hpplay-base( 2713): [mDNSEmbeded:240] http_port bind check 240 http_port_check recieved:64
01-08 01:32:48.290 D/hpplay-base( 2713): [mDNSEmbeded:243] http_port bind check 243 http_port_check
01-08 01:32:48.290 D/hpplay-base( 2713): [mDNSEmbeded:244] http_port bind check ok!
01-08 01:32:48.291 I/hpplay-java( 2713): [AsyncTask #3]:HttpRequest:doGet responseCode:200 0
01-08 01:32:48.471 D/hpplay-base( 2713): [LelinkMDNS:766] devicePermissionPublic leboPermissionCheck:-2
01-08 01:32:48.471 D/hpplay-base( 2713): [jniBridge:1125] com_hpplay_sdk_sink_protocol_Bridge_WHAT_SERVER_ERROR
01-08 01:32:48.471 D/hpplay-base( 2713): [jniBridge:1726] notifyJava, what:204, castType:0, mimeType:0 baseStatus:2
01-08 01:32:48.471 D/hpplay-base( 2713): [jniBridge:1727] notifyJava sessionID:(null)
01-08 01:32:48.472 I/hpplay-java( 2713): [Thread-76]:Bridge:notify: what: 204
01-08 01:32:48.474 I/hpplay-java( 2713): [Thread-76]:Bridge:notify: out: OutParameters:{audioSessionId=-1, audiotrackIndex=0, castHandleType=-1, castType=0, deviceName='', dlnaName='', dramaID='', extra=-2002, frameHandleType=-1, handleInside=true, headduration=0, header='', headers=null, isAD=false, isMultiMirror=false, lelinkVer='', limitTime=0, , mediaAlbum='null', mediaAlbumArtURI='', mediaArtist='null', mediaAssets='', mediaTitle='null', mimeType=0, multiSession=null, period=0, pinCode='', playSpeed=0.0, playerChoice=0, plugin=0, port=0, position=0.0, positionUnit=2, protocol=0, realSessionID='', regType='', , sinkIp='', sourceAPPVersion='', sourceChannel='', sourceClientInfo='', sourceDeviceInfo='', sourceDeviceModel='', sourceDeviceName='', sourceDeviceType=0, sourceHID='', , sourceInfo='', , , sourceOSVersion='', sourceSDKVersion='', sourceUid='', stopDetail=0, stopReason=0, tailduration=0, url='', urlID='', urls=null, userAgent='', videoDecoder=0, volume=0, what=204}com.hpplay.sdk.sink.protocol.OutParameters@4e3b4ff
01-08 01:32:48.474 I/hpplay-java( 2713): [Thread-76]:Bridge:notify: address:39056076
01-08 01:32:48.474 I/hpplay-base( 2713): [mDNSEmbeded:79] embedded_mDNSLoop stopmDNSNow:0 nPublish:-2 nExitFlag:6 tid is 5708
01-08 01:32:48.474 I/hpplay-java( 2713): [main]:Bridge:findServiceID start out: 39056076
01-08 01:32:48.474 I/hpplay-java( 2713): [main]:Bridge:findServiceID end
01-08 01:32:48.474 E/hpplay-java( 2713): [main]:ServerTaskManager:onError 204/-2002 com.hht.lebocast.LelinkHelper$e@1c2de7f
01-08 01:32:48.474 I/hpplay-java( 2713): [main]:ServerTaskManager:cancelTimeOutCheck
01-08 01:32:48.475 W/hpplay-java( 2713): [main]:ServerTaskManager:onErrorDispatcher errorCode:-2002
01-08 01:32:48.475 I/hpplay-java( 2713): [main]:ServerTaskManager:onError retry later
01-08 01:32:48.491 I/hpplay-base( 2713): [LelinkReceiver:14605] _connectionFinalize (156)
01-08 01:32:48.491 D/hpplay-base( 2713): [LelinkReceiver:14752] ###connectionFinalize,release ok!!###
01-08 01:32:48.507 I/OMX-VENC: venc_dev( 1222): stats: avg. fps 25.21, bitrate 2496966
01-08 01:32:48.567 I/hpplay-java( 2713): [AsyncTask #11]:HttpRequest:doGet responseCode:200 0
01-08 01:32:48.635 E/TaskPersister( 1526): File error accessing recents directory (directory doesn't exist?).
01-08 01:32:48.771 I/mpu_uart( 640): [MSG-P:RECV]:No message received in 1000 ms
01-08 01:32:48.897 I/input_interaction( 1526): Interaction with: 1bc00b2 com.android.launcher3/com.android.launcher3.uioverrides.QuickstepLauncher (server), fe7e613 com.android.systemui.ImageWallpaper (server), edge-swipe (server), swipe-up (server), PointerEventDispatcher0 (server),
01-08 01:32:48.963 I/auditd ( 0): type=1400 audit(0.0:645): avc: denied { kill } for comm="swapper/3" capability=5 scontext=u:r:kernel:s0 tcontext=u:r:kernel:s0 tclass=capability permissive=0
01-08 01:32:48.963 W/swapper/3( 0): type=1400 audit(0.0:645): avc: denied { kill } for capability=5 scontext=u:r:kernel:s0 tcontext=u:r:kernel:s0 tclass=capability permissive=0
01-08 01:32:49.019 D/StateManager( 2543): goToState: Normal
01-08 01:32:49.021 D/EditModeHelper( 2543): setHotseatVisibility: 0
01-08 01:32:49.059 D/FreeWindowHelper( 2543): enterOrExitRecentTasks: isEnterRecentTasks=false,mExitFlag=0
01-08 01:32:49.059 W/FreeFormWindowHelper( 1526): exitRecentTasks type=0
01-08 01:32:49.060 W/ContextImpl( 1526): Calling a method in the system process without a qualified user: android.app.ContextImpl.startActivity:1067 com.android.server.wm.FreeFormWindowHelper.exitRecentTasks:503 com.android.server.wm.ActivityTaskManagerService.exitRecentTasks:3819 android.app.IActivityTaskManager$Stub.onTransact:2307 com.android.server.wm.ActivityTaskManagerService.onTransact:5070
01-08 01:32:49.060 I/thunderperf( 1526): Maybe need boostperf for current app!
01-08 01:32:49.060 D/FgBoostPerfService( 2387): [FgBoostPerfService.perfBoostAcq]start: stat=true pkgName=com.android.deskclock
01-08 01:32:49.060 V/GameMode_GameTypeUtils( 2387): judge isGame:com.android.deskclock
01-08 01:32:49.060 I/FgBoostPerfService( 2387): [FgBoostPerfService.perfBoostAcq] not game-mode or game app!
01-08 01:32:49.060 I/ThunderPerfManager( 1526): PerfAcq error : state=true pkgName=com.android.deskclock
01-08 01:32:49.060 V/GameMode_GameTypeUtils( 2387): judge isGame:com.android.deskclock
01-08 01:32:49.061 I/FgBoostPerfService( 2387): [GetGpuMode] isMode=1 isGame=false mGpuMode=1
01-08 01:32:49.061 V/GameMode_GameTypeUtils( 2387): judge isGame:com.android.deskclock
01-08 01:32:49.061 I/FgBoostPerfService( 2387): [GetGpuDpiType] isMode=1 isGame=false mGpuDpiType=0
01-08 01:32:49.061 I/thunderperf( 1526): Current app pkgName=com.android.deskclock bm:com.thundercomm.perf.BoostPerfManager@3df94a1 gpuMode=-1 gpuType=-1
01-08 01:32:49.061 I/ThunderBoostPerfService( 1526): Resolution: Uid=1000 Pid=1526 gMode=-1 dType=-1
01-08 01:32:49.063 I/thunderperf( 1526): PlatormCompat.setOverrides: Uid1=1000 Pid1=1526 Uid2=1000 Pid2=1526
01-08 01:32:49.063 I/thunderperf( 1526): PlatormCompat.setOverrides: needCheck:false
01-08 01:32:49.063 I/thunderperf( 1526): CompatConfig.addOverrideUnsafe: bef-state=0
01-08 01:32:49.063 I/thunderperf( 1526): CompatConfig.addOverrideUnsafe: aft-state=0
01-08 01:32:49.064 I/thunderperf( 1526): CompatConfig.addOverrideUnsafe: bef-state=0
01-08 01:32:49.064 I/thunderperf( 1526): CompatConfig.addOverrideUnsafe: aft-state=0
01-08 01:32:49.065 I/thunderperf( 1526): CompatConfig.addOverrideUnsafe: bef-state=0
01-08 01:32:49.065 I/thunderperf( 1526): CompatConfig.addOverrideUnsafe: aft-state=0
01-08 01:32:49.065 I/thunderperf( 1526): CompatConfig.addOverrideUnsafe: bef-state=0
01-08 01:32:49.065 I/thunderperf( 1526): CompatConfig.addOverrideUnsafe: aft-state=0
01-08 01:32:49.066 I/thunderperf( 1526): CompatConfig.addOverrideUnsafe: bef-state=0
01-08 01:32:49.066 I/thunderperf( 1526): CompatConfig.addOverrideUnsafe: aft-state=0
01-08 01:32:49.066 I/thunderperf( 1526): CompatConfig.addOverrideUnsafe: bef-state=0
01-08 01:32:49.066 I/thunderperf( 1526): CompatConfig.addOverrideUnsafe: aft-state=0
01-08 01:32:49.067 I/thunderperf( 1526): CompatConfig.addOverrideUnsafe: bef-state=0
01-08 01:32:49.067 I/thunderperf( 1526): CompatConfig.addOverrideUnsafe: aft-state=0
01-08 01:32:49.067 I/thunderperf( 1526): CompatConfig.addOverrideUnsafe: bef-state=0
01-08 01:32:49.067 I/thunderperf( 1526): CompatConfig.addOverrideUnsafe: aft-state=0
01-08 01:32:49.067 I/thunderperf( 1526): CompatConfig.addOverrideUnsafe: bef-state=0
01-08 01:32:49.067 I/thunderperf( 1526): CompatConfig.addOverrideUnsafe: aft-state=0
01-08 01:32:49.068 I/thunderperf( 1526): CompatConfig.addOverrideUnsafe: bef-state=0
01-08 01:32:49.068 I/thunderperf( 1526): CompatConfig.addOverrideUnsafe: aft-state=0
01-08 01:32:49.069 I/thunderperf( 1526): CompatConfig.addOverrideUnsafe: bef-state=0
01-08 01:32:49.069 I/thunderperf( 1526): CompatConfig.addOverrideUnsafe: aft-state=0
01-08 01:32:49.069 I/thunderperf( 1526): CompatConfig.addOverrideUnsafe: bef-state=0
01-08 01:32:49.069 I/thunderperf( 1526): CompatConfig.addOverrideUnsafe: aft-state=0
01-08 01:32:49.070 I/thunderperf( 1526): CompatConfig.addOverrideUnsafe: bef-state=0
01-08 01:32:49.070 I/thunderperf( 1526): CompatConfig.addOverrideUnsafe: aft-state=0
01-08 01:32:49.070 I/thunderperf( 1526): CompatConfig.addOverrideUnsafe: bef-state=0
01-08 01:32:49.070 I/thunderperf( 1526): CompatConfig.addOverrideUnsafe: aft-state=0
01-08 01:32:49.074 I/ThunderBoostPerfService( 1526): Disable downscaling com.android.deskclock to 2380x1020
01-08 01:32:49.075 I/ActivityTaskManager( 1526): START u0 {flg=0x10008000 cmp=com.android.deskclock/.DeskClock} from uid 1000
01-08 01:32:49.075 I/EventSequenceValidator( 1526): inc AccIntentStartedEvents to 2
01-08 01:32:49.077 E/ANDR-PERF-JNI( 1526): com_qualcomm_qtiperformance_native_perf_io_prefetch_start
01-08 01:32:49.077 I/wm_task_created( 1526): [18,-1]
01-08 01:32:49.077 W/ActivityTaskManager( 1526): Can't find TaskDisplayArea to determine support for multi window. Task id=18 attached=false
01-08 01:32:49.078 D/FreeFormWindowHelper( 1526): Add freeform task=Task{9a7d1d8 #18 type=standard ?? U=0 visible=false mode=freeform translucent=true sz=0}
01-08 01:32:49.079 E/ANDR-IOP( 833): io prefetch is disabled
01-08 01:32:49.081 I/wm_task_moved( 1526): [18,1,6]
01-08 01:32:49.081 I/wm_task_to_front( 1526): [0,18]
01-08 01:32:49.081 I/wm_create_task( 1526): [0,18]
01-08 01:32:49.081 I/wm_create_activity( 1526): [0,57956657,18,com.android.deskclock/.DeskClock,NULL,NULL,NULL,268468224]
01-08 01:32:49.081 I/wm_task_moved( 1526): [18,1,6]
01-08 01:32:49.081 D/CompatibilityInfo( 1526): mCompatibilityFlags - 4
01-08 01:32:49.081 D/CompatibilityInfo( 1526): applicationDensity - 240
01-08 01:32:49.081 D/CompatibilityInfo( 1526): applicationScale - 1.0
01-08 01:32:49.082 I/ActivityTaskManager( 1526): FOREGROUND_APPLICATION_CHANGED to com.android.deskclock.DeskClock
01-08 01:32:49.082 I/ActivityTaskManager( 1526): The Process com.android.deskclock Already Exists in BG. So sending its PID: 2664
01-08 01:32:49.082 W/ActivityTaskManager( 1526): Tried to set launchTime (0) < mLastActivityLaunchTime (101739)
01-08 01:32:49.082 I/wm_restart_activity( 1526): [0,57956657,18,com.android.deskclock/.DeskClock]
01-08 01:32:49.082 D/CompatibilityInfo( 1526): mCompatibilityFlags - 4
01-08 01:32:49.082 D/CompatibilityInfo( 1526): applicationDensity - 240
01-08 01:32:49.082 D/CompatibilityInfo( 1526): applicationScale - 1.0
01-08 01:32:49.083 I/wm_set_resumed_activity( 1526): [0,com.android.deskclock/.DeskClock,minimalResumeActivityLocked]
01-08 01:32:49.087 I/GameMode_ActivityMonitoringService( 2387): onForegroundActivitiesChanged uid 10066 pid 2664 fg true
01-08 01:32:49.087 W/FreeFormWindowHelper( 1526): Current Display FreeFormTask is Task{9a7d1d8 #18 type=standard A=10066:com.android.deskclock U=0 visible=true mode=freeform translucent=false sz=1}
01-08 01:32:49.090 I/wm_on_top_resumed_lost_called( 2543): [162781513,com.android.launcher3.uioverrides.QuickstepLauncher,topStateChangedWhenResumed]
01-08 01:32:49.091 I/GameMode_ActivityMonitoringService( 2387): Updating top task to: TaskInfoContainer [topActivity=ComponentInfo{com.android.deskclock/com.android.deskclock.DeskClock}, taskId=18, stackId=18, userId=0, displayId=0, position=6
01-08 01:32:49.092 I/GameMode_ActivityMonitoringService( 2387): Notifying about top task: TaskInfoContainer [topActivity=ComponentInfo{com.android.deskclock/com.android.deskclock.DeskClock}, taskId=18, stackId=18, userId=0, displayId=0, position=6
01-08 01:32:49.092 I/GameMode_ActivityMonitoringService( 2387): WindowMode: 5
01-08 01:32:49.105 I/wm_on_create_called( 2664): [57956657,com.android.deskclock.DeskClock,performCreate]
01-08 01:32:49.106 I/wm_on_start_called( 2664): [57956657,com.android.deskclock.DeskClock,handleStartActivity]
01-08 01:32:49.107 I/wm_on_resume_called( 2664): [57956657,com.android.deskclock.DeskClock,RESUME_ACTIVITY]
01-08 01:32:49.109 I/wm_on_top_resumed_gained_called( 2664): [57956657,com.android.deskclock.DeskClock,topStateChangedWhenResumed]
01-08 01:32:49.135 W/WindowManager( 1526): updateScale : 0.7996942
01-08 01:32:49.137 I/input_focus( 1526): [Focus request 6b43384 com.android.deskclock/com.android.deskclock.DeskClock,reason=UpdateInputWindows]
01-08 01:32:49.154 W/WindowManager( 1526): updateScale : 0.7996942
01-08 01:32:49.156 W/WindowManager( 1526): updateScale : 0.7996942
01-08 01:32:49.157 I/sysui_multi_action( 1526): [319,81,322,80,325,106,757,761,758,8,759,2,806,com.android.deskclock,871,com.android.deskclock.DeskClock,904,android,905,0,1320,4,1321,1]
01-08 01:32:49.157 W/WindowManager( 1526): updateScale : 0.7996942
01-08 01:32:49.157 I/wm_activity_launch_time( 1526): [0,57956657,com.android.deskclock/.DeskClock,80]
01-08 01:32:49.158 I/EventSequenceValidator( 1526): dec AccIntentStartedEvents to 1
01-08 01:32:49.158 I/ActivityTaskManager( 1526): Displayed com.android.deskclock/.DeskClock: +80ms
01-08 01:32:49.162 I/input_focus( 1526): [Focus leaving 1bc00b2 com.android.launcher3/com.android.launcher3.uioverrides.QuickstepLauncher (server),reason=setFocusedWindow]
01-08 01:32:49.162 I/input_focus( 1526): [Focus entering 6b43384 com.android.deskclock/com.android.deskclock.DeskClock (server),reason=setFocusedWindow]
01-08 01:32:49.215 I/am_pss ( 1526): [5405,10018,com.android.musicfx,5294080,3854336,0,90099712,0,19,4]
01-08 01:32:49.428 W/WindowManager( 1526): updateScale : 0.7996942
01-08 01:32:49.508 I/OMX-VENC: venc_dev( 1222): stats: avg. fps 25.98, bitrate 3191395
01-08 01:32:49.771 I/mpu_uart( 640): [MSG-P:RECV]:No message received in 1000 ms
01-08 01:32:49.825 I/mpu_uart( 640): [MSG-P:R]:recv sync frame timeout
01-08 01:32:49.963 I/auditd ( 0): type=1400 audit(0.0:646): avc: denied { kill } for comm="swapper/3" capability=5 scontext=u:r:kernel:s0 tcontext=u:r:kernel:s0 tclass=capability permissive=0
01-08 01:32:49.963 W/swapper/3( 0): type=1400 audit(0.0:646): avc: denied { kill } for capability=5 scontext=u:r:kernel:s0 tcontext=u:r:kernel:s0 tclass=capability permissive=0
01-08 01:32:50.009 D/EditModeHelper( 2543): setHotseatVisibility: 8
01-08 01:32:50.010 W/FreeFormWindowHelper( 1526): Current Display FreeFormTask is Task{9a7d1d8 #18 type=standard A=10066:com.android.deskclock U=0 visible=true mode=freeform translucent=false sz=1}
01-08 01:32:50.010 W/FreeFormWindowHelper( 1526): Current Display FreeFormTask is Task{9a7d1d8 #18 type=standard A=10066:com.android.deskclock U=0 visible=true mode=freeform translucent=false sz=1}
01-08 01:32:50.010 W/FreeFormWindowHelper( 1526): Current Display FreeFormTask is Task{9a7d1d8 #18 type=standard A=10066:com.android.deskclock U=0 visible=true mode=freeform translucent=false sz=1}
01-08 01:32:50.010 W/FreeFormWindowHelper( 1526): Current Display FreeFormTask is Task{9a7d1d8 #18 type=standard A=10066:com.android.deskclock U=0 visible=true mode=freeform translucent=false sz=1}
01-08 01:32:50.010 W/FreeFormWindowHelper( 1526): Current Display FreeFormTask is Task{9a7d1d8 #18 type=standard A=10066:com.android.deskclock U=0 visible=true mode=freeform translucent=false sz=1}
01-08 01:32:50.010 W/FreeFormWindowHelper( 1526): Current Display FreeFormTask is Task{9a7d1d8 #18 type=standard A=10066:com.android.deskclock U=0 visible=true mode=freeform translucent=false sz=1}
01-08 01:32:50.010 W/FreeFormWindowHelper( 1526): Current Display FreeFormTask is Task{9a7d1d8 #18 type=standard A=10066:com.android.deskclock U=0 visible=true mode=freeform translucent=false sz=1}
01-08 01:32:50.010 W/FreeFormWindowHelper( 1526): Current Display FreeFormTask is Task{9a7d1d8 #18 type=standard A=10066:com.android.deskclock U=0 visible=true mode=freeform translucent=false sz=1}
01-08 01:32:50.010 D/FreeWindowContainer( 2543): reloadTask: TaskInfo{userId=0 taskId=18 displayId=0 isRunning=true baseIntent=Intent { flg=0x10008000 cmp=com.android.deskclock/.DeskClock } baseActivity=ComponentInfo{com.android.deskclock/com.android.deskclock.DeskClock} topActivity=ComponentInfo{com.android.deskclock/com.android.deskclock.DeskClock} origActivity=null realActivity=ComponentInfo{com.android.deskclock/com.android.deskclock.DeskClock} numActivities=1 lastActiveTime=107114 supportsSplitScreenMultiWindow=true supportsMultiWindow=true resizeMode=1 isResizeable=true token=WCT{android.window.IWindowContainerToken$Stub$Proxy@f4f7dd3} topActivityType=1 pictureInPictureParams=PictureInPictureParams( aspectRatio=null sourceRectHint=null hasSetActions=false isAutoPipEnabled=false isSeamlessResizeEnabled=true) displayCutoutSafeInsets=null topActivityInfo=ActivityInfo{1610d10 com.android.deskclock.DeskClock} launchCookies=[] positionInParent=Point(0, 72) parentTaskId=-1 isFocused=true isVisible=true topActivityInSizeCompat=false locusId= null}
01-08 01:32:50.010 W/FreeFormWindowHelper( 1526): Current Display FreeFormTask is Task{9a7d1d8 #18 type=standard A=10066:com.android.deskclock U=0 visible=true mode=freeform translucent=false sz=1}
01-08 01:32:50.010 W/FreeFormWindowHelper( 1526): Current Display FreeFormTask is Task{9a7d1d8 #18 type=standard A=10066:com.android.deskclock U=0 visible=true mode=freeform translucent=false sz=1}
01-08 01:32:50.010 W/FreeFormWindowHelper( 1526): Current Display FreeFormTask is Task{9a7d1d8 #18 type=standard A=10066:com.android.deskclock U=0 visible=true mode=freeform translucent=false sz=1}
01-08 01:32:50.014 I/InputDispatcher( 1526): Monitor swipe-up (server) is stealing touch from [1bc00b2 com.android.launcher3/com.android.launcher3.uioverrides.QuickstepLauncher (server), fe7e613 com.android.systemui.ImageWallpaper (server), ]
01-08 01:32:50.014 I/view_enqueue_input_event( 2543): [Motion - Cancel,com.android.launcher3/com.android.launcher3.uioverrides.QuickstepLauncher]
01-08 01:32:50.015 W/FreeFormWindowHelper( 1526): Current Display FreeFormTask is Task{9a7d1d8 #18 type=standard A=10066:com.android.deskclock U=0 visible=true mode=freeform translucent=false sz=1}
01-08 01:32:50.016 V/ShadeControllerImpl( 1984): NotificationShadeWindow: com.android.systemui.statusbar.phone.NotificationShadeWindowView{8dd8b58 I.E...... ......ID 0,0-2380,1020} canPanelBeCollapsed(): false
01-08 01:32:50.016 W/FreeFormWindowHelper( 1526): Current Display FreeFormTask is Task{9a7d1d8 #18 type=standard A=10066:com.android.deskclock U=0 visible=true mode=freeform translucent=false sz=1}
01-08 01:32:50.026 I/input_interaction( 1526): Interaction with: edge-swipe (server), swipe-up (server), PointerEventDispatcher0 (server),
01-08 01:32:50.028 W/FreeFormWindowHelper( 1526): Current Display FreeFormTask is Task{9a7d1d8 #18 type=standard A=10066:com.android.deskclock U=0 visible=true mode=freeform translucent=false sz=1}
01-08 01:32:50.033 W/ActivityTaskManager( 1526): getTaskSnapshot: taskId=2010 not found
01-08 01:32:50.033 W/ActivityTaskManager( 1526): getTaskSnapshot: taskId=1010 not found
01-08 01:32:50.044 W/FreeFormWindowHelper( 1526): Current Display FreeFormTask is Task{9a7d1d8 #18 type=standard A=10066:com.android.deskclock U=0 visible=true mode=freeform translucent=false sz=1}
01-08 01:32:50.060 W/FreeFormWindowHelper( 1526): Current Display FreeFormTask is Task{9a7d1d8 #18 type=standard A=10066:com.android.deskclock U=0 visible=true mode=freeform translucent=false sz=1}
01-08 01:32:50.212 I/commit_sys_config_file( 1526): [settings-1-0,1]
01-08 01:32:50.360 D/NoButtonQuickSwitchTouchController( 2543): onMotionPauseDetected:
01-08 01:32:50.361 D/vendor.qti.vibrator( 844): Vibrator perform effect 0
01-08 01:32:50.361 D/vendor.qti.vibrator( 844): Vibrator on for timeoutMs: 10
01-08 01:32:50.361 D/vendor.qti.vibrator( 844): Starting on on another thread
01-08 01:32:50.371 D/vendor.qti.vibrator( 844): Notifying on complete
01-08 01:32:50.371 D/vendor.qti.vibrator( 844): QTI Vibrator off
01-08 01:32:50.390 D/vendor.qti.vibrator( 844): Vibrator on for timeoutMs: 30
01-08 01:32:50.390 D/vendor.qti.vibrator( 844): Starting on on another thread
01-08 01:32:50.420 D/vendor.qti.vibrator( 844): Notifying on complete
01-08 01:32:50.420 D/vendor.qti.vibrator( 844): QTI Vibrator off
01-08 01:32:50.425 D/NoButtonQuickSwitchTouchController( 2543): onDragEnd: noFling=true,isPaused=true,velocity=PointF(5.362512E-4, -0.05954179)
01-08 01:32:50.426 D/EditModeHelper( 2543): setHotseatVisibility: 0
01-08 01:32:50.426 W/FreeFormWindowHelper( 1526): Current Display FreeFormTask is Task{9a7d1d8 #18 type=standard A=10066:com.android.deskclock U=0 visible=true mode=freeform translucent=false sz=1}
01-08 01:32:50.453 W/FreeFormWindowHelper( 1526): Current Display FreeFormTask is Task{9a7d1d8 #18 type=standard A=10066:com.android.deskclock U=0 visible=true mode=freeform translucent=false sz=1}
01-08 01:32:50.453 W/View ( 2543): requestLayout() improperly called by com.android.launcher3.views.NoInsetView{73e83be V.ED..... ......ID 2038,0-2380,1020 #7f09007c app:id/bg_hotseat} during layout: running second layout pass
01-08 01:32:50.468 W/FreeFormWindowHelper( 1526): Current Display FreeFormTask is Task{9a7d1d8 #18 type=standard A=10066:com.android.deskclock U=0 visible=true mode=freeform translucent=false sz=1}
01-08 01:32:50.485 W/FreeFormWindowHelper( 1526): Current Display FreeFormTask is Task{9a7d1d8 #18 type=standard A=10066:com.android.deskclock U=0 visible=true mode=freeform translucent=false sz=1}
01-08 01:32:50.501 W/FreeFormWindowHelper( 1526): Current Display FreeFormTask is Task{9a7d1d8 #18 type=standard A=10066:com.android.deskclock U=0 visible=true mode=freeform translucent=false sz=1}
01-08 01:32:50.511 I/OMX-VENC: venc_dev( 1222): stats: avg. fps 15.95, bitrate 1211052
01-08 01:32:50.518 W/FreeFormWindowHelper( 1526): Current Display FreeFormTask is Task{9a7d1d8 #18 type=standard A=10066:com.android.deskclock U=0 visible=true mode=freeform translucent=false sz=1}
01-08 01:32:50.535 W/FreeFormWindowHelper( 1526): Current Display FreeFormTask is Task{9a7d1d8 #18 type=standard A=10066:com.android.deskclock U=0 visible=true mode=freeform translucent=false sz=1}
01-08 01:32:50.553 W/FreeFormWindowHelper( 1526): Current Display FreeFormTask is Task{9a7d1d8 #18 type=standard A=10066:com.android.deskclock U=0 visible=true mode=freeform translucent=false sz=1}
01-08 01:32:50.570 W/System ( 1526): A resource failed to call close.
01-08 01:32:50.570 W/System ( 1526): A resource failed to call close.
01-08 01:32:50.570 W/System ( 1526): A resource failed to call close.
01-08 01:32:50.570 W/System ( 1526): A resource failed to call close.
01-08 01:32:50.570 W/System ( 1526): A resource failed to call close.
01-08 01:32:50.570 W/System ( 1526): A resource failed to call close.
01-08 01:32:50.570 W/System ( 1526): A resource failed to call close.
01-08 01:32:50.571 W/System ( 1526): A resource failed to call close.
01-08 01:32:50.571 W/System ( 1526): A resource failed to call close.
01-08 01:32:50.571 W/System ( 1526): A resource failed to call close.
