01-08 01:33:04.216 I/GameMode_ActivityMonitoringService( 2387): Notifying about top task: TaskInfoContainer [topActivity=ComponentInfo{com.android.launcher3/com.android.launcher3.uioverrides.QuickstepLauncher}, taskId=8, stackId=1, userId=0, displayId=0, position=7
01-08 01:33:04.216 I/GameMode_ActivityMonitoringService( 2387): WindowMode: 1
01-08 01:33:04.216 E/GameMode_ActivityMonitoringService( 2387): onActivityLaunch:com.android.launcher3
01-08 01:33:04.216 V/GameMode_GameTypeUtils( 2387): judge isGame:com.android.launcher3
01-08 01:33:04.216 V/GameMode_GpuUtils( 2387): fps:60
01-08 01:33:04.217 D/GameMode_GameModeActionUtils( 2387): Show GameMode entry by service!
01-08 01:33:04.217 W/ContextImpl( 2387): Calling a method in the system process without a qualified user: android.app.ContextImpl.startService:1816 android.content.ContextWrapper.startService:774 com.thundercomm.gamemode.ingame.services.GameModeActionUtils.startGameModeService:111 com.thundercomm.gamemode.ingame.services.GameModeActionUtils.startGameModeEntry:22 com.thundercomm.gamemode.ingame.services.ActivityMonitoringService$1.onActivityLaunch:129
01-08 01:33:04.217 D/GameModeIF_GameModeSettings( 2387): getUriFor setting_content_uri_root = content://com.thundercomm.gamemode.api/gamemode_settings , name = gamemode_isgaming
01-08 01:33:04.218 D/GameMode_GameModeService( 2387): type=hide_entry
01-08 01:33:04.218 I/GameModeConfig( 1526): Current uri is uri = content://com.thundercomm.gamemode.api/gamemode_settings/gamemode_isgaming
01-08 01:33:04.218 D/GameModeIF_GameModeSettings( 1526): getUriFor setting_content_uri_root = content://com.thundercomm.gamemode.api/gamemode_settings , name = gamemode_isgaming
01-08 01:33:04.218 D/GameMode_GameSettingsObserver( 2387): Game Data change!!!! uri = content://com.thundercomm.gamemode.api/gamemode_settings/gamemode_isgaming
01-08 01:33:04.218 D/GameModeIF_GameModeSettings( 2387): getUriFor setting_content_uri_root = content://com.thundercomm.gamemode.api/gamemode_settings , name = gamemode_isgaming
01-08 01:33:04.218 D/GameModeIF_GameModeSettings( 2387): gamemode_isgaming set to 0
01-08 01:33:04.219 I/GameModeConfig( 1526): isGameModeOn = true
01-08 01:33:04.219 I/GameModeConfig( 1526): isGaming = false
01-08 01:33:04.219 I/GameModeConfig( 1526): isGameModeOn = true
01-08 01:33:04.219 I/GameModeConfig( 1526): isGaming = false
01-08 01:33:04.219 I/GameModeConfig( 1526): isDisableVoice = true
01-08 01:33:04.219 D/GameMode_GameModeService( 2387): updateGlobalSettings = gamemode_isgaming
01-08 01:33:04.223 I/view_enqueue_input_event( 2543): [Motion - Cancel,com.android.launcher3/com.android.launcher3.uioverrides.QuickstepLauncher]
01-08 01:33:04.225 I/input_interaction( 1526): Interaction with: edge-swipe (server), swipe-up (server), PointerEventDispatcher0 (server),
01-08 01:33:04.229 W/FreeFormWindowHelper( 1526): Current Display FreeFormTask is Task{dc32db5 #22 type=standard A=10064:android.task.calendar U=0 visible=false mode=freeform translucent=true sz=1}
01-08 01:33:04.246 W/FreeFormWindowHelper( 1526): Current Display FreeFormTask is Task{dc32db5 #22 type=standard A=10064:android.task.calendar U=0 visible=false mode=freeform translucent=true sz=1}
01-08 01:33:04.262 W/FreeFormWindowHelper( 1526): Current Display FreeFormTask is Task{dc32db5 #22 type=standard A=10064:android.task.calendar U=0 visible=false mode=freeform translucent=true sz=1}
01-08 01:33:04.279 W/FreeFormWindowHelper( 1526): Current Display FreeFormTask is Task{dc32db5 #22 type=standard A=10064:android.task.calendar U=0 visible=false mode=freeform translucent=true sz=1}
01-08 01:33:04.296 W/FreeFormWindowHelper( 1526): Current Display FreeFormTask is Task{dc32db5 #22 type=standard A=10064:android.task.calendar U=0 visible=false mode=freeform translucent=true sz=1}
01-08 01:33:04.326 I/commit_sys_config_file( 1526): [settings-1-0,1]
01-08 01:33:04.413 I/wm_task_removed( 1526): [22,removeChild:removeChild last r=ActivityRecord{305cc4a u0 com.android.calendar/.AllInOneActivity t-1 f}} in t=Task{dc32db5 #22 type=standard A=10064:android.task.calendar U=0 visible=false mode=freeform translucent=true sz=0}]
01-08 01:33:04.413 I/wm_task_removed( 1526): [22,removeChild]
01-08 01:33:04.413 D/FreeFormWindowHelper( 1526): Remove freefrom task=Task{dc32db5 #22 type=standard A=10064:android.task.calendar U=0 visible=false mode=freeform translucent=true sz=0}
01-08 01:33:04.559 I/OMX-VENC: venc_dev( 1222): stats: avg. fps 59.69, bitrate 11372094
01-08 01:33:04.627 D/EditModeHelper( 2543): setHotseatVisibility: 0
01-08 01:33:04.630 D/FreeWindowHelper( 2543): enterOrExitRecentTasks: isEnterRecentTasks=false,mExitFlag=0
01-08 01:33:04.630 W/FreeFormWindowHelper( 1526): exitRecentTasks type=0
01-08 01:33:04.630 W/ContextImpl( 1526): Calling a method in the system process without a qualified user: android.app.ContextImpl.startActivity:1067 com.android.server.wm.FreeFormWindowHelper.exitRecentTasks:503 com.android.server.wm.ActivityTaskManagerService.exitRecentTasks:3819 android.app.IActivityTaskManager$Stub.onTransact:2307 com.android.server.wm.ActivityTaskManagerService.onTransact:5070
01-08 01:33:04.630 I/thunderperf( 1526): Maybe need boostperf for current app!
01-08 01:33:04.631 D/FgBoostPerfService( 2387): [FgBoostPerfService.perfBoostAcq]start: stat=true pkgName=com.android.calendar
01-08 01:33:04.631 V/GameMode_GameTypeUtils( 2387): judge isGame:com.android.calendar
01-08 01:33:04.631 I/FgBoostPerfService( 2387): [FgBoostPerfService.perfBoostAcq] not game-mode or game app!
01-08 01:33:04.631 I/ThunderPerfManager( 1526): PerfAcq error : state=true pkgName=com.android.calendar
01-08 01:33:04.631 V/GameMode_GameTypeUtils( 2387): judge isGame:com.android.calendar
01-08 01:33:04.631 I/FgBoostPerfService( 2387): [GetGpuMode] isMode=1 isGame=false mGpuMode=1
01-08 01:33:04.631 V/GameMode_GameTypeUtils( 2387): judge isGame:com.android.calendar
01-08 01:33:04.632 I/FgBoostPerfService( 2387): [GetGpuDpiType] isMode=1 isGame=false mGpuDpiType=0
01-08 01:33:04.632 I/thunderperf( 1526): Current app pkgName=com.android.calendar bm:com.thundercomm.perf.BoostPerfManager@3df94a1 gpuMode=-1 gpuType=-1
01-08 01:33:04.632 I/ThunderBoostPerfService( 1526): Resolution: Uid=1000 Pid=1526 gMode=-1 dType=-1
01-08 01:33:04.633 I/thunderperf( 1526): PlatormCompat.setOverrides: Uid1=1000 Pid1=1526 Uid2=1000 Pid2=1526
01-08 01:33:04.633 I/thunderperf( 1526): PlatormCompat.setOverrides: needCheck:false
01-08 01:33:04.633 I/thunderperf( 1526): CompatConfig.addOverrideUnsafe: bef-state=0
01-08 01:33:04.633 I/thunderperf( 1526): CompatConfig.addOverrideUnsafe: aft-state=0
01-08 01:33:04.634 I/thunderperf( 1526): CompatConfig.addOverrideUnsafe: bef-state=0
01-08 01:33:04.634 I/thunderperf( 1526): CompatConfig.addOverrideUnsafe: aft-state=0
01-08 01:33:04.634 I/thunderperf( 1526): CompatConfig.addOverrideUnsafe: bef-state=0
01-08 01:33:04.634 I/thunderperf( 1526): CompatConfig.addOverrideUnsafe: aft-state=0
01-08 01:33:04.635 I/thunderperf( 1526): CompatConfig.addOverrideUnsafe: bef-state=0
01-08 01:33:04.635 I/thunderperf( 1526): CompatConfig.addOverrideUnsafe: aft-state=0
01-08 01:33:04.635 I/thunderperf( 1526): CompatConfig.addOverrideUnsafe: bef-state=0
01-08 01:33:04.635 I/thunderperf( 1526): CompatConfig.addOverrideUnsafe: aft-state=0
01-08 01:33:04.636 I/thunderperf( 1526): CompatConfig.addOverrideUnsafe: bef-state=0
01-08 01:33:04.636 I/thunderperf( 1526): CompatConfig.addOverrideUnsafe: aft-state=0
01-08 01:33:04.636 I/thunderperf( 1526): CompatConfig.addOverrideUnsafe: bef-state=0
01-08 01:33:04.636 I/thunderperf( 1526): CompatConfig.addOverrideUnsafe: aft-state=0
01-08 01:33:04.637 I/thunderperf( 1526): CompatConfig.addOverrideUnsafe: bef-state=0
01-08 01:33:04.637 I/thunderperf( 1526): CompatConfig.addOverrideUnsafe: aft-state=0
01-08 01:33:04.637 I/thunderperf( 1526): CompatConfig.addOverrideUnsafe: bef-state=0
01-08 01:33:04.637 I/thunderperf( 1526): CompatConfig.addOverrideUnsafe: aft-state=0
01-08 01:33:04.637 I/thunderperf( 1526): CompatConfig.addOverrideUnsafe: bef-state=0
01-08 01:33:04.637 I/thunderperf( 1526): CompatConfig.addOverrideUnsafe: aft-state=0
01-08 01:33:04.638 I/thunderperf( 1526): CompatConfig.addOverrideUnsafe: bef-state=0
01-08 01:33:04.638 I/thunderperf( 1526): CompatConfig.addOverrideUnsafe: aft-state=0
01-08 01:33:04.638 I/thunderperf( 1526): CompatConfig.addOverrideUnsafe: bef-state=0
01-08 01:33:04.638 I/thunderperf( 1526): CompatConfig.addOverrideUnsafe: aft-state=0
01-08 01:33:04.639 I/thunderperf( 1526): CompatConfig.addOverrideUnsafe: bef-state=0
01-08 01:33:04.639 I/thunderperf( 1526): CompatConfig.addOverrideUnsafe: aft-state=0
01-08 01:33:04.639 I/thunderperf( 1526): CompatConfig.addOverrideUnsafe: bef-state=0
01-08 01:33:04.639 I/thunderperf( 1526): CompatConfig.addOverrideUnsafe: aft-state=0
01-08 01:33:04.642 I/ThunderBoostPerfService( 1526): Disable downscaling com.android.calendar to 2380x1020
01-08 01:33:04.642 I/ActivityTaskManager( 1526): START u0 {flg=0x10008000 cmp=com.android.calendar/.AllInOneActivity} from uid 1000
01-08 01:33:04.643 I/EventSequenceValidator( 1526): inc AccIntentStartedEvents to 2
01-08 01:33:04.645 E/ANDR-PERF-JNI( 1526): com_qualcomm_qtiperformance_native_perf_io_prefetch_start
01-08 01:33:04.645 I/wm_task_created( 1526): [23,-1]
01-08 01:33:04.645 W/ActivityTaskManager( 1526): Can't find TaskDisplayArea to determine support for multi window. Task id=23 attached=false
01-08 01:33:04.646 D/FreeFormWindowHelper( 1526): Add freeform task=Task{1ed2a10 #23 type=standard ?? U=0 visible=false mode=freeform translucent=true sz=0}
01-08 01:33:04.648 I/wm_task_moved( 1526): [23,1,7]
01-08 01:33:04.648 I/wm_task_to_front( 1526): [0,23]
01-08 01:33:04.648 I/wm_create_task( 1526): [0,23]
01-08 01:33:04.648 I/wm_create_activity( 1526): [0,220985609,23,com.android.calendar/.AllInOneActivity,NULL,NULL,NULL,268468224]
01-08 01:33:04.648 I/wm_task_moved( 1526): [23,1,7]
01-08 01:33:04.648 I/service_manager_stats( 1526): [100,32,20027]
01-08 01:33:04.648 D/CompatibilityInfo( 1526): mCompatibilityFlags - 4
01-08 01:33:04.648 D/CompatibilityInfo( 1526): applicationDensity - 240
01-08 01:33:04.648 D/CompatibilityInfo( 1526): applicationScale - 1.0
01-08 01:33:04.649 I/ActivityTaskManager( 1526): FOREGROUND_APPLICATION_CHANGED to com.android.calendar.AllInOneActivity
01-08 01:33:04.649 I/ActivityTaskManager( 1526): The Process com.android.calendar Already Exists in BG. So sending its PID: 3528
01-08 01:33:04.649 W/ActivityTaskManager( 1526): Tried to set launchTime (0) < mLastActivityLaunchTime (119685)
01-08 01:33:04.649 E/ANDR-IOP( 833): io prefetch is disabled
01-08 01:33:04.650 I/wm_restart_activity( 1526): [0,220985609,23,com.android.calendar/.AllInOneActivity]
01-08 01:33:04.650 D/CompatibilityInfo( 1526): mCompatibilityFlags - 4
01-08 01:33:04.650 D/CompatibilityInfo( 1526): applicationDensity - 240
01-08 01:33:04.650 D/CompatibilityInfo( 1526): applicationScale - 1.0
01-08 01:33:04.650 I/wm_set_resumed_activity( 1526): [0,com.android.calendar/.AllInOneActivity,minimalResumeActivityLocked]
01-08 01:33:04.653 I/GameMode_ActivityMonitoringService( 2387): onForegroundActivitiesChanged uid 10064 pid 3528 fg true
01-08 01:33:04.655 I/wm_on_top_resumed_lost_called( 2543): [162781513,com.android.launcher3.uioverrides.QuickstepLauncher,topStateChangedWhenResumed]
01-08 01:33:04.655 V/ShadeControllerImpl( 1984): NotificationShadeWindow: com.android.systemui.statusbar.phone.NotificationShadeWindowView{8dd8b58 I.E...... ......ID 0,0-2380,1020} canPanelBeCollapsed(): false
01-08 01:33:04.658 I/GameMode_ActivityMonitoringService( 2387): Updating top task to: TaskInfoContainer [topActivity=ComponentInfo{com.android.calendar/com.android.calendar.AllInOneActivity}, taskId=23, stackId=23, userId=0, displayId=0, position=7
01-08 01:33:04.658 I/GameMode_ActivityMonitoringService( 2387): Notifying about top task: TaskInfoContainer [topActivity=ComponentInfo{com.android.calendar/com.android.calendar.AllInOneActivity}, taskId=23, stackId=23, userId=0, displayId=0, position=7
01-08 01:33:04.658 I/GameMode_ActivityMonitoringService( 2387): WindowMode: 5
01-08 01:33:04.663 I/wm_on_create_called( 3528): [220985609,com.android.calendar.AllInOneActivity,performCreate]
01-08 01:33:04.668 I/wm_on_start_called( 3528): [220985609,com.android.calendar.AllInOneActivity,handleStartActivity]
01-08 01:33:04.669 I/wm_on_resume_called( 3528): [220985609,com.android.calendar.AllInOneActivity,RESUME_ACTIVITY]
01-08 01:33:04.671 I/wm_on_top_resumed_gained_called( 3528): [220985609,com.android.calendar.AllInOneActivity,topStateChangedWhenResumed]
01-08 01:33:04.672 D/AccountManagerService( 1526): bind attempt failed for Session: expectLaunch true, connected false, stats (0/0/0), lifetime 0.0, addAccount, accountType com.google, requiredFeatures null
01-08 01:33:04.683 W/WindowManager( 1526): updateScale : 0.7996942
01-08 01:33:04.685 I/input_focus( 1526): [Focus request 7f7d9e6 com.android.calendar/com.android.calendar.AllInOneActivity,reason=UpdateInputWindows]
01-08 01:33:04.690 W/WindowManager( 1526): updateScale : 0.7996942
01-08 01:33:04.693 W/WindowManager( 1526): updateScale : 0.7996942
01-08 01:33:04.693 I/sysui_multi_action( 1526): [319,50,322,50,325,121,757,761,758,8,759,2,806,com.android.calendar,871,com.android.calendar.AllInOneActivity,904,android,905,0,1320,4,1321,1]
01-08 01:33:04.694 I/wm_activity_launch_time( 1526): [0,220985609,com.android.calendar/.AllInOneActivity,50]
01-08 01:33:04.694 I/ActivityTaskManager( 1526): Displayed com.android.calendar/.AllInOneActivity: +50ms
01-08 01:33:04.694 W/WindowManager( 1526): updateScale : 0.7996942
01-08 01:33:04.695 I/EventSequenceValidator( 1526): dec AccIntentStartedEvents to 1
01-08 01:33:04.698 I/input_focus( 1526): [Focus leaving 1bc00b2 com.android.launcher3/com.android.launcher3.uioverrides.QuickstepLauncher (server),reason=setFocusedWindow]
01-08 01:33:04.698 I/input_focus( 1526): [Focus entering 7f7d9e6 com.android.calendar/com.android.calendar.AllInOneActivity (server),reason=setFocusedWindow]
01-08 01:33:04.776 I/mpu_uart( 640): [MSG-P:RECV]:No message received in 1000 ms
01-08 01:33:04.842 I/mpu_uart( 640): [MSG-P:R]:recv sync frame timeout
01-08 01:33:04.965 W/WindowManager( 1526): updateScale : 0.7996942
01-08 01:33:04.963 I/auditd ( 0): type=1400 audit(0.0:660): avc: denied { kill } for comm="swapper/3" capability=5 scontext=u:r:kernel:s0 tcontext=u:r:kernel:s0 tclass=capability permissive=0
01-08 01:33:04.963 W/swapper/3( 0): type=1400 audit(0.0:660): avc: denied { kill } for capability=5 scontext=u:r:kernel:s0 tcontext=u:r:kernel:s0 tclass=capability permissive=0
01-08 01:33:05.029 D/StateManager( 2543): goToState: Normal
01-08 01:33:05.029 D/FreeWindowHelper( 2543): enterOrExitRecentTasks: isEnterRecentTasks=false,mExitFlag=0
01-08 01:33:05.029 W/FreeFormWindowHelper( 1526): exitRecentTasks type=0
01-08 01:33:05.029 D/EditModeHelper( 2543): setHotseatVisibility: 0
01-08 01:33:05.031 W/OrientationEventListener( 2543): Cannot detect sensors. Invalid disable
01-08 01:33:05.031 W/FreeFormWindowHelper( 1526): Current Display FreeFormTask is Task{1ed2a10 #23 type=standard A=10064:android.task.calendar U=0 visible=true mode=freeform translucent=false sz=1}
01-08 01:33:05.093 I/ntp_failure( 1526): [time.android.com/216.239.35.12,java.net.SocketTimeoutException: Poll timed out]
01-08 01:33:05.093 D/SntpClient( 1526): request time failed: java.net.SocketTimeoutException: Poll timed out
01-08 01:33:05.494 I/input_interaction( 1526): Interaction with: 1bc00b2 com.android.launcher3/com.android.launcher3.uioverrides.QuickstepLauncher (server), fe7e613 com.android.systemui.ImageWallpaper (server), edge-swipe (server), swipe-up (server), PointerEventDispatcher0 (server),
01-08 01:33:05.563 D/EditModeHelper( 2543): setHotseatVisibility: 8
01-08 01:33:05.564 W/FreeFormWindowHelper( 1526): Current Display FreeFormTask is Task{1ed2a10 #23 type=standard A=10064:android.task.calendar U=0 visible=true mode=freeform translucent=false sz=1}
01-08 01:33:05.564 W/FreeFormWindowHelper( 1526): Current Display FreeFormTask is Task{1ed2a10 #23 type=standard A=10064:android.task.calendar U=0 visible=true mode=freeform translucent=false sz=1}
01-08 01:33:05.564 W/FreeFormWindowHelper( 1526): Current Display FreeFormTask is Task{1ed2a10 #23 type=standard A=10064:android.task.calendar U=0 visible=true mode=freeform translucent=false sz=1}
01-08 01:33:05.564 W/FreeFormWindowHelper( 1526): Current Display FreeFormTask is Task{1ed2a10 #23 type=standard A=10064:android.task.calendar U=0 visible=true mode=freeform translucent=false sz=1}
01-08 01:33:05.564 W/FreeFormWindowHelper( 1526): Current Display FreeFormTask is Task{1ed2a10 #23 type=standard A=10064:android.task.calendar U=0 visible=true mode=freeform translucent=false sz=1}
01-08 01:33:05.564 W/FreeFormWindowHelper( 1526): Current Display FreeFormTask is Task{1ed2a10 #23 type=standard A=10064:android.task.calendar U=0 visible=true mode=freeform translucent=false sz=1}
01-08 01:33:05.564 W/FreeFormWindowHelper( 1526): Current Display FreeFormTask is Task{1ed2a10 #23 type=standard A=10064:android.task.calendar U=0 visible=true mode=freeform translucent=false sz=1}
01-08 01:33:05.564 D/FreeWindowContainer( 2543): reloadTask: TaskInfo{userId=0 taskId=23 displayId=0 isRunning=true baseIntent=Intent { flg=0x10008000 cmp=com.android.calendar/.AllInOneActivity } baseActivity=ComponentInfo{com.android.calendar/com.android.calendar.AllInOneActivity} topActivity=ComponentInfo{com.android.calendar/com.android.calendar.AllInOneActivity} origActivity=null realActivity=ComponentInfo{com.android.calendar/com.android.calendar.AllInOneActivity} numActivities=1 lastActiveTime=122675 supportsSplitScreenMultiWindow=true supportsMultiWindow=true resizeMode=1 isResizeable=true token=WCT{android.window.IWindowContainerToken$Stub$Proxy@f96f5d1} topActivityType=1 pictureInPictureParams=PictureInPictureParams( aspectRatio=null sourceRectHint=null hasSetActions=false isAutoPipEnabled=false isSeamlessResizeEnabled=true) displayCutoutSafeInsets=null topActivityInfo=ActivityInfo{2d28836 com.android.calendar.AllInOneActivity} launchCookies=[] positionInParent=Point(0, 72) parentTaskId=-1 isFocused=true isVisible=true topActivityInSizeCompat=false locusId= null}
01-08 01:33:05.564 W/FreeFormWindowHelper( 1526): Current Display FreeFormTask is Task{1ed2a10 #23 type=standard A=10064:android.task.calendar U=0 visible=true mode=freeform translucent=false sz=1}
01-08 01:33:05.564 W/FreeFormWindowHelper( 1526): Current Display FreeFormTask is Task{1ed2a10 #23 type=standard A=10064:android.task.calendar U=0 visible=true mode=freeform translucent=false sz=1}
01-08 01:33:05.564 W/FreeFormWindowHelper( 1526): Current Display FreeFormTask is Task{1ed2a10 #23 type=standard A=10064:android.task.calendar U=0 visible=true mode=freeform translucent=false sz=1}
01-08 01:33:05.564 W/FreeFormWindowHelper( 1526): Current Display FreeFormTask is Task{1ed2a10 #23 type=standard A=10064:android.task.calendar U=0 visible=true mode=freeform translucent=false sz=1}
01-08 01:33:05.568 I/InputDispatcher( 1526): Monitor swipe-up (server) is stealing touch from [1bc00b2 com.android.launcher3/com.android.launcher3.uioverrides.QuickstepLauncher (server), fe7e613 com.android.systemui.ImageWallpaper (server), ]
01-08 01:33:05.568 I/view_enqueue_input_event( 2543): [Motion - Cancel,com.android.launcher3/com.android.launcher3.uioverrides.QuickstepLauncher]
01-08 01:33:05.569 W/FreeFormWindowHelper( 1526): Current Display FreeFormTask is Task{1ed2a10 #23 type=standard A=10064:android.task.calendar U=0 visible=true mode=freeform translucent=false sz=1}
01-08 01:33:05.569 V/ShadeControllerImpl( 1984): NotificationShadeWindow: com.android.systemui.statusbar.phone.NotificationShadeWindowView{8dd8b58 I.E...... ......ID 0,0-2380,1020} canPanelBeCollapsed(): false
01-08 01:33:05.570 W/FreeFormWindowHelper( 1526): Current Display FreeFormTask is Task{1ed2a10 #23 type=standard A=10064:android.task.calendar U=0 visible=true mode=freeform translucent=false sz=1}
01-08 01:33:05.571 D/BaseIconFactory( 2543): normalizeAndWrapToAdaptiveIcon: scale=0.8095241
01-08 01:33:05.574 I/input_interaction( 1526): Interaction with: edge-swipe (server), swipe-up (server), PointerEventDispatcher0 (server),
01-08 01:33:05.580 W/FreeFormWindowHelper( 1526): Current Display FreeFormTask is Task{1ed2a10 #23 type=standard A=10064:android.task.calendar U=0 visible=true mode=freeform translucent=false sz=1}
01-08 01:33:05.585 W/ActivityTaskManager( 1526): getTaskSnapshot: taskId=2016 not found
01-08 01:33:05.585 W/ActivityTaskManager( 1526): getTaskSnapshot: taskId=1016 not found
01-08 01:33:05.597 W/FreeFormWindowHelper( 1526): Current Display FreeFormTask is Task{1ed2a10 #23 type=standard A=10064:android.task.calendar U=0 visible=true mode=freeform translucent=false sz=1}
01-08 01:33:05.597 I/OMX-VENC: venc_dev( 1222): stats: avg. fps 33.72, bitrate 3166897
01-08 01:33:05.613 W/FreeFormWindowHelper( 1526): Current Display FreeFormTask is Task{1ed2a10 #23 type=standard A=10064:android.task.calendar U=0 visible=true mode=freeform translucent=false sz=1}
01-08 01:33:05.765 I/commit_sys_config_file( 1526): [settings-1-0,1]
01-08 01:33:05.776 I/mpu_uart( 640): [MSG-P:RECV]:No message received in 1000 ms
01-08 01:33:05.914 D/NoButtonQuickSwitchTouchController( 2543): onMotionPauseDetected:
01-08 01:33:05.914 D/vendor.qti.vibrator( 844): Vibrator perform effect 0
01-08 01:33:05.915 D/vendor.qti.vibrator( 844): Vibrator on for timeoutMs: 10
01-08 01:33:05.915 D/vendor.qti.vibrator( 844): Starting on on another thread
01-08 01:33:05.925 D/vendor.qti.vibrator( 844): Notifying on complete
01-08 01:33:05.925 D/vendor.qti.vibrator( 844): QTI Vibrator off
01-08 01:33:05.945 D/vendor.qti.vibrator( 844): Vibrator on for timeoutMs: 30
01-08 01:33:05.945 D/vendor.qti.vibrator( 844): Starting on on another thread
01-08 01:33:05.963 I/auditd ( 0): type=1400 audit(0.0:661): avc: denied { kill } for comm="swapper/3" capability=5 scontext=u:r:kernel:s0 tcontext=u:r:kernel:s0 tclass=capability permissive=0
01-08 01:33:05.963 W/swapper/3( 0): type=1400 audit(0.0:661): avc: denied { kill } for capability=5 scontext=u:r:kernel:s0 tcontext=u:r:kernel:s0 tclass=capability permissive=0
01-08 01:33:05.975 D/vendor.qti.vibrator( 844): Notifying on complete
01-08 01:33:05.975 D/vendor.qti.vibrator( 844): QTI Vibrator off
01-08 01:33:05.987 D/NoButtonQuickSwitchTouchController( 2543): onDragEnd: noFling=true,isPaused=true,velocity=PointF(-0.03254392, 0.0925952)
01-08 01:33:05.987 D/EditModeHelper( 2543): setHotseatVisibility: 0
01-08 01:33:05.988 W/FreeFormWindowHelper( 1526): Current Display FreeFormTask is Task{1ed2a10 #23 type=standard A=10064:android.task.calendar U=0 visible=true mode=freeform translucent=false sz=1}
01-08 01:33:06.015 W/FreeFormWindowHelper( 1526): Current Display FreeFormTask is Task{1ed2a10 #23 type=standard A=10064:android.task.calendar U=0 visible=true mode=freeform translucent=false sz=1}
01-08 01:33:06.015 W/View ( 2543): requestLayout() improperly called by com.android.launcher3.views.NoInsetView{73e83be V.ED..... ......ID 2038,0-2380,1020 #7f09007c app:id/bg_hotseat} during layout: running second layout pass
01-08 01:33:06.027 I/OpenGLRenderer( 2543): Davey! duration=9223371913741ms; Flags=0, FrameTimelineVsyncId=6102, IntendedVsync=123113133125, Vsync=123113133125, InputEventId=0, HandleInputStart=123122017243, AnimationStart=123122018336, PerformTraversalsStart=123130602920, DrawStart=123131264326, FrameDeadline=123134466457, FrameInterval=123122014222, FrameStartTime=16666666, SyncQueued=123131653180, SyncStart=123131679951, IssueDrawCommandsStart=123131779014, SwapBuffers=123132506097, FrameCompleted=9223372036854775807, DequeueBufferDuration=11406, QueueBufferDuration=272604, GpuCompleted=9223372036854775807, SwapBuffersCompleted=123133009743, DisplayPresentTime=0,
01-08 01:33:06.041 W/FreeFormWindowHelper( 1526): Current Display FreeFormTask is Task{1ed2a10 #23 type=standard A=10064:android.task.calendar U=0 visible=true mode=freeform translucent=false sz=1}
01-08 01:33:06.056 W/FreeFormWindowHelper( 1526): Current Display FreeFormTask is Task{1ed2a10 #23 type=standard A=10064:android.task.calendar U=0 visible=true mode=freeform translucent=false sz=1}
01-08 01:33:06.075 W/FreeFormWindowHelper( 1526): Current Display FreeFormTask is Task{1ed2a10 #23 type=standard A=10064:android.task.calendar U=0 visible=true mode=freeform translucent=false sz=1}
01-08 01:33:06.092 W/System ( 1526): A resource failed to call close.
01-08 01:33:06.092 W/System ( 1526): A resource failed to call close.
01-08 01:33:06.092 W/System ( 1526): A resource failed to call close.
01-08 01:33:06.093 W/System ( 1526): A resource failed to call close.
01-08 01:33:06.093 W/System ( 1526): A resource failed to call close.
01-08 01:33:06.093 W/System ( 1526): A resource failed to call close.
01-08 01:33:06.093 W/System ( 1526): A resource failed to call close.
01-08 01:33:06.095 W/FreeFormWindowHelper( 1526): Current Display FreeFormTask is Task{1ed2a10 #23 type=standard A=10064:android.task.calendar U=0 visible=true mode=freeform translucent=false sz=1}
01-08 01:33:06.106 W/FreeFormWindowHelper( 1526): Current Display FreeFormTask is Task{1ed2a10 #23 type=standard A=10064:android.task.calendar U=0 visible=true mode=freeform translucent=false sz=1}
01-08 01:33:06.122 W/FreeFormWindowHelper( 1526): Current Display FreeFormTask is Task{1ed2a10 #23 type=standard A=10064:android.task.calendar U=0 visible=true mode=freeform translucent=false sz=1}
01-08 01:33:06.139 W/FreeFormWindowHelper( 1526): Current Display FreeFormTask is Task{1ed2a10 #23 type=standard A=10064:android.task.calendar U=0 visible=true mode=freeform translucent=false sz=1}
01-08 01:33:06.156 W/FreeFormWindowHelper( 1526): Current Display FreeFormTask is Task{1ed2a10 #23 type=standard A=10064:android.task.calendar U=0 visible=true mode=freeform translucent=false sz=1}
01-08 01:33:06.173 W/FreeFormWindowHelper( 1526): Current Display FreeFormTask is Task{1ed2a10 #23 type=standard A=10064:android.task.calendar U=0 visible=true mode=freeform translucent=false sz=1}
01-08 01:33:06.190 I/commit_sys_config_file( 1526): [settings-1-0,1]
01-08 01:33:06.190 W/FreeFormWindowHelper( 1526): Current Display FreeFormTask is Task{1ed2a10 #23 type=standard A=10064:android.task.calendar U=0 visible=true mode=freeform translucent=false sz=1}
01-08 01:33:06.206 W/FreeFormWindowHelper( 1526): Current Display FreeFormTask is Task{1ed2a10 #23 type=standard A=10064:android.task.calendar U=0 visible=true mode=freeform translucent=false sz=1}
01-08 01:33:06.223 W/FreeFormWindowHelper( 1526): Current Display FreeFormTask is Task{1ed2a10 #23 type=standard A=10064:android.task.calendar U=0 visible=true mode=freeform translucent=false sz=1}
01-08 01:33:06.239 W/FreeFormWindowHelper( 1526): Current Display FreeFormTask is Task{1ed2a10 #23 type=standard A=10064:android.task.calendar U=0 visible=true mode=freeform translucent=false sz=1}
01-08 01:33:06.250 I/hpplay-java( 2713): [main]:ServerTaskManager:restart by error
01-08 01:33:06.250 I/hpplay-java( 2713): [main]:ServerTaskManager:startServer
01-08 01:33:06.250 I/hpplay-java( 2713): [main]:ServerTaskManager:startServer add, reason: server is starting or running
01-08 01:33:06.250 I/hpplay-java( 2713): [main]:ServerTaskManager:addStopTask
01-08 01:33:06.250 I/hpplay-java( 2713): [main]:ServerTaskManager:addStartTask
01-08 01:33:06.250 I/hpplay-java( 2713): [main]:ServerTaskManager:exeTask stopServer
01-08 01:33:06.250 I/hpplay-java( 2713): [main]:Bridge:stopServer keepPush: false
01-08 01:33:06.250 D/hpplay-base( 2713): [jniBridge:909] Bridge__1stopServer status:2
01-08 01:33:06.250 D/hpplay-base( 2713): [LelinkBase:654] stopAllServer will start thread!
01-08 01:33:06.250 D/hpplay-base( 2713): [AEventUtils:588] handle AEvent thread end!!,tid is 5902
01-08 01:33:06.250 D/hpplay-base( 2713): [REventUtils:197] handleREventThread thread end!!,tid is 5903
01-08 01:33:06.250 I/hpplay-base( 2713): [mDNSEmbeded:65] embedded_mDNSExit call
01-08 01:33:06.256 W/FreeFormWindowHelper( 1526): Current Display FreeFormTask is Task{1ed2a10 #23 type=standard A=10064:android.task.calendar U=0 visible=true mode=freeform translucent=false sz=1}
01-08 01:33:06.273 W/FreeFormWindowHelper( 1526): Current Display FreeFormTask is Task{1ed2a10 #23 type=standard A=10064:android.task.calendar U=0 visible=true mode=freeform translucent=false sz=1}
01-08 01:33:06.290 W/FreeFormWindowHelper( 1526): Current Display FreeFormTask is Task{1ed2a10 #23 type=standard A=10064:android.task.calendar U=0 visible=true mode=freeform translucent=false sz=1}
01-08 01:33:06.300 D/hpplay-base( 2713): [stream_mirror_compat:1284] mirror stream begin to exit,server fd:98,thread_id:3138851264!!
01-08 01:33:06.300 D/hpplay-base( 2713): [stream_mirror_compat:1323] ##screen stream exit successfully!!##
01-08 01:33:06.303 D/hpplay-base( 2713): [Server:447] startHttpServer will END srv->serverType:0
01-08 01:33:06.303 D/hpplay-base( 2713): [Server:646] startHttpServer cond srv_shutdown:1 connectNummber:0
01-08 01:33:06.303 D/hpplay-base( 2713): [Server:669] startHttpServer wait cond END. srv_shutdown:1 connectNummber:0
01-08 01:33:06.303 D/hpplay-base( 2713): [Server:457] HttpServer END, tid is 5885
01-08 01:33:06.306 D/StateManager( 2543): goToState: Overview
01-08 01:33:06.306 D/FreeWindowHelper( 2543): enterOrExitRecentTasks: isEnterRecentTasks=true,mExitFlag=0
01-08 01:33:06.306 I/wm_finish_activity( 1526): [0,220985609,23,com.android.calendar/.AllInOneActivity,app-request]
01-08 01:33:06.307 I/wm_task_moved( 1526): [1,1,7]
01-08 01:33:06.307 I/wm_on_top_resumed_lost_called( 3528): [220985609,com.android.calendar.AllInOneActivity,topStateChangedWhenResumed]
01-08 01:33:06.307 I/wm_set_resumed_activity( 1526): [0,com.android.launcher3/.uioverrides.QuickstepLauncher,positionChildAt]
01-08 01:33:06.307 I/wm_task_moved( 1526): [8,1,2147483647]
01-08 01:33:06.307 I/wm_task_to_front( 1526): [0,8]
01-08 01:33:06.307 I/wm_focused_root_task( 1526): [0,0,1,-1,finish-top adjustFocusToNextFocusableTask]
01-08 01:33:06.307 I/wm_set_resumed_activity( 1526): [0,com.android.launcher3/.uioverrides.QuickstepLauncher,finish-top]
01-08 01:33:06.312 D/ActivityTrigger( 1526): ActivityTrigger activityPauseTrigger
01-08 01:33:06.313 I/wm_pause_activity( 1526): [0,220985609,com.android.calendar/.AllInOneActivity,userLeaving=false,finish]
01-08 01:33:06.314 I/input_focus( 1526): [Focus request 1bc00b2 com.android.launcher3/com.android.launcher3.uioverrides.QuickstepLauncher,reason=UpdateInputWindows]
01-08 01:33:06.314 W/FreeFormWindowHelper( 1526): Current Display FreeFormTask is Task{1ed2a10 #23 type=standard A=10064:android.task.calendar U=0 visible=false mode=freeform translucent=true sz=1}
01-08 01:33:06.315 D/FreeWindowContainer( 2543): reloadTask: TaskInfo{userId=0 taskId=23 displayId=0 isRunning=false baseIntent=Intent { flg=0x10008000 cmp=com.android.calendar/.AllInOneActivity } baseActivity=null topActivity=null origActivity=null realActivity=ComponentInfo{com.android.calendar/com.android.calendar.AllInOneActivity} numActivities=0 lastActiveTime=123428 supportsSplitScreenMultiWindow=true supportsMultiWindow=true resizeMode=1 isResizeable=true token=WCT{android.window.IWindowContainerToken$Stub$Proxy@ee60a7a} topActivityType=1 pictureInPictureParams=null displayCutoutSafeInsets=null topActivityInfo=null launchCookies=[] positionInParent=Point(0, 72) parentTaskId=-1 isFocused=false isVisible=true topActivityInSizeCompat=false locusId= null}
01-08 01:33:06.316 I/wm_on_paused_called( 3528): [220985609,com.android.calendar.AllInOneActivity,performPause]
01-08 01:33:06.316 I/ActivityTaskManager( 1526): FOREGROUND_APPLICATION_CHANGED to com.android.launcher3.uioverrides.QuickstepLauncher
01-08 01:33:06.316 I/wm_destroy_activity( 1526): [0,220985609,23,com.android.calendar/.AllInOneActivity,finish-imm:completePausedLocked]
01-08 01:33:06.318 I/GameMode_ActivityMonitoringService( 2387): onForegroundActivitiesChanged uid 10064 pid 3528 fg false
01-08 01:33:06.320 D/EditModeHelper( 2543): setHotseatVisibility: 0
01-08 01:33:06.320 I/input_focus( 1526): [Focus leaving 7f7d9e6 com.android.calendar/com.android.calendar.AllInOneActivity (server),reason=NO_WINDOW]
01-08 01:33:06.321 I/input_focus( 1526): [Focus entering 1bc00b2 com.android.launcher3/com.android.launcher3.uioverrides.QuickstepLauncher (server),reason=setFocusedWindow]
01-08 01:33:06.321 W/FreeFormWindowHelper( 1526): Current Display FreeFormTask is Task{1ed2a10 #23 type=standard A=10064:android.task.calendar U=0 visible=false mode=freeform translucent=true sz=1}
01-08 01:33:06.323 I/wm_on_stop_called( 3528): [220985609,com.android.calendar.AllInOneActivity,LIFECYCLER_STOP_ACTIVITY]
01-08 01:33:06.324 I/sysui_multi_action( 1526): [757,803,799,window_time_0,802,2]
01-08 01:33:06.324 I/wm_on_destroy_called( 3528): [220985609,com.android.calendar.AllInOneActivity,performDestroy]
01-08 01:33:06.325 I/GameMode_ActivityMonitoringService( 2387): Updating top task to: TaskInfoContainer [topActivity=ComponentInfo{com.android.launcher3/com.android.launcher3.uioverrides.QuickstepLauncher}, taskId=8, stackId=1, userId=0, displayId=0, position=7
01-08 01:33:06.325 I/GameMode_ActivityMonitoringService( 2387): Notifying about top task: TaskInfoContainer [topActivity=ComponentInfo{com.android.launcher3/com.android.launcher3.uioverrides.QuickstepLauncher}, taskId=8, stackId=1, userId=0, displayId=0, position=7
01-08 01:33:06.325 I/GameMode_ActivityMonitoringService( 2387): WindowMode: 1
01-08 01:33:06.325 E/GameMode_ActivityMonitoringService( 2387): onActivityLaunch:com.android.launcher3
01-08 01:33:06.325 V/GameMode_GameTypeUtils( 2387): judge isGame:com.android.launcher3
01-08 01:33:06.325 V/GameMode_GpuUtils( 2387): fps:60
01-08 01:33:06.326 D/GameMode_GameModeActionUtils( 2387): Show GameMode entry by service!
01-08 01:33:06.326 W/ContextImpl( 2387): Calling a method in the system process without a qualified user: android.app.ContextImpl.startService:1816 android.content.ContextWrapper.startService:774 com.thundercomm.gamemode.ingame.services.GameModeActionUtils.startGameModeService:111 com.thundercomm.gamemode.ingame.services.GameModeActionUtils.startGameModeEntry:22 com.thundercomm.gamemode.ingame.services.ActivityMonitoringService$1.onActivityLaunch:129
01-08 01:33:06.328 D/GameModeIF_GameModeSettings( 2387): getUriFor setting_content_uri_root = content://com.thundercomm.gamemode.api/gamemode_settings , name = gamemode_isgaming
01-08 01:33:06.328 D/GameMode_GameModeService( 2387): type=hide_entry
01-08 01:33:06.328 W/InputManager-JNI( 1526): Input channel object '7f7d9e6 com.android.calendar/com.android.calendar.AllInOneActivity (client)' was disposed without first being removed with the input manager!
01-08 01:33:06.330 I/GameModeConfig( 1526): Current uri is uri = content://com.thundercomm.gamemode.api/gamemode_settings/gamemode_isgaming
01-08 01:33:06.330 D/GameModeIF_GameModeSettings( 1526): getUriFor setting_content_uri_root = content://com.thundercomm.gamemode.api/gamemode_settings , name = gamemode_isgaming
01-08 01:33:06.330 D/GameMode_GameSettingsObserver( 2387): Game Data change!!!! uri = content://com.thundercomm.gamemode.api/gamemode_settings/gamemode_isgaming
01-08 01:33:06.330 D/GameModeIF_GameModeSettings( 2387): getUriFor setting_content_uri_root = content://com.thundercomm.gamemode.api/gamemode_settings , name = gamemode_isgaming
01-08 01:33:06.331 I/GameModeConfig( 1526): isGameModeOn = true
01-08 01:33:06.331 I/GameModeConfig( 1526): isGaming = false
01-08 01:33:06.331 I/GameModeConfig( 1526): isGameModeOn = true
01-08 01:33:06.331 I/GameModeConfig( 1526): isGaming = false
01-08 01:33:06.331 I/GameModeConfig( 1526): isDisableVoice = true
01-08 01:33:06.331 D/GameModeIF_GameModeSettings( 2387): gamemode_isgaming set to 0
01-08 01:33:06.332 D/GameMode_GameModeService( 2387): updateGlobalSettings = gamemode_isgaming
01-08 01:33:06.335 W/FreeFormWindowHelper( 1526): Current Display FreeFormTask is Task{1ed2a10 #23 type=standard A=10064:android.task.calendar U=0 visible=false mode=freeform translucent=true sz=1}
01-08 01:33:06.338 I/wm_on_top_resumed_gained_called( 2543): [162781513,com.android.launcher3.uioverrides.QuickstepLauncher,topStateChangedWhenResumed]
01-08 01:33:06.343 W/System ( 2543): A resource failed to call release.
01-08 01:33:06.343 W/System ( 2543): A resource failed to call release.
01-08 01:33:06.343 W/System ( 2543): A resource failed to call release.
01-08 01:33:06.418 I/GameMode_ActivityMonitoringService( 2387): onTaskStackChanged
01-08 01:33:06.418 W/FreeFormWindowHelper( 1526): Current Display FreeFormTask is Task{1ed2a10 #23 type=standard A=10064:android.task.calendar U=0 visible=false mode=freeform translucent=true sz=1}
01-08 01:33:06.418 W/FreeFormWindowHelper( 1526): Current Display FreeFormTask is Task{1ed2a10 #23 type=standard A=10064:android.task.calendar U=0 visible=false mode=freeform translucent=true sz=1}
01-08 01:33:06.418 W/FreeFormWindowHelper( 1526): Current Display FreeFormTask is Task{1ed2a10 #23 type=standard A=10064:android.task.calendar U=0 visible=false mode=freeform translucent=true sz=1}
01-08 01:33:06.418 W/FreeFormWindowHelper( 1526): Current Display FreeFormTask is Task{1ed2a10 #23 type=standard A=10064:android.task.calendar U=0 visible=false mode=freeform translucent=true sz=1}
01-08 01:33:06.418 W/FreeFormWindowHelper( 1526): Current Display FreeFormTask is Task{1ed2a10 #23 type=standard A=10064:android.task.calendar U=0 visible=false mode=freeform translucent=true sz=1}
01-08 01:33:06.418 W/FreeFormWindowHelper( 1526): Current Display FreeFormTask is Task{1ed2a10 #23 type=standard A=10064:android.task.calendar U=0 visible=false mode=freeform translucent=true sz=1}
01-08 01:33:06.418 W/FreeFormWindowHelper( 1526): Current Display FreeFormTask is Task{1ed2a10 #23 type=standard A=10064:android.task.calendar U=0 visible=false mode=freeform translucent=true sz=1}
01-08 01:33:06.419 W/FreeFormWindowHelper( 1526): Current Display FreeFormTask is Task{1ed2a10 #23 type=standard A=10064:android.task.calendar U=0 visible=false mode=freeform translucent=true sz=1}
01-08 01:33:06.420 I/GameMode_ActivityMonitoringService( 2387): Updating top task to: TaskInfoContainer [topActivity=ComponentInfo{com.android.launcher3/com.android.launcher3.uioverrides.QuickstepLauncher}, taskId=8, stackId=1, userId=0, displayId=0, position=7
01-08 01:33:06.420 I/GameMode_ActivityMonitoringService( 2387): Notifying about top task: TaskInfoContainer [topActivity=ComponentInfo{com.android.launcher3/com.android.launcher3.uioverrides.QuickstepLauncher}, taskId=8, stackId=1, userId=0, displayId=0, position=7
01-08 01:33:06.420 I/GameMode_ActivityMonitoringService( 2387): WindowMode: 1
01-08 01:33:06.420 E/GameMode_ActivityMonitoringService( 2387): onActivityLaunch:com.android.launcher3
01-08 01:33:06.420 V/GameMode_GameTypeUtils( 2387): judge isGame:com.android.launcher3
01-08 01:33:06.420 V/GameMode_GpuUtils( 2387): fps:60
01-08 01:33:06.421 D/GameMode_GameModeActionUtils( 2387): Show GameMode entry by service!
01-08 01:33:06.421 W/ContextImpl( 2387): Calling a method in the system process without a qualified user: android.app.ContextImpl.startService:1816 android.content.ContextWrapper.startService:774 com.thundercomm.gamemode.ingame.services.GameModeActionUtils.startGameModeService:111 com.thundercomm.gamemode.ingame.services.GameModeActionUtils.startGameModeEntry:22 com.thundercomm.gamemode.ingame.services.ActivityMonitoringService$1.onActivityLaunch:129
01-08 01:33:06.422 D/GameModeIF_GameModeSettings( 2387): getUriFor setting_content_uri_root = content://com.thundercomm.gamemode.api/gamemode_settings , name = gamemode_isgaming
01-08 01:33:06.422 D/GameMode_GameModeService( 2387): type=hide_entry
01-08 01:33:06.423 I/GameModeConfig( 1526): Current uri is uri = content://com.thundercomm.gamemode.api/gamemode_settings/gamemode_isgaming
01-08 01:33:06.423 D/GameModeIF_GameModeSettings( 1526): getUriFor setting_content_uri_root = content://com.thundercomm.gamemode.api/gamemode_settings , name = gamemode_isgaming
01-08 01:33:06.423 D/GameMode_GameSettingsObserver( 2387): Game Data change!!!! uri = content://com.thundercomm.gamemode.api/gamemode_settings/gamemode_isgaming
01-08 01:33:06.423 D/GameModeIF_GameModeSettings( 2387): getUriFor setting_content_uri_root = content://com.thundercomm.gamemode.api/gamemode_settings , name = gamemode_isgaming
01-08 01:33:06.423 D/GameModeIF_GameModeSettings( 2387): gamemode_isgaming set to 0
01-08 01:33:06.424 I/GameModeConfig( 1526): isGameModeOn = true
01-08 01:33:06.424 I/GameModeConfig( 1526): isGaming = false
01-08 01:33:06.424 I/GameModeConfig( 1526): isGameModeOn = true
01-08 01:33:06.424 I/GameModeConfig( 1526): isGaming = false
01-08 01:33:06.424 I/GameModeConfig( 1526): isDisableVoice = true
01-08 01:33:06.424 D/GameMode_GameModeService( 2387): updateGlobalSettings = gamemode_isgaming
01-08 01:33:06.599 I/OMX-VENC: venc_dev( 1222): stats: avg. fps 43.92, bitrate 4990706
01-08 01:33:06.618 I/wm_task_removed( 1526): [23,removeChild:removeChild last r=ActivityRecord{d2bf909 u0 com.android.calendar/.AllInOneActivity t-1 f}} in t=Task{1ed2a10 #23 type=standard A=10064:android.task.calendar U=0 visible=false mode=freeform translucent=true sz=0}]
01-08 01:33:06.618 I/wm_task_removed( 1526): [23,removeChild]
01-08 01:33:06.618 D/FreeFormWindowHelper( 1526): Remove freefrom task=Task{1ed2a10 #23 type=standard A=10064:android.task.calendar U=0 visible=false mode=freeform translucent=true sz=0}
01-08 01:33:06.777 I/mpu_uart( 640): [MSG-P:RECV]:No message received in 1000 ms
01-08 01:33:06.963 I/auditd ( 0): type=1400 audit(0.0:662): avc: denied { kill } for comm="swapper/3" capability=5 scontext=u:r:kernel:s0 tcontext=u:r:kernel:s0 tclass=capability permissive=0
01-08 01:33:06.963 W/swapper/3( 0): type=1400 audit(0.0:662): avc: denied { kill } for capability=5 scontext=u:r:kernel:s0 tcontext=u:r:kernel:s0 tclass=capability permissive=0
01-08 01:33:07.079 I/hpplay-base( 2713): [mDNSEmbeded:140] embedded_mDNSLoop Exiting end,tid is 5899
01-08 01:33:07.080 D/hpplay-base( 2713): [mDNSEmbeded:452] stopmDNSServer end stopmDNSNow=2, nRet=0
01-08 01:33:07.196 E/TaskPersister( 1526): File error accessing recents directory (directory doesn't exist?).
01-08 01:33:07.300 I/hpplay-base( 2713): [mDNSEmbeded:376] end lelink publish server, tid is 5900
01-08 01:33:07.301 D/hpplay-base( 2713): [mDNSEmbeded:420] stopmLelinkServer end nRet=0
01-08 01:33:07.301 D/hpplay-base( 2713): [LelinkBase:615] lebodlna stopServerThreadFunc dlnaEnable:1
01-08 01:33:07.301 D/hpplay-base-dlna( 2713): [lebodlna_api:49] stop DMR
01-08 01:33:07.301 D/hpplay-base-dlna( 2713): [lebodlna_api:344] m_pRender Release
01-08 01:33:07.362 D/hpplay-base-dlna( 2713): [UpnpDefine:867] DMRender release success
01-08 01:33:07.362 D/hpplay-base-dlna( 2713): [lebodlna_api:352] m_pAVT Release
01-08 01:33:07.362 D/hpplay-base-dlna( 2713): [lebodlna_api:360] m_pRCS Release
01-08 01:33:07.362 D/hpplay-base-dlna( 2713): [lebodlna_api:365] dmrender destroydmr
01-08 01:33:07.663 D/hpplay-base-dlna( 2713): [lebodlna-dlna_android:186] stopDLNA
01-08 01:33:07.663 D/hpplay-base-dlna( 2713): [lebodlna-dlna_android:189] dlnaservice destroy
01-08 01:33:07.663 D/hpplay-base-dlna( 2713): [lebodlna-dlna_android:49] dlnaservice Destroy 49 int CDlnaService::Destroy()
01-08 01:33:07.663 D/hpplay-base-dlna( 2713): [lebodlna-dlnaframe:245] dlnaservice Destroy 245 static ERROR_TYPE IDlnaFrame::DestroyDlnaFrame(IDlnaFrame *)
01-08 01:33:07.663 D/hpplay-base-dlna( 2713): [lebodlna-dlnaframe:179] dlnaservice Destroy 179 virtual void CDlnaFrame::Release()
01-08 01:33:07.663 D/hpplay-base-dlna( 2713): [lebodlna-dlnaframe:190] dlnaservice Destroy 190 virtual void CDlnaFrame::Release()
01-08 01:33:07.663 D/hpplay-base-dlna( 2713): [lebodlna-dlnaframe:192] dlnaservice Destroy 192 virtual void CDlnaFrame::Release()
01-08 01:33:07.663 D/hpplay-base-dlna( 2713): [lebodlna-dlnaframe:247] dlnaservice Destroy 247 static ERROR_TYPE IDlnaFrame::DestroyDlnaFrame(IDlnaFrame *)
01-08 01:33:07.663 D/hpplay-base-dlna( 2713): [lebodlna-dlnaframe:251] dlnaservice Destroy 251 static ERROR_TYPE IDlnaFrame::DestroyDlnaFrame(IDlnaFrame *)
01-08 01:33:07.667 E/hpplay-base-dlna( 2713): upnpapi.c:655::before gminiserver ThreadPoolShutdown
01-08 01:33:07.667 E/hpplay-base-dlna( 2713): ThreadPool.c:1047::on ThreadPoolShutdown tp->totalThreads:3
01-08 01:33:07.668 E/hpplay-base-dlna( 2713): ThreadPool.c:1047::on ThreadPoolShutdown tp->totalThreads:2
01-08 01:33:07.668 E/hpplay-base-dlna( 2713): ThreadPool.c:1056::after ThreadPoolShutdown
01-08 01:33:07.668 E/hpplay-base-dlna( 2713): ThreadPool.c:1057::ThreadPoolShutdown tp->totalThreads:0
01-08 01:33:07.668 E/hpplay-base-dlna( 2713): upnpapi.c:657::after gminiserver ThreadPoolShutdown
01-08 01:33:07.668 E/hpplay-base-dlna( 2713): upnpapi.c:659::before grecv ThreadPoolShutdown
01-08 01:33:07.669 E/hpplay-base-dlna( 2713): ThreadPool.c:1047::on ThreadPoolShutdown tp->totalThreads:12
01-08 01:33:07.669 E/hpplay-base-dlna( 2713): ThreadPool.c:1047::on ThreadPoolShutdown tp->totalThreads:8
01-08 01:33:07.670 E/hpplay-base-dlna( 2713): ThreadPool.c:1047::on ThreadPoolShutdown tp->totalThreads:7
01-08 01:33:07.670 E/hpplay-base-dlna( 2713): ThreadPool.c:1047::on ThreadPoolShutdown tp->totalThreads:4
01-08 01:33:07.670 E/hpplay-base-dlna( 2713): ThreadPool.c:1047::on ThreadPoolShutdown tp->totalThreads:3
01-08 01:33:07.671 E/hpplay-base-dlna( 2713): ThreadPool.c:1047::on ThreadPoolShutdown tp->totalThreads:1
01-08 01:33:07.671 E/hpplay-base-dlna( 2713): ThreadPool.c:1056::after ThreadPoolShutdown
01-08 01:33:07.671 E/hpplay-base-dlna( 2713): ThreadPool.c:1057::ThreadPoolShutdown tp->totalThreads:0
01-08 01:33:07.671 E/hpplay-base-dlna( 2713): upnpapi.c:661::after grecv ThreadPoolShutdown
01-08 01:33:07.671 E/hpplay-base-dlna( 2713): upnpapi.c:663::before gsend ThreadPoolShutdown
01-08 01:33:07.672 E/hpplay-base-dlna( 2713): ThreadPool.c:1047::on ThreadPoolShutdown tp->totalThreads:3
01-08 01:33:07.672 E/hpplay-base-dlna( 2713): ThreadPool.c:1047::on ThreadPoolShutdown tp->totalThreads:2
01-08 01:33:07.672 E/hpplay-base-dlna( 2713): ThreadPool.c:1056::after ThreadPoolShutdown
01-08 01:33:07.672 E/hpplay-base-dlna( 2713): ThreadPool.c:1057::ThreadPoolShutdown tp->totalThreads:0
01-08 01:33:07.672 E/hpplay-base-dlna( 2713): upnpapi.c:665::after gsend ThreadPoolShutdown
01-08 01:33:07.672 D/hpplay-base-dlna( 2713): [lebodlna-dlnaframe:253] dlnaservice Destroy 253 static ERROR_TYPE IDlnaFrame::DestroyDlnaFrame(IDlnaFrame *)
01-08 01:33:07.672 D/hpplay-base-dlna( 2713): [lebodlna-dlna_android:51] dlnaservice Destroy 51 int CDlnaService::Destroy()
01-08 01:33:07.672 D/hpplay-base-dlna( 2713): [lebodlna-dlna_android:194] stopDLNA end
01-08 01:33:07.777 I/mpu_uart( 640): [MSG-P:RECV]:No message received in 1000 ms
01-08 01:33:07.846 I/mpu_uart( 640): [MSG-P:R]:recv sync frame timeout
01-08 01:33:07.963 I/auditd ( 0): type=1400 audit(0.0:663): avc: denied { kill } for comm="swapper/3" capability=5 scontext=u:r:kernel:s0 tcontext=u:r:kernel:s0 tclass=capability permissive=0
01-08 01:33:07.963 W/swapper/3( 0): type=1400 audit(0.0:663): avc: denied { kill } for capability=5 scontext=u:r:kernel:s0 tcontext=u:r:kernel:s0 tclass=capability permissive=0
01-08 01:33:07.973 D/hpplay-base( 2713): [stream_mirror_compat:1489] request to stop screen stream session!!
01-08 01:33:07.973 D/hpplay-base( 2713): [AEventUtils:625] begin to stop event handle service!!
01-08 01:33:07.973 D/hpplay-base( 2713): [AEventUtils:628] stop event handle service ok!!
01-08 01:33:07.973 D/hpplay-base( 2713): [REventUtils:231] begin to stop report handle service!!
01-08 01:33:07.973 D/hpplay-base( 2713): [REventUtils:234] stop report handle service ok!!
01-08 01:33:07.973 D/hpplay-base( 2713): [lelinkSinkServer:711] HTTP Server stopSinkServer End .
01-08 01:33:07.973 D/hpplay-base( 2713): [jniBridge:1135] notifyJavaServerStoped
01-08 01:33:07.973 D/hpplay-base( 2713): [jniBridge:1726] notifyJava, what:202, castType:0, mimeType:0 baseStatus:4
01-08 01:33:07.973 D/hpplay-base( 2713): [jniBridge:1727] notifyJava sessionID:(null)
01-08 01:33:07.974 I/hpplay-java( 2713): [Thread-89]:Bridge:notify: what: 202
01-08 01:33:07.976 I/hpplay-java( 2713): [Thread-89]:Bridge:notify: out: OutParameters:{audioSessionId=-1, audiotrackIndex=0, castHandleType=-1, castType=0, deviceName='', dlnaName='', dramaID='', extra=0, frameHandleType=-1, handleInside=true, headduration=0, header='', headers=null, isAD=false, isMultiMirror=false, lelinkVer='', limitTime=0, , mediaAlbum='null', mediaAlbumArtURI='', mediaArtist='null', mediaAssets='', mediaTitle='null', mimeType=0, multiSession=null, period=0, pinCode='', playSpeed=0.0, playerChoice=0, plugin=0, port=0, position=0.0, positionUnit=2, protocol=0, realSessionID='', regType='', , sinkIp='', sourceAPPVersion='', sourceChannel='', sourceClientInfo='', sourceDeviceInfo='', sourceDeviceModel='', sourceDeviceName='', sourceDeviceType=0, sourceHID='', , sourceInfo='', , , sourceOSVersion='', sourceSDKVersion='', sourceUid='', stopDetail=0, stopReason=0, tailduration=0, url='', urlID='', urls=null, userAgent='', videoDecoder=0, volume=0, what=202}com.hpplay.sdk.sink.protocol.OutParameters@91d9f3a
01-08 01:33:07.976 I/hpplay-java( 2713): [Thread-89]:Bridge:notify: address:150775787
01-08 01:33:07.976 D/hpplay-base( 2713): [LelinkBase:645] stopServerThreadFunc notifyJavaServerStoped!
01-08 01:33:07.977 I/hpplay-java( 2713): [main]:ServerTaskManager:startTimeOutCheck
01-08 01:33:07.977 I/hpplay-java( 2713): [main]:ServerBusiness:stopDaemonBusiness
01-08 01:33:07.977 I/hpplay-java( 2713): [main]:SinkDataReport:logout
01-08 01:33:07.977 I/hpplay-java( 2713): [main]:EPControl:release
