01-08 01:33:20.157 I/GameMode_ActivityMonitoringService( 2387): onForegroundActivitiesChanged uid 10063 pid 5293 fg false
01-08 01:33:20.162 I/sysui_multi_action( 1526): [757,803,799,window_time_0,802,3]
01-08 01:33:20.164 I/GameMode_ActivityMonitoringService( 2387): Updating top task to: TaskInfoContainer [topActivity=ComponentInfo{com.android.launcher3/com.android.launcher3.uioverrides.QuickstepLauncher}, taskId=8, stackId=1, userId=0, displayId=0, position=6
01-08 01:33:20.165 I/GameMode_ActivityMonitoringService( 2387): Notifying about top task: TaskInfoContainer [topActivity=ComponentInfo{com.android.launcher3/com.android.launcher3.uioverrides.QuickstepLauncher}, taskId=8, stackId=1, userId=0, displayId=0, position=6
01-08 01:33:20.165 I/wm_on_stop_called( 5293): [111273720,com.android.gallery3d.app.GalleryActivity,LIFECYCLER_STOP_ACTIVITY]
01-08 01:33:20.165 I/GameMode_ActivityMonitoringService( 2387): WindowMode: 1
01-08 01:33:20.165 E/GameMode_ActivityMonitoringService( 2387): onActivityLaunch:com.android.launcher3
01-08 01:33:20.165 V/GameMode_GameTypeUtils( 2387): judge isGame:com.android.launcher3
01-08 01:33:20.165 V/GameMode_GpuUtils( 2387): fps:60
01-08 01:33:20.165 V/StateManager( 5293): destroy
01-08 01:33:20.166 D/GameMode_GameModeActionUtils( 2387): Show GameMode entry by service!
01-08 01:33:20.166 I/wm_on_destroy_called( 5293): [111273720,com.android.gallery3d.app.GalleryActivity,performDestroy]
01-08 01:33:20.166 W/ContextImpl( 2387): Calling a method in the system process without a qualified user: android.app.ContextImpl.startService:1816 android.content.ContextWrapper.startService:774 com.thundercomm.gamemode.ingame.services.GameModeActionUtils.startGameModeService:111 com.thundercomm.gamemode.ingame.services.GameModeActionUtils.startGameModeEntry:22 com.thundercomm.gamemode.ingame.services.ActivityMonitoringService$1.onActivityLaunch:129
01-08 01:33:20.167 D/EditModeHelper( 2543): setHotseatVisibility: 0
01-08 01:33:20.167 D/GameModeIF_GameModeSettings( 2387): getUriFor setting_content_uri_root = content://com.thundercomm.gamemode.api/gamemode_settings , name = gamemode_isgaming
01-08 01:33:20.167 D/GameMode_GameModeService( 2387): type=hide_entry
01-08 01:33:20.168 W/FreeFormWindowHelper( 1526): Current Display FreeFormTask is Task{87b1b55 #25 type=standard A=10063:com.android.gallery3d U=0 visible=false mode=freeform translucent=true sz=1}
01-08 01:33:20.168 I/input_focus( 1526): [Focus leaving 370bc2 com.android.gallery3d/com.android.gallery3d.app.GalleryActivity (server),reason=NO_WINDOW]
01-08 01:33:20.168 I/input_focus( 1526): [Focus entering 1bc00b2 com.android.launcher3/com.android.launcher3.uioverrides.QuickstepLauncher (server),reason=setFocusedWindow]
01-08 01:33:20.169 I/GameModeConfig( 1526): Current uri is uri = content://com.thundercomm.gamemode.api/gamemode_settings/gamemode_isgaming
01-08 01:33:20.169 D/GameModeIF_GameModeSettings( 1526): getUriFor setting_content_uri_root = content://com.thundercomm.gamemode.api/gamemode_settings , name = gamemode_isgaming
01-08 01:33:20.169 D/GameMode_GameSettingsObserver( 2387): Game Data change!!!! uri = content://com.thundercomm.gamemode.api/gamemode_settings/gamemode_isgaming
01-08 01:33:20.169 D/GameModeIF_GameModeSettings( 2387): getUriFor setting_content_uri_root = content://com.thundercomm.gamemode.api/gamemode_settings , name = gamemode_isgaming
01-08 01:33:20.169 W/InputManager-JNI( 1526): Input channel object '370bc2 com.android.gallery3d/com.android.gallery3d.app.GalleryActivity (client)' was disposed without first being removed with the input manager!
01-08 01:33:20.170 I/GameModeConfig( 1526): isGameModeOn = true
01-08 01:33:20.170 I/GameModeConfig( 1526): isGaming = false
01-08 01:33:20.170 I/GameModeConfig( 1526): isGameModeOn = true
01-08 01:33:20.170 I/GameModeConfig( 1526): isGaming = false
01-08 01:33:20.170 I/GameModeConfig( 1526): isDisableVoice = true
01-08 01:33:20.170 D/GameModeIF_GameModeSettings( 2387): gamemode_isgaming set to 0
01-08 01:33:20.171 D/GameMode_GameModeService( 2387): updateGlobalSettings = gamemode_isgaming
01-08 01:33:20.179 W/FreeFormWindowHelper( 1526): Current Display FreeFormTask is Task{87b1b55 #25 type=standard A=10063:com.android.gallery3d U=0 visible=false mode=freeform translucent=true sz=1}
01-08 01:33:20.181 I/wm_on_top_resumed_gained_called( 2543): [162781513,com.android.launcher3.uioverrides.QuickstepLauncher,topStateChangedWhenResumed]
01-08 01:33:20.194 I/OpenGLRenderer( 2543): Davey! duration=9223371899607ms; Flags=0, FrameTimelineVsyncId=6916, IntendedVsync=137247118608, Vsync=137247118608, InputEventId=0, HandleInputStart=137247314477, AnimationStart=137247315623, PerformTraversalsStart=137294510362, DrawStart=137295427602, FrameDeadline=137268451940, FrameInterval=137247311769, FrameStartTime=16666666, SyncQueued=137296727602, SyncStart=137296759894, IssueDrawCommandsStart=137296931091, SwapBuffers=137297897758, FrameCompleted=9223372036854775807, DequeueBufferDuration=11197, QueueBufferDuration=200416, GpuCompleted=9223372036854775807, SwapBuffersCompleted=137298347654, DisplayPresentTime=0,
01-08 01:33:20.255 I/GameMode_ActivityMonitoringService( 2387): onTaskStackChanged
01-08 01:33:20.256 W/FreeFormWindowHelper( 1526): Current Display FreeFormTask is Task{87b1b55 #25 type=standard A=10063:com.android.gallery3d U=0 visible=false mode=freeform translucent=true sz=1}
01-08 01:33:20.256 W/FreeFormWindowHelper( 1526): Current Display FreeFormTask is Task{87b1b55 #25 type=standard A=10063:com.android.gallery3d U=0 visible=false mode=freeform translucent=true sz=1}
01-08 01:33:20.256 W/FreeFormWindowHelper( 1526): Current Display FreeFormTask is Task{87b1b55 #25 type=standard A=10063:com.android.gallery3d U=0 visible=false mode=freeform translucent=true sz=1}
01-08 01:33:20.256 W/FreeFormWindowHelper( 1526): Current Display FreeFormTask is Task{87b1b55 #25 type=standard A=10063:com.android.gallery3d U=0 visible=false mode=freeform translucent=true sz=1}
01-08 01:33:20.256 W/FreeFormWindowHelper( 1526): Current Display FreeFormTask is Task{87b1b55 #25 type=standard A=10063:com.android.gallery3d U=0 visible=false mode=freeform translucent=true sz=1}
01-08 01:33:20.256 W/FreeFormWindowHelper( 1526): Current Display FreeFormTask is Task{87b1b55 #25 type=standard A=10063:com.android.gallery3d U=0 visible=false mode=freeform translucent=true sz=1}
01-08 01:33:20.256 W/FreeFormWindowHelper( 1526): Current Display FreeFormTask is Task{87b1b55 #25 type=standard A=10063:com.android.gallery3d U=0 visible=false mode=freeform translucent=true sz=1}
01-08 01:33:20.256 W/FreeFormWindowHelper( 1526): Current Display FreeFormTask is Task{87b1b55 #25 type=standard A=10063:com.android.gallery3d U=0 visible=false mode=freeform translucent=true sz=1}
01-08 01:33:20.257 I/GameMode_ActivityMonitoringService( 2387): Updating top task to: TaskInfoContainer [topActivity=ComponentInfo{com.android.launcher3/com.android.launcher3.uioverrides.QuickstepLauncher}, taskId=8, stackId=1, userId=0, displayId=0, position=6
01-08 01:33:20.257 I/GameMode_ActivityMonitoringService( 2387): Notifying about top task: TaskInfoContainer [topActivity=ComponentInfo{com.android.launcher3/com.android.launcher3.uioverrides.QuickstepLauncher}, taskId=8, stackId=1, userId=0, displayId=0, position=6
01-08 01:33:20.257 I/GameMode_ActivityMonitoringService( 2387): WindowMode: 1
01-08 01:33:20.257 E/GameMode_ActivityMonitoringService( 2387): onActivityLaunch:com.android.launcher3
01-08 01:33:20.257 V/GameMode_GameTypeUtils( 2387): judge isGame:com.android.launcher3
01-08 01:33:20.257 V/GameMode_GpuUtils( 2387): fps:60
01-08 01:33:20.258 D/GameMode_GameModeActionUtils( 2387): Show GameMode entry by service!
01-08 01:33:20.259 W/ContextImpl( 2387): Calling a method in the system process without a qualified user: android.app.ContextImpl.startService:1816 android.content.ContextWrapper.startService:774 com.thundercomm.gamemode.ingame.services.GameModeActionUtils.startGameModeService:111 com.thundercomm.gamemode.ingame.services.GameModeActionUtils.startGameModeEntry:22 com.thundercomm.gamemode.ingame.services.ActivityMonitoringService$1.onActivityLaunch:129
01-08 01:33:20.259 D/GameModeIF_GameModeSettings( 2387): getUriFor setting_content_uri_root = content://com.thundercomm.gamemode.api/gamemode_settings , name = gamemode_isgaming
01-08 01:33:20.259 D/GameMode_GameModeService( 2387): type=hide_entry
01-08 01:33:20.260 I/GameModeConfig( 1526): Current uri is uri = content://com.thundercomm.gamemode.api/gamemode_settings/gamemode_isgaming
01-08 01:33:20.260 D/GameModeIF_GameModeSettings( 1526): getUriFor setting_content_uri_root = content://com.thundercomm.gamemode.api/gamemode_settings , name = gamemode_isgaming
01-08 01:33:20.260 D/GameMode_GameSettingsObserver( 2387): Game Data change!!!! uri = content://com.thundercomm.gamemode.api/gamemode_settings/gamemode_isgaming
01-08 01:33:20.260 D/GameModeIF_GameModeSettings( 2387): getUriFor setting_content_uri_root = content://com.thundercomm.gamemode.api/gamemode_settings , name = gamemode_isgaming
01-08 01:33:20.260 D/GameModeIF_GameModeSettings( 2387): gamemode_isgaming set to 0
01-08 01:33:20.261 I/GameModeConfig( 1526): isGameModeOn = true
01-08 01:33:20.261 I/GameModeConfig( 1526): isGaming = false
01-08 01:33:20.261 I/GameModeConfig( 1526): isGameModeOn = true
01-08 01:33:20.261 I/GameModeConfig( 1526): isGaming = false
01-08 01:33:20.261 I/GameModeConfig( 1526): isDisableVoice = true
01-08 01:33:20.261 D/GameMode_GameModeService( 2387): updateGlobalSettings = gamemode_isgaming
01-08 01:33:20.451 I/wm_task_removed( 1526): [25,removeChild:removeChild last r=ActivityRecord{6a1e6f8 u0 com.android.gallery3d/.app.GalleryActivity t-1 f}} in t=Task{87b1b55 #25 type=standard A=10063:com.android.gallery3d U=0 visible=false mode=freeform translucent=true sz=0}]
01-08 01:33:20.451 I/wm_task_removed( 1526): [25,removeChild]
01-08 01:33:20.451 D/FreeFormWindowHelper( 1526): Remove freefrom task=Task{87b1b55 #25 type=standard A=10063:com.android.gallery3d U=0 visible=false mode=freeform translucent=true sz=0}
01-08 01:33:20.781 I/mpu_uart( 640): [MSG-P:RECV]:No message received in 1000 ms
01-08 01:33:20.914 I/input_interaction( 1526): Interaction with: 1bc00b2 com.android.launcher3/com.android.launcher3.uioverrides.QuickstepLauncher (server), fe7e613 com.android.systemui.ImageWallpaper (server), edge-swipe (server), swipe-up (server), PointerEventDispatcher0 (server),
01-08 01:33:20.963 I/auditd ( 0): type=1400 audit(0.0:675): avc: denied { kill } for comm="swapper/3" capability=5 scontext=u:r:kernel:s0 tcontext=u:r:kernel:s0 tclass=capability permissive=0
01-08 01:33:20.963 W/swapper/3( 0): type=1400 audit(0.0:675): avc: denied { kill } for capability=5 scontext=u:r:kernel:s0 tcontext=u:r:kernel:s0 tclass=capability permissive=0
01-08 01:33:21.078 D/FreeWindowHelper( 2543): setExitFlag: old=0,new=1
01-08 01:33:21.079 I/thunderperf( 1526): Maybe need boostperf for current app!
01-08 01:33:21.080 D/FgBoostPerfService( 2387): [FgBoostPerfService.perfBoostAcq]start: stat=true pkgName=com.android.deskclock
01-08 01:33:21.080 V/GameMode_GameTypeUtils( 2387): judge isGame:com.android.deskclock
01-08 01:33:21.080 I/FgBoostPerfService( 2387): [FgBoostPerfService.perfBoostAcq] not game-mode or game app!
01-08 01:33:21.080 I/ThunderPerfManager( 1526): PerfAcq error : state=true pkgName=com.android.deskclock
01-08 01:33:21.080 V/GameMode_GameTypeUtils( 2387): judge isGame:com.android.deskclock
01-08 01:33:21.081 I/FgBoostPerfService( 2387): [GetGpuMode] isMode=1 isGame=false mGpuMode=1
01-08 01:33:21.081 V/GameMode_GameTypeUtils( 2387): judge isGame:com.android.deskclock
01-08 01:33:21.081 I/FgBoostPerfService( 2387): [GetGpuDpiType] isMode=1 isGame=false mGpuDpiType=0
01-08 01:33:21.081 I/thunderperf( 1526): Current app pkgName=com.android.deskclock bm:com.thundercomm.perf.BoostPerfManager@3df94a1 gpuMode=-1 gpuType=-1
01-08 01:33:21.081 I/ThunderBoostPerfService( 1526): Resolution: Uid=10078 Pid=2543 gMode=-1 dType=-1
01-08 01:33:21.081 I/thunderperf( 1526): PlatormCompat.setOverrides: Uid1=10078 Pid1=2543 Uid2=10078 Pid2=2543
01-08 01:33:21.082 I/thunderperf( 1526): PlatormCompat.setOverrides: needCheck:false
01-08 01:33:21.082 I/thunderperf( 1526): CompatConfig.addOverrideUnsafe: bef-state=1
01-08 01:33:21.082 I/thunderperf( 1526): CompatConfig.addOverrideUnsafe: aft-state=0
01-08 01:33:21.083 I/thunderperf( 1526): CompatConfig.addOverrideUnsafe: bef-state=1
01-08 01:33:21.083 I/thunderperf( 1526): CompatConfig.addOverrideUnsafe: aft-state=0
01-08 01:33:21.084 I/thunderperf( 1526): CompatConfig.addOverrideUnsafe: bef-state=1
01-08 01:33:21.084 I/thunderperf( 1526): CompatConfig.addOverrideUnsafe: aft-state=0
01-08 01:33:21.085 I/thunderperf( 1526): CompatConfig.addOverrideUnsafe: bef-state=1
01-08 01:33:21.085 I/thunderperf( 1526): CompatConfig.addOverrideUnsafe: aft-state=0
01-08 01:33:21.086 I/thunderperf( 1526): CompatConfig.addOverrideUnsafe: bef-state=1
01-08 01:33:21.086 I/thunderperf( 1526): CompatConfig.addOverrideUnsafe: aft-state=0
01-08 01:33:21.086 I/thunderperf( 1526): CompatConfig.addOverrideUnsafe: bef-state=1
01-08 01:33:21.086 I/thunderperf( 1526): CompatConfig.addOverrideUnsafe: aft-state=0
01-08 01:33:21.087 I/thunderperf( 1526): CompatConfig.addOverrideUnsafe: bef-state=1
01-08 01:33:21.087 I/thunderperf( 1526): CompatConfig.addOverrideUnsafe: aft-state=0
01-08 01:33:21.088 I/thunderperf( 1526): CompatConfig.addOverrideUnsafe: bef-state=1
01-08 01:33:21.088 I/thunderperf( 1526): CompatConfig.addOverrideUnsafe: aft-state=0
01-08 01:33:21.088 I/thunderperf( 1526): CompatConfig.addOverrideUnsafe: bef-state=1
01-08 01:33:21.089 I/thunderperf( 1526): CompatConfig.addOverrideUnsafe: aft-state=0
01-08 01:33:21.089 I/thunderperf( 1526): CompatConfig.addOverrideUnsafe: bef-state=1
01-08 01:33:21.089 I/thunderperf( 1526): CompatConfig.addOverrideUnsafe: aft-state=0
01-08 01:33:21.090 I/thunderperf( 1526): CompatConfig.addOverrideUnsafe: bef-state=1
01-08 01:33:21.090 I/thunderperf( 1526): CompatConfig.addOverrideUnsafe: aft-state=0
01-08 01:33:21.091 I/thunderperf( 1526): CompatConfig.addOverrideUnsafe: bef-state=1
01-08 01:33:21.091 I/thunderperf( 1526): CompatConfig.addOverrideUnsafe: aft-state=0
01-08 01:33:21.091 I/thunderperf( 1526): CompatConfig.addOverrideUnsafe: bef-state=1
01-08 01:33:21.091 I/thunderperf( 1526): CompatConfig.addOverrideUnsafe: aft-state=0
01-08 01:33:21.092 I/thunderperf( 1526): CompatConfig.addOverrideUnsafe: bef-state=1
01-08 01:33:21.092 I/thunderperf( 1526): CompatConfig.addOverrideUnsafe: aft-state=0
01-08 01:33:21.099 I/ThunderBoostPerfService( 1526): Disable downscaling com.android.deskclock to 2380x1020
01-08 01:33:21.100 I/ActivityTaskManager( 1526): START u0 {flg=0x10008000 cmp=com.android.deskclock/.DeskClock} from uid 10078
01-08 01:33:21.100 I/EventSequenceValidator( 1526): inc AccIntentStartedEvents to 2
01-08 01:33:21.106 E/ANDR-PERF-JNI( 1526): com_qualcomm_qtiperformance_native_perf_io_prefetch_start
01-08 01:33:21.107 I/wm_task_created( 1526): [26,-1]
01-08 01:33:21.107 W/ActivityTaskManager( 1526): Can't find TaskDisplayArea to determine support for multi window. Task id=26 attached=false
01-08 01:33:21.107 D/FreeFormWindowHelper( 1526): Add freeform task=Task{49b8cce #26 type=standard ?? U=0 visible=false mode=freeform translucent=true sz=0}
01-08 01:33:21.108 E/ANDR-IOP( 833): io prefetch is disabled
01-08 01:33:21.109 I/wm_task_moved( 1526): [26,1,6]
01-08 01:33:21.109 I/wm_task_to_front( 1526): [0,26]
01-08 01:33:21.109 I/wm_create_task( 1526): [0,26]
01-08 01:33:21.109 I/wm_create_activity( 1526): [0,7727087,26,com.android.deskclock/.DeskClock,NULL,NULL,NULL,268468224]
01-08 01:33:21.109 I/wm_task_moved( 1526): [26,1,6]
01-08 01:33:21.110 D/CompatibilityInfo( 1526): mCompatibilityFlags - 4
01-08 01:33:21.110 D/CompatibilityInfo( 1526): applicationDensity - 240
01-08 01:33:21.110 D/CompatibilityInfo( 1526): applicationScale - 1.0
01-08 01:33:21.110 I/ActivityTaskManager( 1526): FOREGROUND_APPLICATION_CHANGED to com.android.deskclock.DeskClock
01-08 01:33:21.110 I/ActivityTaskManager( 1526): The Process com.android.deskclock Already Exists in BG. So sending its PID: 2664
01-08 01:33:21.110 W/ActivityTaskManager( 1526): Tried to set launchTime (0) < mLastActivityLaunchTime (106198)
01-08 01:33:21.111 I/wm_restart_activity( 1526): [0,7727087,26,com.android.deskclock/.DeskClock]
01-08 01:33:21.111 D/CompatibilityInfo( 1526): mCompatibilityFlags - 4
01-08 01:33:21.111 D/CompatibilityInfo( 1526): applicationDensity - 240
01-08 01:33:21.111 D/CompatibilityInfo( 1526): applicationScale - 1.0
01-08 01:33:21.111 I/wm_set_resumed_activity( 1526): [0,com.android.deskclock/.DeskClock,minimalResumeActivityLocked]
01-08 01:33:21.113 D/StateManager( 2543): goToState: Normal
01-08 01:33:21.113 D/EditModeHelper( 2543): setHotseatVisibility: 0
01-08 01:33:21.114 I/GameMode_ActivityMonitoringService( 2387): onForegroundActivitiesChanged uid 10066 pid 2664 fg true
01-08 01:33:21.114 I/wm_on_top_resumed_lost_called( 2543): [162781513,com.android.launcher3.uioverrides.QuickstepLauncher,topStateChangedWhenResumed]
01-08 01:33:21.119 I/GameMode_ActivityMonitoringService( 2387): Updating top task to: TaskInfoContainer [topActivity=ComponentInfo{com.android.deskclock/com.android.deskclock.DeskClock}, taskId=26, stackId=26, userId=0, displayId=0, position=6
01-08 01:33:21.120 I/GameMode_ActivityMonitoringService( 2387): Notifying about top task: TaskInfoContainer [topActivity=ComponentInfo{com.android.deskclock/com.android.deskclock.DeskClock}, taskId=26, stackId=26, userId=0, displayId=0, position=6
01-08 01:33:21.120 I/GameMode_ActivityMonitoringService( 2387): WindowMode: 5
01-08 01:33:21.128 D/FreeWindowHelper( 2543): enterOrExitRecentTasks: isEnterRecentTasks=false,mExitFlag=1
01-08 01:33:21.128 W/FreeFormWindowHelper( 1526): exitRecentTasks type=1
01-08 01:33:21.136 W/FreeFormWindowHelper( 1526): Current Display FreeFormTask is Task{49b8cce #26 type=standard A=10066:com.android.deskclock U=0 visible=true mode=freeform translucent=false sz=1}
01-08 01:33:21.139 I/OMX-VENC: venc_dev( 1222): stats: avg. fps 28.61, bitrate 2830498
01-08 01:33:21.140 I/wm_on_create_called( 2664): [7727087,com.android.deskclock.DeskClock,performCreate]
01-08 01:33:21.141 I/wm_on_start_called( 2664): [7727087,com.android.deskclock.DeskClock,handleStartActivity]
01-08 01:33:21.142 I/wm_on_resume_called( 2664): [7727087,com.android.deskclock.DeskClock,RESUME_ACTIVITY]
01-08 01:33:21.144 I/wm_on_top_resumed_gained_called( 2664): [7727087,com.android.deskclock.DeskClock,topStateChangedWhenResumed]
01-08 01:33:21.179 W/WindowManager( 1526): updateScale : 0.7996942
01-08 01:33:21.181 I/input_focus( 1526): [Focus request de3140b com.android.deskclock/com.android.deskclock.DeskClock,reason=UpdateInputWindows]
01-08 01:33:21.199 W/WindowManager( 1526): updateScale : 0.7996942
01-08 01:33:21.200 W/WindowManager( 1526): updateScale : 0.7996942
01-08 01:33:21.201 I/sysui_multi_action( 1526): [319,100,322,100,325,138,757,761,758,8,759,2,806,com.android.deskclock,871,com.android.deskclock.DeskClock,904,com.android.launcher3,905,0,1320,4,1321,1]
01-08 01:33:21.202 I/wm_activity_launch_time( 1526): [0,7727087,com.android.deskclock/.DeskClock,100]
01-08 01:33:21.202 W/WindowManager( 1526): updateScale : 0.7996942
01-08 01:33:21.202 I/ActivityTaskManager( 1526): Displayed com.android.deskclock/.DeskClock: +100ms
01-08 01:33:21.203 I/EventSequenceValidator( 1526): dec AccIntentStartedEvents to 1
01-08 01:33:21.205 I/input_focus( 1526): [Focus leaving 1bc00b2 com.android.launcher3/com.android.launcher3.uioverrides.QuickstepLauncher (server),reason=setFocusedWindow]
01-08 01:33:21.205 I/input_focus( 1526): [Focus entering de3140b com.android.deskclock/com.android.deskclock.DeskClock (server),reason=setFocusedWindow]
01-08 01:33:21.269 I/hpplay-java( 2713): [main]:ServerTaskManager:restart by error
01-08 01:33:21.269 I/hpplay-java( 2713): [main]:ServerTaskManager:startServer
01-08 01:33:21.269 I/hpplay-java( 2713): [main]:ServerTaskManager:startServer add, reason: server is starting or running
01-08 01:33:21.269 I/hpplay-java( 2713): [main]:ServerTaskManager:addStopTask
01-08 01:33:21.269 I/hpplay-java( 2713): [main]:ServerTaskManager:addStartTask
01-08 01:33:21.269 I/hpplay-java( 2713): [main]:ServerTaskManager:exeTask stopServer
01-08 01:33:21.269 I/hpplay-java( 2713): [main]:Bridge:stopServer keepPush: false
01-08 01:33:21.269 D/hpplay-base( 2713): [jniBridge:909] Bridge__1stopServer status:2
01-08 01:33:21.269 D/hpplay-base( 2713): [LelinkBase:654] stopAllServer will start thread!
01-08 01:33:21.270 D/hpplay-base( 2713): [AEventUtils:588] handle AEvent thread end!!,tid is 6082
01-08 01:33:21.270 I/hpplay-base( 2713): [mDNSEmbeded:65] embedded_mDNSExit call
01-08 01:33:21.270 D/hpplay-base( 2713): [REventUtils:197] handleREventThread thread end!!,tid is 6083
01-08 01:33:21.294 D/hpplay-base( 2713): [Server:447] startHttpServer will END srv->serverType:0
01-08 01:33:21.294 D/hpplay-base( 2713): [Server:646] startHttpServer cond srv_shutdown:1 connectNummber:0
01-08 01:33:21.294 D/hpplay-base( 2713): [Server:669] startHttpServer wait cond END. srv_shutdown:1 connectNummber:0
01-08 01:33:21.294 D/hpplay-base( 2713): [Server:457] HttpServer END, tid is 6063
01-08 01:33:21.326 D/hpplay-base( 2713): [stream_mirror_compat:1284] mirror stream begin to exit,server fd:108,thread_id:3116581312!!
01-08 01:33:21.326 D/hpplay-base( 2713): [stream_mirror_compat:1323] ##screen stream exit successfully!!##
01-08 01:33:21.471 W/WindowManager( 1526): updateScale : 0.7996942
01-08 01:33:21.715 I/am_uid_idle( 1526): 10093
01-08 01:33:21.781 I/mpu_uart( 640): [MSG-P:RECV]:No message received in 1000 ms
01-08 01:33:21.963 I/auditd ( 0): type=1400 audit(0.0:676): avc: denied { kill } for comm="swapper/3" capability=5 scontext=u:r:kernel:s0 tcontext=u:r:kernel:s0 tclass=capability permissive=0
01-08 01:33:21.963 W/swapper/3( 0): type=1400 audit(0.0:676): avc: denied { kill } for capability=5 scontext=u:r:kernel:s0 tcontext=u:r:kernel:s0 tclass=capability permissive=0
01-08 01:33:22.036 D/EditModeHelper( 2543): setHotseatVisibility: 8
01-08 01:33:22.037 W/FreeFormWindowHelper( 1526): Current Display FreeFormTask is Task{49b8cce #26 type=standard A=10066:com.android.deskclock U=0 visible=true mode=freeform translucent=false sz=1}
01-08 01:33:22.037 W/FreeFormWindowHelper( 1526): Current Display FreeFormTask is Task{49b8cce #26 type=standard A=10066:com.android.deskclock U=0 visible=true mode=freeform translucent=false sz=1}
01-08 01:33:22.037 W/FreeFormWindowHelper( 1526): Current Display FreeFormTask is Task{49b8cce #26 type=standard A=10066:com.android.deskclock U=0 visible=true mode=freeform translucent=false sz=1}
01-08 01:33:22.037 W/FreeFormWindowHelper( 1526): Current Display FreeFormTask is Task{49b8cce #26 type=standard A=10066:com.android.deskclock U=0 visible=true mode=freeform translucent=false sz=1}
01-08 01:33:22.037 W/FreeFormWindowHelper( 1526): Current Display FreeFormTask is Task{49b8cce #26 type=standard A=10066:com.android.deskclock U=0 visible=true mode=freeform translucent=false sz=1}
01-08 01:33:22.037 W/FreeFormWindowHelper( 1526): Current Display FreeFormTask is Task{49b8cce #26 type=standard A=10066:com.android.deskclock U=0 visible=true mode=freeform translucent=false sz=1}
01-08 01:33:22.037 W/FreeFormWindowHelper( 1526): Current Display FreeFormTask is Task{49b8cce #26 type=standard A=10066:com.android.deskclock U=0 visible=true mode=freeform translucent=false sz=1}
01-08 01:33:22.037 W/FreeFormWindowHelper( 1526): Current Display FreeFormTask is Task{49b8cce #26 type=standard A=10066:com.android.deskclock U=0 visible=true mode=freeform translucent=false sz=1}
01-08 01:33:22.037 W/FreeFormWindowHelper( 1526): Current Display FreeFormTask is Task{49b8cce #26 type=standard A=10066:com.android.deskclock U=0 visible=true mode=freeform translucent=false sz=1}
01-08 01:33:22.037 D/FreeWindowContainer( 2543): reloadTask: TaskInfo{userId=0 taskId=26 displayId=0 isRunning=true baseIntent=Intent { flg=0x10008000 cmp=com.android.deskclock/.DeskClock } baseActivity=ComponentInfo{com.android.deskclock/com.android.deskclock.DeskClock} topActivity=ComponentInfo{com.android.deskclock/com.android.deskclock.DeskClock} origActivity=null realActivity=ComponentInfo{com.android.deskclock/com.android.deskclock.DeskClock} numActivities=1 lastActiveTime=139145 supportsSplitScreenMultiWindow=true supportsMultiWindow=true resizeMode=1 isResizeable=true token=WCT{android.window.IWindowContainerToken$Stub$Proxy@4f51c45} topActivityType=1 pictureInPictureParams=PictureInPictureParams( aspectRatio=null sourceRectHint=null hasSetActions=false isAutoPipEnabled=false isSeamlessResizeEnabled=true) displayCutoutSafeInsets=null topActivityInfo=ActivityInfo{d583f9a com.android.deskclock.DeskClock} launchCookies=[] positionInParent=Point(0, 72) parentTaskId=-1 isFocused=true isVisible=true topActivityInSizeCompat=false locusId= null}
01-08 01:33:22.037 W/FreeFormWindowHelper( 1526): Current Display FreeFormTask is Task{49b8cce #26 type=standard A=10066:com.android.deskclock U=0 visible=true mode=freeform translucent=false sz=1}
01-08 01:33:22.037 W/FreeFormWindowHelper( 1526): Current Display FreeFormTask is Task{49b8cce #26 type=standard A=10066:com.android.deskclock U=0 visible=true mode=freeform translucent=false sz=1}
01-08 01:33:22.042 I/InputDispatcher( 1526): Monitor swipe-up (server) is stealing touch from [1bc00b2 com.android.launcher3/com.android.launcher3.uioverrides.QuickstepLauncher (server), fe7e613 com.android.systemui.ImageWallpaper (server), ]
01-08 01:33:22.042 W/FreeFormWindowHelper( 1526): Current Display FreeFormTask is Task{49b8cce #26 type=standard A=10066:com.android.deskclock U=0 visible=true mode=freeform translucent=false sz=1}
01-08 01:33:22.042 V/ShadeControllerImpl( 1984): NotificationShadeWindow: com.android.systemui.statusbar.phone.NotificationShadeWindowView{8dd8b58 I.E...... ......ID 0,0-2380,1020} canPanelBeCollapsed(): false
01-08 01:33:22.043 I/view_enqueue_input_event( 2543): [Motion - Cancel,com.android.launcher3/com.android.launcher3.uioverrides.QuickstepLauncher]
01-08 01:33:22.043 I/input_interaction( 1526): Interaction with: edge-swipe (server), swipe-up (server), PointerEventDispatcher0 (server),
01-08 01:33:22.043 W/FreeFormWindowHelper( 1526): Current Display FreeFormTask is Task{49b8cce #26 type=standard A=10066:com.android.deskclock U=0 visible=true mode=freeform translucent=false sz=1}
01-08 01:33:22.049 D/BaseIconFactory( 2543): normalizeAndWrapToAdaptiveIcon: scale=0.8095241
01-08 01:33:22.053 W/FreeFormWindowHelper( 1526): Current Display FreeFormTask is Task{49b8cce #26 type=standard A=10066:com.android.deskclock U=0 visible=true mode=freeform translucent=false sz=1}
01-08 01:33:22.059 I/hpplay-base( 2713): [mDNSEmbeded:140] embedded_mDNSLoop Exiting end,tid is 6079
01-08 01:33:22.060 D/hpplay-base( 2713): [mDNSEmbeded:452] stopmDNSServer end stopmDNSNow=2, nRet=0
01-08 01:33:22.062 W/ActivityTaskManager( 1526): getTaskSnapshot: taskId=2016 not found
01-08 01:33:22.062 W/ActivityTaskManager( 1526): getTaskSnapshot: taskId=1016 not found
01-08 01:33:22.070 W/FreeFormWindowHelper( 1526): Current Display FreeFormTask is Task{49b8cce #26 type=standard A=10066:com.android.deskclock U=0 visible=true mode=freeform translucent=false sz=1}
01-08 01:33:22.086 W/FreeFormWindowHelper( 1526): Current Display FreeFormTask is Task{49b8cce #26 type=standard A=10066:com.android.deskclock U=0 visible=true mode=freeform translucent=false sz=1}
01-08 01:33:22.153 I/OMX-VENC: venc_dev( 1222): stats: avg. fps 32.54, bitrate 4152610
01-08 01:33:22.239 I/commit_sys_config_file( 1526): [settings-1-0,2]
01-08 01:33:22.284 I/hpplay-base( 2713): [mDNSEmbeded:376] end lelink publish server, tid is 6080
01-08 01:33:22.284 D/hpplay-base( 2713): [mDNSEmbeded:420] stopmLelinkServer end nRet=0
01-08 01:33:22.284 D/hpplay-base( 2713): [LelinkBase:615] lebodlna stopServerThreadFunc dlnaEnable:1
01-08 01:33:22.284 D/hpplay-base-dlna( 2713): [lebodlna_api:49] stop DMR
01-08 01:33:22.284 D/hpplay-base-dlna( 2713): [lebodlna_api:344] m_pRender Release
01-08 01:33:22.335 D/hpplay-base-dlna( 2713): [UpnpDefine:867] DMRender release success
01-08 01:33:22.335 D/hpplay-base-dlna( 2713): [lebodlna_api:352] m_pAVT Release
01-08 01:33:22.335 D/hpplay-base-dlna( 2713): [lebodlna_api:360] m_pRCS Release
01-08 01:33:22.335 D/hpplay-base-dlna( 2713): [lebodlna_api:365] dmrender destroydmr
01-08 01:33:22.403 D/NoButtonQuickSwitchTouchController( 2543): onMotionPauseDetected:
01-08 01:33:22.404 D/vendor.qti.vibrator( 844): Vibrator perform effect 0
01-08 01:33:22.405 D/vendor.qti.vibrator( 844): Vibrator on for timeoutMs: 10
01-08 01:33:22.405 D/vendor.qti.vibrator( 844): Starting on on another thread
01-08 01:33:22.415 D/vendor.qti.vibrator( 844): Notifying on complete
01-08 01:33:22.415 D/vendor.qti.vibrator( 844): QTI Vibrator off
01-08 01:33:22.434 D/vendor.qti.vibrator( 844): Vibrator on for timeoutMs: 30
01-08 01:33:22.434 D/vendor.qti.vibrator( 844): Starting on on another thread
01-08 01:33:22.442 D/NoButtonQuickSwitchTouchController( 2543): onDragEnd: noFling=true,isPaused=true,velocity=PointF(-0.007548979, -0.13432103)
01-08 01:33:22.442 D/EditModeHelper( 2543): setHotseatVisibility: 0
01-08 01:33:22.444 W/FreeFormWindowHelper( 1526): Current Display FreeFormTask is Task{49b8cce #26 type=standard A=10066:com.android.deskclock U=0 visible=true mode=freeform translucent=false sz=1}
01-08 01:33:22.464 D/vendor.qti.vibrator( 844): Notifying on complete
01-08 01:33:22.464 D/vendor.qti.vibrator( 844): QTI Vibrator off
01-08 01:33:22.469 W/FreeFormWindowHelper( 1526): Current Display FreeFormTask is Task{49b8cce #26 type=standard A=10066:com.android.deskclock U=0 visible=true mode=freeform translucent=false sz=1}
01-08 01:33:22.469 W/View ( 2543): requestLayout() improperly called by com.android.launcher3.views.NoInsetView{73e83be V.ED..... ......ID 2038,0-2380,1020 #7f09007c app:id/bg_hotseat} during layout: running second layout pass
01-08 01:33:22.479 W/FreeFormWindowHelper( 1526): Current Display FreeFormTask is Task{49b8cce #26 type=standard A=10066:com.android.deskclock U=0 visible=true mode=freeform translucent=false sz=1}
01-08 01:33:22.496 W/FreeFormWindowHelper( 1526): Current Display FreeFormTask is Task{49b8cce #26 type=standard A=10066:com.android.deskclock U=0 visible=true mode=freeform translucent=false sz=1}
01-08 01:33:22.512 W/FreeFormWindowHelper( 1526): Current Display FreeFormTask is Task{49b8cce #26 type=standard A=10066:com.android.deskclock U=0 visible=true mode=freeform translucent=false sz=1}
01-08 01:33:22.528 W/FreeFormWindowHelper( 1526): Current Display FreeFormTask is Task{49b8cce #26 type=standard A=10066:com.android.deskclock U=0 visible=true mode=freeform translucent=false sz=1}
01-08 01:33:22.545 W/FreeFormWindowHelper( 1526): Current Display FreeFormTask is Task{49b8cce #26 type=standard A=10066:com.android.deskclock U=0 visible=true mode=freeform translucent=false sz=1}
01-08 01:33:22.562 W/FreeFormWindowHelper( 1526): Current Display FreeFormTask is Task{49b8cce #26 type=standard A=10066:com.android.deskclock U=0 visible=true mode=freeform translucent=false sz=1}
01-08 01:33:22.578 W/FreeFormWindowHelper( 1526): Current Display FreeFormTask is Task{49b8cce #26 type=standard A=10066:com.android.deskclock U=0 visible=true mode=freeform translucent=false sz=1}
01-08 01:33:22.595 W/FreeFormWindowHelper( 1526): Current Display FreeFormTask is Task{49b8cce #26 type=standard A=10066:com.android.deskclock U=0 visible=true mode=freeform translucent=false sz=1}
01-08 01:33:22.614 W/FreeFormWindowHelper( 1526): Current Display FreeFormTask is Task{49b8cce #26 type=standard A=10066:com.android.deskclock U=0 visible=true mode=freeform translucent=false sz=1}
01-08 01:33:22.633 W/System ( 1526): A resource failed to call close.
01-08 01:33:22.633 W/System ( 1526): A resource failed to call close.
01-08 01:33:22.633 W/System ( 1526): A resource failed to call close.
01-08 01:33:22.633 W/System ( 1526): A resource failed to call close.
01-08 01:33:22.633 W/FreeFormWindowHelper( 1526): Current Display FreeFormTask is Task{49b8cce #26 type=standard A=10066:com.android.deskclock U=0 visible=true mode=freeform translucent=false sz=1}
01-08 01:33:22.633 W/System ( 1526): A resource failed to call close.
01-08 01:33:22.633 W/System ( 1526): A resource failed to call close.
01-08 01:33:22.633 W/System ( 1526): A resource failed to call close.
01-08 01:33:22.633 W/System ( 1526): A resource failed to call close.
01-08 01:33:22.633 W/System ( 1526): A resource failed to call close.
01-08 01:33:22.634 W/System ( 1526): A resource failed to call close.
01-08 01:33:22.635 D/hpplay-base-dlna( 2713): [lebodlna-dlna_android:186] stopDLNA
01-08 01:33:22.635 D/hpplay-base-dlna( 2713): [lebodlna-dlna_android:189] dlnaservice destroy
01-08 01:33:22.635 D/hpplay-base-dlna( 2713): [lebodlna-dlna_android:49] dlnaservice Destroy 49 int CDlnaService::Destroy()
01-08 01:33:22.635 D/hpplay-base-dlna( 2713): [lebodlna-dlnaframe:245] dlnaservice Destroy 245 static ERROR_TYPE IDlnaFrame::DestroyDlnaFrame(IDlnaFrame *)
01-08 01:33:22.635 D/hpplay-base-dlna( 2713): [lebodlna-dlnaframe:179] dlnaservice Destroy 179 virtual void CDlnaFrame::Release()
01-08 01:33:22.635 D/hpplay-base-dlna( 2713): [lebodlna-dlnaframe:190] dlnaservice Destroy 190 virtual void CDlnaFrame::Release()
01-08 01:33:22.635 D/hpplay-base-dlna( 2713): [lebodlna-dlnaframe:192] dlnaservice Destroy 192 virtual void CDlnaFrame::Release()
01-08 01:33:22.635 D/hpplay-base-dlna( 2713): [lebodlna-dlnaframe:247] dlnaservice Destroy 247 static ERROR_TYPE IDlnaFrame::DestroyDlnaFrame(IDlnaFrame *)
01-08 01:33:22.635 D/hpplay-base-dlna( 2713): [lebodlna-dlnaframe:251] dlnaservice Destroy 251 static ERROR_TYPE IDlnaFrame::DestroyDlnaFrame(IDlnaFrame *)
01-08 01:33:22.636 E/hpplay-base-dlna( 2713): upnpapi.c:655::before gminiserver ThreadPoolShutdown
01-08 01:33:22.636 E/hpplay-base-dlna( 2713): ThreadPool.c:1047::on ThreadPoolShutdown tp->totalThreads:3
01-08 01:33:22.637 E/hpplay-base-dlna( 2713): ThreadPool.c:1056::after ThreadPoolShutdown
01-08 01:33:22.637 E/hpplay-base-dlna( 2713): ThreadPool.c:1057::ThreadPoolShutdown tp->totalThreads:0
01-08 01:33:22.637 E/hpplay-base-dlna( 2713): upnpapi.c:657::after gminiserver ThreadPoolShutdown
01-08 01:33:22.637 E/hpplay-base-dlna( 2713): upnpapi.c:659::before grecv ThreadPoolShutdown
01-08 01:33:22.637 E/hpplay-base-dlna( 2713): ThreadPool.c:1047::on ThreadPoolShutdown tp->totalThreads:12
01-08 01:33:22.637 E/hpplay-base-dlna( 2713): ThreadPool.c:1047::on ThreadPoolShutdown tp->totalThreads:11
01-08 01:33:22.637 E/hpplay-base-dlna( 2713): ThreadPool.c:1047::on ThreadPoolShutdown tp->totalThreads:10
01-08 01:33:22.637 E/hpplay-base-dlna( 2713): ThreadPool.c:1047::on ThreadPoolShutdown tp->totalThreads:9
01-08 01:33:22.637 E/hpplay-base-dlna( 2713): ThreadPool.c:1047::on ThreadPoolShutdown tp->totalThreads:8
01-08 01:33:22.637 E/hpplay-base-dlna( 2713): ThreadPool.c:1047::on ThreadPoolShutdown tp->totalThreads:7
01-08 01:33:22.637 E/hpplay-base-dlna( 2713): ThreadPool.c:1047::on ThreadPoolShutdown tp->totalThreads:6
01-08 01:33:22.637 E/hpplay-base-dlna( 2713): ThreadPool.c:1047::on ThreadPoolShutdown tp->totalThreads:5
01-08 01:33:22.637 E/hpplay-base-dlna( 2713): ThreadPool.c:1047::on ThreadPoolShutdown tp->totalThreads:3
01-08 01:33:22.637 E/hpplay-base-dlna( 2713): ThreadPool.c:1047::on ThreadPoolShutdown tp->totalThreads:1
01-08 01:33:22.637 E/hpplay-base-dlna( 2713): ThreadPool.c:1056::after ThreadPoolShutdown
01-08 01:33:22.637 E/hpplay-base-dlna( 2713): ThreadPool.c:1057::ThreadPoolShutdown tp->totalThreads:0
01-08 01:33:22.637 E/hpplay-base-dlna( 2713): upnpapi.c:661::after grecv ThreadPoolShutdown
01-08 01:33:22.637 E/hpplay-base-dlna( 2713): upnpapi.c:663::before gsend ThreadPoolShutdown
01-08 01:33:22.637 E/hpplay-base-dlna( 2713): ThreadPool.c:1047::on ThreadPoolShutdown tp->totalThreads:3
01-08 01:33:22.637 E/hpplay-base-dlna( 2713): ThreadPool.c:1047::on ThreadPoolShutdown tp->totalThreads:2
01-08 01:33:22.637 E/hpplay-base-dlna( 2713): ThreadPool.c:1047::on ThreadPoolShutdown tp->totalThreads:1
01-08 01:33:22.637 E/hpplay-base-dlna( 2713): ThreadPool.c:1056::after ThreadPoolShutdown
01-08 01:33:22.637 E/hpplay-base-dlna( 2713): ThreadPool.c:1057::ThreadPoolShutdown tp->totalThreads:0
01-08 01:33:22.637 E/hpplay-base-dlna( 2713): upnpapi.c:665::after gsend ThreadPoolShutdown
01-08 01:33:22.637 D/hpplay-base-dlna( 2713): [lebodlna-dlnaframe:253] dlnaservice Destroy 253 static ERROR_TYPE IDlnaFrame::DestroyDlnaFrame(IDlnaFrame *)
01-08 01:33:22.637 D/hpplay-base-dlna( 2713): [lebodlna-dlna_android:51] dlnaservice Destroy 51 int CDlnaService::Destroy()
01-08 01:33:22.637 D/hpplay-base-dlna( 2713): [lebodlna-dlna_android:194] stopDLNA end
01-08 01:33:22.640 E/TaskPersister( 1526): File error accessing recents directory (directory doesn't exist?).
01-08 01:33:22.645 I/commit_sys_config_file( 1526): [settings-1-0,1]
01-08 01:33:22.647 W/FreeFormWindowHelper( 1526): Current Display FreeFormTask is Task{49b8cce #26 type=standard A=10066:com.android.deskclock U=0 visible=true mode=freeform translucent=false sz=1}
01-08 01:33:22.664 W/FreeFormWindowHelper( 1526): Current Display FreeFormTask is Task{49b8cce #26 type=standard A=10066:com.android.deskclock U=0 visible=true mode=freeform translucent=false sz=1}
01-08 01:33:22.680 W/FreeFormWindowHelper( 1526): Current Display FreeFormTask is Task{49b8cce #26 type=standard A=10066:com.android.deskclock U=0 visible=true mode=freeform translucent=false sz=1}
01-08 01:33:22.697 W/FreeFormWindowHelper( 1526): Current Display FreeFormTask is Task{49b8cce #26 type=standard A=10066:com.android.deskclock U=0 visible=true mode=freeform translucent=false sz=1}
01-08 01:33:22.714 W/FreeFormWindowHelper( 1526): Current Display FreeFormTask is Task{49b8cce #26 type=standard A=10066:com.android.deskclock U=0 visible=true mode=freeform translucent=false sz=1}
01-08 01:33:22.730 W/FreeFormWindowHelper( 1526): Current Display FreeFormTask is Task{49b8cce #26 type=standard A=10066:com.android.deskclock U=0 visible=true mode=freeform translucent=false sz=1}
01-08 01:33:22.747 W/FreeFormWindowHelper( 1526): Current Display FreeFormTask is Task{49b8cce #26 type=standard A=10066:com.android.deskclock U=0 visible=true mode=freeform translucent=false sz=1}
01-08 01:33:22.765 D/StateManager( 2543): goToState: Overview
01-08 01:33:22.765 D/FreeWindowHelper( 2543): enterOrExitRecentTasks: isEnterRecentTasks=true,mExitFlag=1
01-08 01:33:22.765 I/wm_finish_activity( 1526): [0,7727087,26,com.android.deskclock/.DeskClock,app-request]
01-08 01:33:22.765 I/wm_task_moved( 1526): [1,1,6]
01-08 01:33:22.766 I/wm_on_top_resumed_lost_called( 2664): [7727087,com.android.deskclock.DeskClock,topStateChangedWhenResumed]
01-08 01:33:22.766 I/wm_set_resumed_activity( 1526): [0,com.android.launcher3/.uioverrides.QuickstepLauncher,positionChildAt]
01-08 01:33:22.766 I/wm_task_moved( 1526): [8,1,2147483647]
01-08 01:33:22.766 I/wm_task_to_front( 1526): [0,8]
01-08 01:33:22.766 I/wm_focused_root_task( 1526): [0,0,1,-1,finish-top adjustFocusToNextFocusableTask]
01-08 01:33:22.766 I/wm_set_resumed_activity( 1526): [0,com.android.launcher3/.uioverrides.QuickstepLauncher,finish-top]
01-08 01:33:22.769 D/ActivityTrigger( 1526): ActivityTrigger activityPauseTrigger
01-08 01:33:22.769 I/wm_pause_activity( 1526): [0,7727087,com.android.deskclock/.DeskClock,userLeaving=false,finish]
01-08 01:33:22.771 I/input_focus( 1526): [Focus request 1bc00b2 com.android.launcher3/com.android.launcher3.uioverrides.QuickstepLauncher,reason=UpdateInputWindows]
01-08 01:33:22.771 W/FreeFormWindowHelper( 1526): Current Display FreeFormTask is Task{49b8cce #26 type=standard A=10066:com.android.deskclock U=0 visible=false mode=freeform translucent=true sz=1}
01-08 01:33:22.771 D/FreeWindowContainer( 2543): reloadTask: TaskInfo{userId=0 taskId=26 displayId=0 isRunning=false baseIntent=Intent { flg=0x10008000 cmp=com.android.deskclock/.DeskClock } baseActivity=null topActivity=null origActivity=null realActivity=ComponentInfo{com.android.deskclock/com.android.deskclock.DeskClock} numActivities=0 lastActiveTime=139885 supportsSplitScreenMultiWindow=true supportsMultiWindow=true resizeMode=1 isResizeable=true token=WCT{android.window.IWindowContainerToken$Stub$Proxy@3a0aaa1} topActivityType=1 pictureInPictureParams=null displayCutoutSafeInsets=null topActivityInfo=null launchCookies=[] positionInParent=Point(0, 72) parentTaskId=-1 isFocused=false isVisible=true topActivityInSizeCompat=false locusId= null}
01-08 01:33:22.774 I/wm_on_paused_called( 2664): [7727087,com.android.deskclock.DeskClock,performPause]
01-08 01:33:22.774 I/ActivityTaskManager( 1526): FOREGROUND_APPLICATION_CHANGED to com.android.launcher3.uioverrides.QuickstepLauncher
01-08 01:33:22.774 I/wm_destroy_activity( 1526): [0,7727087,26,com.android.deskclock/.DeskClock,finish-imm:completePausedLocked]
01-08 01:33:22.776 I/GameMode_ActivityMonitoringService( 2387): onForegroundActivitiesChanged uid 10066 pid 2664 fg false
01-08 01:33:22.780 I/sysui_multi_action( 1526): [757,803,799,window_time_0,802,2]
01-08 01:33:22.782 I/mpu_uart( 640): [MSG-P:RECV]:No message received in 1000 ms
01-08 01:33:22.783 I/GameMode_ActivityMonitoringService( 2387): Updating top task to: TaskInfoContainer [topActivity=ComponentInfo{com.android.launcher3/com.android.launcher3.uioverrides.QuickstepLauncher}, taskId=8, stackId=1, userId=0, displayId=0, position=6
01-08 01:33:22.783 I/GameMode_ActivityMonitoringService( 2387): Notifying about top task: TaskInfoContainer [topActivity=ComponentInfo{com.android.launcher3/com.android.launcher3.uioverrides.QuickstepLauncher}, taskId=8, stackId=1, userId=0, displayId=0, position=6
01-08 01:33:22.783 I/GameMode_ActivityMonitoringService( 2387): WindowMode: 1
01-08 01:33:22.783 E/GameMode_ActivityMonitoringService( 2387): onActivityLaunch:com.android.launcher3
01-08 01:33:22.783 V/GameMode_GameTypeUtils( 2387): judge isGame:com.android.launcher3
01-08 01:33:22.783 V/GameMode_GpuUtils( 2387): fps:60
01-08 01:33:22.783 D/EditModeHelper( 2543): setHotseatVisibility: 0
01-08 01:33:22.784 D/GameMode_GameModeActionUtils( 2387): Show GameMode entry by service!
01-08 01:33:22.784 W/FreeFormWindowHelper( 1526): Current Display FreeFormTask is Task{49b8cce #26 type=standard A=10066:com.android.deskclock U=0 visible=false mode=freeform translucent=true sz=1}
01-08 01:33:22.784 W/ContextImpl( 2387): Calling a method in the system process without a qualified user: android.app.ContextImpl.startService:1816 android.content.ContextWrapper.startService:774 com.thundercomm.gamemode.ingame.services.GameModeActionUtils.startGameModeService:111 com.thundercomm.gamemode.ingame.services.GameModeActionUtils.startGameModeEntry:22 com.thundercomm.gamemode.ingame.services.ActivityMonitoringService$1.onActivityLaunch:129
01-08 01:33:22.785 D/GameModeIF_GameModeSettings( 2387): getUriFor setting_content_uri_root = content://com.thundercomm.gamemode.api/gamemode_settings , name = gamemode_isgaming
01-08 01:33:22.785 D/GameMode_GameModeService( 2387): type=hide_entry
01-08 01:33:22.787 I/wm_on_stop_called( 2664): [7727087,com.android.deskclock.DeskClock,LIFECYCLER_STOP_ACTIVITY]
01-08 01:33:22.787 I/GameModeConfig( 1526): Current uri is uri = content://com.thundercomm.gamemode.api/gamemode_settings/gamemode_isgaming
01-08 01:33:22.787 D/GameModeIF_GameModeSettings( 1526): getUriFor setting_content_uri_root = content://com.thundercomm.gamemode.api/gamemode_settings , name = gamemode_isgaming
01-08 01:33:22.787 D/GameMode_GameSettingsObserver( 2387): Game Data change!!!! uri = content://com.thundercomm.gamemode.api/gamemode_settings/gamemode_isgaming
01-08 01:33:22.787 D/GameModeIF_GameModeSettings( 2387): getUriFor setting_content_uri_root = content://com.thundercomm.gamemode.api/gamemode_settings , name = gamemode_isgaming
01-08 01:33:22.787 D/GameModeIF_GameModeSettings( 2387): gamemode_isgaming set to 0
01-08 01:33:22.788 I/GameModeConfig( 1526): isGameModeOn = true
01-08 01:33:22.788 I/GameModeConfig( 1526): isGaming = false
01-08 01:33:22.788 I/GameModeConfig( 1526): isGameModeOn = true
01-08 01:33:22.788 I/GameModeConfig( 1526): isGaming = false
01-08 01:33:22.788 I/GameModeConfig( 1526): isDisableVoice = true
01-08 01:33:22.788 D/GameMode_GameModeService( 2387): updateGlobalSettings = gamemode_isgaming
01-08 01:33:22.791 I/input_focus( 1526): [Focus leaving de3140b com.android.deskclock/com.android.deskclock.DeskClock (server),reason=NO_WINDOW]
01-08 01:33:22.791 I/input_focus( 1526): [Focus entering 1bc00b2 com.android.launcher3/com.android.launcher3.uioverrides.QuickstepLauncher (server),reason=setFocusedWindow]
01-08 01:33:22.794 I/wm_on_destroy_called( 2664): [7727087,com.android.deskclock.DeskClock,performDestroy]
01-08 01:33:22.796 W/FreeFormWindowHelper( 1526): Current Display FreeFormTask is Task{49b8cce #26 type=standard A=10066:com.android.deskclock U=0 visible=false mode=freeform translucent=true sz=1}
01-08 01:33:22.797 W/InputManager-JNI( 1526): Input channel object 'de3140b com.android.deskclock/com.android.deskclock.DeskClock (client)' was disposed without first being removed with the input manager!
01-08 01:33:22.799 I/wm_on_top_resumed_gained_called( 2543): [162781513,com.android.launcher3.uioverrides.QuickstepLauncher,topStateChangedWhenResumed]
01-08 01:33:22.859 I/mpu_uart( 640): [MSG-P:R]:recv sync frame timeout
01-08 01:33:22.876 I/GameMode_ActivityMonitoringService( 2387): onTaskStackChanged
01-08 01:33:22.877 W/FreeFormWindowHelper( 1526): Current Display FreeFormTask is Task{49b8cce #26 type=standard A=10066:com.android.deskclock U=0 visible=false mode=freeform translucent=true sz=1}
01-08 01:33:22.877 W/FreeFormWindowHelper( 1526): Current Display FreeFormTask is Task{49b8cce #26 type=standard A=10066:com.android.deskclock U=0 visible=false mode=freeform translucent=true sz=1}
01-08 01:33:22.877 W/FreeFormWindowHelper( 1526): Current Display FreeFormTask is Task{49b8cce #26 type=standard A=10066:com.android.deskclock U=0 visible=false mode=freeform translucent=true sz=1}
01-08 01:33:22.877 W/FreeFormWindowHelper( 1526): Current Display FreeFormTask is Task{49b8cce #26 type=standard A=10066:com.android.deskclock U=0 visible=false mode=freeform translucent=true sz=1}
01-08 01:33:22.877 W/FreeFormWindowHelper( 1526): Current Display FreeFormTask is Task{49b8cce #26 type=standard A=10066:com.android.deskclock U=0 visible=false mode=freeform translucent=true sz=1}
01-08 01:33:22.877 W/FreeFormWindowHelper( 1526): Current Display FreeFormTask is Task{49b8cce #26 type=standard A=10066:com.android.deskclock U=0 visible=false mode=freeform translucent=true sz=1}
01-08 01:33:22.877 W/FreeFormWindowHelper( 1526): Current Display FreeFormTask is Task{49b8cce #26 type=standard A=10066:com.android.deskclock U=0 visible=false mode=freeform translucent=true sz=1}
01-08 01:33:22.877 W/FreeFormWindowHelper( 1526): Current Display FreeFormTask is Task{49b8cce #26 type=standard A=10066:com.android.deskclock U=0 visible=false mode=freeform translucent=true sz=1}
01-08 01:33:22.877 I/GameMode_ActivityMonitoringService( 2387): Updating top task to: TaskInfoContainer [topActivity=ComponentInfo{com.android.launcher3/com.android.launcher3.uioverrides.QuickstepLauncher}, taskId=8, stackId=1, userId=0, displayId=0, position=6
01-08 01:33:22.878 I/GameMode_ActivityMonitoringService( 2387): Notifying about top task: TaskInfoContainer [topActivity=ComponentInfo{com.android.launcher3/com.android.launcher3.uioverrides.QuickstepLauncher}, taskId=8, stackId=1, userId=0, displayId=0, position=6
01-08 01:33:22.878 I/GameMode_ActivityMonitoringService( 2387): WindowMode: 1
01-08 01:33:22.878 E/GameMode_ActivityMonitoringService( 2387): onActivityLaunch:com.android.launcher3
01-08 01:33:22.878 V/GameMode_GameTypeUtils( 2387): judge isGame:com.android.launcher3
01-08 01:33:22.878 V/GameMode_GpuUtils( 2387): fps:60
01-08 01:33:22.878 D/GameMode_GameModeActionUtils( 2387): Show GameMode entry by service!
01-08 01:33:22.879 W/ContextImpl( 2387): Calling a method in the system process without a qualified user: android.app.ContextImpl.startService:1816 android.content.ContextWrapper.startService:774 com.thundercomm.gamemode.ingame.services.GameModeActionUtils.startGameModeService:111 com.thundercomm.gamemode.ingame.services.GameModeActionUtils.startGameModeEntry:22 com.thundercomm.gamemode.ingame.services.ActivityMonitoringService$1.onActivityLaunch:129
01-08 01:33:22.880 D/GameModeIF_GameModeSettings( 2387): getUriFor setting_content_uri_root = content://com.thundercomm.gamemode.api/gamemode_settings , name = gamemode_isgaming
01-08 01:33:22.880 D/GameMode_GameModeService( 2387): type=hide_entry
01-08 01:33:22.880 I/GameModeConfig( 1526): Current uri is uri = content://com.thundercomm.gamemode.api/gamemode_settings/gamemode_isgaming
01-08 01:33:22.880 D/GameModeIF_GameModeSettings( 1526): getUriFor setting_content_uri_root = content://com.thundercomm.gamemode.api/gamemode_settings , name = gamemode_isgaming
01-08 01:33:22.880 D/GameMode_GameSettingsObserver( 2387): Game Data change!!!! uri = content://com.thundercomm.gamemode.api/gamemode_settings/gamemode_isgaming
01-08 01:33:22.881 D/GameModeIF_GameModeSettings( 2387): getUriFor setting_content_uri_root = content://com.thundercomm.gamemode.api/gamemode_settings , name = gamemode_isgaming
01-08 01:33:22.881 D/GameModeIF_GameModeSettings( 2387): gamemode_isgaming set to 0
01-08 01:33:22.881 I/GameModeConfig( 1526): isGameModeOn = true
01-08 01:33:22.881 I/GameModeConfig( 1526): isGaming = false
01-08 01:33:22.881 I/GameModeConfig( 1526): isGameModeOn = true
