01-08 01:32:15.169 I/msm8974_platform( 798): platform_get_custom_mtmx_params: no matching param with id 0 ip_ch 2 op_ch 2 uc_id 1 snd_dev 2
01-08 01:32:15.169 D/hardware_info( 798): hw_info_append_hw_type : device_name = speaker
01-08 01:32:15.169 D/audio_hw_primary( 798): disable_snd_device: snd_device(2: speaker)
01-08 01:32:15.169 D/msm8974_platform( 798): platform_split_snd_device: snd_device(2) num devices(0) new_snd_devices(0)
01-08 01:32:15.169 I/soundtrigger( 798): audio_extn_sound_trigger_update_device_status: device 0x2 of type 0 for Event 0, with Raise=0
01-08 01:32:15.169 D/audio_hw_primary( 798): out_standby: exit
01-08 01:32:15.179 D/BufferPoolAccessor2.0( 1284): evictor expired: 1, evicted: 0
01-08 01:32:15.307 D/BufferPoolAccessor2.0( 2387): evictor expired: 1, evicted: 0
01-08 01:32:15.420 I/GameModeConfig( 1526): isGameModeOn = true
01-08 01:32:15.420 I/GameModeConfig( 1526): isGaming = false
01-08 01:32:15.643 I/OMX-VENC: venc_dev( 1222): stats: avg. fps 28.64, bitrate 2583881
01-08 01:32:15.758 I/mpu_uart( 640): [MSG-P:RECV]:No message received in 1000 ms
01-08 01:32:15.963 I/auditd ( 0): type=1400 audit(0.0:400): avc: denied { kill } for comm="swapper/0" capability=5 scontext=u:r:kernel:s0 tcontext=u:r:kernel:s0 tclass=capability permissive=0
01-08 01:32:15.963 W/swapper/0( 0): type=1400 audit(0.0:400): avc: denied { kill } for capability=5 scontext=u:r:kernel:s0 tcontext=u:r:kernel:s0 tclass=capability permissive=0
01-08 01:32:16.177 D/BufferPoolAccessor2.0( 1199): evictor expired: 1, evicted: 0
01-08 01:32:16.261 D/EditModeHelper( 2543): setHotseatVisibility: 8
01-08 01:32:16.262 W/FreeFormWindowHelper( 1526): Current Display FreeFormTask is Task{1a44b3c #10 type=standard A=10064:android.task.calendar U=0 visible=true mode=freeform translucent=false sz=1}
01-08 01:32:16.262 W/FreeFormWindowHelper( 1526): Current Display FreeFormTask is Task{1a44b3c #10 type=standard A=10064:android.task.calendar U=0 visible=true mode=freeform translucent=false sz=1}
01-08 01:32:16.262 W/FreeFormWindowHelper( 1526): Current Display FreeFormTask is Task{1a44b3c #10 type=standard A=10064:android.task.calendar U=0 visible=true mode=freeform translucent=false sz=1}
01-08 01:32:16.262 D/FreeWindowContainer( 2543): reloadTask: TaskInfo{userId=0 taskId=10 displayId=0 isRunning=true baseIntent=Intent { flg=0x10008000 cmp=com.android.calendar/.AllInOneActivity } baseActivity=ComponentInfo{com.android.calendar/com.android.calendar.AllInOneActivity} topActivity=ComponentInfo{com.android.calendar/com.android.calendar.AllInOneActivity} origActivity=null realActivity=ComponentInfo{com.android.calendar/com.android.calendar.AllInOneActivity} numActivities=1 lastActiveTime=73374 supportsSplitScreenMultiWindow=true supportsMultiWindow=true resizeMode=1 isResizeable=true token=WCT{android.window.IWindowContainerToken$Stub$Proxy@49c876b} topActivityType=1 pictureInPictureParams=PictureInPictureParams( aspectRatio=null sourceRectHint=null hasSetActions=false isAutoPipEnabled=false isSeamlessResizeEnabled=true) displayCutoutSafeInsets=null topActivityInfo=ActivityInfo{faa72c8 com.android.calendar.AllInOneActivity} launchCookies=[] positionInParent=Point(0, 72) parentTaskId=-1 isFocused=true isVisible=true topActivityInSizeCompat=false locusId= null}
01-08 01:32:16.267 I/InputDispatcher( 1526): Monitor swipe-up (server) is stealing touch from [1bc00b2 com.android.launcher3/com.android.launcher3.uioverrides.QuickstepLauncher (server), fe7e613 com.android.systemui.ImageWallpaper (server), ]
01-08 01:32:16.267 I/view_enqueue_input_event( 2543): [Motion - Cancel,com.android.launcher3/com.android.launcher3.uioverrides.QuickstepLauncher]
01-08 01:32:16.268 W/FreeFormWindowHelper( 1526): Current Display FreeFormTask is Task{1a44b3c #10 type=standard A=10064:android.task.calendar U=0 visible=true mode=freeform translucent=false sz=1}
01-08 01:32:16.268 V/ShadeControllerImpl( 1984): NotificationShadeWindow: com.android.systemui.statusbar.phone.NotificationShadeWindowView{8dd8b58 I.E...... ......ID 0,0-2380,1020} canPanelBeCollapsed(): false
01-08 01:32:16.269 W/FreeFormWindowHelper( 1526): Current Display FreeFormTask is Task{1a44b3c #10 type=standard A=10064:android.task.calendar U=0 visible=true mode=freeform translucent=false sz=1}
01-08 01:32:16.269 W/FreeFormWindowHelper( 1526): Current Display FreeFormTask is Task{1a44b3c #10 type=standard A=10064:android.task.calendar U=0 visible=true mode=freeform translucent=false sz=1}
01-08 01:32:16.270 W/FreeFormWindowHelper( 1526): Current Display FreeFormTask is Task{1a44b3c #10 type=standard A=10064:android.task.calendar U=0 visible=true mode=freeform translucent=false sz=1}
01-08 01:32:16.271 W/FreeFormWindowHelper( 1526): Current Display FreeFormTask is Task{1a44b3c #10 type=standard A=10064:android.task.calendar U=0 visible=true mode=freeform translucent=false sz=1}
01-08 01:32:16.271 W/FreeFormWindowHelper( 1526): Current Display FreeFormTask is Task{1a44b3c #10 type=standard A=10064:android.task.calendar U=0 visible=true mode=freeform translucent=false sz=1}
01-08 01:32:16.271 W/FreeFormWindowHelper( 1526): Current Display FreeFormTask is Task{1a44b3c #10 type=standard A=10064:android.task.calendar U=0 visible=true mode=freeform translucent=false sz=1}
01-08 01:32:16.271 W/FreeFormWindowHelper( 1526): Current Display FreeFormTask is Task{1a44b3c #10 type=standard A=10064:android.task.calendar U=0 visible=true mode=freeform translucent=false sz=1}
01-08 01:32:16.272 W/FreeFormWindowHelper( 1526): Current Display FreeFormTask is Task{1a44b3c #10 type=standard A=10064:android.task.calendar U=0 visible=true mode=freeform translucent=false sz=1}
01-08 01:32:16.272 W/FreeFormWindowHelper( 1526): Current Display FreeFormTask is Task{1a44b3c #10 type=standard A=10064:android.task.calendar U=0 visible=true mode=freeform translucent=false sz=1}
01-08 01:32:16.272 D/BaseIconFactory( 2543): normalizeAndWrapToAdaptiveIcon: scale=0.8095241
01-08 01:32:16.272 W/FreeFormWindowHelper( 1526): Current Display FreeFormTask is Task{1a44b3c #10 type=standard A=10064:android.task.calendar U=0 visible=true mode=freeform translucent=false sz=1}
01-08 01:32:16.272 I/input_interaction( 1526): Interaction with: edge-swipe (server), swipe-up (server), PointerEventDispatcher0 (server),
01-08 01:32:16.273 W/ActivityTaskManager( 1526): getTaskSnapshot: taskId=5010 not found
01-08 01:32:16.273 D/BaseIconFactory( 2543): normalizeAndWrapToAdaptiveIcon: scale=0.8095241
01-08 01:32:16.274 W/ActivityTaskManager( 1526): getTaskSnapshot: taskId=4010 not found
01-08 01:32:16.274 D/BaseIconFactory( 2543): normalizeAndWrapToAdaptiveIcon: scale=0.8095241
01-08 01:32:16.278 E/PagedView( 2543): validateNewPage: failed to find a page < mMaxScrollX
01-08 01:32:16.278 W/FreeFormWindowHelper( 1526): Current Display FreeFormTask is Task{1a44b3c #10 type=standard A=10064:android.task.calendar U=0 visible=true mode=freeform translucent=false sz=1}
01-08 01:32:16.278 W/FreeFormWindowHelper( 1526): Current Display FreeFormTask is Task{1a44b3c #10 type=standard A=10064:android.task.calendar U=0 visible=true mode=freeform translucent=false sz=1}
01-08 01:32:16.279 W/ActivityTaskManager( 1526): getTaskSnapshot: taskId=5010 not found
01-08 01:32:16.279 W/FreeFormWindowHelper( 1526): Current Display FreeFormTask is Task{1a44b3c #10 type=standard A=10064:android.task.calendar U=0 visible=true mode=freeform translucent=false sz=1}
01-08 01:32:16.279 W/ActivityTaskManager( 1526): getTaskSnapshot: taskId=4010 not found
01-08 01:32:16.279 W/FreeFormWindowHelper( 1526): Current Display FreeFormTask is Task{1a44b3c #10 type=standard A=10064:android.task.calendar U=0 visible=true mode=freeform translucent=false sz=1}
01-08 01:32:16.279 W/ActivityTaskManager( 1526): getTaskSnapshot: taskId=3010 not found
01-08 01:32:16.279 W/FreeFormWindowHelper( 1526): Current Display FreeFormTask is Task{1a44b3c #10 type=standard A=10064:android.task.calendar U=0 visible=true mode=freeform translucent=false sz=1}
01-08 01:32:16.279 D/BaseIconFactory( 2543): normalizeAndWrapToAdaptiveIcon: scale=0.8095241
01-08 01:32:16.279 W/FreeFormWindowHelper( 1526): Current Display FreeFormTask is Task{1a44b3c #10 type=standard A=10064:android.task.calendar U=0 visible=true mode=freeform translucent=false sz=1}
01-08 01:32:16.279 W/FreeFormWindowHelper( 1526): Current Display FreeFormTask is Task{1a44b3c #10 type=standard A=10064:android.task.calendar U=0 visible=true mode=freeform translucent=false sz=1}
01-08 01:32:16.280 W/FreeFormWindowHelper( 1526): Current Display FreeFormTask is Task{1a44b3c #10 type=standard A=10064:android.task.calendar U=0 visible=true mode=freeform translucent=false sz=1}
01-08 01:32:16.280 W/ActivityTaskManager( 1526): getTaskSnapshot: taskId=2010 not found
01-08 01:32:16.280 W/View ( 2543): requestLayout() improperly called by android.widget.ImageView{17b01a V.ED..... ......I. 0,0-0,0 #7f09022a app:id/task_null_iv} during layout: running second layout pass
01-08 01:32:16.280 W/View ( 2543): requestLayout() improperly called by android.widget.ImageView{fda174b V.ED..... ......I. 0,0-0,0 #7f09022a app:id/task_null_iv} during layout: running second layout pass
01-08 01:32:16.280 W/View ( 2543): requestLayout() improperly called by android.widget.ImageView{1f6f528 V.ED..... ......I. 0,0-0,0 #7f09022a app:id/task_null_iv} during layout: running second layout pass
01-08 01:32:16.280 D/BaseIconFactory( 2543): normalizeAndWrapToAdaptiveIcon: scale=0.8095241
01-08 01:32:16.280 W/FreeFormWindowHelper( 1526): Current Display FreeFormTask is Task{1a44b3c #10 type=standard A=10064:android.task.calendar U=0 visible=true mode=freeform translucent=false sz=1}
01-08 01:32:16.280 W/ActivityTaskManager( 1526): getTaskSnapshot: taskId=1010 not found
01-08 01:32:16.281 D/BaseIconFactory( 2543): normalizeAndWrapToAdaptiveIcon: scale=0.8095241
01-08 01:32:16.295 W/FreeFormWindowHelper( 1526): Current Display FreeFormTask is Task{1a44b3c #10 type=standard A=10064:android.task.calendar U=0 visible=true mode=freeform translucent=false sz=1}
01-08 01:32:16.464 I/commit_sys_config_file( 1526): [settings-1-0,2]
01-08 01:32:16.645 D/NoButtonQuickSwitchTouchController( 2543): onMotionPauseDetected:
01-08 01:32:16.648 D/vendor.qti.vibrator( 844): Vibrator perform effect 0
01-08 01:32:16.649 D/vendor.qti.vibrator( 844): Vibrator on for timeoutMs: 10
01-08 01:32:16.649 D/vendor.qti.vibrator( 844): Starting on on another thread
01-08 01:32:16.658 D/vendor.qti.vibrator( 844): QTI Vibrator off
01-08 01:32:16.659 D/vendor.qti.vibrator( 844): Notifying on complete
01-08 01:32:16.679 D/vendor.qti.vibrator( 844): Vibrator on for timeoutMs: 30
01-08 01:32:16.679 D/vendor.qti.vibrator( 844): Starting on on another thread
01-08 01:32:16.709 D/vendor.qti.vibrator( 844): Notifying on complete
01-08 01:32:16.709 D/vendor.qti.vibrator( 844): QTI Vibrator off
01-08 01:32:16.727 D/NoButtonQuickSwitchTouchController( 2543): onDragEnd: noFling=true,isPaused=true,velocity=PointF(-9.465081E-5, 0.107268855)
01-08 01:32:16.728 D/EditModeHelper( 2543): setHotseatVisibility: 0
01-08 01:32:16.733 W/FreeFormWindowHelper( 1526): Current Display FreeFormTask is Task{1a44b3c #10 type=standard A=10064:android.task.calendar U=0 visible=true mode=freeform translucent=false sz=1}
01-08 01:32:16.737 W/FreeFormWindowHelper( 1526): Current Display FreeFormTask is Task{1a44b3c #10 type=standard A=10064:android.task.calendar U=0 visible=true mode=freeform translucent=false sz=1}
01-08 01:32:16.740 W/FreeFormWindowHelper( 1526): Current Display FreeFormTask is Task{1a44b3c #10 type=standard A=10064:android.task.calendar U=0 visible=true mode=freeform translucent=false sz=1}
01-08 01:32:16.743 W/FreeFormWindowHelper( 1526): Current Display FreeFormTask is Task{1a44b3c #10 type=standard A=10064:android.task.calendar U=0 visible=true mode=freeform translucent=false sz=1}
01-08 01:32:16.747 W/FreeFormWindowHelper( 1526): Current Display FreeFormTask is Task{1a44b3c #10 type=standard A=10064:android.task.calendar U=0 visible=true mode=freeform translucent=false sz=1}
01-08 01:32:16.749 W/FreeFormWindowHelper( 1526): Current Display FreeFormTask is Task{1a44b3c #10 type=standard A=10064:android.task.calendar U=0 visible=true mode=freeform translucent=false sz=1}
01-08 01:32:16.750 W/FreeFormWindowHelper( 1526): Current Display FreeFormTask is Task{1a44b3c #10 type=standard A=10064:android.task.calendar U=0 visible=true mode=freeform translucent=false sz=1}
01-08 01:32:16.752 W/FreeFormWindowHelper( 1526): Current Display FreeFormTask is Task{1a44b3c #10 type=standard A=10064:android.task.calendar U=0 visible=true mode=freeform translucent=false sz=1}
01-08 01:32:16.754 W/FreeFormWindowHelper( 1526): Current Display FreeFormTask is Task{1a44b3c #10 type=standard A=10064:android.task.calendar U=0 visible=true mode=freeform translucent=false sz=1}
01-08 01:32:16.755 W/FreeFormWindowHelper( 1526): Current Display FreeFormTask is Task{1a44b3c #10 type=standard A=10064:android.task.calendar U=0 visible=true mode=freeform translucent=false sz=1}
01-08 01:32:16.758 W/FreeFormWindowHelper( 1526): Current Display FreeFormTask is Task{1a44b3c #10 type=standard A=10064:android.task.calendar U=0 visible=true mode=freeform translucent=false sz=1}
01-08 01:32:16.758 I/mpu_uart( 640): [MSG-P:RECV]:No message received in 1000 ms
01-08 01:32:16.760 W/FreeFormWindowHelper( 1526): Current Display FreeFormTask is Task{1a44b3c #10 type=standard A=10064:android.task.calendar U=0 visible=true mode=freeform translucent=false sz=1}
01-08 01:32:16.762 W/FreeFormWindowHelper( 1526): Current Display FreeFormTask is Task{1a44b3c #10 type=standard A=10064:android.task.calendar U=0 visible=true mode=freeform translucent=false sz=1}
01-08 01:32:16.762 W/FreeFormWindowHelper( 1526): Current Display FreeFormTask is Task{1a44b3c #10 type=standard A=10064:android.task.calendar U=0 visible=true mode=freeform translucent=false sz=1}
01-08 01:32:16.765 W/FreeFormWindowHelper( 1526): Current Display FreeFormTask is Task{1a44b3c #10 type=standard A=10064:android.task.calendar U=0 visible=true mode=freeform translucent=false sz=1}
01-08 01:32:16.766 W/FreeFormWindowHelper( 1526): Current Display FreeFormTask is Task{1a44b3c #10 type=standard A=10064:android.task.calendar U=0 visible=true mode=freeform translucent=false sz=1}
01-08 01:32:16.768 W/FreeFormWindowHelper( 1526): Current Display FreeFormTask is Task{1a44b3c #10 type=standard A=10064:android.task.calendar U=0 visible=true mode=freeform translucent=false sz=1}
01-08 01:32:16.769 W/FreeFormWindowHelper( 1526): Current Display FreeFormTask is Task{1a44b3c #10 type=standard A=10064:android.task.calendar U=0 visible=true mode=freeform translucent=false sz=1}
01-08 01:32:16.771 W/FreeFormWindowHelper( 1526): Current Display FreeFormTask is Task{1a44b3c #10 type=standard A=10064:android.task.calendar U=0 visible=true mode=freeform translucent=false sz=1}
01-08 01:32:16.772 W/FreeFormWindowHelper( 1526): Current Display FreeFormTask is Task{1a44b3c #10 type=standard A=10064:android.task.calendar U=0 visible=true mode=freeform translucent=false sz=1}
01-08 01:32:16.772 W/FreeFormWindowHelper( 1526): Current Display FreeFormTask is Task{1a44b3c #10 type=standard A=10064:android.task.calendar U=0 visible=true mode=freeform translucent=false sz=1}
01-08 01:32:16.773 W/FreeFormWindowHelper( 1526): Current Display FreeFormTask is Task{1a44b3c #10 type=standard A=10064:android.task.calendar U=0 visible=true mode=freeform translucent=false sz=1}
01-08 01:32:16.773 W/View ( 2543): requestLayout() improperly called by com.android.launcher3.views.NoInsetView{73e83be V.ED..... ......ID 2038,0-2380,1020 #7f09007c app:id/bg_hotseat} during layout: running second layout pass
01-08 01:32:16.781 W/FreeFormWindowHelper( 1526): Current Display FreeFormTask is Task{1a44b3c #10 type=standard A=10064:android.task.calendar U=0 visible=true mode=freeform translucent=false sz=1}
01-08 01:32:16.783 W/FreeFormWindowHelper( 1526): Current Display FreeFormTask is Task{1a44b3c #10 type=standard A=10064:android.task.calendar U=0 visible=true mode=freeform translucent=false sz=1}
01-08 01:32:16.785 W/FreeFormWindowHelper( 1526): Current Display FreeFormTask is Task{1a44b3c #10 type=standard A=10064:android.task.calendar U=0 visible=true mode=freeform translucent=false sz=1}
01-08 01:32:16.787 W/FreeFormWindowHelper( 1526): Current Display FreeFormTask is Task{1a44b3c #10 type=standard A=10064:android.task.calendar U=0 visible=true mode=freeform translucent=false sz=1}
01-08 01:32:16.788 W/FreeFormWindowHelper( 1526): Current Display FreeFormTask is Task{1a44b3c #10 type=standard A=10064:android.task.calendar U=0 visible=true mode=freeform translucent=false sz=1}
01-08 01:32:16.790 W/FreeFormWindowHelper( 1526): Current Display FreeFormTask is Task{1a44b3c #10 type=standard A=10064:android.task.calendar U=0 visible=true mode=freeform translucent=false sz=1}
01-08 01:32:16.790 W/FreeFormWindowHelper( 1526): Current Display FreeFormTask is Task{1a44b3c #10 type=standard A=10064:android.task.calendar U=0 visible=true mode=freeform translucent=false sz=1}
01-08 01:32:16.790 W/FreeFormWindowHelper( 1526): Current Display FreeFormTask is Task{1a44b3c #10 type=standard A=10064:android.task.calendar U=0 visible=true mode=freeform translucent=false sz=1}
01-08 01:32:16.792 I/mpu_uart( 640): [MSG-P:R]:recv sync frame timeout
01-08 01:32:16.798 W/FreeFormWindowHelper( 1526): Current Display FreeFormTask is Task{1a44b3c #10 type=standard A=10064:android.task.calendar U=0 visible=true mode=freeform translucent=false sz=1}
01-08 01:32:16.800 W/FreeFormWindowHelper( 1526): Current Display FreeFormTask is Task{1a44b3c #10 type=standard A=10064:android.task.calendar U=0 visible=true mode=freeform translucent=false sz=1}
01-08 01:32:16.800 I/OpenGLRenderer( 2543): Davey! duration=9223371962993ms; Flags=0, FrameTimelineVsyncId=3002, IntendedVsync=73861407186, Vsync=73878073852, InputEventId=0, HandleInputStart=73878378407, AnimationStart=73878379761, PerformTraversalsStart=73888694449, DrawStart=73889189084, FrameDeadline=73882740518, FrameInterval=73878373876, FrameStartTime=16666666, SyncQueued=73889643772, SyncStart=73889704032, IssueDrawCommandsStart=73890175126, SwapBuffers=73893837730, FrameCompleted=9223372036854775807, DequeueBufferDuration=38177, QueueBufferDuration=909218, GpuCompleted=9223372036854775807, SwapBuffersCompleted=73895279553, DisplayPresentTime=0,
01-08 01:32:16.802 W/FreeFormWindowHelper( 1526): Current Display FreeFormTask is Task{1a44b3c #10 type=standard A=10064:android.task.calendar U=0 visible=true mode=freeform translucent=false sz=1}
01-08 01:32:16.803 W/FreeFormWindowHelper( 1526): Current Display FreeFormTask is Task{1a44b3c #10 type=standard A=10064:android.task.calendar U=0 visible=true mode=freeform translucent=false sz=1}
01-08 01:32:16.805 W/FreeFormWindowHelper( 1526): Current Display FreeFormTask is Task{1a44b3c #10 type=standard A=10064:android.task.calendar U=0 visible=true mode=freeform translucent=false sz=1}
01-08 01:32:16.807 W/FreeFormWindowHelper( 1526): Current Display FreeFormTask is Task{1a44b3c #10 type=standard A=10064:android.task.calendar U=0 visible=true mode=freeform translucent=false sz=1}
01-08 01:32:16.807 W/FreeFormWindowHelper( 1526): Current Display FreeFormTask is Task{1a44b3c #10 type=standard A=10064:android.task.calendar U=0 visible=true mode=freeform translucent=false sz=1}
01-08 01:32:16.807 W/FreeFormWindowHelper( 1526): Current Display FreeFormTask is Task{1a44b3c #10 type=standard A=10064:android.task.calendar U=0 visible=true mode=freeform translucent=false sz=1}
01-08 01:32:16.809 I/OMX-VENC: venc_dev( 1222): stats: avg. fps 12.01, bitrate 1087137
01-08 01:32:16.809 I/hpplay-java( 2713): [main]:ServerTaskManager:restart by error
01-08 01:32:16.809 I/hpplay-java( 2713): [main]:ServerTaskManager:startServer
01-08 01:32:16.809 I/hpplay-java( 2713): [main]:ServerTaskManager:startServer add, reason: server is starting or running
01-08 01:32:16.809 I/hpplay-java( 2713): [main]:ServerTaskManager:addStopTask
01-08 01:32:16.809 I/hpplay-java( 2713): [main]:ServerTaskManager:addStartTask
01-08 01:32:16.809 I/hpplay-java( 2713): [main]:ServerTaskManager:exeTask stopServer
01-08 01:32:16.809 I/hpplay-java( 2713): [main]:Bridge:stopServer keepPush: false
01-08 01:32:16.809 D/hpplay-base( 2713): [jniBridge:909] Bridge__1stopServer status:2
01-08 01:32:16.810 D/hpplay-base( 2713): [LelinkBase:654] stopAllServer will start thread!
01-08 01:32:16.810 I/hpplay-base( 2713): [mDNSEmbeded:65] embedded_mDNSExit call
01-08 01:32:16.810 D/hpplay-base( 2713): [REventUtils:197] handleREventThread thread end!!,tid is 5168
01-08 01:32:16.812 D/hpplay-base( 2713): [AEventUtils:588] handle AEvent thread end!!,tid is 5167
01-08 01:32:16.815 W/FreeFormWindowHelper( 1526): Current Display FreeFormTask is Task{1a44b3c #10 type=standard A=10064:android.task.calendar U=0 visible=true mode=freeform translucent=false sz=1}
01-08 01:32:16.816 W/FreeFormWindowHelper( 1526): Current Display FreeFormTask is Task{1a44b3c #10 type=standard A=10064:android.task.calendar U=0 visible=true mode=freeform translucent=false sz=1}
01-08 01:32:16.818 W/FreeFormWindowHelper( 1526): Current Display FreeFormTask is Task{1a44b3c #10 type=standard A=10064:android.task.calendar U=0 visible=true mode=freeform translucent=false sz=1}
01-08 01:32:16.820 W/FreeFormWindowHelper( 1526): Current Display FreeFormTask is Task{1a44b3c #10 type=standard A=10064:android.task.calendar U=0 visible=true mode=freeform translucent=false sz=1}
01-08 01:32:16.822 W/FreeFormWindowHelper( 1526): Current Display FreeFormTask is Task{1a44b3c #10 type=standard A=10064:android.task.calendar U=0 visible=true mode=freeform translucent=false sz=1}
01-08 01:32:16.823 W/FreeFormWindowHelper( 1526): Current Display FreeFormTask is Task{1a44b3c #10 type=standard A=10064:android.task.calendar U=0 visible=true mode=freeform translucent=false sz=1}
01-08 01:32:16.824 W/FreeFormWindowHelper( 1526): Current Display FreeFormTask is Task{1a44b3c #10 type=standard A=10064:android.task.calendar U=0 visible=true mode=freeform translucent=false sz=1}
01-08 01:32:16.824 W/FreeFormWindowHelper( 1526): Current Display FreeFormTask is Task{1a44b3c #10 type=standard A=10064:android.task.calendar U=0 visible=true mode=freeform translucent=false sz=1}
01-08 01:32:16.831 W/FreeFormWindowHelper( 1526): Current Display FreeFormTask is Task{1a44b3c #10 type=standard A=10064:android.task.calendar U=0 visible=true mode=freeform translucent=false sz=1}
01-08 01:32:16.833 W/FreeFormWindowHelper( 1526): Current Display FreeFormTask is Task{1a44b3c #10 type=standard A=10064:android.task.calendar U=0 visible=true mode=freeform translucent=false sz=1}
01-08 01:32:16.835 W/FreeFormWindowHelper( 1526): Current Display FreeFormTask is Task{1a44b3c #10 type=standard A=10064:android.task.calendar U=0 visible=true mode=freeform translucent=false sz=1}
01-08 01:32:16.837 W/FreeFormWindowHelper( 1526): Current Display FreeFormTask is Task{1a44b3c #10 type=standard A=10064:android.task.calendar U=0 visible=true mode=freeform translucent=false sz=1}
01-08 01:32:16.838 W/FreeFormWindowHelper( 1526): Current Display FreeFormTask is Task{1a44b3c #10 type=standard A=10064:android.task.calendar U=0 visible=true mode=freeform translucent=false sz=1}
01-08 01:32:16.840 W/FreeFormWindowHelper( 1526): Current Display FreeFormTask is Task{1a44b3c #10 type=standard A=10064:android.task.calendar U=0 visible=true mode=freeform translucent=false sz=1}
01-08 01:32:16.841 W/FreeFormWindowHelper( 1526): Current Display FreeFormTask is Task{1a44b3c #10 type=standard A=10064:android.task.calendar U=0 visible=true mode=freeform translucent=false sz=1}
01-08 01:32:16.841 W/FreeFormWindowHelper( 1526): Current Display FreeFormTask is Task{1a44b3c #10 type=standard A=10064:android.task.calendar U=0 visible=true mode=freeform translucent=false sz=1}
01-08 01:32:16.848 W/FreeFormWindowHelper( 1526): Current Display FreeFormTask is Task{1a44b3c #10 type=standard A=10064:android.task.calendar U=0 visible=true mode=freeform translucent=false sz=1}
01-08 01:32:16.850 W/FreeFormWindowHelper( 1526): Current Display FreeFormTask is Task{1a44b3c #10 type=standard A=10064:android.task.calendar U=0 visible=true mode=freeform translucent=false sz=1}
01-08 01:32:16.852 W/FreeFormWindowHelper( 1526): Current Display FreeFormTask is Task{1a44b3c #10 type=standard A=10064:android.task.calendar U=0 visible=true mode=freeform translucent=false sz=1}
01-08 01:32:16.853 W/FreeFormWindowHelper( 1526): Current Display FreeFormTask is Task{1a44b3c #10 type=standard A=10064:android.task.calendar U=0 visible=true mode=freeform translucent=false sz=1}
01-08 01:32:16.855 W/FreeFormWindowHelper( 1526): Current Display FreeFormTask is Task{1a44b3c #10 type=standard A=10064:android.task.calendar U=0 visible=true mode=freeform translucent=false sz=1}
01-08 01:32:16.857 W/FreeFormWindowHelper( 1526): Current Display FreeFormTask is Task{1a44b3c #10 type=standard A=10064:android.task.calendar U=0 visible=true mode=freeform translucent=false sz=1}
01-08 01:32:16.857 W/FreeFormWindowHelper( 1526): Current Display FreeFormTask is Task{1a44b3c #10 type=standard A=10064:android.task.calendar U=0 visible=true mode=freeform translucent=false sz=1}
01-08 01:32:16.857 W/FreeFormWindowHelper( 1526): Current Display FreeFormTask is Task{1a44b3c #10 type=standard A=10064:android.task.calendar U=0 visible=true mode=freeform translucent=false sz=1}
01-08 01:32:16.865 W/FreeFormWindowHelper( 1526): Current Display FreeFormTask is Task{1a44b3c #10 type=standard A=10064:android.task.calendar U=0 visible=true mode=freeform translucent=false sz=1}
01-08 01:32:16.867 W/FreeFormWindowHelper( 1526): Current Display FreeFormTask is Task{1a44b3c #10 type=standard A=10064:android.task.calendar U=0 visible=true mode=freeform translucent=false sz=1}
01-08 01:32:16.869 W/FreeFormWindowHelper( 1526): Current Display FreeFormTask is Task{1a44b3c #10 type=standard A=10064:android.task.calendar U=0 visible=true mode=freeform translucent=false sz=1}
01-08 01:32:16.870 W/FreeFormWindowHelper( 1526): Current Display FreeFormTask is Task{1a44b3c #10 type=standard A=10064:android.task.calendar U=0 visible=true mode=freeform translucent=false sz=1}
01-08 01:32:16.872 W/FreeFormWindowHelper( 1526): Current Display FreeFormTask is Task{1a44b3c #10 type=standard A=10064:android.task.calendar U=0 visible=true mode=freeform translucent=false sz=1}
01-08 01:32:16.874 W/FreeFormWindowHelper( 1526): Current Display FreeFormTask is Task{1a44b3c #10 type=standard A=10064:android.task.calendar U=0 visible=true mode=freeform translucent=false sz=1}
01-08 01:32:16.874 W/FreeFormWindowHelper( 1526): Current Display FreeFormTask is Task{1a44b3c #10 type=standard A=10064:android.task.calendar U=0 visible=true mode=freeform translucent=false sz=1}
01-08 01:32:16.874 W/FreeFormWindowHelper( 1526): Current Display FreeFormTask is Task{1a44b3c #10 type=standard A=10064:android.task.calendar U=0 visible=true mode=freeform translucent=false sz=1}
01-08 01:32:16.881 W/FreeFormWindowHelper( 1526): Current Display FreeFormTask is Task{1a44b3c #10 type=standard A=10064:android.task.calendar U=0 visible=true mode=freeform translucent=false sz=1}
01-08 01:32:16.883 W/FreeFormWindowHelper( 1526): Current Display FreeFormTask is Task{1a44b3c #10 type=standard A=10064:android.task.calendar U=0 visible=true mode=freeform translucent=false sz=1}
01-08 01:32:16.885 W/FreeFormWindowHelper( 1526): Current Display FreeFormTask is Task{1a44b3c #10 type=standard A=10064:android.task.calendar U=0 visible=true mode=freeform translucent=false sz=1}
01-08 01:32:16.886 W/FreeFormWindowHelper( 1526): Current Display FreeFormTask is Task{1a44b3c #10 type=standard A=10064:android.task.calendar U=0 visible=true mode=freeform translucent=false sz=1}
01-08 01:32:16.888 W/FreeFormWindowHelper( 1526): Current Display FreeFormTask is Task{1a44b3c #10 type=standard A=10064:android.task.calendar U=0 visible=true mode=freeform translucent=false sz=1}
01-08 01:32:16.889 W/FreeFormWindowHelper( 1526): Current Display FreeFormTask is Task{1a44b3c #10 type=standard A=10064:android.task.calendar U=0 visible=true mode=freeform translucent=false sz=1}
01-08 01:32:16.890 W/FreeFormWindowHelper( 1526): Current Display FreeFormTask is Task{1a44b3c #10 type=standard A=10064:android.task.calendar U=0 visible=true mode=freeform translucent=false sz=1}
01-08 01:32:16.890 W/FreeFormWindowHelper( 1526): Current Display FreeFormTask is Task{1a44b3c #10 type=standard A=10064:android.task.calendar U=0 visible=true mode=freeform translucent=false sz=1}
01-08 01:32:16.896 D/hpplay-base( 2713): [stream_mirror_compat:1284] mirror stream begin to exit,server fd:72,thread_id:3135693248!!
01-08 01:32:16.897 D/hpplay-base( 2713): [stream_mirror_compat:1323] ##screen stream exit successfully!!##
01-08 01:32:16.898 W/FreeFormWindowHelper( 1526): Current Display FreeFormTask is Task{1a44b3c #10 type=standard A=10064:android.task.calendar U=0 visible=true mode=freeform translucent=false sz=1}
01-08 01:32:16.900 W/FreeFormWindowHelper( 1526): Current Display FreeFormTask is Task{1a44b3c #10 type=standard A=10064:android.task.calendar U=0 visible=true mode=freeform translucent=false sz=1}
01-08 01:32:16.901 W/FreeFormWindowHelper( 1526): Current Display FreeFormTask is Task{1a44b3c #10 type=standard A=10064:android.task.calendar U=0 visible=true mode=freeform translucent=false sz=1}
01-08 01:32:16.903 W/FreeFormWindowHelper( 1526): Current Display FreeFormTask is Task{1a44b3c #10 type=standard A=10064:android.task.calendar U=0 visible=true mode=freeform translucent=false sz=1}
01-08 01:32:16.905 W/FreeFormWindowHelper( 1526): Current Display FreeFormTask is Task{1a44b3c #10 type=standard A=10064:android.task.calendar U=0 visible=true mode=freeform translucent=false sz=1}
01-08 01:32:16.906 W/FreeFormWindowHelper( 1526): Current Display FreeFormTask is Task{1a44b3c #10 type=standard A=10064:android.task.calendar U=0 visible=true mode=freeform translucent=false sz=1}
01-08 01:32:16.907 W/FreeFormWindowHelper( 1526): Current Display FreeFormTask is Task{1a44b3c #10 type=standard A=10064:android.task.calendar U=0 visible=true mode=freeform translucent=false sz=1}
01-08 01:32:16.907 W/FreeFormWindowHelper( 1526): Current Display FreeFormTask is Task{1a44b3c #10 type=standard A=10064:android.task.calendar U=0 visible=true mode=freeform translucent=false sz=1}
01-08 01:32:16.915 W/FreeFormWindowHelper( 1526): Current Display FreeFormTask is Task{1a44b3c #10 type=standard A=10064:android.task.calendar U=0 visible=true mode=freeform translucent=false sz=1}
01-08 01:32:16.916 D/hpplay-base( 2713): [Server:447] startHttpServer will END srv->serverType:0
01-08 01:32:16.916 D/hpplay-base( 2713): [Server:646] startHttpServer cond srv_shutdown:1 connectNummber:0
01-08 01:32:16.916 D/hpplay-base( 2713): [Server:669] startHttpServer wait cond END. srv_shutdown:1 connectNummber:0
01-08 01:32:16.916 D/hpplay-base( 2713): [Server:457] HttpServer END, tid is 5150
01-08 01:32:16.917 W/FreeFormWindowHelper( 1526): Current Display FreeFormTask is Task{1a44b3c #10 type=standard A=10064:android.task.calendar U=0 visible=true mode=freeform translucent=false sz=1}
01-08 01:32:16.919 W/FreeFormWindowHelper( 1526): Current Display FreeFormTask is Task{1a44b3c #10 type=standard A=10064:android.task.calendar U=0 visible=true mode=freeform translucent=false sz=1}
01-08 01:32:16.921 W/FreeFormWindowHelper( 1526): Current Display FreeFormTask is Task{1a44b3c #10 type=standard A=10064:android.task.calendar U=0 visible=true mode=freeform translucent=false sz=1}
01-08 01:32:16.922 W/FreeFormWindowHelper( 1526): Current Display FreeFormTask is Task{1a44b3c #10 type=standard A=10064:android.task.calendar U=0 visible=true mode=freeform translucent=false sz=1}
01-08 01:32:16.924 W/FreeFormWindowHelper( 1526): Current Display FreeFormTask is Task{1a44b3c #10 type=standard A=10064:android.task.calendar U=0 visible=true mode=freeform translucent=false sz=1}
01-08 01:32:16.925 W/FreeFormWindowHelper( 1526): Current Display FreeFormTask is Task{1a44b3c #10 type=standard A=10064:android.task.calendar U=0 visible=true mode=freeform translucent=false sz=1}
01-08 01:32:16.925 W/FreeFormWindowHelper( 1526): Current Display FreeFormTask is Task{1a44b3c #10 type=standard A=10064:android.task.calendar U=0 visible=true mode=freeform translucent=false sz=1}
01-08 01:32:16.931 W/FreeFormWindowHelper( 1526): Current Display FreeFormTask is Task{1a44b3c #10 type=standard A=10064:android.task.calendar U=0 visible=true mode=freeform translucent=false sz=1}
01-08 01:32:16.933 W/FreeFormWindowHelper( 1526): Current Display FreeFormTask is Task{1a44b3c #10 type=standard A=10064:android.task.calendar U=0 visible=true mode=freeform translucent=false sz=1}
01-08 01:32:16.934 I/commit_sys_config_file( 1526): [settings-1-0,4]
01-08 01:32:16.935 W/FreeFormWindowHelper( 1526): Current Display FreeFormTask is Task{1a44b3c #10 type=standard A=10064:android.task.calendar U=0 visible=true mode=freeform translucent=false sz=1}
01-08 01:32:16.937 W/FreeFormWindowHelper( 1526): Current Display FreeFormTask is Task{1a44b3c #10 type=standard A=10064:android.task.calendar U=0 visible=true mode=freeform translucent=false sz=1}
01-08 01:32:16.939 W/FreeFormWindowHelper( 1526): Current Display FreeFormTask is Task{1a44b3c #10 type=standard A=10064:android.task.calendar U=0 visible=true mode=freeform translucent=false sz=1}
01-08 01:32:16.941 W/FreeFormWindowHelper( 1526): Current Display FreeFormTask is Task{1a44b3c #10 type=standard A=10064:android.task.calendar U=0 visible=true mode=freeform translucent=false sz=1}
01-08 01:32:16.941 W/FreeFormWindowHelper( 1526): Current Display FreeFormTask is Task{1a44b3c #10 type=standard A=10064:android.task.calendar U=0 visible=true mode=freeform translucent=false sz=1}
01-08 01:32:16.942 W/FreeFormWindowHelper( 1526): Current Display FreeFormTask is Task{1a44b3c #10 type=standard A=10064:android.task.calendar U=0 visible=true mode=freeform translucent=false sz=1}
01-08 01:32:16.948 W/FreeFormWindowHelper( 1526): Current Display FreeFormTask is Task{1a44b3c #10 type=standard A=10064:android.task.calendar U=0 visible=true mode=freeform translucent=false sz=1}
01-08 01:32:16.950 W/FreeFormWindowHelper( 1526): Current Display FreeFormTask is Task{1a44b3c #10 type=standard A=10064:android.task.calendar U=0 visible=true mode=freeform translucent=false sz=1}
01-08 01:32:16.952 W/FreeFormWindowHelper( 1526): Current Display FreeFormTask is Task{1a44b3c #10 type=standard A=10064:android.task.calendar U=0 visible=true mode=freeform translucent=false sz=1}
01-08 01:32:16.954 W/FreeFormWindowHelper( 1526): Current Display FreeFormTask is Task{1a44b3c #10 type=standard A=10064:android.task.calendar U=0 visible=true mode=freeform translucent=false sz=1}
01-08 01:32:16.956 W/FreeFormWindowHelper( 1526): Current Display FreeFormTask is Task{1a44b3c #10 type=standard A=10064:android.task.calendar U=0 visible=true mode=freeform translucent=false sz=1}
01-08 01:32:16.958 W/FreeFormWindowHelper( 1526): Current Display FreeFormTask is Task{1a44b3c #10 type=standard A=10064:android.task.calendar U=0 visible=true mode=freeform translucent=false sz=1}
01-08 01:32:16.958 W/FreeFormWindowHelper( 1526): Current Display FreeFormTask is Task{1a44b3c #10 type=standard A=10064:android.task.calendar U=0 visible=true mode=freeform translucent=false sz=1}
01-08 01:32:16.958 W/FreeFormWindowHelper( 1526): Current Display FreeFormTask is Task{1a44b3c #10 type=standard A=10064:android.task.calendar U=0 visible=true mode=freeform translucent=false sz=1}
01-08 01:32:16.963 I/auditd ( 0): type=1400 audit(0.0:401): avc: denied { kill } for comm="swapper/0" capability=5 scontext=u:r:kernel:s0 tcontext=u:r:kernel:s0 tclass=capability permissive=0
01-08 01:32:16.963 W/swapper/0( 0): type=1400 audit(0.0:401): avc: denied { kill } for capability=5 scontext=u:r:kernel:s0 tcontext=u:r:kernel:s0 tclass=capability permissive=0
01-08 01:32:16.969 W/FreeFormWindowHelper( 1526): Current Display FreeFormTask is Task{1a44b3c #10 type=standard A=10064:android.task.calendar U=0 visible=true mode=freeform translucent=false sz=1}
01-08 01:32:16.971 W/FreeFormWindowHelper( 1526): Current Display FreeFormTask is Task{1a44b3c #10 type=standard A=10064:android.task.calendar U=0 visible=true mode=freeform translucent=false sz=1}
01-08 01:32:16.973 W/FreeFormWindowHelper( 1526): Current Display FreeFormTask is Task{1a44b3c #10 type=standard A=10064:android.task.calendar U=0 visible=true mode=freeform translucent=false sz=1}
01-08 01:32:16.975 W/FreeFormWindowHelper( 1526): Current Display FreeFormTask is Task{1a44b3c #10 type=standard A=10064:android.task.calendar U=0 visible=true mode=freeform translucent=false sz=1}
01-08 01:32:16.977 W/FreeFormWindowHelper( 1526): Current Display FreeFormTask is Task{1a44b3c #10 type=standard A=10064:android.task.calendar U=0 visible=true mode=freeform translucent=false sz=1}
01-08 01:32:16.980 W/FreeFormWindowHelper( 1526): Current Display FreeFormTask is Task{1a44b3c #10 type=standard A=10064:android.task.calendar U=0 visible=true mode=freeform translucent=false sz=1}
01-08 01:32:16.980 W/FreeFormWindowHelper( 1526): Current Display FreeFormTask is Task{1a44b3c #10 type=standard A=10064:android.task.calendar U=0 visible=true mode=freeform translucent=false sz=1}
01-08 01:32:16.982 W/FreeFormWindowHelper( 1526): Current Display FreeFormTask is Task{1a44b3c #10 type=standard A=10064:android.task.calendar U=0 visible=true mode=freeform translucent=false sz=1}
01-08 01:32:16.992 W/FreeFormWindowHelper( 1526): Current Display FreeFormTask is Task{1a44b3c #10 type=standard A=10064:android.task.calendar U=0 visible=true mode=freeform translucent=false sz=1}
01-08 01:32:16.995 W/FreeFormWindowHelper( 1526): Current Display FreeFormTask is Task{1a44b3c #10 type=standard A=10064:android.task.calendar U=0 visible=true mode=freeform translucent=false sz=1}
01-08 01:32:16.997 W/FreeFormWindowHelper( 1526): Current Display FreeFormTask is Task{1a44b3c #10 type=standard A=10064:android.task.calendar U=0 visible=true mode=freeform translucent=false sz=1}
01-08 01:32:17.002 W/FreeFormWindowHelper( 1526): Current Display FreeFormTask is Task{1a44b3c #10 type=standard A=10064:android.task.calendar U=0 visible=true mode=freeform translucent=false sz=1}
01-08 01:32:17.005 W/FreeFormWindowHelper( 1526): Current Display FreeFormTask is Task{1a44b3c #10 type=standard A=10064:android.task.calendar U=0 visible=true mode=freeform translucent=false sz=1}
01-08 01:32:17.007 W/FreeFormWindowHelper( 1526): Current Display FreeFormTask is Task{1a44b3c #10 type=standard A=10064:android.task.calendar U=0 visible=true mode=freeform translucent=false sz=1}
01-08 01:32:17.007 W/FreeFormWindowHelper( 1526): Current Display FreeFormTask is Task{1a44b3c #10 type=standard A=10064:android.task.calendar U=0 visible=true mode=freeform translucent=false sz=1}
01-08 01:32:17.008 W/FreeFormWindowHelper( 1526): Current Display FreeFormTask is Task{1a44b3c #10 type=standard A=10064:android.task.calendar U=0 visible=true mode=freeform translucent=false sz=1}
01-08 01:32:17.015 W/FreeFormWindowHelper( 1526): Current Display FreeFormTask is Task{1a44b3c #10 type=standard A=10064:android.task.calendar U=0 visible=true mode=freeform translucent=false sz=1}
01-08 01:32:17.021 W/FreeFormWindowHelper( 1526): Current Display FreeFormTask is Task{1a44b3c #10 type=standard A=10064:android.task.calendar U=0 visible=true mode=freeform translucent=false sz=1}
01-08 01:32:17.022 W/System ( 1526): A resource failed to call close.
01-08 01:32:17.022 W/System ( 1526): A resource failed to call close.
01-08 01:32:17.023 W/FreeFormWindowHelper( 1526): Current Display FreeFormTask is Task{1a44b3c #10 type=standard A=10064:android.task.calendar U=0 visible=true mode=freeform translucent=false sz=1}
01-08 01:32:17.025 W/FreeFormWindowHelper( 1526): Current Display FreeFormTask is Task{1a44b3c #10 type=standard A=10064:android.task.calendar U=0 visible=true mode=freeform translucent=false sz=1}
01-08 01:32:17.026 W/FreeFormWindowHelper( 1526): Current Display FreeFormTask is Task{1a44b3c #10 type=standard A=10064:android.task.calendar U=0 visible=true mode=freeform translucent=false sz=1}
01-08 01:32:17.028 W/FreeFormWindowHelper( 1526): Current Display FreeFormTask is Task{1a44b3c #10 type=standard A=10064:android.task.calendar U=0 visible=true mode=freeform translucent=false sz=1}
01-08 01:32:17.028 W/FreeFormWindowHelper( 1526): Current Display FreeFormTask is Task{1a44b3c #10 type=standard A=10064:android.task.calendar U=0 visible=true mode=freeform translucent=false sz=1}
01-08 01:32:17.029 W/FreeFormWindowHelper( 1526): Current Display FreeFormTask is Task{1a44b3c #10 type=standard A=10064:android.task.calendar U=0 visible=true mode=freeform translucent=false sz=1}
01-08 01:32:17.033 W/FreeFormWindowHelper( 1526): Current Display FreeFormTask is Task{1a44b3c #10 type=standard A=10064:android.task.calendar U=0 visible=true mode=freeform translucent=false sz=1}
01-08 01:32:17.035 W/FreeFormWindowHelper( 1526): Current Display FreeFormTask is Task{1a44b3c #10 type=standard A=10064:android.task.calendar U=0 visible=true mode=freeform translucent=false sz=1}
01-08 01:32:17.037 W/FreeFormWindowHelper( 1526): Current Display FreeFormTask is Task{1a44b3c #10 type=standard A=10064:android.task.calendar U=0 visible=true mode=freeform translucent=false sz=1}
01-08 01:32:17.038 W/FreeFormWindowHelper( 1526): Current Display FreeFormTask is Task{1a44b3c #10 type=standard A=10064:android.task.calendar U=0 visible=true mode=freeform translucent=false sz=1}
01-08 01:32:17.040 W/FreeFormWindowHelper( 1526): Current Display FreeFormTask is Task{1a44b3c #10 type=standard A=10064:android.task.calendar U=0 visible=true mode=freeform translucent=false sz=1}
01-08 01:32:17.042 W/FreeFormWindowHelper( 1526): Current Display FreeFormTask is Task{1a44b3c #10 type=standard A=10064:android.task.calendar U=0 visible=true mode=freeform translucent=false sz=1}
01-08 01:32:17.042 W/FreeFormWindowHelper( 1526): Current Display FreeFormTask is Task{1a44b3c #10 type=standard A=10064:android.task.calendar U=0 visible=true mode=freeform translucent=false sz=1}
01-08 01:32:17.042 W/FreeFormWindowHelper( 1526): Current Display FreeFormTask is Task{1a44b3c #10 type=standard A=10064:android.task.calendar U=0 visible=true mode=freeform translucent=false sz=1}
01-08 01:32:17.045 I/OpenGLRenderer( 2543): Davey! duration=9223371962742ms; Flags=0, FrameTimelineVsyncId=3035, IntendedVsync=74112062242, Vsync=74112062242, InputEventId=0, HandleInputStart=74126933720, AnimationStart=74126935334, PerformTraversalsStart=74144738095, DrawStart=74145186532, FrameDeadline=74150062240, FrameInterval=74126928616, FrameStartTime=16666666, SyncQueued=74145309501, SyncStart=74145367626, IssueDrawCommandsStart=74145947574, SwapBuffers=74148157730, FrameCompleted=9223372036854775807, DequeueBufferDuration=25104, QueueBufferDuration=997500, GpuCompleted=9223372036854775807, SwapBuffersCompleted=74149817313, DisplayPresentTime=72057628414510129,
01-08 01:32:17.049 W/FreeFormWindowHelper( 1526): Current Display FreeFormTask is Task{1a44b3c #10 type=standard A=10064:android.task.calendar U=0 visible=true mode=freeform translucent=false sz=1}
01-08 01:32:17.050 W/FreeFormWindowHelper( 1526): Current Display FreeFormTask is Task{1a44b3c #10 type=standard A=10064:android.task.calendar U=0 visible=true mode=freeform translucent=false sz=1}
01-08 01:32:17.052 W/FreeFormWindowHelper( 1526): Current Display FreeFormTask is Task{1a44b3c #10 type=standard A=10064:android.task.calendar U=0 visible=true mode=freeform translucent=false sz=1}
01-08 01:32:17.054 W/FreeFormWindowHelper( 1526): Current Display FreeFormTask is Task{1a44b3c #10 type=standard A=10064:android.task.calendar U=0 visible=true mode=freeform translucent=false sz=1}
01-08 01:32:17.055 W/FreeFormWindowHelper( 1526): Current Display FreeFormTask is Task{1a44b3c #10 type=standard A=10064:android.task.calendar U=0 visible=true mode=freeform translucent=false sz=1}
01-08 01:32:17.057 W/FreeFormWindowHelper( 1526): Current Display FreeFormTask is Task{1a44b3c #10 type=standard A=10064:android.task.calendar U=0 visible=true mode=freeform translucent=false sz=1}
01-08 01:32:17.057 W/FreeFormWindowHelper( 1526): Current Display FreeFormTask is Task{1a44b3c #10 type=standard A=10064:android.task.calendar U=0 visible=true mode=freeform translucent=false sz=1}
01-08 01:32:17.058 W/FreeFormWindowHelper( 1526): Current Display FreeFormTask is Task{1a44b3c #10 type=standard A=10064:android.task.calendar U=0 visible=true mode=freeform translucent=false sz=1}
01-08 01:32:17.066 W/FreeFormWindowHelper( 1526): Current Display FreeFormTask is Task{1a44b3c #10 type=standard A=10064:android.task.calendar U=0 visible=true mode=freeform translucent=false sz=1}
01-08 01:32:17.068 W/FreeFormWindowHelper( 1526): Current Display FreeFormTask is Task{1a44b3c #10 type=standard A=10064:android.task.calendar U=0 visible=true mode=freeform translucent=false sz=1}
01-08 01:32:17.070 W/FreeFormWindowHelper( 1526): Current Display FreeFormTask is Task{1a44b3c #10 type=standard A=10064:android.task.calendar U=0 visible=true mode=freeform translucent=false sz=1}
01-08 01:32:17.073 W/FreeFormWindowHelper( 1526): Current Display FreeFormTask is Task{1a44b3c #10 type=standard A=10064:android.task.calendar U=0 visible=true mode=freeform translucent=false sz=1}
01-08 01:32:17.075 W/FreeFormWindowHelper( 1526): Current Display FreeFormTask is Task{1a44b3c #10 type=standard A=10064:android.task.calendar U=0 visible=true mode=freeform translucent=false sz=1}
01-08 01:32:17.076 W/FreeFormWindowHelper( 1526): Current Display FreeFormTask is Task{1a44b3c #10 type=standard A=10064:android.task.calendar U=0 visible=true mode=freeform translucent=false sz=1}
01-08 01:32:17.077 W/FreeFormWindowHelper( 1526): Current Display FreeFormTask is Task{1a44b3c #10 type=standard A=10064:android.task.calendar U=0 visible=true mode=freeform translucent=false sz=1}
01-08 01:32:17.077 D/StateManager( 2543): goToState: Overview
01-08 01:32:17.077 D/FreeWindowHelper( 2543): enterOrExitRecentTasks: isEnterRecentTasks=true,mExitFlag=1
01-08 01:32:17.077 I/wm_finish_activity( 1526): [0,239632581,10,com.android.calendar/.AllInOneActivity,app-request]
01-08 01:32:17.077 I/wm_task_moved( 1526): [1,1,6]
01-08 01:32:17.079 I/wm_set_resumed_activity( 1526): [0,com.android.launcher3/.uioverrides.QuickstepLauncher,positionChildAt]
01-08 01:32:17.079 I/wm_on_top_resumed_lost_called( 3528): [239632581,com.android.calendar.AllInOneActivity,topStateChangedWhenResumed]
01-08 01:32:17.079 I/wm_task_moved( 1526): [8,1,2147483647]
01-08 01:32:17.079 I/wm_task_to_front( 1526): [0,8]
01-08 01:32:17.079 I/wm_focused_root_task( 1526): [0,0,1,-1,finish-top adjustFocusToNextFocusableTask]
01-08 01:32:17.079 I/wm_set_resumed_activity( 1526): [0,com.android.launcher3/.uioverrides.QuickstepLauncher,finish-top]
01-08 01:32:17.082 D/ActivityTrigger( 1526): ActivityTrigger activityPauseTrigger
01-08 01:32:17.082 I/wm_pause_activity( 1526): [0,239632581,com.android.calendar/.AllInOneActivity,userLeaving=false,finish]
01-08 01:32:17.084 I/input_focus( 1526): [Focus request 1bc00b2 com.android.launcher3/com.android.launcher3.uioverrides.QuickstepLauncher,reason=UpdateInputWindows]
01-08 01:32:17.084 W/FreeFormWindowHelper( 1526): Current Display FreeFormTask is Task{1a44b3c #10 type=standard A=10064:android.task.calendar U=0 visible=false mode=freeform translucent=true sz=1}
01-08 01:32:17.085 D/FreeWindowContainer( 2543): reloadTask: TaskInfo{userId=0 taskId=10 displayId=0 isRunning=false baseIntent=Intent { flg=0x10008000 cmp=com.android.calendar/.AllInOneActivity } baseActivity=null topActivity=null origActivity=null realActivity=ComponentInfo{com.android.calendar/com.android.calendar.AllInOneActivity} numActivities=0 lastActiveTime=74198 supportsSplitScreenMultiWindow=true supportsMultiWindow=true resizeMode=1 isResizeable=true token=WCT{android.window.IWindowContainerToken$Stub$Proxy@1f42788} topActivityType=1 pictureInPictureParams=null displayCutoutSafeInsets=null topActivityInfo=null launchCookies=[] positionInParent=Point(0, 72) parentTaskId=-1 isFocused=false isVisible=true topActivityInSizeCompat=false locusId= null}
01-08 01:32:17.088 I/wm_on_paused_called( 3528): [239632581,com.android.calendar.AllInOneActivity,performPause]
01-08 01:32:17.088 I/ActivityTaskManager( 1526): FOREGROUND_APPLICATION_CHANGED to com.android.launcher3.uioverrides.QuickstepLauncher
01-08 01:32:17.088 I/wm_destroy_activity( 1526): [0,239632581,10,com.android.calendar/.AllInOneActivity,finish-imm:completePausedLocked]
01-08 01:32:17.091 D/EditModeHelper( 2543): setHotseatVisibility: 0
01-08 01:32:17.094 I/sysui_multi_action( 1526): [757,803,799,window_time_0,802,11]
01-08 01:32:17.094 I/wm_on_stop_called( 3528): [239632581,com.android.calendar.AllInOneActivity,LIFECYCLER_STOP_ACTIVITY]
01-08 01:32:17.095 I/wm_on_destroy_called( 3528): [239632581,com.android.calendar.AllInOneActivity,performDestroy]
01-08 01:32:17.095 W/FreeFormWindowHelper( 1526): Current Display FreeFormTask is Task{1a44b3c #10 type=standard A=10064:android.task.calendar U=0 visible=false mode=freeform translucent=true sz=1}
01-08 01:32:17.096 W/InputManager-JNI( 1526): Input channel object '77edfb1 com.android.calendar/com.android.calendar.AllInOneActivity (client)' was disposed without first being removed with the input manager!
01-08 01:32:17.097 W/FreeFormWindowHelper( 1526): Current Display FreeFormTask is Task{1a44b3c #10 type=standard A=10064:android.task.calendar U=0 visible=false mode=freeform translucent=true sz=1}
