01-08 01:32:18.414 I/hpplay-java( 2713): [AsyncTask #17]:Bridge:mIn: InParameters{appInfo='0', appKey='21409', authMode=0, authPwd='null', broadcastDirection=0, broadcastState=1, broadcastTimeout=3, buildType='release', cacheAVPath='/data/user/0/com.hht.lebocast/cache/hpplay/av', cachePhotoPath='/data/user/0/com.hht.lebocast/cache/hpplay/image', channel='LEBO-APK--60146-25915', desPath='/data/user/0/com.hht.lebocast/files/hpplay/file/config/dcf', , deviceName='高合娱乐副屏', dlna=1, dlnaCompany='Microsoft Corporation', dlnaCompanyURL='http://www.microsoft.com', dlnaDeviceDescribe='Media Renderer', dlnaDeviceName='Windows Media Player', dlnaDeviceURL='http://go.microsoft.com/fwlink/Linkld=105927', dlnaLelinkSwitch=1, dlnaManufacturer=0, dlnaName='高合娱乐副屏', dlnaUPC='null', dlnaUUID='774c117d-0217-0fc4-1a60-e56e55fcc56d', domain='Lebo-figure-42ab7764ca4f', drainage=0, feature='6655', fps=60, height=1080, host='null', , keyPath='/data/user/0/com.hht.lebocast/files/hpplay/file', lelinkfp=1, lelinkfp2=0, logBaseState=1, logPath='/storage/emulated/0/com.hht.lebocast/sink/sdk/common', , mdnsEnable=1, mirrorSyncType=0, netCastVer='2.0', packageName='com.hht.lebocast', packagePath='/data/user/0/com.hht.lebocast', permissionDid='42:ab:77:64:ca:4f', permissionMode=3, permissionPreSN='', port=0, preemptMode=0, regType='_leboremote._tcp.', serverPorts=null, sockWaitTimeOut=45, teleControlPort=53388, tunnels=3, txtKeys=null, txtValues=null, uid='2755248317583304728', videoFrameType=1001, width=1920}com.hpplay.sdk.sink.protocol.InParameters@32f9367
01-08 01:32:18.414 I/hpplay-java( 2713): [main]:Bridge:startServer state: 0
01-08 01:32:18.414 D/hpplay-base( 2713): [jniBridge:185] not conference version
01-08 01:32:18.414 I/hpplay-base( 2713): [jniBridge:241] 1initServer nSettingWidth=1920 nSettingHeight=1080 nSettingMaxFPS=60 dlnaEnable=1 lelinkFpEnable=1
01-08 01:32:18.414 D/hpplay-base( 2713): [jniBridge:283] 1initServer cfg.leLinkIp=192.168.124.22
01-08 01:32:18.414 D/hpplay-base( 2713): [jniBridge:286] 1initServer cfg.mPermissionMode=3
01-08 01:32:18.414 D/hpplay-base( 2713): [jniBridge:304] 1initServer cfg.permissionDid=42:ab:77:64:ca:4f000000000000000
01-08 01:32:18.414 D/hpplay-base( 2713): [jniBridge:313] 1initServer cfg.mPermissionPreSN=00000000000000000000000000000000
01-08 01:32:18.414 D/hpplay-base( 2713): [jniBridge:317] Bridge___1initServer status:0
01-08 01:32:18.414 I/hpplay-base( 2713): [jniBridge:325] 1initServer cfg.feature=6655
01-08 01:32:18.414 D/hpplay-base( 2713): [jniBridge:377] 1initServer isSendBroadCast=3
01-08 01:32:18.414 D/hpplay-base( 2713): [jniBridge:380] 1initServer broadcastDirection=0
01-08 01:32:18.415 D/hpplay-base( 2713): [jniBridge:382] 1initServer ipBroadcast direction=0
01-08 01:32:18.415 D/hpplay-base( 2713): [jniBridge:387] 1initServer tunnel=3
01-08 01:32:18.415 D/hpplay-base( 2713): [jniBridge:390] 1initServer drainage=0
01-08 01:32:18.415 D/hpplay-base( 2713): [jniBridge:401] 1initServer mDNSEnable=1
01-08 01:32:18.415 D/hpplay-base( 2713): [jniBridge:406] 1initServer nSockWaitTimeOut=45
01-08 01:32:18.415 D/hpplay-base( 2713): [jniBridge:410] 1initServer nMirrorAudioVideoSync=0
01-08 01:32:18.415 I/hpplay-base( 2713): [sign_check:168] checkSign strPackageName:com.hht.lebocast
01-08 01:32:18.415 I/hpplay-base( 2713): [sign_check:169] checkSign buildType:release
01-08 01:32:18.415 I/hpplay-base( 2713): [sign_check:170] checkSign appKey:21409
01-08 01:32:18.415 D/hpplay-base( 2713): [LelinkBase:405] bridgeInit port: 0, lelinkfp: 0
01-08 01:32:18.415 D/hpplay-base( 2713): [LelinkBase:462] bridgeInit mPackagePath =/data/user/0/com.hht.lebocast
01-08 01:32:18.415 D/hpplay-base( 2713): [LelinkBase:463] bridgeInit mKeyPath =/data/user/0/com.hht.lebocast/files/hpplay/file
01-08 01:32:18.415 D/hpplay-base( 2713): [SinkContext:97] initSinkContext mPackagePath =/data/user/0/com.hht.lebocast
01-08 01:32:18.415 D/hpplay-base( 2713): [SinkContext:98] initSinkContext mKeyPath =/data/user/0/com.hht.lebocast/files/hpplay/file
01-08 01:32:18.415 D/hpplay-base( 2713): [jniBridge:478] Java_com_hpplay_sdk_sink_protocol_Bridge__1initServer end
01-08 01:32:18.415 D/hpplay-base( 2713): [jniBridge:869] Bridge__1startServer status:1
01-08 01:32:18.415 D/hpplay-base( 2713): [LelinkBase:492] startAllServer at base
01-08 01:32:18.415 D/hpplay-base( 2713): [lelinkSinkServer:152] httpPlugins_SetServerPort TYPE_SERVER_LELINK:52266
01-08 01:32:18.415 D/hpplay-base( 2713): [network.c:362] protocol bind host :192.168.124.22 port:52266 curent bind port:52266
01-08 01:32:18.415 D/hpplay-base( 2713): [lelinkSinkServer:681] HTTP Server real at:52266
01-08 01:32:18.416 D/hpplay-base( 2713): [lelinkSinkServer:644] Connected Service Type:0
01-08 01:32:18.416 I/hpplay-base( 2713): : (server.c.315) startServer listen_ing....:
01-08 01:32:18.416 D/hpplay-base( 2713): [ScreenStream:1285] current bind port:7100
01-08 01:32:18.416 D/hpplay-base( 2713): [Server:371] startHttpServer srv_sockets.used:1 nCurrentFd:70, tid is 5227
01-08 01:32:18.416 D/hpplay-base( 2713): [LelinkBase:515] startAllServer pBaseContext->config.dlnaEnable:1
01-08 01:32:18.416 D/hpplay-base( 2713): [lelinkDlna:324] addDMRCallback end
01-08 01:32:18.416 D/hpplay-base( 2713): [stream_mirror_compat:759] compat mirror stream begin to run,server fd:98,thread_id:3134640576!!
01-08 01:32:18.417 E/hpplay-base-dlna( 2713): miniserver.c:788::dlna_port(ipv4: 49152 ipv6:0)
01-08 01:32:18.420 D/hpplay-base-dlna( 2713): [lebodlna-dlnaframe:166] succeed to load lebodlnaplugin
01-08 01:32:18.420 D/hpplay-base-dlna( 2713): [lebodlna-dlnaframe:232] Succeed to load specified plugin:lebodlna_plugin
01-08 01:32:18.420 D/hpplay-base( 2713): [lelinkDlna:328] startDLNAServer ret=0
01-08 01:32:18.420 D/hpplay-base( 2713): [LelinkBase:531] startDLNAServer ret= 0
01-08 01:32:18.420 D/hpplay-base( 2713): [lelinkDlna:342] setDMRFriendlyName 高合娱乐副屏
01-08 01:32:18.420 D/hpplay-base-dlna( 2713): [lebodlna-dlna_android:136] setBroadcastTimeout mBroadcastTimeOut=66 status=3!
01-08 01:32:18.420 D/hpplay-base-dlna( 2713): [lebodlna_api:32] start DMR
01-08 01:32:18.420 D/hpplay-base-dlna( 2713): [UpnpDefine:434] RegisterDMRender invalid lelink info
01-08 01:32:18.421 D/hpplay-base-dlna( 2713): [UpnpDefine:551] DLNA DESCRIPTION FROME SERVER
01-08 01:32:18.422 E/hpplay-base-dlna( 2713): upnpapi.c:1078::Exiting RegisterRootDevice2 *Hnd =1, return value == 0
01-08 01:32:18.422 D/hpplay-base-dlna( 2713): [CUpnpDevice:41] Register Root Device 2:0
01-08 01:32:18.422 D/hpplay-base-dlna( 2713): [UpnpDefine:794] ESDMRender:Register success
01-08 01:32:18.422 D/hpplay-base-dlna( 2713): [lebodlna_api:41] sendBroadcast mBroadcastTimeOut=3
01-08 01:32:18.422 D/hpplay-base-dlna( 2713): [lebodlna_api:44] sendBroadcast timeout=66
01-08 01:32:18.475 D/hpplay-base( 2713): [lelinkDlna:361] startDLNADevice dlnaManufacturer:0 ret=0
01-08 01:32:18.476 D/hpplay-base( 2713): [LelinkBase:535] lelinkSetDlnaInfo ret= 0
01-08 01:32:18.476 D/hpplay-base( 2713): [LelinkBase:547] startAllServer pBaseContext->config.mDNSEnable:1
01-08 01:32:18.476 D/hpplay-base( 2713): [base_mdns:509] mdns net.hostname:
01-08 01:32:18.476 D/hpplay-base( 2713): [base_mdns:529] mdns namelabel:-36-7C-7C-00-00-0F
01-08 01:32:18.476 D/hpplay-base( 2713): [base_mdns:509] mdns net.hostname:
01-08 01:32:18.476 D/hpplay-base( 2713): [base_mdns:529] mdns namelabel:-36-7C-7C-00-00-0F
01-08 01:32:18.476 D/hpplay-base( 2713): [mdns:813] mdns start bind port:0
01-08 01:32:18.477 D/hpplay-base( 2713): [mdns:813] mdns start bind port:5353
01-08 01:32:18.477 D/hpplay-base( 2713): [mdns:813] mdns start bind port:5353
01-08 01:32:18.477 D/hpplay-base( 2713): [mdns:813] mdns start bind port:5353
01-08 01:32:18.478 D/hpplay-base( 2713): [mdns:813] mdns start bind port:5353
01-08 01:32:18.478 D/hpplay-base( 2713): [mdns:813] mdns start bind port:5353
01-08 01:32:18.478 D/hpplay-base( 2713): [mdns:813] mdns start bind port:5353
01-08 01:32:18.478 D/hpplay-base( 2713): [mdns:813] mdns start bind port:5353
01-08 01:32:18.480 I/hpplay-base( 2713): [mDNSEmbeded:57] embedded_mDNSInit stopmDNSNow:0 status:0
01-08 01:32:18.480 D/hpplay-base( 2713): [mDNSEmbeded:436] startmDNSServer end nRet=0
01-08 01:32:18.480 D/hpplay-base( 2713): [LelinkBase:555] lelink broadcast_on_off:1 log2java_on_off:1
01-08 01:32:18.480 D/hpplay-base( 2713): [LelinkMDNS:729] leboAuthorizationCheck strUuid=42:ab:77:64:ca:4f000000000000000
01-08 01:32:18.480 D/hpplay-base( 2713): [LelinkMDNS:730] leboAuthorizationCheck mPermissionDid=42:ab:77:64:ca:4f000000000000000
01-08 01:32:18.480 D/hpplay-base( 2713): [LelinkMDNS:755] leboAuthorizationCheck mPermissionMac=42:ab:77:64:ca:4f000000000000000
01-08 01:32:18.481 D/hpplay-base( 2713): [AEventUtils:595] request to start event handle service!!
01-08 01:32:18.481 D/hpplay-base( 2713): [AEventUtils:603] start_event_handle_service,begin to run!!
01-08 01:32:18.481 D/hpplay-base( 2713): [REventUtils:210] start_event_handle_service,begin to run!!
01-08 01:32:18.481 D/hpplay-base( 2713): [AEventUtils:171] create handle AEvent thread ok!!,tid is 5247
01-08 01:32:18.481 D/hpplay-base( 2713): [LelinkBase:576] startAllServer success .
01-08 01:32:18.481 D/hpplay-base( 2713): [jniBridge:894] startDlna_link:http://192.168.124.22:49152/description.xml
01-08 01:32:18.481 D/hpplay-base( 2713): [mDNSEmbeded:197] http_port bind check 197 http_port_check
01-08 01:32:18.482 D/hpplay-base( 2713): [jniBridge:1081] notifyJavaDlnalink:http://192.168.124.22:49152/description.xml
01-08 01:32:18.482 D/hpplay-base( 2713): [REventUtils:59] create handleREventThread thread ok!!,tid is 5248
01-08 01:32:18.482 I/hpplay-base( 2713): [mDNSEmbeded:268] start lelink publish server, tid is 5245
01-08 01:32:18.483 D/hpplay-base( 2713): [mDNSEmbeded:217] http_port bind check 217 http_port_check
01-08 01:32:18.483 D/hpplay-base( 2713): [jniBridge:1726] notifyJava, what:207, castType:0, mimeType:0 baseStatus:2
01-08 01:32:18.483 D/hpplay-base( 2713): [jniBridge:1727] notifyJava sessionID:(null)
01-08 01:32:18.483 D/hpplay-base( 2713): [mDNSEmbeded:222] http_port bind check 222 http_port_check
01-08 01:32:18.484 I/hpplay-java( 2713): [Thread-51]:Bridge:notify: what: 207
01-08 01:32:18.484 I/hpplay-java( 2713): [Thread-51]:Bridge:notify: out: OutParameters:{audioSessionId=-1, audiotrackIndex=0, castHandleType=-1, castType=0, deviceName='http://192.168.124.22:49152/description.xml', dlnaName='', dramaID='', extra=0, frameHandleType=-1, handleInside=true, headduration=0, header='', headers=null, isAD=false, isMultiMirror=false, lelinkVer='', limitTime=0, , mediaAlbum='null', mediaAlbumArtURI='', mediaArtist='null', mediaAssets='', mediaTitle='null', mimeType=0, multiSession=null, period=0, pinCode='', playSpeed=0.0, playerChoice=0, plugin=0, port=0, position=0.0, positionUnit=2, protocol=0, realSessionID='', regType='', , sinkIp='', sourceAPPVersion='', sourceChannel='', sourceClientInfo='', sourceDeviceInfo='', sourceDeviceModel='', sourceDeviceName='', sourceDeviceType=0, sourceHID='', , sourceInfo='', , , sourceOSVersion='', sourceSDKVersion='', sourceUid='', stopDetail=0, stopReason=0, tailduration=0, url='', urlID='', urls=null, userAgent='', videoDecoder=0, volume=0, what=207}com.hpplay.sdk.sink.protocol.OutParameters@74e33b9
01-08 01:32:18.484 I/hpplay-java( 2713): [Thread-51]:Bridge:notify: address:170169342
01-08 01:32:18.486 D/hpplay-base( 2713): [mDNSEmbeded:234] http_port bind check 234 http_port_check port:52266
01-08 01:32:18.486 D/hpplay-base( 2713): [mDNSEmbeded:237] http_port bind check 237 http_port_check
01-08 01:32:18.487 D/hpplay-base( 2713): [lelinkSinkServer:93] new client connection from 127.0.0.1 61131, fd=138
01-08 01:32:18.487 D/hpplay-base( 2713): [SinkContext:137] addSinkContextSession,begin to run!!
01-08 01:32:18.487 D/hpplay-base( 2713): [SinkContext:142] addSinkContextSession,begin to get lock!!
01-08 01:32:18.487 D/hpplay-base( 2713): [SinkContext:144] addSinkContextSession,get lock ok!!
01-08 01:32:18.487 D/hpplay-base( 2713): [SinkContext:149] addSinkContextSession,session list is null,begin to malloc!!
01-08 01:32:18.487 D/hpplay-base( 2713): [SinkContext:156] addSinkContextSession,begin to update!!
01-08 01:32:18.487 D/hpplay-base( 2713): [SinkContext:160] addSinkContextSession,begin to update header!!
01-08 01:32:18.488 D/hpplay-base( 2713): [SinkContext:172] addSinkContextSession,begin to unlock!!
01-08 01:32:18.488 D/hpplay-base( 2713): [SinkContext:174] addSinkContextSession,unlock ok!!
01-08 01:32:18.488 D/hpplay-base( 2713): [LelinkReceiver:4908] get ping !!!
01-08 01:32:18.488 D/hpplay-base( 2713): [mDNSEmbeded:240] http_port bind check 240 http_port_check recieved:64
01-08 01:32:18.488 D/hpplay-base( 2713): [mDNSEmbeded:243] http_port bind check 243 http_port_check
01-08 01:32:18.488 D/hpplay-base( 2713): [mDNSEmbeded:244] http_port bind check ok!
01-08 01:32:18.494 I/hpplay-java( 2713): [AsyncTask #29]:HttpRequest:doGet responseCode:200 0
01-08 01:32:18.541 I/input_interaction( 1526): Interaction with: 1bc00b2 com.android.launcher3/com.android.launcher3.uioverrides.QuickstepLauncher (server), fe7e613 com.android.systemui.ImageWallpaper (server), edge-swipe (server), swipe-up (server), PointerEventDispatcher0 (server),
01-08 01:32:18.543 I/service_manager_stats( 1526): [100,46,56256]
01-08 01:32:18.650 D/FreeWindowHelper( 2543): setExitFlag: old=0,new=1
01-08 01:32:18.651 I/thunderperf( 1526): Maybe need boostperf for current app!
01-08 01:32:18.651 D/FgBoostPerfService( 2387): [FgBoostPerfService.perfBoostAcq]start: stat=true pkgName=com.android.deskclock
01-08 01:32:18.651 V/GameMode_GameTypeUtils( 2387): judge isGame:com.android.deskclock
01-08 01:32:18.652 I/FgBoostPerfService( 2387): [FgBoostPerfService.perfBoostAcq] not game-mode or game app!
01-08 01:32:18.652 I/ThunderPerfManager( 1526): PerfAcq error : state=true pkgName=com.android.deskclock
01-08 01:32:18.652 V/GameMode_GameTypeUtils( 2387): judge isGame:com.android.deskclock
01-08 01:32:18.652 I/FgBoostPerfService( 2387): [GetGpuMode] isMode=1 isGame=false mGpuMode=1
01-08 01:32:18.653 V/GameMode_GameTypeUtils( 2387): judge isGame:com.android.deskclock
01-08 01:32:18.653 I/FgBoostPerfService( 2387): [GetGpuDpiType] isMode=1 isGame=false mGpuDpiType=0
01-08 01:32:18.653 I/thunderperf( 1526): Current app pkgName=com.android.deskclock bm:com.thundercomm.perf.BoostPerfManager@3df94a1 gpuMode=-1 gpuType=-1
01-08 01:32:18.653 I/ThunderBoostPerfService( 1526): Resolution: Uid=10078 Pid=2543 gMode=-1 dType=-1
01-08 01:32:18.653 I/thunderperf( 1526): PlatormCompat.setOverrides: Uid1=10078 Pid1=2543 Uid2=10078 Pid2=2543
01-08 01:32:18.653 I/thunderperf( 1526): PlatormCompat.setOverrides: needCheck:false
01-08 01:32:18.654 I/thunderperf( 1526): CompatConfig.addOverrideUnsafe: bef-state=1
01-08 01:32:18.654 I/thunderperf( 1526): CompatConfig.addOverrideUnsafe: aft-state=0
01-08 01:32:18.655 I/thunderperf( 1526): CompatConfig.addOverrideUnsafe: bef-state=1
01-08 01:32:18.655 I/thunderperf( 1526): CompatConfig.addOverrideUnsafe: aft-state=0
01-08 01:32:18.656 I/thunderperf( 1526): CompatConfig.addOverrideUnsafe: bef-state=1
01-08 01:32:18.657 I/thunderperf( 1526): CompatConfig.addOverrideUnsafe: aft-state=0
01-08 01:32:18.657 I/thunderperf( 1526): CompatConfig.addOverrideUnsafe: bef-state=1
01-08 01:32:18.657 I/thunderperf( 1526): CompatConfig.addOverrideUnsafe: aft-state=0
01-08 01:32:18.658 I/thunderperf( 1526): CompatConfig.addOverrideUnsafe: bef-state=1
01-08 01:32:18.658 I/thunderperf( 1526): CompatConfig.addOverrideUnsafe: aft-state=0
01-08 01:32:18.658 I/thunderperf( 1526): CompatConfig.addOverrideUnsafe: bef-state=1
01-08 01:32:18.659 I/thunderperf( 1526): CompatConfig.addOverrideUnsafe: aft-state=0
01-08 01:32:18.659 I/thunderperf( 1526): CompatConfig.addOverrideUnsafe: bef-state=1
01-08 01:32:18.659 I/thunderperf( 1526): CompatConfig.addOverrideUnsafe: aft-state=0
01-08 01:32:18.660 I/thunderperf( 1526): CompatConfig.addOverrideUnsafe: bef-state=1
01-08 01:32:18.660 I/thunderperf( 1526): CompatConfig.addOverrideUnsafe: aft-state=0
01-08 01:32:18.660 I/thunderperf( 1526): CompatConfig.addOverrideUnsafe: bef-state=1
01-08 01:32:18.660 I/thunderperf( 1526): CompatConfig.addOverrideUnsafe: aft-state=0
01-08 01:32:18.661 I/thunderperf( 1526): CompatConfig.addOverrideUnsafe: bef-state=1
01-08 01:32:18.661 I/thunderperf( 1526): CompatConfig.addOverrideUnsafe: aft-state=0
01-08 01:32:18.662 I/thunderperf( 1526): CompatConfig.addOverrideUnsafe: bef-state=1
01-08 01:32:18.662 I/thunderperf( 1526): CompatConfig.addOverrideUnsafe: aft-state=0
01-08 01:32:18.662 I/thunderperf( 1526): CompatConfig.addOverrideUnsafe: bef-state=1
01-08 01:32:18.662 I/thunderperf( 1526): CompatConfig.addOverrideUnsafe: aft-state=0
01-08 01:32:18.663 I/thunderperf( 1526): CompatConfig.addOverrideUnsafe: bef-state=1
01-08 01:32:18.663 I/thunderperf( 1526): CompatConfig.addOverrideUnsafe: aft-state=0
01-08 01:32:18.663 I/thunderperf( 1526): CompatConfig.addOverrideUnsafe: bef-state=1
01-08 01:32:18.664 I/thunderperf( 1526): CompatConfig.addOverrideUnsafe: aft-state=0
01-08 01:32:18.669 I/ThunderBoostPerfService( 1526): Disable downscaling com.android.deskclock to 2380x1020
01-08 01:32:18.670 I/ActivityTaskManager( 1526): START u0 {flg=0x10008000 cmp=com.android.deskclock/.DeskClock} from uid 10078
01-08 01:32:18.670 I/EventSequenceValidator( 1526): inc AccIntentStartedEvents to 2
01-08 01:32:18.676 E/ANDR-PERF-JNI( 1526): com_qualcomm_qtiperformance_native_perf_io_prefetch_start
01-08 01:32:18.677 I/wm_task_created( 1526): [11,-1]
01-08 01:32:18.677 W/ActivityTaskManager( 1526): Can't find TaskDisplayArea to determine support for multi window. Task id=11 attached=false
01-08 01:32:18.677 E/ANDR-IOP( 833): io prefetch is disabled
01-08 01:32:18.678 D/FreeFormWindowHelper( 1526): Add freeform task=Task{8775fdf #11 type=standard ?? U=0 visible=false mode=freeform translucent=true sz=0}
01-08 01:32:18.679 D/CompatibilityChangeReporter( 1526): Compat change id reported: 174042980; UID 10066; state: DISABLED
01-08 01:32:18.679 D/CompatibilityChangeReporter( 1526): Compat change id reported: 184838306; UID 10066; state: DISABLED
01-08 01:32:18.679 D/CompatibilityChangeReporter( 1526): Compat change id reported: 185004937; UID 10066; state: DISABLED
01-08 01:32:18.679 D/CompatibilityChangeReporter( 1526): Compat change id reported: 181136395; UID 10066; state: DISABLED
01-08 01:32:18.680 D/CompatibilityChangeReporter( 1526): Compat change id reported: 174042936; UID 10066; state: DISABLED
01-08 01:32:18.680 I/wm_task_moved( 1526): [11,1,6]
01-08 01:32:18.680 I/wm_task_to_front( 1526): [0,11]
01-08 01:32:18.680 I/wm_create_task( 1526): [0,11]
01-08 01:32:18.680 I/wm_create_activity( 1526): [0,260305964,11,com.android.deskclock/.DeskClock,NULL,NULL,NULL,268468224]
01-08 01:32:18.680 I/wm_task_moved( 1526): [11,1,6]
01-08 01:32:18.681 D/CompatibilityInfo( 1526): mCompatibilityFlags - 4
01-08 01:32:18.681 D/CompatibilityInfo( 1526): applicationDensity - 240
01-08 01:32:18.681 D/CompatibilityInfo( 1526): applicationScale - 1.0
01-08 01:32:18.681 I/ActivityTaskManager( 1526): FOREGROUND_APPLICATION_CHANGED to com.android.deskclock.DeskClock
01-08 01:32:18.681 I/ActivityTaskManager( 1526): The Process com.android.deskclock Already Exists in BG. So sending its PID: 2664
01-08 01:32:18.682 I/wm_restart_activity( 1526): [0,260305964,11,com.android.deskclock/.DeskClock]
01-08 01:32:18.682 D/CompatibilityInfo( 1526): mCompatibilityFlags - 4
01-08 01:32:18.682 D/CompatibilityInfo( 1526): applicationDensity - 240
01-08 01:32:18.682 D/CompatibilityInfo( 1526): applicationScale - 1.0
01-08 01:32:18.683 I/wm_set_resumed_activity( 1526): [0,com.android.deskclock/.DeskClock,minimalResumeActivityLocked]
01-08 01:32:18.684 D/StateManager( 2543): goToState: Normal
01-08 01:32:18.684 D/EditModeHelper( 2543): setHotseatVisibility: 0
01-08 01:32:18.685 I/wm_on_top_resumed_lost_called( 2543): [162781513,com.android.launcher3.uioverrides.QuickstepLauncher,topStateChangedWhenResumed]
01-08 01:32:18.685 I/GameMode_ActivityMonitoringService( 2387): onForegroundActivitiesChanged uid 10066 pid 2664 fg true
01-08 01:32:18.688 I/GameMode_ActivityMonitoringService( 2387): Updating top task to: TaskInfoContainer [topActivity=ComponentInfo{com.android.deskclock/com.android.deskclock.DeskClock}, taskId=11, stackId=11, userId=0, displayId=0, position=6
01-08 01:32:18.688 I/GameMode_ActivityMonitoringService( 2387): Notifying about top task: TaskInfoContainer [topActivity=ComponentInfo{com.android.deskclock/com.android.deskclock.DeskClock}, taskId=11, stackId=11, userId=0, displayId=0, position=6
01-08 01:32:18.688 I/GameMode_ActivityMonitoringService( 2387): WindowMode: 5
01-08 01:32:18.689 I/hpplay-base( 2713): [LelinkReceiver:14605] _connectionFinalize (138)
01-08 01:32:18.689 D/hpplay-base( 2713): [LelinkReceiver:14752] ###connectionFinalize,release ok!!###
01-08 01:32:18.705 W/FreeFormWindowHelper( 1526): Current Display FreeFormTask is Task{8775fdf #11 type=standard A=10066:com.android.deskclock U=0 visible=true mode=freeform translucent=false sz=1}
01-08 01:32:18.707 W/FreeFormWindowHelper( 1526): Current Display FreeFormTask is Task{8775fdf #11 type=standard A=10066:com.android.deskclock U=0 visible=true mode=freeform translucent=false sz=1}
01-08 01:32:18.709 W/FreeFormWindowHelper( 1526): Current Display FreeFormTask is Task{8775fdf #11 type=standard A=10066:com.android.deskclock U=0 visible=true mode=freeform translucent=false sz=1}
01-08 01:32:18.711 D/CompatibilityChangeReporter( 2664): Compat change id reported: 171228096; UID 10066; state: ENABLED
01-08 01:32:18.711 W/FreeFormWindowHelper( 1526): Current Display FreeFormTask is Task{8775fdf #11 type=standard A=10066:com.android.deskclock U=0 visible=true mode=freeform translucent=false sz=1}
01-08 01:32:18.712 D/hpplay-base( 2713): [LelinkMDNS:766] devicePermissionPublic leboPermissionCheck:-2
01-08 01:32:18.712 D/hpplay-base( 2713): [jniBridge:1125] com_hpplay_sdk_sink_protocol_Bridge_WHAT_SERVER_ERROR
01-08 01:32:18.712 D/hpplay-base( 2713): [jniBridge:1726] notifyJava, what:204, castType:0, mimeType:0 baseStatus:2
01-08 01:32:18.712 D/hpplay-base( 2713): [jniBridge:1727] notifyJava sessionID:(null)
01-08 01:32:18.712 I/hpplay-java( 2713): [Thread-52]:Bridge:notify: what: 204
01-08 01:32:18.713 I/hpplay-java( 2713): [Thread-52]:Bridge:notify: out: OutParameters:{audioSessionId=-1, audiotrackIndex=0, castHandleType=-1, castType=0, deviceName='', dlnaName='', dramaID='', extra=-2002, frameHandleType=-1, handleInside=true, headduration=0, header='', headers=null, isAD=false, isMultiMirror=false, lelinkVer='', limitTime=0, , mediaAlbum='null', mediaAlbumArtURI='', mediaArtist='null', mediaAssets='', mediaTitle='null', mimeType=0, multiSession=null, period=0, pinCode='', playSpeed=0.0, playerChoice=0, plugin=0, port=0, position=0.0, positionUnit=2, protocol=0, realSessionID='', regType='', , sinkIp='', sourceAPPVersion='', sourceChannel='', sourceClientInfo='', sourceDeviceInfo='', sourceDeviceModel='', sourceDeviceName='', sourceDeviceType=0, sourceHID='', , sourceInfo='', , , sourceOSVersion='', sourceSDKVersion='', sourceUid='', stopDetail=0, stopReason=0, tailduration=0, url='', urlID='', urls=null, userAgent='', videoDecoder=0, volume=0, what=204}com.hpplay.sdk.sink.protocol.OutParameters@b1e975f
01-08 01:32:18.713 I/hpplay-java( 2713): [Thread-52]:Bridge:notify: address:10458540
01-08 01:32:18.713 I/hpplay-java( 2713): [main]:Bridge:findServiceID start out: 10458540
01-08 01:32:18.713 I/hpplay-base( 2713): [mDNSEmbeded:79] embedded_mDNSLoop stopmDNSNow:0 nPublish:-2 nExitFlag:6 tid is 5244
01-08 01:32:18.713 I/hpplay-java( 2713): [main]:Bridge:findServiceID end
01-08 01:32:18.713 E/hpplay-java( 2713): [main]:ServerTaskManager:onError 204/-2002 com.hht.lebocast.LelinkHelper$e@1c2de7f
01-08 01:32:18.713 I/hpplay-java( 2713): [main]:ServerTaskManager:cancelTimeOutCheck
01-08 01:32:18.713 W/hpplay-java( 2713): [main]:ServerTaskManager:onErrorDispatcher errorCode:-2002
01-08 01:32:18.713 I/hpplay-java( 2713): [main]:ServerTaskManager:onError retry later
01-08 01:32:18.713 W/FreeFormWindowHelper( 1526): Current Display FreeFormTask is Task{8775fdf #11 type=standard A=10066:com.android.deskclock U=0 visible=true mode=freeform translucent=false sz=1}
01-08 01:32:18.714 W/FreeFormWindowHelper( 1526): Current Display FreeFormTask is Task{8775fdf #11 type=standard A=10066:com.android.deskclock U=0 visible=true mode=freeform translucent=false sz=1}
01-08 01:32:18.716 D/FreeWindowHelper( 2543): enterOrExitRecentTasks: isEnterRecentTasks=false,mExitFlag=1
01-08 01:32:18.716 W/FreeFormWindowHelper( 1526): exitRecentTasks type=1
01-08 01:32:18.720 W/FreeFormWindowHelper( 1526): Current Display FreeFormTask is Task{8775fdf #11 type=standard A=10066:com.android.deskclock U=0 visible=true mode=freeform translucent=false sz=1}
01-08 01:32:18.733 I/wm_on_create_called( 2664): [260305964,com.android.deskclock.DeskClock,performCreate]
01-08 01:32:18.734 I/wm_on_start_called( 2664): [260305964,com.android.deskclock.DeskClock,handleStartActivity]
01-08 01:32:18.735 I/wm_on_resume_called( 2664): [260305964,com.android.deskclock.DeskClock,RESUME_ACTIVITY]
01-08 01:32:18.739 I/wm_on_top_resumed_gained_called( 2664): [260305964,com.android.deskclock.DeskClock,topStateChangedWhenResumed]
01-08 01:32:18.759 I/mpu_uart( 640): [MSG-P:RECV]:No message received in 1000 ms
01-08 01:32:18.806 I/hpplay-java( 2713): [AsyncTask #23]:HttpRequest:doGet responseCode:200 0
01-08 01:32:18.816 D/CompatibilityChangeReporter( 1526): Compat change id reported: 149924527; UID 10066; state: ENABLED
01-08 01:32:18.816 D/CompatibilityChangeReporter( 1526): Compat change id reported: 132649864; UID 10066; state: DISABLED
01-08 01:32:18.816 D/CompatibilityChangeReporter( 1526): Compat change id reported: 182734110; UID 10066; state: DISABLED
01-08 01:32:18.822 W/WindowManager( 1526): updateScale : 0.7996942
01-08 01:32:18.824 I/input_focus( 1526): [Focus request becee73 com.android.deskclock/com.android.deskclock.DeskClock,reason=UpdateInputWindows]
01-08 01:32:18.824 W/ServiceManager( 906): Permission failure: android.permission.ACCESS_SURFACE_FLINGER from uid=10066 pid=2664
01-08 01:32:18.824 D/PermissionCache( 906): checking android.permission.ACCESS_SURFACE_FLINGER for uid=10066 => denied (231 us)
01-08 01:32:18.824 W/ServiceManager( 906): Permission failure: android.permission.ROTATE_SURFACE_FLINGER from uid=10066 pid=2664
01-08 01:32:18.824 D/PermissionCache( 906): checking android.permission.ROTATE_SURFACE_FLINGER for uid=10066 => denied (96 us)
01-08 01:32:18.825 I/AdrenoGLES-0( 2664): QUALCOMM build : 47421dbee6, I139f36ad46
01-08 01:32:18.825 I/AdrenoGLES-0( 2664): Build Date : 02/18/22
01-08 01:32:18.825 I/AdrenoGLES-0( 2664): OpenGL ES Shader Compiler Version: EV031.32.02.17
01-08 01:32:18.825 I/AdrenoGLES-0( 2664): Local Branch :
01-08 01:32:18.825 I/AdrenoGLES-0( 2664): Remote Branch :
01-08 01:32:18.825 I/AdrenoGLES-0( 2664): Remote Branch :
01-08 01:32:18.825 I/AdrenoGLES-0( 2664): Reconstruct Branch :
01-08 01:32:18.825 I/AdrenoGLES-0( 2664): Build Config : S P 10.0.7 AArch64
01-08 01:32:18.825 I/AdrenoGLES-0( 2664): Driver Path : /vendor/lib64/egl/libGLESv2_adreno.so
01-08 01:32:18.826 I/hwservicemanager( 499): getTransport: Cannot find entry android.hardware.graphics.mapper@4.0::IMapper/default in either framework or device VINTF manifest.
01-08 01:32:18.829 I/AdrenoGLES-0( 2664): PFP: 0x016dd093, ME: 0x00000000
01-08 01:32:18.833 D/libEGL ( 2664): MSAA-->msaa:2 gamemode:0 4x_msaa:0
01-08 01:32:18.834 D/libEGL ( 2664): MSAA-->msaa:2 gamemode:0 4x_msaa:0
01-08 01:32:18.834 D/libEGL ( 2664): MSAA-->msaa:2 gamemode:0 4x_msaa:0
01-08 01:32:18.835 D/CompatibilityChangeReporter( 2664): Compat change id reported: 170233598; UID 10066; state: DISABLED
01-08 01:32:18.835 I/OMX-VENC: venc_dev( 1222): stats: avg. fps 17.00, bitrate 1600942
01-08 01:32:18.843 I/SDM ( 831): HWCDisplay::GetColorModeCount: Supported color mode count = 1
01-08 01:32:18.843 I/SDM ( 831): HWCDisplay::GetColorModes: Color mode = 0 is supported
01-08 01:32:18.843 E/HWComposer( 906): getSupportedContentTypes: getSupportedContentTypes failed for display 4630946370410392961: Unsupported (8)
01-08 01:32:18.843 D/hw-ProcessState( 2664): Binder ioctl to enable oneway spam detection failed: Invalid argument
01-06 10:46:19.006 I/binder ( 0): 2664:5258 ioctl 40046210 7003e051f4 returned -22
01-08 01:32:18.844 I/hwservicemanager( 499): getTransport: Cannot find entry android.hardware.graphics.mapper@4.0::IMapper/default in either framework or device VINTF manifest.
01-08 01:32:18.844 I/Gralloc4( 2664): mapper 4.x is not supported
01-08 01:32:18.845 I/hwservicemanager( 499): getTransport: Cannot find entry android.hardware.graphics.allocator@4.0::IAllocator/default in either framework or device VINTF manifest.
01-08 01:32:18.845 W/Gralloc4( 2664): allocator 4.x is not supported
01-08 01:32:18.854 I/input_focus( 1526): [Focus leaving 1bc00b2 com.android.launcher3/com.android.launcher3.uioverrides.QuickstepLauncher (server),reason=Waiting for window because NOT_VISIBLE]
01-08 01:32:18.858 W/WindowManager( 1526): updateScale : 0.7996942
01-08 01:32:18.860 W/WindowManager( 1526): updateScale : 0.7996942
01-08 01:32:18.862 W/WindowManager( 1526): updateScale : 0.7996942
01-08 01:32:18.862 I/EventSequenceValidator( 1526): dec AccIntentStartedEvents to 1
01-08 01:32:18.863 I/sysui_multi_action( 1526): [319,190,322,189,325,75,757,761,758,8,759,2,806,com.android.deskclock,871,com.android.deskclock.DeskClock,904,com.android.launcher3,905,0,1320,4,1321,1]
01-08 01:32:18.864 I/wm_activity_launch_time( 1526): [0,260305964,com.android.deskclock/.DeskClock,189]
01-08 01:32:18.864 I/ActivityTaskManager( 1526): Displayed com.android.deskclock/.DeskClock: +189ms
01-08 01:32:18.871 I/input_focus( 1526): [Focus entering becee73 com.android.deskclock/com.android.deskclock.DeskClock (server),reason=Window became focusable. Previous reason: NOT_VISIBLE]
01-08 01:32:18.878 W/System ( 2664): A resource failed to call close.
01-08 01:32:18.963 I/auditd ( 0): type=1400 audit(0.0:403): avc: denied { kill } for comm="swapper/0" capability=5 scontext=u:r:kernel:s0 tcontext=u:r:kernel:s0 tclass=capability permissive=0
01-08 01:32:18.963 W/swapper/0( 0): type=1400 audit(0.0:403): avc: denied { kill } for capability=5 scontext=u:r:kernel:s0 tcontext=u:r:kernel:s0 tclass=capability permissive=0
01-08 01:32:19.138 W/WindowManager( 1526): updateScale : 0.7996942
01-08 01:32:19.243 I/commit_sys_config_file( 1526): [appops,57662]
01-08 01:32:19.387 I/GameModeConfig( 1526): isGameModeOn = true
01-08 01:32:19.387 I/GameModeConfig( 1526): isGaming = false
01-08 01:32:19.389 D/InterruptionStateProvider( 1984): No bubble up: not allowed to bubble: 0|com.android.systemui|4274|null|10081
01-08 01:32:19.389 D/InterruptionStateProvider( 1984): No bubble up: not allowed to bubble: -1|android|26|null|1000
01-08 01:32:19.389 D/InterruptionStateProvider( 1984): No alerting: filtered notification: 0|com.android.systemui|1|empty_media|10081
01-08 01:32:19.389 D/InterruptionStateProvider( 1984): No bubble up: not allowed to bubble: 0|com.android.systemui|2048|null|10081
01-08 01:32:19.389 D/InterruptionStateProvider( 1984): No bubble up: not allowed to bubble: -1|android|32|null|1000
01-08 01:32:19.591 I/GameModeConfig( 1526): isGameModeOn = true
01-08 01:32:19.591 I/GameModeConfig( 1526): isGaming = false
01-08 01:32:19.759 I/mpu_uart( 640): [MSG-P:RECV]:No message received in 1000 ms
01-08 01:32:19.795 I/mpu_uart( 640): [MSG-P:R]:recv sync frame timeout
01-08 01:32:19.963 I/auditd ( 0): type=1400 audit(0.0:404): avc: denied { kill } for comm="swapper/0" capability=5 scontext=u:r:kernel:s0 tcontext=u:r:kernel:s0 tclass=capability permissive=0
01-08 01:32:19.963 W/swapper/0( 0): type=1400 audit(0.0:404): avc: denied { kill } for capability=5 scontext=u:r:kernel:s0 tcontext=u:r:kernel:s0 tclass=capability permissive=0
01-08 01:32:20.237 D/EditModeHelper( 2543): setHotseatVisibility: 8
01-08 01:32:20.238 D/CompatibilityChangeReporter( 2664): Compat change id reported: 150939131; UID 10066; state: DISABLED
01-08 01:32:20.238 W/FreeFormWindowHelper( 1526): Current Display FreeFormTask is Task{8775fdf #11 type=standard A=10066:com.android.deskclock U=0 visible=true mode=freeform translucent=false sz=1}
01-08 01:32:20.238 W/FreeFormWindowHelper( 1526): Current Display FreeFormTask is Task{8775fdf #11 type=standard A=10066:com.android.deskclock U=0 visible=true mode=freeform translucent=false sz=1}
01-08 01:32:20.238 W/FreeFormWindowHelper( 1526): Current Display FreeFormTask is Task{8775fdf #11 type=standard A=10066:com.android.deskclock U=0 visible=true mode=freeform translucent=false sz=1}
01-08 01:32:20.238 W/FreeFormWindowHelper( 1526): Current Display FreeFormTask is Task{8775fdf #11 type=standard A=10066:com.android.deskclock U=0 visible=true mode=freeform translucent=false sz=1}
01-08 01:32:20.238 W/FreeFormWindowHelper( 1526): Current Display FreeFormTask is Task{8775fdf #11 type=standard A=10066:com.android.deskclock U=0 visible=true mode=freeform translucent=false sz=1}
01-08 01:32:20.238 D/FreeWindowContainer( 2543): reloadTask: TaskInfo{userId=0 taskId=11 displayId=0 isRunning=true baseIntent=Intent { flg=0x10008000 cmp=com.android.deskclock/.DeskClock } baseActivity=ComponentInfo{com.android.deskclock/com.android.deskclock.DeskClock} topActivity=ComponentInfo{com.android.deskclock/com.android.deskclock.DeskClock} origActivity=null realActivity=ComponentInfo{com.android.deskclock/com.android.deskclock.DeskClock} numActivities=1 lastActiveTime=77339 supportsSplitScreenMultiWindow=true supportsMultiWindow=true resizeMode=1 isResizeable=true token=WCT{android.window.IWindowContainerToken$Stub$Proxy@76ccccf} topActivityType=1 pictureInPictureParams=PictureInPictureParams( aspectRatio=null sourceRectHint=null hasSetActions=false isAutoPipEnabled=false isSeamlessResizeEnabled=true) displayCutoutSafeInsets=null topActivityInfo=ActivityInfo{6d4765c com.android.deskclock.DeskClock} launchCookies=[] positionInParent=Point(0, 72) parentTaskId=-1 isFocused=true isVisible=true topActivityInSizeCompat=false locusId= null}
01-08 01:32:20.243 I/InputDispatcher( 1526): Monitor swipe-up (server) is stealing touch from [1bc00b2 com.android.launcher3/com.android.launcher3.uioverrides.QuickstepLauncher (server), fe7e613 com.android.systemui.ImageWallpaper (server), ]
01-08 01:32:20.243 I/view_enqueue_input_event( 2543): [Motion - Cancel,com.android.launcher3/com.android.launcher3.uioverrides.QuickstepLauncher]
01-08 01:32:20.244 W/FreeFormWindowHelper( 1526): Current Display FreeFormTask is Task{8775fdf #11 type=standard A=10066:com.android.deskclock U=0 visible=true mode=freeform translucent=false sz=1}
01-08 01:32:20.244 V/ShadeControllerImpl( 1984): NotificationShadeWindow: com.android.systemui.statusbar.phone.NotificationShadeWindowView{8dd8b58 I.E...... ......ID 0,0-2380,1020} canPanelBeCollapsed(): false
01-08 01:32:20.245 W/FreeFormWindowHelper( 1526): Current Display FreeFormTask is Task{8775fdf #11 type=standard A=10066:com.android.deskclock U=0 visible=true mode=freeform translucent=false sz=1}
01-08 01:32:20.245 W/FreeFormWindowHelper( 1526): Current Display FreeFormTask is Task{8775fdf #11 type=standard A=10066:com.android.deskclock U=0 visible=true mode=freeform translucent=false sz=1}
01-08 01:32:20.249 I/hwservicemanager( 499): getTransport: Cannot find entry android.hardware.graphics.allocator@4.0::IAllocator/default in either framework or device VINTF manifest.
01-08 01:32:20.249 W/Gralloc4( 1526): allocator 4.x is not supported
01-08 01:32:20.250 D/libEGL ( 1526): MSAA-->msaa:2 gamemode:0 4x_msaa:0
01-08 01:32:20.250 D/libEGL ( 1526): MSAA-->msaa:2 gamemode:0 4x_msaa:0
01-08 01:32:20.250 D/libEGL ( 1526): MSAA-->msaa:2 gamemode:0 4x_msaa:0
01-08 01:32:20.251 I/input_interaction( 1526): Interaction with: edge-swipe (server), swipe-up (server), PointerEventDispatcher0 (server),
01-08 01:32:20.253 D/BaseIconFactory( 2543): normalizeAndWrapToAdaptiveIcon: scale=0.8095241
01-08 01:32:20.253 W/ActivityTaskManager( 1526): getTaskSnapshot: taskId=5010 not found
01-08 01:32:20.253 D/BaseIconFactory( 2543): normalizeAndWrapToAdaptiveIcon: scale=0.8095241
01-08 01:32:20.254 W/ActivityTaskManager( 1526): getTaskSnapshot: taskId=4010 not found
01-08 01:32:20.254 W/FreeFormWindowHelper( 1526): Current Display FreeFormTask is Task{8775fdf #11 type=standard A=10066:com.android.deskclock U=0 visible=true mode=freeform translucent=false sz=1}
01-08 01:32:20.256 D/BaseIconFactory( 2543): normalizeAndWrapToAdaptiveIcon: scale=0.8095241
01-08 01:32:20.256 I/OMX-VENC: venc_dev( 1222): stats: avg. fps 16.19, bitrate 1691138
01-08 01:32:20.261 W/ActivityTaskManager( 1526): getTaskSnapshot: taskId=5010 not found
01-08 01:32:20.261 W/ActivityTaskManager( 1526): getTaskSnapshot: taskId=4010 not found
01-08 01:32:20.261 W/ActivityTaskManager( 1526): getTaskSnapshot: taskId=3010 not found
01-08 01:32:20.262 D/BaseIconFactory( 2543): normalizeAndWrapToAdaptiveIcon: scale=0.8095241
01-08 01:32:20.262 W/ActivityTaskManager( 1526): getTaskSnapshot: taskId=2010 not found
01-08 01:32:20.262 D/BaseIconFactory( 2543): normalizeAndWrapToAdaptiveIcon: scale=0.8095241
01-08 01:32:20.263 W/ActivityTaskManager( 1526): getTaskSnapshot: taskId=1010 not found
01-08 01:32:20.263 D/BaseIconFactory( 2543): normalizeAndWrapToAdaptiveIcon: scale=0.8095241
01-08 01:32:20.271 W/FreeFormWindowHelper( 1526): Current Display FreeFormTask is Task{8775fdf #11 type=standard A=10066:com.android.deskclock U=0 visible=true mode=freeform translucent=false sz=1}
01-08 01:32:20.288 W/FreeFormWindowHelper( 1526): Current Display FreeFormTask is Task{8775fdf #11 type=standard A=10066:com.android.deskclock U=0 visible=true mode=freeform translucent=false sz=1}
01-08 01:32:20.440 I/commit_sys_config_file( 1526): [settings-1-0,2]
01-08 01:32:20.555 D/NoButtonQuickSwitchTouchController( 2543): onMotionPauseDetected:
01-08 01:32:20.556 D/vendor.qti.vibrator( 844): Vibrator perform effect 0
01-08 01:32:20.556 D/vendor.qti.vibrator( 844): Vibrator on for timeoutMs: 10
01-08 01:32:20.556 D/vendor.qti.vibrator( 844): Starting on on another thread
01-08 01:32:20.566 D/vendor.qti.vibrator( 844): Notifying on complete
01-08 01:32:20.566 D/vendor.qti.vibrator( 844): QTI Vibrator off
01-08 01:32:20.587 D/vendor.qti.vibrator( 844): Vibrator on for timeoutMs: 30
01-08 01:32:20.587 D/vendor.qti.vibrator( 844): Starting on on another thread
01-08 01:32:20.617 D/vendor.qti.vibrator( 844): Notifying on complete
01-08 01:32:20.617 D/vendor.qti.vibrator( 844): QTI Vibrator off
01-08 01:32:20.650 D/NoButtonQuickSwitchTouchController( 2543): onDragEnd: noFling=true,isPaused=true,velocity=PointF(-0.036329582, 0.12614813)
01-08 01:32:20.651 D/EditModeHelper( 2543): setHotseatVisibility: 0
01-08 01:32:20.652 W/FreeFormWindowHelper( 1526): Current Display FreeFormTask is Task{8775fdf #11 type=standard A=10066:com.android.deskclock U=0 visible=true mode=freeform translucent=false sz=1}
01-08 01:32:20.679 W/FreeFormWindowHelper( 1526): Current Display FreeFormTask is Task{8775fdf #11 type=standard A=10066:com.android.deskclock U=0 visible=true mode=freeform translucent=false sz=1}
01-08 01:32:20.679 W/View ( 2543): requestLayout() improperly called by com.android.launcher3.views.NoInsetView{73e83be V.ED..... ......ID 2038,0-2380,1020 #7f09007c app:id/bg_hotseat} during layout: running second layout pass
01-08 01:32:20.708 W/FreeFormWindowHelper( 1526): Current Display FreeFormTask is Task{8775fdf #11 type=standard A=10066:com.android.deskclock U=0 visible=true mode=freeform translucent=false sz=1}
01-08 01:32:20.724 W/System ( 1526): A resource failed to call close.
01-08 01:32:20.724 W/System ( 1526): A resource failed to call close.
01-08 01:32:20.725 W/System ( 1526): A resource failed to call close.
01-08 01:32:20.725 W/System ( 1526): A resource failed to call close.
01-08 01:32:20.725 W/System ( 1526): A resource failed to call close.
01-08 01:32:20.728 W/FreeFormWindowHelper( 1526): Current Display FreeFormTask is Task{8775fdf #11 type=standard A=10066:com.android.deskclock U=0 visible=true mode=freeform translucent=false sz=1}
01-08 01:32:20.740 W/FreeFormWindowHelper( 1526): Current Display FreeFormTask is Task{8775fdf #11 type=standard A=10066:com.android.deskclock U=0 visible=true mode=freeform translucent=false sz=1}
01-08 01:32:20.751 W/FreeFormWindowHelper( 1526): Current Display FreeFormTask is Task{8775fdf #11 type=standard A=10066:com.android.deskclock U=0 visible=true mode=freeform translucent=false sz=1}
01-08 01:32:20.759 I/mpu_uart( 640): [MSG-P:RECV]:No message received in 1000 ms
01-08 01:32:20.765 W/FreeFormWindowHelper( 1526): Current Display FreeFormTask is Task{8775fdf #11 type=standard A=10066:com.android.deskclock U=0 visible=true mode=freeform translucent=false sz=1}
01-08 01:32:20.783 W/FreeFormWindowHelper( 1526): Current Display FreeFormTask is Task{8775fdf #11 type=standard A=10066:com.android.deskclock U=0 visible=true mode=freeform translucent=false sz=1}
01-08 01:32:20.799 W/FreeFormWindowHelper( 1526): Current Display FreeFormTask is Task{8775fdf #11 type=standard A=10066:com.android.deskclock U=0 visible=true mode=freeform translucent=false sz=1}
01-08 01:32:20.817 W/FreeFormWindowHelper( 1526): Current Display FreeFormTask is Task{8775fdf #11 type=standard A=10066:com.android.deskclock U=0 visible=true mode=freeform translucent=false sz=1}
01-08 01:32:20.834 W/FreeFormWindowHelper( 1526): Current Display FreeFormTask is Task{8775fdf #11 type=standard A=10066:com.android.deskclock U=0 visible=true mode=freeform translucent=false sz=1}
01-08 01:32:20.850 W/FreeFormWindowHelper( 1526): Current Display FreeFormTask is Task{8775fdf #11 type=standard A=10066:com.android.deskclock U=0 visible=true mode=freeform translucent=false sz=1}
01-08 01:32:20.857 I/commit_sys_config_file( 1526): [settings-1-0,5]
01-08 01:32:20.867 W/FreeFormWindowHelper( 1526): Current Display FreeFormTask is Task{8775fdf #11 type=standard A=10066:com.android.deskclock U=0 visible=true mode=freeform translucent=false sz=1}
01-08 01:32:20.884 W/FreeFormWindowHelper( 1526): Current Display FreeFormTask is Task{8775fdf #11 type=standard A=10066:com.android.deskclock U=0 visible=true mode=freeform translucent=false sz=1}
01-08 01:32:20.899 W/FreeFormWindowHelper( 1526): Current Display FreeFormTask is Task{8775fdf #11 type=standard A=10066:com.android.deskclock U=0 visible=true mode=freeform translucent=false sz=1}
01-08 01:32:20.920 W/FreeFormWindowHelper( 1526): Current Display FreeFormTask is Task{8775fdf #11 type=standard A=10066:com.android.deskclock U=0 visible=true mode=freeform translucent=false sz=1}
01-08 01:32:20.934 W/FreeFormWindowHelper( 1526): Current Display FreeFormTask is Task{8775fdf #11 type=standard A=10066:com.android.deskclock U=0 visible=true mode=freeform translucent=false sz=1}
01-08 01:32:20.953 W/FreeFormWindowHelper( 1526): Current Display FreeFormTask is Task{8775fdf #11 type=standard A=10066:com.android.deskclock U=0 visible=true mode=freeform translucent=false sz=1}
01-08 01:32:20.970 D/StateManager( 2543): goToState: Overview
01-08 01:32:20.971 D/FreeWindowHelper( 2543): enterOrExitRecentTasks: isEnterRecentTasks=true,mExitFlag=1
01-08 01:32:20.971 I/wm_finish_activity( 1526): [0,260305964,11,com.android.deskclock/.DeskClock,app-request]
01-08 01:32:20.971 I/wm_task_moved( 1526): [1,1,6]
01-08 01:32:20.973 I/wm_set_resumed_activity( 1526): [0,com.android.launcher3/.uioverrides.QuickstepLauncher,positionChildAt]
01-08 01:32:20.973 I/wm_task_moved( 1526): [8,1,2147483647]
01-08 01:32:20.973 I/wm_task_to_front( 1526): [0,8]
01-08 01:32:20.973 I/wm_focused_root_task( 1526): [0,0,1,-1,finish-top adjustFocusToNextFocusableTask]
01-08 01:32:20.973 I/wm_set_resumed_activity( 1526): [0,com.android.launcher3/.uioverrides.QuickstepLauncher,finish-top]
01-08 01:32:20.973 I/wm_on_top_resumed_lost_called( 2664): [260305964,com.android.deskclock.DeskClock,topStateChangedWhenResumed]
01-08 01:32:20.976 D/ActivityTrigger( 1526): ActivityTrigger activityPauseTrigger
01-08 01:32:20.976 I/wm_pause_activity( 1526): [0,260305964,com.android.deskclock/.DeskClock,userLeaving=false,finish]
01-08 01:32:20.978 W/FreeFormWindowHelper( 1526): Current Display FreeFormTask is Task{8775fdf #11 type=standard A=10066:com.android.deskclock U=0 visible=false mode=freeform translucent=true sz=1}
01-08 01:32:20.979 D/FreeWindowContainer( 2543): reloadTask: TaskInfo{userId=0 taskId=11 displayId=0 isRunning=false baseIntent=Intent { flg=0x10008000 cmp=com.android.deskclock/.DeskClock } baseActivity=null topActivity=null origActivity=null realActivity=ComponentInfo{com.android.deskclock/com.android.deskclock.DeskClock} numActivities=0 lastActiveTime=78092 supportsSplitScreenMultiWindow=true supportsMultiWindow=true resizeMode=1 isResizeable=true token=WCT{android.window.IWindowContainerToken$Stub$Proxy@636b6cb} topActivityType=1 pictureInPictureParams=null displayCutoutSafeInsets=null topActivityInfo=null launchCookies=[] positionInParent=Point(0, 72) parentTaskId=-1 isFocused=false isVisible=true topActivityInSizeCompat=false locusId= null}
01-08 01:32:20.980 I/wm_on_paused_called( 2664): [260305964,com.android.deskclock.DeskClock,performPause]
01-08 01:32:20.981 I/input_focus( 1526): [Focus request 1bc00b2 com.android.launcher3/com.android.launcher3.uioverrides.QuickstepLauncher,reason=UpdateInputWindows]
01-08 01:32:20.982 I/ActivityTaskManager( 1526): FOREGROUND_APPLICATION_CHANGED to com.android.launcher3.uioverrides.QuickstepLauncher
01-08 01:32:20.982 I/wm_destroy_activity( 1526): [0,260305964,11,com.android.deskclock/.DeskClock,finish-imm:completePausedLocked]
01-08 01:32:20.984 D/EditModeHelper( 2543): setHotseatVisibility: 0
01-08 01:32:20.985 W/FreeFormWindowHelper( 1526): Current Display FreeFormTask is Task{8775fdf #11 type=standard A=10066:com.android.deskclock U=0 visible=false mode=freeform translucent=true sz=1}
01-08 01:32:20.996 I/input_focus( 1526): [Focus leaving becee73 com.android.deskclock/com.android.deskclock.DeskClock (server),reason=NO_WINDOW]
01-08 01:32:20.996 I/input_focus( 1526): [Focus entering 1bc00b2 com.android.launcher3/com.android.launcher3.uioverrides.QuickstepLauncher (server),reason=setFocusedWindow]
01-08 01:32:20.998 I/wm_on_stop_called( 2664): [260305964,com.android.deskclock.DeskClock,LIFECYCLER_STOP_ACTIVITY]
01-08 01:32:21.005 I/sysui_multi_action( 1526): [757,803,799,window_time_0,802,4]
01-08 01:32:21.006 W/FreeFormWindowHelper( 1526): Current Display FreeFormTask is Task{8775fdf #11 type=standard A=10066:com.android.deskclock U=0 visible=false mode=freeform translucent=true sz=1}
01-08 01:32:21.006 I/GameMode_ActivityMonitoringService( 2387): onForegroundActivitiesChanged uid 10066 pid 2664 fg false
01-08 01:32:21.013 I/wm_on_top_resumed_gained_called( 2543): [162781513,com.android.launcher3.uioverrides.QuickstepLauncher,topStateChangedWhenResumed]
01-08 01:32:21.015 I/tencent.mm:pus( 3808): Waiting for a blocking GC Explicit
01-08 01:32:21.019 I/GameMode_ActivityMonitoringService( 2387): Updating top task to: TaskInfoContainer [topActivity=ComponentInfo{com.android.launcher3/com.android.launcher3.uioverrides.QuickstepLauncher}, taskId=8, stackId=1, userId=0, displayId=0, position=6
01-08 01:32:21.019 I/GameMode_ActivityMonitoringService( 2387): Notifying about top task: TaskInfoContainer [topActivity=ComponentInfo{com.android.launcher3/com.android.launcher3.uioverrides.QuickstepLauncher}, taskId=8, stackId=1, userId=0, displayId=0, position=6
01-08 01:32:21.019 I/GameMode_ActivityMonitoringService( 2387): WindowMode: 1
01-08 01:32:21.019 E/GameMode_ActivityMonitoringService( 2387): onActivityLaunch:com.android.launcher3
01-08 01:32:21.019 V/GameMode_GameTypeUtils( 2387): judge isGame:com.android.launcher3
01-08 01:32:21.019 V/GameMode_GpuUtils( 2387): fps:60
01-08 01:32:21.022 D/GameMode_GameModeActionUtils( 2387): Show GameMode entry by service!
01-08 01:32:21.022 W/ContextImpl( 2387): Calling a method in the system process without a qualified user: android.app.ContextImpl.startService:1816 android.content.ContextWrapper.startService:774 com.thundercomm.gamemode.ingame.services.GameModeActionUtils.startGameModeService:111 com.thundercomm.gamemode.ingame.services.GameModeActionUtils.startGameModeEntry:22 com.thundercomm.gamemode.ingame.services.ActivityMonitoringService$1.onActivityLaunch:129
01-08 01:32:21.022 I/am_pss ( 1526): [2846,10094,com.android.providers.media.module,17822720,14942208,0,120750080,0,0,6]
01-08 01:32:21.024 I/wm_on_destroy_called( 2664): [260305964,com.android.deskclock.DeskClock,performDestroy]
01-08 01:32:21.025 D/GameMode_GameModeService( 2387): type=hide_entry
01-08 01:32:21.026 D/GameModeIF_GameModeSettings( 2387): getUriFor setting_content_uri_root = content://com.thundercomm.gamemode.api/gamemode_settings , name = gamemode_isgaming
01-08 01:32:21.028 I/GameModeConfig( 1526): Current uri is uri = content://com.thundercomm.gamemode.api/gamemode_settings/gamemode_isgaming
01-08 01:32:21.028 D/GameModeIF_GameModeSettings( 1526): getUriFor setting_content_uri_root = content://com.thundercomm.gamemode.api/gamemode_settings , name = gamemode_isgaming
01-08 01:32:21.029 I/GameModeConfig( 1526): isGameModeOn = true
01-08 01:32:21.029 I/GameModeConfig( 1526): isGaming = false
01-08 01:32:21.029 D/GameModeIF_GameModeSettings( 2387): gamemode_isgaming set to 0
01-08 01:32:21.029 I/GameModeConfig( 1526): isGameModeOn = true
01-08 01:32:21.029 I/GameModeConfig( 1526): isGaming = false
01-08 01:32:21.029 I/GameModeConfig( 1526): isDisableVoice = true
01-08 01:32:21.029 D/GameMode_GameSettingsObserver( 2387): Game Data change!!!! uri = content://com.thundercomm.gamemode.api/gamemode_settings/gamemode_isgaming
