01-08 01:32:09.382 I/am_wtf ( 1526): [0,1526,system_server,-1,ActivityManager,Sending non-protected broadcast com.android.systemui.screenrecord.UPDATE_STATE_OUTSIDE from system 1984:com.android.systemui/u0a81 pkg com.android.systemui]
01-08 01:32:09.383 D/GameMode_GameModeService( 2387): Received recording state update intent: true
01-08 01:32:09.383 I/DropBoxManagerService( 1526): add tag=system_server_wtf isTagEnabled=true flags=0x2
01-08 01:32:09.384 I/GameModeConfig( 1526): isGameModeOn = true
01-08 01:32:09.384 I/GameModeConfig( 1526): isGaming = false
01-08 01:32:09.384 I/GameModeConfig( 1526): isGameModeOn = true
01-08 01:32:09.384 I/GameModeConfig( 1526): isGaming = false
01-08 01:32:09.384 I/GameModeConfig( 1526): isGameModeOn = true
01-08 01:32:09.384 I/GameModeConfig( 1526): isGaming = false
01-08 01:32:09.385 I/GameModeConfig( 1526): isGameModeOn = true
01-08 01:32:09.385 I/GameModeConfig( 1526): isGaming = false
01-08 01:32:09.389 I/notification_enqueue( 1526): [10081,1984,com.android.systemui,4274,NULL,0,Notification(channel=screen_record shortcut=null contentView=null vibrate=null sound=null defaults=0x0 flags=0x42 color=0xffc5221f actions=1 vis=PRIVATE),0]
01-08 01:32:09.389 W/DisplayManagerService( 1526): Display DisplayDeviceInfo{"Recording Display": uniqueId="virtual:com.android.systemui,10081,Recording Display,0", 2380 x 1020, modeId 2, defaultModeId 2, supportedModes [{id=2, width=2380, height=1020, fps=60.0, alternativeRefreshRates=[]}], colorMode 0, supportedColorModes [0], hdrCapabilities null, allmSupported false, gameContentTypeSupported false, density 240, 240.0 x 240.0 dpi, appVsyncOff 0, presDeadline 16666666, touch NONE, rotation 0, type VIRTUAL, deviceProductInfo null, state ON, owner com.android.systemui (uid 10081), frameRateOverride , brightnessMinimum 0.0, brightnessMaximum 0.0, brightnessDefault 0.0, FLAG_PRIVATE, FLAG_PRESENTATION} does not support input device matching.
01-08 01:32:09.390 W/DisplayManagerService( 1526): Display DisplayDeviceInfo{"Recording Display": uniqueId="virtual:com.android.systemui,10081,Recording Display,0", 2380 x 1020, modeId 2, defaultModeId 2, supportedModes [{id=2, width=2380, height=1020, fps=60.0, alternativeRefreshRates=[]}], colorMode 0, supportedColorModes [0], hdrCapabilities null, allmSupported false, gameContentTypeSupported false, density 240, 240.0 x 240.0 dpi, appVsyncOff 0, presDeadline 16666666, touch NONE, rotation 0, type VIRTUAL, deviceProductInfo null, state ON, owner com.android.systemui (uid 10081), frameRateOverride , brightnessMinimum 0.0, brightnessMaximum 0.0, brightnessDefault 0.0, FLAG_PRIVATE, FLAG_PRESENTATION} does not support input device matching.
01-08 01:32:09.397 W/ImageReader_JNI( 1526): Unable to acquire a buffer item, very likely client tried to acquire more than maxImages buffers
01-08 01:32:09.404 I/WindowManager( 1526): Override config changes=20005df8 {0.0 ?mcc?mnc ?localeList ?layoutDir sw680dp w1586dp h680dp 240dpi lrg long land ?uimode ?night -touch -keyb/v/h -nav/h winConfig={ mBounds=Rect(0, 0 - 2380, 1020) mAppBounds=Rect(0, 0 - 2380, 1020) mMaxBounds=Rect(0, 0 - 2380, 1020) mWindowingMode=fullscreen mDisplayWindowingMode=fullscreen mActivityType=undefined mAlwaysOnTop=undefined mRotation=ROTATION_0} ?fontWeightAdjustment} for displayId=2
01-08 01:32:09.404 I/sysui_multi_action( 1526): [757,1659,758,4,759,2,1660,2]
01-08 01:32:09.405 W/DisplayManagerService( 1526): Display DisplayDeviceInfo{"Recording Display": uniqueId="virtual:com.android.systemui,10081,Recording Display,0", 2380 x 1020, modeId 2, defaultModeId 2, supportedModes [{id=2, width=2380, height=1020, fps=60.0, alternativeRefreshRates=[]}], colorMode 0, supportedColorModes [0], hdrCapabilities null, allmSupported false, gameContentTypeSupported false, density 240, 240.0 x 240.0 dpi, appVsyncOff 0, presDeadline 16666666, touch NONE, rotation 0, type VIRTUAL, deviceProductInfo null, state ON, owner com.android.systemui (uid 10081), frameRateOverride , brightnessMinimum 0.0, brightnessMaximum 0.0, brightnessDefault 0.0, FLAG_PRIVATE, FLAG_PRESENTATION} does not support input device matching.
01-08 01:32:09.407 I/WindowManager( 1526): Screen frozen for +17ms due to new-config
01-08 01:32:09.412 V/DisplayPowerController[2]( 1526): Brightness [0.0] reason changing to: 'manual', previous reason: '0'.
01-08 01:32:09.414 W/DisplayManagerService( 1526): Display DisplayDeviceInfo{"Recording Display": uniqueId="virtual:com.android.systemui,10081,Recording Display,0", 2380 x 1020, modeId 2, defaultModeId 2, supportedModes [{id=2, width=2380, height=1020, fps=60.0, alternativeRefreshRates=[]}], colorMode 0, supportedColorModes [0], hdrCapabilities null, allmSupported false, gameContentTypeSupported false, density 240, 240.0 x 240.0 dpi, appVsyncOff 0, presDeadline 16666666, touch NONE, rotation 0, type VIRTUAL, deviceProductInfo null, state ON, owner com.android.systemui (uid 10081), frameRateOverride , brightnessMinimum 0.0, brightnessMaximum 0.0, brightnessDefault 0.0, FLAG_PRIVATE, FLAG_PRESENTATION} does not support input device matching.
01-08 01:32:09.415 W/H2BGraphicBufferProducer( 906): getConsumerUsage is not fully supported
01-08 01:32:09.416 I/libdisplayconfigqti( 831): Register client name: Recording Display906 device client: 0xb40000711a80e7b0
01-08 01:32:09.416 I/CompositionEngine( 906): Display::setConfiguration: mDisplayExtnIntf: 0xb400006f91a2b530
01-08 01:32:09.423 I/hwservicemanager( 499): getTransport: Cannot find entry android.hardware.graphics.allocator@4.0::IAllocator/default in either framework or device VINTF manifest.
01-08 01:32:09.423 W/Gralloc4( 1222): allocator 3.x is not supported
01-08 01:32:09.427 D/GraphicBufferSource( 1222): got buffer with new dataSpace #104
01-08 01:32:09.427 I/OMX-VENC( 1222): get_config (dataspace changed): ColorSpace: Recommend 601 for RGBA8888
01-08 01:32:09.427 D/OMXNodeInstance( 1222): Codec resolved it to (R:2(??), P:3(??), M:3(??), T:3(??)) err=0(NO_ERROR)
01-08 01:32:09.427 E/OMXNodeInstance( 1222): setConfig(0xed280014:qcom.encoder.avc, ??(0x7f000062)) ERROR: UnsupportedSetting(0x80001019)
01-08 01:32:09.428 D/ACodec ( 1199): dataspace changed to 0x10c10000 (R:2(Limited), P:3(BT601_6_625), M:3(BT601_6), T:3(SMPTE170M)) (R:2(Limited), S:2(BT601_625), T:3(SMPTE_170M))
01-08 01:32:09.429 W/C2DColorConvert( 1222): calcYSize: Format not supported , 6
01-08 01:32:09.437 W/DisplayController( 1984): Skipping Display Configuration change on non-added display.
01-08 01:32:09.444 W/AppOps ( 1526): Noting op not finished: uid 10081 pkg com.android.systemui code 24 startTime of in progress event=1673112672138
01-08 01:32:09.453 I/MPEG4Writer( 1199): setStartTimestampUs: 55715
01-08 01:32:09.453 I/MPEG4Writer( 1199): Earliest track starting time: 55715
01-08 01:32:09.590 I/sysui_multi_action( 1526): [757,1501,758,1,793,203,794,0,795,203,796,4274,806,com.android.systemui,857,screen_record,858,3,947,0,1500,0,1688,1]
01-08 01:32:09.591 I/sysui_multi_action( 1526): [757,804,799,note_interruptive,801,0,802,1]
01-08 01:32:09.591 I/GameModeConfig( 1526): isGameModeOn = true
01-08 01:32:09.591 I/GameModeConfig( 1526): isGaming = false
01-08 01:32:09.593 I/sysui_multi_action( 1526): [757,1501,758,1,793,206,794,0,795,206,796,4274,806,com.android.systemui,857,screen_record,858,3,947,0,1500,0,1688,1]
01-08 01:32:09.594 I/sysui_multi_action( 1526): [757,804,799,note_interruptive,801,0,802,1]
01-08 01:32:09.594 I/sysui_multi_action( 1526): [757,199,758,1,759,3,793,207,794,0,795,207,796,4274,806,com.android.systemui,857,screen_record,858,3,947,0,1500,1,1688,1]
01-08 01:32:09.594 I/notification_alert( 1526): [0|com.android.systemui|4274|null|10081,1,1,0]
01-08 01:32:09.598 W/NotificationHistory( 1526): Attempted to add notif for locked/gone/disabled user 0
01-08 01:32:09.600 V/GameMode_GameTypeUtils( 2387): judge isGame:com.android.launcher3
01-08 01:32:09.600 E/GameMode_GameModeNotificationListenerService( 2387): title :正在录制屏幕content :null,PackageName:com.android.systemui,isGameModeOn:true,isBulletScreenOn:false,isBulletScreenPackage:false
01-08 01:32:09.605 W/FileSource( 1984): offset/length adjusted from 0/576460752303423487 to 0/16905
01-08 01:32:09.606 D/Avrcp_ext( 1950): AudioManager Player: AudioPlaybackConfiguration piid:55 deviceId:0 type:android.media.SoundPool u/pid:10081/1984 state:idle attr:AudioAttributes: usage=USAGE_ASSISTANCE_SONIFICATION content=CONTENT_TYPE_SONIFICATION flags=0x800 tags= bundle=null sessionId:0
01-08 01:32:09.606 D/Avrcp_ext( 1950): AudioManager Player: AudioPlaybackConfiguration piid:71 deviceId:0 type:android.media.SoundPool u/pid:1000/2387 state:idle attr:AudioAttributes: usage=USAGE_ASSISTANCE_SONIFICATION content=CONTENT_TYPE_SONIFICATION flags=0x801 tags= bundle=null sessionId:0
01-08 01:32:09.606 D/Avrcp_ext( 1950): AudioManager Player: AudioPlaybackConfiguration piid:47 deviceId:0 type:android.media.SoundPool u/pid:1000/1526 state:idle attr:AudioAttributes: usage=USAGE_ASSISTANCE_SONIFICATION content=CONTENT_TYPE_SONIFICATION flags=0x800 tags= bundle=null sessionId:0
01-08 01:32:09.606 D/Avrcp_ext( 1950): AudioManager Player: AudioPlaybackConfiguration piid:79 deviceId:0 type:android.media.MediaPlayer u/pid:10081/1984 state:idle attr:AudioAttributes: usage=USAGE_NOTIFICATION content=CONTENT_TYPE_SONIFICATION flags=0x800 tags= bundle=null sessionId:0
01-08 01:32:09.606 D/InterruptionStateProvider( 1984): No bubble up: not allowed to bubble: 0|com.android.systemui|4274|null|10081
01-08 01:32:09.606 D/Avrcp_ext( 1950): AudioManager isPlaying: false, mAudioPlaybackIsActive = false
01-08 01:32:09.606 D/Avrcp_ext( 1950): AudioManager Reset Active Player
01-08 01:32:09.609 D/InterruptionStateProvider( 1984): No heads up: unimportant notification: 0|com.android.systemui|4274|null|10081
01-08 01:32:09.609 D/PeopleSpaceWidgetMgr( 1984): Sbn doesn't contain valid PeopleTileKey: null/0/com.android.systemui
01-08 01:32:09.609 I/MMParserExtractor( 1192): Created(0xb4000074a08b48d0)
01-08 01:32:09.609 E/MM_OSAL ( 1192): FileSource::FileSource
01-08 01:32:09.609 E/MM_OSAL ( 1192): FileSource::FileSource m_bEveryThingOK 1
01-08 01:32:09.616 W/MediaProvider( 2846): Failed to fetch original file descriptor
01-08 01:32:09.616 W/MediaProvider( 2846): java.io.IOException: stat failed: EACCES (Permission denied)
01-08 01:32:09.616 W/MediaProvider( 2846): at com.android.providers.media.MediaProvider.getFileFromFileDescriptor(MediaProvider.java:5794)
01-08 01:32:09.616 W/MediaProvider( 2846): at com.android.providers.media.MediaProvider.getOriginalMediaFormatFileDescriptor(MediaProvider.java:5711)
01-08 01:32:09.616 W/MediaProvider( 2846): at com.android.providers.media.MediaProvider.openTypedAssetFileCommon(MediaProvider.java:7134)
01-08 01:32:09.616 W/MediaProvider( 2846): at com.android.providers.media.MediaProvider.openTypedAssetFile(MediaProvider.java:7115)
01-08 01:32:09.616 W/MediaProvider( 2846): at android.content.ContentProvider$Transport.openTypedAssetFile(ContentProvider.java:548)
01-08 01:32:09.616 W/MediaProvider( 2846): at android.content.ContentProviderNative.onTransact(ContentProviderNative.java:327)
01-08 01:32:09.616 W/MediaProvider( 2846): at android.os.Binder.execTransactInternal(Binder.java:1184)
01-08 01:32:09.616 W/MediaProvider( 2846): at android.os.Binder.execTransact(Binder.java:1143)
01-08 01:32:09.616 W/MediaProvider( 2846): Caused by: android.system.ErrnoException: stat failed: EACCES (Permission denied)
01-08 01:32:09.616 W/MediaProvider( 2846): at libcore.io.Linux.stat(Native Method)
01-08 01:32:09.616 W/MediaProvider( 2846): at libcore.io.ForwardingOs.stat(ForwardingOs.java:853)
01-08 01:32:09.616 W/MediaProvider( 2846): at libcore.io.BlockGuardOs.stat(BlockGuardOs.java:420)
01-08 01:32:09.616 W/MediaProvider( 2846): at libcore.io.ForwardingOs.stat(ForwardingOs.java:853)
01-08 01:32:09.616 W/MediaProvider( 2846): at android.app.ActivityThread$AndroidOs.stat(ActivityThread.java:7780)
01-08 01:32:09.616 W/MediaProvider( 2846): at android.system.Os.stat(Os.java:919)
01-08 01:32:09.616 W/MediaProvider( 2846): at com.android.providers.media.MediaProvider.getFileFromFileDescriptor(MediaProvider.java:5788)
01-08 01:32:09.616 W/MediaProvider( 2846): ... 7 more
01-08 01:32:09.617 D/NuPlayerDriver( 1199): NuPlayerDriver(0xe8f41190) created, clientPid(1984)
01-08 01:32:09.621 I/ExtendedNuUtils( 1199): printFileName fd(8) -> /data/system_de/0/ringtones/notification_sound_cache
01-08 01:32:09.628 D/GenericSource( 1199): FileSource remote
01-08 01:32:09.630 I/MMParserExtractor( 1192): Created(0xb4000074a08b48d0)
01-08 01:32:09.630 E/MM_OSAL ( 1192): FileSource::FileSource
01-08 01:32:09.630 E/MM_OSAL ( 1192): FileSource::FileSource m_bEveryThingOK 1
01-08 01:32:09.632 D/MediaBufferGroup( 1192): creating MemoryDealer
01-08 01:32:09.638 I/MediaFocusControl( 1526): requestAudioFocus() from uid/pid 10081/1984 AA=USAGE_NOTIFICATION/CONTENT_TYPE_SONIFICATION clientId=android.media.AudioManager@1ec1f70 callingPack=com.android.systemui req=3 flags=0x0 sdk=31
01-08 01:32:09.638 I/AudioService.FadeOutManager( 1526): unfadeOutUid() uid:10081
01-08 01:32:09.757 I/mpu_uart( 640): [MSG-P:RECV]:No message received in 1000 ms
01-08 01:32:09.963 I/auditd ( 0): type=1400 audit(0.0:394): avc: denied { kill } for comm="swapper/0" capability=5 scontext=u:r:kernel:s0 tcontext=u:r:kernel:s0 tclass=capability permissive=0
01-08 01:32:09.963 W/swapper/0( 0): type=1400 audit(0.0:394): avc: denied { kill } for capability=5 scontext=u:r:kernel:s0 tcontext=u:r:kernel:s0 tclass=capability permissive=0
01-08 01:32:10.100 D/vendor.qti.vibrator( 844): Vibrator on for timeoutMs: 350
01-08 01:32:10.101 D/vendor.qti.vibrator( 844): Starting on on another thread
01-08 01:32:10.140 W/AudioIDCMicroNegotiator( 1526): idcm_warn: idcm control is not enable
01-08 01:32:10.141 I/GenericSource( 1199): start
01-08 01:32:10.141 D/Avrcp_ext( 1950): AudioManager Player: AudioPlaybackConfiguration piid:55 deviceId:0 type:android.media.SoundPool u/pid:10081/1984 state:idle attr:AudioAttributes: usage=USAGE_ASSISTANCE_SONIFICATION content=CONTENT_TYPE_SONIFICATION flags=0x800 tags= bundle=null sessionId:0
01-08 01:32:10.141 D/Avrcp_ext( 1950): AudioManager Player: AudioPlaybackConfiguration piid:71 deviceId:0 type:android.media.SoundPool u/pid:1000/2387 state:idle attr:AudioAttributes: usage=USAGE_ASSISTANCE_SONIFICATION content=CONTENT_TYPE_SONIFICATION flags=0x801 tags= bundle=null sessionId:0
01-08 01:32:10.141 D/Avrcp_ext( 1950): AudioManager Player: AudioPlaybackConfiguration piid:47 deviceId:0 type:android.media.SoundPool u/pid:1000/1526 state:idle attr:AudioAttributes: usage=USAGE_ASSISTANCE_SONIFICATION content=CONTENT_TYPE_SONIFICATION flags=0x800 tags= bundle=null sessionId:0
01-08 01:32:10.141 D/Avrcp_ext( 1950): AudioManager Player: AudioPlaybackConfiguration piid:79 deviceId:0 type:android.media.MediaPlayer u/pid:10081/1984 state:started attr:AudioAttributes: usage=USAGE_NOTIFICATION content=CONTENT_TYPE_SONIFICATION flags=0x800 tags= bundle=null sessionId:0
01-08 01:32:10.143 D/MediaRouter( 1984): onRestoreRoute() : route=RouteInfo{ name=平板电脑, description=null, status=null, category=RouteCategory{ name=系统 types=ROUTE_TYPE_LIVE_AUDIO ROUTE_TYPE_LIVE_VIDEO groupable=false }, supportedTypes=ROUTE_TYPE_LIVE_AUDIO ROUTE_TYPE_LIVE_VIDEO , presentationDisplay=Display id 2: DisplayInfo{"Recording Display", displayId 2", displayGroupId 0, FLAG_PRIVATE, FLAG_PRESENTATION, real 2380 x 1020, largest app 2380 x 2380, smallest app 1020 x 1020, appVsyncOff 0, presDeadline 16666666, mode 2, defaultMode 2, modes [{id=2, width=2380, height=1020, fps=60.0, alternativeRefreshRates=[]}], hdrCapabilities null, userDisabledHdrTypes [], minimalPostProcessingSupported false, rotation 0, state ON}, DisplayMetrics{density=1.5, width=2380, height=1020, scaledDensity=1.5, xdpi=240.0, ydpi=240.0}, isValid=true }
01-08 01:32:10.143 W/Utils ( 1199): track of type 'audio/vorbis' does not publish channel mask, channel count 1
01-08 01:32:10.143 V/MediaRouter( 1984): Selecting route: RouteInfo{ name=平板电脑, description=null, status=null, category=RouteCategory{ name=系统 types=ROUTE_TYPE_LIVE_AUDIO ROUTE_TYPE_LIVE_VIDEO groupable=false }, supportedTypes=ROUTE_TYPE_LIVE_AUDIO ROUTE_TYPE_LIVE_VIDEO , presentationDisplay=Display id 2: DisplayInfo{"Recording Display", displayId 2", displayGroupId 0, FLAG_PRIVATE, FLAG_PRESENTATION, real 2380 x 1020, largest app 2380 x 2380, smallest app 1020 x 1020, appVsyncOff 0, presDeadline 16666666, mode 2, defaultMode 2, modes [{id=2, width=2380, height=1020, fps=60.0, alternativeRefreshRates=[]}], hdrCapabilities null, userDisabledHdrTypes [], minimalPostProcessingSupported false, rotation 0, state ON}, DisplayMetrics{density=1.5, width=2380, height=1020, scaledDensity=1.5, xdpi=240.0, ydpi=240.0}, isValid=true }
01-08 01:32:10.143 D/Avrcp_ext( 1950): AudioManager Player in started state: com.android.systemui
01-08 01:32:10.143 D/Avrcp_ext( 1950): AudioManager Active Player: com.android.systemui
01-08 01:32:10.143 D/Avrcp_ext( 1950): AudioManager isPlaying: true, mAudioPlaybackIsActive = false
01-08 01:32:10.145 V/Avrcp_ext( 1950): updateCurrentMediaState: mMediaController: MediaController (com.android.systemui@8017cb9) null
01-08 01:32:10.145 W/Avrcp_ext( 1950): isMusicActive: false getBluetoothPlayState: 2 A2dp State: 11 mAudioPlaybackIsActive: true
01-08 01:32:10.145 D/Avrcp_ext( 1950): isMusicActive = false mAudioPlaybackIsActive = true player state = null
01-08 01:32:10.146 I/Avrcp_ext( 1950): Skipping update due to invalid playback state
01-08 01:32:10.146 V/Avrcp_ext( 1950): updatePlaybackState, state: null device: null
01-08 01:32:10.146 V/Avrcp_ext( 1950): Device: no name:
01-08 01:32:10.146 V/Avrcp_ext( 1950): Device: no name:
01-08 01:32:10.146 V/Avrcp_ext( 1950): Device: no name:
01-08 01:32:10.146 V/Avrcp_ext( 1950): Device: no name:
01-08 01:32:10.146 V/Avrcp_ext( 1950): Device: no name:
01-08 01:32:10.146 V/Avrcp_ext( 1950): updatePlayerStateAndPosition, old=PlaybackState {state=2, position=-1, buffered position=0, speed=1.0, updated=12925, actions=0, custom actions=[], active item id=-1, error=null}, state=null
01-08 01:32:10.146 I/Avrcp_ext( 1950): updatePlayerStateAndPosition: device: state = null
01-08 01:32:10.147 W/Utils ( 1199): track of type 'audio/vorbis' does not publish channel mask, channel count 1
01-08 01:32:10.150 D/audio_hw_primary( 798): adev_get_parameters:is_hw_dec_session_available
01-08 01:32:10.150 D/audio_hw_spkr_prot( 798): fbsp_get_parameters: Speaker protection disabled
01-08 01:32:10.150 D/soundtrigger( 798): audio_extn_sound_trigger_get_parameters input string
01-08 01:32:10.150 D/soundtrigger( 798): extract_sm_handle input string param string
01-08 01:32:10.150 D/audio_hw_extn( 798): audio_extn_fm_get_parameters: Enter
01-08 01:32:10.150 D/audio_hw_extn( 798): audio_extn_get_parameters: returns
01-08 01:32:10.150 D/audio_hw_primary( 798): adev_get_parameters: exit: returns -
01-08 01:32:10.150 I/hash_map_utils( 894): system/bt/osi/src/hash_map_utils.cc:81 hash_map_utils_dump_string_keys_string_values: key: 'is_hw_dec_session_available' value: 'audio/vorbis'
01-08 01:32:10.153 D/CCodec ( 1199): allocate(c2.android.vorbis.decoder)
01-08 01:32:10.157 I/CCodec ( 1199): setting up 'default' as default (vendor) store
01-08 01:32:10.157 V/C2Store ( 1284): in init
01-08 01:32:10.157 V/C2Store ( 1284): loading dll
01-08 01:32:10.162 I/CCodec ( 1199): Created component [c2.android.vorbis.decoder]
01-08 01:32:10.162 D/CCodecConfig( 1199): read media type: audio/vorbis
01-08 01:32:10.166 D/ReflectedParamUpdater( 1199): extent() != 1 for single value type: algo.buffers.max-count.values
01-08 01:32:10.167 D/ReflectedParamUpdater( 1199): extent() != 1 for single value type: output.subscribed-indices.values
01-08 01:32:10.167 D/ReflectedParamUpdater( 1199): extent() != 1 for single value type: input.buffers.allocator-ids.values
01-08 01:32:10.167 D/ReflectedParamUpdater( 1199): extent() != 1 for single value type: output.buffers.allocator-ids.values
01-08 01:32:10.168 D/ReflectedParamUpdater( 1199): extent() != 1 for single value type: algo.buffers.allocator-ids.values
01-08 01:32:10.168 D/ReflectedParamUpdater( 1199): extent() != 1 for single value type: output.buffers.pool-ids.values
01-08 01:32:10.168 D/ReflectedParamUpdater( 1199): extent() != 1 for single value type: algo.buffers.pool-ids.values
01-08 01:32:10.171 I/CCodecConfig( 1199): query failed after returning 7 values (BAD_INDEX)
01-08 01:32:10.172 D/CCodecConfig( 1199): c2 config diff is Dict {
01-08 01:32:10.172 D/CCodecConfig( 1199): c2::u32 coded.bitrate.value = 64000
01-08 01:32:10.172 D/CCodecConfig( 1199): c2::u32 input.buffers.max-size.value = 32768
01-08 01:32:10.172 D/CCodecConfig( 1199): c2::u32 input.delay.value = 0
01-08 01:32:10.172 D/CCodecConfig( 1199): string input.media-type.value = "audio/vorbis"
01-08 01:32:10.172 D/CCodecConfig( 1199): string output.media-type.value = "audio/raw"
01-08 01:32:10.172 D/CCodecConfig( 1199): c2::u32 raw.channel-count.value = 1
01-08 01:32:10.172 D/CCodecConfig( 1199): c2::u32 raw.sample-rate.value = 48000
01-08 01:32:10.172 D/CCodecConfig( 1199): }
01-08 01:32:10.173 D/CCodec ( 1199): [c2.android.vorbis.decoder] buffers are bound to CCodec for this session
01-08 01:32:10.173 D/CCodecConfig( 1199): no c2 equivalents for durationUs
01-08 01:32:10.173 D/CCodecConfig( 1199): no c2 equivalents for csd-1
01-08 01:32:10.173 D/CCodecConfig( 1199): no c2 equivalents for language
01-08 01:32:10.173 D/CCodecConfig( 1199): no c2 equivalents for file-format
01-08 01:32:10.173 D/CCodecConfig( 1199): no c2 equivalents for flags
01-08 01:32:10.173 D/CCodecConfig( 1199): config failed => CORRUPTED
01-08 01:32:10.174 D/CCodecConfig( 1199): c2 config diff is c2::u32 coded.bitrate.value = 70000
01-08 01:32:10.174 W/Codec2Client( 1199): query -- param skipped: index = 1107298332.
01-08 01:32:10.175 D/CCodec ( 1199): setup formats input: AMessage(what = 0x00000000) = {
01-08 01:32:10.175 D/CCodec ( 1199): int32_t bitrate = 70000
01-08 01:32:10.175 D/CCodec ( 1199): int32_t channel-count = 1
01-08 01:32:10.175 D/CCodec ( 1199): int32_t max-input-size = 65307
01-08 01:32:10.175 D/CCodec ( 1199): string mime = "audio/vorbis"
01-08 01:32:10.175 D/CCodec ( 1199): int32_t sample-rate = 48000
01-08 01:32:10.175 D/CCodec ( 1199): }
01-08 01:32:10.175 D/CCodec ( 1199): setup formats output: AMessage(what = 0x00000000) = {
01-08 01:32:10.175 D/CCodec ( 1199): int32_t channel-count = 1
01-08 01:32:10.175 D/CCodec ( 1199): string mime = "audio/raw"
01-08 01:32:10.175 D/CCodec ( 1199): int32_t sample-rate = 48000
01-08 01:32:10.175 D/CCodec ( 1199): int32_t android._config-pcm-encoding = 2
01-08 01:32:10.175 D/CCodec ( 1199): }
01-08 01:32:10.175 I/CCodecConfig( 1199): query failed after returning 7 values (BAD_INDEX)
01-08 01:32:10.175 I/MediaCodec( 1199): MediaCodec will operate in async mode
01-08 01:32:10.175 D/MediaCodec( 1199): keep callback message for reclaim
01-08 01:32:10.176 W/Codec2Client( 1199): query -- param skipped: index = 1342179345.
01-08 01:32:10.176 W/Codec2Client( 1199): query -- param skipped: index = 2415921170.
01-08 01:32:10.177 D/CCodecBufferChannel( 1199): [c2.android.vorbis.decoder#29] Created input block pool with allocatorID 16 => poolID 18 - OK (0)
01-08 01:32:10.177 D/BufferPoolAccessor2.0( 1284): bufferpool2 0xb400007291896a98 : 0(0 size) total buffers - 0(0 size) used buffers - 93/97 (recycle/alloc) - 4/96 (fetch/transfer)
01-08 01:32:10.177 D/BufferPoolAccessor2.0( 1284): Destruction - bufferpool2 0xb400007291896a98 cached: 0/0M, 0/0% in use; allocs: 97, 96% recycled; transfers: 96, 96% unfetched
01-08 01:32:10.178 D/BufferPoolAccessor2.0( 1199): bufferpool2 0xe8bc2c08 : 0(0 size) total buffers - 0(0 size) used buffers - 93/101 (recycle/alloc) - 8/198 (fetch/transfer)
01-08 01:32:10.178 D/BufferPoolAccessor2.0( 1199): Destruction - bufferpool2 0xe8bc2c08 cached: 0/0M, 0/0% in use; allocs: 101, 92% recycled; transfers: 198, 96% unfetched
01-08 01:32:10.178 D/BufferPoolAccessor2.0( 2387): bufferpool2 0xb4000070fb97e7d8 : 0(0 size) total buffers - 0(0 size) used buffers - 2/7 (recycle/alloc) - 5/74 (fetch/transfer)
01-08 01:32:10.178 I/CCodecBufferChannel( 1199): [c2.android.vorbis.decoder#29] Created output block pool with allocatorID 16 => poolID 28 - OK
01-08 01:32:10.178 D/BufferPoolAccessor2.0( 2387): Destruction - bufferpool2 0xb4000070fb97e7d8 cached: 0/0M, 0/0% in use; allocs: 7, 29% recycled; transfers: 74, 93% unfetched
01-08 01:32:10.179 D/CCodecBufferChannel( 1199): [c2.android.vorbis.decoder#29] Configured output block pool ids 28 => OK
01-08 01:32:10.179 D/CCodecBufferChannel( 1199): [c2.android.vorbis.decoder#29] start: updating output delay 0
01-08 01:32:10.180 I/CCodecBufferChannel( 1199): pipelineRoom(3) is <= numClientBuffers(3). Not signalling any more buffers to client
01-08 01:32:10.180 D/SimpleC2Component( 1284): Using output block pool with poolID 28 => got 28 - 0
01-08 01:32:10.181 I/CCodecBufferChannel( 1199): pipelineRoom(2) is <= numClientBuffers(2). Not signalling any more buffers to client
01-08 01:32:10.181 I/CCodecBufferChannel( 1199): pipelineRoom(1) is <= numClientBuffers(1). Not signalling any more buffers to client
01-08 01:32:10.186 I/ExtendedNuUtils( 1199): Both src and dst missing for bit-width
01-08 01:32:10.186 I/ExtendedNuUtils( 1199): Overriding durationUs: with 64 bit src value 1728000
01-08 01:32:10.186 I/ExtendedNuUtils( 1199): Both src and dst missing for channel-mask
01-08 01:32:10.189 D/audio_hw_primary( 798): adev_get_parameters:vr_audio_mode_on
01-08 01:32:10.189 I/audio_hw_primary( 798): getting vr mode to 0
01-08 01:32:10.189 D/audio_hw_primary( 798): adev_get_parameters: exit: returns - vr_audio_mode_on=false
01-08 01:32:10.189 I/hash_map_utils( 894): system/bt/osi/src/hash_map_utils.cc:81 hash_map_utils_dump_string_keys_string_values: key: 'vr_audio_mode_on' value: ''
01-08 01:32:10.190 D/AudioFlinger( 894): Client defaulted notificationFrames to 12000 for frameCount 24000
01-08 01:32:10.191 D/AF::TrackHandle( 894): OpPlayAudio: track:57 usage:5 not muted
01-08 01:32:10.200 I/EffectsFactory( 798): EffectCreate() create_effect
01-08 01:32:10.203 E/volume_listener( 798): check_and_set_gain_dep_cal: Failed to set gain dep cal level
01-08 01:32:10.203 D/audio_hw_primary( 798): start_output_stream: enter: stream(0xeb804330)usecase(1: low-latency-playback) devices(0x2) is_haptic_usecase(0)
01-08 01:32:10.203 D/audio_hw_primary( 798): select_devices for use case (low-latency-playback)
01-08 01:32:10.203 I/msm8974_platform( 798): platform_check_and_set_codec_backend_cfg:becf: afe: bitwidth 16, samplerate 48000 channels 2, backend_idx 0 usecase = 1 device (speaker)
01-08 01:32:10.203 D/msm8974_platform( 798): platform_split_snd_device: snd_device(2) num devices(1) new_snd_devices(0)
01-08 01:32:10.203 I/msm8974_platform( 798): platform_check_and_set_codec_backend_cfg: new_snd_devices[0] is 2
01-08 01:32:10.203 I/msm8974_platform( 798): platform_check_codec_backend_cfg:becf: afe: bitwidth 16, samplerate 48000 channels 2, backend_idx 0 usecase = 1 device (speaker)
01-08 01:32:10.205 D/audio_hw_extn( 798): audio_extn_enable_hifi_filter: mixer_value set 0
01-08 01:32:10.205 D/msm8974_platform( 798): platform_check_codec_backend_cfg:becf: updated afe: bitwidth 16, samplerate 48000 channels 2,backend_idx 0 usecase = 1 device (speaker)
01-08 01:32:10.205 D/msm8974_platform( 798): platform_check_codec_backend_cfg:becf: afe: playback on codec device not supporting native playback set default Sample Rate(48k)
01-08 01:32:10.205 I/msm8974_platform( 798): platform_check_codec_backend_cfg:becf: afe: Codec selected backend: 0 updated bit width: 16 and sample rate: 48000
01-08 01:32:10.205 D/audio_hw_primary( 798): check_usecases_codec_backend:becf: force routing 0
01-08 01:32:10.205 E/msm8974_platform( 798): platform_check_backends_match: Invalid snd_device =
01-08 01:32:10.205 D/audio_hw_primary( 798): check_usecases_codec_backend:becf: (78) check_usecases curr device: speaker, usecase device: backends match 0
01-08 01:32:10.205 D/audio_hw_primary( 798): check_usecases_codec_backend:becf: check_usecases num.of Usecases to switch 0
01-08 01:32:10.205 D/hardware_info( 798): hw_info_append_hw_type : device_name = speaker
01-08 01:32:10.205 D/msm8974_platform( 798): platform_split_snd_device: snd_device(2) num devices(0) new_snd_devices(0)
01-08 01:32:10.205 D/audio_hw_primary( 798): enable_snd_device: snd_device(2: speaker)
01-08 01:32:10.205 D/msm8974_platform( 798): platform_get_island_cfg_on_device:island cfg status on snd_device = (speaker 0)
01-08 01:32:10.205 I/soundtrigger( 798): audio_extn_sound_trigger_update_device_status: device 0x2 of type 0 for Event 1, with Raise=0
01-08 01:32:10.205 D/audio_route( 798): Apply path: speaker
01-08 01:32:10.205 I/audio_hw_utils( 798): audio_extn_utils_update_stream_output_app_type_cfg Allowing 24 and above bits playback on speaker ONLY at default sampling rate
01-08 01:32:10.205 E/soundtrigger( 798): audio_extn_sound_trigger_update_stream_status: invalid input device 0x0, for event 3
01-08 01:32:10.205 D/soundtrigger( 798): audio_extn_sound_trigger_update_stream_status: uc_info->id 1 of type 0 for Event 3, with Raise=0
01-08 01:32:10.205 D/audio_hw_utils( 798): audio_extn_utils_send_app_type_cfg: usecase->out_snd_device speaker
01-08 01:32:10.205 D/msm8974_platform( 798): platform_split_snd_device: snd_device(2) num devices(0) new_snd_devices(0)
01-08 01:32:10.205 D/audio_hw_utils( 798): audio_extn_btsco_get_sample_rate:Not a BT SCO device, need not update sampling rate
01-08 01:32:10.205 I/audio_hw_utils( 798): send_app_type_cfg_for_device PLAYBACK app_type 69937, acdb_dev_id 15, sample_rate 48000, snd_device_be_idx 179
01-08 01:32:10.206 D/msm8974_platform( 798): platform_split_snd_device: snd_device(2) num devices(1) new_snd_devices(0)
01-08 01:32:10.206 D/audio_hw_utils( 798): audio_extn_btsco_get_sample_rate:Not a BT SCO device, need not update sampling rate
01-08 01:32:10.206 D/ACDB-LOADER( 798): ACDB -> send_audio_cal, acdb_id = 15, path = 0, app id = 0x11131, sample rate = 48000, afe_sample_rate = 48000
01-08 01:32:10.206 D/ACDB-LOADER( 798): ACDB -> send_asm_topology
01-08 01:32:10.206 D/ACDB-LOADER( 798): ACDB -> ACDB_CMD_GET_AUDPROC_STREAM_TOPOLOGY_ID
01-08 01:32:10.206 D/ACDB-LOADER( 798): ACDB -> send_adm_topology
01-08 01:32:10.206 D/ACDB-LOADER( 798): ACDB -> ACDB_CMD_GET_AUDPROC_COMMON_TOPOLOGY_ID
01-08 01:32:10.206 D/ACDB-LOADER( 798): ACDB -> send_audtable
01-08 01:32:10.206 D/ACDB-LOADER( 798): ACDB -> ACDB_CMD_GET_AUDPROC_INSTANCE_COMMON_TABLE_SIZE
01-08 01:32:10.206 D/ACDB-LOADER( 798): ACDB -> ACDB_CMD_GET_AUDPROC_INSTANCE_COMMON_TABLE
01-08 01:32:10.206 D/ACDB-LOADER( 798): ACDB -> AUDIO_SET_AUDPROC_CAL cal_type[11] acdb_id[15] app_type[69937]
01-08 01:32:10.206 D/ACDB-LOADER( 798): ACDB -> send_audvoltable
01-08 01:32:10.206 D/ACDB-LOADER( 798): ACDB -> ACDB_CMD_GET_AUDPROC_INSTANCE_GAIN_DEP_STEP_TABLE_SIZE
01-08 01:32:10.206 D/ACDB-LOADER( 798): ACDB -> ACDB_CMD_GET_AUDPROC_INSTANCE_GAIN_DEP_STEP_TABLE, vol index 3
01-08 01:32:10.206 D/ACDB-LOADER( 798): ACDB -> AUDIO_SET_VOL_CAL cal type = 12
01-08 01:32:10.206 D/ACDB-LOADER( 798): ACDB -> ACDB_CMD_GET_AUDPROC_INSTANCE_STREAM_TABLE_SIZE
01-08 01:32:10.206 D/ACDB-LOADER( 798): ACDB -> send_audstrmtable
01-08 01:32:10.206 D/ACDB-LOADER( 798): ACDB -> ACDB_CMD_GET_AUDPROC_INSTANCE_STREAM_TABLE
01-08 01:32:10.206 D/ACDB-LOADER( 798): ACDB -> audstrm_cal->cal_type.cal_data.cal_size = 20
01-08 01:32:10.206 D/ACDB-LOADER( 798): ACDB -> send_afe_topology
01-08 01:32:10.206 D/ACDB-LOADER( 798): ACDB -> ACDB_CMD_GET_AFE_TOPOLOGY_ID
01-08 01:32:10.206 D/ACDB-LOADER( 798): ACDB -> GET_AFE_TOPOLOGY_ID for adcd_id 15, Topology Id 112fc
01-08 01:32:10.206 D/ACDB-LOADER( 798): ACDB -> send_afe_cal
01-08 01:32:10.206 D/ACDB-LOADER( 798): ACDB -> ACDB_CMD_GET_AFE_INSTANCE_COMMON_TABLE_SIZE
01-08 01:32:10.206 D/android.hardware.audio.service( 798): Failed to fetch the lookup information of the device 0000000F
01-08 01:32:10.206 D/ACDB-LOADER( 798): Error: ACDB_CMD_GET_AFE_INSTANCE_COMMON_TABLE_SIZE Returned = -19
01-08 01:32:10.206 D/ACDB-LOADER( 798): ACDB -> ACDB_CMD_GET_AFE_INSTANCE_COMMON_TABLE
01-08 01:32:10.206 D/android.hardware.audio.service( 798): Failed to fetch the lookup information of the device 0000000F
01-08 01:32:10.206 D/ACDB-LOADER( 798): Error: ACDB AFE returned = -19
01-08 01:32:10.206 D/ACDB-LOADER( 798): ACDB -> AUDIO_SET_AFE_CAL cal_type[16] acdb_id[15]
01-08 01:32:10.206 D/ACDB-LOADER( 798): ACDB -> send_hw_delay : acdb_id = 15 path = 0
01-08 01:32:10.206 D/ACDB-LOADER( 798): ACDB -> ACDB_AVSYNC_INFO: ACDB_CMD_GET_DEVICE_PROPERTY
01-08 01:32:10.206 D/msm8974_platform( 798): platform_split_snd_device: snd_device(2) num devices(0) new_snd_devices(0)
01-08 01:32:10.206 I/msm8974_platform( 798): platform_get_custom_mtmx_params: no matching param with id 0 ip_ch 2 op_ch 2 uc_id 1 snd_dev 2
01-08 01:32:10.206 D/audio_hw_primary( 798): enable_audio_route: apply mixer and update path: low-latency-playback
01-08 01:32:10.206 D/audio_route( 798): Apply path: low-latency-playback
01-08 01:32:10.207 W/AudioIDCMicroNegotiator( 1526): idcm_warn: idcm control is not enable
01-08 01:32:10.207 D/audio_hw_primary( 798): select_devices: done
01-08 01:32:10.208 D/Avrcp_ext( 1950): AudioManager Player: AudioPlaybackConfiguration piid:55 deviceId:0 type:android.media.SoundPool u/pid:10081/1984 state:idle attr:AudioAttributes: usage=USAGE_ASSISTANCE_SONIFICATION content=CONTENT_TYPE_SONIFICATION flags=0x800 tags= bundle=null sessionId:0
01-08 01:32:10.208 D/Avrcp_ext( 1950): AudioManager Player: AudioPlaybackConfiguration piid:71 deviceId:0 type:android.media.SoundPool u/pid:1000/2387 state:idle attr:AudioAttributes: usage=USAGE_ASSISTANCE_SONIFICATION content=CONTENT_TYPE_SONIFICATION flags=0x801 tags= bundle=null sessionId:0
01-08 01:32:10.208 D/Avrcp_ext( 1950): AudioManager Player: AudioPlaybackConfiguration piid:47 deviceId:0 type:android.media.SoundPool u/pid:1000/1526 state:idle attr:AudioAttributes: usage=USAGE_ASSISTANCE_SONIFICATION content=CONTENT_TYPE_SONIFICATION flags=0x800 tags= bundle=null sessionId:0
01-08 01:32:10.208 D/Avrcp_ext( 1950): AudioManager Player: AudioPlaybackConfiguration piid:79 deviceId:3 type:android.media.MediaPlayer u/pid:10081/1984 state:started attr:AudioAttributes: usage=USAGE_NOTIFICATION content=CONTENT_TYPE_SONIFICATION flags=0x800 tags= bundle=null sessionId:0
01-08 01:32:10.209 D/Avrcp_ext( 1950): AudioManager Player in started state: com.android.systemui
01-08 01:32:10.209 D/Avrcp_ext( 1950): AudioManager Active Player: com.android.systemui
01-08 01:32:10.209 D/Avrcp_ext( 1950): AudioManager isPlaying: true, mAudioPlaybackIsActive = true
01-06 10:46:10.373 I/afe_find_cal_topo_id_by_port( 0): port id: 0x9000, dev_acdb_id: 0
01-06 10:46:10.373 I/afe_find_cal_topo_id_by_port( 0): top_id:112fc acdb_id:15 afe_port:0x9000
01-06 10:46:10.373 I/afe_get_cal_topology_id( 0): port_id = 0x9000 acdb_id = 15 topology_id = 0x112fc cal_type_index=8 ret=0
01-06 10:46:10.373 I/afe_send_port_topology_id( 0): AFE set topology id 0x112fc enable for port 0x9000 ret 0
01-06 10:46:10.373 I/send_afe_cal_type( 0): cal_index is 0
01-06 10:46:10.373 I/send_afe_cal_type( 0): dev_acdb_id[55] is 0
01-06 10:46:10.373 I/send_afe_cal_type( 0): Sending cal_index cal 0
01-06 10:46:10.373 E/send_afe_cal_type( 0): No cal sent for cal_index 0, port_id = 0x9000! ret -22
01-06 10:46:10.373 I/afe_send_hw_delay( 0): port_id 0x9000 rate 48000 delay_usec 474 status 0
01-08 01:32:10.231 D/msm8974_platform( 798): platform_set_channel_map mixer_ctl_name:Playback Channel Map9
01-08 01:32:10.231 D/msm8974_platform( 798): platform_set_channel_map: set mapping(1 2 0 0 0 0 0 0) for channel:2
01-08 01:32:10.233 D/audio_hw_primary( 798): start_output_stream: exit
01-08 01:32:10.233 D/audio_hw_primary( 798): out_write: retry previous failed cal level set
01-08 01:32:10.233 D/msm8974_platform( 798): platform_split_snd_device: snd_device(2) num devices(1) new_snd_devices(0)
01-08 01:32:10.233 D/ACDB-LOADER( 798): ACDB -> send_audvoltable
01-08 01:32:10.233 D/ACDB-LOADER( 798): ACDB -> ACDB_CMD_GET_AUDPROC_INSTANCE_GAIN_DEP_STEP_TABLE_SIZE
01-08 01:32:10.233 D/ACDB-LOADER( 798): ACDB -> ACDB_CMD_GET_AUDPROC_INSTANCE_GAIN_DEP_STEP_TABLE, vol index 5
01-08 01:32:10.233 D/ACDB-LOADER( 798): ACDB -> AUDIO_SET_VOL_CAL cal type = 40
01-08 01:32:10.244 D/msm8974_platform( 798): platform_split_snd_device: snd_device(2) num devices(1) new_snd_devices(0)
01-08 01:32:10.244 D/ACDB-LOADER( 798): ACDB -> send_audvoltable
01-08 01:32:10.244 D/ACDB-LOADER( 798): ACDB -> ACDB_CMD_GET_AUDPROC_INSTANCE_GAIN_DEP_STEP_TABLE_SIZE
01-08 01:32:10.244 D/ACDB-LOADER( 798): ACDB -> ACDB_CMD_GET_AUDPROC_INSTANCE_GAIN_DEP_STEP_TABLE, vol index 2
01-08 01:32:10.244 D/ACDB-LOADER( 798): ACDB -> AUDIO_SET_VOL_CAL cal type = 40
01-08 01:32:10.448 D/vendor.qti.vibrator( 844): QTI Vibrator off
01-08 01:32:10.451 D/vendor.qti.vibrator( 844): Notifying on complete
01-08 01:32:10.476 I/OMX-VENC: venc_dev( 1222): stats: avg. fps 33.11, bitrate 1760063
01-08 01:32:10.698 D/vendor.qti.vibrator( 844): Vibrator on for timeoutMs: 350
01-08 01:32:10.699 D/vendor.qti.vibrator( 844): Starting on on another thread
01-08 01:32:10.757 I/mpu_uart( 640): [MSG-P:RECV]:No message received in 1000 ms
01-08 01:32:10.787 I/mpu_uart( 640): [MSG-P:R]:recv sync frame timeout
01-08 01:32:10.963 I/auditd ( 0): type=1400 audit(0.0:395): avc: denied { kill } for comm="swapper/0" capability=5 scontext=u:r:kernel:s0 tcontext=u:r:kernel:s0 tclass=capability permissive=0
01-08 01:32:10.963 W/swapper/0( 0): type=1400 audit(0.0:395): avc: denied { kill } for capability=5 scontext=u:r:kernel:s0 tcontext=u:r:kernel:s0 tclass=capability permissive=0
01-08 01:32:11.049 D/vendor.qti.vibrator( 844): Notifying on complete
01-08 01:32:11.050 D/vendor.qti.vibrator( 844): QTI Vibrator off
01-08 01:32:11.548 D/CCodecBufferChannel( 1199): [c2.android.vorbis.decoder#29] buffers after EOS ignored (0 us)
01-08 01:32:11.550 D/AudioTrack( 1199): stop(35): called with 82980 frames delivered
01-08 01:32:11.554 D/CompatibilityChangeReporter( 1526): Compat change id reported: 168419799; UID 10093; state: DISABLED
01-08 01:32:11.554 D/CompatibilityInfo( 1526): mCompatibilityFlags - 4
01-08 01:32:11.555 D/CompatibilityInfo( 1526): applicationDensity - 240
01-08 01:32:11.555 D/CompatibilityInfo( 1526): applicationScale - 1.0
01-08 01:32:11.563 I/PermissionControllerServiceImpl( 3689): Updating user sensitive for user 0
01-08 01:32:11.651 I/hpplay-java( 2713): [main]:ServerTaskManager:restart by error
01-08 01:32:11.651 I/hpplay-java( 2713): [main]:ServerTaskManager:startServer
01-08 01:32:11.651 I/hpplay-java( 2713): [main]:ServerTaskManager:startServer add, reason: server is starting or running
01-08 01:32:11.651 I/hpplay-java( 2713): [main]:ServerTaskManager:addStopTask
01-08 01:32:11.651 I/hpplay-java( 2713): [main]:ServerTaskManager:addStartTask
01-08 01:32:11.651 I/hpplay-java( 2713): [main]:ServerTaskManager:exeTask stopServer
01-08 01:32:11.651 I/hpplay-java( 2713): [main]:Bridge:stopServer keepPush: false
01-08 01:32:11.651 D/hpplay-base( 2713): [jniBridge:909] Bridge__1stopServer status:2
01-08 01:32:11.652 D/hpplay-base( 2713): [LelinkBase:654] stopAllServer will start thread!
01-08 01:32:11.652 D/hpplay-base( 2713): [AEventUtils:588] handle AEvent thread end!!,tid is 5086
01-08 01:32:11.652 D/hpplay-base( 2713): [REventUtils:197] handleREventThread thread end!!,tid is 5087
01-08 01:32:11.653 I/hpplay-base( 2713): [mDNSEmbeded:65] embedded_mDNSExit call
01-08 01:32:11.693 D/hpplay-base( 2713): [Server:447] startHttpServer will END srv->serverType:0
01-08 01:32:11.693 D/hpplay-base( 2713): [Server:646] startHttpServer cond srv_shutdown:1 connectNummber:0
01-08 01:32:11.693 D/hpplay-base( 2713): [Server:669] startHttpServer wait cond END. srv_shutdown:1 connectNummber:0
01-08 01:32:11.693 D/hpplay-base( 2713): [Server:457] HttpServer END, tid is 5063
01-08 01:32:11.715 D/hpplay-base( 2713): [stream_mirror_compat:1284] mirror stream begin to exit,server fd:73,thread_id:3137798592!!
01-08 01:32:11.715 D/hpplay-base( 2713): [stream_mirror_compat:1323] ##screen stream exit successfully!!##
01-08 01:32:11.757 I/mpu_uart( 640): [MSG-P:RECV]:No message received in 1000 ms
01-08 01:32:11.928 I/input_interaction( 1526): Interaction with: 1bc00b2 com.android.launcher3/com.android.launcher3.uioverrides.QuickstepLauncher (server), fe7e613 com.android.systemui.ImageWallpaper (server), edge-swipe (server), swipe-up (server), PointerEventDispatcher0 (server),
01-08 01:32:11.963 I/auditd ( 0): type=1400 audit(0.0:396): avc: denied { kill } for comm="swapper/0" capability=5 scontext=u:r:kernel:s0 tcontext=u:r:kernel:s0 tclass=capability permissive=0
01-08 01:32:11.963 W/swapper/0( 0): type=1400 audit(0.0:396): avc: denied { kill } for capability=5 scontext=u:r:kernel:s0 tcontext=u:r:kernel:s0 tclass=capability permissive=0
01-08 01:32:11.984 D/audio_hw_primary( 798): out_set_parameters: enter: usecase(1: low-latency-playback) kvpairs: suspend_playback=true
01-08 01:32:11.984 D/audio_hw_extn( 798): audio_extn_fm_set_parameters: Enter
01-08 01:32:11.995 D/audio_hw_primary( 798): out_set_parameters: enter: usecase(1: low-latency-playback) kvpairs: suspend_playback=false
01-08 01:32:11.995 D/audio_hw_extn( 798): audio_extn_fm_set_parameters: Enter
01-08 01:32:11.999 D/audio_hw_primary( 798): out_set_parameters: enter: usecase(1: low-latency-playback) kvpairs: suspend_playback=true
01-08 01:32:11.999 D/audio_hw_extn( 798): audio_extn_fm_set_parameters: Enter
01-08 01:32:12.009 D/audio_hw_primary( 798): out_set_parameters: enter: usecase(1: low-latency-playback) kvpairs: suspend_playback=false
01-08 01:32:12.009 D/audio_hw_extn( 798): audio_extn_fm_set_parameters: Enter
01-08 01:32:12.014 W/AudioIDCMicroNegotiator( 1526): idcm_warn: idcm control is not enable
01-08 01:32:12.014 I/MediaFocusControl( 1526): abandonAudioFocus() from uid/pid 10081/1984 clientId=android.media.AudioManager@1ec1f70
01-08 01:32:12.014 V/MediaPlayer( 1984): resetDrmState: mDrmInfo=null mDrmProvisioningThread=null mPrepareDrmInProgress=false mActiveDrmScheme=false
01-08 01:32:12.015 V/MediaPlayer( 1984): cleanDrmObj: mDrmObj=null mDrmSessionId=null
01-08 01:32:12.015 D/NuPlayerDriver( 1199): reset(0xe8f41190) at state 6
01-08 01:32:12.015 D/Avrcp_ext( 1950): AudioManager Player: AudioPlaybackConfiguration piid:55 deviceId:0 type:android.media.SoundPool u/pid:10081/1984 state:idle attr:AudioAttributes: usage=USAGE_ASSISTANCE_SONIFICATION content=CONTENT_TYPE_SONIFICATION flags=0x800 tags= bundle=null sessionId:0
01-08 01:32:12.015 D/Avrcp_ext( 1950): AudioManager Player: AudioPlaybackConfiguration piid:71 deviceId:0 type:android.media.SoundPool u/pid:1000/2387 state:idle attr:AudioAttributes: usage=USAGE_ASSISTANCE_SONIFICATION content=CONTENT_TYPE_SONIFICATION flags=0x801 tags= bundle=null sessionId:0
01-08 01:32:12.015 D/Avrcp_ext( 1950): AudioManager Player: AudioPlaybackConfiguration piid:47 deviceId:0 type:android.media.SoundPool u/pid:1000/1526 state:idle attr:AudioAttributes: usage=USAGE_ASSISTANCE_SONIFICATION content=CONTENT_TYPE_SONIFICATION flags=0x800 tags= bundle=null sessionId:0
01-08 01:32:12.015 D/Avrcp_ext( 1950): AudioManager Player: AudioPlaybackConfiguration piid:79 deviceId:3 type:android.media.MediaPlayer u/pid:10081/1984 state:stopped attr:AudioAttributes: usage=USAGE_NOTIFICATION content=CONTENT_TYPE_SONIFICATION flags=0x800 tags= bundle=null sessionId:0
01-08 01:32:12.015 D/Avrcp_ext( 1950): AudioManager isPlaying: false, mAudioPlaybackIsActive = true
01-08 01:32:12.015 D/Avrcp_ext( 1950): AudioManager Reset Active Player
01-08 01:32:12.016 V/Avrcp_ext( 1950): updateCurrentMediaState: mMediaController: MediaController (com.android.systemui@8017cb9) null
01-08 01:32:12.016 W/Avrcp_ext( 1950): isMusicActive: false getBluetoothPlayState: 2 A2dp State: 11 mAudioPlaybackIsActive: false
01-08 01:32:12.016 D/Avrcp_ext( 1950): isMusicActive = false mAudioPlaybackIsActive = false player state = null
01-08 01:32:12.016 I/Avrcp_ext( 1950): Skipping update due to invalid playback state
01-08 01:32:12.016 V/Avrcp_ext( 1950): updatePlaybackState, state: null device: null
01-08 01:32:12.016 V/Avrcp_ext( 1950): Device: no name:
01-08 01:32:12.016 V/Avrcp_ext( 1950): Device: no name:
01-08 01:32:12.016 V/Avrcp_ext( 1950): Device: no name:
01-08 01:32:12.016 V/Avrcp_ext( 1950): Device: no name:
01-08 01:32:12.016 V/Avrcp_ext( 1950): Device: no name:
01-08 01:32:12.016 V/Avrcp_ext( 1950): updatePlayerStateAndPosition, old=PlaybackState {state=2, position=-1, buffered position=0, speed=1.0, updated=12925, actions=0, custom actions=[], active item id=-1, error=null}, state=null
01-08 01:32:12.017 I/Avrcp_ext( 1950): updatePlayerStateAndPosition: device: state = null
01-08 01:32:12.017 D/Avrcp_ext( 1950): AudioManager Player: AudioPlaybackConfiguration piid:55 deviceId:0 type:android.media.SoundPool u/pid:10081/1984 state:idle attr:AudioAttributes: usage=USAGE_ASSISTANCE_SONIFICATION content=CONTENT_TYPE_SONIFICATION flags=0x800 tags= bundle=null sessionId:0
01-08 01:32:12.017 D/Avrcp_ext( 1950): AudioManager Player: AudioPlaybackConfiguration piid:71 deviceId:0 type:android.media.SoundPool u/pid:1000/2387 state:idle attr:AudioAttributes: usage=USAGE_ASSISTANCE_SONIFICATION content=CONTENT_TYPE_SONIFICATION flags=0x801 tags= bundle=null sessionId:0
01-08 01:32:12.017 D/Avrcp_ext( 1950): AudioManager Player: AudioPlaybackConfiguration piid:47 deviceId:0 type:android.media.SoundPool u/pid:1000/1526 state:idle attr:AudioAttributes: usage=USAGE_ASSISTANCE_SONIFICATION content=CONTENT_TYPE_SONIFICATION flags=0x800 tags= bundle=null sessionId:0
01-08 01:32:12.017 D/Avrcp_ext( 1950): AudioManager isPlaying: false, mAudioPlaybackIsActive = false
01-08 01:32:12.017 D/Avrcp_ext( 1950): AudioManager Reset Active Player
01-08 01:32:12.018 I/hw-BpHwBinder( 1199): onLastStrongRef automatically unlinking death recipients
01-08 01:32:12.018 I/hw-BpHwBinder( 1284): onLastStrongRef automatically unlinking death recipients
01-08 01:32:12.019 D/audio_hw_primary( 798): out_set_parameters: enter: usecase(1: low-latency-playback) kvpairs: suspend_playback=true
01-08 01:32:12.019 D/audio_hw_extn( 798): audio_extn_fm_set_parameters: Enter
01-08 01:32:12.020 V/C2Store ( 1284): in ~ComponentModule
01-08 01:32:12.020 V/C2Store ( 1284): unloading dll
01-08 01:32:12.021 D/EditModeHelper( 2543): setHotseatVisibility: 8
01-08 01:32:12.022 D/NuPlayerDriver( 1199): notifyResetComplete(0xe8f41190)
01-08 01:32:12.023 W/FreeFormWindowHelper( 1526): Current Display FreeFormTask is null
01-08 01:32:12.023 D/FreeWindowContainer( 2543): reloadTask: null
01-08 01:32:12.023 W/AMessage( 1199): failed to post message as target looper for handler 0 is gone.
01-08 01:32:12.030 D/audio_hw_primary( 798): out_set_parameters: enter: usecase(1: low-latency-playback) kvpairs: suspend_playback=false
01-08 01:32:12.030 D/audio_hw_extn( 798): audio_extn_fm_set_parameters: Enter
01-08 01:32:12.032 I/InputDispatcher( 1526): Monitor swipe-up (server) is stealing touch from [1bc00b2 com.android.launcher3/com.android.launcher3.uioverrides.QuickstepLauncher (server), fe7e613 com.android.systemui.ImageWallpaper (server), ]
01-08 01:32:12.033 W/FreeFormWindowHelper( 1526): Current Display FreeFormTask is null
01-08 01:32:12.034 V/ShadeControllerImpl( 1984): NotificationShadeWindow: com.android.systemui.statusbar.phone.NotificationShadeWindowView{8dd8b58 I.E...... ......ID 0,0-2380,1020} canPanelBeCollapsed(): false
01-08 01:32:12.034 I/view_enqueue_input_event( 2543): [Motion - Cancel,com.android.launcher3/com.android.launcher3.uioverrides.QuickstepLauncher]
01-08 01:32:12.034 W/FreeFormWindowHelper( 1526): Current Display FreeFormTask is null
01-08 01:32:12.034 W/FreeFormWindowHelper( 1526): Current Display FreeFormTask is null
01-08 01:32:12.034 W/FreeFormWindowHelper( 1526): Current Display FreeFormTask is null
01-08 01:32:12.041 I/input_interaction( 1526): Interaction with: edge-swipe (server), swipe-up (server), PointerEventDispatcher0 (server),
01-08 01:32:12.049 I/OpenGLRenderer( 2543): Davey! duration=9223371967721ms; Flags=0, FrameTimelineVsyncId=2713, IntendedVsync=69133291402, Vsync=69133291402, InputEventId=610382837, HandleInputStart=69133723670, AnimationStart=69147542836, PerformTraversalsStart=69147562315, DrawStart=69149075805, FrameDeadline=69154624734, FrameInterval=69133715701, FrameStartTime=16666666, SyncQueued=69149280180, SyncStart=69149369295, IssueDrawCommandsStart=69149741274, SwapBuffers=69153007003, FrameCompleted=9223372036854775807, DequeueBufferDuration=37344, QueueBufferDuration=987188, GpuCompleted=9223372036854775807, SwapBuffersCompleted=69154641951, DisplayPresentTime=0,
01-08 01:32:12.055 I/OMX-VENC: venc_dev( 1222): stats: avg. fps 1.27, bitrate 53493
01-08 01:32:12.068 D/audio_hw_primary( 798): out_set_parameters: enter: usecase(1: low-latency-playback) kvpairs: suspend_playback=true
01-08 01:32:12.068 D/audio_hw_extn( 798): audio_extn_fm_set_parameters: Enter
01-08 01:32:12.069 D/msm8974_platform( 798): platform_split_snd_device: snd_device(2) num devices(1) new_snd_devices(0)
01-08 01:32:12.069 D/ACDB-LOADER( 798): ACDB -> send_audvoltable
01-08 01:32:12.069 D/ACDB-LOADER( 798): ACDB -> ACDB_CMD_GET_AUDPROC_INSTANCE_GAIN_DEP_STEP_TABLE_SIZE
01-08 01:32:12.069 D/ACDB-LOADER( 798): ACDB -> ACDB_CMD_GET_AUDPROC_INSTANCE_GAIN_DEP_STEP_TABLE, vol index 0
01-08 01:32:12.069 D/ACDB-LOADER( 798): ACDB -> AUDIO_SET_VOL_CAL cal type = 40
01-08 01:32:12.069 D/msm8974_platform( 798): platform_split_snd_device: snd_device(2) num devices(1) new_snd_devices(0)
01-08 01:32:12.229 I/commit_sys_config_file( 1526): [settings-1-0,5]
01-08 01:32:12.385 D/NoButtonQuickSwitchTouchController( 2543): onMotionPauseDetected:
