01-08 01:32:31.020 V/GameMode_GpuUtils( 2387): fps:60
01-08 01:32:31.021 D/GameMode_GameModeActionUtils( 2387): Show GameMode entry by service!
01-08 01:32:31.021 W/ContextImpl( 2387): Calling a method in the system process without a qualified user: android.app.ContextImpl.startService:1816 android.content.ContextWrapper.startService:774 com.thundercomm.gamemode.ingame.services.GameModeActionUtils.startGameModeService:111 com.thundercomm.gamemode.ingame.services.GameModeActionUtils.startGameModeEntry:22 com.thundercomm.gamemode.ingame.services.ActivityMonitoringService$1.onActivityLaunch:129
01-08 01:32:31.022 D/GameModeIF_GameModeSettings( 2387): getUriFor setting_content_uri_root = content://com.thundercomm.gamemode.api/gamemode_settings , name = gamemode_isgaming
01-08 01:32:31.022 D/GameMode_GameModeService( 2387): type=hide_entry
01-08 01:32:31.022 I/GameModeConfig( 1526): Current uri is uri = content://com.thundercomm.gamemode.api/gamemode_settings/gamemode_isgaming
01-08 01:32:31.022 D/GameModeIF_GameModeSettings( 1526): getUriFor setting_content_uri_root = content://com.thundercomm.gamemode.api/gamemode_settings , name = gamemode_isgaming
01-08 01:32:31.022 D/GameMode_GameSettingsObserver( 2387): Game Data change!!!! uri = content://com.thundercomm.gamemode.api/gamemode_settings/gamemode_isgaming
01-08 01:32:31.022 D/GameModeIF_GameModeSettings( 2387): getUriFor setting_content_uri_root = content://com.thundercomm.gamemode.api/gamemode_settings , name = gamemode_isgaming
01-08 01:32:31.022 D/GameModeIF_GameModeSettings( 2387): gamemode_isgaming set to 0
01-08 01:32:31.023 I/GameModeConfig( 1526): isGameModeOn = true
01-08 01:32:31.023 I/GameModeConfig( 1526): isGaming = false
01-08 01:32:31.023 I/GameModeConfig( 1526): isGameModeOn = true
01-08 01:32:31.023 I/GameModeConfig( 1526): isGaming = false
01-08 01:32:31.023 I/GameModeConfig( 1526): isDisableVoice = true
01-08 01:32:31.024 D/GameMode_GameModeService( 2387): updateGlobalSettings = gamemode_isgaming
01-08 01:32:31.158 D/CompatibilityChangeReporter( 1526): Compat change id reported: 168419799; UID 10097; state: DISABLED
01-08 01:32:31.158 D/CompatibilityInfo( 1526): mCompatibilityFlags - 4
01-08 01:32:31.158 D/CompatibilityInfo( 1526): applicationDensity - 240
01-08 01:32:31.158 D/CompatibilityInfo( 1526): applicationScale - 1.0
01-08 01:32:31.217 I/wm_task_removed( 1526): [14,removeChild:removeChild last r=ActivityRecord{1c9af2 u0 com.android.music/.VideoBrowserActivity t-1 f}} in t=Task{edeedfd #14 type=standard A=10087:android.task.video U=0 visible=false mode=freeform translucent=true sz=0}]
01-08 01:32:31.217 I/wm_task_removed( 1526): [14,removeChild]
01-08 01:32:31.217 D/FreeFormWindowHelper( 1526): Remove freefrom task=Task{edeedfd #14 type=standard A=10087:android.task.video U=0 visible=false mode=freeform translucent=true sz=0}
01-08 01:32:31.253 I/OMX-VENC: venc_dev( 1222): stats: avg. fps 47.68, bitrate 4149251
01-08 01:32:31.549 I/hpplay-java( 2713): [main]:ServerTaskManager:restart by error
01-08 01:32:31.550 I/hpplay-java( 2713): [main]:ServerTaskManager:startServer
01-08 01:32:31.550 I/hpplay-java( 2713): [main]:ServerTaskManager:startServer add, reason: server is starting or running
01-08 01:32:31.550 I/hpplay-java( 2713): [main]:ServerTaskManager:addStopTask
01-08 01:32:31.550 I/hpplay-java( 2713): [main]:ServerTaskManager:addStartTask
01-08 01:32:31.550 I/hpplay-java( 2713): [main]:ServerTaskManager:exeTask stopServer
01-08 01:32:31.551 I/hpplay-java( 2713): [main]:Bridge:stopServer keepPush: false
01-08 01:32:31.551 D/hpplay-base( 2713): [jniBridge:909] Bridge__1stopServer status:2
01-08 01:32:31.552 D/hpplay-base( 2713): [LelinkBase:654] stopAllServer will start thread!
01-08 01:32:31.552 D/hpplay-base( 2713): [AEventUtils:588] handle AEvent thread end!!,tid is 5448
01-08 01:32:31.553 I/hpplay-base( 2713): [mDNSEmbeded:65] embedded_mDNSExit call
01-08 01:32:31.553 D/hpplay-base( 2713): [REventUtils:197] handleREventThread thread end!!,tid is 5449
01-08 01:32:31.578 D/hpplay-base( 2713): [Server:447] startHttpServer will END srv->serverType:0
01-08 01:32:31.578 D/hpplay-base( 2713): [Server:646] startHttpServer cond srv_shutdown:1 connectNummber:0
01-08 01:32:31.578 D/hpplay-base( 2713): [Server:669] startHttpServer wait cond END. srv_shutdown:1 connectNummber:0
01-08 01:32:31.578 D/hpplay-base( 2713): [Server:457] HttpServer END, tid is 5427
01-08 01:32:31.618 D/hpplay-base( 2713): [stream_mirror_compat:1284] mirror stream begin to exit,server fd:98,thread_id:3123950016!!
01-08 01:32:31.619 D/hpplay-base( 2713): [stream_mirror_compat:1323] ##screen stream exit successfully!!##
01-08 01:32:31.763 I/mpu_uart( 640): [MSG-P:RECV]:No message received in 1000 ms
01-08 01:32:31.806 I/mpu_uart( 640): [MSG-P:R]:recv sync frame timeout
01-08 01:32:31.963 I/auditd ( 0): type=1400 audit(0.0:628): avc: denied { kill } for comm="swapper/3" capability=5 scontext=u:r:kernel:s0 tcontext=u:r:kernel:s0 tclass=capability permissive=0
01-08 01:32:31.963 W/swapper/3( 0): type=1400 audit(0.0:628): avc: denied { kill } for capability=5 scontext=u:r:kernel:s0 tcontext=u:r:kernel:s0 tclass=capability permissive=0
01-08 01:32:32.042 E/TaskPersister( 1526): File error accessing recents directory (directory doesn't exist?).
01-08 01:32:32.190 I/input_interaction( 1526): Interaction with: 1bc00b2 com.android.launcher3/com.android.launcher3.uioverrides.QuickstepLauncher (server), fe7e613 com.android.systemui.ImageWallpaper (server), edge-swipe (server), swipe-up (server), PointerEventDispatcher0 (server),
01-08 01:32:32.349 I/hpplay-base( 2713): [mDNSEmbeded:140] embedded_mDNSLoop Exiting end,tid is 5445
01-08 01:32:32.350 D/hpplay-base( 2713): [mDNSEmbeded:452] stopmDNSServer end stopmDNSNow=2, nRet=0
01-08 01:32:32.361 E/ThemeUtils( 2543): View class com.google.android.material.imageview.ShapeableImageView is an AppCompat widget that can only be used with a Theme.AppCompat theme (or descendant).
01-08 01:32:32.378 E/ThemeUtils( 2543): View class com.google.android.material.imageview.ShapeableImageView is an AppCompat widget that can only be used with a Theme.AppCompat theme (or descendant).
01-08 01:32:32.380 E/ThemeUtils( 2543): View class com.google.android.material.imageview.ShapeableImageView is an AppCompat widget that can only be used with a Theme.AppCompat theme (or descendant).
01-08 01:32:32.382 E/ThemeUtils( 2543): View class com.google.android.material.imageview.ShapeableImageView is an AppCompat widget that can only be used with a Theme.AppCompat theme (or descendant).
01-08 01:32:32.384 E/ThemeUtils( 2543): View class com.google.android.material.imageview.ShapeableImageView is an AppCompat widget that can only be used with a Theme.AppCompat theme (or descendant).
01-08 01:32:32.385 E/ThemeUtils( 2543): View class com.google.android.material.imageview.ShapeableImageView is an AppCompat widget that can only be used with a Theme.AppCompat theme (or descendant).
01-08 01:32:32.390 E/ThemeUtils( 2543): View class com.google.android.material.imageview.ShapeableImageView is an AppCompat widget that can only be used with a Theme.AppCompat theme (or descendant).
01-08 01:32:32.393 E/ThemeUtils( 2543): View class com.google.android.material.imageview.ShapeableImageView is an AppCompat widget that can only be used with a Theme.AppCompat theme (or descendant).
01-08 01:32:32.397 E/ThemeUtils( 2543): View class com.google.android.material.imageview.ShapeableImageView is an AppCompat widget that can only be used with a Theme.AppCompat theme (or descendant).
01-08 01:32:32.403 E/ThemeUtils( 2543): View class com.google.android.material.imageview.ShapeableImageView is an AppCompat widget that can only be used with a Theme.AppCompat theme (or descendant).
01-08 01:32:32.409 E/ThemeUtils( 2543): View class com.google.android.material.imageview.ShapeableImageView is an AppCompat widget that can only be used with a Theme.AppCompat theme (or descendant).
01-08 01:32:32.413 E/ThemeUtils( 2543): View class com.google.android.material.imageview.ShapeableImageView is an AppCompat widget that can only be used with a Theme.AppCompat theme (or descendant).
01-08 01:32:32.416 D/EditModeHelper( 2543): setHotseatVisibility: 8
01-08 01:32:32.469 I/OpenGLRenderer( 2543): Davey! duration=9223371947322ms; Flags=0, FrameTimelineVsyncId=4187, IntendedVsync=89532340715, Vsync=89532340715, InputEventId=688642127, HandleInputStart=89532826787, AnimationStart=89532828037, PerformTraversalsStart=89532880068, DrawStart=89538522516, FrameDeadline=89553674047, FrameInterval=89532822724, FrameStartTime=16666666, SyncQueued=89541525901, SyncStart=89541632881, IssueDrawCommandsStart=89543058662, SwapBuffers=89568301266, FrameCompleted=9223372036854775807, DequeueBufferDuration=46458, QueueBufferDuration=842604, GpuCompleted=9223372036854775807, SwapBuffersCompleted=89570683922, DisplayPresentTime=144115222452438157,
01-08 01:32:32.479 I/OMX-VENC: venc_dev( 1222): stats: avg. fps 1.63, bitrate 48206
01-08 01:32:32.569 I/hpplay-base( 2713): [mDNSEmbeded:376] end lelink publish server, tid is 5446
01-08 01:32:32.569 D/hpplay-base( 2713): [mDNSEmbeded:420] stopmLelinkServer end nRet=0
01-08 01:32:32.569 D/hpplay-base( 2713): [LelinkBase:615] lebodlna stopServerThreadFunc dlnaEnable:1
01-08 01:32:32.569 D/hpplay-base-dlna( 2713): [lebodlna_api:49] stop DMR
01-08 01:32:32.569 D/hpplay-base-dlna( 2713): [lebodlna_api:344] m_pRender Release
01-08 01:32:32.623 I/commit_sys_config_file( 1526): [settings-1-0,5]
01-08 01:32:32.626 D/hpplay-base-dlna( 2713): [UpnpDefine:867] DMRender release success
01-08 01:32:32.626 D/hpplay-base-dlna( 2713): [lebodlna_api:352] m_pAVT Release
01-08 01:32:32.626 D/hpplay-base-dlna( 2713): [lebodlna_api:360] m_pRCS Release
01-08 01:32:32.626 D/hpplay-base-dlna( 2713): [lebodlna_api:365] dmrender destroydmr
01-08 01:32:32.764 I/mpu_uart( 640): [MSG-P:RECV]:No message received in 1000 ms
01-08 01:32:32.927 D/hpplay-base-dlna( 2713): [lebodlna-dlna_android:186] stopDLNA
01-08 01:32:32.927 D/hpplay-base-dlna( 2713): [lebodlna-dlna_android:189] dlnaservice destroy
01-08 01:32:32.927 D/hpplay-base-dlna( 2713): [lebodlna-dlna_android:49] dlnaservice Destroy 49 int CDlnaService::Destroy()
01-08 01:32:32.927 D/hpplay-base-dlna( 2713): [lebodlna-dlnaframe:245] dlnaservice Destroy 245 static ERROR_TYPE IDlnaFrame::DestroyDlnaFrame(IDlnaFrame *)
01-08 01:32:32.927 D/hpplay-base-dlna( 2713): [lebodlna-dlnaframe:179] dlnaservice Destroy 179 virtual void CDlnaFrame::Release()
01-08 01:32:32.927 D/hpplay-base-dlna( 2713): [lebodlna-dlnaframe:190] dlnaservice Destroy 190 virtual void CDlnaFrame::Release()
01-08 01:32:32.927 D/hpplay-base-dlna( 2713): [lebodlna-dlnaframe:192] dlnaservice Destroy 192 virtual void CDlnaFrame::Release()
01-08 01:32:32.927 D/hpplay-base-dlna( 2713): [lebodlna-dlnaframe:247] dlnaservice Destroy 247 static ERROR_TYPE IDlnaFrame::DestroyDlnaFrame(IDlnaFrame *)
01-08 01:32:32.927 D/hpplay-base-dlna( 2713): [lebodlna-dlnaframe:251] dlnaservice Destroy 251 static ERROR_TYPE IDlnaFrame::DestroyDlnaFrame(IDlnaFrame *)
01-08 01:32:32.932 E/hpplay-base-dlna( 2713): upnpapi.c:655::before gminiserver ThreadPoolShutdown
01-08 01:32:32.932 E/hpplay-base-dlna( 2713): ThreadPool.c:1047::on ThreadPoolShutdown tp->totalThreads:3
01-08 01:32:32.933 E/hpplay-base-dlna( 2713): ThreadPool.c:1056::after ThreadPoolShutdown
01-08 01:32:32.933 E/hpplay-base-dlna( 2713): ThreadPool.c:1057::ThreadPoolShutdown tp->totalThreads:0
01-08 01:32:32.933 E/hpplay-base-dlna( 2713): upnpapi.c:657::after gminiserver ThreadPoolShutdown
01-08 01:32:32.933 E/hpplay-base-dlna( 2713): upnpapi.c:659::before grecv ThreadPoolShutdown
01-08 01:32:32.934 E/hpplay-base-dlna( 2713): ThreadPool.c:1047::on ThreadPoolShutdown tp->totalThreads:11
01-08 01:32:32.934 E/hpplay-base-dlna( 2713): ThreadPool.c:1047::on ThreadPoolShutdown tp->totalThreads:8
01-08 01:32:32.934 E/hpplay-base-dlna( 2713): ThreadPool.c:1047::on ThreadPoolShutdown tp->totalThreads:3
01-08 01:32:32.935 E/hpplay-base-dlna( 2713): ThreadPool.c:1056::after ThreadPoolShutdown
01-08 01:32:32.935 E/hpplay-base-dlna( 2713): ThreadPool.c:1057::ThreadPoolShutdown tp->totalThreads:0
01-08 01:32:32.935 E/hpplay-base-dlna( 2713): upnpapi.c:661::after grecv ThreadPoolShutdown
01-08 01:32:32.935 E/hpplay-base-dlna( 2713): upnpapi.c:663::before gsend ThreadPoolShutdown
01-08 01:32:32.935 E/hpplay-base-dlna( 2713): ThreadPool.c:1047::on ThreadPoolShutdown tp->totalThreads:3
01-08 01:32:32.936 E/hpplay-base-dlna( 2713): ThreadPool.c:1047::on ThreadPoolShutdown tp->totalThreads:1
01-08 01:32:32.937 E/hpplay-base-dlna( 2713): ThreadPool.c:1056::after ThreadPoolShutdown
01-08 01:32:32.937 E/hpplay-base-dlna( 2713): ThreadPool.c:1057::ThreadPoolShutdown tp->totalThreads:0
01-08 01:32:32.937 E/hpplay-base-dlna( 2713): upnpapi.c:665::after gsend ThreadPoolShutdown
01-08 01:32:32.937 D/hpplay-base-dlna( 2713): [lebodlna-dlnaframe:253] dlnaservice Destroy 253 static ERROR_TYPE IDlnaFrame::DestroyDlnaFrame(IDlnaFrame *)
01-08 01:32:32.937 D/hpplay-base-dlna( 2713): [lebodlna-dlna_android:51] dlnaservice Destroy 51 int CDlnaService::Destroy()
01-08 01:32:32.937 D/hpplay-base-dlna( 2713): [lebodlna-dlna_android:194] stopDLNA end
01-08 01:32:32.963 I/auditd ( 0): type=1400 audit(0.0:629): avc: denied { kill } for comm="swapper/3" capability=5 scontext=u:r:kernel:s0 tcontext=u:r:kernel:s0 tclass=capability permissive=0
01-08 01:32:32.963 W/swapper/3( 0): type=1400 audit(0.0:629): avc: denied { kill } for capability=5 scontext=u:r:kernel:s0 tcontext=u:r:kernel:s0 tclass=capability permissive=0
01-08 01:32:33.237 D/hpplay-base( 2713): [stream_mirror_compat:1489] request to stop screen stream session!!
01-08 01:32:33.237 D/hpplay-base( 2713): [AEventUtils:625] begin to stop event handle service!!
01-08 01:32:33.237 D/hpplay-base( 2713): [AEventUtils:628] stop event handle service ok!!
01-08 01:32:33.238 D/hpplay-base( 2713): [REventUtils:231] begin to stop report handle service!!
01-08 01:32:33.238 D/hpplay-base( 2713): [REventUtils:234] stop report handle service ok!!
01-08 01:32:33.238 D/hpplay-base( 2713): [lelinkSinkServer:711] HTTP Server stopSinkServer End .
01-08 01:32:33.238 D/hpplay-base( 2713): [jniBridge:1135] notifyJavaServerStoped
01-08 01:32:33.238 D/hpplay-base( 2713): [jniBridge:1726] notifyJava, what:202, castType:0, mimeType:0 baseStatus:4
01-08 01:32:33.238 D/hpplay-base( 2713): [jniBridge:1727] notifyJava sessionID:(null)
01-08 01:32:33.239 I/hpplay-java( 2713): [Thread-61]:Bridge:notify: what: 202
01-08 01:32:33.241 I/hpplay-java( 2713): [Thread-61]:Bridge:notify: out: OutParameters:{audioSessionId=-1, audiotrackIndex=0, castHandleType=-1, castType=0, deviceName='', dlnaName='', dramaID='', extra=0, frameHandleType=-1, handleInside=true, headduration=0, header='', headers=null, isAD=false, isMultiMirror=false, lelinkVer='', limitTime=0, , mediaAlbum='null', mediaAlbumArtURI='', mediaArtist='null', mediaAssets='', mediaTitle='null', mimeType=0, multiSession=null, period=0, pinCode='', playSpeed=0.0, playerChoice=0, plugin=0, port=0, position=0.0, positionUnit=2, protocol=0, realSessionID='', regType='', , sinkIp='', sourceAPPVersion='', sourceChannel='', sourceClientInfo='', sourceDeviceInfo='', sourceDeviceModel='', sourceDeviceName='', sourceDeviceType=0, sourceHID='', , sourceInfo='', , , sourceOSVersion='', sourceSDKVersion='', sourceUid='', stopDetail=0, stopReason=0, tailduration=0, url='', urlID='', urls=null, userAgent='', videoDecoder=0, volume=0, what=202}com.hpplay.sdk.sink.protocol.OutParameters@40b3d6a
01-08 01:32:33.241 I/hpplay-java( 2713): [Thread-61]:Bridge:notify: address:259760731
01-08 01:32:33.241 D/hpplay-base( 2713): [LelinkBase:645] stopServerThreadFunc notifyJavaServerStoped!
01-08 01:32:33.242 I/hpplay-java( 2713): [main]:ServerTaskManager:startTimeOutCheck
01-08 01:32:33.242 I/hpplay-java( 2713): [main]:ServerBusiness:stopDaemonBusiness
01-08 01:32:33.242 I/hpplay-java( 2713): [main]:SinkDataReport:logout
01-08 01:32:33.243 I/hpplay-java( 2713): [main]:EPControl:release
01-08 01:32:33.248 I/hpplay-java( 2713): [main]:Dispatcher:notifyAllReverseControlsStop
01-08 01:32:33.248 I/hpplay-java( 2713): [AsyncTask #30]:GlideCreator:clearCache clearDiskCache
01-08 01:32:33.248 I/hpplay-java( 2713): [main]:Preference:checkFeature none
01-08 01:32:33.248 I/hpplay-java( 2713): [main]:Dispatcher:notifyAllUIControlsStop set: []
01-08 01:32:33.248 I/hpplay-java( 2713): [main]:Bridge:findServiceID start out: 259760731
01-08 01:32:33.248 I/hpplay-java( 2713): [main]:Bridge:findServiceID end
01-08 01:32:33.248 I/hpplay-java( 2713): [main]:ServerTaskManager:onStop retry:true
01-08 01:32:33.249 I/hpplay-java( 2713): [main]:ServerTaskManager:cancelTimeOutCheck
01-08 01:32:33.249 W/hpplay-java( 2713): NanoHTTPDServerRunnable:Communication with the client broken
01-08 01:32:33.249 W/hpplay-java( 2713): java.net.SocketException: Socket closed
01-08 01:32:33.249 W/hpplay-java( 2713): at java.net.PlainSocketImpl.socketAccept(PlainSocketImpl.java:213)
01-08 01:32:33.249 W/hpplay-java( 2713): at java.net.AbstractPlainSocketImpl.accept(AbstractPlainSocketImpl.java:451)
01-08 01:32:33.249 W/hpplay-java( 2713): at java.net.ServerSocket.implAccept(ServerSocket.java:547)
01-08 01:32:33.249 W/hpplay-java( 2713): at java.net.ServerSocket.accept(ServerSocket.java:515)
01-08 01:32:33.249 W/hpplay-java( 2713): at com.hpplay.nanohttpd.protocols.http.ServerRunnable.run(SourceFile:118)
01-08 01:32:33.249 W/hpplay-java( 2713): at java.lang.Thread.run(Thread.java:920)
01-08 01:32:33.249 I/hpplay-java( 2713): NanoHTTPDNanoHTTPD:server is stoped
01-08 01:32:33.249 I/hpplay-java( 2713): NanoHTTPDNanoHTTPD:clear obj
01-08 01:32:33.250 I/hpplay-java( 2713): [main]:IPManager:getActiveNets type: WIFI
01-08 01:32:33.250 I/hpplay-java( 2713): [main]:IPManager:getActiveNets eth0:false wifi:true mobile:false ap:false
01-08 01:32:33.250 I/hpplay-java( 2713): [main]:IPManager:getIPAddress IP_WLAN0
01-08 01:32:33.255 I/hpplay-java( 2713): [main]:IPManager:updateIPAddress getIPAddress: 192.168.4.16 name:vlan4
01-08 01:32:33.255 I/hpplay-java( 2713): [main]:IPManager:updateIPAddress getIPAddress: 192.168.124.22 name:wlan0
01-08 01:32:33.255 I/hpplay-java( 2713): [main]:IPManager:updateIPAddress getIPAddress: 192.168.8.16 name:vlan8
01-08 01:32:33.255 I/hpplay-java( 2713): [main]:IPManager:updateIPAddress getIPAddress: 192.168.11.16 name:vlan11
01-08 01:32:33.255 I/hpplay-java( 2713): [main]:IPManager:updateIPAddress getIPAddress: 192.168.0.16 name:vlan0
01-08 01:32:33.255 I/hpplay-java( 2713): [main]:IPManager:updateIPAddress getIPAddress: 192.168.2.16 name:vlan2
01-08 01:32:33.255 I/hpplay-java( 2713): [main]:IPManager:updateIPAddress getIPAddress: 192.168.1.16 name:vlan1
01-08 01:32:33.257 I/hpplay-java( 2713): [main]:ServerTaskManager:exeTask startServer
01-08 01:32:33.257 I/hpplay-java( 2713): [main]:ServerTaskManager:startTimeOutCheck
01-08 01:32:33.257 I/hpplay-java( 2713): [AsyncTask #8]:ServerBusiness:startDaemonBusiness
01-08 01:32:33.257 I/hpplay-java( 2713): [AsyncTask #8]:TimeOutCheckUtil:addTask id:upgrade
01-08 01:32:33.257 I/hpplay-java( 2713): [AsyncTask #10]:Bridge:assembleInParameters
01-08 01:32:33.258 I/hpplay-java( 2713): [AsyncTask #8]:TimeOutCheckUtil:addTask id:ijkupgrade
01-08 01:32:33.258 I/hpplay-java( 2713): [AsyncTask #10]:Bridge:createDeviceId deviceId:YTQ6MWE6NWI6N2U6YTg6MDY=
01-08 01:32:33.259 I/hpplay-java( 2713): NanoHTTPDNanoHTTPD:server is started
01-08 01:32:33.260 I/hpplay-java( 2713): [AsyncTask #10]:IPManager:getActiveNets type: WIFI
01-08 01:32:33.260 I/hpplay-java( 2713): [AsyncTask #10]:IPManager:getActiveNets eth0:false wifi:true mobile:false ap:false
01-08 01:32:33.260 I/hpplay-java( 2713): [AsyncTask #10]:IPManager:getIPAddress IP_WLAN0
01-08 01:32:33.260 I/hpplay-java( 2713): [AsyncTask #10]:Preference:checkFeature none
01-08 01:32:33.260 I/hpplay-java( 2713): [AsyncTask #10]:SWI:dlna tip
01-08 01:32:33.260 I/hpplay-java( 2713): [AsyncTask #10]:SWI:lefp tip
01-08 01:32:33.260 I/hpplay-java( 2713): [AsyncTask #10]:Bridge:assembleInParameters none alias name use device name: 高合娱乐副屏
01-08 01:32:33.261 I/hpplay-java( 2713): [AsyncTask #10]:Feature:isSendAdvertisement
01-08 01:32:33.261 I/hpplay-java( 2713): [AsyncTask #10]:Preference:checkFeature none
01-08 01:32:33.261 I/hpplay-java( 2713): [AsyncTask #10]:Preference:checkFeature none
01-08 01:32:33.261 I/hpplay-java( 2713): [AsyncTask #10]:Bridge:backupHpplayDat bakPath:
01-08 01:32:33.261 I/hpplay-java( 2713): [AsyncTask #10]:Bridge:path:/data/user/0/com.hht.lebocast/files/hpplay/file/happyplay.dat
01-08 01:32:33.261 I/hpplay-java( 2713): [AsyncTask #10]:Bridge:mAppId:21409
01-08 01:32:33.262 I/hpplay-java( 2713): [AsyncTask #10]:Bridge:mode:3
01-08 01:32:33.262 I/hpplay-java( 2713): [AsyncTask #10]:Bridge:type:1
01-08 01:32:33.262 I/hpplay-java( 2713): [AsyncTask #10]:Bridge:SN:
01-08 01:32:33.262 I/hpplay-java( 2713): [AsyncTask #10]:Preference:checkFeature none
01-08 01:32:33.262 I/hpplay-java( 2713): [AsyncTask #10]:Bridge:backPath:
01-08 01:32:33.262 I/hpplay-java( 2713): [AsyncTask #10]:DeviceUtil:getPermissionDid: 1
01-08 01:32:33.262 I/hpplay-java( 2713): [AsyncTask #10]:DeviceUtil:getPermissionDid: 1
01-08 01:32:33.262 I/hpplay-java( 2713): [AsyncTask #10]:BPIFileUtil:getMd5ByFile: 0FA04FD08975C81CDD9275F6AE23A020
01-08 01:32:33.262 I/hpplay-java( 2713): [AsyncTask #10]:Preference:checkFeature none
01-08 01:32:33.262 I/hpplay-java( 2713): [AsyncTask #10]:Preference:checkFeature none
01-08 01:32:33.262 I/hpplay-java( 2713): [AsyncTask #10]:Preference:checkFeature none
01-08 01:32:33.262 I/hpplay-java( 2713): [AsyncTask #10]:Preference:checkFeature none
01-08 01:32:33.263 I/hpplay-java( 2713): [AsyncTask #10]:Preference:checkFeature none
01-08 01:32:33.272 W/hpplay-java( 2713): [AsyncTask #8]:ServerBusiness:startDaemonBusiness start LelinkHTTPD sucess 52288
01-08 01:32:33.274 I/hpplay-java( 2713): [main]:ServerBusiness:get deviceCode:2326366951
01-08 01:32:33.280 W/hpplay-java( 2713): [AsyncTask #10]:DeviceUtils:getDomain create lb domain
01-08 01:32:33.282 I/hpplay-java( 2713): [AsyncTask #10]:Feature:getMirrorAudioVideoSync DISABLE
01-08 01:32:33.283 I/hpplay-java( 2713): [AsyncTask #10]:Feature:checkSupportRedirectOtherApp,no set redirect api
01-08 01:32:33.283 I/hpplay-java( 2713): [AsyncTask #10]:Feature:getRedirectSearchFlag,value: 0
01-08 01:32:33.283 I/hpplay-java( 2713): [AsyncTask #10]:Bridge:mIn: InParameters{appInfo='0', appKey='21409', authMode=0, authPwd='null', broadcastDirection=0, broadcastState=1, broadcastTimeout=3, buildType='release', cacheAVPath='/data/user/0/com.hht.lebocast/cache/hpplay/av', cachePhotoPath='/data/user/0/com.hht.lebocast/cache/hpplay/image', channel='LEBO-APK--60146-25915', desPath='/data/user/0/com.hht.lebocast/files/hpplay/file/config/dcf', , deviceName='高合娱乐副屏', dlna=1, dlnaCompany='Microsoft Corporation', dlnaCompanyURL='http://www.microsoft.com', dlnaDeviceDescribe='Media Renderer', dlnaDeviceName='Windows Media Player', dlnaDeviceURL='http://go.microsoft.com/fwlink/Linkld=105927', dlnaLelinkSwitch=1, dlnaManufacturer=0, dlnaName='高合娱乐副屏', dlnaUPC='null', dlnaUUID='774c117d-0217-0fc4-1a60-e56e55fcc56d', domain='Lebo-figure-42ab7764ca4f', drainage=0, feature='6655', fps=60, height=1080, host='null', , keyPath='/data/user/0/com.hht.lebocast/files/hpplay/file', lelinkfp=1, lelinkfp2=0, logBaseState=1, logPath='/storage/emulated/0/com.hht.lebocast/sink/sdk/common', , mdnsEnable=1, mirrorSyncType=0, netCastVer='2.0', packageName='com.hht.lebocast', packagePath='/data/user/0/com.hht.lebocast', permissionDid='42:ab:77:64:ca:4f', permissionMode=3, permissionPreSN='', port=0, preemptMode=0, regType='_leboremote._tcp.', serverPorts=null, sockWaitTimeOut=45, teleControlPort=53388, tunnels=3, txtKeys=null, txtValues=null, uid='2755248317583304728', videoFrameType=1001, width=1920}com.hpplay.sdk.sink.protocol.InParameters@32f9367
01-08 01:32:33.284 I/hpplay-java( 2713): [main]:Bridge:startServer state: 0
01-08 01:32:33.285 D/hpplay-base( 2713): [jniBridge:185] not conference version
01-08 01:32:33.286 I/hpplay-base( 2713): [jniBridge:241] 1initServer nSettingWidth=1920 nSettingHeight=1080 nSettingMaxFPS=60 dlnaEnable=1 lelinkFpEnable=1
01-08 01:32:33.286 D/hpplay-base( 2713): [jniBridge:283] 1initServer cfg.leLinkIp=192.168.124.22
01-08 01:32:33.286 D/hpplay-base( 2713): [jniBridge:286] 1initServer cfg.mPermissionMode=3
01-08 01:32:33.286 D/hpplay-base( 2713): [jniBridge:304] 1initServer cfg.permissionDid=42:ab:77:64:ca:4f000000000000000
01-08 01:32:33.286 D/hpplay-base( 2713): [jniBridge:313] 1initServer cfg.mPermissionPreSN=00000000000000000000000000000000
01-08 01:32:33.286 D/hpplay-base( 2713): [jniBridge:317] Bridge___1initServer status:0
01-08 01:32:33.286 I/hpplay-base( 2713): [jniBridge:325] 1initServer cfg.feature=6655
01-08 01:32:33.286 D/hpplay-base( 2713): [jniBridge:377] 1initServer isSendBroadCast=3
01-08 01:32:33.286 D/hpplay-base( 2713): [jniBridge:380] 1initServer broadcastDirection=0
01-08 01:32:33.286 D/hpplay-base( 2713): [jniBridge:382] 1initServer ipBroadcast direction=0
01-08 01:32:33.286 D/hpplay-base( 2713): [jniBridge:387] 1initServer tunnel=3
01-08 01:32:33.286 D/hpplay-base( 2713): [jniBridge:390] 1initServer drainage=0
01-08 01:32:33.286 D/hpplay-base( 2713): [jniBridge:401] 1initServer mDNSEnable=1
01-08 01:32:33.286 D/hpplay-base( 2713): [jniBridge:406] 1initServer nSockWaitTimeOut=45
01-08 01:32:33.286 D/hpplay-base( 2713): [jniBridge:410] 1initServer nMirrorAudioVideoSync=0
01-08 01:32:33.286 I/hpplay-base( 2713): [sign_check:168] checkSign strPackageName:com.hht.lebocast
01-08 01:32:33.286 I/hpplay-base( 2713): [sign_check:169] checkSign buildType:release
01-08 01:32:33.286 I/hpplay-base( 2713): [sign_check:170] checkSign appKey:21409
01-08 01:32:33.287 D/hpplay-base( 2713): [LelinkBase:405] bridgeInit port: 0, lelinkfp: 0
01-08 01:32:33.287 D/hpplay-base( 2713): [LelinkBase:462] bridgeInit mPackagePath =/data/user/0/com.hht.lebocast
01-08 01:32:33.287 D/hpplay-base( 2713): [LelinkBase:463] bridgeInit mKeyPath =/data/user/0/com.hht.lebocast/files/hpplay/file
01-08 01:32:33.287 D/hpplay-base( 2713): [SinkContext:97] initSinkContext mPackagePath =/data/user/0/com.hht.lebocast
01-08 01:32:33.287 D/hpplay-base( 2713): [SinkContext:98] initSinkContext mKeyPath =/data/user/0/com.hht.lebocast/files/hpplay/file
01-08 01:32:33.287 D/hpplay-base( 2713): [jniBridge:478] Java_com_hpplay_sdk_sink_protocol_Bridge__1initServer end
01-08 01:32:33.287 D/hpplay-base( 2713): [jniBridge:869] Bridge__1startServer status:1
01-08 01:32:33.287 D/hpplay-base( 2713): [LelinkBase:492] startAllServer at base
01-08 01:32:33.288 D/hpplay-base( 2713): [lelinkSinkServer:152] httpPlugins_SetServerPort TYPE_SERVER_LELINK:52266
01-08 01:32:33.288 D/hpplay-base( 2713): [network.c:362] protocol bind host :192.168.124.22 port:52266 curent bind port:52266
01-08 01:32:33.288 D/hpplay-base( 2713): [lelinkSinkServer:681] HTTP Server real at:52266
01-08 01:32:33.288 D/hpplay-base( 2713): [lelinkSinkServer:644] Connected Service Type:0
01-08 01:32:33.288 D/hpplay-base( 2713): [ScreenStream:1285] current bind port:7100
01-08 01:32:33.288 I/hpplay-base( 2713): : (server.c.315) startServer listen_ing....:
01-08 01:32:33.288 D/hpplay-base( 2713): [Server:371] startHttpServer srv_sockets.used:1 nCurrentFd:72, tid is 5481
01-08 01:32:33.288 D/hpplay-base( 2713): [LelinkBase:515] startAllServer pBaseContext->config.dlnaEnable:1
01-08 01:32:33.288 D/hpplay-base( 2713): [lelinkDlna:324] addDMRCallback end
01-08 01:32:33.290 D/hpplay-base( 2713): [stream_mirror_compat:759] compat mirror stream begin to run,server fd:98,thread_id:3122897344!!
01-08 01:32:33.291 E/hpplay-base-dlna( 2713): miniserver.c:788::dlna_port(ipv4: 49152 ipv6:0)
01-08 01:32:33.292 D/hpplay-base-dlna( 2713): [lebodlna-dlnaframe:166] succeed to load lebodlnaplugin
01-08 01:32:33.292 D/hpplay-base-dlna( 2713): [lebodlna-dlnaframe:232] Succeed to load specified plugin:lebodlna_plugin
01-08 01:32:33.292 D/hpplay-base( 2713): [lelinkDlna:328] startDLNAServer ret=0
01-08 01:32:33.292 D/hpplay-base( 2713): [LelinkBase:531] startDLNAServer ret= 0
01-08 01:32:33.292 D/hpplay-base( 2713): [lelinkDlna:342] setDMRFriendlyName 高合娱乐副屏
01-08 01:32:33.292 D/hpplay-base-dlna( 2713): [lebodlna-dlna_android:136] setBroadcastTimeout mBroadcastTimeOut=66 status=3!
01-08 01:32:33.292 D/hpplay-base-dlna( 2713): [lebodlna_api:32] start DMR
01-08 01:32:33.292 D/hpplay-base-dlna( 2713): [UpnpDefine:434] RegisterDMRender invalid lelink info
01-08 01:32:33.293 D/hpplay-base-dlna( 2713): [UpnpDefine:551] DLNA DESCRIPTION FROME SERVER
01-08 01:32:33.294 E/hpplay-base-dlna( 2713): upnpapi.c:1078::Exiting RegisterRootDevice2 *Hnd =1, return value == 0
01-08 01:32:33.294 D/hpplay-base-dlna( 2713): [CUpnpDevice:41] Register Root Device 2:0
01-08 01:32:33.294 D/hpplay-base-dlna( 2713): [UpnpDefine:794] ESDMRender:Register success
01-08 01:32:33.294 D/hpplay-base-dlna( 2713): [lebodlna_api:41] sendBroadcast mBroadcastTimeOut=3
01-08 01:32:33.294 D/hpplay-base-dlna( 2713): [lebodlna_api:44] sendBroadcast timeout=66
01-08 01:32:33.349 D/hpplay-base( 2713): [lelinkDlna:361] startDLNADevice dlnaManufacturer:0 ret=0
01-08 01:32:33.349 D/hpplay-base( 2713): [LelinkBase:535] lelinkSetDlnaInfo ret= 0
01-08 01:32:33.349 D/hpplay-base( 2713): [LelinkBase:547] startAllServer pBaseContext->config.mDNSEnable:1
01-08 01:32:33.350 D/hpplay-base( 2713): [base_mdns:509] mdns net.hostname:
01-08 01:32:33.350 D/hpplay-base( 2713): [base_mdns:529] mdns namelabel:-36-7C-7C-00-00-0F
01-08 01:32:33.350 D/hpplay-base( 2713): [base_mdns:509] mdns net.hostname:
01-08 01:32:33.350 D/hpplay-base( 2713): [base_mdns:529] mdns namelabel:-36-7C-7C-00-00-0F
01-08 01:32:33.350 D/hpplay-base( 2713): [mdns:813] mdns start bind port:0
01-08 01:32:33.353 D/hpplay-base( 2713): [mdns:813] mdns start bind port:5353
01-08 01:32:33.353 D/hpplay-base( 2713): [mdns:813] mdns start bind port:5353
01-08 01:32:33.353 D/hpplay-base( 2713): [mdns:813] mdns start bind port:5353
01-08 01:32:33.353 D/hpplay-base( 2713): [mdns:813] mdns start bind port:5353
01-08 01:32:33.353 D/hpplay-base( 2713): [mdns:813] mdns start bind port:5353
01-08 01:32:33.354 D/hpplay-base( 2713): [mdns:813] mdns start bind port:5353
01-08 01:32:33.354 D/hpplay-base( 2713): [mdns:813] mdns start bind port:5353
01-08 01:32:33.354 I/hpplay-base( 2713): [mDNSEmbeded:57] embedded_mDNSInit stopmDNSNow:0 status:0
01-08 01:32:33.354 D/hpplay-base( 2713): [mDNSEmbeded:436] startmDNSServer end nRet=0
01-08 01:32:33.354 D/hpplay-base( 2713): [LelinkBase:555] lelink broadcast_on_off:1 log2java_on_off:1
01-08 01:32:33.354 D/hpplay-base( 2713): [AEventUtils:595] request to start event handle service!!
01-08 01:32:33.355 D/hpplay-base( 2713): [AEventUtils:603] start_event_handle_service,begin to run!!
01-08 01:32:33.355 D/hpplay-base( 2713): [mDNSEmbeded:197] http_port bind check 197 http_port_check
01-08 01:32:33.355 D/hpplay-base( 2713): [REventUtils:210] start_event_handle_service,begin to run!!
01-08 01:32:33.355 D/hpplay-base( 2713): [AEventUtils:171] create handle AEvent thread ok!!,tid is 5494
01-08 01:32:33.355 D/hpplay-base( 2713): [LelinkBase:576] startAllServer success .
01-08 01:32:33.355 D/hpplay-base( 2713): [jniBridge:894] startDlna_link:http://192.168.124.22:49152/description.xml
01-08 01:32:33.355 D/hpplay-base( 2713): [jniBridge:1081] notifyJavaDlnalink:http://192.168.124.22:49152/description.xml
01-08 01:32:33.355 D/hpplay-base( 2713): [jniBridge:1726] notifyJava, what:207, castType:0, mimeType:0 baseStatus:2
01-08 01:32:33.355 D/hpplay-base( 2713): [jniBridge:1727] notifyJava sessionID:(null)
01-08 01:32:33.355 D/hpplay-base( 2713): [REventUtils:59] create handleREventThread thread ok!!,tid is 5495
01-08 01:32:33.355 I/hpplay-java( 2713): [main]:Upgrade:upgrade not be allowed
01-08 01:32:33.355 I/hpplay-java( 2713): [Thread-63]:Bridge:notify: what: 207
01-08 01:32:33.356 I/hpplay-base( 2713): [mDNSEmbeded:268] start lelink publish server, tid is 5492
01-08 01:32:33.356 D/hpplay-base( 2713): [LelinkMDNS:729] leboAuthorizationCheck strUuid=42:ab:77:64:ca:4f000000000000000
01-08 01:32:33.356 D/hpplay-base( 2713): [LelinkMDNS:730] leboAuthorizationCheck mPermissionDid=42:ab:77:64:ca:4f000000000000000
01-08 01:32:33.356 D/hpplay-base( 2713): [LelinkMDNS:755] leboAuthorizationCheck mPermissionMac=42:ab:77:64:ca:4f000000000000000
01-08 01:32:33.356 I/hpplay-java( 2713): [Thread-63]:Bridge:notify: out: OutParameters:{audioSessionId=-1, audiotrackIndex=0, castHandleType=-1, castType=0, deviceName='http://192.168.124.22:49152/description.xml', dlnaName='', dramaID='', extra=0, frameHandleType=-1, handleInside=true, headduration=0, header='', headers=null, isAD=false, isMultiMirror=false, lelinkVer='', limitTime=0, , mediaAlbum='null', mediaAlbumArtURI='', mediaArtist='null', mediaAssets='', mediaTitle='null', mimeType=0, multiSession=null, period=0, pinCode='', playSpeed=0.0, playerChoice=0, plugin=0, port=0, position=0.0, positionUnit=2, protocol=0, realSessionID='', regType='', , sinkIp='', sourceAPPVersion='', sourceChannel='', sourceClientInfo='', sourceDeviceInfo='', sourceDeviceModel='', sourceDeviceName='', sourceDeviceType=0, sourceHID='', , sourceInfo='', , , sourceOSVersion='', sourceSDKVersion='', sourceUid='', stopDetail=0, stopReason=0, tailduration=0, url='', urlID='', urls=null, userAgent='', videoDecoder=0, volume=0, what=207}com.hpplay.sdk.sink.protocol.OutParameters@695c409
01-08 01:32:33.356 I/hpplay-java( 2713): [Thread-63]:Bridge:notify: address:125134350
01-08 01:32:33.357 D/hpplay-base( 2713): [mDNSEmbeded:217] http_port bind check 217 http_port_check
01-08 01:32:33.357 D/hpplay-base( 2713): [mDNSEmbeded:222] http_port bind check 222 http_port_check
01-08 01:32:33.358 D/hpplay-base( 2713): [mDNSEmbeded:234] http_port bind check 234 http_port_check port:52266
01-08 01:32:33.358 D/hpplay-base( 2713): [mDNSEmbeded:237] http_port bind check 237 http_port_check
01-08 01:32:33.359 D/hpplay-base( 2713): [lelinkSinkServer:93] new client connection from 127.0.0.1 2252, fd=147
01-08 01:32:33.359 D/hpplay-base( 2713): [SinkContext:137] addSinkContextSession,begin to run!!
01-08 01:32:33.359 D/hpplay-base( 2713): [SinkContext:142] addSinkContextSession,begin to get lock!!
01-08 01:32:33.359 D/hpplay-base( 2713): [SinkContext:144] addSinkContextSession,get lock ok!!
01-08 01:32:33.359 D/hpplay-base( 2713): [SinkContext:149] addSinkContextSession,session list is null,begin to malloc!!
01-08 01:32:33.359 D/hpplay-base( 2713): [SinkContext:156] addSinkContextSession,begin to update!!
01-08 01:32:33.359 D/hpplay-base( 2713): [SinkContext:160] addSinkContextSession,begin to update header!!
01-08 01:32:33.359 D/hpplay-base( 2713): [SinkContext:172] addSinkContextSession,begin to unlock!!
01-08 01:32:33.359 D/hpplay-base( 2713): [SinkContext:174] addSinkContextSession,unlock ok!!
01-08 01:32:33.359 D/hpplay-base( 2713): [LelinkReceiver:4908] get ping !!!
01-08 01:32:33.360 D/hpplay-base( 2713): [mDNSEmbeded:240] http_port bind check 240 http_port_check recieved:64
01-08 01:32:33.360 D/hpplay-base( 2713): [mDNSEmbeded:243] http_port bind check 243 http_port_check
01-08 01:32:33.360 D/hpplay-base( 2713): [mDNSEmbeded:244] http_port bind check ok!
01-08 01:32:33.373 I/hpplay-java( 2713): [AsyncTask #1]:HttpRequest:doGet responseCode:200 0
01-08 01:32:33.495 I/OMX-VENC: venc_dev( 1222): stats: avg. fps 9.84, bitrate 666849
01-08 01:32:33.514 I/am_uid_idle( 1526): 10033
01-08 01:32:33.531 D/hpplay-base( 2713): [LelinkMDNS:766] devicePermissionPublic leboPermissionCheck:-2
01-08 01:32:33.531 D/hpplay-base( 2713): [jniBridge:1125] com_hpplay_sdk_sink_protocol_Bridge_WHAT_SERVER_ERROR
01-08 01:32:33.531 D/hpplay-base( 2713): [jniBridge:1726] notifyJava, what:204, castType:0, mimeType:0 baseStatus:2
01-08 01:32:33.531 D/hpplay-base( 2713): [jniBridge:1727] notifyJava sessionID:(null)
01-08 01:32:33.532 I/hpplay-java( 2713): [Thread-64]:Bridge:notify: what: 204
01-08 01:32:33.534 I/hpplay-java( 2713): [Thread-64]:Bridge:notify: out: OutParameters:{audioSessionId=-1, audiotrackIndex=0, castHandleType=-1, castType=0, deviceName='', dlnaName='', dramaID='', extra=-2002, frameHandleType=-1, handleInside=true, headduration=0, header='', headers=null, isAD=false, isMultiMirror=false, lelinkVer='', limitTime=0, , mediaAlbum='null', mediaAlbumArtURI='', mediaArtist='null', mediaAssets='', mediaTitle='null', mimeType=0, multiSession=null, period=0, pinCode='', playSpeed=0.0, playerChoice=0, plugin=0, port=0, position=0.0, positionUnit=2, protocol=0, realSessionID='', regType='', , sinkIp='', sourceAPPVersion='', sourceChannel='', sourceClientInfo='', sourceDeviceInfo='', sourceDeviceModel='', sourceDeviceName='', sourceDeviceType=0, sourceHID='', , sourceInfo='', , , sourceOSVersion='', sourceSDKVersion='', sourceUid='', stopDetail=0, stopReason=0, tailduration=0, url='', urlID='', urls=null, userAgent='', videoDecoder=0, volume=0, what=204}com.hpplay.sdk.sink.protocol.OutParameters@ee8e82f
01-08 01:32:33.534 I/hpplay-java( 2713): [Thread-64]:Bridge:notify: address:54746684
01-08 01:32:33.534 I/hpplay-base( 2713): [mDNSEmbeded:79] embedded_mDNSLoop stopmDNSNow:0 nPublish:-2 nExitFlag:6 tid is 5491
01-08 01:32:33.534 I/hpplay-java( 2713): [main]:Bridge:findServiceID start out: 54746684
01-08 01:32:33.534 I/hpplay-java( 2713): [main]:Bridge:findServiceID end
01-08 01:32:33.535 E/hpplay-java( 2713): [main]:ServerTaskManager:onError 204/-2002 com.hht.lebocast.LelinkHelper$e@1c2de7f
01-08 01:32:33.535 I/hpplay-java( 2713): [main]:ServerTaskManager:cancelTimeOutCheck
01-08 01:32:33.536 W/hpplay-java( 2713): [main]:ServerTaskManager:onErrorDispatcher errorCode:-2002
01-08 01:32:33.536 I/hpplay-java( 2713): [main]:ServerTaskManager:onError retry later
01-08 01:32:33.560 I/hpplay-base( 2713): [LelinkReceiver:14605] _connectionFinalize (147)
01-08 01:32:33.560 D/hpplay-base( 2713): [LelinkReceiver:14752] ###connectionFinalize,release ok!!###
01-08 01:32:33.639 I/hpplay-java( 2713): [AsyncTask #12]:HttpRequest:doGet responseCode:200 0
01-08 01:32:33.764 I/mpu_uart( 640): [MSG-P:RECV]:No message received in 1000 ms
01-08 01:32:33.963 I/auditd ( 0): type=1400 audit(0.0:630): avc: denied { kill } for comm="swapper/3" capability=5 scontext=u:r:kernel:s0 tcontext=u:r:kernel:s0 tclass=capability permissive=0
01-08 01:32:33.963 W/swapper/3( 0): type=1400 audit(0.0:630): avc: denied { kill } for capability=5 scontext=u:r:kernel:s0 tcontext=u:r:kernel:s0 tclass=capability permissive=0
01-08 01:32:34.765 I/mpu_uart( 640): [MSG-P:RECV]:No message received in 1000 ms
01-08 01:32:34.809 I/mpu_uart( 640): [MSG-P:R]:recv sync frame timeout
01-08 01:32:34.963 I/auditd ( 0): type=1400 audit(0.0:631): avc: denied { kill } for comm="swapper/1" capability=5 scontext=u:r:kernel:s0 tcontext=u:r:kernel:s0 tclass=capability permissive=0
01-08 01:32:34.963 W/swapper/1( 0): type=1400 audit(0.0:631): avc: denied { kill } for capability=5 scontext=u:r:kernel:s0 tcontext=u:r:kernel:s0 tclass=capability permissive=0
01-08 01:32:35.489 I/OMX-VENC: venc_dev( 1222): stats: avg. fps 1.00, bitrate 44319
01-08 01:32:35.595 D/FreeWindowHelper( 2543): setExitFlag: old=0,new=1
01-08 01:32:35.596 I/thunderperf( 1526): Maybe need boostperf for current app!
01-08 01:32:35.597 D/FgBoostPerfService( 2387): [FgBoostPerfService.perfBoostAcq]start: stat=true pkgName=com.android.documentsui
01-08 01:32:35.597 V/GameMode_GameTypeUtils( 2387): judge isGame:com.android.documentsui
01-08 01:32:35.598 I/FgBoostPerfService( 2387): [FgBoostPerfService.perfBoostAcq] not game-mode or game app!
01-08 01:32:35.598 I/ThunderPerfManager( 1526): PerfAcq error : state=true pkgName=com.android.documentsui
01-08 01:32:35.599 V/GameMode_GameTypeUtils( 2387): judge isGame:com.android.documentsui
01-08 01:32:35.599 I/FgBoostPerfService( 2387): [GetGpuMode] isMode=1 isGame=false mGpuMode=1
01-08 01:32:35.599 V/GameMode_GameTypeUtils( 2387): judge isGame:com.android.documentsui
01-08 01:32:35.599 I/FgBoostPerfService( 2387): [GetGpuDpiType] isMode=1 isGame=false mGpuDpiType=0
01-08 01:32:35.600 I/thunderperf( 1526): Current app pkgName=com.android.documentsui bm:com.thundercomm.perf.BoostPerfManager@3df94a1 gpuMode=-1 gpuType=-1
01-08 01:32:35.600 I/ThunderBoostPerfService( 1526): Resolution: Uid=10078 Pid=2543 gMode=-1 dType=-1
01-08 01:32:35.600 I/thunderperf( 1526): PlatormCompat.setOverrides: Uid1=10078 Pid1=2543 Uid2=10078 Pid2=2543
01-08 01:32:35.600 I/thunderperf( 1526): PlatormCompat.setOverrides: needCheck:false
01-08 01:32:35.601 I/thunderperf( 1526): CompatConfig.addOverrideUnsafe: bef-state=1
01-08 01:32:35.601 I/thunderperf( 1526): CompatConfig.addOverrideUnsafe: aft-state=0
01-08 01:32:35.603 I/thunderperf( 1526): CompatConfig.addOverrideUnsafe: bef-state=1
01-08 01:32:35.603 I/thunderperf( 1526): CompatConfig.addOverrideUnsafe: aft-state=0
01-08 01:32:35.604 I/thunderperf( 1526): CompatConfig.addOverrideUnsafe: bef-state=1
01-08 01:32:35.605 I/thunderperf( 1526): CompatConfig.addOverrideUnsafe: aft-state=0
01-08 01:32:35.606 I/thunderperf( 1526): CompatConfig.addOverrideUnsafe: bef-state=1
01-08 01:32:35.606 I/thunderperf( 1526): CompatConfig.addOverrideUnsafe: aft-state=0
01-08 01:32:35.607 I/thunderperf( 1526): CompatConfig.addOverrideUnsafe: bef-state=1
01-08 01:32:35.607 I/thunderperf( 1526): CompatConfig.addOverrideUnsafe: aft-state=0
01-08 01:32:35.608 I/thunderperf( 1526): CompatConfig.addOverrideUnsafe: bef-state=1
01-08 01:32:35.608 I/thunderperf( 1526): CompatConfig.addOverrideUnsafe: aft-state=0
01-08 01:32:35.609 I/thunderperf( 1526): CompatConfig.addOverrideUnsafe: bef-state=1
01-08 01:32:35.610 I/thunderperf( 1526): CompatConfig.addOverrideUnsafe: aft-state=0
01-08 01:32:35.610 I/thunderperf( 1526): CompatConfig.addOverrideUnsafe: bef-state=1
01-08 01:32:35.611 I/thunderperf( 1526): CompatConfig.addOverrideUnsafe: aft-state=0
01-08 01:32:35.612 I/thunderperf( 1526): CompatConfig.addOverrideUnsafe: bef-state=1
01-08 01:32:35.612 I/thunderperf( 1526): CompatConfig.addOverrideUnsafe: aft-state=0
01-08 01:32:35.613 I/thunderperf( 1526): CompatConfig.addOverrideUnsafe: bef-state=1
01-08 01:32:35.613 I/thunderperf( 1526): CompatConfig.addOverrideUnsafe: aft-state=0
01-08 01:32:35.613 I/thunderperf( 1526): CompatConfig.addOverrideUnsafe: bef-state=1
01-08 01:32:35.613 I/thunderperf( 1526): CompatConfig.addOverrideUnsafe: aft-state=0
01-08 01:32:35.614 I/thunderperf( 1526): CompatConfig.addOverrideUnsafe: bef-state=1
01-08 01:32:35.614 I/thunderperf( 1526): CompatConfig.addOverrideUnsafe: aft-state=0
01-08 01:32:35.615 I/thunderperf( 1526): CompatConfig.addOverrideUnsafe: bef-state=1
01-08 01:32:35.615 I/thunderperf( 1526): CompatConfig.addOverrideUnsafe: aft-state=0
01-08 01:32:35.615 I/thunderperf( 1526): CompatConfig.addOverrideUnsafe: bef-state=1
01-08 01:32:35.615 I/thunderperf( 1526): CompatConfig.addOverrideUnsafe: aft-state=0
01-08 01:32:35.621 I/ThunderBoostPerfService( 1526): Disable downscaling com.android.documentsui to 2380x1020
01-08 01:32:35.621 I/ActivityTaskManager( 1526): START u0 {flg=0x10008000 cmp=com.android.documentsui/.LauncherActivity} from uid 10078
01-08 01:32:35.621 I/EventSequenceValidator( 1526): inc AccIntentStartedEvents to 2
01-08 01:32:35.627 E/ANDR-PERF-JNI( 1526): com_qualcomm_qtiperformance_native_perf_io_prefetch_start
01-08 01:32:35.628 I/wm_task_created( 1526): [15,-1]
01-08 01:32:35.628 W/ActivityTaskManager( 1526): Can't find TaskDisplayArea to determine support for multi window. Task id=15 attached=false
01-08 01:32:35.628 D/FreeFormWindowHelper( 1526): Add freeform task=Task{4da7c81 #15 type=standard ?? U=0 visible=false mode=freeform translucent=true sz=0}
01-08 01:32:35.629 E/ANDR-IOP( 833): io prefetch is disabled
01-08 01:32:35.629 D/CompatibilityChangeReporter( 1526): Compat change id reported: 174042980; UID 10020; state: DISABLED
01-08 01:32:35.630 D/CompatibilityChangeReporter( 1526): Compat change id reported: 184838306; UID 10020; state: DISABLED
01-08 01:32:35.630 D/CompatibilityChangeReporter( 1526): Compat change id reported: 185004937; UID 10020; state: DISABLED
01-08 01:32:35.630 D/CompatibilityChangeReporter( 1526): Compat change id reported: 181136395; UID 10020; state: DISABLED
01-08 01:32:35.630 D/CompatibilityChangeReporter( 1526): Compat change id reported: 174042936; UID 10020; state: DISABLED
01-08 01:32:35.631 I/wm_task_moved( 1526): [15,1,6]
01-08 01:32:35.631 I/wm_task_to_front( 1526): [0,15]
01-08 01:32:35.631 I/wm_create_task( 1526): [0,15]
01-08 01:32:35.631 I/wm_create_activity( 1526): [0,264012070,15,com.android.documentsui/.LauncherActivity,NULL,NULL,NULL,268468224]
01-08 01:32:35.631 I/wm_task_moved( 1526): [15,1,6]
01-08 01:32:35.631 D/CompatibilityChangeReporter( 1526): Compat change id reported: 168419799; UID 10020; state: DISABLED
01-08 01:32:35.631 D/CompatibilityInfo( 1526): mCompatibilityFlags - 4
01-08 01:32:35.631 D/CompatibilityInfo( 1526): applicationDensity - 240
01-08 01:32:35.631 D/CompatibilityInfo( 1526): applicationScale - 1.0
01-08 01:32:35.632 I/ActivityTaskManager( 1526): FOREGROUND_APPLICATION_CHANGED to com.android.documentsui.files.LauncherActivity
01-08 01:32:35.633 D/StateManager( 2543): goToState: Normal
01-08 01:32:35.633 D/EditModeHelper( 2543): setHotseatVisibility: 0
01-08 01:32:35.634 I/am_uid_running( 1526): 10020
01-08 01:32:35.634 I/wm_on_top_resumed_lost_called( 2543): [162781513,com.android.launcher3.uioverrides.QuickstepLauncher,topStateChangedWhenResumed]
01-08 01:32:35.634 D/CompatibilityChangeReporter( 1526): Compat change id reported: 135634846; UID 10020; state: DISABLED
01-08 01:32:35.634 D/CompatibilityChangeReporter( 1526): Compat change id reported: 177438394; UID 10020; state: DISABLED
01-08 01:32:35.634 D/CompatibilityChangeReporter( 1526): Compat change id reported: 135772972; UID 10020; state: DISABLED
01-08 01:32:35.634 D/CompatibilityChangeReporter( 1526): Compat change id reported: 135754954; UID 10020; state: ENABLED
01-08 01:32:35.635 D/CompatibilityChangeReporter( 1526): Compat change id reported: 143937733; UID 10020; state: ENABLED
01-08 01:32:35.637 I/perfetto( 1162): ing_service_impl.cc:912 Configured tracing session 2, #sources:1, duration:5000 ms, #buffers:1, total buffer size:4096 KB, total sessions:1, uid:1071 session name: ""
01-08 01:32:35.637 I/perfetto( 1161): probes_producer.cc:241 Ftrace setup (target_buf=2)
01-08 01:32:35.640 D/Zygote ( 660): Forked child process 5509
01-08 01:32:35.640 I/am_proc_start( 1526): [0,5509,10020,com.android.documentsui,top-activity,{com.android.documentsui/com.android.documentsui.LauncherActivity}]
01-08 01:32:35.640 I/ActivityManager( 1526): Start proc 5509:com.android.documentsui/u0a20 for top-activity {com.android.documentsui/com.android.documentsui.LauncherActivity}
01-08 01:32:35.641 W/View ( 2543): requestLayout() improperly called by com.android.launcher3.views.NoInsetView{73e83be V.ED..... ......ID 2038,0-2380,1020 #7f09007c app:id/bg_hotseat} during layout: running second layout pass
01-08 01:32:35.642 I/perfetto( 1161): ftrace_procfs.cc:206 enabled ftrace in /sys/kernel/tracing/
01-06 10:46:35.805 W/perfetto( 0): enabled ftrace
01-08 01:32:35.648 E/oid.documentsu( 5509): Not starting debugger since process cannot load the jdwp agent.
01-08 01:32:35.650 D/ProcessState( 5509): Binder ioctl to enable oneway spam detection failed: Invalid argument
01-06 10:46:35.812 I/binder ( 0): 5509:5509 ioctl 40046210 7feedcb3b4 returned -22
01-08 01:32:35.652 D/FreeWindowHelper( 2543): enterOrExitRecentTasks: isEnterRecentTasks=false,mExitFlag=1
01-08 01:32:35.652 W/FreeFormWindowHelper( 1526): exitRecentTasks type=1
01-08 01:32:35.652 I/am_proc_bound( 1526): [0,5509,com.android.documentsui]
01-08 01:32:35.653 D/CompatibilityInfo( 1526): mCompatibilityFlags - 4
01-08 01:32:35.653 D/CompatibilityInfo( 1526): applicationDensity - 240
01-08 01:32:35.653 D/CompatibilityInfo( 1526): applicationScale - 1.0
01-08 01:32:35.654 I/ActivityTaskManager( 1526): The Process com.android.documentsui Already Exists in BG. So sending its PID: 5509
01-08 01:32:35.654 I/wm_restart_activity( 1526): [0,264012070,15,com.android.documentsui/.LauncherActivity]
01-08 01:32:35.654 D/CompatibilityInfo( 1526): mCompatibilityFlags - 4
01-08 01:32:35.654 D/CompatibilityInfo( 1526): applicationDensity - 240
01-08 01:32:35.654 D/CompatibilityInfo( 1526): applicationScale - 1.0
01-08 01:32:35.655 I/wm_set_resumed_activity( 1526): [0,com.android.documentsui/.LauncherActivity,minimalResumeActivityLocked]
01-08 01:32:35.656 I/am_uid_active( 1526): 10020
01-08 01:32:35.656 D/CompatibilityChangeReporter( 5509): Compat change id reported: 171979766; UID 10020; state: DISABLED
01-08 01:32:35.656 I/GameMode_ActivityMonitoringService( 2387): onForegroundActivitiesChanged uid 10020 pid 5509 fg true
01-08 01:32:35.658 W/FreeFormWindowHelper( 1526): Current Display FreeFormTask is Task{4da7c81 #15 type=standard A=10020:com.android.documentsui U=0 visible=true mode=freeform translucent=true sz=1}
01-08 01:32:35.659 I/GameMode_ActivityMonitoringService( 2387): Updating top task to: TaskInfoContainer [topActivity=ComponentInfo{com.android.documentsui/com.android.documentsui.LauncherActivity}, taskId=15, stackId=15, userId=0, displayId=0, position=6
01-08 01:32:35.659 I/GameMode_ActivityMonitoringService( 2387): Notifying about top task: TaskInfoContainer [topActivity=ComponentInfo{com.android.documentsui/com.android.documentsui.LauncherActivity}, taskId=15, stackId=15, userId=0, displayId=0, position=6
01-08 01:32:35.659 I/GameMode_ActivityMonitoringService( 2387): WindowMode: 5
01-08 01:32:35.670 I/Perf ( 5509): Connecting to perf service.
01-08 01:32:35.671 V/GraphicsEnvironment( 5509): ANGLE Developer option for 'com.android.documentsui' set to: 'default'
01-08 01:32:35.672 V/GraphicsEnvironment( 5509): ANGLE GameManagerService for com.android.documentsui: false
