01-08 01:32:23.348 D/hpplay-base-dlna( 2713): [lebodlna_api:44] sendBroadcast timeout=66
01-08 01:32:23.351 W/hpplay-java( 2713): [AsyncTask #22]:ServerBusiness:startDaemonBusiness start LelinkHTTPD sucess 52288
01-08 01:32:23.399 D/hpplay-base( 2713): [lelinkDlna:361] startDLNADevice dlnaManufacturer:0 ret=0
01-08 01:32:23.399 D/hpplay-base( 2713): [LelinkBase:535] lelinkSetDlnaInfo ret= 0
01-08 01:32:23.399 D/hpplay-base( 2713): [LelinkBase:547] startAllServer pBaseContext->config.mDNSEnable:1
01-08 01:32:23.399 D/hpplay-base( 2713): [base_mdns:509] mdns net.hostname:
01-08 01:32:23.399 D/hpplay-base( 2713): [base_mdns:529] mdns namelabel:-36-7C-7C-00-00-0F
01-08 01:32:23.399 D/hpplay-base( 2713): [base_mdns:509] mdns net.hostname:
01-08 01:32:23.399 D/hpplay-base( 2713): [base_mdns:529] mdns namelabel:-36-7C-7C-00-00-0F
01-08 01:32:23.399 D/hpplay-base( 2713): [mdns:813] mdns start bind port:0
01-08 01:32:23.399 D/hpplay-base( 2713): [mdns:813] mdns start bind port:5353
01-08 01:32:23.399 D/hpplay-base( 2713): [mdns:813] mdns start bind port:5353
01-08 01:32:23.399 D/hpplay-base( 2713): [mdns:813] mdns start bind port:5353
01-08 01:32:23.399 D/hpplay-base( 2713): [mdns:813] mdns start bind port:5353
01-08 01:32:23.399 D/hpplay-base( 2713): [mdns:813] mdns start bind port:5353
01-08 01:32:23.399 D/hpplay-base( 2713): [mdns:813] mdns start bind port:5353
01-08 01:32:23.400 D/hpplay-base( 2713): [mdns:813] mdns start bind port:5353
01-08 01:32:23.400 I/hpplay-base( 2713): [mDNSEmbeded:57] embedded_mDNSInit stopmDNSNow:0 status:0
01-08 01:32:23.400 D/hpplay-base( 2713): [mDNSEmbeded:436] startmDNSServer end nRet=0
01-08 01:32:23.400 D/hpplay-base( 2713): [LelinkBase:555] lelink broadcast_on_off:1 log2java_on_off:1
01-08 01:32:23.400 D/hpplay-base( 2713): [LelinkMDNS:729] leboAuthorizationCheck strUuid=42:ab:77:64:ca:4f000000000000000
01-08 01:32:23.400 D/hpplay-base( 2713): [LelinkMDNS:730] leboAuthorizationCheck mPermissionDid=42:ab:77:64:ca:4f000000000000000
01-08 01:32:23.400 D/hpplay-base( 2713): [LelinkMDNS:755] leboAuthorizationCheck mPermissionMac=42:ab:77:64:ca:4f000000000000000
01-08 01:32:23.400 D/hpplay-base( 2713): [AEventUtils:595] request to start event handle service!!
01-08 01:32:23.400 D/hpplay-base( 2713): [AEventUtils:603] start_event_handle_service,begin to run!!
01-08 01:32:23.400 I/hpplay-base( 2713): [mDNSEmbeded:268] start lelink publish server, tid is 5352
01-08 01:32:23.400 D/hpplay-base( 2713): [AEventUtils:171] create handle AEvent thread ok!!,tid is 5354
01-08 01:32:23.400 D/hpplay-base( 2713): [mDNSEmbeded:197] http_port bind check 197 http_port_check
01-08 01:32:23.400 D/hpplay-base( 2713): [REventUtils:210] start_event_handle_service,begin to run!!
01-08 01:32:23.400 D/hpplay-base( 2713): [LelinkBase:576] startAllServer success .
01-08 01:32:23.400 D/hpplay-base( 2713): [jniBridge:894] startDlna_link:http://192.168.124.22:49152/description.xml
01-08 01:32:23.400 D/hpplay-base( 2713): [jniBridge:1081] notifyJavaDlnalink:http://192.168.124.22:49152/description.xml
01-08 01:32:23.400 D/hpplay-base( 2713): [jniBridge:1726] notifyJava, what:207, castType:0, mimeType:0 baseStatus:2
01-08 01:32:23.400 D/hpplay-base( 2713): [jniBridge:1727] notifyJava sessionID:(null)
01-08 01:32:23.400 I/hpplay-java( 2713): [main]:ServerBusiness:get deviceCode:2326366951
01-08 01:32:23.400 D/hpplay-base( 2713): [REventUtils:59] create handleREventThread thread ok!!,tid is 5355
01-08 01:32:23.400 I/hpplay-java( 2713): [Thread-55]:Bridge:notify: what: 207
01-08 01:32:23.401 I/hpplay-java( 2713): [main]:Upgrade:upgrade not be allowed
01-08 01:32:23.401 I/hpplay-java( 2713): [Thread-55]:Bridge:notify: out: OutParameters:{audioSessionId=-1, audiotrackIndex=0, castHandleType=-1, castType=0, deviceName='http://192.168.124.22:49152/description.xml', dlnaName='', dramaID='', extra=0, frameHandleType=-1, handleInside=true, headduration=0, header='', headers=null, isAD=false, isMultiMirror=false, lelinkVer='', limitTime=0, , mediaAlbum='null', mediaAlbumArtURI='', mediaArtist='null', mediaAssets='', mediaTitle='null', mimeType=0, multiSession=null, period=0, pinCode='', playSpeed=0.0, playerChoice=0, plugin=0, port=0, position=0.0, positionUnit=2, protocol=0, realSessionID='', regType='', , sinkIp='', sourceAPPVersion='', sourceChannel='', sourceClientInfo='', sourceDeviceInfo='', sourceDeviceModel='', sourceDeviceName='', sourceDeviceType=0, sourceHID='', , sourceInfo='', , , sourceOSVersion='', sourceSDKVersion='', sourceUid='', stopDetail=0, stopReason=0, tailduration=0, url='', urlID='', urls=null, userAgent='', videoDecoder=0, volume=0, what=207}com.hpplay.sdk.sink.protocol.OutParameters@d067d29
01-08 01:32:23.401 I/hpplay-java( 2713): [Thread-55]:Bridge:notify: address:211548334
01-08 01:32:23.401 D/hpplay-base( 2713): [mDNSEmbeded:217] http_port bind check 217 http_port_check
01-08 01:32:23.401 D/hpplay-base( 2713): [mDNSEmbeded:222] http_port bind check 222 http_port_check
01-08 01:32:23.401 D/hpplay-base( 2713): [mDNSEmbeded:234] http_port bind check 234 http_port_check port:52266
01-08 01:32:23.401 D/hpplay-base( 2713): [mDNSEmbeded:237] http_port bind check 237 http_port_check
01-08 01:32:23.401 D/hpplay-base( 2713): [lelinkSinkServer:93] new client connection from 127.0.0.1 63179, fd=141
01-08 01:32:23.401 D/hpplay-base( 2713): [SinkContext:137] addSinkContextSession,begin to run!!
01-08 01:32:23.401 D/hpplay-base( 2713): [SinkContext:142] addSinkContextSession,begin to get lock!!
01-08 01:32:23.401 D/hpplay-base( 2713): [SinkContext:144] addSinkContextSession,get lock ok!!
01-08 01:32:23.401 D/hpplay-base( 2713): [SinkContext:149] addSinkContextSession,session list is null,begin to malloc!!
01-08 01:32:23.401 D/hpplay-base( 2713): [SinkContext:156] addSinkContextSession,begin to update!!
01-08 01:32:23.401 D/hpplay-base( 2713): [SinkContext:160] addSinkContextSession,begin to update header!!
01-08 01:32:23.401 D/hpplay-base( 2713): [SinkContext:172] addSinkContextSession,begin to unlock!!
01-08 01:32:23.401 D/hpplay-base( 2713): [SinkContext:174] addSinkContextSession,unlock ok!!
01-08 01:32:23.401 D/hpplay-base( 2713): [LelinkReceiver:4908] get ping !!!
01-08 01:32:23.401 D/hpplay-base( 2713): [mDNSEmbeded:240] http_port bind check 240 http_port_check recieved:64
01-08 01:32:23.401 D/hpplay-base( 2713): [mDNSEmbeded:243] http_port bind check 243 http_port_check
01-08 01:32:23.401 D/hpplay-base( 2713): [mDNSEmbeded:244] http_port bind check ok!
01-08 01:32:23.433 I/hpplay-java( 2713): [AsyncTask #20]:HttpRequest:doGet responseCode:200 0
01-08 01:32:23.474 I/OMX-VENC: venc_dev( 1222): stats: avg. fps 30.56, bitrate 2734552
01-08 01:32:23.587 D/hpplay-base( 2713): [LelinkMDNS:766] devicePermissionPublic leboPermissionCheck:-2
01-08 01:32:23.587 D/hpplay-base( 2713): [jniBridge:1125] com_hpplay_sdk_sink_protocol_Bridge_WHAT_SERVER_ERROR
01-08 01:32:23.587 D/hpplay-base( 2713): [jniBridge:1726] notifyJava, what:204, castType:0, mimeType:0 baseStatus:2
01-08 01:32:23.587 D/hpplay-base( 2713): [jniBridge:1727] notifyJava sessionID:(null)
01-08 01:32:23.587 I/hpplay-java( 2713): [Thread-56]:Bridge:notify: what: 204
01-08 01:32:23.588 I/hpplay-java( 2713): [Thread-56]:Bridge:notify: out: OutParameters:{audioSessionId=-1, audiotrackIndex=0, castHandleType=-1, castType=0, deviceName='', dlnaName='', dramaID='', extra=-2002, frameHandleType=-1, handleInside=true, headduration=0, header='', headers=null, isAD=false, isMultiMirror=false, lelinkVer='', limitTime=0, , mediaAlbum='null', mediaAlbumArtURI='', mediaArtist='null', mediaAssets='', mediaTitle='null', mimeType=0, multiSession=null, period=0, pinCode='', playSpeed=0.0, playerChoice=0, plugin=0, port=0, position=0.0, positionUnit=2, protocol=0, realSessionID='', regType='', , sinkIp='', sourceAPPVersion='', sourceChannel='', sourceClientInfo='', sourceDeviceInfo='', sourceDeviceModel='', sourceDeviceName='', sourceDeviceType=0, sourceHID='', , sourceInfo='', , , sourceOSVersion='', sourceSDKVersion='', sourceUid='', stopDetail=0, stopReason=0, tailduration=0, url='', urlID='', urls=null, userAgent='', videoDecoder=0, volume=0, what=204}com.hpplay.sdk.sink.protocol.OutParameters@8c2164f
01-08 01:32:23.588 I/hpplay-java( 2713): [Thread-56]:Bridge:notify: address:227131868
01-08 01:32:23.588 I/hpplay-base( 2713): [mDNSEmbeded:79] embedded_mDNSLoop stopmDNSNow:0 nPublish:-2 nExitFlag:6 tid is 5351
01-08 01:32:23.588 I/hpplay-java( 2713): [main]:Bridge:findServiceID start out: 227131868
01-08 01:32:23.588 I/hpplay-java( 2713): [main]:Bridge:findServiceID end
01-08 01:32:23.588 E/hpplay-java( 2713): [main]:ServerTaskManager:onError 204/-2002 com.hht.lebocast.LelinkHelper$e@1c2de7f
01-08 01:32:23.588 I/hpplay-java( 2713): [main]:ServerTaskManager:cancelTimeOutCheck
01-08 01:32:23.588 W/hpplay-java( 2713): [main]:ServerTaskManager:onErrorDispatcher errorCode:-2002
01-08 01:32:23.588 I/hpplay-java( 2713): [main]:ServerTaskManager:onError retry later
01-08 01:32:23.602 I/hpplay-base( 2713): [LelinkReceiver:14605] _connectionFinalize (141)
01-08 01:32:23.602 D/hpplay-base( 2713): [LelinkReceiver:14752] ###connectionFinalize,release ok!!###
01-08 01:32:23.686 I/hpplay-java( 2713): [AsyncTask #19]:HttpRequest:doGet responseCode:200 0
01-08 01:32:23.759 I/mpu_uart( 640): [MSG-P:RECV]:No message received in 1000 ms
01-08 01:32:23.813 D/EditModeHelper( 2543): setHotseatVisibility: 8
01-08 01:32:23.814 W/FreeFormWindowHelper( 1526): Current Display FreeFormTask is Task{e2dcafa #12 type=standard A=10063:com.android.gallery3d U=0 visible=true mode=freeform translucent=false sz=1}
01-08 01:32:23.814 W/FreeFormWindowHelper( 1526): Current Display FreeFormTask is Task{e2dcafa #12 type=standard A=10063:com.android.gallery3d U=0 visible=true mode=freeform translucent=false sz=1}
01-08 01:32:23.814 W/FreeFormWindowHelper( 1526): Current Display FreeFormTask is Task{e2dcafa #12 type=standard A=10063:com.android.gallery3d U=0 visible=true mode=freeform translucent=false sz=1}
01-08 01:32:23.814 W/FreeFormWindowHelper( 1526): Current Display FreeFormTask is Task{e2dcafa #12 type=standard A=10063:com.android.gallery3d U=0 visible=true mode=freeform translucent=false sz=1}
01-08 01:32:23.814 W/FreeFormWindowHelper( 1526): Current Display FreeFormTask is Task{e2dcafa #12 type=standard A=10063:com.android.gallery3d U=0 visible=true mode=freeform translucent=false sz=1}
01-08 01:32:23.814 W/FreeFormWindowHelper( 1526): Current Display FreeFormTask is Task{e2dcafa #12 type=standard A=10063:com.android.gallery3d U=0 visible=true mode=freeform translucent=false sz=1}
01-08 01:32:23.814 W/FreeFormWindowHelper( 1526): Current Display FreeFormTask is Task{e2dcafa #12 type=standard A=10063:com.android.gallery3d U=0 visible=true mode=freeform translucent=false sz=1}
01-08 01:32:23.814 D/FreeWindowContainer( 2543): reloadTask: TaskInfo{userId=0 taskId=12 displayId=0 isRunning=true baseIntent=Intent { flg=0x10008000 cmp=com.android.gallery3d/.app.GalleryActivity } baseActivity=ComponentInfo{com.android.gallery3d/com.android.gallery3d.app.GalleryActivity} topActivity=ComponentInfo{com.android.gallery3d/com.android.gallery3d.app.GalleryActivity} origActivity=null realActivity=ComponentInfo{com.android.gallery3d/com.android.gallery3d.app.GalleryActivity} numActivities=1 lastActiveTime=80909 supportsSplitScreenMultiWindow=true supportsMultiWindow=true resizeMode=1 isResizeable=true token=WCT{android.window.IWindowContainerToken$Stub$Proxy@f1d474c} topActivityType=1 pictureInPictureParams=PictureInPictureParams( aspectRatio=null sourceRectHint=null hasSetActions=false isAutoPipEnabled=false isSeamlessResizeEnabled=true) displayCutoutSafeInsets=null topActivityInfo=ActivityInfo{bf8b395 com.android.gallery3d.app.GalleryActivity} launchCookies=[] positionInParent=Point(0, 72) parentTaskId=-1 isFocused=true isVisible=true topActivityInSizeCompat=false locusId= null}
01-08 01:32:23.819 I/InputDispatcher( 1526): Monitor swipe-up (server) is stealing touch from [1bc00b2 com.android.launcher3/com.android.launcher3.uioverrides.QuickstepLauncher (server), fe7e613 com.android.systemui.ImageWallpaper (server), ]
01-08 01:32:23.819 W/FreeFormWindowHelper( 1526): Current Display FreeFormTask is Task{e2dcafa #12 type=standard A=10063:com.android.gallery3d U=0 visible=true mode=freeform translucent=false sz=1}
01-08 01:32:23.820 I/view_enqueue_input_event( 2543): [Motion - Cancel,com.android.launcher3/com.android.launcher3.uioverrides.QuickstepLauncher]
01-08 01:32:23.820 V/ShadeControllerImpl( 1984): NotificationShadeWindow: com.android.systemui.statusbar.phone.NotificationShadeWindowView{8dd8b58 I.E...... ......ID 0,0-2380,1020} canPanelBeCollapsed(): false
01-08 01:32:23.820 W/FreeFormWindowHelper( 1526): Current Display FreeFormTask is Task{e2dcafa #12 type=standard A=10063:com.android.gallery3d U=0 visible=true mode=freeform translucent=false sz=1}
01-08 01:32:23.821 I/input_interaction( 1526): Interaction with: edge-swipe (server), swipe-up (server), PointerEventDispatcher0 (server),
01-08 01:32:23.826 D/BaseIconFactory( 2543): normalizeAndWrapToAdaptiveIcon: scale=0.8095241
01-08 01:32:23.830 W/FreeFormWindowHelper( 1526): Current Display FreeFormTask is Task{e2dcafa #12 type=standard A=10063:com.android.gallery3d U=0 visible=true mode=freeform translucent=false sz=1}
01-08 01:32:23.831 W/ActivityTaskManager( 1526): getTaskSnapshot: taskId=4010 not found
01-08 01:32:23.831 W/ActivityTaskManager( 1526): getTaskSnapshot: taskId=3010 not found
01-08 01:32:23.831 W/ActivityTaskManager( 1526): getTaskSnapshot: taskId=2010 not found
01-08 01:32:23.846 W/FreeFormWindowHelper( 1526): Current Display FreeFormTask is Task{e2dcafa #12 type=standard A=10063:com.android.gallery3d U=0 visible=true mode=freeform translucent=false sz=1}
01-08 01:32:23.863 W/FreeFormWindowHelper( 1526): Current Display FreeFormTask is Task{e2dcafa #12 type=standard A=10063:com.android.gallery3d U=0 visible=true mode=freeform translucent=false sz=1}
01-08 01:32:23.964 I/com.tencent.mm( 4067): Explicit concurrent copying GC freed 27736(1496KB) AllocSpace objects, 13(260KB) LOS objects, 22% free, 27MB/35MB, paused 170us,95us total 304.718ms
01-08 01:32:23.963 I/auditd ( 0): type=1400 audit(0.0:620): avc: denied { kill } for comm="swapper/3" capability=5 scontext=u:r:kernel:s0 tcontext=u:r:kernel:s0 tclass=capability permissive=0
01-08 01:32:23.963 W/swapper/3( 0): type=1400 audit(0.0:620): avc: denied { kill } for capability=5 scontext=u:r:kernel:s0 tcontext=u:r:kernel:s0 tclass=capability permissive=0
01-08 01:32:24.016 I/commit_sys_config_file( 1526): [settings-1-0,2]
01-08 01:32:24.113 D/NoButtonQuickSwitchTouchController( 2543): onMotionPauseDetected:
01-08 01:32:24.115 D/vendor.qti.vibrator( 844): Vibrator perform effect 0
01-08 01:32:24.115 D/vendor.qti.vibrator( 844): Vibrator on for timeoutMs: 10
01-08 01:32:24.115 D/vendor.qti.vibrator( 844): Starting on on another thread
01-08 01:32:24.125 D/vendor.qti.vibrator( 844): Notifying on complete
01-08 01:32:24.125 D/vendor.qti.vibrator( 844): QTI Vibrator off
01-08 01:32:24.144 D/vendor.qti.vibrator( 844): Vibrator on for timeoutMs: 30
01-08 01:32:24.144 D/vendor.qti.vibrator( 844): Starting on on another thread
01-08 01:32:24.165 D/NoButtonQuickSwitchTouchController( 2543): onDragEnd: noFling=true,isPaused=true,velocity=PointF(-0.008944938, -0.11766933)
01-08 01:32:24.166 D/EditModeHelper( 2543): setHotseatVisibility: 0
01-08 01:32:24.167 W/FreeFormWindowHelper( 1526): Current Display FreeFormTask is Task{e2dcafa #12 type=standard A=10063:com.android.gallery3d U=0 visible=true mode=freeform translucent=false sz=1}
01-08 01:32:24.174 D/vendor.qti.vibrator( 844): Notifying on complete
01-08 01:32:24.175 D/vendor.qti.vibrator( 844): QTI Vibrator off
01-08 01:32:24.193 W/FreeFormWindowHelper( 1526): Current Display FreeFormTask is Task{e2dcafa #12 type=standard A=10063:com.android.gallery3d U=0 visible=true mode=freeform translucent=false sz=1}
01-08 01:32:24.194 W/View ( 2543): requestLayout() improperly called by com.android.launcher3.views.NoInsetView{73e83be V.ED..... ......ID 2038,0-2380,1020 #7f09007c app:id/bg_hotseat} during layout: running second layout pass
01-08 01:32:24.206 W/FreeFormWindowHelper( 1526): Current Display FreeFormTask is Task{e2dcafa #12 type=standard A=10063:com.android.gallery3d U=0 visible=true mode=freeform translucent=false sz=1}
01-08 01:32:24.221 W/FreeFormWindowHelper( 1526): Current Display FreeFormTask is Task{e2dcafa #12 type=standard A=10063:com.android.gallery3d U=0 visible=true mode=freeform translucent=false sz=1}
01-08 01:32:24.239 W/FreeFormWindowHelper( 1526): Current Display FreeFormTask is Task{e2dcafa #12 type=standard A=10063:com.android.gallery3d U=0 visible=true mode=freeform translucent=false sz=1}
01-08 01:32:24.255 W/FreeFormWindowHelper( 1526): Current Display FreeFormTask is Task{e2dcafa #12 type=standard A=10063:com.android.gallery3d U=0 visible=true mode=freeform translucent=false sz=1}
01-08 01:32:24.262 I/com.tencent.mm( 4067): Explicit concurrent copying GC freed 14814(695KB) AllocSpace objects, 4(80KB) LOS objects, 23% free, 26MB/34MB, paused 138us,107us total 296.878ms
01-08 01:32:24.273 W/FreeFormWindowHelper( 1526): Current Display FreeFormTask is Task{e2dcafa #12 type=standard A=10063:com.android.gallery3d U=0 visible=true mode=freeform translucent=false sz=1}
01-08 01:32:24.290 W/FreeFormWindowHelper( 1526): Current Display FreeFormTask is Task{e2dcafa #12 type=standard A=10063:com.android.gallery3d U=0 visible=true mode=freeform translucent=false sz=1}
01-08 01:32:24.306 W/FreeFormWindowHelper( 1526): Current Display FreeFormTask is Task{e2dcafa #12 type=standard A=10063:com.android.gallery3d U=0 visible=true mode=freeform translucent=false sz=1}
01-08 01:32:24.323 W/FreeFormWindowHelper( 1526): Current Display FreeFormTask is Task{e2dcafa #12 type=standard A=10063:com.android.gallery3d U=0 visible=true mode=freeform translucent=false sz=1}
01-08 01:32:24.340 W/FreeFormWindowHelper( 1526): Current Display FreeFormTask is Task{e2dcafa #12 type=standard A=10063:com.android.gallery3d U=0 visible=true mode=freeform translucent=false sz=1}
01-08 01:32:24.360 W/FreeFormWindowHelper( 1526): Current Display FreeFormTask is Task{e2dcafa #12 type=standard A=10063:com.android.gallery3d U=0 visible=true mode=freeform translucent=false sz=1}
01-08 01:32:24.369 I/commit_sys_config_file( 1526): [settings-1-0,2]
01-08 01:32:24.372 W/System ( 1526): A resource failed to call close.
01-08 01:32:24.372 W/System ( 1526): A resource failed to call close.
01-08 01:32:24.372 W/System ( 1526): A resource failed to call close.
01-08 01:32:24.372 W/System ( 1526): A resource failed to call close.
01-08 01:32:24.372 W/System ( 1526): A resource failed to call close.
01-08 01:32:24.377 W/FreeFormWindowHelper( 1526): Current Display FreeFormTask is Task{e2dcafa #12 type=standard A=10063:com.android.gallery3d U=0 visible=true mode=freeform translucent=false sz=1}
01-08 01:32:24.390 W/FreeFormWindowHelper( 1526): Current Display FreeFormTask is Task{e2dcafa #12 type=standard A=10063:com.android.gallery3d U=0 visible=true mode=freeform translucent=false sz=1}
01-08 01:32:24.406 W/FreeFormWindowHelper( 1526): Current Display FreeFormTask is Task{e2dcafa #12 type=standard A=10063:com.android.gallery3d U=0 visible=true mode=freeform translucent=false sz=1}
01-08 01:32:24.423 W/FreeFormWindowHelper( 1526): Current Display FreeFormTask is Task{e2dcafa #12 type=standard A=10063:com.android.gallery3d U=0 visible=true mode=freeform translucent=false sz=1}
01-08 01:32:24.438 W/FreeFormWindowHelper( 1526): Current Display FreeFormTask is Task{e2dcafa #12 type=standard A=10063:com.android.gallery3d U=0 visible=true mode=freeform translucent=false sz=1}
01-08 01:32:24.455 W/FreeFormWindowHelper( 1526): Current Display FreeFormTask is Task{e2dcafa #12 type=standard A=10063:com.android.gallery3d U=0 visible=true mode=freeform translucent=false sz=1}
01-08 01:32:24.473 W/FreeFormWindowHelper( 1526): Current Display FreeFormTask is Task{e2dcafa #12 type=standard A=10063:com.android.gallery3d U=0 visible=true mode=freeform translucent=false sz=1}
01-08 01:32:24.483 I/OMX-VENC: venc_dev( 1222): stats: avg. fps 26.76, bitrate 3184086
01-08 01:32:24.490 D/StateManager( 2543): goToState: Overview
01-08 01:32:24.490 D/FreeWindowHelper( 2543): enterOrExitRecentTasks: isEnterRecentTasks=true,mExitFlag=1
01-08 01:32:24.490 I/wm_finish_activity( 1526): [0,78891179,12,com.android.gallery3d/.app.GalleryActivity,app-request]
01-08 01:32:24.490 I/wm_task_moved( 1526): [1,1,6]
01-08 01:32:24.491 I/wm_set_resumed_activity( 1526): [0,com.android.launcher3/.uioverrides.QuickstepLauncher,positionChildAt]
01-08 01:32:24.491 I/wm_task_moved( 1526): [8,1,2147483647]
01-08 01:32:24.491 I/wm_task_to_front( 1526): [0,8]
01-08 01:32:24.491 I/wm_focused_root_task( 1526): [0,0,1,-1,finish-top adjustFocusToNextFocusableTask]
01-08 01:32:24.491 I/wm_on_top_resumed_lost_called( 5293): [78891179,com.android.gallery3d.app.GalleryActivity,topStateChangedWhenResumed]
01-08 01:32:24.491 I/wm_set_resumed_activity( 1526): [0,com.android.launcher3/.uioverrides.QuickstepLauncher,finish-top]
01-08 01:32:24.496 D/ActivityTrigger( 1526): ActivityTrigger activityPauseTrigger
01-08 01:32:24.497 I/wm_pause_activity( 1526): [0,78891179,com.android.gallery3d/.app.GalleryActivity,userLeaving=false,finish]
01-08 01:32:24.498 I/input_focus( 1526): [Focus request 1bc00b2 com.android.launcher3/com.android.launcher3.uioverrides.QuickstepLauncher,reason=UpdateInputWindows]
01-08 01:32:24.498 W/FreeFormWindowHelper( 1526): Current Display FreeFormTask is Task{e2dcafa #12 type=standard A=10063:com.android.gallery3d U=0 visible=false mode=freeform translucent=true sz=1}
01-08 01:32:24.499 D/FreeWindowContainer( 2543): reloadTask: TaskInfo{userId=0 taskId=12 displayId=0 isRunning=false baseIntent=Intent { flg=0x10008000 cmp=com.android.gallery3d/.app.GalleryActivity } baseActivity=null topActivity=null origActivity=null realActivity=ComponentInfo{com.android.gallery3d/com.android.gallery3d.app.GalleryActivity} numActivities=0 lastActiveTime=81612 supportsSplitScreenMultiWindow=true supportsMultiWindow=true resizeMode=1 isResizeable=true token=WCT{android.window.IWindowContainerToken$Stub$Proxy@d738698} topActivityType=1 pictureInPictureParams=null displayCutoutSafeInsets=null topActivityInfo=null launchCookies=[] positionInParent=Point(0, 72) parentTaskId=-1 isFocused=false isVisible=true topActivityInSizeCompat=false locusId= null}
01-08 01:32:24.499 W/OrientationEventListener( 5293): Cannot detect sensors. Invalid disable
01-08 01:32:24.502 I/wm_on_paused_called( 5293): [78891179,com.android.gallery3d.app.GalleryActivity,performPause]
01-08 01:32:24.502 I/ActivityTaskManager( 1526): FOREGROUND_APPLICATION_CHANGED to com.android.launcher3.uioverrides.QuickstepLauncher
01-08 01:32:24.502 I/wm_destroy_activity( 1526): [0,78891179,12,com.android.gallery3d/.app.GalleryActivity,finish-imm:completePausedLocked]
01-08 01:32:24.504 I/GameMode_ActivityMonitoringService( 2387): onForegroundActivitiesChanged uid 10063 pid 5293 fg false
01-08 01:32:24.506 I/sysui_multi_action( 1526): [757,803,799,window_time_0,802,3]
01-08 01:32:24.508 I/wm_on_stop_called( 5293): [78891179,com.android.gallery3d.app.GalleryActivity,LIFECYCLER_STOP_ACTIVITY]
01-08 01:32:24.509 I/GameMode_ActivityMonitoringService( 2387): Updating top task to: TaskInfoContainer [topActivity=ComponentInfo{com.android.launcher3/com.android.launcher3.uioverrides.QuickstepLauncher}, taskId=8, stackId=1, userId=0, displayId=0, position=6
01-08 01:32:24.509 I/GameMode_ActivityMonitoringService( 2387): Notifying about top task: TaskInfoContainer [topActivity=ComponentInfo{com.android.launcher3/com.android.launcher3.uioverrides.QuickstepLauncher}, taskId=8, stackId=1, userId=0, displayId=0, position=6
01-08 01:32:24.509 I/GameMode_ActivityMonitoringService( 2387): WindowMode: 1
01-08 01:32:24.509 E/GameMode_ActivityMonitoringService( 2387): onActivityLaunch:com.android.launcher3
01-08 01:32:24.509 V/GameMode_GameTypeUtils( 2387): judge isGame:com.android.launcher3
01-08 01:32:24.509 V/GameMode_GpuUtils( 2387): fps:60
01-08 01:32:24.510 V/StateManager( 5293): destroy
01-08 01:32:24.510 D/GameMode_GameModeActionUtils( 2387): Show GameMode entry by service!
01-08 01:32:24.511 W/ContextImpl( 2387): Calling a method in the system process without a qualified user: android.app.ContextImpl.startService:1816 android.content.ContextWrapper.startService:774 com.thundercomm.gamemode.ingame.services.GameModeActionUtils.startGameModeService:111 com.thundercomm.gamemode.ingame.services.GameModeActionUtils.startGameModeEntry:22 com.thundercomm.gamemode.ingame.services.ActivityMonitoringService$1.onActivityLaunch:129
01-08 01:32:24.512 D/GameModeIF_GameModeSettings( 2387): getUriFor setting_content_uri_root = content://com.thundercomm.gamemode.api/gamemode_settings , name = gamemode_isgaming
01-08 01:32:24.512 D/GameMode_GameModeService( 2387): type=hide_entry
01-08 01:32:24.512 I/wm_on_destroy_called( 5293): [78891179,com.android.gallery3d.app.GalleryActivity,performDestroy]
01-08 01:32:24.513 D/EditModeHelper( 2543): setHotseatVisibility: 0
01-08 01:32:24.514 W/FreeFormWindowHelper( 1526): Current Display FreeFormTask is Task{e2dcafa #12 type=standard A=10063:com.android.gallery3d U=0 visible=false mode=freeform translucent=true sz=1}
01-08 01:32:24.515 I/GameModeConfig( 1526): Current uri is uri = content://com.thundercomm.gamemode.api/gamemode_settings/gamemode_isgaming
01-08 01:32:24.515 D/GameModeIF_GameModeSettings( 1526): getUriFor setting_content_uri_root = content://com.thundercomm.gamemode.api/gamemode_settings , name = gamemode_isgaming
01-08 01:32:24.515 D/GameMode_GameSettingsObserver( 2387): Game Data change!!!! uri = content://com.thundercomm.gamemode.api/gamemode_settings/gamemode_isgaming
01-08 01:32:24.515 D/GameModeIF_GameModeSettings( 2387): getUriFor setting_content_uri_root = content://com.thundercomm.gamemode.api/gamemode_settings , name = gamemode_isgaming
01-08 01:32:24.515 W/InputManager-JNI( 1526): Input channel object 'aa4cb4e com.android.gallery3d/com.android.gallery3d.app.GalleryActivity (client)' was disposed without first being removed with the input manager!
01-08 01:32:24.516 D/GameModeIF_GameModeSettings( 2387): gamemode_isgaming set to 0
01-08 01:32:24.516 I/GameModeConfig( 1526): isGameModeOn = true
01-08 01:32:24.516 I/GameModeConfig( 1526): isGaming = false
01-08 01:32:24.517 I/GameModeConfig( 1526): isGameModeOn = true
01-08 01:32:24.517 I/GameModeConfig( 1526): isGaming = false
01-08 01:32:24.517 I/GameModeConfig( 1526): isDisableVoice = true
01-08 01:32:24.518 I/input_focus( 1526): [Focus entering 1bc00b2 com.android.launcher3/com.android.launcher3.uioverrides.QuickstepLauncher (server),reason=setFocusedWindow]
01-08 01:32:24.518 D/GameMode_GameModeService( 2387): updateGlobalSettings = gamemode_isgaming
01-08 01:32:24.526 W/FreeFormWindowHelper( 1526): Current Display FreeFormTask is Task{e2dcafa #12 type=standard A=10063:com.android.gallery3d U=0 visible=false mode=freeform translucent=true sz=1}
01-08 01:32:24.528 I/wm_on_top_resumed_gained_called( 2543): [162781513,com.android.launcher3.uioverrides.QuickstepLauncher,topStateChangedWhenResumed]
01-08 01:32:24.603 I/GameMode_ActivityMonitoringService( 2387): onTaskStackChanged
01-08 01:32:24.605 W/FreeFormWindowHelper( 1526): Current Display FreeFormTask is Task{e2dcafa #12 type=standard A=10063:com.android.gallery3d U=0 visible=false mode=freeform translucent=true sz=1}
01-08 01:32:24.605 W/FreeFormWindowHelper( 1526): Current Display FreeFormTask is Task{e2dcafa #12 type=standard A=10063:com.android.gallery3d U=0 visible=false mode=freeform translucent=true sz=1}
01-08 01:32:24.605 W/FreeFormWindowHelper( 1526): Current Display FreeFormTask is Task{e2dcafa #12 type=standard A=10063:com.android.gallery3d U=0 visible=false mode=freeform translucent=true sz=1}
01-08 01:32:24.605 W/FreeFormWindowHelper( 1526): Current Display FreeFormTask is Task{e2dcafa #12 type=standard A=10063:com.android.gallery3d U=0 visible=false mode=freeform translucent=true sz=1}
01-08 01:32:24.605 W/FreeFormWindowHelper( 1526): Current Display FreeFormTask is Task{e2dcafa #12 type=standard A=10063:com.android.gallery3d U=0 visible=false mode=freeform translucent=true sz=1}
01-08 01:32:24.606 W/FreeFormWindowHelper( 1526): Current Display FreeFormTask is Task{e2dcafa #12 type=standard A=10063:com.android.gallery3d U=0 visible=false mode=freeform translucent=true sz=1}
01-08 01:32:24.613 I/GameMode_ActivityMonitoringService( 2387): Updating top task to: TaskInfoContainer [topActivity=ComponentInfo{com.android.launcher3/com.android.launcher3.uioverrides.QuickstepLauncher}, taskId=8, stackId=1, userId=0, displayId=0, position=6
01-08 01:32:24.613 I/GameMode_ActivityMonitoringService( 2387): Notifying about top task: TaskInfoContainer [topActivity=ComponentInfo{com.android.launcher3/com.android.launcher3.uioverrides.QuickstepLauncher}, taskId=8, stackId=1, userId=0, displayId=0, position=6
01-08 01:32:24.613 I/GameMode_ActivityMonitoringService( 2387): WindowMode: 1
01-08 01:32:24.613 E/GameMode_ActivityMonitoringService( 2387): onActivityLaunch:com.android.launcher3
01-08 01:32:24.613 V/GameMode_GameTypeUtils( 2387): judge isGame:com.android.launcher3
01-08 01:32:24.613 V/GameMode_GpuUtils( 2387): fps:60
01-08 01:32:24.615 D/GameMode_GameModeActionUtils( 2387): Show GameMode entry by service!
01-08 01:32:24.616 W/ContextImpl( 2387): Calling a method in the system process without a qualified user: android.app.ContextImpl.startService:1816 android.content.ContextWrapper.startService:774 com.thundercomm.gamemode.ingame.services.GameModeActionUtils.startGameModeService:111 com.thundercomm.gamemode.ingame.services.GameModeActionUtils.startGameModeEntry:22 com.thundercomm.gamemode.ingame.services.ActivityMonitoringService$1.onActivityLaunch:129
01-08 01:32:24.619 D/GameMode_GameModeService( 2387): type=hide_entry
01-08 01:32:24.620 D/GameModeIF_GameModeSettings( 2387): getUriFor setting_content_uri_root = content://com.thundercomm.gamemode.api/gamemode_settings , name = gamemode_isgaming
01-08 01:32:24.622 I/GameModeConfig( 1526): Current uri is uri = content://com.thundercomm.gamemode.api/gamemode_settings/gamemode_isgaming
01-08 01:32:24.622 D/GameModeIF_GameModeSettings( 1526): getUriFor setting_content_uri_root = content://com.thundercomm.gamemode.api/gamemode_settings , name = gamemode_isgaming
01-08 01:32:24.623 D/GameModeIF_GameModeSettings( 2387): gamemode_isgaming set to 0
01-08 01:32:24.624 I/GameModeConfig( 1526): isGameModeOn = true
01-08 01:32:24.624 I/GameModeConfig( 1526): isGaming = false
01-08 01:32:24.625 D/GameMode_GameSettingsObserver( 2387): Game Data change!!!! uri = content://com.thundercomm.gamemode.api/gamemode_settings/gamemode_isgaming
01-08 01:32:24.625 D/GameModeIF_GameModeSettings( 2387): getUriFor setting_content_uri_root = content://com.thundercomm.gamemode.api/gamemode_settings , name = gamemode_isgaming
01-08 01:32:24.625 I/GameModeConfig( 1526): isGameModeOn = true
01-08 01:32:24.625 I/GameModeConfig( 1526): isGaming = false
01-08 01:32:24.625 I/GameModeConfig( 1526): isDisableVoice = true
01-08 01:32:24.627 D/GameMode_GameModeService( 2387): updateGlobalSettings = gamemode_isgaming
01-08 01:32:24.760 I/mpu_uart( 640): [MSG-P:RECV]:No message received in 1000 ms
01-08 01:32:24.801 I/wm_task_removed( 1526): [12,removeChild:removeChild last r=ActivityRecord{4b3c8ab u0 com.android.gallery3d/.app.GalleryActivity t-1 f}} in t=Task{e2dcafa #12 type=standard A=10063:com.android.gallery3d U=0 visible=false mode=freeform translucent=true sz=0}]
01-08 01:32:24.801 I/wm_task_removed( 1526): [12,removeChild]
01-08 01:32:24.801 D/FreeFormWindowHelper( 1526): Remove freefrom task=Task{e2dcafa #12 type=standard A=10063:com.android.gallery3d U=0 visible=false mode=freeform translucent=true sz=0}
01-08 01:32:24.963 I/auditd ( 0): type=1400 audit(0.0:621): avc: denied { kill } for comm="swapper/3" capability=5 scontext=u:r:kernel:s0 tcontext=u:r:kernel:s0 tclass=capability permissive=0
01-08 01:32:24.963 W/swapper/3( 0): type=1400 audit(0.0:621): avc: denied { kill } for capability=5 scontext=u:r:kernel:s0 tcontext=u:r:kernel:s0 tclass=capability permissive=0
01-08 01:32:25.553 I/input_interaction( 1526): Interaction with: 1bc00b2 com.android.launcher3/com.android.launcher3.uioverrides.QuickstepLauncher (server), fe7e613 com.android.systemui.ImageWallpaper (server), edge-swipe (server), swipe-up (server), PointerEventDispatcher0 (server),
01-08 01:32:25.704 D/FreeWindowHelper( 2543): setExitFlag: old=0,new=1
01-08 01:32:25.704 I/thunderperf( 1526): Maybe need boostperf for current app!
01-08 01:32:25.705 D/FgBoostPerfService( 2387): [FgBoostPerfService.perfBoostAcq]start: stat=true pkgName=com.android.music
01-08 01:32:25.705 V/GameMode_GameTypeUtils( 2387): judge isGame:com.android.music
01-08 01:32:25.706 I/FgBoostPerfService( 2387): [FgBoostPerfService.perfBoostAcq] not game-mode or game app!
01-08 01:32:25.706 I/ThunderPerfManager( 1526): PerfAcq error : state=true pkgName=com.android.music
01-08 01:32:25.707 V/GameMode_GameTypeUtils( 2387): judge isGame:com.android.music
01-08 01:32:25.707 I/FgBoostPerfService( 2387): [GetGpuMode] isMode=1 isGame=false mGpuMode=1
01-08 01:32:25.707 V/GameMode_GameTypeUtils( 2387): judge isGame:com.android.music
01-08 01:32:25.708 I/FgBoostPerfService( 2387): [GetGpuDpiType] isMode=1 isGame=false mGpuDpiType=0
01-08 01:32:25.708 I/thunderperf( 1526): Current app pkgName=com.android.music bm:com.thundercomm.perf.BoostPerfManager@3df94a1 gpuMode=-1 gpuType=-1
01-08 01:32:25.708 I/ThunderBoostPerfService( 1526): Resolution: Uid=10078 Pid=2543 gMode=-1 dType=-1
01-08 01:32:25.709 I/thunderperf( 1526): PlatormCompat.setOverrides: Uid1=10078 Pid1=2543 Uid2=10078 Pid2=2543
01-08 01:32:25.709 I/thunderperf( 1526): PlatormCompat.setOverrides: needCheck:false
01-08 01:32:25.709 I/thunderperf( 1526): CompatConfig.addOverrideUnsafe: bef-state=1
01-08 01:32:25.710 I/thunderperf( 1526): CompatConfig.addOverrideUnsafe: aft-state=0
01-08 01:32:25.711 I/thunderperf( 1526): CompatConfig.addOverrideUnsafe: bef-state=1
01-08 01:32:25.711 I/thunderperf( 1526): CompatConfig.addOverrideUnsafe: aft-state=0
01-08 01:32:25.712 I/thunderperf( 1526): CompatConfig.addOverrideUnsafe: bef-state=1
01-08 01:32:25.712 I/thunderperf( 1526): CompatConfig.addOverrideUnsafe: aft-state=0
01-08 01:32:25.713 I/thunderperf( 1526): CompatConfig.addOverrideUnsafe: bef-state=1
01-08 01:32:25.713 I/thunderperf( 1526): CompatConfig.addOverrideUnsafe: aft-state=0
01-08 01:32:25.714 I/thunderperf( 1526): CompatConfig.addOverrideUnsafe: bef-state=1
01-08 01:32:25.714 I/thunderperf( 1526): CompatConfig.addOverrideUnsafe: aft-state=0
01-08 01:32:25.715 I/thunderperf( 1526): CompatConfig.addOverrideUnsafe: bef-state=1
01-08 01:32:25.715 I/thunderperf( 1526): CompatConfig.addOverrideUnsafe: aft-state=0
01-08 01:32:25.716 I/thunderperf( 1526): CompatConfig.addOverrideUnsafe: bef-state=1
01-08 01:32:25.716 I/thunderperf( 1526): CompatConfig.addOverrideUnsafe: aft-state=0
01-08 01:32:25.717 I/thunderperf( 1526): CompatConfig.addOverrideUnsafe: bef-state=1
01-08 01:32:25.717 I/thunderperf( 1526): CompatConfig.addOverrideUnsafe: aft-state=0
01-08 01:32:25.718 I/thunderperf( 1526): CompatConfig.addOverrideUnsafe: bef-state=1
01-08 01:32:25.718 I/thunderperf( 1526): CompatConfig.addOverrideUnsafe: aft-state=0
01-08 01:32:25.719 I/thunderperf( 1526): CompatConfig.addOverrideUnsafe: bef-state=1
01-08 01:32:25.719 I/thunderperf( 1526): CompatConfig.addOverrideUnsafe: aft-state=0
01-08 01:32:25.720 I/thunderperf( 1526): CompatConfig.addOverrideUnsafe: bef-state=1
01-08 01:32:25.720 I/thunderperf( 1526): CompatConfig.addOverrideUnsafe: aft-state=0
01-08 01:32:25.720 I/thunderperf( 1526): CompatConfig.addOverrideUnsafe: bef-state=1
01-08 01:32:25.721 I/thunderperf( 1526): CompatConfig.addOverrideUnsafe: aft-state=0
01-08 01:32:25.721 I/thunderperf( 1526): CompatConfig.addOverrideUnsafe: bef-state=1
01-08 01:32:25.721 I/thunderperf( 1526): CompatConfig.addOverrideUnsafe: aft-state=0
01-08 01:32:25.722 I/thunderperf( 1526): CompatConfig.addOverrideUnsafe: bef-state=1
01-08 01:32:25.722 I/thunderperf( 1526): CompatConfig.addOverrideUnsafe: aft-state=0
01-08 01:32:25.728 I/ThunderBoostPerfService( 1526): Disable downscaling com.android.music to 2380x1020
01-08 01:32:25.729 I/EventSequenceValidator( 1526): inc AccIntentStartedEvents to 2
01-08 01:32:25.729 I/ActivityTaskManager( 1526): START u0 {flg=0x10008000 cmp=com.android.music/.MusicBrowserActivity} from uid 10078
01-08 01:32:25.736 E/ANDR-PERF-JNI( 1526): com_qualcomm_qtiperformance_native_perf_io_prefetch_start
01-08 01:32:25.736 I/wm_task_created( 1526): [13,-1]
01-08 01:32:25.736 W/ActivityTaskManager( 1526): Can't find TaskDisplayArea to determine support for multi window. Task id=13 attached=false
01-08 01:32:25.737 D/FreeFormWindowHelper( 1526): Add freeform task=Task{bb16ea4 #13 type=standard ?? U=0 visible=false mode=freeform translucent=true sz=0}
01-08 01:32:25.737 E/ANDR-IOP( 833): io prefetch is disabled
01-08 01:32:25.738 D/CompatibilityChangeReporter( 1526): Compat change id reported: 174042980; UID 10087; state: DISABLED
01-08 01:32:25.738 D/CompatibilityChangeReporter( 1526): Compat change id reported: 184838306; UID 10087; state: DISABLED
01-08 01:32:25.739 D/CompatibilityChangeReporter( 1526): Compat change id reported: 185004937; UID 10087; state: DISABLED
01-08 01:32:25.739 D/CompatibilityChangeReporter( 1526): Compat change id reported: 181136395; UID 10087; state: DISABLED
01-08 01:32:25.739 D/CompatibilityChangeReporter( 1526): Compat change id reported: 174042936; UID 10087; state: DISABLED
01-08 01:32:25.739 I/wm_task_moved( 1526): [13,1,6]
01-08 01:32:25.739 I/wm_task_to_front( 1526): [0,13]
01-08 01:32:25.740 I/wm_create_task( 1526): [0,13]
01-08 01:32:25.740 I/wm_create_activity( 1526): [0,248238547,13,com.android.music/.MusicBrowserActivity,NULL,NULL,NULL,268468224]
01-08 01:32:25.740 I/wm_task_moved( 1526): [13,1,6]
01-08 01:32:25.740 D/CompatibilityChangeReporter( 1526): Compat change id reported: 168419799; UID 10087; state: DISABLED
01-08 01:32:25.740 D/CompatibilityInfo( 1526): mCompatibilityFlags - 4
01-08 01:32:25.740 D/CompatibilityInfo( 1526): applicationDensity - 240
01-08 01:32:25.740 D/CompatibilityInfo( 1526): applicationScale - 1.0
01-08 01:32:25.741 I/ActivityTaskManager( 1526): FOREGROUND_APPLICATION_CHANGED to com.android.music.MusicBrowserActivity
01-08 01:32:25.741 I/ActivityTaskManager( 1526): The Process com.android.music Already Exists in BG. So sending its PID: 3631
01-08 01:32:25.741 I/wm_restart_activity( 1526): [0,248238547,13,com.android.music/.MusicBrowserActivity]
01-08 01:32:25.741 D/CompatibilityInfo( 1526): mCompatibilityFlags - 4
01-08 01:32:25.741 D/CompatibilityInfo( 1526): applicationDensity - 240
01-08 01:32:25.741 D/CompatibilityInfo( 1526): applicationScale - 1.0
01-08 01:32:25.742 I/wm_set_resumed_activity( 1526): [0,com.android.music/.MusicBrowserActivity,minimalResumeActivityLocked]
01-08 01:32:25.743 D/StateManager( 2543): goToState: Normal
01-08 01:32:25.744 D/EditModeHelper( 2543): setHotseatVisibility: 0
01-08 01:32:25.744 I/GameMode_ActivityMonitoringService( 2387): onForegroundActivitiesChanged uid 10087 pid 3631 fg true
01-08 01:32:25.745 I/wm_on_top_resumed_lost_called( 2543): [162781513,com.android.launcher3.uioverrides.QuickstepLauncher,topStateChangedWhenResumed]
01-08 01:32:25.747 I/GameMode_ActivityMonitoringService( 2387): Updating top task to: TaskInfoContainer [topActivity=ComponentInfo{com.android.music/com.android.music.MusicBrowserActivity}, taskId=13, stackId=13, userId=0, displayId=0, position=6
01-08 01:32:25.747 I/GameMode_ActivityMonitoringService( 2387): Notifying about top task: TaskInfoContainer [topActivity=ComponentInfo{com.android.music/com.android.music.MusicBrowserActivity}, taskId=13, stackId=13, userId=0, displayId=0, position=6
01-08 01:32:25.748 I/GameMode_ActivityMonitoringService( 2387): WindowMode: 5
01-08 01:32:25.755 I/OMX-VENC: venc_dev( 1222): stats: avg. fps 18.08, bitrate 1178751
01-08 01:32:25.756 D/CompatibilityChangeReporter( 1526): Compat change id reported: 149924527; UID 10087; state: ENABLED
01-08 01:32:25.756 D/CompatibilityChangeReporter( 1526): Compat change id reported: 132649864; UID 10087; state: DISABLED
01-08 01:32:25.757 D/CompatibilityChangeReporter( 1526): Compat change id reported: 182734110; UID 10087; state: ENABLED
01-08 01:32:25.761 I/mpu_uart( 640): [MSG-P:RECV]:No message received in 1000 ms
01-08 01:32:25.770 D/CompatibilityChangeReporter( 3631): Compat change id reported: 171228096; UID 10087; state: ENABLED
01-08 01:32:25.781 D/FreeWindowHelper( 2543): enterOrExitRecentTasks: isEnterRecentTasks=false,mExitFlag=1
01-08 01:32:25.781 W/FreeFormWindowHelper( 1526): exitRecentTasks type=1
01-08 01:32:25.782 W/FreeFormWindowHelper( 1526): Current Display FreeFormTask is Task{bb16ea4 #13 type=standard A=10087:android.task.music U=0 visible=true mode=freeform translucent=false sz=1}
01-08 01:32:25.783 I/wm_on_create_called( 3631): [248238547,com.android.music.MusicBrowserActivity,performCreate]
01-08 01:32:25.784 D/CompatibilityInfo( 1526): mCompatibilityFlags - 4
01-08 01:32:25.784 D/CompatibilityInfo( 1526): applicationDensity - 240
01-08 01:32:25.784 D/CompatibilityInfo( 1526): applicationScale - 1.0
01-08 01:32:25.785 I/GameMode_ActivityMonitoringService( 2387): onForegroundServicesChanged uid 10087 pid 3631 fg 0
01-08 01:32:25.792 I/wm_on_start_called( 3631): [248238547,com.android.music.MusicBrowserActivity,handleStartActivity]
01-08 01:32:25.792 I/wm_on_resume_called( 3631): [248238547,com.android.music.MusicBrowserActivity,RESUME_ACTIVITY]
01-08 01:32:25.797 I/wm_on_top_resumed_gained_called( 3631): [248238547,com.android.music.MusicBrowserActivity,topStateChangedWhenResumed]
01-08 01:32:25.799 I/mpu_uart( 640): [MSG-P:R]:recv sync frame timeout
01-08 01:32:25.799 D/CompatibilityChangeReporter( 3631): Compat change id reported: 160794467; UID 10087; state: ENABLED
01-08 01:32:25.803 V/Avrcp_ext( 1950): updateCurrentMediaState: mMediaController: MediaController (com.android.systemui@8017cb9) null
01-08 01:32:25.803 W/Avrcp_ext( 1950): isMusicActive: false getBluetoothPlayState: 2 A2dp State: 11 mAudioPlaybackIsActive: false
01-08 01:32:25.804 D/Avrcp_ext( 1950): isMusicActive = false mAudioPlaybackIsActive = false player state = null
01-08 01:32:25.805 I/Avrcp_ext( 1950): Skipping update due to invalid playback state
01-08 01:32:25.805 V/Avrcp_ext( 1950): updatePlaybackState, state: null device: null
01-08 01:32:25.805 V/Avrcp_ext( 1950): Device: no name:
01-08 01:32:25.805 V/Avrcp_ext( 1950): Device: no name:
01-08 01:32:25.805 V/Avrcp_ext( 1950): Device: no name:
01-08 01:32:25.805 V/Avrcp_ext( 1950): Device: no name:
01-08 01:32:25.805 V/Avrcp_ext( 1950): Device: no name:
01-08 01:32:25.805 V/Avrcp_ext( 1950): updatePlayerStateAndPosition, old=PlaybackState {state=2, position=-1, buffered position=0, speed=1.0, updated=12925, actions=0, custom actions=[], active item id=-1, error=null}, state=null
01-08 01:32:25.805 I/Avrcp_ext( 1950): updatePlayerStateAndPosition: device: state = null
01-08 01:32:25.805 D/HeadsetService( 1950): getHeadsetService(): returning com.android.bluetooth.hfp.HeadsetService@b750ffd
01-08 01:32:25.805 D/HeadsetService( 1950): isAudioOn: The number of audio connected devices 0
01-08 01:32:25.805 D/HeadsetService( 1950): isScoOrCallActive(): Call Active:falseCall is Ringing:falseSCO is Active:false
01-08 01:32:25.805 D/HeadsetService( 1950): isAudioOn: The number of audio connected devices 0
01-08 01:32:25.805 V/Avrcp_ext( 1950): ActiveSession: MediaController (com.android.music@ae2457) null
01-08 01:32:25.805 W/Avrcp_ext( 1950): playState object null, sending STOPPED
01-08 01:32:25.805 V/Avrcp_ext( 1950): isBrowseSupported for com.android.music: false
01-08 01:32:25.807 D/Avrcp_ext( 1950): Adding media player info for com.android.music with id 4
01-08 01:32:25.807 D/TCServiceManager( 3631): add linkToDeath
01-08 01:32:25.807 D/Avrcp_ext( 1950): add #4:MediaPlayerInfo com.android.music (as '音乐') Type = 1, SubType = 0, Status = 0 Feature Bits [40 41 42 44 45 47 48 58] Controller: MediaController (com.android.music@ae2457) null
01-08 01:32:25.807 D/TCServiceManager( 3631): TCServiceManager bind TcService, status=success
01-08 01:32:25.808 V/Avrcp_ext( 1950): updateCurrentMediaState: mMediaController: MediaController (com.android.systemui@8017cb9) null
01-08 01:32:25.808 W/Avrcp_ext( 1950): isMusicActive: false getBluetoothPlayState: 2 A2dp State: 11 mAudioPlaybackIsActive: false
01-08 01:32:25.808 D/ProtectUartService( 2307): received RegisterListener token:MUCIC_VOLTAGE_PROTECT
01-08 01:32:25.808 D/Avrcp_ext( 1950): isMusicActive = false mAudioPlaybackIsActive = false player state = null
01-08 01:32:25.808 I/Avrcp_ext( 1950): Skipping update due to invalid playback state
01-08 01:32:25.808 V/Avrcp_ext( 1950): updatePlaybackState, state: null device: null
01-08 01:32:25.808 V/Avrcp_ext( 1950): Device: no name:
01-08 01:32:25.808 V/Avrcp_ext( 1950): Device: no name:
01-08 01:32:25.808 V/Avrcp_ext( 1950): Device: no name:
01-08 01:32:25.808 V/Avrcp_ext( 1950): Device: no name:
01-08 01:32:25.808 V/Avrcp_ext( 1950): Device: no name:
01-08 01:32:25.809 V/Avrcp_ext( 1950): updatePlayerStateAndPosition, old=PlaybackState {state=2, position=-1, buffered position=0, speed=1.0, updated=12925, actions=0, custom actions=[], active item id=-1, error=null}, state=null
01-08 01:32:25.809 I/Avrcp_ext( 1950): updatePlayerStateAndPosition: device: state = null
01-08 01:32:25.815 E/MediaPlaybackService( 3631): METADATA_KEY_NUM_TRACKS: failed: java.lang.IllegalArgumentException: Invalid type 'long' for key 10
01-08 01:32:25.818 E/MusicUtils( 3631): BypassForAlbum name is null
01-08 01:32:25.821 I/sysui_multi_action( 1526): [757,856,758,1,806,com.android.music,857,Channel-music,858,2]
01-08 01:32:25.822 I/GameModeConfig( 1526): isGameModeOn = true
01-08 01:32:25.822 I/GameModeConfig( 1526): isGaming = false
01-08 01:32:25.822 I/GameModeConfig( 1526): isGameModeOn = true
01-08 01:32:25.822 I/GameModeConfig( 1526): isGaming = false
01-08 01:32:25.822 I/GameModeConfig( 1526): isGameModeOn = true
01-08 01:32:25.822 I/GameModeConfig( 1526): isGaming = false
01-08 01:32:25.822 I/GameModeConfig( 1526): isGameModeOn = true
01-08 01:32:25.822 I/GameModeConfig( 1526): isGaming = false
01-08 01:32:25.822 I/GameModeConfig( 1526): isGameModeOn = true
01-08 01:32:25.822 I/GameModeConfig( 1526): isGaming = false
01-08 01:32:25.826 E/MusicUtils( 3631): BypassForAlbum name is null
01-08 01:32:25.828 I/notification_enqueue( 1526): [10087,3631,com.android.music,1,NULL,0,Notification(channel=Channel-music shortcut=null contentView=null vibrate=null sound=null defaults=0x0 flags=0x0 color=0x00000000 category=transport actions=4 vis=PRIVATE),0]
01-08 01:32:25.829 I/GameModeConfig( 1526): isGameModeOn = true
01-08 01:32:25.830 I/GameModeConfig( 1526): isGaming = false
01-08 01:32:25.831 I/GameModeConfig( 1526): isGameModeOn = true
01-08 01:32:25.831 I/GameModeConfig( 1526): isGaming = false
01-08 01:32:25.831 I/GameModeConfig( 1526): isGameModeOn = true
01-08 01:32:25.831 I/GameModeConfig( 1526): isGaming = false
01-08 01:32:25.831 I/GameModeConfig( 1526): isGameModeOn = true
01-08 01:32:25.831 I/GameModeConfig( 1526): isGaming = false
01-08 01:32:25.831 I/GameModeConfig( 1526): isGameModeOn = true
01-08 01:32:25.831 I/GameModeConfig( 1526): isGaming = false
01-08 01:32:25.832 I/notification_enqueue( 1526): [10087,3631,com.android.music,1,NULL,0,Notification(channel=Channel-music shortcut=null contentView=null vibrate=null sound=null defaults=0x0 flags=0x40 color=0x00000000 category=transport actions=4 vis=PRIVATE),0]
01-08 01:32:25.832 E/MusicUtils( 3631): BypassForAlbum name is null
01-08 01:32:25.834 I/notification_enqueue( 1526): [10087,3631,com.android.music,1,NULL,0,Notification(channel=Channel-music shortcut=null contentView=null vibrate=null sound=null defaults=0x0 flags=0x40 color=0x00000000 category=transport actions=4 vis=PRIVATE),0]
01-08 01:32:25.834 I/notification_enqueue( 1526): [10087,3631,com.android.music,1,NULL,0,Notification(channel=Channel-music shortcut=null contentView=null vibrate=null sound=null defaults=0x0 flags=0x40 color=0x00000000 category=transport actions=4 vis=PRIVATE),0]
01-08 01:32:25.836 I/GameModeConfig( 1526): isGameModeOn = true
01-08 01:32:25.836 I/GameModeConfig( 1526): isGaming = false
01-08 01:32:25.837 I/GameModeConfig( 1526): isGameModeOn = true
01-08 01:32:25.837 I/GameModeConfig( 1526): isGaming = false
01-08 01:32:25.838 I/GameModeConfig( 1526): isGameModeOn = true
01-08 01:32:25.838 I/GameModeConfig( 1526): isGaming = false
01-08 01:32:25.838 I/GameModeConfig( 1526): isGameModeOn = true
01-08 01:32:25.838 I/GameModeConfig( 1526): isGaming = false
01-08 01:32:25.838 I/GameModeConfig( 1526): isGameModeOn = true
01-08 01:32:25.838 I/GameModeConfig( 1526): isGaming = false
01-08 01:32:25.840 E/MusicUtils( 3631): BypassForAlbum name is null
01-08 01:32:25.841 I/notification_enqueue( 1526): [10087,3631,com.android.music,1,NULL,0,Notification(channel=Channel-music shortcut=null contentView=null vibrate=null sound=null defaults=0x0 flags=0x40 color=0x00000000 category=transport actions=4 vis=PRIVATE),0]
01-08 01:32:25.842 I/notification_enqueue( 1526): [10087,3631,com.android.music,1,NULL,0,Notification(channel=Channel-music shortcut=null contentView=null vibrate=null sound=null defaults=0x0 flags=0x40 color=0x00000000 category=transport actions=4 vis=PRIVATE),0]
01-08 01:32:25.850 W/WindowManager( 1526): updateScale : 0.7996942
