01-08 01:33:42.418 D/hpplay-base( 2713): [jniBridge:1135] notifyJavaServerStoped
01-08 01:33:42.418 D/hpplay-base( 2713): [jniBridge:1726] notifyJava, what:202, castType:0, mimeType:0 baseStatus:4
01-08 01:33:42.418 D/hpplay-base( 2713): [jniBridge:1727] notifyJava sessionID:(null)
01-08 01:33:42.420 I/hpplay-java( 2713): [Thread-117]:Bridge:notify: what: 202
01-08 01:33:42.421 I/hpplay-java( 2713): [Thread-117]:Bridge:notify: out: OutParameters:{audioSessionId=-1, audiotrackIndex=0, castHandleType=-1, castType=0, deviceName='', dlnaName='', dramaID='', extra=0, frameHandleType=-1, handleInside=true, headduration=0, header='', headers=null, isAD=false, isMultiMirror=false, lelinkVer='', limitTime=0, , mediaAlbum='null', mediaAlbumArtURI='', mediaArtist='null', mediaAssets='', mediaTitle='null', mimeType=0, multiSession=null, period=0, pinCode='', playSpeed=0.0, playerChoice=0, plugin=0, port=0, position=0.0, positionUnit=2, protocol=0, realSessionID='', regType='', , sinkIp='', sourceAPPVersion='', sourceChannel='', sourceClientInfo='', sourceDeviceInfo='', sourceDeviceModel='', sourceDeviceName='', sourceDeviceType=0, sourceHID='', , sourceInfo='', , , sourceOSVersion='', sourceSDKVersion='', sourceUid='', stopDetail=0, stopReason=0, tailduration=0, url='', urlID='', urls=null, userAgent='', videoDecoder=0, volume=0, what=202}com.hpplay.sdk.sink.protocol.OutParameters@aea497b
01-08 01:33:42.421 I/hpplay-java( 2713): [Thread-117]:Bridge:notify: address:138867608
01-08 01:33:42.422 D/hpplay-base( 2713): [LelinkBase:645] stopServerThreadFunc notifyJavaServerStoped!
01-08 01:33:42.422 I/hpplay-java( 2713): [main]:ServerTaskManager:startTimeOutCheck
01-08 01:33:42.422 I/hpplay-java( 2713): [main]:ServerBusiness:stopDaemonBusiness
01-08 01:33:42.422 I/hpplay-java( 2713): [main]:SinkDataReport:logout
01-08 01:33:42.423 I/hpplay-java( 2713): [main]:EPControl:release
01-08 01:33:42.426 I/hpplay-java( 2713): [main]:Dispatcher:notifyAllReverseControlsStop
01-08 01:33:42.427 I/hpplay-java( 2713): [main]:Preference:checkFeature none
01-08 01:33:42.427 I/hpplay-java( 2713): [main]:Dispatcher:notifyAllUIControlsStop set: []
01-08 01:33:42.427 I/hpplay-java( 2713): [main]:Bridge:findServiceID start out: 138867608
01-08 01:33:42.427 I/hpplay-java( 2713): [main]:Bridge:findServiceID end
01-08 01:33:42.427 I/hpplay-java( 2713): [main]:ServerTaskManager:onStop retry:true
01-08 01:33:42.427 I/hpplay-java( 2713): [main]:ServerTaskManager:cancelTimeOutCheck
01-08 01:33:42.427 W/hpplay-java( 2713): NanoHTTPDServerRunnable:Communication with the client broken
01-08 01:33:42.427 W/hpplay-java( 2713): java.net.SocketException: Socket closed
01-08 01:33:42.427 W/hpplay-java( 2713): at java.net.PlainSocketImpl.socketAccept(PlainSocketImpl.java:213)
01-08 01:33:42.427 W/hpplay-java( 2713): at java.net.AbstractPlainSocketImpl.accept(AbstractPlainSocketImpl.java:451)
01-08 01:33:42.427 W/hpplay-java( 2713): at java.net.ServerSocket.implAccept(ServerSocket.java:547)
01-08 01:33:42.427 W/hpplay-java( 2713): at java.net.ServerSocket.accept(ServerSocket.java:515)
01-08 01:33:42.427 W/hpplay-java( 2713): at com.hpplay.nanohttpd.protocols.http.ServerRunnable.run(SourceFile:118)
01-08 01:33:42.427 W/hpplay-java( 2713): at java.lang.Thread.run(Thread.java:920)
01-08 01:33:42.427 I/hpplay-java( 2713): NanoHTTPDNanoHTTPD:server is stoped
01-08 01:33:42.428 I/hpplay-java( 2713): NanoHTTPDNanoHTTPD:clear obj
01-08 01:33:42.428 I/hpplay-java( 2713): [main]:IPManager:getActiveNets type: WIFI
01-08 01:33:42.428 I/hpplay-java( 2713): [main]:IPManager:getActiveNets eth0:false wifi:true mobile:false ap:false
01-08 01:33:42.428 I/hpplay-java( 2713): [main]:IPManager:getIPAddress IP_WLAN0
01-08 01:33:42.431 I/hpplay-java( 2713): [main]:IPManager:updateIPAddress getIPAddress: 192.168.4.16 name:vlan4
01-08 01:33:42.431 I/hpplay-java( 2713): [main]:IPManager:updateIPAddress getIPAddress: 192.168.124.22 name:wlan0
01-08 01:33:42.431 I/hpplay-java( 2713): [main]:IPManager:updateIPAddress getIPAddress: 192.168.8.16 name:vlan8
01-08 01:33:42.431 I/hpplay-java( 2713): [main]:IPManager:updateIPAddress getIPAddress: 192.168.11.16 name:vlan11
01-08 01:33:42.431 I/hpplay-java( 2713): [main]:IPManager:updateIPAddress getIPAddress: 192.168.0.16 name:vlan0
01-08 01:33:42.432 I/hpplay-java( 2713): [main]:IPManager:updateIPAddress getIPAddress: 192.168.2.16 name:vlan2
01-08 01:33:42.432 I/hpplay-java( 2713): [main]:IPManager:updateIPAddress getIPAddress: 192.168.1.16 name:vlan1
01-08 01:33:42.432 I/hpplay-java( 2713): [main]:ServerTaskManager:exeTask startServer
01-08 01:33:42.433 I/hpplay-java( 2713): [main]:ServerTaskManager:startTimeOutCheck
01-08 01:33:42.433 I/hpplay-java( 2713): [AsyncTask #20]:GlideCreator:clearCache clearDiskCache
01-08 01:33:42.434 I/hpplay-java( 2713): [AsyncTask #26]:ServerBusiness:startDaemonBusiness
01-08 01:33:42.434 I/hpplay-java( 2713): [AsyncTask #26]:TimeOutCheckUtil:addTask id:upgrade
01-08 01:33:42.434 I/hpplay-java( 2713): [AsyncTask #24]:Bridge:assembleInParameters
01-08 01:33:42.434 I/hpplay-java( 2713): [AsyncTask #26]:TimeOutCheckUtil:addTask id:ijkupgrade
01-08 01:33:42.435 I/hpplay-java( 2713): [AsyncTask #24]:Bridge:createDeviceId deviceId:YTQ6MWE6NWI6N2U6YTg6MDY=
01-08 01:33:42.435 I/hpplay-java( 2713): [AsyncTask #24]:IPManager:getActiveNets type: WIFI
01-08 01:33:42.435 I/hpplay-java( 2713): [AsyncTask #24]:IPManager:getActiveNets eth0:false wifi:true mobile:false ap:false
01-08 01:33:42.435 I/hpplay-java( 2713): [AsyncTask #24]:IPManager:getIPAddress IP_WLAN0
01-08 01:33:42.436 I/hpplay-java( 2713): [AsyncTask #24]:Preference:checkFeature none
01-08 01:33:42.436 I/hpplay-java( 2713): [AsyncTask #24]:SWI:dlna tip
01-08 01:33:42.436 I/hpplay-java( 2713): [AsyncTask #24]:SWI:lefp tip
01-08 01:33:42.436 I/hpplay-java( 2713): [AsyncTask #24]:Bridge:assembleInParameters none alias name use device name: 高合娱乐副屏
01-08 01:33:42.436 I/hpplay-java( 2713): [AsyncTask #24]:Feature:isSendAdvertisement
01-08 01:33:42.436 I/hpplay-java( 2713): [AsyncTask #24]:Preference:checkFeature none
01-08 01:33:42.437 I/hpplay-java( 2713): NanoHTTPDNanoHTTPD:server is started
01-08 01:33:42.437 I/hpplay-java( 2713): [AsyncTask #24]:Preference:checkFeature none
01-08 01:33:42.437 I/hpplay-java( 2713): [AsyncTask #24]:Bridge:backupHpplayDat bakPath:
01-08 01:33:42.437 I/hpplay-java( 2713): [AsyncTask #24]:Bridge:path:/data/user/0/com.hht.lebocast/files/hpplay/file/happyplay.dat
01-08 01:33:42.437 I/hpplay-java( 2713): [AsyncTask #24]:Bridge:mAppId:21409
01-08 01:33:42.437 I/hpplay-java( 2713): [AsyncTask #24]:Bridge:mode:3
01-08 01:33:42.437 I/hpplay-java( 2713): [AsyncTask #24]:Bridge:type:1
01-08 01:33:42.437 I/hpplay-java( 2713): [AsyncTask #24]:Bridge:SN:
01-08 01:33:42.437 I/hpplay-java( 2713): [AsyncTask #24]:Preference:checkFeature none
01-08 01:33:42.437 I/hpplay-java( 2713): [AsyncTask #24]:Bridge:backPath:
01-08 01:33:42.437 I/hpplay-java( 2713): [AsyncTask #24]:DeviceUtil:getPermissionDid: 1
01-08 01:33:42.437 I/hpplay-java( 2713): [AsyncTask #24]:DeviceUtil:getPermissionDid: 1
01-08 01:33:42.438 I/hpplay-java( 2713): [AsyncTask #24]:BPIFileUtil:getMd5ByFile: 0FA04FD08975C81CDD9275F6AE23A020
01-08 01:33:42.438 I/hpplay-java( 2713): [AsyncTask #24]:Preference:checkFeature none
01-08 01:33:42.438 I/hpplay-java( 2713): [AsyncTask #24]:Preference:checkFeature none
01-08 01:33:42.438 I/hpplay-java( 2713): [AsyncTask #24]:Preference:checkFeature none
01-08 01:33:42.438 I/hpplay-java( 2713): [AsyncTask #24]:Preference:checkFeature none
01-08 01:33:42.438 I/hpplay-java( 2713): [AsyncTask #24]:Preference:checkFeature none
01-08 01:33:42.446 W/hpplay-java( 2713): [AsyncTask #26]:ServerBusiness:startDaemonBusiness start LelinkHTTPD sucess 52288
01-08 01:33:42.448 I/hpplay-java( 2713): [main]:ServerBusiness:get deviceCode:2326366951
01-08 01:33:42.456 W/hpplay-java( 2713): [AsyncTask #24]:DeviceUtils:getDomain create lb domain
01-08 01:33:42.457 I/hpplay-java( 2713): [AsyncTask #24]:Feature:getMirrorAudioVideoSync DISABLE
01-08 01:33:42.457 I/hpplay-java( 2713): [AsyncTask #24]:Feature:checkSupportRedirectOtherApp,no set redirect api
01-08 01:33:42.457 I/hpplay-java( 2713): [AsyncTask #24]:Feature:getRedirectSearchFlag,value: 0
01-08 01:33:42.458 I/hpplay-java( 2713): [AsyncTask #24]:Bridge:mIn: InParameters{appInfo='0', appKey='21409', authMode=0, authPwd='null', broadcastDirection=0, broadcastState=1, broadcastTimeout=3, buildType='release', cacheAVPath='/data/user/0/com.hht.lebocast/cache/hpplay/av', cachePhotoPath='/data/user/0/com.hht.lebocast/cache/hpplay/image', channel='LEBO-APK--60146-25915', desPath='/data/user/0/com.hht.lebocast/files/hpplay/file/config/dcf', , deviceName='高合娱乐副屏', dlna=1, dlnaCompany='Microsoft Corporation', dlnaCompanyURL='http://www.microsoft.com', dlnaDeviceDescribe='Media Renderer', dlnaDeviceName='Windows Media Player', dlnaDeviceURL='http://go.microsoft.com/fwlink/Linkld=105927', dlnaLelinkSwitch=1, dlnaManufacturer=0, dlnaName='高合娱乐副屏', dlnaUPC='null', dlnaUUID='774c117d-0217-0fc4-1a60-e56e55fcc56d', domain='Lebo-figure-42ab7764ca4f', drainage=0, feature='6655', fps=60, height=1080, host='null', , keyPath='/data/user/0/com.hht.lebocast/files/hpplay/file', lelinkfp=1, lelinkfp2=0, logBaseState=1, logPath='/storage/emulated/0/com.hht.lebocast/sink/sdk/common', , mdnsEnable=1, mirrorSyncType=0, netCastVer='2.0', packageName='com.hht.lebocast', packagePath='/data/user/0/com.hht.lebocast', permissionDid='42:ab:77:64:ca:4f', permissionMode=3, permissionPreSN='', port=0, preemptMode=0, regType='_leboremote._tcp.', serverPorts=null, sockWaitTimeOut=45, teleControlPort=53388, tunnels=3, txtKeys=null, txtValues=null, uid='2755248317583304728', videoFrameType=1001, width=1920}com.hpplay.sdk.sink.protocol.InParameters@32f9367
01-08 01:33:42.459 I/hpplay-java( 2713): [main]:Bridge:startServer state: 0
01-08 01:33:42.459 D/hpplay-base( 2713): [jniBridge:185] not conference version
01-08 01:33:42.459 I/hpplay-base( 2713): [jniBridge:241] 1initServer nSettingWidth=1920 nSettingHeight=1080 nSettingMaxFPS=60 dlnaEnable=1 lelinkFpEnable=1
01-08 01:33:42.459 D/hpplay-base( 2713): [jniBridge:283] 1initServer cfg.leLinkIp=192.168.124.22
01-08 01:33:42.459 D/hpplay-base( 2713): [jniBridge:286] 1initServer cfg.mPermissionMode=3
01-08 01:33:42.459 D/hpplay-base( 2713): [jniBridge:304] 1initServer cfg.permissionDid=42:ab:77:64:ca:4f000000000000000
01-08 01:33:42.459 D/hpplay-base( 2713): [jniBridge:313] 1initServer cfg.mPermissionPreSN=00000000000000000000000000000000
01-08 01:33:42.459 D/hpplay-base( 2713): [jniBridge:317] Bridge___1initServer status:0
01-08 01:33:42.459 I/hpplay-base( 2713): [jniBridge:325] 1initServer cfg.feature=6655
01-08 01:33:42.459 D/hpplay-base( 2713): [jniBridge:377] 1initServer isSendBroadCast=3
01-08 01:33:42.459 D/hpplay-base( 2713): [jniBridge:380] 1initServer broadcastDirection=0
01-08 01:33:42.459 D/hpplay-base( 2713): [jniBridge:382] 1initServer ipBroadcast direction=0
01-08 01:33:42.459 D/hpplay-base( 2713): [jniBridge:387] 1initServer tunnel=3
01-08 01:33:42.459 D/hpplay-base( 2713): [jniBridge:390] 1initServer drainage=0
01-08 01:33:42.459 D/hpplay-base( 2713): [jniBridge:401] 1initServer mDNSEnable=1
01-08 01:33:42.459 D/hpplay-base( 2713): [jniBridge:406] 1initServer nSockWaitTimeOut=45
01-08 01:33:42.459 D/hpplay-base( 2713): [jniBridge:410] 1initServer nMirrorAudioVideoSync=0
01-08 01:33:42.459 I/hpplay-base( 2713): [sign_check:168] checkSign strPackageName:com.hht.lebocast
01-08 01:33:42.459 I/hpplay-base( 2713): [sign_check:169] checkSign buildType:release
01-08 01:33:42.459 I/hpplay-base( 2713): [sign_check:170] checkSign appKey:21409
01-08 01:33:42.459 D/hpplay-base( 2713): [LelinkBase:405] bridgeInit port: 0, lelinkfp: 0
01-08 01:33:42.459 D/hpplay-base( 2713): [LelinkBase:462] bridgeInit mPackagePath =/data/user/0/com.hht.lebocast
01-08 01:33:42.459 D/hpplay-base( 2713): [LelinkBase:463] bridgeInit mKeyPath =/data/user/0/com.hht.lebocast/files/hpplay/file
01-08 01:33:42.459 D/hpplay-base( 2713): [SinkContext:97] initSinkContext mPackagePath =/data/user/0/com.hht.lebocast
01-08 01:33:42.459 D/hpplay-base( 2713): [SinkContext:98] initSinkContext mKeyPath =/data/user/0/com.hht.lebocast/files/hpplay/file
01-08 01:33:42.459 D/hpplay-base( 2713): [jniBridge:478] Java_com_hpplay_sdk_sink_protocol_Bridge__1initServer end
01-08 01:33:42.459 D/hpplay-base( 2713): [jniBridge:869] Bridge__1startServer status:1
01-08 01:33:42.460 D/hpplay-base( 2713): [LelinkBase:492] startAllServer at base
01-08 01:33:42.460 D/hpplay-base( 2713): [lelinkSinkServer:152] httpPlugins_SetServerPort TYPE_SERVER_LELINK:52266
01-08 01:33:42.460 D/hpplay-base( 2713): [network.c:362] protocol bind host :192.168.124.22 port:52266 curent bind port:52266
01-08 01:33:42.460 D/hpplay-base( 2713): [lelinkSinkServer:681] HTTP Server real at:52266
01-08 01:33:42.460 D/hpplay-base( 2713): [lelinkSinkServer:644] Connected Service Type:0
01-08 01:33:42.460 I/hpplay-base( 2713): : (server.c.315) startServer listen_ing....:
01-08 01:33:42.461 D/hpplay-base( 2713): [Server:371] startHttpServer srv_sockets.used:1 nCurrentFd:105, tid is 6321
01-08 01:33:42.461 D/hpplay-base( 2713): [ScreenStream:1285] current bind port:7100
01-08 01:33:42.461 D/hpplay-base( 2713): [LelinkBase:515] startAllServer pBaseContext->config.dlnaEnable:1
01-08 01:33:42.461 D/hpplay-base( 2713): [lelinkDlna:324] addDMRCallback end
01-08 01:33:42.461 D/hpplay-base( 2713): [stream_mirror_compat:759] compat mirror stream begin to run,server fd:108,thread_id:3110265280!!
01-08 01:33:42.462 E/hpplay-base-dlna( 2713): miniserver.c:788::dlna_port(ipv4: 49152 ipv6:0)
01-08 01:33:42.463 D/hpplay-base-dlna( 2713): [lebodlna-dlnaframe:166] succeed to load lebodlnaplugin
01-08 01:33:42.463 D/hpplay-base-dlna( 2713): [lebodlna-dlnaframe:232] Succeed to load specified plugin:lebodlna_plugin
01-08 01:33:42.463 D/hpplay-base( 2713): [lelinkDlna:328] startDLNAServer ret=0
01-08 01:33:42.463 D/hpplay-base( 2713): [LelinkBase:531] startDLNAServer ret= 0
01-08 01:33:42.463 D/hpplay-base( 2713): [lelinkDlna:342] setDMRFriendlyName 高合娱乐副屏
01-08 01:33:42.463 D/hpplay-base-dlna( 2713): [lebodlna-dlna_android:136] setBroadcastTimeout mBroadcastTimeOut=66 status=3!
01-08 01:33:42.463 D/hpplay-base-dlna( 2713): [lebodlna_api:32] start DMR
01-08 01:33:42.463 D/hpplay-base-dlna( 2713): [UpnpDefine:434] RegisterDMRender invalid lelink info
01-08 01:33:42.463 D/hpplay-base-dlna( 2713): [UpnpDefine:551] DLNA DESCRIPTION FROME SERVER
01-08 01:33:42.465 E/hpplay-base-dlna( 2713): upnpapi.c:1078::Exiting RegisterRootDevice2 *Hnd =1, return value == 0
01-08 01:33:42.465 D/hpplay-base-dlna( 2713): [CUpnpDevice:41] Register Root Device 2:0
01-08 01:33:42.465 D/hpplay-base-dlna( 2713): [UpnpDefine:794] ESDMRender:Register success
01-08 01:33:42.465 D/hpplay-base-dlna( 2713): [lebodlna_api:41] sendBroadcast mBroadcastTimeOut=3
01-08 01:33:42.465 D/hpplay-base-dlna( 2713): [lebodlna_api:44] sendBroadcast timeout=66
01-08 01:33:42.519 D/hpplay-base( 2713): [lelinkDlna:361] startDLNADevice dlnaManufacturer:0 ret=0
01-08 01:33:42.519 D/hpplay-base( 2713): [LelinkBase:535] lelinkSetDlnaInfo ret= 0
01-08 01:33:42.519 D/hpplay-base( 2713): [LelinkBase:547] startAllServer pBaseContext->config.mDNSEnable:1
01-08 01:33:42.519 D/hpplay-base( 2713): [base_mdns:509] mdns net.hostname:
01-08 01:33:42.519 D/hpplay-base( 2713): [base_mdns:529] mdns namelabel:-36-7C-7C-00-00-0F
01-08 01:33:42.520 D/hpplay-base( 2713): [base_mdns:509] mdns net.hostname:
01-08 01:33:42.520 D/hpplay-base( 2713): [base_mdns:529] mdns namelabel:-36-7C-7C-00-00-0F
01-08 01:33:42.520 D/hpplay-base( 2713): [mdns:813] mdns start bind port:0
01-08 01:33:42.521 D/hpplay-base( 2713): [mdns:813] mdns start bind port:5353
01-08 01:33:42.522 D/hpplay-base( 2713): [mdns:813] mdns start bind port:5353
01-08 01:33:42.522 D/hpplay-base( 2713): [mdns:813] mdns start bind port:5353
01-08 01:33:42.522 D/hpplay-base( 2713): [mdns:813] mdns start bind port:5353
01-08 01:33:42.522 D/hpplay-base( 2713): [mdns:813] mdns start bind port:5353
01-08 01:33:42.522 D/hpplay-base( 2713): [mdns:813] mdns start bind port:5353
01-08 01:33:42.522 D/hpplay-base( 2713): [mdns:813] mdns start bind port:5353
01-08 01:33:42.523 I/hpplay-base( 2713): [mDNSEmbeded:57] embedded_mDNSInit stopmDNSNow:0 status:0
01-08 01:33:42.523 D/hpplay-base( 2713): [mDNSEmbeded:436] startmDNSServer end nRet=0
01-08 01:33:42.523 D/hpplay-base( 2713): [LelinkBase:555] lelink broadcast_on_off:1 log2java_on_off:1
01-08 01:33:42.523 D/hpplay-base( 2713): [AEventUtils:595] request to start event handle service!!
01-08 01:33:42.523 D/hpplay-base( 2713): [AEventUtils:603] start_event_handle_service,begin to run!!
01-08 01:33:42.523 D/hpplay-base( 2713): [mDNSEmbeded:197] http_port bind check 197 http_port_check
01-08 01:33:42.523 I/hpplay-base( 2713): [mDNSEmbeded:268] start lelink publish server, tid is 6340
01-08 01:33:42.523 D/hpplay-base( 2713): [REventUtils:210] start_event_handle_service,begin to run!!
01-08 01:33:42.524 D/hpplay-base( 2713): [LelinkMDNS:729] leboAuthorizationCheck strUuid=42:ab:77:64:ca:4f000000000000000
01-08 01:33:42.524 D/hpplay-base( 2713): [LelinkMDNS:730] leboAuthorizationCheck mPermissionDid=42:ab:77:64:ca:4f000000000000000
01-08 01:33:42.524 D/hpplay-base( 2713): [LelinkMDNS:755] leboAuthorizationCheck mPermissionMac=42:ab:77:64:ca:4f000000000000000
01-08 01:33:42.525 D/hpplay-base( 2713): [AEventUtils:171] create handle AEvent thread ok!!,tid is 6342
01-08 01:33:42.525 D/hpplay-base( 2713): [LelinkBase:576] startAllServer success .
01-08 01:33:42.525 D/hpplay-base( 2713): [REventUtils:59] create handleREventThread thread ok!!,tid is 6343
01-08 01:33:42.525 D/hpplay-base( 2713): [jniBridge:894] startDlna_link:http://192.168.124.22:49152/description.xml
01-08 01:33:42.526 I/hpplay-java( 2713): [main]:Upgrade:upgrade not be allowed
01-08 01:33:42.526 D/hpplay-base( 2713): [mDNSEmbeded:217] http_port bind check 217 http_port_check
01-08 01:33:42.526 D/hpplay-base( 2713): [mDNSEmbeded:222] http_port bind check 222 http_port_check
01-08 01:33:42.526 D/hpplay-base( 2713): [jniBridge:1081] notifyJavaDlnalink:http://192.168.124.22:49152/description.xml
01-08 01:33:42.526 D/hpplay-base( 2713): [jniBridge:1726] notifyJava, what:207, castType:0, mimeType:0 baseStatus:2
01-08 01:33:42.526 D/hpplay-base( 2713): [jniBridge:1727] notifyJava sessionID:(null)
01-08 01:33:42.527 I/hpplay-java( 2713): [Thread-119]:Bridge:notify: what: 207
01-08 01:33:42.528 D/hpplay-base( 2713): [mDNSEmbeded:234] http_port bind check 234 http_port_check port:52266
01-08 01:33:42.528 I/hpplay-java( 2713): [Thread-119]:Bridge:notify: out: OutParameters:{audioSessionId=-1, audiotrackIndex=0, castHandleType=-1, castType=0, deviceName='http://192.168.124.22:49152/description.xml', dlnaName='', dramaID='', extra=0, frameHandleType=-1, handleInside=true, headduration=0, header='', headers=null, isAD=false, isMultiMirror=false, lelinkVer='', limitTime=0, , mediaAlbum='null', mediaAlbumArtURI='', mediaArtist='null', mediaAssets='', mediaTitle='null', mimeType=0, multiSession=null, period=0, pinCode='', playSpeed=0.0, playerChoice=0, plugin=0, port=0, position=0.0, positionUnit=2, protocol=0, realSessionID='', regType='', , sinkIp='', sourceAPPVersion='', sourceChannel='', sourceClientInfo='', sourceDeviceInfo='', sourceDeviceModel='', sourceDeviceName='', sourceDeviceType=0, sourceHID='', , sourceInfo='', , , sourceOSVersion='', sourceSDKVersion='', sourceUid='', stopDetail=0, stopReason=0, tailduration=0, url='', urlID='', urls=null, userAgent='', videoDecoder=0, volume=0, what=207}com.hpplay.sdk.sink.protocol.OutParameters@8e4a3ae
01-08 01:33:42.528 D/hpplay-base( 2713): [mDNSEmbeded:237] http_port bind check 237 http_port_check
01-08 01:33:42.529 D/hpplay-base( 2713): [lelinkSinkServer:93] new client connection from 127.0.0.1 31948, fd=189
01-08 01:33:42.529 D/hpplay-base( 2713): [SinkContext:137] addSinkContextSession,begin to run!!
01-08 01:33:42.529 D/hpplay-base( 2713): [SinkContext:142] addSinkContextSession,begin to get lock!!
01-08 01:33:42.529 D/hpplay-base( 2713): [SinkContext:144] addSinkContextSession,get lock ok!!
01-08 01:33:42.529 D/hpplay-base( 2713): [SinkContext:149] addSinkContextSession,session list is null,begin to malloc!!
01-08 01:33:42.529 D/hpplay-base( 2713): [SinkContext:156] addSinkContextSession,begin to update!!
01-08 01:33:42.529 D/hpplay-base( 2713): [SinkContext:160] addSinkContextSession,begin to update header!!
01-08 01:33:42.529 D/hpplay-base( 2713): [SinkContext:172] addSinkContextSession,begin to unlock!!
01-08 01:33:42.529 D/hpplay-base( 2713): [SinkContext:174] addSinkContextSession,unlock ok!!
01-08 01:33:42.529 I/hpplay-java( 2713): [Thread-119]:Bridge:notify: address:164422991
01-08 01:33:42.530 D/hpplay-base( 2713): [LelinkReceiver:4908] get ping !!!
01-08 01:33:42.530 D/hpplay-base( 2713): [mDNSEmbeded:240] http_port bind check 240 http_port_check recieved:64
01-08 01:33:42.530 D/hpplay-base( 2713): [mDNSEmbeded:243] http_port bind check 243 http_port_check
01-08 01:33:42.530 D/hpplay-base( 2713): [mDNSEmbeded:244] http_port bind check ok!
01-08 01:33:42.540 I/hpplay-java( 2713): [AsyncTask #22]:HttpRequest:doGet responseCode:200 0
01-08 01:33:42.731 I/hpplay-base( 2713): [LelinkReceiver:14605] _connectionFinalize (189)
01-08 01:33:42.731 D/hpplay-base( 2713): [LelinkReceiver:14752] ###connectionFinalize,release ok!!###
01-08 01:33:42.786 D/hpplay-base( 2713): [LelinkMDNS:766] devicePermissionPublic leboPermissionCheck:-2
01-08 01:33:42.786 D/hpplay-base( 2713): [jniBridge:1125] com_hpplay_sdk_sink_protocol_Bridge_WHAT_SERVER_ERROR
01-08 01:33:42.786 D/hpplay-base( 2713): [jniBridge:1726] notifyJava, what:204, castType:0, mimeType:0 baseStatus:2
01-08 01:33:42.786 D/hpplay-base( 2713): [jniBridge:1727] notifyJava sessionID:(null)
01-08 01:33:42.787 I/hpplay-java( 2713): [Thread-120]:Bridge:notify: what: 204
01-08 01:33:42.789 I/hpplay-java( 2713): [Thread-120]:Bridge:notify: out: OutParameters:{audioSessionId=-1, audiotrackIndex=0, castHandleType=-1, castType=0, deviceName='', dlnaName='', dramaID='', extra=-2002, frameHandleType=-1, handleInside=true, headduration=0, header='', headers=null, isAD=false, isMultiMirror=false, lelinkVer='', limitTime=0, , mediaAlbum='null', mediaAlbumArtURI='', mediaArtist='null', mediaAssets='', mediaTitle='null', mimeType=0, multiSession=null, period=0, pinCode='', playSpeed=0.0, playerChoice=0, plugin=0, port=0, position=0.0, positionUnit=2, protocol=0, realSessionID='', regType='', , sinkIp='', sourceAPPVersion='', sourceChannel='', sourceClientInfo='', sourceDeviceInfo='', sourceDeviceModel='', sourceDeviceName='', sourceDeviceType=0, sourceHID='', , sourceInfo='', , , sourceOSVersion='', sourceSDKVersion='', sourceUid='', stopDetail=0, stopReason=0, tailduration=0, url='', urlID='', urls=null, userAgent='', videoDecoder=0, volume=0, what=204}com.hpplay.sdk.sink.protocol.OutParameters@435e4dc
01-08 01:33:42.789 I/hpplay-java( 2713): [Thread-120]:Bridge:notify: address:81111525
01-08 01:33:42.789 I/hpplay-java( 2713): [main]:Bridge:findServiceID start out: 81111525
01-08 01:33:42.789 I/hpplay-base( 2713): [mDNSEmbeded:79] embedded_mDNSLoop stopmDNSNow:0 nPublish:-2 nExitFlag:6 tid is 6339
01-08 01:33:42.789 I/hpplay-java( 2713): [main]:Bridge:findServiceID end
01-08 01:33:42.789 E/hpplay-java( 2713): [main]:ServerTaskManager:onError 204/-2002 com.hht.lebocast.LelinkHelper$e@1c2de7f
01-08 01:33:42.789 I/hpplay-java( 2713): [main]:ServerTaskManager:cancelTimeOutCheck
01-08 01:33:42.790 W/hpplay-java( 2713): [main]:ServerTaskManager:onErrorDispatcher errorCode:-2002
01-08 01:33:42.790 I/hpplay-java( 2713): [main]:ServerTaskManager:onError retry later
01-08 01:33:42.791 I/mpu_uart( 640): [MSG-P:RECV]:No message received in 1000 ms
01-08 01:33:42.892 I/input_interaction( 1526): Interaction with: 1bc00b2 com.android.launcher3/com.android.launcher3.uioverrides.QuickstepLauncher (server), fe7e613 com.android.systemui.ImageWallpaper (server), edge-swipe (server), swipe-up (server), PointerEventDispatcher0 (server),
01-08 01:33:42.895 I/hpplay-java( 2713): [AsyncTask #19]:HttpRequest:doGet responseCode:200 0
01-08 01:33:42.963 I/auditd ( 0): type=1400 audit(0.0:696): avc: denied { kill } for comm="swapper/2" capability=5 scontext=u:r:kernel:s0 tcontext=u:r:kernel:s0 tclass=capability permissive=0
01-08 01:33:42.963 W/swapper/2( 0): type=1400 audit(0.0:696): avc: denied { kill } for capability=5 scontext=u:r:kernel:s0 tcontext=u:r:kernel:s0 tclass=capability permissive=0
01-08 01:33:43.294 D/Launcher( 2543): startEditMode:
01-08 01:33:43.298 D/StateManager( 2543): goToState: EditMode
01-08 01:33:43.299 D/EditModeHelper( 2543): setHotseatVisibility: 8
01-08 01:33:43.302 D/FreeWindowHelper( 2543): enterOrExitRecentTasks: isEnterRecentTasks=true,mExitFlag=0
01-08 01:33:43.303 D/vendor.qti.vibrator( 844): Vibrator perform effect 5
01-08 01:33:43.304 D/vendor.qti.vibrator( 844): Vibrator on for timeoutMs: 1
01-08 01:33:43.305 D/vendor.qti.vibrator( 844): Starting on on another thread
01-08 01:33:43.305 D/vendor.qti.vibrator( 844): QTI Vibrator off
01-08 01:33:43.306 D/vendor.qti.vibrator( 844): Notifying on complete
01-08 01:33:43.326 D/vendor.qti.vibrator( 844): Vibrator on for timeoutMs: 21
01-08 01:33:43.327 D/vendor.qti.vibrator( 844): Starting on on another thread
01-08 01:33:43.337 I/OpenGLRenderer( 2543): Davey! duration=9223371876435ms; Flags=0, FrameTimelineVsyncId=8190, IntendedVsync=160419241348, Vsync=160419241348, InputEventId=757157538, HandleInputStart=160419649989, AnimationStart=160419652333, PerformTraversalsStart=160419804416, DrawStart=160426120718, FrameDeadline=160440574680, FrameInterval=160419643374, FrameStartTime=16666666, SyncQueued=160429021239, SyncStart=160429246187, IssueDrawCommandsStart=160429804781, SwapBuffers=160434586395, FrameCompleted=9223372036854775807, DequeueBufferDuration=47344, QueueBufferDuration=863541, GpuCompleted=9223372036854775807, SwapBuffersCompleted=160436118531, DisplayPresentTime=0,
01-08 01:33:43.348 I/OMX-VENC: venc_dev( 1222): stats: avg. fps 5.78, bitrate 313957
01-08 01:33:43.348 D/vendor.qti.vibrator( 844): Notifying on complete
01-08 01:33:43.349 D/vendor.qti.vibrator( 844): QTI Vibrator off
01-08 01:33:43.508 I/commit_sys_config_file( 1526): [settings-1-0,7]
01-08 01:33:43.792 I/mpu_uart( 640): [MSG-P:RECV]:No message received in 1000 ms
01-08 01:33:43.884 I/mpu_uart( 640): [MSG-P:R]:recv sync frame timeout
01-08 01:33:43.963 I/auditd ( 0): type=1400 audit(0.0:697): avc: denied { kill } for comm="swapper/2" capability=5 scontext=u:r:kernel:s0 tcontext=u:r:kernel:s0 tclass=capability permissive=0
01-08 01:33:43.963 W/swapper/2( 0): type=1400 audit(0.0:697): avc: denied { kill } for capability=5 scontext=u:r:kernel:s0 tcontext=u:r:kernel:s0 tclass=capability permissive=0
01-08 01:33:44.593 I/OMX-VENC: venc_dev( 1222): stats: avg. fps 8.83, bitrate 1549990
01-08 01:33:44.793 I/mpu_uart( 640): [MSG-P:RECV]:No message received in 1000 ms
01-08 01:33:44.963 I/auditd ( 0): type=1400 audit(0.0:698): avc: denied { kill } for comm="swapper/2" capability=5 scontext=u:r:kernel:s0 tcontext=u:r:kernel:s0 tclass=capability permissive=0
01-08 01:33:44.963 W/swapper/2( 0): type=1400 audit(0.0:698): avc: denied { kill } for capability=5 scontext=u:r:kernel:s0 tcontext=u:r:kernel:s0 tclass=capability permissive=0
01-08 01:33:45.595 I/OMX-VENC: venc_dev( 1222): stats: avg. fps 1.00, bitrate 28067
01-08 01:33:45.792 I/hpplay-java( 2713): [main]:ServerTaskManager:restart by error
01-08 01:33:45.792 I/hpplay-java( 2713): [main]:ServerTaskManager:startServer
01-08 01:33:45.792 I/hpplay-java( 2713): [main]:ServerTaskManager:startServer add, reason: server is starting or running
01-08 01:33:45.792 I/hpplay-java( 2713): [main]:ServerTaskManager:addStopTask
01-08 01:33:45.793 I/hpplay-java( 2713): [main]:ServerTaskManager:addStartTask
01-08 01:33:45.793 I/hpplay-java( 2713): [main]:ServerTaskManager:exeTask stopServer
01-08 01:33:45.793 I/hpplay-java( 2713): [main]:Bridge:stopServer keepPush: false
01-08 01:33:45.793 D/hpplay-base( 2713): [jniBridge:909] Bridge__1stopServer status:2
01-08 01:33:45.794 D/hpplay-base( 2713): [LelinkBase:654] stopAllServer will start thread!
01-08 01:33:45.794 I/mpu_uart( 640): [MSG-P:RECV]:No message received in 1000 ms
01-08 01:33:45.797 D/hpplay-base( 2713): [AEventUtils:588] handle AEvent thread end!!,tid is 6342
01-08 01:33:45.798 D/hpplay-base( 2713): [REventUtils:197] handleREventThread thread end!!,tid is 6343
01-08 01:33:45.799 I/hpplay-base( 2713): [mDNSEmbeded:65] embedded_mDNSExit call
01-08 01:33:45.871 D/hpplay-base( 2713): [stream_mirror_compat:1284] mirror stream begin to exit,server fd:108,thread_id:3110265280!!
01-08 01:33:45.871 D/hpplay-base( 2713): [stream_mirror_compat:1323] ##screen stream exit successfully!!##
01-08 01:33:45.932 D/hpplay-base( 2713): [Server:447] startHttpServer will END srv->serverType:0
01-08 01:33:45.933 D/hpplay-base( 2713): [Server:646] startHttpServer cond srv_shutdown:1 connectNummber:0
01-08 01:33:45.933 D/hpplay-base( 2713): [Server:669] startHttpServer wait cond END. srv_shutdown:1 connectNummber:0
01-08 01:33:45.933 D/hpplay-base( 2713): [Server:457] HttpServer END, tid is 6321
01-08 01:33:45.963 I/auditd ( 0): type=1400 audit(0.0:699): avc: denied { kill } for comm="swapper/2" capability=5 scontext=u:r:kernel:s0 tcontext=u:r:kernel:s0 tclass=capability permissive=0
01-08 01:33:45.963 W/swapper/2( 0): type=1400 audit(0.0:699): avc: denied { kill } for capability=5 scontext=u:r:kernel:s0 tcontext=u:r:kernel:s0 tclass=capability permissive=0
01-08 01:33:46.229 D/Launcher( 2543): closeEditMode:
01-08 01:33:46.234 D/StateManager( 2543): goToState: Normal
01-08 01:33:46.234 D/EditModeHelper( 2543): setHotseatVisibility: 0
01-08 01:33:46.236 D/FreeWindowHelper( 2543): enterOrExitRecentTasks: isEnterRecentTasks=false,mExitFlag=0
01-08 01:33:46.237 W/FreeFormWindowHelper( 1526): exitRecentTasks type=0
01-08 01:33:46.245 W/View ( 2543): requestLayout() improperly called by com.android.launcher3.views.NoInsetView{73e83be V.ED..... ......ID 2038,0-2380,1020 #7f09007c app:id/bg_hotseat} during layout: running second layout pass
01-08 01:33:46.443 I/commit_sys_config_file( 1526): [settings-1-0,6]
01-08 01:33:46.507 I/hpplay-base( 2713): [mDNSEmbeded:140] embedded_mDNSLoop Exiting end,tid is 6339
01-08 01:33:46.508 D/hpplay-base( 2713): [mDNSEmbeded:452] stopmDNSServer end stopmDNSNow=2, nRet=0
01-08 01:33:46.605 I/OMX-VENC: venc_dev( 1222): stats: avg. fps 13.87, bitrate 1833555
01-08 01:33:46.725 I/hpplay-base( 2713): [mDNSEmbeded:376] end lelink publish server, tid is 6340
01-08 01:33:46.725 D/hpplay-base( 2713): [mDNSEmbeded:420] stopmLelinkServer end nRet=0
01-08 01:33:46.725 D/hpplay-base( 2713): [LelinkBase:615] lebodlna stopServerThreadFunc dlnaEnable:1
01-08 01:33:46.725 D/hpplay-base-dlna( 2713): [lebodlna_api:49] stop DMR
01-08 01:33:46.725 D/hpplay-base-dlna( 2713): [lebodlna_api:344] m_pRender Release
01-08 01:33:46.782 D/hpplay-base-dlna( 2713): [UpnpDefine:867] DMRender release success
01-08 01:33:46.782 D/hpplay-base-dlna( 2713): [lebodlna_api:352] m_pAVT Release
01-08 01:33:46.782 D/hpplay-base-dlna( 2713): [lebodlna_api:360] m_pRCS Release
01-08 01:33:46.782 D/hpplay-base-dlna( 2713): [lebodlna_api:365] dmrender destroydmr
01-08 01:33:46.795 I/mpu_uart( 640): [MSG-P:RECV]:No message received in 1000 ms
01-08 01:33:46.887 I/mpu_uart( 640): [MSG-P:R]:recv sync frame timeout
01-08 01:33:46.963 I/auditd ( 0): type=1400 audit(0.0:700): avc: denied { kill } for comm="swapper/1" capability=5 scontext=u:r:kernel:s0 tcontext=u:r:kernel:s0 tclass=capability permissive=0
01-08 01:33:46.963 W/swapper/1( 0): type=1400 audit(0.0:700): avc: denied { kill } for capability=5 scontext=u:r:kernel:s0 tcontext=u:r:kernel:s0 tclass=capability permissive=0
01-08 01:33:47.082 D/hpplay-base-dlna( 2713): [lebodlna-dlna_android:186] stopDLNA
01-08 01:33:47.082 D/hpplay-base-dlna( 2713): [lebodlna-dlna_android:189] dlnaservice destroy
01-08 01:33:47.082 D/hpplay-base-dlna( 2713): [lebodlna-dlna_android:49] dlnaservice Destroy 49 int CDlnaService::Destroy()
01-08 01:33:47.082 D/hpplay-base-dlna( 2713): [lebodlna-dlnaframe:245] dlnaservice Destroy 245 static ERROR_TYPE IDlnaFrame::DestroyDlnaFrame(IDlnaFrame *)
01-08 01:33:47.082 D/hpplay-base-dlna( 2713): [lebodlna-dlnaframe:179] dlnaservice Destroy 179 virtual void CDlnaFrame::Release()
01-08 01:33:47.082 D/hpplay-base-dlna( 2713): [lebodlna-dlnaframe:190] dlnaservice Destroy 190 virtual void CDlnaFrame::Release()
01-08 01:33:47.083 D/hpplay-base-dlna( 2713): [lebodlna-dlnaframe:192] dlnaservice Destroy 192 virtual void CDlnaFrame::Release()
01-08 01:33:47.083 D/hpplay-base-dlna( 2713): [lebodlna-dlnaframe:247] dlnaservice Destroy 247 static ERROR_TYPE IDlnaFrame::DestroyDlnaFrame(IDlnaFrame *)
01-08 01:33:47.083 D/hpplay-base-dlna( 2713): [lebodlna-dlnaframe:251] dlnaservice Destroy 251 static ERROR_TYPE IDlnaFrame::DestroyDlnaFrame(IDlnaFrame *)
01-08 01:33:47.085 E/hpplay-base-dlna( 2713): upnpapi.c:655::before gminiserver ThreadPoolShutdown
01-08 01:33:47.085 E/hpplay-base-dlna( 2713): ThreadPool.c:1047::on ThreadPoolShutdown tp->totalThreads:3
01-08 01:33:47.086 E/hpplay-base-dlna( 2713): ThreadPool.c:1047::on ThreadPoolShutdown tp->totalThreads:1
01-08 01:33:47.087 E/hpplay-base-dlna( 2713): ThreadPool.c:1056::after ThreadPoolShutdown
01-08 01:33:47.087 E/hpplay-base-dlna( 2713): ThreadPool.c:1057::ThreadPoolShutdown tp->totalThreads:0
01-08 01:33:47.087 E/hpplay-base-dlna( 2713): upnpapi.c:657::after gminiserver ThreadPoolShutdown
01-08 01:33:47.087 E/hpplay-base-dlna( 2713): upnpapi.c:659::before grecv ThreadPoolShutdown
01-08 01:33:47.088 E/hpplay-base-dlna( 2713): ThreadPool.c:1047::on ThreadPoolShutdown tp->totalThreads:12
01-08 01:33:47.088 E/hpplay-base-dlna( 2713): ThreadPool.c:1047::on ThreadPoolShutdown tp->totalThreads:11
01-08 01:33:47.089 E/hpplay-base-dlna( 2713): ThreadPool.c:1047::on ThreadPoolShutdown tp->totalThreads:9
01-08 01:33:47.089 E/hpplay-base-dlna( 2713): ThreadPool.c:1047::on ThreadPoolShutdown tp->totalThreads:4
01-08 01:33:47.089 E/hpplay-base-dlna( 2713): ThreadPool.c:1047::on ThreadPoolShutdown tp->totalThreads:3
01-08 01:33:47.090 E/hpplay-base-dlna( 2713): ThreadPool.c:1056::after ThreadPoolShutdown
01-08 01:33:47.090 E/hpplay-base-dlna( 2713): ThreadPool.c:1057::ThreadPoolShutdown tp->totalThreads:0
01-08 01:33:47.090 E/hpplay-base-dlna( 2713): upnpapi.c:661::after grecv ThreadPoolShutdown
01-08 01:33:47.090 E/hpplay-base-dlna( 2713): upnpapi.c:663::before gsend ThreadPoolShutdown
01-08 01:33:47.091 E/hpplay-base-dlna( 2713): ThreadPool.c:1047::on ThreadPoolShutdown tp->totalThreads:3
01-08 01:33:47.091 E/hpplay-base-dlna( 2713): ThreadPool.c:1047::on ThreadPoolShutdown tp->totalThreads:2
01-08 01:33:47.091 E/hpplay-base-dlna( 2713): ThreadPool.c:1056::after ThreadPoolShutdown
01-08 01:33:47.091 E/hpplay-base-dlna( 2713): ThreadPool.c:1057::ThreadPoolShutdown tp->totalThreads:0
01-08 01:33:47.091 E/hpplay-base-dlna( 2713): upnpapi.c:665::after gsend ThreadPoolShutdown
01-08 01:33:47.091 D/hpplay-base-dlna( 2713): [lebodlna-dlnaframe:253] dlnaservice Destroy 253 static ERROR_TYPE IDlnaFrame::DestroyDlnaFrame(IDlnaFrame *)
01-08 01:33:47.091 D/hpplay-base-dlna( 2713): [lebodlna-dlna_android:51] dlnaservice Destroy 51 int CDlnaService::Destroy()
01-08 01:33:47.091 D/hpplay-base-dlna( 2713): [lebodlna-dlna_android:194] stopDLNA end
01-08 01:33:47.392 D/hpplay-base( 2713): [stream_mirror_compat:1489] request to stop screen stream session!!
01-08 01:33:47.392 D/hpplay-base( 2713): [AEventUtils:625] begin to stop event handle service!!
01-08 01:33:47.392 D/hpplay-base( 2713): [AEventUtils:628] stop event handle service ok!!
01-08 01:33:47.392 D/hpplay-base( 2713): [REventUtils:231] begin to stop report handle service!!
01-08 01:33:47.392 D/hpplay-base( 2713): [REventUtils:234] stop report handle service ok!!
01-08 01:33:47.392 D/hpplay-base( 2713): [lelinkSinkServer:711] HTTP Server stopSinkServer End .
01-08 01:33:47.392 D/hpplay-base( 2713): [jniBridge:1135] notifyJavaServerStoped
01-08 01:33:47.392 D/hpplay-base( 2713): [jniBridge:1726] notifyJava, what:202, castType:0, mimeType:0 baseStatus:4
01-08 01:33:47.392 D/hpplay-base( 2713): [jniBridge:1727] notifyJava sessionID:(null)
01-08 01:33:47.394 I/hpplay-java( 2713): [Thread-121]:Bridge:notify: what: 202
01-08 01:33:47.395 I/hpplay-java( 2713): [Thread-121]:Bridge:notify: out: OutParameters:{audioSessionId=-1, audiotrackIndex=0, castHandleType=-1, castType=0, deviceName='', dlnaName='', dramaID='', extra=0, frameHandleType=-1, handleInside=true, headduration=0, header='', headers=null, isAD=false, isMultiMirror=false, lelinkVer='', limitTime=0, , mediaAlbum='null', mediaAlbumArtURI='', mediaArtist='null', mediaAssets='', mediaTitle='null', mimeType=0, multiSession=null, period=0, pinCode='', playSpeed=0.0, playerChoice=0, plugin=0, port=0, position=0.0, positionUnit=2, protocol=0, realSessionID='', regType='', , sinkIp='', sourceAPPVersion='', sourceChannel='', sourceClientInfo='', sourceDeviceInfo='', sourceDeviceModel='', sourceDeviceName='', sourceDeviceType=0, sourceHID='', , sourceInfo='', , , sourceOSVersion='', sourceSDKVersion='', sourceUid='', stopDetail=0, stopReason=0, tailduration=0, url='', urlID='', urls=null, userAgent='', videoDecoder=0, volume=0, what=202}com.hpplay.sdk.sink.protocol.OutParameters@49c876b
01-08 01:33:47.395 I/hpplay-java( 2713): [Thread-121]:Bridge:notify: address:262828744
01-08 01:33:47.395 D/hpplay-base( 2713): [LelinkBase:645] stopServerThreadFunc notifyJavaServerStoped!
01-08 01:33:47.396 I/hpplay-java( 2713): [main]:ServerTaskManager:startTimeOutCheck
01-08 01:33:47.396 I/hpplay-java( 2713): [main]:ServerBusiness:stopDaemonBusiness
01-08 01:33:47.396 I/hpplay-java( 2713): [main]:SinkDataReport:logout
01-08 01:33:47.397 I/hpplay-java( 2713): [main]:EPControl:release
01-08 01:33:47.399 I/hpplay-java( 2713): [AsyncTask #25]:GlideCreator:clearCache clearDiskCache
01-08 01:33:47.401 I/hpplay-java( 2713): [main]:Dispatcher:notifyAllReverseControlsStop
01-08 01:33:47.401 I/hpplay-java( 2713): [main]:Preference:checkFeature none
01-08 01:33:47.401 I/hpplay-java( 2713): [main]:Dispatcher:notifyAllUIControlsStop set: []
01-08 01:33:47.401 I/hpplay-java( 2713): [main]:Bridge:findServiceID start out: 262828744
01-08 01:33:47.401 W/hpplay-java( 2713): NanoHTTPDServerRunnable:Communication with the client broken
01-08 01:33:47.401 W/hpplay-java( 2713): java.net.SocketException: Socket closed
01-08 01:33:47.401 W/hpplay-java( 2713): at java.net.PlainSocketImpl.socketAccept(PlainSocketImpl.java:213)
01-08 01:33:47.401 W/hpplay-java( 2713): at java.net.AbstractPlainSocketImpl.accept(AbstractPlainSocketImpl.java:451)
01-08 01:33:47.401 W/hpplay-java( 2713): at java.net.ServerSocket.implAccept(ServerSocket.java:547)
01-08 01:33:47.401 W/hpplay-java( 2713): at java.net.ServerSocket.accept(ServerSocket.java:515)
01-08 01:33:47.401 W/hpplay-java( 2713): at com.hpplay.nanohttpd.protocols.http.ServerRunnable.run(SourceFile:118)
01-08 01:33:47.401 W/hpplay-java( 2713): at java.lang.Thread.run(Thread.java:920)
01-08 01:33:47.401 I/hpplay-java( 2713): NanoHTTPDNanoHTTPD:server is stoped
01-08 01:33:47.401 I/hpplay-java( 2713): NanoHTTPDNanoHTTPD:clear obj
01-08 01:33:47.401 I/hpplay-java( 2713): [main]:Bridge:findServiceID end
01-08 01:33:47.401 I/hpplay-java( 2713): [main]:ServerTaskManager:onStop retry:true
01-08 01:33:47.401 I/hpplay-java( 2713): [main]:ServerTaskManager:cancelTimeOutCheck
01-08 01:33:47.403 I/hpplay-java( 2713): [main]:IPManager:getActiveNets type: WIFI
01-08 01:33:47.403 I/hpplay-java( 2713): [main]:IPManager:getActiveNets eth0:false wifi:true mobile:false ap:false
01-08 01:33:47.403 I/hpplay-java( 2713): [main]:IPManager:getIPAddress IP_WLAN0
01-08 01:33:47.406 I/hpplay-java( 2713): [main]:IPManager:updateIPAddress getIPAddress: 192.168.4.16 name:vlan4
01-08 01:33:47.406 I/hpplay-java( 2713): [main]:IPManager:updateIPAddress getIPAddress: 192.168.124.22 name:wlan0
01-08 01:33:47.406 I/hpplay-java( 2713): [main]:IPManager:updateIPAddress getIPAddress: 192.168.8.16 name:vlan8
01-08 01:33:47.406 I/hpplay-java( 2713): [main]:IPManager:updateIPAddress getIPAddress: 192.168.11.16 name:vlan11
01-08 01:33:47.406 I/hpplay-java( 2713): [main]:IPManager:updateIPAddress getIPAddress: 192.168.0.16 name:vlan0
01-08 01:33:47.406 I/hpplay-java( 2713): [main]:IPManager:updateIPAddress getIPAddress: 192.168.2.16 name:vlan2
01-08 01:33:47.406 I/hpplay-java( 2713): [main]:IPManager:updateIPAddress getIPAddress: 192.168.1.16 name:vlan1
01-08 01:33:47.407 I/hpplay-java( 2713): [main]:ServerTaskManager:exeTask startServer
01-08 01:33:47.407 I/hpplay-java( 2713): [AsyncTask #13]:ServerBusiness:startDaemonBusiness
01-08 01:33:47.407 I/hpplay-java( 2713): [main]:ServerTaskManager:startTimeOutCheck
01-08 01:33:47.407 I/hpplay-java( 2713): [AsyncTask #13]:TimeOutCheckUtil:addTask id:upgrade
01-08 01:33:47.407 I/hpplay-java( 2713): [AsyncTask #13]:TimeOutCheckUtil:addTask id:ijkupgrade
01-08 01:33:47.408 I/hpplay-java( 2713): [AsyncTask #6]:Bridge:assembleInParameters
01-08 01:33:47.408 I/hpplay-java( 2713): NanoHTTPDNanoHTTPD:server is started
01-08 01:33:47.409 I/hpplay-java( 2713): [AsyncTask #6]:Bridge:createDeviceId deviceId:YTQ6MWE6NWI6N2U6YTg6MDY=
01-08 01:33:47.409 I/hpplay-java( 2713): [AsyncTask #6]:IPManager:getActiveNets type: WIFI
01-08 01:33:47.410 I/hpplay-java( 2713): [AsyncTask #6]:IPManager:getActiveNets eth0:false wifi:true mobile:false ap:false
01-08 01:33:47.410 I/hpplay-java( 2713): [AsyncTask #6]:IPManager:getIPAddress IP_WLAN0
01-08 01:33:47.410 I/hpplay-java( 2713): [AsyncTask #6]:Preference:checkFeature none
01-08 01:33:47.410 I/hpplay-java( 2713): [AsyncTask #6]:SWI:dlna tip
01-08 01:33:47.410 I/hpplay-java( 2713): [AsyncTask #6]:SWI:lefp tip
01-08 01:33:47.410 I/hpplay-java( 2713): [AsyncTask #6]:Bridge:assembleInParameters none alias name use device name: 高合娱乐副屏
01-08 01:33:47.410 I/hpplay-java( 2713): [AsyncTask #6]:Feature:isSendAdvertisement
01-08 01:33:47.410 I/hpplay-java( 2713): [AsyncTask #6]:Preference:checkFeature none
01-08 01:33:47.411 I/hpplay-java( 2713): [AsyncTask #6]:Preference:checkFeature none
01-08 01:33:47.411 I/hpplay-java( 2713): [AsyncTask #6]:Bridge:backupHpplayDat bakPath:
01-08 01:33:47.411 I/hpplay-java( 2713): [AsyncTask #6]:Bridge:path:/data/user/0/com.hht.lebocast/files/hpplay/file/happyplay.dat
01-08 01:33:47.411 I/hpplay-java( 2713): [AsyncTask #6]:Bridge:mAppId:21409
01-08 01:33:47.411 I/hpplay-java( 2713): [AsyncTask #6]:Bridge:mode:3
01-08 01:33:47.411 I/hpplay-java( 2713): [AsyncTask #6]:Bridge:type:1
01-08 01:33:47.411 I/hpplay-java( 2713): [AsyncTask #6]:Bridge:SN:
01-08 01:33:47.411 I/hpplay-java( 2713): [AsyncTask #6]:Preference:checkFeature none
01-08 01:33:47.411 I/hpplay-java( 2713): [AsyncTask #6]:Bridge:backPath:
01-08 01:33:47.411 I/hpplay-java( 2713): [AsyncTask #6]:DeviceUtil:getPermissionDid: 1
01-08 01:33:47.411 I/hpplay-java( 2713): [AsyncTask #6]:DeviceUtil:getPermissionDid: 1
01-08 01:33:47.411 I/hpplay-java( 2713): [AsyncTask #6]:BPIFileUtil:getMd5ByFile: 0FA04FD08975C81CDD9275F6AE23A020
01-08 01:33:47.412 I/hpplay-java( 2713): [AsyncTask #6]:Preference:checkFeature none
01-08 01:33:47.412 I/hpplay-java( 2713): [AsyncTask #6]:Preference:checkFeature none
01-08 01:33:47.412 I/hpplay-java( 2713): [AsyncTask #6]:Preference:checkFeature none
01-08 01:33:47.412 I/hpplay-java( 2713): [AsyncTask #6]:Preference:checkFeature none
01-08 01:33:47.412 I/hpplay-java( 2713): [AsyncTask #6]:Preference:checkFeature none
01-08 01:33:47.418 W/hpplay-java( 2713): [AsyncTask #13]:ServerBusiness:startDaemonBusiness start LelinkHTTPD sucess 52288
01-08 01:33:47.419 I/hpplay-java( 2713): [main]:ServerBusiness:get deviceCode:2326366951
01-08 01:33:47.428 W/hpplay-java( 2713): [AsyncTask #6]:DeviceUtils:getDomain create lb domain
01-08 01:33:47.429 I/hpplay-java( 2713): [AsyncTask #6]:Feature:getMirrorAudioVideoSync DISABLE
01-08 01:33:47.429 I/hpplay-java( 2713): [AsyncTask #6]:Feature:checkSupportRedirectOtherApp,no set redirect api
01-08 01:33:47.429 I/hpplay-java( 2713): [AsyncTask #6]:Feature:getRedirectSearchFlag,value: 0
01-08 01:33:47.430 I/hpplay-java( 2713): [AsyncTask #6]:Bridge:mIn: InParameters{appInfo='0', appKey='21409', authMode=0, authPwd='null', broadcastDirection=0, broadcastState=1, broadcastTimeout=3, buildType='release', cacheAVPath='/data/user/0/com.hht.lebocast/cache/hpplay/av', cachePhotoPath='/data/user/0/com.hht.lebocast/cache/hpplay/image', channel='LEBO-APK--60146-25915', desPath='/data/user/0/com.hht.lebocast/files/hpplay/file/config/dcf', , deviceName='高合娱乐副屏', dlna=1, dlnaCompany='Microsoft Corporation', dlnaCompanyURL='http://www.microsoft.com', dlnaDeviceDescribe='Media Renderer', dlnaDeviceName='Windows Media Player', dlnaDeviceURL='http://go.microsoft.com/fwlink/Linkld=105927', dlnaLelinkSwitch=1, dlnaManufacturer=0, dlnaName='高合娱乐副屏', dlnaUPC='null', dlnaUUID='774c117d-0217-0fc4-1a60-e56e55fcc56d', domain='Lebo-figure-42ab7764ca4f', drainage=0, feature='6655', fps=60, height=1080, host='null', , keyPath='/data/user/0/com.hht.lebocast/files/hpplay/file', lelinkfp=1, lelinkfp2=0, logBaseState=1, logPath='/storage/emulated/0/com.hht.lebocast/sink/sdk/common', , mdnsEnable=1, mirrorSyncType=0, netCastVer='2.0', packageName='com.hht.lebocast', packagePath='/data/user/0/com.hht.lebocast', permissionDid='42:ab:77:64:ca:4f', permissionMode=3, permissionPreSN='', port=0, preemptMode=0, regType='_leboremote._tcp.', serverPorts=null, sockWaitTimeOut=45, teleControlPort=53388, tunnels=3, txtKeys=null, txtValues=null, uid='2755248317583304728', videoFrameType=1001, width=1920}com.hpplay.sdk.sink.protocol.InParameters@32f9367
01-08 01:33:47.430 I/hpplay-java( 2713): [main]:Bridge:startServer state: 0
01-08 01:33:47.430 D/hpplay-base( 2713): [jniBridge:185] not conference version
01-08 01:33:47.430 I/hpplay-base( 2713): [jniBridge:241] 1initServer nSettingWidth=1920 nSettingHeight=1080 nSettingMaxFPS=60 dlnaEnable=1 lelinkFpEnable=1
01-08 01:33:47.430 D/hpplay-base( 2713): [jniBridge:283] 1initServer cfg.leLinkIp=192.168.124.22
01-08 01:33:47.430 D/hpplay-base( 2713): [jniBridge:286] 1initServer cfg.mPermissionMode=3
01-08 01:33:47.430 D/hpplay-base( 2713): [jniBridge:304] 1initServer cfg.permissionDid=42:ab:77:64:ca:4f000000000000000
01-08 01:33:47.430 D/hpplay-base( 2713): [jniBridge:313] 1initServer cfg.mPermissionPreSN=00000000000000000000000000000000
01-08 01:33:47.430 D/hpplay-base( 2713): [jniBridge:317] Bridge___1initServer status:0
01-08 01:33:47.430 I/hpplay-base( 2713): [jniBridge:325] 1initServer cfg.feature=6655
01-08 01:33:47.430 D/hpplay-base( 2713): [jniBridge:377] 1initServer isSendBroadCast=3
01-08 01:33:47.430 D/hpplay-base( 2713): [jniBridge:380] 1initServer broadcastDirection=0
01-08 01:33:47.430 D/hpplay-base( 2713): [jniBridge:382] 1initServer ipBroadcast direction=0
01-08 01:33:47.430 D/hpplay-base( 2713): [jniBridge:387] 1initServer tunnel=3
01-08 01:33:47.430 D/hpplay-base( 2713): [jniBridge:390] 1initServer drainage=0
01-08 01:33:47.430 D/hpplay-base( 2713): [jniBridge:401] 1initServer mDNSEnable=1
01-08 01:33:47.430 D/hpplay-base( 2713): [jniBridge:406] 1initServer nSockWaitTimeOut=45
01-08 01:33:47.430 D/hpplay-base( 2713): [jniBridge:410] 1initServer nMirrorAudioVideoSync=0
01-08 01:33:47.430 I/hpplay-base( 2713): [sign_check:168] checkSign strPackageName:com.hht.lebocast
01-08 01:33:47.430 I/hpplay-base( 2713): [sign_check:169] checkSign buildType:release
01-08 01:33:47.430 I/hpplay-base( 2713): [sign_check:170] checkSign appKey:21409
01-08 01:33:47.431 D/hpplay-base( 2713): [LelinkBase:405] bridgeInit port: 0, lelinkfp: 0
01-08 01:33:47.431 D/hpplay-base( 2713): [LelinkBase:462] bridgeInit mPackagePath =/data/user/0/com.hht.lebocast
01-08 01:33:47.431 D/hpplay-base( 2713): [LelinkBase:463] bridgeInit mKeyPath =/data/user/0/com.hht.lebocast/files/hpplay/file
01-08 01:33:47.431 D/hpplay-base( 2713): [SinkContext:97] initSinkContext mPackagePath =/data/user/0/com.hht.lebocast
01-08 01:33:47.431 D/hpplay-base( 2713): [SinkContext:98] initSinkContext mKeyPath =/data/user/0/com.hht.lebocast/files/hpplay/file
01-08 01:33:47.431 D/hpplay-base( 2713): [jniBridge:478] Java_com_hpplay_sdk_sink_protocol_Bridge__1initServer end
01-08 01:33:47.431 D/hpplay-base( 2713): [jniBridge:869] Bridge__1startServer status:1
01-08 01:33:47.431 D/hpplay-base( 2713): [LelinkBase:492] startAllServer at base
01-08 01:33:47.431 D/hpplay-base( 2713): [lelinkSinkServer:152] httpPlugins_SetServerPort TYPE_SERVER_LELINK:52266
01-08 01:33:47.431 D/hpplay-base( 2713): [network.c:362] protocol bind host :192.168.124.22 port:52266 curent bind port:52266
01-08 01:33:47.431 D/hpplay-base( 2713): [lelinkSinkServer:681] HTTP Server real at:52266
01-08 01:33:47.431 D/hpplay-base( 2713): [ScreenStream:1285] current bind port:7100
01-08 01:33:47.431 D/hpplay-base( 2713): [lelinkSinkServer:644] Connected Service Type:0
01-08 01:33:47.432 I/hpplay-base( 2713): : (server.c.315) startServer listen_ing....:
01-08 01:33:47.432 D/hpplay-base( 2713): [Server:371] startHttpServer srv_sockets.used:1 nCurrentFd:105, tid is 6362
01-08 01:33:47.432 D/hpplay-base( 2713): [LelinkBase:515] startAllServer pBaseContext->config.dlnaEnable:1
01-08 01:33:47.432 D/hpplay-base( 2713): [lelinkDlna:324] addDMRCallback end
01-08 01:33:47.432 D/hpplay-base( 2713): [stream_mirror_compat:759] compat mirror stream begin to run,server fd:108,thread_id:3109212608!!
01-08 01:33:47.433 E/hpplay-base-dlna( 2713): miniserver.c:788::dlna_port(ipv4: 49152 ipv6:0)
01-08 01:33:47.484 D/hpplay-base-dlna( 2713): [lebodlna-dlnaframe:166] succeed to load lebodlnaplugin
01-08 01:33:47.484 D/hpplay-base-dlna( 2713): [lebodlna-dlnaframe:232] Succeed to load specified plugin:lebodlna_plugin
