01-08 01:33:13.118 D/hpplay-base( 2713): [mDNSEmbeded:197] http_port bind check 197 http_port_check
01-08 01:33:13.119 D/hpplay-base( 2713): [REventUtils:59] create handleREventThread thread ok!!,tid is 6008
01-08 01:33:13.119 D/hpplay-base( 2713): [AEventUtils:171] create handle AEvent thread ok!!,tid is 6007
01-08 01:33:13.119 I/hpplay-java( 2713): [Thread-95]:Bridge:notify: what: 207
01-08 01:33:13.119 D/hpplay-base( 2713): [mDNSEmbeded:217] http_port bind check 217 http_port_check
01-08 01:33:13.119 D/hpplay-base( 2713): [mDNSEmbeded:222] http_port bind check 222 http_port_check
01-08 01:33:13.120 I/hpplay-java( 2713): [Thread-95]:Bridge:notify: out: OutParameters:{audioSessionId=-1, audiotrackIndex=0, castHandleType=-1, castType=0, deviceName='http://192.168.124.22:49152/description.xml', dlnaName='', dramaID='', extra=0, frameHandleType=-1, handleInside=true, headduration=0, header='', headers=null, isAD=false, isMultiMirror=false, lelinkVer='', limitTime=0, , mediaAlbum='null', mediaAlbumArtURI='', mediaArtist='null', mediaAssets='', mediaTitle='null', mimeType=0, multiSession=null, period=0, pinCode='', playSpeed=0.0, playerChoice=0, plugin=0, port=0, position=0.0, positionUnit=2, protocol=0, realSessionID='', regType='', , sinkIp='', sourceAPPVersion='', sourceChannel='', sourceClientInfo='', sourceDeviceInfo='', sourceDeviceModel='', sourceDeviceName='', sourceDeviceType=0, sourceHID='', , sourceInfo='', , , sourceOSVersion='', sourceSDKVersion='', sourceUid='', stopDetail=0, stopReason=0, tailduration=0, url='', urlID='', urls=null, userAgent='', videoDecoder=0, volume=0, what=207}com.hpplay.sdk.sink.protocol.OutParameters@b443f89
01-08 01:33:13.120 I/hpplay-java( 2713): [Thread-95]:Bridge:notify: address:73464718
01-08 01:33:13.121 D/hpplay-base( 2713): [mDNSEmbeded:234] http_port bind check 234 http_port_check port:52266
01-08 01:33:13.121 D/hpplay-base( 2713): [mDNSEmbeded:237] http_port bind check 237 http_port_check
01-08 01:33:13.122 D/hpplay-base( 2713): [lelinkSinkServer:93] new client connection from 127.0.0.1 19148, fd=170
01-08 01:33:13.122 D/hpplay-base( 2713): [SinkContext:137] addSinkContextSession,begin to run!!
01-08 01:33:13.122 D/hpplay-base( 2713): [SinkContext:142] addSinkContextSession,begin to get lock!!
01-08 01:33:13.122 D/hpplay-base( 2713): [SinkContext:144] addSinkContextSession,get lock ok!!
01-08 01:33:13.122 D/hpplay-base( 2713): [SinkContext:149] addSinkContextSession,session list is null,begin to malloc!!
01-08 01:33:13.122 D/hpplay-base( 2713): [SinkContext:156] addSinkContextSession,begin to update!!
01-08 01:33:13.122 D/hpplay-base( 2713): [SinkContext:160] addSinkContextSession,begin to update header!!
01-08 01:33:13.122 D/hpplay-base( 2713): [SinkContext:172] addSinkContextSession,begin to unlock!!
01-08 01:33:13.122 D/hpplay-base( 2713): [SinkContext:174] addSinkContextSession,unlock ok!!
01-08 01:33:13.122 D/hpplay-base( 2713): [LelinkReceiver:4908] get ping !!!
01-08 01:33:13.122 D/hpplay-base( 2713): [mDNSEmbeded:240] http_port bind check 240 http_port_check recieved:64
01-08 01:33:13.122 D/hpplay-base( 2713): [mDNSEmbeded:243] http_port bind check 243 http_port_check
01-08 01:33:13.122 D/hpplay-base( 2713): [mDNSEmbeded:244] http_port bind check ok!
01-08 01:33:13.154 D/FreeWindowHelper( 2543): setExitFlag: old=0,new=1
01-08 01:33:13.155 I/thunderperf( 1526): Maybe need boostperf for current app!
01-08 01:33:13.156 D/FgBoostPerfService( 2387): [FgBoostPerfService.perfBoostAcq]start: stat=true pkgName=com.android.music
01-08 01:33:13.156 V/GameMode_GameTypeUtils( 2387): judge isGame:com.android.music
01-08 01:33:13.157 I/FgBoostPerfService( 2387): [FgBoostPerfService.perfBoostAcq] not game-mode or game app!
01-08 01:33:13.157 I/ThunderPerfManager( 1526): PerfAcq error : state=true pkgName=com.android.music
01-08 01:33:13.157 V/GameMode_GameTypeUtils( 2387): judge isGame:com.android.music
01-08 01:33:13.157 I/FgBoostPerfService( 2387): [GetGpuMode] isMode=1 isGame=false mGpuMode=1
01-08 01:33:13.158 V/GameMode_GameTypeUtils( 2387): judge isGame:com.android.music
01-08 01:33:13.158 I/FgBoostPerfService( 2387): [GetGpuDpiType] isMode=1 isGame=false mGpuDpiType=0
01-08 01:33:13.158 I/thunderperf( 1526): Current app pkgName=com.android.music bm:com.thundercomm.perf.BoostPerfManager@3df94a1 gpuMode=-1 gpuType=-1
01-08 01:33:13.158 I/ThunderBoostPerfService( 1526): Resolution: Uid=10078 Pid=2543 gMode=-1 dType=-1
01-08 01:33:13.159 I/thunderperf( 1526): PlatormCompat.setOverrides: Uid1=10078 Pid1=2543 Uid2=10078 Pid2=2543
01-08 01:33:13.159 I/thunderperf( 1526): PlatormCompat.setOverrides: needCheck:false
01-08 01:33:13.159 I/thunderperf( 1526): CompatConfig.addOverrideUnsafe: bef-state=1
01-08 01:33:13.160 I/thunderperf( 1526): CompatConfig.addOverrideUnsafe: aft-state=0
01-08 01:33:13.161 I/thunderperf( 1526): CompatConfig.addOverrideUnsafe: bef-state=1
01-08 01:33:13.161 I/thunderperf( 1526): CompatConfig.addOverrideUnsafe: aft-state=0
01-08 01:33:13.162 I/thunderperf( 1526): CompatConfig.addOverrideUnsafe: bef-state=1
01-08 01:33:13.162 I/thunderperf( 1526): CompatConfig.addOverrideUnsafe: aft-state=0
01-08 01:33:13.163 I/thunderperf( 1526): CompatConfig.addOverrideUnsafe: bef-state=1
01-08 01:33:13.163 I/thunderperf( 1526): CompatConfig.addOverrideUnsafe: aft-state=0
01-08 01:33:13.163 I/thunderperf( 1526): CompatConfig.addOverrideUnsafe: bef-state=1
01-08 01:33:13.164 I/thunderperf( 1526): CompatConfig.addOverrideUnsafe: aft-state=0
01-08 01:33:13.164 I/thunderperf( 1526): CompatConfig.addOverrideUnsafe: bef-state=1
01-08 01:33:13.165 I/thunderperf( 1526): CompatConfig.addOverrideUnsafe: aft-state=0
01-08 01:33:13.165 I/thunderperf( 1526): CompatConfig.addOverrideUnsafe: bef-state=1
01-08 01:33:13.166 I/thunderperf( 1526): CompatConfig.addOverrideUnsafe: aft-state=0
01-08 01:33:13.166 I/thunderperf( 1526): CompatConfig.addOverrideUnsafe: bef-state=1
01-08 01:33:13.166 I/thunderperf( 1526): CompatConfig.addOverrideUnsafe: aft-state=0
01-08 01:33:13.167 I/thunderperf( 1526): CompatConfig.addOverrideUnsafe: bef-state=1
01-08 01:33:13.167 I/thunderperf( 1526): CompatConfig.addOverrideUnsafe: aft-state=0
01-08 01:33:13.167 I/thunderperf( 1526): CompatConfig.addOverrideUnsafe: bef-state=1
01-08 01:33:13.168 I/thunderperf( 1526): CompatConfig.addOverrideUnsafe: aft-state=0
01-08 01:33:13.168 I/thunderperf( 1526): CompatConfig.addOverrideUnsafe: bef-state=1
01-08 01:33:13.168 I/thunderperf( 1526): CompatConfig.addOverrideUnsafe: aft-state=0
01-08 01:33:13.169 I/thunderperf( 1526): CompatConfig.addOverrideUnsafe: bef-state=1
01-08 01:33:13.169 I/thunderperf( 1526): CompatConfig.addOverrideUnsafe: aft-state=0
01-08 01:33:13.169 I/thunderperf( 1526): CompatConfig.addOverrideUnsafe: bef-state=1
01-08 01:33:13.169 I/thunderperf( 1526): CompatConfig.addOverrideUnsafe: aft-state=0
01-08 01:33:13.170 I/thunderperf( 1526): CompatConfig.addOverrideUnsafe: bef-state=1
01-08 01:33:13.170 I/thunderperf( 1526): CompatConfig.addOverrideUnsafe: aft-state=0
01-08 01:33:13.175 I/ThunderBoostPerfService( 1526): Disable downscaling com.android.music to 2380x1020
01-08 01:33:13.176 I/ActivityTaskManager( 1526): START u0 {flg=0x10008000 cmp=com.android.music/.VideoBrowserActivity} from uid 10078
01-08 01:33:13.176 I/EventSequenceValidator( 1526): inc AccIntentStartedEvents to 2
01-08 01:33:13.178 I/wm_task_moved( 1526): [21,1,6]
01-08 01:33:13.178 I/wm_task_to_front( 1526): [0,21]
01-08 01:33:13.179 I/wm_focused_root_task( 1526): [0,0,21,1,bringingFoundTaskToFront]
01-08 01:33:13.180 I/wm_set_resumed_activity( 1526): [0,com.android.music/.VideoBrowserActivity,bringingFoundTaskToFront]
01-08 01:33:13.183 D/FreeFormWindowHelper( 1526): Add freeform task=Task{f616192 #21 type=standard A=10087:android.task.video U=0 visible=true mode=freeform translucent=true sz=1}
01-08 01:33:13.183 I/ActivityTaskManager( 1526): FOREGROUND_APPLICATION_CHANGED to com.android.music.VideoBrowserActivity
01-08 01:33:13.184 I/wm_set_resumed_activity( 1526): [0,com.android.music/.VideoBrowserActivity,resumeTopActivityInnerLocked]
01-08 01:33:13.184 I/wm_resume_activity( 1526): [0,884552,21,com.android.music/.VideoBrowserActivity]
01-08 01:33:13.186 I/wm_finish_activity( 1526): [0,884552,21,com.android.music/.VideoBrowserActivity,clear-task-all]
01-08 01:33:13.186 D/ActivityTrigger( 1526): ActivityTrigger activityPauseTrigger
01-08 01:33:13.186 I/wm_pause_activity( 1526): [0,884552,com.android.music/.VideoBrowserActivity,userLeaving=false,finish]
01-08 01:33:13.188 I/wm_task_moved( 1526): [21,1,6]
01-08 01:33:13.188 I/wm_create_activity( 1526): [0,193795585,21,com.android.music/.VideoBrowserActivity,NULL,NULL,NULL,272662528]
01-08 01:33:13.188 D/CompatibilityInfo( 1526): mCompatibilityFlags - 4
01-08 01:33:13.188 D/CompatibilityInfo( 1526): applicationDensity - 240
01-08 01:33:13.188 D/CompatibilityInfo( 1526): applicationScale - 1.0
01-08 01:33:13.190 D/StateManager( 2543): goToState: Normal
01-08 01:33:13.190 D/EditModeHelper( 2543): setHotseatVisibility: 0
01-08 01:33:13.191 I/wm_on_top_resumed_lost_called( 2543): [162781513,com.android.launcher3.uioverrides.QuickstepLauncher,topStateChangedWhenResumed]
01-08 01:33:13.192 I/GameMode_ActivityMonitoringService( 2387): onForegroundActivitiesChanged uid 10087 pid 3631 fg true
01-08 01:33:13.192 I/EventSequenceValidator( 1526): dec AccIntentStartedEvents to 1
01-08 01:33:13.194 I/GameMode_ActivityMonitoringService( 2387): Updating top task to: TaskInfoContainer [topActivity=ComponentInfo{com.android.music/com.android.music.VideoBrowserActivity}, taskId=21, stackId=21, userId=0, displayId=0, position=6
01-08 01:33:13.195 I/GameMode_ActivityMonitoringService( 2387): Notifying about top task: TaskInfoContainer [topActivity=ComponentInfo{com.android.music/com.android.music.VideoBrowserActivity}, taskId=21, stackId=21, userId=0, displayId=0, position=6
01-08 01:33:13.195 I/GameMode_ActivityMonitoringService( 2387): WindowMode: 5
01-08 01:33:13.198 W/Choreographer( 2543): Frame time is 0.118863 ms in the future! Check that graphics HAL is generating vsync timestamps using the correct timebase.
01-08 01:33:13.198 W/Choreographer( 3631): Frame time is 0.110946 ms in the future! Check that graphics HAL is generating vsync timestamps using the correct timebase.
01-08 01:33:13.199 I/wm_on_restart_called( 3631): [884552,com.android.music.VideoBrowserActivity,performRestartActivity]
01-08 01:33:13.199 I/wm_on_start_called( 3631): [884552,com.android.music.VideoBrowserActivity,handleStartActivity]
01-08 01:33:13.199 I/wm_on_resume_called( 3631): [884552,com.android.music.VideoBrowserActivity,RESUME_ACTIVITY]
01-08 01:33:13.199 I/wm_on_paused_called( 3631): [884552,com.android.music.VideoBrowserActivity,performPause]
01-08 01:33:13.200 I/wm_add_to_stopping( 1526): [0,884552,com.android.music/.VideoBrowserActivity,completeFinishing]
01-08 01:33:13.200 I/ActivityTaskManager( 1526): The Process com.android.music Already Exists in BG. So sending its PID: 3631
01-08 01:33:13.200 W/ActivityTaskManager( 1526): Tried to set launchTime (0) < mLastActivityLaunchTime (119300)
01-08 01:33:13.201 I/wm_restart_activity( 1526): [0,193795585,21,com.android.music/.VideoBrowserActivity]
01-08 01:33:13.201 D/CompatibilityInfo( 1526): mCompatibilityFlags - 4
01-08 01:33:13.201 D/CompatibilityInfo( 1526): applicationDensity - 240
01-08 01:33:13.201 D/CompatibilityInfo( 1526): applicationScale - 1.0
01-08 01:33:13.201 I/wm_set_resumed_activity( 1526): [0,com.android.music/.VideoBrowserActivity,minimalResumeActivityLocked]
01-08 01:33:13.203 I/sysui_multi_action( 1526): [757,803,799,window_time_0,802,7]
01-08 01:33:13.212 D/FreeWindowHelper( 2543): enterOrExitRecentTasks: isEnterRecentTasks=false,mExitFlag=1
01-08 01:33:13.212 W/FreeFormWindowHelper( 1526): exitRecentTasks type=1
01-08 01:33:13.217 W/FreeFormWindowHelper( 1526): Current Display FreeFormTask is Task{f616192 #21 type=standard A=10087:android.task.video U=0 visible=true mode=freeform translucent=false sz=2}
01-08 01:33:13.220 I/CNSS ( 1181): cnss_open_log_file: directory /data/vendor/wifi/wlan_logs/ created
01-08 01:33:13.227 W/System ( 1526): A resource failed to call close.
01-08 01:33:13.227 W/System ( 1526): A resource failed to call close.
01-08 01:33:13.227 W/System ( 1526): A resource failed to call close.
01-08 01:33:13.242 I/wm_on_create_called( 3631): [193795585,com.android.music.VideoBrowserActivity,performCreate]
01-08 01:33:13.242 I/wm_on_start_called( 3631): [193795585,com.android.music.VideoBrowserActivity,handleStartActivity]
01-08 01:33:13.242 I/wm_on_resume_called( 3631): [193795585,com.android.music.VideoBrowserActivity,RESUME_ACTIVITY]
01-08 01:33:13.244 I/wm_on_top_resumed_gained_called( 3631): [193795585,com.android.music.VideoBrowserActivity,topStateChangedWhenResumed]
01-08 01:33:13.245 W/WindowManager( 1526): updateScale : 0.7996942
01-08 01:33:13.248 W/WindowManager( 1526): updateScale : 0.7996942
01-08 01:33:13.250 I/input_focus( 1526): [Focus request cafda83 com.android.music/com.android.music.VideoBrowserActivity,reason=UpdateInputWindows]
01-08 01:33:13.254 W/WindowManager( 1526): updateScale : 0.7996942
01-08 01:33:13.255 I/wm_activity_launch_time( 1526): [0,193795585,com.android.music/.VideoBrowserActivity,79]
01-08 01:33:13.255 W/WindowManager( 1526): updateScale : 0.7996942
01-08 01:33:13.256 I/ActivityTaskManager( 1526): Displayed com.android.music/.VideoBrowserActivity: +79ms
01-08 01:33:13.256 W/WindowManager( 1526): updateScale : 0.7996942
01-08 01:33:13.270 I/input_focus( 1526): [Focus leaving 1bc00b2 com.android.launcher3/com.android.launcher3.uioverrides.QuickstepLauncher (server),reason=setFocusedWindow]
01-08 01:33:13.270 I/input_focus( 1526): [Focus entering cafda83 com.android.music/com.android.music.VideoBrowserActivity (server),reason=setFocusedWindow]
01-08 01:33:13.277 I/am_pss ( 1526): [5405,10018,com.android.musicfx,5293056,3854336,0,90099712,0,19,5]
01-08 01:33:13.302 I/GameMode_ActivityMonitoringService( 2387): onTaskStackChanged
01-08 01:33:13.305 I/GameMode_ActivityMonitoringService( 2387): Updating top task to: TaskInfoContainer [topActivity=ComponentInfo{com.android.music/com.android.music.VideoBrowserActivity}, taskId=21, stackId=21, userId=0, displayId=0, position=6
01-08 01:33:13.305 I/GameMode_ActivityMonitoringService( 2387): Notifying about top task: TaskInfoContainer [topActivity=ComponentInfo{com.android.music/com.android.music.VideoBrowserActivity}, taskId=21, stackId=21, userId=0, displayId=0, position=6
01-08 01:33:13.305 I/GameMode_ActivityMonitoringService( 2387): WindowMode: 5
01-08 01:33:13.306 W/FreeFormWindowHelper( 1526): Current Display FreeFormTask is Task{f616192 #21 type=standard A=10087:android.task.video U=0 visible=true mode=freeform translucent=false sz=2}
01-08 01:33:13.306 W/FreeFormWindowHelper( 1526): Current Display FreeFormTask is Task{f616192 #21 type=standard A=10087:android.task.video U=0 visible=true mode=freeform translucent=false sz=2}
01-08 01:33:13.306 W/FreeFormWindowHelper( 1526): Current Display FreeFormTask is Task{f616192 #21 type=standard A=10087:android.task.video U=0 visible=true mode=freeform translucent=false sz=2}
01-08 01:33:13.306 W/FreeFormWindowHelper( 1526): Current Display FreeFormTask is Task{f616192 #21 type=standard A=10087:android.task.video U=0 visible=true mode=freeform translucent=false sz=2}
01-08 01:33:13.306 W/FreeFormWindowHelper( 1526): Current Display FreeFormTask is Task{f616192 #21 type=standard A=10087:android.task.video U=0 visible=true mode=freeform translucent=false sz=2}
01-08 01:33:13.307 W/FreeFormWindowHelper( 1526): Current Display FreeFormTask is Task{f616192 #21 type=standard A=10087:android.task.video U=0 visible=true mode=freeform translucent=false sz=2}
01-08 01:33:13.307 W/FreeFormWindowHelper( 1526): Current Display FreeFormTask is Task{f616192 #21 type=standard A=10087:android.task.video U=0 visible=true mode=freeform translucent=false sz=2}
01-08 01:33:13.307 W/FreeFormWindowHelper( 1526): Current Display FreeFormTask is Task{f616192 #21 type=standard A=10087:android.task.video U=0 visible=true mode=freeform translucent=false sz=2}
01-08 01:33:13.323 I/hpplay-base( 2713): [LelinkReceiver:14605] _connectionFinalize (170)
01-08 01:33:13.323 D/hpplay-base( 2713): [LelinkReceiver:14752] ###connectionFinalize,release ok!!###
01-08 01:33:13.338 D/hpplay-base( 2713): [LelinkMDNS:766] devicePermissionPublic leboPermissionCheck:-2
01-08 01:33:13.338 D/hpplay-base( 2713): [jniBridge:1125] com_hpplay_sdk_sink_protocol_Bridge_WHAT_SERVER_ERROR
01-08 01:33:13.338 D/hpplay-base( 2713): [jniBridge:1726] notifyJava, what:204, castType:0, mimeType:0 baseStatus:2
01-08 01:33:13.338 D/hpplay-base( 2713): [jniBridge:1727] notifyJava sessionID:(null)
01-08 01:33:13.339 I/hpplay-java( 2713): [Thread-96]:Bridge:notify: what: 204
01-08 01:33:13.339 I/hpplay-java( 2713): [Thread-96]:Bridge:notify: out: OutParameters:{audioSessionId=-1, audiotrackIndex=0, castHandleType=-1, castType=0, deviceName='', dlnaName='', dramaID='', extra=-2002, frameHandleType=-1, handleInside=true, headduration=0, header='', headers=null, isAD=false, isMultiMirror=false, lelinkVer='', limitTime=0, , mediaAlbum='null', mediaAlbumArtURI='', mediaArtist='null', mediaAssets='', mediaTitle='null', mimeType=0, multiSession=null, period=0, pinCode='', playSpeed=0.0, playerChoice=0, plugin=0, port=0, position=0.0, positionUnit=2, protocol=0, realSessionID='', regType='', , sinkIp='', sourceAPPVersion='', sourceChannel='', sourceClientInfo='', sourceDeviceInfo='', sourceDeviceModel='', sourceDeviceName='', sourceDeviceType=0, sourceHID='', , sourceInfo='', , , sourceOSVersion='', sourceSDKVersion='', sourceUid='', stopDetail=0, stopReason=0, tailduration=0, url='', urlID='', urls=null, userAgent='', videoDecoder=0, volume=0, what=204}com.hpplay.sdk.sink.protocol.OutParameters@7c48faf
01-08 01:33:13.339 I/hpplay-java( 2713): [Thread-96]:Bridge:notify: address:47361980
01-08 01:33:13.340 I/hpplay-base( 2713): [mDNSEmbeded:79] embedded_mDNSLoop stopmDNSNow:0 nPublish:-2 nExitFlag:6 tid is 6004
01-08 01:33:13.340 I/hpplay-java( 2713): [main]:Bridge:findServiceID start out: 47361980
01-08 01:33:13.340 I/hpplay-java( 2713): [main]:Bridge:findServiceID end
01-08 01:33:13.340 E/hpplay-java( 2713): [main]:ServerTaskManager:onError 204/-2002 com.hht.lebocast.LelinkHelper$e@1c2de7f
01-08 01:33:13.340 I/hpplay-java( 2713): [main]:ServerTaskManager:cancelTimeOutCheck
01-08 01:33:13.341 W/hpplay-java( 2713): [main]:ServerTaskManager:onErrorDispatcher errorCode:-2002
01-08 01:33:13.341 I/hpplay-java( 2713): [main]:ServerTaskManager:onError retry later
01-08 01:33:13.438 I/hpplay-java( 2713): [AsyncTask #9]:HttpRequest:doGet responseCode:200 0
01-08 01:33:13.538 I/wm_destroy_activity( 1526): [0,884552,21,com.android.music/.VideoBrowserActivity,finish-imm:idle]
01-08 01:33:13.541 W/WindowManager( 1526): updateScale : 0.7996942
01-08 01:33:13.541 I/wm_on_stop_called( 3631): [884552,com.android.music.VideoBrowserActivity,LIFECYCLER_STOP_ACTIVITY]
01-08 01:33:13.545 I/wm_on_destroy_called( 3631): [884552,com.android.music.VideoBrowserActivity,performDestroy]
01-08 01:33:13.548 W/InputManager-JNI( 1526): Input channel object 'fa77551 com.android.music/com.android.music.VideoBrowserActivity (client)' was disposed without first being removed with the input manager!
01-08 01:33:13.549 W/WindowManager( 1526): updateScale : 0.7996942
01-08 01:33:13.557 I/OMX-VENC: venc_dev( 1222): stats: avg. fps 22.81, bitrate 2695373
01-08 01:33:13.780 I/mpu_uart( 640): [MSG-P:RECV]:No message received in 1000 ms
01-08 01:33:13.833 D/EditModeHelper( 2543): setHotseatVisibility: 8
01-08 01:33:13.837 W/FreeFormWindowHelper( 1526): Current Display FreeFormTask is Task{f616192 #21 type=standard A=10087:android.task.video U=0 visible=true mode=freeform translucent=false sz=1}
01-08 01:33:13.837 W/FreeFormWindowHelper( 1526): Current Display FreeFormTask is Task{f616192 #21 type=standard A=10087:android.task.video U=0 visible=true mode=freeform translucent=false sz=1}
01-08 01:33:13.837 W/FreeFormWindowHelper( 1526): Current Display FreeFormTask is Task{f616192 #21 type=standard A=10087:android.task.video U=0 visible=true mode=freeform translucent=false sz=1}
01-08 01:33:13.837 W/FreeFormWindowHelper( 1526): Current Display FreeFormTask is Task{f616192 #21 type=standard A=10087:android.task.video U=0 visible=true mode=freeform translucent=false sz=1}
01-08 01:33:13.837 W/FreeFormWindowHelper( 1526): Current Display FreeFormTask is Task{f616192 #21 type=standard A=10087:android.task.video U=0 visible=true mode=freeform translucent=false sz=1}
01-08 01:33:13.838 W/FreeFormWindowHelper( 1526): Current Display FreeFormTask is Task{f616192 #21 type=standard A=10087:android.task.video U=0 visible=true mode=freeform translucent=false sz=1}
01-08 01:33:13.838 W/FreeFormWindowHelper( 1526): Current Display FreeFormTask is Task{f616192 #21 type=standard A=10087:android.task.video U=0 visible=true mode=freeform translucent=false sz=1}
01-08 01:33:13.838 W/FreeFormWindowHelper( 1526): Current Display FreeFormTask is Task{f616192 #21 type=standard A=10087:android.task.video U=0 visible=true mode=freeform translucent=false sz=1}
01-08 01:33:13.838 W/FreeFormWindowHelper( 1526): Current Display FreeFormTask is Task{f616192 #21 type=standard A=10087:android.task.video U=0 visible=true mode=freeform translucent=false sz=1}
01-08 01:33:13.838 W/FreeFormWindowHelper( 1526): Current Display FreeFormTask is Task{f616192 #21 type=standard A=10087:android.task.video U=0 visible=true mode=freeform translucent=false sz=1}
01-08 01:33:13.838 D/FreeWindowContainer( 2543): reloadTask: TaskInfo{userId=0 taskId=21 displayId=0 isRunning=true baseIntent=Intent { act=android.intent.action.MAIN cat=[android.intent.category.LAUNCHER] flg=0x10200000 cmp=com.android.music/.VideoBrowserActivity } baseActivity=ComponentInfo{com.android.music/com.android.music.VideoBrowserActivity} topActivity=ComponentInfo{com.android.music/com.android.music.VideoBrowserActivity} origActivity=null realActivity=ComponentInfo{com.android.music/com.android.music.VideoBrowserActivity} numActivities=1 lastActiveTime=130937 supportsSplitScreenMultiWindow=true supportsMultiWindow=true resizeMode=1 isResizeable=true token=WCT{android.window.IWindowContainerToken$Stub$Proxy@7b75939} topActivityType=1 pictureInPictureParams=PictureInPictureParams( aspectRatio=null sourceRectHint=null hasSetActions=false isAutoPipEnabled=false isSeamlessResizeEnabled=true) displayCutoutSafeInsets=null topActivityInfo=ActivityInfo{1568b7e com.android.music.VideoBrowserActivity} launchCookies=[] positionInParent=Point(0, 72) parentTaskId=-1 isFocused=true isVisible=true topActivityInSizeCompat=false locusId= null}
01-08 01:33:13.838 W/FreeFormWindowHelper( 1526): Current Display FreeFormTask is Task{f616192 #21 type=standard A=10087:android.task.video U=0 visible=true mode=freeform translucent=false sz=1}
01-08 01:33:13.852 I/mpu_uart( 640): [MSG-P:R]:recv sync frame timeout
01-08 01:33:13.855 I/InputDispatcher( 1526): Monitor swipe-up (server) is stealing touch from [1bc00b2 com.android.launcher3/com.android.launcher3.uioverrides.QuickstepLauncher (server), fe7e613 com.android.systemui.ImageWallpaper (server), ]
01-08 01:33:13.855 W/FreeFormWindowHelper( 1526): Current Display FreeFormTask is Task{f616192 #21 type=standard A=10087:android.task.video U=0 visible=true mode=freeform translucent=false sz=1}
01-08 01:33:13.857 I/view_enqueue_input_event( 2543): [Motion - Cancel,com.android.launcher3/com.android.launcher3.uioverrides.QuickstepLauncher]
01-08 01:33:13.857 W/FreeFormWindowHelper( 1526): Current Display FreeFormTask is Task{f616192 #21 type=standard A=10087:android.task.video U=0 visible=true mode=freeform translucent=false sz=1}
01-08 01:33:13.858 W/FreeFormWindowHelper( 1526): Current Display FreeFormTask is Task{f616192 #21 type=standard A=10087:android.task.video U=0 visible=true mode=freeform translucent=false sz=1}
01-08 01:33:13.858 V/ShadeControllerImpl( 1984): NotificationShadeWindow: com.android.systemui.statusbar.phone.NotificationShadeWindowView{8dd8b58 I.E...... ......ID 0,0-2380,1020} canPanelBeCollapsed(): false
01-08 01:33:13.864 I/input_interaction( 1526): Interaction with: edge-swipe (server), swipe-up (server), PointerEventDispatcher0 (server),
01-08 01:33:13.893 D/BaseIconFactory( 2543): normalizeAndWrapToAdaptiveIcon: scale=0.8095241
01-08 01:33:13.901 W/FreeFormWindowHelper( 1526): Current Display FreeFormTask is Task{f616192 #21 type=standard A=10087:android.task.video U=0 visible=true mode=freeform translucent=false sz=1}
01-08 01:33:13.917 W/FreeFormWindowHelper( 1526): Current Display FreeFormTask is Task{f616192 #21 type=standard A=10087:android.task.video U=0 visible=true mode=freeform translucent=false sz=1}
01-08 01:33:13.923 W/ActivityTaskManager( 1526): getTaskSnapshot: taskId=2016 not found
01-08 01:33:13.923 W/ActivityTaskManager( 1526): getTaskSnapshot: taskId=1016 not found
01-08 01:33:13.934 W/FreeFormWindowHelper( 1526): Current Display FreeFormTask is Task{f616192 #21 type=standard A=10087:android.task.video U=0 visible=true mode=freeform translucent=false sz=1}
01-08 01:33:13.951 W/FreeFormWindowHelper( 1526): Current Display FreeFormTask is Task{f616192 #21 type=standard A=10087:android.task.video U=0 visible=true mode=freeform translucent=false sz=1}
01-08 01:33:13.963 I/auditd ( 0): type=1400 audit(0.0:668): avc: denied { kill } for comm="swapper/3" capability=5 scontext=u:r:kernel:s0 tcontext=u:r:kernel:s0 tclass=capability permissive=0
01-08 01:33:13.963 W/swapper/3( 0): type=1400 audit(0.0:668): avc: denied { kill } for capability=5 scontext=u:r:kernel:s0 tcontext=u:r:kernel:s0 tclass=capability permissive=0
01-08 01:33:13.977 W/System ( 1526): A resource failed to call close.
01-08 01:33:13.978 W/System ( 1526): A resource failed to call close.
01-08 01:33:13.978 W/System ( 1526): A resource failed to call close.
01-08 01:33:13.978 W/System ( 1526): A resource failed to call close.
01-08 01:33:13.978 W/System ( 1526): A resource failed to call close.
01-08 01:33:13.978 W/System ( 1526): A resource failed to call close.
01-08 01:33:13.979 W/System ( 1526): A resource failed to call close.
01-08 01:33:13.979 W/System ( 1526): A resource failed to call close.
01-08 01:33:14.041 I/commit_sys_config_file( 1526): [settings-1-0,5]
01-08 01:33:14.167 D/NoButtonQuickSwitchTouchController( 2543): onMotionPauseDetected:
01-08 01:33:14.169 D/vendor.qti.vibrator( 844): Vibrator perform effect 0
01-08 01:33:14.170 D/vendor.qti.vibrator( 844): Vibrator on for timeoutMs: 10
01-08 01:33:14.170 D/vendor.qti.vibrator( 844): Starting on on another thread
01-08 01:33:14.179 D/vendor.qti.vibrator( 844): QTI Vibrator off
01-08 01:33:14.180 D/vendor.qti.vibrator( 844): Notifying on complete
01-08 01:33:14.200 D/vendor.qti.vibrator( 844): Vibrator on for timeoutMs: 30
01-08 01:33:14.200 D/vendor.qti.vibrator( 844): Starting on on another thread
01-08 01:33:14.230 D/vendor.qti.vibrator( 844): Notifying on complete
01-08 01:33:14.230 D/vendor.qti.vibrator( 844): QTI Vibrator off
01-08 01:33:14.247 D/NoButtonQuickSwitchTouchController( 2543): onDragEnd: noFling=true,isPaused=true,velocity=PointF(-0.0020380842, 0.031010838)
01-08 01:33:14.248 D/EditModeHelper( 2543): setHotseatVisibility: 0
01-08 01:33:14.251 W/FreeFormWindowHelper( 1526): Current Display FreeFormTask is Task{f616192 #21 type=standard A=10087:android.task.video U=0 visible=true mode=freeform translucent=false sz=1}
01-08 01:33:14.291 W/FreeFormWindowHelper( 1526): Current Display FreeFormTask is Task{f616192 #21 type=standard A=10087:android.task.video U=0 visible=true mode=freeform translucent=false sz=1}
01-08 01:33:14.291 W/View ( 2543): requestLayout() improperly called by com.android.launcher3.views.NoInsetView{73e83be V.ED..... ......ID 2038,0-2380,1020 #7f09007c app:id/bg_hotseat} during layout: running second layout pass
01-08 01:33:14.314 W/FreeFormWindowHelper( 1526): Current Display FreeFormTask is Task{f616192 #21 type=standard A=10087:android.task.video U=0 visible=true mode=freeform translucent=false sz=1}
01-08 01:33:14.328 W/FreeFormWindowHelper( 1526): Current Display FreeFormTask is Task{f616192 #21 type=standard A=10087:android.task.video U=0 visible=true mode=freeform translucent=false sz=1}
01-08 01:33:14.344 W/FreeFormWindowHelper( 1526): Current Display FreeFormTask is Task{f616192 #21 type=standard A=10087:android.task.video U=0 visible=true mode=freeform translucent=false sz=1}
01-08 01:33:14.362 W/FreeFormWindowHelper( 1526): Current Display FreeFormTask is Task{f616192 #21 type=standard A=10087:android.task.video U=0 visible=true mode=freeform translucent=false sz=1}
01-08 01:33:14.378 W/FreeFormWindowHelper( 1526): Current Display FreeFormTask is Task{f616192 #21 type=standard A=10087:android.task.video U=0 visible=true mode=freeform translucent=false sz=1}
01-08 01:33:14.396 W/FreeFormWindowHelper( 1526): Current Display FreeFormTask is Task{f616192 #21 type=standard A=10087:android.task.video U=0 visible=true mode=freeform translucent=false sz=1}
01-08 01:33:14.412 W/FreeFormWindowHelper( 1526): Current Display FreeFormTask is Task{f616192 #21 type=standard A=10087:android.task.video U=0 visible=true mode=freeform translucent=false sz=1}
01-08 01:33:14.428 W/FreeFormWindowHelper( 1526): Current Display FreeFormTask is Task{f616192 #21 type=standard A=10087:android.task.video U=0 visible=true mode=freeform translucent=false sz=1}
01-08 01:33:14.447 W/FreeFormWindowHelper( 1526): Current Display FreeFormTask is Task{f616192 #21 type=standard A=10087:android.task.video U=0 visible=true mode=freeform translucent=false sz=1}
01-08 01:33:14.454 I/commit_sys_config_file( 1526): [settings-1-0,4]
01-08 01:33:14.462 W/FreeFormWindowHelper( 1526): Current Display FreeFormTask is Task{f616192 #21 type=standard A=10087:android.task.video U=0 visible=true mode=freeform translucent=false sz=1}
01-08 01:33:14.478 W/FreeFormWindowHelper( 1526): Current Display FreeFormTask is Task{f616192 #21 type=standard A=10087:android.task.video U=0 visible=true mode=freeform translucent=false sz=1}
01-08 01:33:14.498 W/FreeFormWindowHelper( 1526): Current Display FreeFormTask is Task{f616192 #21 type=standard A=10087:android.task.video U=0 visible=true mode=freeform translucent=false sz=1}
01-08 01:33:14.513 W/FreeFormWindowHelper( 1526): Current Display FreeFormTask is Task{f616192 #21 type=standard A=10087:android.task.video U=0 visible=true mode=freeform translucent=false sz=1}
01-08 01:33:14.529 W/FreeFormWindowHelper( 1526): Current Display FreeFormTask is Task{f616192 #21 type=standard A=10087:android.task.video U=0 visible=true mode=freeform translucent=false sz=1}
01-08 01:33:14.547 W/FreeFormWindowHelper( 1526): Current Display FreeFormTask is Task{f616192 #21 type=standard A=10087:android.task.video U=0 visible=true mode=freeform translucent=false sz=1}
01-08 01:33:14.568 W/FreeFormWindowHelper( 1526): Current Display FreeFormTask is Task{f616192 #21 type=standard A=10087:android.task.video U=0 visible=true mode=freeform translucent=false sz=1}
01-08 01:33:14.572 I/OMX-VENC: venc_dev( 1222): stats: avg. fps 32.51, bitrate 3286861
01-08 01:33:14.583 D/StateManager( 2543): goToState: Overview
01-08 01:33:14.584 D/FreeWindowHelper( 2543): enterOrExitRecentTasks: isEnterRecentTasks=true,mExitFlag=1
01-08 01:33:14.584 I/wm_finish_activity( 1526): [0,193795585,21,com.android.music/.VideoBrowserActivity,app-request]
01-08 01:33:14.584 I/wm_task_moved( 1526): [1,1,6]
01-08 01:33:14.585 I/wm_set_resumed_activity( 1526): [0,com.android.launcher3/.uioverrides.QuickstepLauncher,positionChildAt]
01-08 01:33:14.585 I/wm_task_moved( 1526): [8,1,2147483647]
01-08 01:33:14.585 I/wm_task_to_front( 1526): [0,8]
01-08 01:33:14.585 I/wm_focused_root_task( 1526): [0,0,1,-1,finish-top adjustFocusToNextFocusableTask]
01-08 01:33:14.585 I/wm_set_resumed_activity( 1526): [0,com.android.launcher3/.uioverrides.QuickstepLauncher,finish-top]
01-08 01:33:14.585 I/wm_on_top_resumed_lost_called( 3631): [193795585,com.android.music.VideoBrowserActivity,topStateChangedWhenResumed]
01-08 01:33:14.589 D/ActivityTrigger( 1526): ActivityTrigger activityPauseTrigger
01-08 01:33:14.589 I/wm_pause_activity( 1526): [0,193795585,com.android.music/.VideoBrowserActivity,userLeaving=false,finish]
01-08 01:33:14.591 W/FreeFormWindowHelper( 1526): Current Display FreeFormTask is Task{f616192 #21 type=standard A=10087:android.task.video U=0 visible=false mode=freeform translucent=true sz=1}
01-08 01:33:14.591 D/FreeWindowContainer( 2543): reloadTask: TaskInfo{userId=0 taskId=21 displayId=0 isRunning=false baseIntent=Intent { act=android.intent.action.MAIN cat=[android.intent.category.LAUNCHER] flg=0x10200000 cmp=com.android.music/.VideoBrowserActivity } baseActivity=null topActivity=null origActivity=null realActivity=ComponentInfo{com.android.music/com.android.music.VideoBrowserActivity} numActivities=0 lastActiveTime=131705 supportsSplitScreenMultiWindow=true supportsMultiWindow=true resizeMode=1 isResizeable=true token=WCT{android.window.IWindowContainerToken$Stub$Proxy@c85f1cb} topActivityType=1 pictureInPictureParams=null displayCutoutSafeInsets=null topActivityInfo=null launchCookies=[] positionInParent=Point(0, 72) parentTaskId=-1 isFocused=false isVisible=true topActivityInSizeCompat=false locusId= null}
01-08 01:33:14.592 I/input_focus( 1526): [Focus request 1bc00b2 com.android.launcher3/com.android.launcher3.uioverrides.QuickstepLauncher,reason=UpdateInputWindows]
01-08 01:33:14.592 I/wm_on_paused_called( 3631): [193795585,com.android.music.VideoBrowserActivity,performPause]
01-08 01:33:14.593 I/ActivityTaskManager( 1526): FOREGROUND_APPLICATION_CHANGED to com.android.launcher3.uioverrides.QuickstepLauncher
01-08 01:33:14.593 I/wm_destroy_activity( 1526): [0,193795585,21,com.android.music/.VideoBrowserActivity,finish-imm:completePausedLocked]
01-08 01:33:14.596 D/EditModeHelper( 2543): setHotseatVisibility: 0
01-08 01:33:14.597 W/FreeFormWindowHelper( 1526): Current Display FreeFormTask is Task{f616192 #21 type=standard A=10087:android.task.video U=0 visible=false mode=freeform translucent=true sz=1}
01-08 01:33:14.599 I/wm_on_stop_called( 3631): [193795585,com.android.music.VideoBrowserActivity,LIFECYCLER_STOP_ACTIVITY]
01-08 01:33:14.602 I/wm_on_destroy_called( 3631): [193795585,com.android.music.VideoBrowserActivity,performDestroy]
01-08 01:33:14.603 I/sysui_multi_action( 1526): [757,803,799,window_time_2,802,1]
01-08 01:33:14.604 I/GameMode_ActivityMonitoringService( 2387): onForegroundActivitiesChanged uid 10087 pid 3631 fg false
01-08 01:33:14.607 W/InputManager-JNI( 1526): Input channel object 'cafda83 com.android.music/com.android.music.VideoBrowserActivity (client)' was disposed without first being removed with the input manager!
01-08 01:33:14.608 I/GameMode_ActivityMonitoringService( 2387): Updating top task to: TaskInfoContainer [topActivity=ComponentInfo{com.android.launcher3/com.android.launcher3.uioverrides.QuickstepLauncher}, taskId=8, stackId=1, userId=0, displayId=0, position=6
01-08 01:33:14.608 I/GameMode_ActivityMonitoringService( 2387): Notifying about top task: TaskInfoContainer [topActivity=ComponentInfo{com.android.launcher3/com.android.launcher3.uioverrides.QuickstepLauncher}, taskId=8, stackId=1, userId=0, displayId=0, position=6
01-08 01:33:14.608 I/GameMode_ActivityMonitoringService( 2387): WindowMode: 1
01-08 01:33:14.608 E/GameMode_ActivityMonitoringService( 2387): onActivityLaunch:com.android.launcher3
01-08 01:33:14.608 V/GameMode_GameTypeUtils( 2387): judge isGame:com.android.launcher3
01-08 01:33:14.608 V/GameMode_GpuUtils( 2387): fps:60
01-08 01:33:14.608 I/input_focus( 1526): [Focus entering 1bc00b2 com.android.launcher3/com.android.launcher3.uioverrides.QuickstepLauncher (server),reason=setFocusedWindow]
01-08 01:33:14.610 W/FreeFormWindowHelper( 1526): Current Display FreeFormTask is Task{f616192 #21 type=standard A=10087:android.task.video U=0 visible=false mode=freeform translucent=true sz=1}
01-08 01:33:14.613 I/wm_on_top_resumed_gained_called( 2543): [162781513,com.android.launcher3.uioverrides.QuickstepLauncher,topStateChangedWhenResumed]
01-08 01:33:14.615 D/GameMode_GameModeActionUtils( 2387): Show GameMode entry by service!
01-08 01:33:14.617 W/ContextImpl( 2387): Calling a method in the system process without a qualified user: android.app.ContextImpl.startService:1816 android.content.ContextWrapper.startService:774 com.thundercomm.gamemode.ingame.services.GameModeActionUtils.startGameModeService:111 com.thundercomm.gamemode.ingame.services.GameModeActionUtils.startGameModeEntry:22 com.thundercomm.gamemode.ingame.services.ActivityMonitoringService$1.onActivityLaunch:129
01-08 01:33:14.619 D/GameModeIF_GameModeSettings( 2387): getUriFor setting_content_uri_root = content://com.thundercomm.gamemode.api/gamemode_settings , name = gamemode_isgaming
01-08 01:33:14.619 D/GameMode_GameModeService( 2387): type=hide_entry
01-08 01:33:14.621 D/GameMode_GameSettingsObserver( 2387): Game Data change!!!! uri = content://com.thundercomm.gamemode.api/gamemode_settings/gamemode_isgaming
01-08 01:33:14.621 D/GameModeIF_GameModeSettings( 2387): getUriFor setting_content_uri_root = content://com.thundercomm.gamemode.api/gamemode_settings , name = gamemode_isgaming
01-08 01:33:14.625 D/GameMode_GameModeService( 2387): updateGlobalSettings = gamemode_isgaming
01-08 01:33:14.625 I/GameModeConfig( 1526): Current uri is uri = content://com.thundercomm.gamemode.api/gamemode_settings/gamemode_isgaming
01-08 01:33:14.625 D/GameModeIF_GameModeSettings( 1526): getUriFor setting_content_uri_root = content://com.thundercomm.gamemode.api/gamemode_settings , name = gamemode_isgaming
01-08 01:33:14.628 D/GameModeIF_GameModeSettings( 2387): gamemode_isgaming set to 0
01-08 01:33:14.630 I/GameModeConfig( 1526): isGameModeOn = true
01-08 01:33:14.630 I/GameModeConfig( 1526): isGaming = false
01-08 01:33:14.631 I/GameModeConfig( 1526): isGameModeOn = true
01-08 01:33:14.631 I/GameModeConfig( 1526): isGaming = false
01-08 01:33:14.631 I/GameModeConfig( 1526): isDisableVoice = true
01-08 01:33:14.695 I/GameMode_ActivityMonitoringService( 2387): onTaskStackChanged
01-08 01:33:14.696 W/FreeFormWindowHelper( 1526): Current Display FreeFormTask is Task{f616192 #21 type=standard A=10087:android.task.video U=0 visible=false mode=freeform translucent=true sz=1}
01-08 01:33:14.696 W/FreeFormWindowHelper( 1526): Current Display FreeFormTask is Task{f616192 #21 type=standard A=10087:android.task.video U=0 visible=false mode=freeform translucent=true sz=1}
01-08 01:33:14.696 W/FreeFormWindowHelper( 1526): Current Display FreeFormTask is Task{f616192 #21 type=standard A=10087:android.task.video U=0 visible=false mode=freeform translucent=true sz=1}
01-08 01:33:14.696 W/FreeFormWindowHelper( 1526): Current Display FreeFormTask is Task{f616192 #21 type=standard A=10087:android.task.video U=0 visible=false mode=freeform translucent=true sz=1}
01-08 01:33:14.696 W/FreeFormWindowHelper( 1526): Current Display FreeFormTask is Task{f616192 #21 type=standard A=10087:android.task.video U=0 visible=false mode=freeform translucent=true sz=1}
01-08 01:33:14.696 W/FreeFormWindowHelper( 1526): Current Display FreeFormTask is Task{f616192 #21 type=standard A=10087:android.task.video U=0 visible=false mode=freeform translucent=true sz=1}
01-08 01:33:14.696 W/FreeFormWindowHelper( 1526): Current Display FreeFormTask is Task{f616192 #21 type=standard A=10087:android.task.video U=0 visible=false mode=freeform translucent=true sz=1}
01-08 01:33:14.697 W/FreeFormWindowHelper( 1526): Current Display FreeFormTask is Task{f616192 #21 type=standard A=10087:android.task.video U=0 visible=false mode=freeform translucent=true sz=1}
01-08 01:33:14.701 I/GameMode_ActivityMonitoringService( 2387): Updating top task to: TaskInfoContainer [topActivity=ComponentInfo{com.android.launcher3/com.android.launcher3.uioverrides.QuickstepLauncher}, taskId=8, stackId=1, userId=0, displayId=0, position=6
01-08 01:33:14.701 I/GameMode_ActivityMonitoringService( 2387): Notifying about top task: TaskInfoContainer [topActivity=ComponentInfo{com.android.launcher3/com.android.launcher3.uioverrides.QuickstepLauncher}, taskId=8, stackId=1, userId=0, displayId=0, position=6
01-08 01:33:14.701 I/GameMode_ActivityMonitoringService( 2387): WindowMode: 1
01-08 01:33:14.701 E/GameMode_ActivityMonitoringService( 2387): onActivityLaunch:com.android.launcher3
01-08 01:33:14.701 V/GameMode_GameTypeUtils( 2387): judge isGame:com.android.launcher3
01-08 01:33:14.701 V/GameMode_GpuUtils( 2387): fps:60
01-08 01:33:14.704 D/GameMode_GameModeActionUtils( 2387): Show GameMode entry by service!
01-08 01:33:14.707 W/ContextImpl( 2387): Calling a method in the system process without a qualified user: android.app.ContextImpl.startService:1816 android.content.ContextWrapper.startService:774 com.thundercomm.gamemode.ingame.services.GameModeActionUtils.startGameModeService:111 com.thundercomm.gamemode.ingame.services.GameModeActionUtils.startGameModeEntry:22 com.thundercomm.gamemode.ingame.services.ActivityMonitoringService$1.onActivityLaunch:129
01-08 01:33:14.708 D/GameModeIF_GameModeSettings( 2387): getUriFor setting_content_uri_root = content://com.thundercomm.gamemode.api/gamemode_settings , name = gamemode_isgaming
01-08 01:33:14.708 D/GameMode_GameModeService( 2387): type=hide_entry
01-08 01:33:14.710 I/GameModeConfig( 1526): Current uri is uri = content://com.thundercomm.gamemode.api/gamemode_settings/gamemode_isgaming
01-08 01:33:14.710 D/GameModeIF_GameModeSettings( 1526): getUriFor setting_content_uri_root = content://com.thundercomm.gamemode.api/gamemode_settings , name = gamemode_isgaming
01-08 01:33:14.711 D/GameMode_GameSettingsObserver( 2387): Game Data change!!!! uri = content://com.thundercomm.gamemode.api/gamemode_settings/gamemode_isgaming
01-08 01:33:14.711 D/GameModeIF_GameModeSettings( 2387): getUriFor setting_content_uri_root = content://com.thundercomm.gamemode.api/gamemode_settings , name = gamemode_isgaming
01-08 01:33:14.711 D/GameModeIF_GameModeSettings( 2387): gamemode_isgaming set to 0
01-08 01:33:14.713 D/GameMode_GameModeService( 2387): updateGlobalSettings = gamemode_isgaming
01-08 01:33:14.718 I/GameModeConfig( 1526): isGameModeOn = true
01-08 01:33:14.718 I/GameModeConfig( 1526): isGaming = false
01-08 01:33:14.718 I/GameModeConfig( 1526): isGameModeOn = true
01-08 01:33:14.718 I/GameModeConfig( 1526): isGaming = false
01-08 01:33:14.718 I/GameModeConfig( 1526): isDisableVoice = true
01-08 01:33:14.780 I/mpu_uart( 640): [MSG-P:RECV]:No message received in 1000 ms
01-08 01:33:14.888 I/wm_task_removed( 1526): [21,removeChild:removeChild last r=ActivityRecord{b8d1601 u0 com.android.music/.VideoBrowserActivity t-1 f}} in t=Task{f616192 #21 type=standard A=10087:android.task.video U=0 visible=false mode=freeform translucent=true sz=0}]
01-08 01:33:14.888 I/wm_task_removed( 1526): [21,removeChild]
01-08 01:33:14.888 D/FreeFormWindowHelper( 1526): Remove freefrom task=Task{f616192 #21 type=standard A=10087:android.task.video U=0 visible=false mode=freeform translucent=true sz=0}
01-08 01:33:14.963 I/auditd ( 0): type=1400 audit(0.0:669): avc: denied { kill } for comm="swapper/3" capability=5 scontext=u:r:kernel:s0 tcontext=u:r:kernel:s0 tclass=capability permissive=0
01-08 01:33:14.963 W/swapper/3( 0): type=1400 audit(0.0:669): avc: denied { kill } for capability=5 scontext=u:r:kernel:s0 tcontext=u:r:kernel:s0 tclass=capability permissive=0
01-08 01:33:15.106 I/ntp_failure( 1526): [time.android.com/216.239.35.0,java.net.SocketTimeoutException: Poll timed out]
01-08 01:33:15.106 D/SntpClient( 1526): request time failed: java.net.SocketTimeoutException: Poll timed out
01-08 01:33:15.106 D/SntpClient( 1526): request time failed
01-08 01:33:15.482 I/input_interaction( 1526): Interaction with: 1bc00b2 com.android.launcher3/com.android.launcher3.uioverrides.QuickstepLauncher (server), fe7e613 com.android.systemui.ImageWallpaper (server), edge-swipe (server), swipe-up (server), PointerEventDispatcher0 (server),
01-08 01:33:15.646 D/FreeWindowHelper( 2543): setExitFlag: old=0,new=1
01-08 01:33:15.647 I/thunderperf( 1526): Maybe need boostperf for current app!
01-08 01:33:15.647 D/FgBoostPerfService( 2387): [FgBoostPerfService.perfBoostAcq]start: stat=true pkgName=com.android.music
01-08 01:33:15.647 V/GameMode_GameTypeUtils( 2387): judge isGame:com.android.music
01-08 01:33:15.647 I/FgBoostPerfService( 2387): [FgBoostPerfService.perfBoostAcq] not game-mode or game app!
01-08 01:33:15.648 I/ThunderPerfManager( 1526): PerfAcq error : state=true pkgName=com.android.music
01-08 01:33:15.648 V/GameMode_GameTypeUtils( 2387): judge isGame:com.android.music
01-08 01:33:15.648 I/FgBoostPerfService( 2387): [GetGpuMode] isMode=1 isGame=false mGpuMode=1
01-08 01:33:15.648 V/GameMode_GameTypeUtils( 2387): judge isGame:com.android.music
01-08 01:33:15.648 I/FgBoostPerfService( 2387): [GetGpuDpiType] isMode=1 isGame=false mGpuDpiType=0
01-08 01:33:15.648 I/thunderperf( 1526): Current app pkgName=com.android.music bm:com.thundercomm.perf.BoostPerfManager@3df94a1 gpuMode=-1 gpuType=-1
01-08 01:33:15.648 I/ThunderBoostPerfService( 1526): Resolution: Uid=10078 Pid=2543 gMode=-1 dType=-1
01-08 01:33:15.649 I/thunderperf( 1526): PlatormCompat.setOverrides: Uid1=10078 Pid1=2543 Uid2=10078 Pid2=2543
01-08 01:33:15.649 I/thunderperf( 1526): PlatormCompat.setOverrides: needCheck:false
01-08 01:33:15.649 I/thunderperf( 1526): CompatConfig.addOverrideUnsafe: bef-state=1
01-08 01:33:15.649 I/thunderperf( 1526): CompatConfig.addOverrideUnsafe: aft-state=0
01-08 01:33:15.650 I/thunderperf( 1526): CompatConfig.addOverrideUnsafe: bef-state=1
01-08 01:33:15.650 I/thunderperf( 1526): CompatConfig.addOverrideUnsafe: aft-state=0
01-08 01:33:15.651 I/thunderperf( 1526): CompatConfig.addOverrideUnsafe: bef-state=1
01-08 01:33:15.651 I/thunderperf( 1526): CompatConfig.addOverrideUnsafe: aft-state=0
01-08 01:33:15.652 I/thunderperf( 1526): CompatConfig.addOverrideUnsafe: bef-state=1
01-08 01:33:15.652 I/thunderperf( 1526): CompatConfig.addOverrideUnsafe: aft-state=0
01-08 01:33:15.652 I/thunderperf( 1526): CompatConfig.addOverrideUnsafe: bef-state=1
01-08 01:33:15.653 I/thunderperf( 1526): CompatConfig.addOverrideUnsafe: aft-state=0
01-08 01:33:15.653 I/thunderperf( 1526): CompatConfig.addOverrideUnsafe: bef-state=1
01-08 01:33:15.653 I/thunderperf( 1526): CompatConfig.addOverrideUnsafe: aft-state=0
01-08 01:33:15.654 I/thunderperf( 1526): CompatConfig.addOverrideUnsafe: bef-state=1
01-08 01:33:15.654 I/thunderperf( 1526): CompatConfig.addOverrideUnsafe: aft-state=0
01-08 01:33:15.654 I/thunderperf( 1526): CompatConfig.addOverrideUnsafe: bef-state=1
01-08 01:33:15.655 I/thunderperf( 1526): CompatConfig.addOverrideUnsafe: aft-state=0
01-08 01:33:15.655 I/thunderperf( 1526): CompatConfig.addOverrideUnsafe: bef-state=1
01-08 01:33:15.655 I/thunderperf( 1526): CompatConfig.addOverrideUnsafe: aft-state=0
01-08 01:33:15.656 I/thunderperf( 1526): CompatConfig.addOverrideUnsafe: bef-state=1
01-08 01:33:15.656 I/thunderperf( 1526): CompatConfig.addOverrideUnsafe: aft-state=0
01-08 01:33:15.657 I/thunderperf( 1526): CompatConfig.addOverrideUnsafe: bef-state=1
01-08 01:33:15.657 I/thunderperf( 1526): CompatConfig.addOverrideUnsafe: aft-state=0
01-08 01:33:15.657 I/thunderperf( 1526): CompatConfig.addOverrideUnsafe: bef-state=1
01-08 01:33:15.657 I/thunderperf( 1526): CompatConfig.addOverrideUnsafe: aft-state=0
01-08 01:33:15.658 I/thunderperf( 1526): CompatConfig.addOverrideUnsafe: bef-state=1
01-08 01:33:15.658 I/thunderperf( 1526): CompatConfig.addOverrideUnsafe: aft-state=0
01-08 01:33:15.659 I/thunderperf( 1526): CompatConfig.addOverrideUnsafe: bef-state=1
01-08 01:33:15.659 I/thunderperf( 1526): CompatConfig.addOverrideUnsafe: aft-state=0
01-08 01:33:15.664 I/ThunderBoostPerfService( 1526): Disable downscaling com.android.music to 2380x1020
01-08 01:33:15.664 I/ActivityTaskManager( 1526): START u0 {flg=0x10008000 cmp=com.android.music/.MusicBrowserActivity} from uid 10078
01-08 01:33:15.664 I/EventSequenceValidator( 1526): inc AccIntentStartedEvents to 2
01-08 01:33:15.666 E/ANDR-PERF-JNI( 1526): com_qualcomm_qtiperformance_native_perf_io_prefetch_start
01-08 01:33:15.667 I/wm_task_created( 1526): [24,-1]
01-08 01:33:15.667 W/ActivityTaskManager( 1526): Can't find TaskDisplayArea to determine support for multi window. Task id=24 attached=false
01-08 01:33:15.667 D/FreeFormWindowHelper( 1526): Add freeform task=Task{f681e53 #24 type=standard ?? U=0 visible=false mode=freeform translucent=true sz=0}
01-08 01:33:15.668 E/ANDR-IOP( 833): io prefetch is disabled
01-08 01:33:15.670 I/wm_task_moved( 1526): [24,1,6]
01-08 01:33:15.670 I/wm_task_to_front( 1526): [0,24]
01-08 01:33:15.670 I/wm_create_task( 1526): [0,24]
01-08 01:33:15.670 I/wm_create_activity( 1526): [0,7179406,24,com.android.music/.MusicBrowserActivity,NULL,NULL,NULL,268468224]
01-08 01:33:15.670 I/wm_task_moved( 1526): [24,1,6]
01-08 01:33:15.671 D/CompatibilityInfo( 1526): mCompatibilityFlags - 4
01-08 01:33:15.671 D/CompatibilityInfo( 1526): applicationDensity - 240
01-08 01:33:15.671 D/CompatibilityInfo( 1526): applicationScale - 1.0
01-08 01:33:15.671 I/ActivityTaskManager( 1526): FOREGROUND_APPLICATION_CHANGED to com.android.music.MusicBrowserActivity
01-08 01:33:15.671 I/ActivityTaskManager( 1526): The Process com.android.music Already Exists in BG. So sending its PID: 3631
01-08 01:33:15.672 W/ActivityTaskManager( 1526): Tried to set launchTime (0) < mLastActivityLaunchTime (130316)
01-08 01:33:15.672 I/wm_restart_activity( 1526): [0,7179406,24,com.android.music/.MusicBrowserActivity]
01-08 01:33:15.672 D/CompatibilityInfo( 1526): mCompatibilityFlags - 4
01-08 01:33:15.672 D/CompatibilityInfo( 1526): applicationDensity - 240
