01-08 01:32:50.574 W/FreeFormWindowHelper( 1526): Current Display FreeFormTask is Task{9a7d1d8 #18 type=standard A=10066:com.android.deskclock U=0 visible=true mode=freeform translucent=false sz=1}
01-08 01:32:50.586 W/FreeFormWindowHelper( 1526): Current Display FreeFormTask is Task{9a7d1d8 #18 type=standard A=10066:com.android.deskclock U=0 visible=true mode=freeform translucent=false sz=1}
01-08 01:32:50.602 W/FreeFormWindowHelper( 1526): Current Display FreeFormTask is Task{9a7d1d8 #18 type=standard A=10066:com.android.deskclock U=0 visible=true mode=freeform translucent=false sz=1}
01-08 01:32:50.618 W/FreeFormWindowHelper( 1526): Current Display FreeFormTask is Task{9a7d1d8 #18 type=standard A=10066:com.android.deskclock U=0 visible=true mode=freeform translucent=false sz=1}
01-08 01:32:50.629 I/commit_sys_config_file( 1526): [settings-1-0,1]
01-08 01:32:50.635 W/FreeFormWindowHelper( 1526): Current Display FreeFormTask is Task{9a7d1d8 #18 type=standard A=10066:com.android.deskclock U=0 visible=true mode=freeform translucent=false sz=1}
01-08 01:32:50.652 W/FreeFormWindowHelper( 1526): Current Display FreeFormTask is Task{9a7d1d8 #18 type=standard A=10066:com.android.deskclock U=0 visible=true mode=freeform translucent=false sz=1}
01-08 01:32:50.668 W/FreeFormWindowHelper( 1526): Current Display FreeFormTask is Task{9a7d1d8 #18 type=standard A=10066:com.android.deskclock U=0 visible=true mode=freeform translucent=false sz=1}
01-08 01:32:50.685 W/FreeFormWindowHelper( 1526): Current Display FreeFormTask is Task{9a7d1d8 #18 type=standard A=10066:com.android.deskclock U=0 visible=true mode=freeform translucent=false sz=1}
01-08 01:32:50.702 W/FreeFormWindowHelper( 1526): Current Display FreeFormTask is Task{9a7d1d8 #18 type=standard A=10066:com.android.deskclock U=0 visible=true mode=freeform translucent=false sz=1}
01-08 01:32:50.718 W/FreeFormWindowHelper( 1526): Current Display FreeFormTask is Task{9a7d1d8 #18 type=standard A=10066:com.android.deskclock U=0 visible=true mode=freeform translucent=false sz=1}
01-08 01:32:50.735 W/FreeFormWindowHelper( 1526): Current Display FreeFormTask is Task{9a7d1d8 #18 type=standard A=10066:com.android.deskclock U=0 visible=true mode=freeform translucent=false sz=1}
01-08 01:32:50.752 D/StateManager( 2543): goToState: Overview
01-08 01:32:50.752 D/FreeWindowHelper( 2543): enterOrExitRecentTasks: isEnterRecentTasks=true,mExitFlag=0
01-08 01:32:50.752 I/wm_finish_activity( 1526): [0,57956657,18,com.android.deskclock/.DeskClock,app-request]
01-08 01:32:50.752 I/wm_task_moved( 1526): [1,1,6]
01-08 01:32:50.753 I/wm_set_resumed_activity( 1526): [0,com.android.launcher3/.uioverrides.QuickstepLauncher,positionChildAt]
01-08 01:32:50.753 I/wm_task_moved( 1526): [8,1,2147483647]
01-08 01:32:50.753 I/wm_task_to_front( 1526): [0,8]
01-08 01:32:50.753 I/wm_focused_root_task( 1526): [0,0,1,-1,finish-top adjustFocusToNextFocusableTask]
01-08 01:32:50.753 I/wm_set_resumed_activity( 1526): [0,com.android.launcher3/.uioverrides.QuickstepLauncher,finish-top]
01-08 01:32:50.758 D/ActivityTrigger( 1526): ActivityTrigger activityPauseTrigger
01-08 01:32:50.758 I/wm_pause_activity( 1526): [0,57956657,com.android.deskclock/.DeskClock,userLeaving=false,finish]
01-08 01:32:50.760 I/input_focus( 1526): [Focus request 1bc00b2 com.android.launcher3/com.android.launcher3.uioverrides.QuickstepLauncher,reason=UpdateInputWindows]
01-08 01:32:50.760 W/FreeFormWindowHelper( 1526): Current Display FreeFormTask is Task{9a7d1d8 #18 type=standard A=10066:com.android.deskclock U=0 visible=false mode=freeform translucent=true sz=1}
01-08 01:32:50.760 D/FreeWindowContainer( 2543): reloadTask: TaskInfo{userId=0 taskId=18 displayId=0 isRunning=false baseIntent=Intent { flg=0x10008000 cmp=com.android.deskclock/.DeskClock } baseActivity=null topActivity=null origActivity=null realActivity=ComponentInfo{com.android.deskclock/com.android.deskclock.DeskClock} numActivities=0 lastActiveTime=107874 supportsSplitScreenMultiWindow=true supportsMultiWindow=true resizeMode=1 isResizeable=true token=WCT{android.window.IWindowContainerToken$Stub$Proxy@8d660f} topActivityType=1 pictureInPictureParams=null displayCutoutSafeInsets=null topActivityInfo=null launchCookies=[] positionInParent=Point(0, 72) parentTaskId=-1 isFocused=false isVisible=true topActivityInSizeCompat=false locusId= null}
01-08 01:32:50.761 I/wm_on_top_resumed_lost_called( 2664): [57956657,com.android.deskclock.DeskClock,topStateChangedWhenResumed]
01-08 01:32:50.763 I/wm_on_paused_called( 2664): [57956657,com.android.deskclock.DeskClock,performPause]
01-08 01:32:50.765 I/ActivityTaskManager( 1526): FOREGROUND_APPLICATION_CHANGED to com.android.launcher3.uioverrides.QuickstepLauncher
01-08 01:32:50.765 I/wm_destroy_activity( 1526): [0,57956657,18,com.android.deskclock/.DeskClock,finish-imm:completePausedLocked]
01-08 01:32:50.766 I/GameMode_ActivityMonitoringService( 2387): onForegroundActivitiesChanged uid 10066 pid 2664 fg false
01-08 01:32:50.771 I/mpu_uart( 640): [MSG-P:RECV]:No message received in 1000 ms
01-08 01:32:50.772 D/EditModeHelper( 2543): setHotseatVisibility: 0
01-08 01:32:50.773 W/FreeFormWindowHelper( 1526): Current Display FreeFormTask is Task{9a7d1d8 #18 type=standard A=10066:com.android.deskclock U=0 visible=false mode=freeform translucent=true sz=1}
01-08 01:32:50.774 I/sysui_multi_action( 1526): [757,803,799,window_time_0,802,3]
01-08 01:32:50.775 I/GameMode_ActivityMonitoringService( 2387): Updating top task to: TaskInfoContainer [topActivity=ComponentInfo{com.android.launcher3/com.android.launcher3.uioverrides.QuickstepLauncher}, taskId=8, stackId=1, userId=0, displayId=0, position=6
01-08 01:32:50.775 I/GameMode_ActivityMonitoringService( 2387): Notifying about top task: TaskInfoContainer [topActivity=ComponentInfo{com.android.launcher3/com.android.launcher3.uioverrides.QuickstepLauncher}, taskId=8, stackId=1, userId=0, displayId=0, position=6
01-08 01:32:50.775 I/GameMode_ActivityMonitoringService( 2387): WindowMode: 1
01-08 01:32:50.775 E/GameMode_ActivityMonitoringService( 2387): onActivityLaunch:com.android.launcher3
01-08 01:32:50.775 V/GameMode_GameTypeUtils( 2387): judge isGame:com.android.launcher3
01-08 01:32:50.775 V/GameMode_GpuUtils( 2387): fps:60
01-08 01:32:50.776 D/GameMode_GameModeActionUtils( 2387): Show GameMode entry by service!
01-08 01:32:50.776 W/ContextImpl( 2387): Calling a method in the system process without a qualified user: android.app.ContextImpl.startService:1816 android.content.ContextWrapper.startService:774 com.thundercomm.gamemode.ingame.services.GameModeActionUtils.startGameModeService:111 com.thundercomm.gamemode.ingame.services.GameModeActionUtils.startGameModeEntry:22 com.thundercomm.gamemode.ingame.services.ActivityMonitoringService$1.onActivityLaunch:129
01-08 01:32:50.777 D/GameModeIF_GameModeSettings( 2387): getUriFor setting_content_uri_root = content://com.thundercomm.gamemode.api/gamemode_settings , name = gamemode_isgaming
01-08 01:32:50.777 D/GameMode_GameModeService( 2387): type=hide_entry
01-08 01:32:50.779 I/GameModeConfig( 1526): Current uri is uri = content://com.thundercomm.gamemode.api/gamemode_settings/gamemode_isgaming
01-08 01:32:50.779 D/GameModeIF_GameModeSettings( 1526): getUriFor setting_content_uri_root = content://com.thundercomm.gamemode.api/gamemode_settings , name = gamemode_isgaming
01-08 01:32:50.779 D/GameMode_GameSettingsObserver( 2387): Game Data change!!!! uri = content://com.thundercomm.gamemode.api/gamemode_settings/gamemode_isgaming
01-08 01:32:50.779 D/GameModeIF_GameModeSettings( 2387): getUriFor setting_content_uri_root = content://com.thundercomm.gamemode.api/gamemode_settings , name = gamemode_isgaming
01-08 01:32:50.780 I/GameModeConfig( 1526): isGameModeOn = true
01-08 01:32:50.780 I/GameModeConfig( 1526): isGaming = false
01-08 01:32:50.780 I/GameModeConfig( 1526): isGameModeOn = true
01-08 01:32:50.780 I/GameModeConfig( 1526): isGaming = false
01-08 01:32:50.780 I/GameModeConfig( 1526): isDisableVoice = true
01-08 01:32:50.780 D/GameModeIF_GameModeSettings( 2387): gamemode_isgaming set to 0
01-08 01:32:50.781 I/input_focus( 1526): [Focus leaving 6b43384 com.android.deskclock/com.android.deskclock.DeskClock (server),reason=NO_WINDOW]
01-08 01:32:50.781 I/input_focus( 1526): [Focus entering 1bc00b2 com.android.launcher3/com.android.launcher3.uioverrides.QuickstepLauncher (server),reason=setFocusedWindow]
01-08 01:32:50.783 D/GameMode_GameModeService( 2387): updateGlobalSettings = gamemode_isgaming
01-08 01:32:50.785 W/FreeFormWindowHelper( 1526): Current Display FreeFormTask is Task{9a7d1d8 #18 type=standard A=10066:com.android.deskclock U=0 visible=false mode=freeform translucent=true sz=1}
01-08 01:32:50.788 I/wm_on_top_resumed_gained_called( 2543): [162781513,com.android.launcher3.uioverrides.QuickstepLauncher,topStateChangedWhenResumed]
01-08 01:32:50.788 I/wm_on_stop_called( 2664): [57956657,com.android.deskclock.DeskClock,LIFECYCLER_STOP_ACTIVITY]
01-08 01:32:50.797 I/wm_on_destroy_called( 2664): [57956657,com.android.deskclock.DeskClock,performDestroy]
01-08 01:32:50.798 W/InputManager-JNI( 1526): Input channel object '6b43384 com.android.deskclock/com.android.deskclock.DeskClock (client)' was disposed without first being removed with the input manager!
01-08 01:32:50.865 I/GameMode_ActivityMonitoringService( 2387): onTaskStackChanged
01-08 01:32:50.866 W/FreeFormWindowHelper( 1526): Current Display FreeFormTask is Task{9a7d1d8 #18 type=standard A=10066:com.android.deskclock U=0 visible=false mode=freeform translucent=true sz=1}
01-08 01:32:50.866 W/FreeFormWindowHelper( 1526): Current Display FreeFormTask is Task{9a7d1d8 #18 type=standard A=10066:com.android.deskclock U=0 visible=false mode=freeform translucent=true sz=1}
01-08 01:32:50.866 W/FreeFormWindowHelper( 1526): Current Display FreeFormTask is Task{9a7d1d8 #18 type=standard A=10066:com.android.deskclock U=0 visible=false mode=freeform translucent=true sz=1}
01-08 01:32:50.866 W/FreeFormWindowHelper( 1526): Current Display FreeFormTask is Task{9a7d1d8 #18 type=standard A=10066:com.android.deskclock U=0 visible=false mode=freeform translucent=true sz=1}
01-08 01:32:50.866 W/FreeFormWindowHelper( 1526): Current Display FreeFormTask is Task{9a7d1d8 #18 type=standard A=10066:com.android.deskclock U=0 visible=false mode=freeform translucent=true sz=1}
01-08 01:32:50.866 W/FreeFormWindowHelper( 1526): Current Display FreeFormTask is Task{9a7d1d8 #18 type=standard A=10066:com.android.deskclock U=0 visible=false mode=freeform translucent=true sz=1}
01-08 01:32:50.866 W/FreeFormWindowHelper( 1526): Current Display FreeFormTask is Task{9a7d1d8 #18 type=standard A=10066:com.android.deskclock U=0 visible=false mode=freeform translucent=true sz=1}
01-08 01:32:50.866 W/FreeFormWindowHelper( 1526): Current Display FreeFormTask is Task{9a7d1d8 #18 type=standard A=10066:com.android.deskclock U=0 visible=false mode=freeform translucent=true sz=1}
01-08 01:32:50.867 I/GameMode_ActivityMonitoringService( 2387): Updating top task to: TaskInfoContainer [topActivity=ComponentInfo{com.android.launcher3/com.android.launcher3.uioverrides.QuickstepLauncher}, taskId=8, stackId=1, userId=0, displayId=0, position=6
01-08 01:32:50.867 I/GameMode_ActivityMonitoringService( 2387): Notifying about top task: TaskInfoContainer [topActivity=ComponentInfo{com.android.launcher3/com.android.launcher3.uioverrides.QuickstepLauncher}, taskId=8, stackId=1, userId=0, displayId=0, position=6
01-08 01:32:50.867 I/GameMode_ActivityMonitoringService( 2387): WindowMode: 1
01-08 01:32:50.867 E/GameMode_ActivityMonitoringService( 2387): onActivityLaunch:com.android.launcher3
01-08 01:32:50.867 V/GameMode_GameTypeUtils( 2387): judge isGame:com.android.launcher3
01-08 01:32:50.868 V/GameMode_GpuUtils( 2387): fps:60
01-08 01:32:50.868 D/GameMode_GameModeActionUtils( 2387): Show GameMode entry by service!
01-08 01:32:50.869 W/ContextImpl( 2387): Calling a method in the system process without a qualified user: android.app.ContextImpl.startService:1816 android.content.ContextWrapper.startService:774 com.thundercomm.gamemode.ingame.services.GameModeActionUtils.startGameModeService:111 com.thundercomm.gamemode.ingame.services.GameModeActionUtils.startGameModeEntry:22 com.thundercomm.gamemode.ingame.services.ActivityMonitoringService$1.onActivityLaunch:129
01-08 01:32:50.869 D/GameModeIF_GameModeSettings( 2387): getUriFor setting_content_uri_root = content://com.thundercomm.gamemode.api/gamemode_settings , name = gamemode_isgaming
01-08 01:32:50.870 D/GameMode_GameModeService( 2387): type=hide_entry
01-08 01:32:50.870 I/GameModeConfig( 1526): Current uri is uri = content://com.thundercomm.gamemode.api/gamemode_settings/gamemode_isgaming
01-08 01:32:50.870 D/GameModeIF_GameModeSettings( 1526): getUriFor setting_content_uri_root = content://com.thundercomm.gamemode.api/gamemode_settings , name = gamemode_isgaming
01-08 01:32:50.870 D/GameMode_GameSettingsObserver( 2387): Game Data change!!!! uri = content://com.thundercomm.gamemode.api/gamemode_settings/gamemode_isgaming
01-08 01:32:50.870 D/GameModeIF_GameModeSettings( 2387): getUriFor setting_content_uri_root = content://com.thundercomm.gamemode.api/gamemode_settings , name = gamemode_isgaming
01-08 01:32:50.870 D/GameModeIF_GameModeSettings( 2387): gamemode_isgaming set to 0
01-08 01:32:50.871 I/GameModeConfig( 1526): isGameModeOn = true
01-08 01:32:50.871 I/GameModeConfig( 1526): isGaming = false
01-08 01:32:50.871 I/GameModeConfig( 1526): isGameModeOn = true
01-08 01:32:50.871 I/GameModeConfig( 1526): isGaming = false
01-08 01:32:50.871 I/GameModeConfig( 1526): isDisableVoice = true
01-08 01:32:50.871 D/GameMode_GameModeService( 2387): updateGlobalSettings = gamemode_isgaming
01-08 01:32:51.064 I/wm_task_removed( 1526): [18,removeChild:removeChild last r=ActivityRecord{3745931 u0 com.android.deskclock/.DeskClock t-1 f}} in t=Task{9a7d1d8 #18 type=standard A=10066:com.android.deskclock U=0 visible=false mode=freeform translucent=true sz=0}]
01-08 01:32:51.064 I/wm_task_removed( 1526): [18,removeChild]
01-08 01:32:51.064 D/FreeFormWindowHelper( 1526): Remove freefrom task=Task{9a7d1d8 #18 type=standard A=10066:com.android.deskclock U=0 visible=false mode=freeform translucent=true sz=0}
01-08 01:32:51.477 I/hpplay-java( 2713): [main]:ServerTaskManager:restart by error
01-08 01:32:51.477 I/hpplay-java( 2713): [main]:ServerTaskManager:startServer
01-08 01:32:51.477 I/hpplay-java( 2713): [main]:ServerTaskManager:startServer add, reason: server is starting or running
01-08 01:32:51.477 I/hpplay-java( 2713): [main]:ServerTaskManager:addStopTask
01-08 01:32:51.478 I/hpplay-java( 2713): [main]:ServerTaskManager:addStartTask
01-08 01:32:51.478 I/hpplay-java( 2713): [main]:ServerTaskManager:exeTask stopServer
01-08 01:32:51.478 I/hpplay-java( 2713): [main]:Bridge:stopServer keepPush: false
01-08 01:32:51.478 D/hpplay-base( 2713): [jniBridge:909] Bridge__1stopServer status:2
01-08 01:32:51.479 D/hpplay-base( 2713): [LelinkBase:654] stopAllServer will start thread!
01-08 01:32:51.479 I/hpplay-base( 2713): [mDNSEmbeded:65] embedded_mDNSExit call
01-08 01:32:51.479 D/hpplay-base( 2713): [REventUtils:197] handleREventThread thread end!!,tid is 5712
01-08 01:32:51.480 D/hpplay-base( 2713): [AEventUtils:588] handle AEvent thread end!!,tid is 5711
01-08 01:32:51.493 D/hpplay-base( 2713): [Server:447] startHttpServer will END srv->serverType:0
01-08 01:32:51.493 D/hpplay-base( 2713): [Server:646] startHttpServer cond srv_shutdown:1 connectNummber:0
01-08 01:32:51.493 D/hpplay-base( 2713): [Server:669] startHttpServer wait cond END. srv_shutdown:1 connectNummber:0
01-08 01:32:51.493 D/hpplay-base( 2713): [Server:457] HttpServer END, tid is 5692
01-08 01:32:51.517 I/OMX-VENC: venc_dev( 1222): stats: avg. fps 35.80, bitrate 4244598
01-08 01:32:51.524 D/hpplay-base( 2713): [stream_mirror_compat:1284] mirror stream begin to exit,server fd:98,thread_id:3154145728!!
01-08 01:32:51.525 D/hpplay-base( 2713): [stream_mirror_compat:1323] ##screen stream exit successfully!!##
01-08 01:32:51.772 I/mpu_uart( 640): [MSG-P:RECV]:No message received in 1000 ms
01-08 01:32:51.963 I/auditd ( 0): type=1400 audit(0.0:647): avc: denied { kill } for comm="swapper/7" capability=5 scontext=u:r:kernel:s0 tcontext=u:r:kernel:s0 tclass=capability permissive=0
01-08 01:32:51.963 W/swapper/7( 0): type=1400 audit(0.0:647): avc: denied { kill } for capability=5 scontext=u:r:kernel:s0 tcontext=u:r:kernel:s0 tclass=capability permissive=0
01-08 01:32:52.266 I/hpplay-base( 2713): [mDNSEmbeded:140] embedded_mDNSLoop Exiting end,tid is 5708
01-08 01:32:52.267 D/hpplay-base( 2713): [mDNSEmbeded:452] stopmDNSServer end stopmDNSNow=2, nRet=0
01-08 01:32:52.485 I/hpplay-base( 2713): [mDNSEmbeded:376] end lelink publish server, tid is 5709
01-08 01:32:52.485 D/hpplay-base( 2713): [mDNSEmbeded:420] stopmLelinkServer end nRet=0
01-08 01:32:52.485 D/hpplay-base( 2713): [LelinkBase:615] lebodlna stopServerThreadFunc dlnaEnable:1
01-08 01:32:52.485 D/hpplay-base-dlna( 2713): [lebodlna_api:49] stop DMR
01-08 01:32:52.485 D/hpplay-base-dlna( 2713): [lebodlna_api:344] m_pRender Release
01-08 01:32:52.518 I/OMX-VENC: venc_dev( 1222): stats: avg. fps 2.00, bitrate 59149
01-08 01:32:52.543 D/hpplay-base-dlna( 2713): [UpnpDefine:867] DMRender release success
01-08 01:32:52.543 D/hpplay-base-dlna( 2713): [lebodlna_api:352] m_pAVT Release
01-08 01:32:52.544 D/hpplay-base-dlna( 2713): [lebodlna_api:360] m_pRCS Release
01-08 01:32:52.544 D/hpplay-base-dlna( 2713): [lebodlna_api:365] dmrender destroydmr
01-08 01:32:52.579 I/input_interaction( 1526): Interaction with: 1bc00b2 com.android.launcher3/com.android.launcher3.uioverrides.QuickstepLauncher (server), fe7e613 com.android.systemui.ImageWallpaper (server), edge-swipe (server), swipe-up (server), PointerEventDispatcher0 (server),
01-08 01:32:52.592 E/TaskPersister( 1526): File error accessing recents directory (directory doesn't exist?).
01-08 01:32:52.717 D/FreeWindowHelper( 2543): setExitFlag: old=0,new=1
01-08 01:32:52.719 I/thunderperf( 1526): Maybe need boostperf for current app!
01-08 01:32:52.719 D/FgBoostPerfService( 2387): [FgBoostPerfService.perfBoostAcq]start: stat=true pkgName=com.android.gallery3d
01-08 01:32:52.719 V/GameMode_GameTypeUtils( 2387): judge isGame:com.android.gallery3d
01-08 01:32:52.719 I/FgBoostPerfService( 2387): [FgBoostPerfService.perfBoostAcq] not game-mode or game app!
01-08 01:32:52.720 I/ThunderPerfManager( 1526): PerfAcq error : state=true pkgName=com.android.gallery3d
01-08 01:32:52.720 V/GameMode_GameTypeUtils( 2387): judge isGame:com.android.gallery3d
01-08 01:32:52.720 I/FgBoostPerfService( 2387): [GetGpuMode] isMode=1 isGame=false mGpuMode=1
01-08 01:32:52.721 V/GameMode_GameTypeUtils( 2387): judge isGame:com.android.gallery3d
01-08 01:32:52.721 I/FgBoostPerfService( 2387): [GetGpuDpiType] isMode=1 isGame=false mGpuDpiType=0
01-08 01:32:52.721 I/thunderperf( 1526): Current app pkgName=com.android.gallery3d bm:com.thundercomm.perf.BoostPerfManager@3df94a1 gpuMode=-1 gpuType=-1
01-08 01:32:52.721 I/ThunderBoostPerfService( 1526): Resolution: Uid=10078 Pid=2543 gMode=-1 dType=-1
01-08 01:32:52.722 I/thunderperf( 1526): PlatormCompat.setOverrides: Uid1=10078 Pid1=2543 Uid2=10078 Pid2=2543
01-08 01:32:52.722 I/thunderperf( 1526): PlatormCompat.setOverrides: needCheck:false
01-08 01:32:52.722 I/thunderperf( 1526): CompatConfig.addOverrideUnsafe: bef-state=1
01-08 01:32:52.723 I/thunderperf( 1526): CompatConfig.addOverrideUnsafe: aft-state=0
01-08 01:32:52.724 I/thunderperf( 1526): CompatConfig.addOverrideUnsafe: bef-state=1
01-08 01:32:52.724 I/thunderperf( 1526): CompatConfig.addOverrideUnsafe: aft-state=0
01-08 01:32:52.725 I/thunderperf( 1526): CompatConfig.addOverrideUnsafe: bef-state=1
01-08 01:32:52.726 I/thunderperf( 1526): CompatConfig.addOverrideUnsafe: aft-state=0
01-08 01:32:52.727 I/thunderperf( 1526): CompatConfig.addOverrideUnsafe: bef-state=1
01-08 01:32:52.727 I/thunderperf( 1526): CompatConfig.addOverrideUnsafe: aft-state=0
01-08 01:32:52.728 I/thunderperf( 1526): CompatConfig.addOverrideUnsafe: bef-state=1
01-08 01:32:52.728 I/thunderperf( 1526): CompatConfig.addOverrideUnsafe: aft-state=0
01-08 01:32:52.729 I/thunderperf( 1526): CompatConfig.addOverrideUnsafe: bef-state=1
01-08 01:32:52.730 I/thunderperf( 1526): CompatConfig.addOverrideUnsafe: aft-state=0
01-08 01:32:52.731 I/thunderperf( 1526): CompatConfig.addOverrideUnsafe: bef-state=1
01-08 01:32:52.731 I/thunderperf( 1526): CompatConfig.addOverrideUnsafe: aft-state=0
01-08 01:32:52.732 I/thunderperf( 1526): CompatConfig.addOverrideUnsafe: bef-state=1
01-08 01:32:52.732 I/thunderperf( 1526): CompatConfig.addOverrideUnsafe: aft-state=0
01-08 01:32:52.733 I/thunderperf( 1526): CompatConfig.addOverrideUnsafe: bef-state=1
01-08 01:32:52.733 I/thunderperf( 1526): CompatConfig.addOverrideUnsafe: aft-state=0
01-08 01:32:52.733 I/thunderperf( 1526): CompatConfig.addOverrideUnsafe: bef-state=1
01-08 01:32:52.733 I/thunderperf( 1526): CompatConfig.addOverrideUnsafe: aft-state=0
01-08 01:32:52.734 I/thunderperf( 1526): CompatConfig.addOverrideUnsafe: bef-state=1
01-08 01:32:52.734 I/thunderperf( 1526): CompatConfig.addOverrideUnsafe: aft-state=0
01-08 01:32:52.734 I/thunderperf( 1526): CompatConfig.addOverrideUnsafe: bef-state=1
01-08 01:32:52.735 I/thunderperf( 1526): CompatConfig.addOverrideUnsafe: aft-state=0
01-08 01:32:52.735 I/thunderperf( 1526): CompatConfig.addOverrideUnsafe: bef-state=1
01-08 01:32:52.735 I/thunderperf( 1526): CompatConfig.addOverrideUnsafe: aft-state=0
01-08 01:32:52.736 I/thunderperf( 1526): CompatConfig.addOverrideUnsafe: bef-state=1
01-08 01:32:52.736 I/thunderperf( 1526): CompatConfig.addOverrideUnsafe: aft-state=0
01-08 01:32:52.741 I/ThunderBoostPerfService( 1526): Disable downscaling com.android.gallery3d to 2380x1020
01-08 01:32:52.742 I/ActivityTaskManager( 1526): START u0 {flg=0x10008000 cmp=com.android.gallery3d/.app.GalleryActivity} from uid 10078
01-08 01:32:52.742 I/EventSequenceValidator( 1526): inc AccIntentStartedEvents to 2
01-08 01:32:52.747 E/ANDR-PERF-JNI( 1526): com_qualcomm_qtiperformance_native_perf_io_prefetch_start
01-08 01:32:52.747 I/wm_task_created( 1526): [19,-1]
01-08 01:32:52.747 W/ActivityTaskManager( 1526): Can't find TaskDisplayArea to determine support for multi window. Task id=19 attached=false
01-08 01:32:52.748 D/FreeFormWindowHelper( 1526): Add freeform task=Task{d620b0 #19 type=standard ?? U=0 visible=false mode=freeform translucent=true sz=0}
01-08 01:32:52.749 E/ANDR-IOP( 833): io prefetch is disabled
01-08 01:32:52.749 D/CompatibilityChangeReporter( 1526): Compat change id reported: 174042980; UID 10063; state: DISABLED
01-08 01:32:52.750 D/CompatibilityChangeReporter( 1526): Compat change id reported: 184838306; UID 10063; state: DISABLED
01-08 01:32:52.750 D/CompatibilityChangeReporter( 1526): Compat change id reported: 185004937; UID 10063; state: DISABLED
01-08 01:32:52.750 D/CompatibilityChangeReporter( 1526): Compat change id reported: 181136395; UID 10063; state: DISABLED
01-08 01:32:52.750 D/CompatibilityChangeReporter( 1526): Compat change id reported: 174042936; UID 10063; state: DISABLED
01-08 01:32:52.751 I/wm_task_moved( 1526): [19,1,6]
01-08 01:32:52.751 I/wm_task_to_front( 1526): [0,19]
01-08 01:32:52.751 I/wm_create_task( 1526): [0,19]
01-08 01:32:52.751 I/wm_create_activity( 1526): [0,21084969,19,com.android.gallery3d/.app.GalleryActivity,NULL,NULL,NULL,268468224]
01-08 01:32:52.751 I/wm_task_moved( 1526): [19,1,6]
01-08 01:32:52.751 D/CompatibilityChangeReporter( 1526): Compat change id reported: 168419799; UID 10063; state: DISABLED
01-08 01:32:52.751 D/CompatibilityInfo( 1526): mCompatibilityFlags - 4
01-08 01:32:52.751 D/CompatibilityInfo( 1526): applicationDensity - 240
01-08 01:32:52.751 D/CompatibilityInfo( 1526): applicationScale - 1.0
01-08 01:32:52.752 I/ActivityTaskManager( 1526): FOREGROUND_APPLICATION_CHANGED to com.android.gallery3d.app.GalleryActivity
01-08 01:32:52.752 I/ActivityTaskManager( 1526): The Process com.android.gallery3d Already Exists in BG. So sending its PID: 5293
01-08 01:32:52.752 W/ActivityTaskManager( 1526): Tried to set launchTime (0) < mLastActivityLaunchTime (79668)
01-08 01:32:52.753 I/wm_restart_activity( 1526): [0,21084969,19,com.android.gallery3d/.app.GalleryActivity]
01-08 01:32:52.753 D/CompatibilityInfo( 1526): mCompatibilityFlags - 4
01-08 01:32:52.753 D/CompatibilityInfo( 1526): applicationDensity - 240
01-08 01:32:52.753 D/CompatibilityInfo( 1526): applicationScale - 1.0
01-08 01:32:52.753 I/wm_set_resumed_activity( 1526): [0,com.android.gallery3d/.app.GalleryActivity,minimalResumeActivityLocked]
01-08 01:32:52.756 D/StateManager( 2543): goToState: Normal
01-08 01:32:52.756 D/EditModeHelper( 2543): setHotseatVisibility: 0
01-08 01:32:52.757 I/GameMode_ActivityMonitoringService( 2387): onForegroundActivitiesChanged uid 10063 pid 5293 fg true
01-08 01:32:52.757 I/wm_on_top_resumed_lost_called( 2543): [162781513,com.android.launcher3.uioverrides.QuickstepLauncher,topStateChangedWhenResumed]
01-08 01:32:52.760 I/GameMode_ActivityMonitoringService( 2387): Updating top task to: TaskInfoContainer [topActivity=ComponentInfo{com.android.gallery3d/com.android.gallery3d.app.GalleryActivity}, taskId=19, stackId=19, userId=0, displayId=0, position=6
01-08 01:32:52.760 I/GameMode_ActivityMonitoringService( 2387): Notifying about top task: TaskInfoContainer [topActivity=ComponentInfo{com.android.gallery3d/com.android.gallery3d.app.GalleryActivity}, taskId=19, stackId=19, userId=0, displayId=0, position=6
01-08 01:32:52.760 I/GameMode_ActivityMonitoringService( 2387): WindowMode: 5
01-08 01:32:52.760 D/CompatibilityInfo( 1526): mCompatibilityFlags - 4
01-08 01:32:52.760 D/CompatibilityInfo( 1526): applicationDensity - 240
01-08 01:32:52.760 D/CompatibilityInfo( 1526): applicationScale - 1.0
01-08 01:32:52.771 V/StateManager( 5293): startState class com.android.gallery3d.app.AlbumSetPage
01-08 01:32:52.772 I/wm_on_create_called( 5293): [21084969,com.android.gallery3d.app.GalleryActivity,performCreate]
01-08 01:32:52.772 I/mpu_uart( 640): [MSG-P:RECV]:No message received in 1000 ms
01-08 01:32:52.772 I/wm_on_start_called( 5293): [21084969,com.android.gallery3d.app.GalleryActivity,handleStartActivity]
01-08 01:32:52.773 D/Gallery.MultiSetSync( 5293): onSyncDone: **** #pending=1
01-08 01:32:52.773 D/Gallery.MultiSetSync( 5293): request sync: ****
01-08 01:32:52.773 D/Gallery.MultiSetSync( 5293): onSyncDone: ****** #pending=0
01-08 01:32:52.773 D/Gallery.MultiSetSync( 5293): request sync: ******
01-08 01:32:52.774 W/OrientationEventListener( 5293): Cannot detect sensors. Not enabled
01-08 01:32:52.774 I/wm_on_resume_called( 5293): [21084969,com.android.gallery3d.app.GalleryActivity,RESUME_ACTIVITY]
01-08 01:32:52.775 I/wm_on_top_resumed_gained_called( 5293): [21084969,com.android.gallery3d.app.GalleryActivity,topStateChangedWhenResumed]
01-08 01:32:52.781 D/FreeWindowHelper( 2543): enterOrExitRecentTasks: isEnterRecentTasks=false,mExitFlag=1
01-08 01:32:52.781 W/FreeFormWindowHelper( 1526): exitRecentTasks type=1
01-08 01:32:52.785 W/FreeFormWindowHelper( 1526): Current Display FreeFormTask is Task{d620b0 #19 type=standard A=10063:com.android.gallery3d U=0 visible=true mode=freeform translucent=false sz=1}
01-08 01:32:52.786 W/WindowManager( 1526): updateScale : 0.7996942
01-08 01:32:52.789 I/input_focus( 1526): [Focus request 3e5166b com.android.gallery3d/com.android.gallery3d.app.GalleryActivity,reason=UpdateInputWindows]
01-08 01:32:52.792 D/libEGL ( 5293): MSAA-->msaa:2 gamemode:0 4x_msaa:0
01-08 01:32:52.792 D/libEGL ( 5293): MSAA-->msaa:2 gamemode:0 4x_msaa:0
01-08 01:32:52.798 W/System ( 1526): A resource failed to call close.
01-08 01:32:52.798 W/System ( 1526): A resource failed to call close.
01-08 01:32:52.798 W/System ( 1526): A resource failed to call close.
01-08 01:32:52.798 W/System ( 1526): A resource failed to call close.
01-08 01:32:52.798 W/System ( 1526): A resource failed to call close.
01-08 01:32:52.798 I/GLRootView( 5293): onSurfaceChanged: 654x1228, gl10: com.google.android.gles_jni.GLImpl@23aa23f
01-08 01:32:52.798 W/System ( 1526): A resource failed to call close.
01-08 01:32:52.798 I/GLRootView( 5293): layout content pane 654x1228 (compensation 0)
01-08 01:32:52.805 I/GLRootView( 5293): onSurfaceChanged: 654x1160, gl10: com.google.android.gles_jni.GLImpl@23aa23f
01-08 01:32:52.805 I/GLRootView( 5293): layout content pane 654x1160 (compensation 0)
01-08 01:32:52.820 I/input_focus( 1526): [Focus leaving 1bc00b2 com.android.launcher3/com.android.launcher3.uioverrides.QuickstepLauncher (server),reason=Waiting for window because NOT_VISIBLE]
01-08 01:32:52.820 W/WindowManager( 1526): updateScale : 0.7996942
01-08 01:32:52.822 W/WindowManager( 1526): updateScale : 0.7996942
01-08 01:32:52.823 I/sysui_multi_action( 1526): [319,80,322,79,325,109,757,761,758,8,759,2,806,com.android.gallery3d,871,com.android.gallery3d.app.GalleryActivity,904,com.android.launcher3,905,0,1320,4,1321,1]
01-08 01:32:52.823 W/WindowManager( 1526): updateScale : 0.7996942
01-08 01:32:52.823 I/wm_activity_launch_time( 1526): [0,21084969,com.android.gallery3d/.app.GalleryActivity,79]
01-08 01:32:52.824 I/ActivityTaskManager( 1526): Displayed com.android.gallery3d/.app.GalleryActivity: +79ms
01-08 01:32:52.824 I/EventSequenceValidator( 1526): dec AccIntentStartedEvents to 1
01-08 01:32:52.828 I/mpu_uart( 640): [MSG-P:R]:recv sync frame timeout
01-08 01:32:52.837 I/input_focus( 1526): [Focus entering 3e5166b com.android.gallery3d/com.android.gallery3d.app.GalleryActivity (server),reason=Window became focusable. Previous reason: NOT_VISIBLE]
01-08 01:32:52.837 W/MediaProvider( 2846): Recovered abusive '0,64' from 'content://media/external/images/media?limit=0%2C64'
01-08 01:32:52.840 W/MediaProvider( 2846): Recovered abusive '0,64' from 'content://media/external/video/media?limit=0%2C64'
01-08 01:32:52.844 D/hpplay-base-dlna( 2713): [lebodlna-dlna_android:186] stopDLNA
01-08 01:32:52.844 D/hpplay-base-dlna( 2713): [lebodlna-dlna_android:189] dlnaservice destroy
01-08 01:32:52.844 D/hpplay-base-dlna( 2713): [lebodlna-dlna_android:49] dlnaservice Destroy 49 int CDlnaService::Destroy()
01-08 01:32:52.844 D/hpplay-base-dlna( 2713): [lebodlna-dlnaframe:245] dlnaservice Destroy 245 static ERROR_TYPE IDlnaFrame::DestroyDlnaFrame(IDlnaFrame *)
01-08 01:32:52.844 D/hpplay-base-dlna( 2713): [lebodlna-dlnaframe:179] dlnaservice Destroy 179 virtual void CDlnaFrame::Release()
01-08 01:32:52.844 D/hpplay-base-dlna( 2713): [lebodlna-dlnaframe:190] dlnaservice Destroy 190 virtual void CDlnaFrame::Release()
01-08 01:32:52.844 D/hpplay-base-dlna( 2713): [lebodlna-dlnaframe:192] dlnaservice Destroy 192 virtual void CDlnaFrame::Release()
01-08 01:32:52.844 D/hpplay-base-dlna( 2713): [lebodlna-dlnaframe:247] dlnaservice Destroy 247 static ERROR_TYPE IDlnaFrame::DestroyDlnaFrame(IDlnaFrame *)
01-08 01:32:52.844 D/hpplay-base-dlna( 2713): [lebodlna-dlnaframe:251] dlnaservice Destroy 251 static ERROR_TYPE IDlnaFrame::DestroyDlnaFrame(IDlnaFrame *)
01-08 01:32:52.845 E/hpplay-base-dlna( 2713): upnpapi.c:655::before gminiserver ThreadPoolShutdown
01-08 01:32:52.845 E/hpplay-base-dlna( 2713): ThreadPool.c:1047::on ThreadPoolShutdown tp->totalThreads:3
01-08 01:32:52.845 E/hpplay-base-dlna( 2713): ThreadPool.c:1047::on ThreadPoolShutdown tp->totalThreads:2
01-08 01:32:52.845 E/hpplay-base-dlna( 2713): ThreadPool.c:1047::on ThreadPoolShutdown tp->totalThreads:1
01-08 01:32:52.845 E/hpplay-base-dlna( 2713): ThreadPool.c:1056::after ThreadPoolShutdown
01-08 01:32:52.845 E/hpplay-base-dlna( 2713): ThreadPool.c:1057::ThreadPoolShutdown tp->totalThreads:0
01-08 01:32:52.845 E/hpplay-base-dlna( 2713): upnpapi.c:657::after gminiserver ThreadPoolShutdown
01-08 01:32:52.845 E/hpplay-base-dlna( 2713): upnpapi.c:659::before grecv ThreadPoolShutdown
01-08 01:32:52.845 E/hpplay-base-dlna( 2713): ThreadPool.c:1047::on ThreadPoolShutdown tp->totalThreads:10
01-08 01:32:52.845 E/hpplay-base-dlna( 2713): ThreadPool.c:1047::on ThreadPoolShutdown tp->totalThreads:9
01-08 01:32:52.845 E/hpplay-base-dlna( 2713): ThreadPool.c:1047::on ThreadPoolShutdown tp->totalThreads:8
01-08 01:32:52.846 E/hpplay-base-dlna( 2713): ThreadPool.c:1047::on ThreadPoolShutdown tp->totalThreads:4
01-08 01:32:52.846 E/hpplay-base-dlna( 2713): ThreadPool.c:1047::on ThreadPoolShutdown tp->totalThreads:3
01-08 01:32:52.846 E/hpplay-base-dlna( 2713): ThreadPool.c:1047::on ThreadPoolShutdown tp->totalThreads:2
01-08 01:32:52.846 E/hpplay-base-dlna( 2713): ThreadPool.c:1047::on ThreadPoolShutdown tp->totalThreads:1
01-08 01:32:52.846 E/hpplay-base-dlna( 2713): ThreadPool.c:1056::after ThreadPoolShutdown
01-08 01:32:52.846 E/hpplay-base-dlna( 2713): ThreadPool.c:1057::ThreadPoolShutdown tp->totalThreads:0
01-08 01:32:52.846 E/hpplay-base-dlna( 2713): upnpapi.c:661::after grecv ThreadPoolShutdown
01-08 01:32:52.846 E/hpplay-base-dlna( 2713): upnpapi.c:663::before gsend ThreadPoolShutdown
01-08 01:32:52.846 E/hpplay-base-dlna( 2713): ThreadPool.c:1047::on ThreadPoolShutdown tp->totalThreads:3
01-08 01:32:52.846 E/hpplay-base-dlna( 2713): ThreadPool.c:1047::on ThreadPoolShutdown tp->totalThreads:1
01-08 01:32:52.846 E/hpplay-base-dlna( 2713): ThreadPool.c:1056::after ThreadPoolShutdown
01-08 01:32:52.846 E/hpplay-base-dlna( 2713): ThreadPool.c:1057::ThreadPoolShutdown tp->totalThreads:0
01-08 01:32:52.846 E/hpplay-base-dlna( 2713): upnpapi.c:665::after gsend ThreadPoolShutdown
01-08 01:32:52.846 D/hpplay-base-dlna( 2713): [lebodlna-dlnaframe:253] dlnaservice Destroy 253 static ERROR_TYPE IDlnaFrame::DestroyDlnaFrame(IDlnaFrame *)
01-08 01:32:52.846 D/hpplay-base-dlna( 2713): [lebodlna-dlna_android:51] dlnaservice Destroy 51 int CDlnaService::Destroy()
01-08 01:32:52.846 D/hpplay-base-dlna( 2713): [lebodlna-dlna_android:194] stopDLNA end
01-08 01:32:52.963 I/auditd ( 0): type=1400 audit(0.0:648): avc: denied { kill } for comm="swapper/7" capability=5 scontext=u:r:kernel:s0 tcontext=u:r:kernel:s0 tclass=capability permissive=0
01-08 01:32:52.963 W/swapper/7( 0): type=1400 audit(0.0:648): avc: denied { kill } for capability=5 scontext=u:r:kernel:s0 tcontext=u:r:kernel:s0 tclass=capability permissive=0
01-08 01:32:53.103 W/WindowManager( 1526): updateScale : 0.7996942
01-08 01:32:53.146 D/hpplay-base( 2713): [stream_mirror_compat:1489] request to stop screen stream session!!
01-08 01:32:53.146 D/hpplay-base( 2713): [AEventUtils:625] begin to stop event handle service!!
01-08 01:32:53.146 D/hpplay-base( 2713): [AEventUtils:628] stop event handle service ok!!
01-08 01:32:53.146 D/hpplay-base( 2713): [REventUtils:231] begin to stop report handle service!!
01-08 01:32:53.146 D/hpplay-base( 2713): [REventUtils:234] stop report handle service ok!!
01-08 01:32:53.146 D/hpplay-base( 2713): [lelinkSinkServer:711] HTTP Server stopSinkServer End .
01-08 01:32:53.146 D/hpplay-base( 2713): [jniBridge:1135] notifyJavaServerStoped
01-08 01:32:53.146 D/hpplay-base( 2713): [jniBridge:1726] notifyJava, what:202, castType:0, mimeType:0 baseStatus:4
01-08 01:32:53.146 D/hpplay-base( 2713): [jniBridge:1727] notifyJava sessionID:(null)
01-08 01:32:53.146 I/hpplay-java( 2713): [Thread-77]:Bridge:notify: what: 202
01-08 01:32:53.146 I/hpplay-java( 2713): [Thread-77]:Bridge:notify: out: OutParameters:{audioSessionId=-1, audiotrackIndex=0, castHandleType=-1, castType=0, deviceName='', dlnaName='', dramaID='', extra=0, frameHandleType=-1, handleInside=true, headduration=0, header='', headers=null, isAD=false, isMultiMirror=false, lelinkVer='', limitTime=0, , mediaAlbum='null', mediaAlbumArtURI='', mediaArtist='null', mediaAssets='', mediaTitle='null', mimeType=0, multiSession=null, period=0, pinCode='', playSpeed=0.0, playerChoice=0, plugin=0, port=0, position=0.0, positionUnit=2, protocol=0, realSessionID='', regType='', , sinkIp='', sourceAPPVersion='', sourceChannel='', sourceClientInfo='', sourceDeviceInfo='', sourceDeviceModel='', sourceDeviceName='', sourceDeviceType=0, sourceHID='', , sourceInfo='', , , sourceOSVersion='', sourceSDKVersion='', sourceUid='', stopDetail=0, stopReason=0, tailduration=0, url='', urlID='', urls=null, userAgent='', videoDecoder=0, volume=0, what=202}com.hpplay.sdk.sink.protocol.OutParameters@571642a
01-08 01:32:53.146 I/hpplay-java( 2713): [Thread-77]:Bridge:notify: address:4760091
01-08 01:32:53.146 D/hpplay-base( 2713): [LelinkBase:645] stopServerThreadFunc notifyJavaServerStoped!
01-08 01:32:53.147 I/hpplay-java( 2713): [main]:ServerTaskManager:startTimeOutCheck
01-08 01:32:53.147 I/hpplay-java( 2713): [main]:ServerBusiness:stopDaemonBusiness
01-08 01:32:53.147 I/hpplay-java( 2713): [main]:SinkDataReport:logout
01-08 01:32:53.147 I/hpplay-java( 2713): [main]:EPControl:release
01-08 01:32:53.147 I/hpplay-java( 2713): [AsyncTask #8]:GlideCreator:clearCache clearDiskCache
01-08 01:32:53.148 I/hpplay-java( 2713): [main]:Dispatcher:notifyAllReverseControlsStop
01-08 01:32:53.148 I/hpplay-java( 2713): [main]:Preference:checkFeature none
01-08 01:32:53.148 W/hpplay-java( 2713): NanoHTTPDServerRunnable:Communication with the client broken
01-08 01:32:53.148 W/hpplay-java( 2713): java.net.SocketException: Socket closed
01-08 01:32:53.148 W/hpplay-java( 2713): at java.net.PlainSocketImpl.socketAccept(PlainSocketImpl.java:213)
01-08 01:32:53.148 W/hpplay-java( 2713): at java.net.AbstractPlainSocketImpl.accept(AbstractPlainSocketImpl.java:451)
01-08 01:32:53.148 W/hpplay-java( 2713): at java.net.ServerSocket.implAccept(ServerSocket.java:547)
01-08 01:32:53.148 W/hpplay-java( 2713): at java.net.ServerSocket.accept(ServerSocket.java:515)
01-08 01:32:53.148 W/hpplay-java( 2713): at com.hpplay.nanohttpd.protocols.http.ServerRunnable.run(SourceFile:118)
01-08 01:32:53.148 W/hpplay-java( 2713): at java.lang.Thread.run(Thread.java:920)
01-08 01:32:53.148 I/hpplay-java( 2713): [main]:Dispatcher:notifyAllUIControlsStop set: []
01-08 01:32:53.148 I/hpplay-java( 2713): NanoHTTPDNanoHTTPD:server is stoped
01-08 01:32:53.148 I/hpplay-java( 2713): [main]:Bridge:findServiceID start out: 4760091
01-08 01:32:53.148 I/hpplay-java( 2713): NanoHTTPDNanoHTTPD:clear obj
01-08 01:32:53.148 I/hpplay-java( 2713): [main]:Bridge:findServiceID end
01-08 01:32:53.148 I/hpplay-java( 2713): [main]:ServerTaskManager:onStop retry:true
01-08 01:32:53.148 I/hpplay-java( 2713): [main]:ServerTaskManager:cancelTimeOutCheck
01-08 01:32:53.148 I/hpplay-java( 2713): [main]:IPManager:getActiveNets type: WIFI
01-08 01:32:53.148 I/hpplay-java( 2713): [main]:IPManager:getActiveNets eth0:false wifi:true mobile:false ap:false
01-08 01:32:53.148 I/hpplay-java( 2713): [main]:IPManager:getIPAddress IP_WLAN0
01-08 01:32:53.148 I/hpplay-java( 2713): [main]:IPManager:updateIPAddress getIPAddress: 192.168.4.16 name:vlan4
01-08 01:32:53.149 I/hpplay-java( 2713): [main]:IPManager:updateIPAddress getIPAddress: 192.168.124.22 name:wlan0
01-08 01:32:53.149 I/hpplay-java( 2713): [main]:IPManager:updateIPAddress getIPAddress: 192.168.8.16 name:vlan8
01-08 01:32:53.149 I/hpplay-java( 2713): [main]:IPManager:updateIPAddress getIPAddress: 192.168.11.16 name:vlan11
01-08 01:32:53.149 I/hpplay-java( 2713): [main]:IPManager:updateIPAddress getIPAddress: 192.168.0.16 name:vlan0
01-08 01:32:53.149 I/hpplay-java( 2713): [main]:IPManager:updateIPAddress getIPAddress: 192.168.2.16 name:vlan2
01-08 01:32:53.149 I/hpplay-java( 2713): [main]:IPManager:updateIPAddress getIPAddress: 192.168.1.16 name:vlan1
01-08 01:32:53.149 I/hpplay-java( 2713): [main]:ServerTaskManager:exeTask startServer
01-08 01:32:53.149 I/hpplay-java( 2713): [AsyncTask #10]:ServerBusiness:startDaemonBusiness
01-08 01:32:53.149 I/hpplay-java( 2713): [main]:ServerTaskManager:startTimeOutCheck
01-08 01:32:53.149 I/hpplay-java( 2713): [AsyncTask #10]:TimeOutCheckUtil:addTask id:upgrade
01-08 01:32:53.149 I/hpplay-java( 2713): [AsyncTask #1]:Bridge:assembleInParameters
01-08 01:32:53.149 I/hpplay-java( 2713): [AsyncTask #10]:TimeOutCheckUtil:addTask id:ijkupgrade
01-08 01:32:53.149 I/hpplay-java( 2713): [AsyncTask #1]:Bridge:createDeviceId deviceId:YTQ6MWE6NWI6N2U6YTg6MDY=
01-08 01:32:53.150 I/hpplay-java( 2713): [AsyncTask #1]:IPManager:getActiveNets type: WIFI
01-08 01:32:53.150 I/hpplay-java( 2713): [AsyncTask #1]:IPManager:getActiveNets eth0:false wifi:true mobile:false ap:false
01-08 01:32:53.150 I/hpplay-java( 2713): [AsyncTask #1]:IPManager:getIPAddress IP_WLAN0
01-08 01:32:53.150 I/hpplay-java( 2713): [AsyncTask #1]:Preference:checkFeature none
01-08 01:32:53.150 I/hpplay-java( 2713): [AsyncTask #1]:SWI:dlna tip
01-08 01:32:53.150 I/hpplay-java( 2713): NanoHTTPDNanoHTTPD:server is started
01-08 01:32:53.150 I/hpplay-java( 2713): [AsyncTask #1]:SWI:lefp tip
01-08 01:32:53.150 I/hpplay-java( 2713): [AsyncTask #1]:Bridge:assembleInParameters none alias name use device name: 高合娱乐副屏
01-08 01:32:53.150 I/hpplay-java( 2713): [AsyncTask #1]:Feature:isSendAdvertisement
01-08 01:32:53.150 I/hpplay-java( 2713): [AsyncTask #1]:Preference:checkFeature none
01-08 01:32:53.150 I/hpplay-java( 2713): [AsyncTask #1]:Preference:checkFeature none
01-08 01:32:53.150 I/hpplay-java( 2713): [AsyncTask #1]:Bridge:backupHpplayDat bakPath:
01-08 01:32:53.150 I/hpplay-java( 2713): [AsyncTask #1]:Bridge:path:/data/user/0/com.hht.lebocast/files/hpplay/file/happyplay.dat
01-08 01:32:53.150 I/hpplay-java( 2713): [AsyncTask #1]:Bridge:mAppId:21409
01-08 01:32:53.150 I/hpplay-java( 2713): [AsyncTask #1]:Bridge:mode:3
01-08 01:32:53.150 I/hpplay-java( 2713): [AsyncTask #1]:Bridge:type:1
01-08 01:32:53.150 I/hpplay-java( 2713): [AsyncTask #1]:Bridge:SN:
01-08 01:32:53.150 I/hpplay-java( 2713): [AsyncTask #1]:Preference:checkFeature none
01-08 01:32:53.150 I/hpplay-java( 2713): [AsyncTask #1]:Bridge:backPath:
01-08 01:32:53.150 I/hpplay-java( 2713): [AsyncTask #1]:DeviceUtil:getPermissionDid: 1
01-08 01:32:53.150 I/hpplay-java( 2713): [AsyncTask #1]:DeviceUtil:getPermissionDid: 1
01-08 01:32:53.150 I/hpplay-java( 2713): [AsyncTask #1]:BPIFileUtil:getMd5ByFile: 0FA04FD08975C81CDD9275F6AE23A020
01-08 01:32:53.150 I/hpplay-java( 2713): [AsyncTask #1]:Preference:checkFeature none
01-08 01:32:53.150 I/hpplay-java( 2713): [AsyncTask #1]:Preference:checkFeature none
01-08 01:32:53.150 I/hpplay-java( 2713): [AsyncTask #1]:Preference:checkFeature none
01-08 01:32:53.150 I/hpplay-java( 2713): [AsyncTask #1]:Preference:checkFeature none
01-08 01:32:53.150 I/hpplay-java( 2713): [AsyncTask #1]:Preference:checkFeature none
01-08 01:32:53.154 W/hpplay-java( 2713): [AsyncTask #1]:DeviceUtils:getDomain create lb domain
01-08 01:32:53.154 I/hpplay-java( 2713): [AsyncTask #1]:Feature:getMirrorAudioVideoSync DISABLE
01-08 01:32:53.154 I/hpplay-java( 2713): [AsyncTask #1]:Feature:checkSupportRedirectOtherApp,no set redirect api
01-08 01:32:53.154 I/hpplay-java( 2713): [AsyncTask #1]:Feature:getRedirectSearchFlag,value: 0
01-08 01:32:53.154 I/hpplay-java( 2713): [AsyncTask #1]:Bridge:mIn: InParameters{appInfo='0', appKey='21409', authMode=0, authPwd='null', broadcastDirection=0, broadcastState=1, broadcastTimeout=3, buildType='release', cacheAVPath='/data/user/0/com.hht.lebocast/cache/hpplay/av', cachePhotoPath='/data/user/0/com.hht.lebocast/cache/hpplay/image', channel='LEBO-APK--60146-25915', desPath='/data/user/0/com.hht.lebocast/files/hpplay/file/config/dcf', , deviceName='高合娱乐副屏', dlna=1, dlnaCompany='Microsoft Corporation', dlnaCompanyURL='http://www.microsoft.com', dlnaDeviceDescribe='Media Renderer', dlnaDeviceName='Windows Media Player', dlnaDeviceURL='http://go.microsoft.com/fwlink/Linkld=105927', dlnaLelinkSwitch=1, dlnaManufacturer=0, dlnaName='高合娱乐副屏', dlnaUPC='null', dlnaUUID='774c117d-0217-0fc4-1a60-e56e55fcc56d', domain='Lebo-figure-42ab7764ca4f', drainage=0, feature='6655', fps=60, height=1080, host='null', , keyPath='/data/user/0/com.hht.lebocast/files/hpplay/file', lelinkfp=1, lelinkfp2=0, logBaseState=1, logPath='/storage/emulated/0/com.hht.lebocast/sink/sdk/common', , mdnsEnable=1, mirrorSyncType=0, netCastVer='2.0', packageName='com.hht.lebocast', packagePath='/data/user/0/com.hht.lebocast', permissionDid='42:ab:77:64:ca:4f', permissionMode=3, permissionPreSN='', port=0, preemptMode=0, regType='_leboremote._tcp.', serverPorts=null, sockWaitTimeOut=45, teleControlPort=53388, tunnels=3, txtKeys=null, txtValues=null, uid='2755248317583304728', videoFrameType=1001, width=1920}com.hpplay.sdk.sink.protocol.InParameters@32f9367
01-08 01:32:53.155 I/hpplay-java( 2713): [main]:Bridge:startServer state: 0
01-08 01:32:53.155 D/hpplay-base( 2713): [jniBridge:185] not conference version
01-08 01:32:53.155 I/hpplay-base( 2713): [jniBridge:241] 1initServer nSettingWidth=1920 nSettingHeight=1080 nSettingMaxFPS=60 dlnaEnable=1 lelinkFpEnable=1
01-08 01:32:53.155 D/hpplay-base( 2713): [jniBridge:283] 1initServer cfg.leLinkIp=192.168.124.22
01-08 01:32:53.155 D/hpplay-base( 2713): [jniBridge:286] 1initServer cfg.mPermissionMode=3
01-08 01:32:53.155 D/hpplay-base( 2713): [jniBridge:304] 1initServer cfg.permissionDid=42:ab:77:64:ca:4f000000000000000
01-08 01:32:53.155 D/hpplay-base( 2713): [jniBridge:313] 1initServer cfg.mPermissionPreSN=00000000000000000000000000000000
01-08 01:32:53.155 D/hpplay-base( 2713): [jniBridge:317] Bridge___1initServer status:0
01-08 01:32:53.155 I/hpplay-base( 2713): [jniBridge:325] 1initServer cfg.feature=6655
01-08 01:32:53.155 D/hpplay-base( 2713): [jniBridge:377] 1initServer isSendBroadCast=3
01-08 01:32:53.155 D/hpplay-base( 2713): [jniBridge:380] 1initServer broadcastDirection=0
01-08 01:32:53.155 D/hpplay-base( 2713): [jniBridge:382] 1initServer ipBroadcast direction=0
01-08 01:32:53.155 D/hpplay-base( 2713): [jniBridge:387] 1initServer tunnel=3
01-08 01:32:53.155 D/hpplay-base( 2713): [jniBridge:390] 1initServer drainage=0
01-08 01:32:53.155 D/hpplay-base( 2713): [jniBridge:401] 1initServer mDNSEnable=1
01-08 01:32:53.155 D/hpplay-base( 2713): [jniBridge:406] 1initServer nSockWaitTimeOut=45
01-08 01:32:53.155 D/hpplay-base( 2713): [jniBridge:410] 1initServer nMirrorAudioVideoSync=0
01-08 01:32:53.155 I/hpplay-base( 2713): [sign_check:168] checkSign strPackageName:com.hht.lebocast
01-08 01:32:53.155 I/hpplay-base( 2713): [sign_check:169] checkSign buildType:release
01-08 01:32:53.155 I/hpplay-base( 2713): [sign_check:170] checkSign appKey:21409
01-08 01:32:53.155 D/hpplay-base( 2713): [LelinkBase:405] bridgeInit port: 0, lelinkfp: 0
01-08 01:32:53.155 D/hpplay-base( 2713): [LelinkBase:462] bridgeInit mPackagePath =/data/user/0/com.hht.lebocast
01-08 01:32:53.155 D/hpplay-base( 2713): [LelinkBase:463] bridgeInit mKeyPath =/data/user/0/com.hht.lebocast/files/hpplay/file
01-08 01:32:53.155 D/hpplay-base( 2713): [SinkContext:97] initSinkContext mPackagePath =/data/user/0/com.hht.lebocast
01-08 01:32:53.155 D/hpplay-base( 2713): [SinkContext:98] initSinkContext mKeyPath =/data/user/0/com.hht.lebocast/files/hpplay/file
01-08 01:32:53.155 D/hpplay-base( 2713): [jniBridge:478] Java_com_hpplay_sdk_sink_protocol_Bridge__1initServer end
01-08 01:32:53.155 D/hpplay-base( 2713): [jniBridge:869] Bridge__1startServer status:1
01-08 01:32:53.155 D/hpplay-base( 2713): [LelinkBase:492] startAllServer at base
01-08 01:32:53.155 D/hpplay-base( 2713): [lelinkSinkServer:152] httpPlugins_SetServerPort TYPE_SERVER_LELINK:52266
01-08 01:32:53.155 D/hpplay-base( 2713): [network.c:362] protocol bind host :192.168.124.22 port:52266 curent bind port:52266
01-08 01:32:53.155 D/hpplay-base( 2713): [lelinkSinkServer:681] HTTP Server real at:52266
01-08 01:32:53.155 D/hpplay-base( 2713): [ScreenStream:1285] current bind port:7100
01-08 01:32:53.155 D/hpplay-base( 2713): [lelinkSinkServer:644] Connected Service Type:0
01-08 01:32:53.155 I/hpplay-base( 2713): : (server.c.315) startServer listen_ing....:
01-08 01:32:53.155 D/hpplay-base( 2713): [LelinkBase:515] startAllServer pBaseContext->config.dlnaEnable:1
01-08 01:32:53.155 D/hpplay-base( 2713): [lelinkDlna:324] addDMRCallback end
01-08 01:32:53.155 D/hpplay-base( 2713): [Server:371] startHttpServer srv_sockets.used:1 nCurrentFd:72, tid is 5758
01-08 01:32:53.155 D/hpplay-base( 2713): [stream_mirror_compat:759] compat mirror stream begin to run,server fd:98,thread_id:3153093056!!
01-08 01:32:53.155 E/hpplay-base-dlna( 2713): miniserver.c:788::dlna_port(ipv4: 49152 ipv6:0)
01-08 01:32:53.156 D/hpplay-base-dlna( 2713): [lebodlna-dlnaframe:166] succeed to load lebodlnaplugin
01-08 01:32:53.156 D/hpplay-base-dlna( 2713): [lebodlna-dlnaframe:232] Succeed to load specified plugin:lebodlna_plugin
01-08 01:32:53.156 D/hpplay-base( 2713): [lelinkDlna:328] startDLNAServer ret=0
01-08 01:32:53.156 D/hpplay-base( 2713): [LelinkBase:531] startDLNAServer ret= 0
01-08 01:32:53.156 D/hpplay-base( 2713): [lelinkDlna:342] setDMRFriendlyName 高合娱乐副屏
01-08 01:32:53.156 D/hpplay-base-dlna( 2713): [lebodlna-dlna_android:136] setBroadcastTimeout mBroadcastTimeOut=66 status=3!
01-08 01:32:53.156 D/hpplay-base-dlna( 2713): [lebodlna_api:32] start DMR
01-08 01:32:53.156 D/hpplay-base-dlna( 2713): [UpnpDefine:434] RegisterDMRender invalid lelink info
01-08 01:32:53.156 D/hpplay-base-dlna( 2713): [UpnpDefine:551] DLNA DESCRIPTION FROME SERVER
01-08 01:32:53.156 E/hpplay-base-dlna( 2713): upnpapi.c:1078::Exiting RegisterRootDevice2 *Hnd =1, return value == 0
01-08 01:32:53.156 D/hpplay-base-dlna( 2713): [CUpnpDevice:41] Register Root Device 2:0
01-08 01:32:53.156 D/hpplay-base-dlna( 2713): [UpnpDefine:794] ESDMRender:Register success
01-08 01:32:53.156 D/hpplay-base-dlna( 2713): [lebodlna_api:41] sendBroadcast mBroadcastTimeOut=3
01-08 01:32:53.156 D/hpplay-base-dlna( 2713): [lebodlna_api:44] sendBroadcast timeout=66
01-08 01:32:53.160 W/hpplay-java( 2713): [AsyncTask #10]:ServerBusiness:startDaemonBusiness start LelinkHTTPD sucess 52288
01-08 01:32:53.207 D/hpplay-base( 2713): [lelinkDlna:361] startDLNADevice dlnaManufacturer:0 ret=0
01-08 01:32:53.207 D/hpplay-base( 2713): [LelinkBase:535] lelinkSetDlnaInfo ret= 0
