01-08 01:32:28.278 I/hpplay-java( 2713): [main]:ServerTaskManager:startTimeOutCheck
01-08 01:32:28.279 I/hpplay-java( 2713): [AsyncTask #28]:Bridge:createDeviceId deviceId:YTQ6MWE6NWI6N2U6YTg6MDY=
01-08 01:32:28.279 I/hpplay-java( 2713): [AsyncTask #28]:IPManager:getActiveNets type: WIFI
01-08 01:32:28.279 I/hpplay-java( 2713): [AsyncTask #28]:IPManager:getActiveNets eth0:false wifi:true mobile:false ap:false
01-08 01:32:28.279 I/hpplay-java( 2713): [AsyncTask #28]:IPManager:getIPAddress IP_WLAN0
01-08 01:32:28.280 I/hpplay-java( 2713): [AsyncTask #28]:Preference:checkFeature none
01-08 01:32:28.280 I/hpplay-java( 2713): [AsyncTask #28]:SWI:dlna tip
01-08 01:32:28.280 I/hpplay-java( 2713): [AsyncTask #28]:SWI:lefp tip
01-08 01:32:28.280 I/hpplay-java( 2713): [AsyncTask #28]:Bridge:assembleInParameters none alias name use device name: 高合娱乐副屏
01-08 01:32:28.280 I/hpplay-java( 2713): NanoHTTPDNanoHTTPD:server is started
01-08 01:32:28.280 I/hpplay-java( 2713): [AsyncTask #28]:Feature:isSendAdvertisement
01-08 01:32:28.280 I/hpplay-java( 2713): [AsyncTask #28]:Preference:checkFeature none
01-08 01:32:28.281 I/hpplay-java( 2713): [AsyncTask #28]:Preference:checkFeature none
01-08 01:32:28.281 I/hpplay-java( 2713): [AsyncTask #28]:Bridge:backupHpplayDat bakPath:
01-08 01:32:28.281 I/hpplay-java( 2713): [AsyncTask #28]:Bridge:path:/data/user/0/com.hht.lebocast/files/hpplay/file/happyplay.dat
01-08 01:32:28.281 I/hpplay-java( 2713): [AsyncTask #28]:Bridge:mAppId:21409
01-08 01:32:28.281 I/hpplay-java( 2713): [AsyncTask #28]:Bridge:mode:3
01-08 01:32:28.281 I/hpplay-java( 2713): [AsyncTask #28]:Bridge:type:1
01-08 01:32:28.281 I/hpplay-java( 2713): [AsyncTask #28]:Bridge:SN:
01-08 01:32:28.281 I/hpplay-java( 2713): [AsyncTask #28]:Preference:checkFeature none
01-08 01:32:28.281 I/hpplay-java( 2713): [AsyncTask #28]:Bridge:backPath:
01-08 01:32:28.281 I/hpplay-java( 2713): [AsyncTask #28]:DeviceUtil:getPermissionDid: 1
01-08 01:32:28.281 I/hpplay-java( 2713): [AsyncTask #28]:DeviceUtil:getPermissionDid: 1
01-08 01:32:28.282 I/hpplay-java( 2713): [AsyncTask #28]:BPIFileUtil:getMd5ByFile: 0FA04FD08975C81CDD9275F6AE23A020
01-08 01:32:28.282 I/hpplay-java( 2713): [AsyncTask #28]:Preference:checkFeature none
01-08 01:32:28.282 I/hpplay-java( 2713): [AsyncTask #28]:Preference:checkFeature none
01-08 01:32:28.282 I/hpplay-java( 2713): [AsyncTask #28]:Preference:checkFeature none
01-08 01:32:28.282 I/hpplay-java( 2713): [AsyncTask #28]:Preference:checkFeature none
01-08 01:32:28.282 I/hpplay-java( 2713): [AsyncTask #28]:Preference:checkFeature none
01-08 01:32:28.290 W/hpplay-java( 2713): [AsyncTask #6]:ServerBusiness:startDaemonBusiness start LelinkHTTPD sucess 52288
01-08 01:32:28.291 I/hpplay-java( 2713): [main]:ServerBusiness:get deviceCode:2326366951
01-08 01:32:28.303 W/hpplay-java( 2713): [AsyncTask #28]:DeviceUtils:getDomain create lb domain
01-08 01:32:28.303 I/hpplay-java( 2713): [AsyncTask #28]:Feature:getMirrorAudioVideoSync DISABLE
01-08 01:32:28.304 I/hpplay-java( 2713): [AsyncTask #28]:Feature:checkSupportRedirectOtherApp,no set redirect api
01-08 01:32:28.304 I/hpplay-java( 2713): [AsyncTask #28]:Feature:getRedirectSearchFlag,value: 0
01-08 01:32:28.305 I/hpplay-java( 2713): [AsyncTask #28]:Bridge:mIn: InParameters{appInfo='0', appKey='21409', authMode=0, authPwd='null', broadcastDirection=0, broadcastState=1, broadcastTimeout=3, buildType='release', cacheAVPath='/data/user/0/com.hht.lebocast/cache/hpplay/av', cachePhotoPath='/data/user/0/com.hht.lebocast/cache/hpplay/image', channel='LEBO-APK--60146-25915', desPath='/data/user/0/com.hht.lebocast/files/hpplay/file/config/dcf', , deviceName='高合娱乐副屏', dlna=1, dlnaCompany='Microsoft Corporation', dlnaCompanyURL='http://www.microsoft.com', dlnaDeviceDescribe='Media Renderer', dlnaDeviceName='Windows Media Player', dlnaDeviceURL='http://go.microsoft.com/fwlink/Linkld=105927', dlnaLelinkSwitch=1, dlnaManufacturer=0, dlnaName='高合娱乐副屏', dlnaUPC='null', dlnaUUID='774c117d-0217-0fc4-1a60-e56e55fcc56d', domain='Lebo-figure-42ab7764ca4f', drainage=0, feature='6655', fps=60, height=1080, host='null', , keyPath='/data/user/0/com.hht.lebocast/files/hpplay/file', lelinkfp=1, lelinkfp2=0, logBaseState=1, logPath='/storage/emulated/0/com.hht.lebocast/sink/sdk/common', , mdnsEnable=1, mirrorSyncType=0, netCastVer='2.0', packageName='com.hht.lebocast', packagePath='/data/user/0/com.hht.lebocast', permissionDid='42:ab:77:64:ca:4f', permissionMode=3, permissionPreSN='', port=0, preemptMode=0, regType='_leboremote._tcp.', serverPorts=null, sockWaitTimeOut=45, teleControlPort=53388, tunnels=3, txtKeys=null, txtValues=null, uid='2755248317583304728', videoFrameType=1001, width=1920}com.hpplay.sdk.sink.protocol.InParameters@32f9367
01-08 01:32:28.305 I/hpplay-java( 2713): [main]:Bridge:startServer state: 0
01-08 01:32:28.305 D/hpplay-base( 2713): [jniBridge:185] not conference version
01-08 01:32:28.305 I/hpplay-base( 2713): [jniBridge:241] 1initServer nSettingWidth=1920 nSettingHeight=1080 nSettingMaxFPS=60 dlnaEnable=1 lelinkFpEnable=1
01-08 01:32:28.305 D/hpplay-base( 2713): [jniBridge:283] 1initServer cfg.leLinkIp=192.168.124.22
01-08 01:32:28.305 D/hpplay-base( 2713): [jniBridge:286] 1initServer cfg.mPermissionMode=3
01-08 01:32:28.305 D/hpplay-base( 2713): [jniBridge:304] 1initServer cfg.permissionDid=42:ab:77:64:ca:4f000000000000000
01-08 01:32:28.305 D/hpplay-base( 2713): [jniBridge:313] 1initServer cfg.mPermissionPreSN=00000000000000000000000000000000
01-08 01:32:28.305 D/hpplay-base( 2713): [jniBridge:317] Bridge___1initServer status:0
01-08 01:32:28.305 I/hpplay-base( 2713): [jniBridge:325] 1initServer cfg.feature=6655
01-08 01:32:28.305 D/hpplay-base( 2713): [jniBridge:377] 1initServer isSendBroadCast=3
01-08 01:32:28.305 D/hpplay-base( 2713): [jniBridge:380] 1initServer broadcastDirection=0
01-08 01:32:28.305 D/hpplay-base( 2713): [jniBridge:382] 1initServer ipBroadcast direction=0
01-08 01:32:28.305 D/hpplay-base( 2713): [jniBridge:387] 1initServer tunnel=3
01-08 01:32:28.305 D/hpplay-base( 2713): [jniBridge:390] 1initServer drainage=0
01-08 01:32:28.305 D/hpplay-base( 2713): [jniBridge:401] 1initServer mDNSEnable=1
01-08 01:32:28.305 D/hpplay-base( 2713): [jniBridge:406] 1initServer nSockWaitTimeOut=45
01-08 01:32:28.305 D/hpplay-base( 2713): [jniBridge:410] 1initServer nMirrorAudioVideoSync=0
01-08 01:32:28.305 I/hpplay-base( 2713): [sign_check:168] checkSign strPackageName:com.hht.lebocast
01-08 01:32:28.305 I/hpplay-base( 2713): [sign_check:169] checkSign buildType:release
01-08 01:32:28.305 I/hpplay-base( 2713): [sign_check:170] checkSign appKey:21409
01-08 01:32:28.305 D/hpplay-base( 2713): [LelinkBase:405] bridgeInit port: 0, lelinkfp: 0
01-08 01:32:28.305 D/hpplay-base( 2713): [LelinkBase:462] bridgeInit mPackagePath =/data/user/0/com.hht.lebocast
01-08 01:32:28.305 D/hpplay-base( 2713): [LelinkBase:463] bridgeInit mKeyPath =/data/user/0/com.hht.lebocast/files/hpplay/file
01-08 01:32:28.305 D/hpplay-base( 2713): [SinkContext:97] initSinkContext mPackagePath =/data/user/0/com.hht.lebocast
01-08 01:32:28.305 D/hpplay-base( 2713): [SinkContext:98] initSinkContext mKeyPath =/data/user/0/com.hht.lebocast/files/hpplay/file
01-08 01:32:28.305 D/hpplay-base( 2713): [jniBridge:478] Java_com_hpplay_sdk_sink_protocol_Bridge__1initServer end
01-08 01:32:28.305 D/hpplay-base( 2713): [jniBridge:869] Bridge__1startServer status:1
01-08 01:32:28.306 D/hpplay-base( 2713): [LelinkBase:492] startAllServer at base
01-08 01:32:28.306 D/hpplay-base( 2713): [lelinkSinkServer:152] httpPlugins_SetServerPort TYPE_SERVER_LELINK:52266
01-08 01:32:28.306 D/hpplay-base( 2713): [network.c:362] protocol bind host :192.168.124.22 port:52266 curent bind port:52266
01-08 01:32:28.306 D/hpplay-base( 2713): [lelinkSinkServer:681] HTTP Server real at:52266
01-08 01:32:28.306 D/hpplay-base( 2713): [lelinkSinkServer:644] Connected Service Type:0
01-08 01:32:28.306 D/hpplay-base( 2713): [ScreenStream:1285] current bind port:7100
01-08 01:32:28.306 I/hpplay-base( 2713): : (server.c.315) startServer listen_ing....:
01-08 01:32:28.306 D/hpplay-base( 2713): [Server:371] startHttpServer srv_sockets.used:1 nCurrentFd:72, tid is 5427
01-08 01:32:28.306 D/hpplay-base( 2713): [LelinkBase:515] startAllServer pBaseContext->config.dlnaEnable:1
01-08 01:32:28.306 D/hpplay-base( 2713): [lelinkDlna:324] addDMRCallback end
01-08 01:32:28.307 D/hpplay-base( 2713): [stream_mirror_compat:759] compat mirror stream begin to run,server fd:98,thread_id:3123950016!!
01-08 01:32:28.308 E/hpplay-base-dlna( 2713): miniserver.c:788::dlna_port(ipv4: 49152 ipv6:0)
01-08 01:32:28.309 D/hpplay-base-dlna( 2713): [lebodlna-dlnaframe:166] succeed to load lebodlnaplugin
01-08 01:32:28.309 D/hpplay-base-dlna( 2713): [lebodlna-dlnaframe:232] Succeed to load specified plugin:lebodlna_plugin
01-08 01:32:28.309 D/hpplay-base( 2713): [lelinkDlna:328] startDLNAServer ret=0
01-08 01:32:28.309 D/hpplay-base( 2713): [LelinkBase:531] startDLNAServer ret= 0
01-08 01:32:28.309 D/hpplay-base( 2713): [lelinkDlna:342] setDMRFriendlyName 高合娱乐副屏
01-08 01:32:28.309 D/hpplay-base-dlna( 2713): [lebodlna-dlna_android:136] setBroadcastTimeout mBroadcastTimeOut=66 status=3!
01-08 01:32:28.309 D/hpplay-base-dlna( 2713): [lebodlna_api:32] start DMR
01-08 01:32:28.309 D/hpplay-base-dlna( 2713): [UpnpDefine:434] RegisterDMRender invalid lelink info
01-08 01:32:28.309 D/hpplay-base-dlna( 2713): [UpnpDefine:551] DLNA DESCRIPTION FROME SERVER
01-08 01:32:28.310 E/hpplay-base-dlna( 2713): upnpapi.c:1078::Exiting RegisterRootDevice2 *Hnd =1, return value == 0
01-08 01:32:28.310 D/hpplay-base-dlna( 2713): [CUpnpDevice:41] Register Root Device 2:0
01-08 01:32:28.310 D/hpplay-base-dlna( 2713): [UpnpDefine:794] ESDMRender:Register success
01-08 01:32:28.310 D/hpplay-base-dlna( 2713): [lebodlna_api:41] sendBroadcast mBroadcastTimeOut=3
01-08 01:32:28.310 D/hpplay-base-dlna( 2713): [lebodlna_api:44] sendBroadcast timeout=66
01-08 01:32:28.365 D/hpplay-base( 2713): [lelinkDlna:361] startDLNADevice dlnaManufacturer:0 ret=0
01-08 01:32:28.365 D/hpplay-base( 2713): [LelinkBase:535] lelinkSetDlnaInfo ret= 0
01-08 01:32:28.365 D/hpplay-base( 2713): [LelinkBase:547] startAllServer pBaseContext->config.mDNSEnable:1
01-08 01:32:28.365 D/hpplay-base( 2713): [base_mdns:509] mdns net.hostname:
01-08 01:32:28.365 D/hpplay-base( 2713): [base_mdns:529] mdns namelabel:-36-7C-7C-00-00-0F
01-08 01:32:28.365 D/hpplay-base( 2713): [base_mdns:509] mdns net.hostname:
01-08 01:32:28.366 D/hpplay-base( 2713): [base_mdns:529] mdns namelabel:-36-7C-7C-00-00-0F
01-08 01:32:28.366 D/hpplay-base( 2713): [mdns:813] mdns start bind port:0
01-08 01:32:28.368 D/hpplay-base( 2713): [mdns:813] mdns start bind port:5353
01-08 01:32:28.368 D/hpplay-base( 2713): [mdns:813] mdns start bind port:5353
01-08 01:32:28.368 D/hpplay-base( 2713): [mdns:813] mdns start bind port:5353
01-08 01:32:28.368 D/hpplay-base( 2713): [mdns:813] mdns start bind port:5353
01-08 01:32:28.369 D/hpplay-base( 2713): [mdns:813] mdns start bind port:5353
01-08 01:32:28.369 D/hpplay-base( 2713): [mdns:813] mdns start bind port:5353
01-08 01:32:28.369 D/hpplay-base( 2713): [mdns:813] mdns start bind port:5353
01-08 01:32:28.369 I/hpplay-base( 2713): [mDNSEmbeded:57] embedded_mDNSInit stopmDNSNow:0 status:0
01-08 01:32:28.369 D/hpplay-base( 2713): [mDNSEmbeded:436] startmDNSServer end nRet=0
01-08 01:32:28.369 D/hpplay-base( 2713): [LelinkBase:555] lelink broadcast_on_off:1 log2java_on_off:1
01-08 01:32:28.369 D/hpplay-base( 2713): [LelinkMDNS:729] leboAuthorizationCheck strUuid=42:ab:77:64:ca:4f000000000000000
01-08 01:32:28.369 D/hpplay-base( 2713): [LelinkMDNS:730] leboAuthorizationCheck mPermissionDid=42:ab:77:64:ca:4f000000000000000
01-08 01:32:28.369 D/hpplay-base( 2713): [LelinkMDNS:755] leboAuthorizationCheck mPermissionMac=42:ab:77:64:ca:4f000000000000000
01-08 01:32:28.370 I/hpplay-base( 2713): [mDNSEmbeded:268] start lelink publish server, tid is 5446
01-08 01:32:28.370 D/hpplay-base( 2713): [AEventUtils:595] request to start event handle service!!
01-08 01:32:28.370 D/hpplay-base( 2713): [AEventUtils:603] start_event_handle_service,begin to run!!
01-08 01:32:28.370 D/hpplay-base( 2713): [REventUtils:210] start_event_handle_service,begin to run!!
01-08 01:32:28.370 D/hpplay-base( 2713): [LelinkBase:576] startAllServer success .
01-08 01:32:28.370 D/hpplay-base( 2713): [jniBridge:894] startDlna_link:http://192.168.124.22:49152/description.xml
01-08 01:32:28.370 D/hpplay-base( 2713): [AEventUtils:171] create handle AEvent thread ok!!,tid is 5448
01-08 01:32:28.371 D/hpplay-base( 2713): [mDNSEmbeded:197] http_port bind check 197 http_port_check
01-08 01:32:28.371 D/hpplay-base( 2713): [jniBridge:1081] notifyJavaDlnalink:http://192.168.124.22:49152/description.xml
01-08 01:32:28.371 D/hpplay-base( 2713): [jniBridge:1726] notifyJava, what:207, castType:0, mimeType:0 baseStatus:2
01-08 01:32:28.371 D/hpplay-base( 2713): [jniBridge:1727] notifyJava sessionID:(null)
01-08 01:32:28.371 D/hpplay-base( 2713): [REventUtils:59] create handleREventThread thread ok!!,tid is 5449
01-08 01:32:28.372 I/hpplay-java( 2713): [Thread-59]:Bridge:notify: what: 207
01-08 01:32:28.372 D/hpplay-base( 2713): [mDNSEmbeded:217] http_port bind check 217 http_port_check
01-08 01:32:28.372 I/hpplay-java( 2713): [Thread-59]:Bridge:notify: out: OutParameters:{audioSessionId=-1, audiotrackIndex=0, castHandleType=-1, castType=0, deviceName='http://192.168.124.22:49152/description.xml', dlnaName='', dramaID='', extra=0, frameHandleType=-1, handleInside=true, headduration=0, header='', headers=null, isAD=false, isMultiMirror=false, lelinkVer='', limitTime=0, , mediaAlbum='null', mediaAlbumArtURI='', mediaArtist='null', mediaAssets='', mediaTitle='null', mimeType=0, multiSession=null, period=0, pinCode='', playSpeed=0.0, playerChoice=0, plugin=0, port=0, position=0.0, positionUnit=2, protocol=0, realSessionID='', regType='', , sinkIp='', sourceAPPVersion='', sourceChannel='', sourceClientInfo='', sourceDeviceInfo='', sourceDeviceModel='', sourceDeviceName='', sourceDeviceType=0, sourceHID='', , sourceInfo='', , , sourceOSVersion='', sourceSDKVersion='', sourceUid='', stopDetail=0, stopReason=0, tailduration=0, url='', urlID='', urls=null, userAgent='', videoDecoder=0, volume=0, what=207}com.hpplay.sdk.sink.protocol.OutParameters@cdc0299
01-08 01:32:28.373 D/hpplay-base( 2713): [mDNSEmbeded:222] http_port bind check 222 http_port_check
01-08 01:32:28.373 I/hpplay-java( 2713): [Thread-59]:Bridge:notify: address:231598430
01-08 01:32:28.374 D/hpplay-base( 2713): [mDNSEmbeded:234] http_port bind check 234 http_port_check port:52266
01-08 01:32:28.374 D/hpplay-base( 2713): [mDNSEmbeded:237] http_port bind check 237 http_port_check
01-08 01:32:28.375 D/hpplay-base( 2713): [lelinkSinkServer:93] new client connection from 127.0.0.1 65227, fd=144
01-08 01:32:28.375 D/hpplay-base( 2713): [SinkContext:137] addSinkContextSession,begin to run!!
01-08 01:32:28.375 D/hpplay-base( 2713): [SinkContext:142] addSinkContextSession,begin to get lock!!
01-08 01:32:28.375 D/hpplay-base( 2713): [SinkContext:144] addSinkContextSession,get lock ok!!
01-08 01:32:28.376 D/hpplay-base( 2713): [SinkContext:149] addSinkContextSession,session list is null,begin to malloc!!
01-08 01:32:28.376 D/hpplay-base( 2713): [SinkContext:156] addSinkContextSession,begin to update!!
01-08 01:32:28.376 D/hpplay-base( 2713): [SinkContext:160] addSinkContextSession,begin to update header!!
01-08 01:32:28.376 D/hpplay-base( 2713): [SinkContext:172] addSinkContextSession,begin to unlock!!
01-08 01:32:28.376 D/hpplay-base( 2713): [SinkContext:174] addSinkContextSession,unlock ok!!
01-08 01:32:28.376 D/hpplay-base( 2713): [LelinkReceiver:4908] get ping !!!
01-08 01:32:28.376 D/hpplay-base( 2713): [mDNSEmbeded:240] http_port bind check 240 http_port_check recieved:64
01-08 01:32:28.376 D/hpplay-base( 2713): [mDNSEmbeded:243] http_port bind check 243 http_port_check
01-08 01:32:28.376 D/hpplay-base( 2713): [mDNSEmbeded:244] http_port bind check ok!
01-08 01:32:28.389 I/hpplay-java( 2713): [AsyncTask #2]:HttpRequest:doGet responseCode:200 0
01-08 01:32:28.392 I/hpplay-java( 2713): [main]:Upgrade:upgrade not be allowed
01-08 01:32:28.542 D/hpplay-base( 2713): [LelinkMDNS:766] devicePermissionPublic leboPermissionCheck:-2
01-08 01:32:28.543 D/hpplay-base( 2713): [jniBridge:1125] com_hpplay_sdk_sink_protocol_Bridge_WHAT_SERVER_ERROR
01-08 01:32:28.543 D/hpplay-base( 2713): [jniBridge:1726] notifyJava, what:204, castType:0, mimeType:0 baseStatus:2
01-08 01:32:28.543 D/hpplay-base( 2713): [jniBridge:1727] notifyJava sessionID:(null)
01-08 01:32:28.544 I/hpplay-java( 2713): [Thread-60]:Bridge:notify: what: 204
01-08 01:32:28.546 I/hpplay-java( 2713): [Thread-60]:Bridge:notify: out: OutParameters:{audioSessionId=-1, audiotrackIndex=0, castHandleType=-1, castType=0, deviceName='', dlnaName='', dramaID='', extra=-2002, frameHandleType=-1, handleInside=true, headduration=0, header='', headers=null, isAD=false, isMultiMirror=false, lelinkVer='', limitTime=0, , mediaAlbum='null', mediaAlbumArtURI='', mediaArtist='null', mediaAssets='', mediaTitle='null', mimeType=0, multiSession=null, period=0, pinCode='', playSpeed=0.0, playerChoice=0, plugin=0, port=0, position=0.0, positionUnit=2, protocol=0, realSessionID='', regType='', , sinkIp='', sourceAPPVersion='', sourceChannel='', sourceClientInfo='', sourceDeviceInfo='', sourceDeviceModel='', sourceDeviceName='', sourceDeviceType=0, sourceHID='', , sourceInfo='', , , sourceOSVersion='', sourceSDKVersion='', sourceUid='', stopDetail=0, stopReason=0, tailduration=0, url='', urlID='', urls=null, userAgent='', videoDecoder=0, volume=0, what=204}com.hpplay.sdk.sink.protocol.OutParameters@a7b313f
01-08 01:32:28.546 I/hpplay-java( 2713): [Thread-60]:Bridge:notify: address:86989324
01-08 01:32:28.546 I/hpplay-base( 2713): [mDNSEmbeded:79] embedded_mDNSLoop stopmDNSNow:0 nPublish:-2 nExitFlag:6 tid is 5445
01-08 01:32:28.546 I/hpplay-java( 2713): [main]:Bridge:findServiceID start out: 86989324
01-08 01:32:28.546 I/hpplay-java( 2713): [main]:Bridge:findServiceID end
01-08 01:32:28.546 E/hpplay-java( 2713): [main]:ServerTaskManager:onError 204/-2002 com.hht.lebocast.LelinkHelper$e@1c2de7f
01-08 01:32:28.546 I/hpplay-java( 2713): [main]:ServerTaskManager:cancelTimeOutCheck
01-08 01:32:28.548 W/hpplay-java( 2713): [main]:ServerTaskManager:onErrorDispatcher errorCode:-2002
01-08 01:32:28.548 I/hpplay-java( 2713): [main]:ServerTaskManager:onError retry later
01-08 01:32:28.577 I/hpplay-base( 2713): [LelinkReceiver:14605] _connectionFinalize (144)
01-08 01:32:28.577 D/hpplay-base( 2713): [LelinkReceiver:14752] ###connectionFinalize,release ok!!###
01-08 01:32:28.650 I/hpplay-java( 2713): [AsyncTask #13]:HttpRequest:doGet responseCode:200 0
01-08 01:32:28.762 I/mpu_uart( 640): [MSG-P:RECV]:No message received in 1000 ms
01-08 01:32:28.803 I/mpu_uart( 640): [MSG-P:R]:recv sync frame timeout
01-08 01:32:28.954 I/input_interaction( 1526): Interaction with: 1bc00b2 com.android.launcher3/com.android.launcher3.uioverrides.QuickstepLauncher (server), fe7e613 com.android.systemui.ImageWallpaper (server), edge-swipe (server), swipe-up (server), PointerEventDispatcher0 (server),
01-08 01:32:28.963 I/auditd ( 0): type=1400 audit(0.0:625): avc: denied { kill } for comm="swapper/3" capability=5 scontext=u:r:kernel:s0 tcontext=u:r:kernel:s0 tclass=capability permissive=0
01-08 01:32:28.963 W/swapper/3( 0): type=1400 audit(0.0:625): avc: denied { kill } for capability=5 scontext=u:r:kernel:s0 tcontext=u:r:kernel:s0 tclass=capability permissive=0
01-08 01:32:29.117 D/FreeWindowHelper( 2543): setExitFlag: old=0,new=1
01-08 01:32:29.119 I/thunderperf( 1526): Maybe need boostperf for current app!
01-08 01:32:29.119 D/FgBoostPerfService( 2387): [FgBoostPerfService.perfBoostAcq]start: stat=true pkgName=com.android.music
01-08 01:32:29.119 V/GameMode_GameTypeUtils( 2387): judge isGame:com.android.music
01-08 01:32:29.119 I/FgBoostPerfService( 2387): [FgBoostPerfService.perfBoostAcq] not game-mode or game app!
01-08 01:32:29.120 I/ThunderPerfManager( 1526): PerfAcq error : state=true pkgName=com.android.music
01-08 01:32:29.120 V/GameMode_GameTypeUtils( 2387): judge isGame:com.android.music
01-08 01:32:29.120 I/FgBoostPerfService( 2387): [GetGpuMode] isMode=1 isGame=false mGpuMode=1
01-08 01:32:29.121 V/GameMode_GameTypeUtils( 2387): judge isGame:com.android.music
01-08 01:32:29.121 I/FgBoostPerfService( 2387): [GetGpuDpiType] isMode=1 isGame=false mGpuDpiType=0
01-08 01:32:29.121 I/thunderperf( 1526): Current app pkgName=com.android.music bm:com.thundercomm.perf.BoostPerfManager@3df94a1 gpuMode=-1 gpuType=-1
01-08 01:32:29.121 I/ThunderBoostPerfService( 1526): Resolution: Uid=10078 Pid=2543 gMode=-1 dType=-1
01-08 01:32:29.122 I/thunderperf( 1526): PlatormCompat.setOverrides: Uid1=10078 Pid1=2543 Uid2=10078 Pid2=2543
01-08 01:32:29.122 I/thunderperf( 1526): PlatormCompat.setOverrides: needCheck:false
01-08 01:32:29.122 I/thunderperf( 1526): CompatConfig.addOverrideUnsafe: bef-state=1
01-08 01:32:29.122 I/thunderperf( 1526): CompatConfig.addOverrideUnsafe: aft-state=0
01-08 01:32:29.124 I/thunderperf( 1526): CompatConfig.addOverrideUnsafe: bef-state=1
01-08 01:32:29.124 I/thunderperf( 1526): CompatConfig.addOverrideUnsafe: aft-state=0
01-08 01:32:29.125 I/thunderperf( 1526): CompatConfig.addOverrideUnsafe: bef-state=1
01-08 01:32:29.126 I/thunderperf( 1526): CompatConfig.addOverrideUnsafe: aft-state=0
01-08 01:32:29.126 I/thunderperf( 1526): CompatConfig.addOverrideUnsafe: bef-state=1
01-08 01:32:29.126 I/thunderperf( 1526): CompatConfig.addOverrideUnsafe: aft-state=0
01-08 01:32:29.127 I/thunderperf( 1526): CompatConfig.addOverrideUnsafe: bef-state=1
01-08 01:32:29.127 I/thunderperf( 1526): CompatConfig.addOverrideUnsafe: aft-state=0
01-08 01:32:29.128 I/thunderperf( 1526): CompatConfig.addOverrideUnsafe: bef-state=1
01-08 01:32:29.128 I/thunderperf( 1526): CompatConfig.addOverrideUnsafe: aft-state=0
01-08 01:32:29.129 I/thunderperf( 1526): CompatConfig.addOverrideUnsafe: bef-state=1
01-08 01:32:29.129 I/thunderperf( 1526): CompatConfig.addOverrideUnsafe: aft-state=0
01-08 01:32:29.129 I/thunderperf( 1526): CompatConfig.addOverrideUnsafe: bef-state=1
01-08 01:32:29.129 I/thunderperf( 1526): CompatConfig.addOverrideUnsafe: aft-state=0
01-08 01:32:29.130 I/thunderperf( 1526): CompatConfig.addOverrideUnsafe: bef-state=1
01-08 01:32:29.130 I/thunderperf( 1526): CompatConfig.addOverrideUnsafe: aft-state=0
01-08 01:32:29.131 I/thunderperf( 1526): CompatConfig.addOverrideUnsafe: bef-state=1
01-08 01:32:29.131 I/thunderperf( 1526): CompatConfig.addOverrideUnsafe: aft-state=0
01-08 01:32:29.131 I/thunderperf( 1526): CompatConfig.addOverrideUnsafe: bef-state=1
01-08 01:32:29.132 I/thunderperf( 1526): CompatConfig.addOverrideUnsafe: aft-state=0
01-08 01:32:29.133 I/thunderperf( 1526): CompatConfig.addOverrideUnsafe: bef-state=1
01-08 01:32:29.133 I/thunderperf( 1526): CompatConfig.addOverrideUnsafe: aft-state=0
01-08 01:32:29.133 I/thunderperf( 1526): CompatConfig.addOverrideUnsafe: bef-state=1
01-08 01:32:29.133 I/thunderperf( 1526): CompatConfig.addOverrideUnsafe: aft-state=0
01-08 01:32:29.134 I/thunderperf( 1526): CompatConfig.addOverrideUnsafe: bef-state=1
01-08 01:32:29.134 I/thunderperf( 1526): CompatConfig.addOverrideUnsafe: aft-state=0
01-08 01:32:29.139 I/ThunderBoostPerfService( 1526): Disable downscaling com.android.music to 2380x1020
01-08 01:32:29.139 I/ActivityTaskManager( 1526): START u0 {flg=0x10008000 cmp=com.android.music/.VideoBrowserActivity} from uid 10078
01-08 01:32:29.140 I/EventSequenceValidator( 1526): inc AccIntentStartedEvents to 2
01-08 01:32:29.144 E/ANDR-PERF-JNI( 1526): com_qualcomm_qtiperformance_native_perf_io_prefetch_start
01-08 01:32:29.144 I/wm_task_created( 1526): [14,-1]
01-08 01:32:29.144 W/ActivityTaskManager( 1526): Can't find TaskDisplayArea to determine support for multi window. Task id=14 attached=false
01-08 01:32:29.145 D/FreeFormWindowHelper( 1526): Add freeform task=Task{edeedfd #14 type=standard ?? U=0 visible=false mode=freeform translucent=true sz=0}
01-08 01:32:29.145 E/ANDR-IOP( 833): io prefetch is disabled
01-08 01:32:29.147 I/wm_task_moved( 1526): [14,1,6]
01-08 01:32:29.147 I/wm_task_to_front( 1526): [0,14]
01-08 01:32:29.147 I/wm_create_task( 1526): [0,14]
01-08 01:32:29.147 I/wm_create_activity( 1526): [0,1874674,14,com.android.music/.VideoBrowserActivity,NULL,NULL,NULL,268468224]
01-08 01:32:29.148 I/wm_task_moved( 1526): [14,1,6]
01-08 01:32:29.148 D/CompatibilityInfo( 1526): mCompatibilityFlags - 4
01-08 01:32:29.148 D/CompatibilityInfo( 1526): applicationDensity - 240
01-08 01:32:29.148 D/CompatibilityInfo( 1526): applicationScale - 1.0
01-08 01:32:29.148 I/ActivityTaskManager( 1526): FOREGROUND_APPLICATION_CHANGED to com.android.music.VideoBrowserActivity
01-08 01:32:29.149 I/ActivityTaskManager( 1526): The Process com.android.music Already Exists in BG. So sending its PID: 3631
01-08 01:32:29.149 W/ActivityTaskManager( 1526): Tried to set launchTime (0) < mLastActivityLaunchTime (82857)
01-08 01:32:29.149 I/wm_restart_activity( 1526): [0,1874674,14,com.android.music/.VideoBrowserActivity]
01-08 01:32:29.149 D/CompatibilityInfo( 1526): mCompatibilityFlags - 4
01-08 01:32:29.149 D/CompatibilityInfo( 1526): applicationDensity - 240
01-08 01:32:29.149 D/CompatibilityInfo( 1526): applicationScale - 1.0
01-08 01:32:29.150 I/wm_set_resumed_activity( 1526): [0,com.android.music/.VideoBrowserActivity,minimalResumeActivityLocked]
01-08 01:32:29.151 D/StateManager( 2543): goToState: Normal
01-08 01:32:29.151 D/EditModeHelper( 2543): setHotseatVisibility: 0
01-08 01:32:29.152 I/wm_on_top_resumed_lost_called( 2543): [162781513,com.android.launcher3.uioverrides.QuickstepLauncher,topStateChangedWhenResumed]
01-08 01:32:29.153 I/GameMode_ActivityMonitoringService( 2387): onForegroundActivitiesChanged uid 10087 pid 3631 fg true
01-08 01:32:29.163 I/OMX-VENC: venc_dev( 1222): stats: avg. fps 3.54, bitrate 225856
01-08 01:32:29.165 I/GameMode_ActivityMonitoringService( 2387): Updating top task to: TaskInfoContainer [topActivity=ComponentInfo{com.android.music/com.android.music.VideoBrowserActivity}, taskId=14, stackId=14, userId=0, displayId=0, position=6
01-08 01:32:29.165 I/GameMode_ActivityMonitoringService( 2387): Notifying about top task: TaskInfoContainer [topActivity=ComponentInfo{com.android.music/com.android.music.VideoBrowserActivity}, taskId=14, stackId=14, userId=0, displayId=0, position=6
01-08 01:32:29.165 I/GameMode_ActivityMonitoringService( 2387): WindowMode: 5
01-08 01:32:29.169 I/wm_on_create_called( 3631): [1874674,com.android.music.VideoBrowserActivity,performCreate]
01-08 01:32:29.170 I/wm_on_start_called( 3631): [1874674,com.android.music.VideoBrowserActivity,handleStartActivity]
01-08 01:32:29.170 I/wm_on_resume_called( 3631): [1874674,com.android.music.VideoBrowserActivity,RESUME_ACTIVITY]
01-08 01:32:29.172 I/wm_on_top_resumed_gained_called( 3631): [1874674,com.android.music.VideoBrowserActivity,topStateChangedWhenResumed]
01-08 01:32:29.173 D/FreeWindowHelper( 2543): enterOrExitRecentTasks: isEnterRecentTasks=false,mExitFlag=1
01-08 01:32:29.173 W/FreeFormWindowHelper( 1526): exitRecentTasks type=1
01-08 01:32:29.178 W/FreeFormWindowHelper( 1526): Current Display FreeFormTask is Task{edeedfd #14 type=standard A=10087:android.task.video U=0 visible=true mode=freeform translucent=false sz=1}
01-08 01:32:29.180 W/WindowManager( 1526): updateScale : 0.7996942
01-08 01:32:29.182 I/input_focus( 1526): [Focus request 841929f com.android.music/com.android.music.VideoBrowserActivity,reason=UpdateInputWindows]
01-08 01:32:29.186 W/WindowManager( 1526): updateScale : 0.7996942
01-08 01:32:29.189 W/WindowManager( 1526): updateScale : 0.7996942
01-08 01:32:29.190 I/sysui_multi_action( 1526): [319,49,322,49,325,86,757,761,758,8,759,2,806,com.android.music,871,com.android.music.VideoBrowserActivity,904,com.android.launcher3,905,0,1320,4,1321,1]
01-08 01:32:29.190 W/WindowManager( 1526): updateScale : 0.7996942
01-08 01:32:29.191 I/wm_activity_launch_time( 1526): [0,1874674,com.android.music/.VideoBrowserActivity,49]
01-08 01:32:29.191 I/EventSequenceValidator( 1526): dec AccIntentStartedEvents to 1
01-08 01:32:29.191 I/ActivityTaskManager( 1526): Displayed com.android.music/.VideoBrowserActivity: +49ms
01-08 01:32:29.196 I/input_focus( 1526): [Focus leaving 1bc00b2 com.android.launcher3/com.android.launcher3.uioverrides.QuickstepLauncher (server),reason=setFocusedWindow]
01-08 01:32:29.197 I/input_focus( 1526): [Focus entering 841929f com.android.music/com.android.music.VideoBrowserActivity (server),reason=setFocusedWindow]
01-08 01:32:29.463 W/WindowManager( 1526): updateScale : 0.7996942
01-08 01:32:29.762 I/mpu_uart( 640): [MSG-P:RECV]:No message received in 1000 ms
01-08 01:32:29.963 I/auditd ( 0): type=1400 audit(0.0:626): avc: denied { kill } for comm="swapper/3" capability=5 scontext=u:r:kernel:s0 tcontext=u:r:kernel:s0 tclass=capability permissive=0
01-08 01:32:29.963 W/swapper/3( 0): type=1400 audit(0.0:626): avc: denied { kill } for capability=5 scontext=u:r:kernel:s0 tcontext=u:r:kernel:s0 tclass=capability permissive=0
01-08 01:32:30.211 D/EditModeHelper( 2543): setHotseatVisibility: 8
01-08 01:32:30.212 W/FreeFormWindowHelper( 1526): Current Display FreeFormTask is Task{edeedfd #14 type=standard A=10087:android.task.video U=0 visible=true mode=freeform translucent=false sz=1}
01-08 01:32:30.212 W/FreeFormWindowHelper( 1526): Current Display FreeFormTask is Task{edeedfd #14 type=standard A=10087:android.task.video U=0 visible=true mode=freeform translucent=false sz=1}
01-08 01:32:30.212 W/FreeFormWindowHelper( 1526): Current Display FreeFormTask is Task{edeedfd #14 type=standard A=10087:android.task.video U=0 visible=true mode=freeform translucent=false sz=1}
01-08 01:32:30.212 W/FreeFormWindowHelper( 1526): Current Display FreeFormTask is Task{edeedfd #14 type=standard A=10087:android.task.video U=0 visible=true mode=freeform translucent=false sz=1}
01-08 01:32:30.212 W/FreeFormWindowHelper( 1526): Current Display FreeFormTask is Task{edeedfd #14 type=standard A=10087:android.task.video U=0 visible=true mode=freeform translucent=false sz=1}
01-08 01:32:30.212 W/FreeFormWindowHelper( 1526): Current Display FreeFormTask is Task{edeedfd #14 type=standard A=10087:android.task.video U=0 visible=true mode=freeform translucent=false sz=1}
01-08 01:32:30.212 W/FreeFormWindowHelper( 1526): Current Display FreeFormTask is Task{edeedfd #14 type=standard A=10087:android.task.video U=0 visible=true mode=freeform translucent=false sz=1}
01-08 01:32:30.212 W/FreeFormWindowHelper( 1526): Current Display FreeFormTask is Task{edeedfd #14 type=standard A=10087:android.task.video U=0 visible=true mode=freeform translucent=false sz=1}
01-08 01:32:30.212 D/FreeWindowContainer( 2543): reloadTask: TaskInfo{userId=0 taskId=14 displayId=0 isRunning=true baseIntent=Intent { flg=0x10008000 cmp=com.android.music/.VideoBrowserActivity } baseActivity=ComponentInfo{com.android.music/com.android.music.VideoBrowserActivity} topActivity=ComponentInfo{com.android.music/com.android.music.VideoBrowserActivity} origActivity=null realActivity=ComponentInfo{com.android.music/com.android.music.VideoBrowserActivity} numActivities=1 lastActiveTime=87324 supportsSplitScreenMultiWindow=true supportsMultiWindow=true resizeMode=1 isResizeable=true token=WCT{android.window.IWindowContainerToken$Stub$Proxy@e700dc0} topActivityType=1 pictureInPictureParams=PictureInPictureParams( aspectRatio=null sourceRectHint=null hasSetActions=false isAutoPipEnabled=false isSeamlessResizeEnabled=true) displayCutoutSafeInsets=null topActivityInfo=ActivityInfo{c668af9 com.android.music.VideoBrowserActivity} launchCookies=[] positionInParent=Point(0, 72) parentTaskId=-1 isFocused=true isVisible=true topActivityInSizeCompat=false locusId= null}
01-08 01:32:30.212 W/FreeFormWindowHelper( 1526): Current Display FreeFormTask is Task{edeedfd #14 type=standard A=10087:android.task.video U=0 visible=true mode=freeform translucent=false sz=1}
01-08 01:32:30.212 W/FreeFormWindowHelper( 1526): Current Display FreeFormTask is Task{edeedfd #14 type=standard A=10087:android.task.video U=0 visible=true mode=freeform translucent=false sz=1}
01-08 01:32:30.212 W/FreeFormWindowHelper( 1526): Current Display FreeFormTask is Task{edeedfd #14 type=standard A=10087:android.task.video U=0 visible=true mode=freeform translucent=false sz=1}
01-08 01:32:30.221 I/InputDispatcher( 1526): Monitor swipe-up (server) is stealing touch from [1bc00b2 com.android.launcher3/com.android.launcher3.uioverrides.QuickstepLauncher (server), fe7e613 com.android.systemui.ImageWallpaper (server), ]
01-08 01:32:30.222 I/view_enqueue_input_event( 2543): [Motion - Cancel,com.android.launcher3/com.android.launcher3.uioverrides.QuickstepLauncher]
01-08 01:32:30.222 I/input_interaction( 1526): Interaction with: edge-swipe (server), swipe-up (server), PointerEventDispatcher0 (server),
01-08 01:32:30.222 W/FreeFormWindowHelper( 1526): Current Display FreeFormTask is Task{edeedfd #14 type=standard A=10087:android.task.video U=0 visible=true mode=freeform translucent=false sz=1}
01-08 01:32:30.223 V/ShadeControllerImpl( 1984): NotificationShadeWindow: com.android.systemui.statusbar.phone.NotificationShadeWindowView{8dd8b58 I.E...... ......ID 0,0-2380,1020} canPanelBeCollapsed(): false
01-08 01:32:30.223 W/FreeFormWindowHelper( 1526): Current Display FreeFormTask is Task{edeedfd #14 type=standard A=10087:android.task.video U=0 visible=true mode=freeform translucent=false sz=1}
01-08 01:32:30.229 W/FreeFormWindowHelper( 1526): Current Display FreeFormTask is Task{edeedfd #14 type=standard A=10087:android.task.video U=0 visible=true mode=freeform translucent=false sz=1}
01-08 01:32:30.237 W/ActivityTaskManager( 1526): getTaskSnapshot: taskId=3010 not found
01-08 01:32:30.237 W/ActivityTaskManager( 1526): getTaskSnapshot: taskId=2010 not found
01-08 01:32:30.238 W/ActivityTaskManager( 1526): getTaskSnapshot: taskId=1010 not found
01-08 01:32:30.245 W/FreeFormWindowHelper( 1526): Current Display FreeFormTask is Task{edeedfd #14 type=standard A=10087:android.task.video U=0 visible=true mode=freeform translucent=false sz=1}
01-08 01:32:30.246 I/OMX-VENC: venc_dev( 1222): stats: avg. fps 24.93, bitrate 2437754
01-08 01:32:30.262 W/FreeFormWindowHelper( 1526): Current Display FreeFormTask is Task{edeedfd #14 type=standard A=10087:android.task.video U=0 visible=true mode=freeform translucent=false sz=1}
01-08 01:32:30.414 I/commit_sys_config_file( 1526): [settings-1-0,2]
01-08 01:32:30.545 D/NoButtonQuickSwitchTouchController( 2543): onMotionPauseDetected:
01-08 01:32:30.546 D/vendor.qti.vibrator( 844): Vibrator perform effect 0
01-08 01:32:30.547 D/vendor.qti.vibrator( 844): Vibrator on for timeoutMs: 10
01-08 01:32:30.547 D/vendor.qti.vibrator( 844): Starting on on another thread
01-08 01:32:30.557 D/vendor.qti.vibrator( 844): Notifying on complete
01-08 01:32:30.557 D/vendor.qti.vibrator( 844): QTI Vibrator off
01-08 01:32:30.577 D/vendor.qti.vibrator( 844): Vibrator on for timeoutMs: 30
01-08 01:32:30.577 D/vendor.qti.vibrator( 844): Starting on on another thread
01-08 01:32:30.594 D/NoButtonQuickSwitchTouchController( 2543): onDragEnd: noFling=true,isPaused=true,velocity=PointF(-0.0060757273, -0.15300348)
01-08 01:32:30.594 D/EditModeHelper( 2543): setHotseatVisibility: 0
01-08 01:32:30.595 W/FreeFormWindowHelper( 1526): Current Display FreeFormTask is Task{edeedfd #14 type=standard A=10087:android.task.video U=0 visible=true mode=freeform translucent=false sz=1}
01-08 01:32:30.607 D/vendor.qti.vibrator( 844): Notifying on complete
01-08 01:32:30.607 D/vendor.qti.vibrator( 844): QTI Vibrator off
01-08 01:32:30.617 W/FreeFormWindowHelper( 1526): Current Display FreeFormTask is Task{edeedfd #14 type=standard A=10087:android.task.video U=0 visible=true mode=freeform translucent=false sz=1}
01-08 01:32:30.617 W/View ( 2543): requestLayout() improperly called by com.android.launcher3.views.NoInsetView{73e83be V.ED..... ......ID 2038,0-2380,1020 #7f09007c app:id/bg_hotseat} during layout: running second layout pass
01-08 01:32:30.637 W/FreeFormWindowHelper( 1526): Current Display FreeFormTask is Task{edeedfd #14 type=standard A=10087:android.task.video U=0 visible=true mode=freeform translucent=false sz=1}
01-08 01:32:30.653 W/FreeFormWindowHelper( 1526): Current Display FreeFormTask is Task{edeedfd #14 type=standard A=10087:android.task.video U=0 visible=true mode=freeform translucent=false sz=1}
01-08 01:32:30.670 W/FreeFormWindowHelper( 1526): Current Display FreeFormTask is Task{edeedfd #14 type=standard A=10087:android.task.video U=0 visible=true mode=freeform translucent=false sz=1}
01-08 01:32:30.687 W/FreeFormWindowHelper( 1526): Current Display FreeFormTask is Task{edeedfd #14 type=standard A=10087:android.task.video U=0 visible=true mode=freeform translucent=false sz=1}
01-08 01:32:30.703 W/FreeFormWindowHelper( 1526): Current Display FreeFormTask is Task{edeedfd #14 type=standard A=10087:android.task.video U=0 visible=true mode=freeform translucent=false sz=1}
01-08 01:32:30.720 W/FreeFormWindowHelper( 1526): Current Display FreeFormTask is Task{edeedfd #14 type=standard A=10087:android.task.video U=0 visible=true mode=freeform translucent=false sz=1}
01-08 01:32:30.740 W/FreeFormWindowHelper( 1526): Current Display FreeFormTask is Task{edeedfd #14 type=standard A=10087:android.task.video U=0 visible=true mode=freeform translucent=false sz=1}
01-08 01:32:30.753 W/System ( 1526): A resource failed to call close.
01-08 01:32:30.753 W/System ( 1526): A resource failed to call close.
01-08 01:32:30.753 W/System ( 1526): A resource failed to call close.
01-08 01:32:30.754 W/System ( 1526): A resource failed to call close.
01-08 01:32:30.754 W/System ( 1526): A resource failed to call close.
01-08 01:32:30.754 W/System ( 1526): A resource failed to call close.
01-08 01:32:30.754 W/System ( 1526): A resource failed to call close.
01-08 01:32:30.754 W/System ( 1526): A resource failed to call close.
01-08 01:32:30.754 W/System ( 1526): A resource failed to call close.
01-08 01:32:30.758 W/FreeFormWindowHelper( 1526): Current Display FreeFormTask is Task{edeedfd #14 type=standard A=10087:android.task.video U=0 visible=true mode=freeform translucent=false sz=1}
01-08 01:32:30.762 I/mpu_uart( 640): [MSG-P:RECV]:No message received in 1000 ms
01-08 01:32:30.770 W/FreeFormWindowHelper( 1526): Current Display FreeFormTask is Task{edeedfd #14 type=standard A=10087:android.task.video U=0 visible=true mode=freeform translucent=false sz=1}
01-08 01:32:30.787 W/FreeFormWindowHelper( 1526): Current Display FreeFormTask is Task{edeedfd #14 type=standard A=10087:android.task.video U=0 visible=true mode=freeform translucent=false sz=1}
01-08 01:32:30.797 I/commit_sys_config_file( 1526): [settings-1-0,2]
01-08 01:32:30.805 W/FreeFormWindowHelper( 1526): Current Display FreeFormTask is Task{edeedfd #14 type=standard A=10087:android.task.video U=0 visible=true mode=freeform translucent=false sz=1}
01-08 01:32:30.822 W/FreeFormWindowHelper( 1526): Current Display FreeFormTask is Task{edeedfd #14 type=standard A=10087:android.task.video U=0 visible=true mode=freeform translucent=false sz=1}
01-08 01:32:30.839 W/FreeFormWindowHelper( 1526): Current Display FreeFormTask is Task{edeedfd #14 type=standard A=10087:android.task.video U=0 visible=true mode=freeform translucent=false sz=1}
01-08 01:32:30.856 W/FreeFormWindowHelper( 1526): Current Display FreeFormTask is Task{edeedfd #14 type=standard A=10087:android.task.video U=0 visible=true mode=freeform translucent=false sz=1}
01-08 01:32:30.872 W/FreeFormWindowHelper( 1526): Current Display FreeFormTask is Task{edeedfd #14 type=standard A=10087:android.task.video U=0 visible=true mode=freeform translucent=false sz=1}
01-08 01:32:30.889 W/FreeFormWindowHelper( 1526): Current Display FreeFormTask is Task{edeedfd #14 type=standard A=10087:android.task.video U=0 visible=true mode=freeform translucent=false sz=1}
01-08 01:32:30.905 D/StateManager( 2543): goToState: Overview
01-08 01:32:30.905 D/FreeWindowHelper( 2543): enterOrExitRecentTasks: isEnterRecentTasks=true,mExitFlag=1
01-08 01:32:30.905 I/wm_finish_activity( 1526): [0,1874674,14,com.android.music/.VideoBrowserActivity,app-request]
01-08 01:32:30.906 I/wm_task_moved( 1526): [1,1,6]
01-08 01:32:30.906 I/wm_set_resumed_activity( 1526): [0,com.android.launcher3/.uioverrides.QuickstepLauncher,positionChildAt]
01-08 01:32:30.906 I/wm_task_moved( 1526): [8,1,2147483647]
01-08 01:32:30.906 I/wm_task_to_front( 1526): [0,8]
01-08 01:32:30.906 I/wm_focused_root_task( 1526): [0,0,1,-1,finish-top adjustFocusToNextFocusableTask]
01-08 01:32:30.906 I/wm_set_resumed_activity( 1526): [0,com.android.launcher3/.uioverrides.QuickstepLauncher,finish-top]
01-08 01:32:30.912 D/ActivityTrigger( 1526): ActivityTrigger activityPauseTrigger
01-08 01:32:30.912 I/wm_pause_activity( 1526): [0,1874674,com.android.music/.VideoBrowserActivity,userLeaving=false,finish]
01-08 01:32:30.913 I/wm_on_top_resumed_lost_called( 3631): [1874674,com.android.music.VideoBrowserActivity,topStateChangedWhenResumed]
01-08 01:32:30.914 I/input_focus( 1526): [Focus request 1bc00b2 com.android.launcher3/com.android.launcher3.uioverrides.QuickstepLauncher,reason=UpdateInputWindows]
01-08 01:32:30.914 W/FreeFormWindowHelper( 1526): Current Display FreeFormTask is Task{edeedfd #14 type=standard A=10087:android.task.video U=0 visible=false mode=freeform translucent=true sz=1}
01-08 01:32:30.914 D/FreeWindowContainer( 2543): reloadTask: TaskInfo{userId=0 taskId=14 displayId=0 isRunning=false baseIntent=Intent { flg=0x10008000 cmp=com.android.music/.VideoBrowserActivity } baseActivity=null topActivity=null origActivity=null realActivity=ComponentInfo{com.android.music/com.android.music.VideoBrowserActivity} numActivities=0 lastActiveTime=88028 supportsSplitScreenMultiWindow=true supportsMultiWindow=true resizeMode=1 isResizeable=true token=WCT{android.window.IWindowContainerToken$Stub$Proxy@e6d6114} topActivityType=1 pictureInPictureParams=null displayCutoutSafeInsets=null topActivityInfo=null launchCookies=[] positionInParent=Point(0, 72) parentTaskId=-1 isFocused=false isVisible=true topActivityInSizeCompat=false locusId= null}
01-08 01:32:30.916 I/wm_on_paused_called( 3631): [1874674,com.android.music.VideoBrowserActivity,performPause]
01-08 01:32:30.917 I/ActivityTaskManager( 1526): FOREGROUND_APPLICATION_CHANGED to com.android.launcher3.uioverrides.QuickstepLauncher
01-08 01:32:30.917 I/wm_destroy_activity( 1526): [0,1874674,14,com.android.music/.VideoBrowserActivity,finish-imm:completePausedLocked]
01-08 01:32:30.919 D/EditModeHelper( 2543): setHotseatVisibility: 0
01-08 01:32:30.920 W/FreeFormWindowHelper( 1526): Current Display FreeFormTask is Task{edeedfd #14 type=standard A=10087:android.task.video U=0 visible=false mode=freeform translucent=true sz=1}
01-08 01:32:30.921 I/GameMode_ActivityMonitoringService( 2387): onForegroundActivitiesChanged uid 10087 pid 3631 fg false
01-08 01:32:30.922 I/sysui_multi_action( 1526): [757,803,799,window_time_0,802,4]
01-08 01:32:30.924 I/GameMode_ActivityMonitoringService( 2387): Updating top task to: TaskInfoContainer [topActivity=ComponentInfo{com.android.launcher3/com.android.launcher3.uioverrides.QuickstepLauncher}, taskId=8, stackId=1, userId=0, displayId=0, position=6
01-08 01:32:30.924 I/GameMode_ActivityMonitoringService( 2387): Notifying about top task: TaskInfoContainer [topActivity=ComponentInfo{com.android.launcher3/com.android.launcher3.uioverrides.QuickstepLauncher}, taskId=8, stackId=1, userId=0, displayId=0, position=6
01-08 01:32:30.924 I/GameMode_ActivityMonitoringService( 2387): WindowMode: 1
01-08 01:32:30.924 E/GameMode_ActivityMonitoringService( 2387): onActivityLaunch:com.android.launcher3
01-08 01:32:30.924 V/GameMode_GameTypeUtils( 2387): judge isGame:com.android.launcher3
01-08 01:32:30.924 V/GameMode_GpuUtils( 2387): fps:60
01-08 01:32:30.926 D/GameMode_GameModeActionUtils( 2387): Show GameMode entry by service!
01-08 01:32:30.926 W/ContextImpl( 2387): Calling a method in the system process without a qualified user: android.app.ContextImpl.startService:1816 android.content.ContextWrapper.startService:774 com.thundercomm.gamemode.ingame.services.GameModeActionUtils.startGameModeService:111 com.thundercomm.gamemode.ingame.services.GameModeActionUtils.startGameModeEntry:22 com.thundercomm.gamemode.ingame.services.ActivityMonitoringService$1.onActivityLaunch:129
01-08 01:32:30.927 D/GameModeIF_GameModeSettings( 2387): getUriFor setting_content_uri_root = content://com.thundercomm.gamemode.api/gamemode_settings , name = gamemode_isgaming
01-08 01:32:30.927 D/GameMode_GameModeService( 2387): type=hide_entry
01-08 01:32:30.931 I/GameModeConfig( 1526): Current uri is uri = content://com.thundercomm.gamemode.api/gamemode_settings/gamemode_isgaming
01-08 01:32:30.931 D/GameModeIF_GameModeSettings( 1526): getUriFor setting_content_uri_root = content://com.thundercomm.gamemode.api/gamemode_settings , name = gamemode_isgaming
01-08 01:32:30.931 D/GameMode_GameSettingsObserver( 2387): Game Data change!!!! uri = content://com.thundercomm.gamemode.api/gamemode_settings/gamemode_isgaming
01-08 01:32:30.931 D/GameModeIF_GameModeSettings( 2387): getUriFor setting_content_uri_root = content://com.thundercomm.gamemode.api/gamemode_settings , name = gamemode_isgaming
01-08 01:32:30.931 D/GameModeIF_GameModeSettings( 2387): gamemode_isgaming set to 0
01-08 01:32:30.932 W/FreeFormWindowHelper( 1526): Current Display FreeFormTask is Task{edeedfd #14 type=standard A=10087:android.task.video U=0 visible=false mode=freeform translucent=true sz=1}
01-08 01:32:30.932 I/GameModeConfig( 1526): isGameModeOn = true
01-08 01:32:30.932 I/GameModeConfig( 1526): isGaming = false
01-08 01:32:30.933 I/GameModeConfig( 1526): isGameModeOn = true
01-08 01:32:30.933 I/GameModeConfig( 1526): isGaming = false
01-08 01:32:30.933 I/GameModeConfig( 1526): isDisableVoice = true
01-08 01:32:30.933 I/input_focus( 1526): [Focus leaving 841929f com.android.music/com.android.music.VideoBrowserActivity (server),reason=NO_WINDOW]
01-08 01:32:30.933 I/input_focus( 1526): [Focus entering 1bc00b2 com.android.launcher3/com.android.launcher3.uioverrides.QuickstepLauncher (server),reason=setFocusedWindow]
01-08 01:32:30.933 D/GameMode_GameModeService( 2387): updateGlobalSettings = gamemode_isgaming
01-08 01:32:30.935 I/wm_on_top_resumed_gained_called( 2543): [162781513,com.android.launcher3.uioverrides.QuickstepLauncher,topStateChangedWhenResumed]
01-08 01:32:30.935 I/wm_on_stop_called( 3631): [1874674,com.android.music.VideoBrowserActivity,LIFECYCLER_STOP_ACTIVITY]
01-08 01:32:30.937 I/wm_on_destroy_called( 3631): [1874674,com.android.music.VideoBrowserActivity,performDestroy]
01-08 01:32:30.942 W/InputManager-JNI( 1526): Input channel object '841929f com.android.music/com.android.music.VideoBrowserActivity (client)' was disposed without first being removed with the input manager!
01-08 01:32:30.963 I/auditd ( 0): type=1400 audit(0.0:627): avc: denied { kill } for comm="swapper/3" capability=5 scontext=u:r:kernel:s0 tcontext=u:r:kernel:s0 tclass=capability permissive=0
01-08 01:32:30.963 W/swapper/3( 0): type=1400 audit(0.0:627): avc: denied { kill } for capability=5 scontext=u:r:kernel:s0 tcontext=u:r:kernel:s0 tclass=capability permissive=0
01-08 01:32:31.018 I/GameMode_ActivityMonitoringService( 2387): onTaskStackChanged
01-08 01:32:31.018 W/FreeFormWindowHelper( 1526): Current Display FreeFormTask is Task{edeedfd #14 type=standard A=10087:android.task.video U=0 visible=false mode=freeform translucent=true sz=1}
01-08 01:32:31.018 W/FreeFormWindowHelper( 1526): Current Display FreeFormTask is Task{edeedfd #14 type=standard A=10087:android.task.video U=0 visible=false mode=freeform translucent=true sz=1}
01-08 01:32:31.018 W/FreeFormWindowHelper( 1526): Current Display FreeFormTask is Task{edeedfd #14 type=standard A=10087:android.task.video U=0 visible=false mode=freeform translucent=true sz=1}
01-08 01:32:31.018 W/FreeFormWindowHelper( 1526): Current Display FreeFormTask is Task{edeedfd #14 type=standard A=10087:android.task.video U=0 visible=false mode=freeform translucent=true sz=1}
01-08 01:32:31.019 W/FreeFormWindowHelper( 1526): Current Display FreeFormTask is Task{edeedfd #14 type=standard A=10087:android.task.video U=0 visible=false mode=freeform translucent=true sz=1}
01-08 01:32:31.019 W/FreeFormWindowHelper( 1526): Current Display FreeFormTask is Task{edeedfd #14 type=standard A=10087:android.task.video U=0 visible=false mode=freeform translucent=true sz=1}
01-08 01:32:31.019 W/FreeFormWindowHelper( 1526): Current Display FreeFormTask is Task{edeedfd #14 type=standard A=10087:android.task.video U=0 visible=false mode=freeform translucent=true sz=1}
01-08 01:32:31.019 W/FreeFormWindowHelper( 1526): Current Display FreeFormTask is Task{edeedfd #14 type=standard A=10087:android.task.video U=0 visible=false mode=freeform translucent=true sz=1}
01-08 01:32:31.019 I/GameMode_ActivityMonitoringService( 2387): Updating top task to: TaskInfoContainer [topActivity=ComponentInfo{com.android.launcher3/com.android.launcher3.uioverrides.QuickstepLauncher}, taskId=8, stackId=1, userId=0, displayId=0, position=6
01-08 01:32:31.020 I/GameMode_ActivityMonitoringService( 2387): Notifying about top task: TaskInfoContainer [topActivity=ComponentInfo{com.android.launcher3/com.android.launcher3.uioverrides.QuickstepLauncher}, taskId=8, stackId=1, userId=0, displayId=0, position=6
01-08 01:32:31.020 I/GameMode_ActivityMonitoringService( 2387): WindowMode: 1
01-08 01:32:31.020 E/GameMode_ActivityMonitoringService( 2387): onActivityLaunch:com.android.launcher3
01-08 01:32:31.020 V/GameMode_GameTypeUtils( 2387): judge isGame:com.android.launcher3
