--------- beginning of events
01-06 10:45:07.112 I/snet_event_log( 498): [121035042,-1,]
01-06 10:45:07.114 I/auditd ( 498): SELinux: Loaded service_contexts from:
01-06 10:45:07.114 I/auditd ( 498): /system/etc/selinux/plat_service_contexts
01-06 10:45:07.114 I/auditd ( 498): /system_ext/etc/selinux/system_ext_service_contexts
01-06 10:45:07.114 I/auditd ( 498): /product/etc/selinux/product_service_contexts
01-06 10:45:07.114 I/auditd ( 498): /vendor/etc/selinux/vendor_service_contexts
01-06 10:45:07.116 I/snet_event_log( 500): [121035042,-1,]
01-01 08:00:00.195 I/auditd ( 496): type=2000 audit(0.0:1): state=initialized audit_enabled=0 res=1
01-06 10:45:06.427 I/auditd ( 496): type=1403 audit(0.0:2): auid=4294967295 ses=4294967295 lsm=selinux res=1
01-06 10:45:06.427 I/auditd ( 496): type=1404 audit(0.0:3): enforcing=1 old_enforcing=0 auid=4294967295 ses=4294967295 enabled=1 old-enabled=1 lsm=selinux res=1
01-06 10:45:06.491 I/auditd ( 1): type=1107 audit(0.0:4): uid=0 auid=4294967295 ses=4294967295 subj=u:r:init:s0 msg='avc: denied { read } for property=persist.debug.trace pid=0 uid=0 gid=0 scontext=u:r:vendor_init:s0 tcontext=u:object_r:persist_debug_prop:s0 tclass=file permissive=0'
01-06 10:45:06.855 I/auditd ( 1): type=1400 audit(0.0:5): avc: denied { mounton } for comm="init" path="/sys/kernel/tracing" dev="tracefs" ino=1 scontext=u:r:init:s0 tcontext=u:object_r:debugfs_tracing_debug:s0 tclass=dir permissive=0
01-06 10:45:07.115 I/auditd ( 507): type=1400 audit(0.0:6): avc: denied { ptrace } for comm="crash_dump64" scontext=u:r:crash_dump:s0 tcontext=u:r:init:s0 tclass=process permissive=0
01-06 10:45:07.143 I/auditd ( 516): type=1400 audit(0.0:7): avc: denied { read write } for comm="fsck_msdos" name="sde51" dev="tmpfs" ino=2185 scontext=u:r:fsck:s0 tcontext=u:object_r:block_device:s0 tclass=blk_file permissive=0
01-06 10:45:07.143 I/auditd ( 516): type=1400 audit(0.0:8): avc: denied { read } for comm="fsck_msdos" name="sde51" dev="tmpfs" ino=2185 scontext=u:r:fsck:s0 tcontext=u:object_r:block_device:s0 tclass=blk_file permissive=0
01-06 10:45:07.143 I/auditd ( 516): type=1400 audit(0.0:9): avc: denied { kill } for comm="fsck_msdos" capability=5 scontext=u:r:fsck:s0 tcontext=u:r:fsck:s0 tclass=capability permissive=0
01-06 10:45:08.227 I/auditd ( 602): type=1400 audit(0.0:10): avc: denied { kill } for comm="vdc" capability=5 scontext=u:r:vdc:s0 tcontext=u:r:vdc:s0 tclass=capability permissive=0
01-06 10:45:08.241 I/auditd ( 562): SELinux: Loaded keystore2_key_contexts from:
01-06 10:45:08.241 I/auditd ( 562): /system/etc/selinux/plat_keystore2_key_contexts
01-06 10:45:08.255 I/auditd ( 606): type=1400 audit(0.0:11): avc: denied { kill } for comm="fsck.f2fs" capability=5 scontext=u:r:fsck:s0 tcontext=u:r:fsck:s0 tclass=capability permissive=0
01-06 10:45:08.283 I/auditd ( 604): type=1400 audit(0.0:12): avc: denied { kill } for comm="vdc" capability=5 scontext=u:r:vdc:s0 tcontext=u:r:vdc:s0 tclass=capability permissive=0
01-06 10:45:08.000 I/auditd ( 1): type=1400 audit(0.0:13): avc: denied { getattr } for comm="init" path="/product/bin/init.qti.display.sh" dev="dm-7" ino=68 scontext=u:r:init:s0 tcontext=u:object_r:vendor_sys_qti_display_exec:s0 tclass=file permissive=0
01-06 10:45:08.043 I/liblog ( 651): 65
01-06 10:45:08.043 I/liblog ( 651): 1
01-06 10:45:08.047 I/liblog ( 651): 355
01-06 10:45:08.049 I/liblog ( 651): 306
01-06 10:45:08.049 I/liblog ( 651): 7
01-06 10:45:08.049 I/liblog ( 651): 5
01-06 10:45:08.049 I/liblog ( 651): 2
01-06 10:45:08.289 I/boot_progress_start( 660): 5242
01-06 10:45:08.467 I/auditd ( 827): type=1400 audit(0.0:14): avc: denied { read } for comm="vendor.qti.hard" name="u:object_r:vendor_cap_configstore_dbg_prop:s0" dev="tmpfs" ino=12529 scontext=u:r:vendor_hal_capabilityconfigstore_qti_default:s0 tcontext=u:object_r:vendor_cap_configstore_dbg_prop:s0 tclass=file permissive=0
01-06 10:45:08.535 I/auditd ( 7): type=1400 audit(0.0:15): avc: denied { create } for comm="kworker/u16:0" scontext=u:r:kernel:s0 tcontext=u:r:kernel:s0 tclass=qipcrtr_socket permissive=0
01-06 10:45:08.535 I/auditd ( 7): type=1400 audit(0.0:16): avc: denied { create } for comm="kworker/u16:0" scontext=u:r:kernel:s0 tcontext=u:r:kernel:s0 tclass=qipcrtr_socket permissive=0
01-06 10:45:08.535 I/auditd ( 7): type=1400 audit(0.0:17): avc: denied { create } for comm="kworker/u16:0" scontext=u:r:kernel:s0 tcontext=u:r:kernel:s0 tclass=qipcrtr_socket permissive=0
01-06 10:45:08.535 I/auditd ( 335): type=1400 audit(0.0:18): avc: denied { create } for comm="kworker/u16:14" scontext=u:r:kernel:s0 tcontext=u:r:kernel:s0 tclass=qipcrtr_socket permissive=0
01-06 10:45:08.535 I/auditd ( 7): type=1400 audit(0.0:19): avc: denied { create } for comm="kworker/u16:0" scontext=u:r:kernel:s0 tcontext=u:r:kernel:s0 tclass=qipcrtr_socket permissive=0
01-06 10:45:08.535 I/auditd ( 335): type=1400 audit(0.0:20): avc: denied { create } for comm="kworker/u16:14" scontext=u:r:kernel:s0 tcontext=u:r:kernel:s0 tclass=qipcrtr_socket permissive=0
01-06 10:45:08.535 I/auditd ( 7): type=1400 audit(0.0:21): avc: denied { create } for comm="kworker/u16:0" scontext=u:r:kernel:s0 tcontext=u:r:kernel:s0 tclass=qipcrtr_socket permissive=0
01-06 10:45:08.535 I/auditd ( 335): type=1400 audit(0.0:22): avc: denied { create } for comm="kworker/u16:14" scontext=u:r:kernel:s0 tcontext=u:r:kernel:s0 tclass=qipcrtr_socket permissive=0
01-06 10:45:08.535 I/auditd ( 7): type=1400 audit(0.0:23): avc: denied { create } for comm="kworker/u16:0" scontext=u:r:kernel:s0 tcontext=u:r:kernel:s0 tclass=qipcrtr_socket permissive=0
01-06 10:45:08.535 I/auditd ( 335): type=1400 audit(0.0:24): avc: denied { create } for comm="kworker/u16:14" scontext=u:r:kernel:s0 tcontext=u:r:kernel:s0 tclass=qipcrtr_socket permissive=0
01-06 10:45:08.535 I/auditd ( 7): type=1400 audit(0.0:25): avc: denied { create } for comm="kworker/u16:0" scontext=u:r:kernel:s0 tcontext=u:r:kernel:s0 tclass=qipcrtr_socket permissive=0
01-06 10:45:08.535 I/auditd ( 335): type=1400 audit(0.0:26): avc: denied { create } for comm="kworker/u16:14" scontext=u:r:kernel:s0 tcontext=u:r:kernel:s0 tclass=qipcrtr_socket permissive=0
01-06 10:45:08.535 I/auditd ( 7): type=1400 audit(0.0:27): avc: denied { create } for comm="kworker/u16:0" scontext=u:r:kernel:s0 tcontext=u:r:kernel:s0 tclass=qipcrtr_socket permissive=0
01-06 10:45:08.535 I/auditd ( 335): type=1400 audit(0.0:28): avc: denied { create } for comm="kworker/u16:14" scontext=u:r:kernel:s0 tcontext=u:r:kernel:s0 tclass=qipcrtr_socket permissive=0
01-06 10:45:08.535 I/auditd ( 7): type=1400 audit(0.0:29): avc: denied { create } for comm="kworker/u16:0" scontext=u:r:kernel:s0 tcontext=u:r:kernel:s0 tclass=qipcrtr_socket permissive=0
01-06 10:45:08.535 I/auditd ( 80): type=1400 audit(0.0:30): avc: denied { create } for comm="kworker/u16:1" scontext=u:r:kernel:s0 tcontext=u:r:kernel:s0 tclass=qipcrtr_socket permissive=0
01-06 10:45:08.535 I/auditd ( 281): type=1400 audit(0.0:31): avc: denied { create } for comm="kworker/u16:6" scontext=u:r:kernel:s0 tcontext=u:r:kernel:s0 tclass=qipcrtr_socket permissive=0
01-06 10:45:08.535 I/auditd ( 272): type=1400 audit(0.0:32): avc: denied { create } for comm="kworker/u16:2" scontext=u:r:kernel:s0 tcontext=u:r:kernel:s0 tclass=qipcrtr_socket permissive=0
01-06 10:45:08.535 I/auditd ( 277): type=1400 audit(0.0:33): avc: denied { create } for comm="kworker/u16:4" scontext=u:r:kernel:s0 tcontext=u:r:kernel:s0 tclass=qipcrtr_socket permissive=0
01-06 10:45:08.535 I/auditd ( 279): type=1400 audit(0.0:34): avc: denied { create } for comm="kworker/u16:5" scontext=u:r:kernel:s0 tcontext=u:r:kernel:s0 tclass=qipcrtr_socket permissive=0
01-06 10:45:08.535 I/auditd ( 274): type=1400 audit(0.0:35): avc: denied { create } for comm="kworker/u16:3" scontext=u:r:kernel:s0 tcontext=u:r:kernel:s0 tclass=qipcrtr_socket permissive=0
01-06 10:45:08.595 I/auditd ( 467): type=1400 audit(0.0:36): avc: denied { setattr } for comm="init" name="rawdump" dev="tmpfs" ino=11567 scontext=u:r:vendor_init:s0 tcontext=u:object_r:block_device:s0 tclass=lnk_file permissive=0
01-06 10:45:08.595 I/auditd ( 467): type=1400 audit(0.0:37): avc: denied { setattr } for comm="init" name="rawdump" dev="tmpfs" ino=11567 scontext=u:r:vendor_init:s0 tcontext=u:object_r:block_device:s0 tclass=lnk_file permissive=0
01-06 10:45:08.607 I/auditd ( 928): type=1400 audit(0.0:38): avc: denied { read write } for comm="sensors.qti" name="diag" dev="tmpfs" ino=12789 scontext=u:r:vendor_sensors_qti:s0 tcontext=u:object_r:vendor_diag_device:s0 tclass=chr_file permissive=0
01-06 10:45:08.655 I/auditd ( 831): type=1400 audit(0.0:39): avc: denied { read write } for comm="vendor.qti.hard" name="diag" dev="tmpfs" ino=12789 scontext=u:r:hal_graphics_composer_default:s0 tcontext=u:object_r:vendor_diag_device:s0 tclass=chr_file permissive=0
01-06 10:45:08.679 I/snet_event_log( 660): [200284993,-1,]
01-06 10:45:08.682 I/snet_event_log( 661): [200284993,-1,]
01-06 10:45:08.733 I/auditd ( 498): avc: denied { find } for pid=906 uid=1000 name=vendor.qti.hardware.display.config.IDisplayConfig/default scontext=u:r:surfaceflinger:s0 tcontext=u:object_r:default_android_service:s0 tclass=service_manager permissive=0
01-06 10:45:08.739 I/auditd ( 498): avc: denied { find } for pid=906 uid=1000 name=vendor.qti.hardware.display.config.IDisplayConfig/default scontext=u:r:surfaceflinger:s0 tcontext=u:object_r:default_android_service:s0 tclass=service_manager permissive=0
01-06 10:45:08.752 I/boot_progress_preload_start( 660): 5705
01-06 10:45:08.807 I/auditd ( 928): type=1400 audit(0.0:40): avc: denied { read write } for comm="sensors.qti" name="diag" dev="tmpfs" ino=12789 scontext=u:r:vendor_sensors_qti:s0 tcontext=u:object_r:vendor_diag_device:s0 tclass=chr_file permissive=0
01-06 10:45:08.875 I/auditd ( 947): type=1400 audit(0.0:41): avc: denied { write } for comm="init.qcom.usb.s" name="uvc.0" dev="configfs" ino=19767 scontext=u:r:vendor_qti_init_shell:s0 tcontext=u:object_r:configfs:s0 tclass=dir permissive=0
01-06 10:45:08.875 I/auditd ( 947): type=1400 audit(0.0:42): avc: denied { write } for comm="init.qcom.usb.s" name="uvc.0" dev="configfs" ino=19767 scontext=u:r:vendor_qti_init_shell:s0 tcontext=u:object_r:configfs:s0 tclass=dir permissive=0
01-06 10:45:08.879 I/auditd ( 1120): type=1400 audit(0.0:43): avc: denied { write } for comm="mkdir" name="header" dev="configfs" ino=19769 scontext=u:r:vendor_qti_init_shell:s0 tcontext=u:object_r:configfs:s0 tclass=dir permissive=0
01-06 10:45:08.887 I/auditd ( 1121): type=1400 audit(0.0:44): avc: denied { write } for comm="ln" name="fs" dev="configfs" ino=19778 scontext=u:r:vendor_qti_init_shell:s0 tcontext=u:object_r:configfs:s0 tclass=dir permissive=0
01-06 10:45:08.895 I/auditd ( 1122): type=1400 audit(0.0:45): avc: denied { write } for comm="ln" name="ss" dev="configfs" ino=19779 scontext=u:r:vendor_qti_init_shell:s0 tcontext=u:object_r:configfs:s0 tclass=dir permissive=0
01-06 10:45:08.903 I/auditd ( 1123): type=1400 audit(0.0:46): avc: denied { write } for comm="mkdir" name="uncompressed" dev="configfs" ino=19782 scontext=u:r:vendor_qti_init_shell:s0 tcontext=u:object_r:configfs:s0 tclass=dir permissive=0
01-06 10:45:08.911 I/auditd ( 1124): type=1400 audit(0.0:47): avc: denied { write } for comm="mkdir" name="uncompressed" dev="configfs" ino=19782 scontext=u:r:vendor_qti_init_shell:s0 tcontext=u:object_r:configfs:s0 tclass=dir permissive=0
01-06 10:45:08.935 I/auditd ( 1125): type=1400 audit(0.0:48): avc: denied { write } for comm="mkdir" name="mjpeg" dev="configfs" ino=19783 scontext=u:r:vendor_qti_init_shell:s0 tcontext=u:object_r:configfs:s0 tclass=dir permissive=0
01-06 10:45:08.943 I/auditd ( 1126): type=1400 audit(0.0:49): avc: denied { write } for comm="mkdir" name="mjpeg" dev="configfs" ino=19783 scontext=u:r:vendor_qti_init_shell:s0 tcontext=u:object_r:configfs:s0 tclass=dir permissive=0
01-06 10:45:08.955 I/auditd ( 1127): type=1400 audit(0.0:50): avc: denied { write } for comm="mkdir" name="h264" dev="configfs" ino=19784 scontext=u:r:vendor_qti_init_shell:s0 tcontext=u:object_r:configfs:s0 tclass=dir permissive=0
01-06 10:45:08.963 I/auditd ( 1128): type=1400 audit(0.0:51): avc: denied { write } for comm="mkdir" name="h264" dev="configfs" ino=19784 scontext=u:r:vendor_qti_init_shell:s0 tcontext=u:object_r:configfs:s0 tclass=dir permissive=0
01-06 10:45:08.967 I/auditd ( 1129): type=1400 audit(0.0:52): avc: denied { write } for comm="mkdir" name="header" dev="configfs" ino=19781 scontext=u:r:vendor_qti_init_shell:s0 tcontext=u:object_r:configfs:s0 tclass=dir permissive=0
01-06 10:45:08.971 I/auditd ( 1130): type=1400 audit(0.0:53): avc: denied { write } for comm="ln" name="header" dev="configfs" ino=19781 scontext=u:r:vendor_qti_init_shell:s0 tcontext=u:object_r:configfs:s0 tclass=dir permissive=0
01-06 10:45:08.979 I/auditd ( 1131): type=1400 audit(0.0:54): avc: denied { write } for comm="ln" name="header" dev="configfs" ino=19781 scontext=u:r:vendor_qti_init_shell:s0 tcontext=u:object_r:configfs:s0 tclass=dir permissive=0
01-06 10:45:08.983 I/auditd ( 1132): type=1400 audit(0.0:55): avc: denied { write } for comm="ln" name="header" dev="configfs" ino=19781 scontext=u:r:vendor_qti_init_shell:s0 tcontext=u:object_r:configfs:s0 tclass=dir permissive=0
01-06 10:45:08.987 I/auditd ( 1133): type=1400 audit(0.0:56): avc: denied { write } for comm="ln" name="fs" dev="configfs" ino=19788 scontext=u:r:vendor_qti_init_shell:s0 tcontext=u:object_r:configfs:s0 tclass=dir permissive=0
01-06 10:45:08.991 I/auditd ( 1134): type=1400 audit(0.0:57): avc: denied { write } for comm="ln" name="hs" dev="configfs" ino=19789 scontext=u:r:vendor_qti_init_shell:s0 tcontext=u:object_r:configfs:s0 tclass=dir permissive=0
01-06 10:45:08.995 I/auditd ( 1135): type=1400 audit(0.0:58): avc: denied { write } for comm="ln" name="ss" dev="configfs" ino=19790 scontext=u:r:vendor_qti_init_shell:s0 tcontext=u:object_r:configfs:s0 tclass=dir permissive=0
01-06 10:45:09.007 I/auditd ( 928): type=1400 audit(0.0:59): avc: denied { read write } for comm="sensors.qti" name="diag" dev="tmpfs" ino=12789 scontext=u:r:vendor_sensors_qti:s0 tcontext=u:object_r:vendor_diag_device:s0 tclass=chr_file permissive=0
01-06 10:45:09.159 I/auditd ( 1170): type=1400 audit(0.0:60): avc: denied { read write } for comm="dpmd" name="diag" dev="tmpfs" ino=12789 scontext=u:r:vendor_dpmd:s0 tcontext=u:object_r:vendor_diag_device:s0 tclass=chr_file permissive=0
01-06 10:45:09.159 I/auditd ( 1196): type=1400 audit(0.0:61): avc: denied { read write } for comm="dpmd" name="diag" dev="tmpfs" ino=12789 scontext=u:r:vendor_dpmd:s0 tcontext=u:object_r:vendor_diag_device:s0 tclass=chr_file permissive=0
01-06 10:45:09.207 I/auditd ( 928): type=1400 audit(0.0:62): avc: denied { read write } for comm="sensors.qti" name="diag" dev="tmpfs" ino=12789 scontext=u:r:vendor_sensors_qti:s0 tcontext=u:object_r:vendor_diag_device:s0 tclass=chr_file permissive=0
01-06 10:45:09.231 I/auditd ( 1232): type=1400 audit(0.0:63): avc: denied { read write } for comm="imsqmidaemon" name="diag" dev="tmpfs" ino=12789 scontext=u:r:vendor_ims:s0 tcontext=u:object_r:vendor_diag_device:s0 tclass=chr_file permissive=0
01-06 10:45:09.231 I/auditd ( 1232): type=1400 audit(0.0:64): avc: denied { read write } for comm="imsqmidaemon" name="diag" dev="tmpfs" ino=12789 scontext=u:r:vendor_ims:s0 tcontext=u:object_r:vendor_diag_device:s0 tclass=chr_file permissive=0
01-06 10:45:09.231 I/auditd ( 1232): type=1400 audit(0.0:65): avc: denied { read write } for comm="imsqmidaemon" name="diag" dev="tmpfs" ino=12789 scontext=u:r:vendor_ims:s0 tcontext=u:object_r:vendor_diag_device:s0 tclass=chr_file permissive=0
01-06 10:45:09.231 I/auditd ( 1232): type=1400 audit(0.0:66): avc: denied { read write } for comm="imsqmidaemon" name="diag" dev="tmpfs" ino=12789 scontext=u:r:vendor_ims:s0 tcontext=u:object_r:vendor_diag_device:s0 tclass=chr_file permissive=0
01-06 10:45:09.231 I/auditd ( 1232): type=1400 audit(0.0:67): avc: denied { read write } for comm="imsqmidaemon" name="diag" dev="tmpfs" ino=12789 scontext=u:r:vendor_ims:s0 tcontext=u:object_r:vendor_diag_device:s0 tclass=chr_file permissive=0
01-06 10:45:09.231 I/auditd ( 1232): type=1400 audit(0.0:68): avc: denied { read write } for comm="imsqmidaemon" name="diag" dev="tmpfs" ino=12789 scontext=u:r:vendor_ims:s0 tcontext=u:object_r:vendor_diag_device:s0 tclass=chr_file permissive=0
01-06 10:45:09.231 I/auditd ( 1232): type=1400 audit(0.0:69): avc: denied { read write } for comm="imsqmidaemon" name="diag" dev="tmpfs" ino=12789 scontext=u:r:vendor_ims:s0 tcontext=u:object_r:vendor_diag_device:s0 tclass=chr_file permissive=0
01-06 10:45:09.231 I/auditd ( 1232): type=1400 audit(0.0:70): avc: denied { read write } for comm="imsqmidaemon" name="diag" dev="tmpfs" ino=12789 scontext=u:r:vendor_ims:s0 tcontext=u:object_r:vendor_diag_device:s0 tclass=chr_file permissive=0
01-06 10:45:09.231 I/auditd ( 1232): type=1400 audit(0.0:71): avc: denied { read write } for comm="imsqmidaemon" name="diag" dev="tmpfs" ino=12789 scontext=u:r:vendor_ims:s0 tcontext=u:object_r:vendor_diag_device:s0 tclass=chr_file permissive=0
01-06 10:45:09.231 I/auditd ( 1232): type=1400 audit(0.0:72): avc: denied { read write } for comm="imsqmidaemon" name="diag" dev="tmpfs" ino=12789 scontext=u:r:vendor_ims:s0 tcontext=u:object_r:vendor_diag_device:s0 tclass=chr_file permissive=0
01-06 10:45:09.243 I/auditd ( 1241): type=1400 audit(0.0:73): avc: denied { read write } for comm="ipacm-diag" name="diag" dev="tmpfs" ino=12789 scontext=u:r:hal_tetheroffload_default:s0 tcontext=u:object_r:vendor_diag_device:s0 tclass=chr_file permissive=0
01-06 10:45:09.347 I/auditd ( 1223): type=1400 audit(0.0:74): avc: denied { read write } for comm="cnd" name="diag" dev="tmpfs" ino=12789 scontext=u:r:vendor_cnd:s0 tcontext=u:object_r:vendor_diag_device:s0 tclass=chr_file permissive=0
01-06 10:45:09.371 I/auditd ( 1228): type=1400 audit(0.0:75): avc: denied { read write } for comm="ims_rtp_daemon" name="diag" dev="tmpfs" ino=12789 scontext=u:r:vendor_hal_imsrtp:s0 tcontext=u:object_r:vendor_diag_device:s0 tclass=chr_file permissive=0
01-06 10:45:09.407 I/auditd ( 928): type=1400 audit(0.0:76): avc: denied { read write } for comm="sensors.qti" name="diag" dev="tmpfs" ino=12789 scontext=u:r:vendor_sensors_qti:s0 tcontext=u:object_r:vendor_diag_device:s0 tclass=chr_file permissive=0
01-06 10:45:09.467 I/auditd ( 1427): type=1400 audit(0.0:77): avc: denied { read write } for comm="imsdatadaemon" name="diag" dev="tmpfs" ino=12789 scontext=u:r:vendor_ims:s0 tcontext=u:object_r:vendor_diag_device:s0 tclass=chr_file permissive=0
01-06 10:45:09.467 I/auditd ( 1427): type=1400 audit(0.0:78): avc: denied { read write } for comm="imsdatadaemon" name="diag" dev="tmpfs" ino=12789 scontext=u:r:vendor_ims:s0 tcontext=u:object_r:vendor_diag_device:s0 tclass=chr_file permissive=0
01-06 10:45:09.467 I/auditd ( 1427): type=1400 audit(0.0:79): avc: denied { read write } for comm="imsdatadaemon" name="diag" dev="tmpfs" ino=12789 scontext=u:r:vendor_ims:s0 tcontext=u:object_r:vendor_diag_device:s0 tclass=chr_file permissive=0
01-06 10:45:09.467 I/auditd ( 1427): type=1400 audit(0.0:80): avc: denied { read write } for comm="imsdatadaemon" name="diag" dev="tmpfs" ino=12789 scontext=u:r:vendor_ims:s0 tcontext=u:object_r:vendor_diag_device:s0 tclass=chr_file permissive=0
01-06 10:45:09.467 I/auditd ( 1427): type=1400 audit(0.0:81): avc: denied { read write } for comm="imsdatadaemon" name="diag" dev="tmpfs" ino=12789 scontext=u:r:vendor_ims:s0 tcontext=u:object_r:vendor_diag_device:s0 tclass=chr_file permissive=0
01-06 10:45:09.467 I/auditd ( 1427): type=1400 audit(0.0:82): avc: denied { read write } for comm="imsdatadaemon" name="diag" dev="tmpfs" ino=12789 scontext=u:r:vendor_ims:s0 tcontext=u:object_r:vendor_diag_device:s0 tclass=chr_file permissive=0
01-06 10:45:09.467 I/auditd ( 1427): type=1400 audit(0.0:83): avc: denied { read write } for comm="imsdatadaemon" name="diag" dev="tmpfs" ino=12789 scontext=u:r:vendor_ims:s0 tcontext=u:object_r:vendor_diag_device:s0 tclass=chr_file permissive=0
01-06 10:45:09.467 I/auditd ( 1427): type=1400 audit(0.0:84): avc: denied { read write } for comm="imsdatadaemon" name="diag" dev="tmpfs" ino=12789 scontext=u:r:vendor_ims:s0 tcontext=u:object_r:vendor_diag_device:s0 tclass=chr_file permissive=0
01-06 10:45:09.467 I/auditd ( 1427): type=1400 audit(0.0:85): avc: denied { read write } for comm="imsdatadaemon" name="diag" dev="tmpfs" ino=12789 scontext=u:r:vendor_ims:s0 tcontext=u:object_r:vendor_diag_device:s0 tclass=chr_file permissive=0
01-06 10:45:09.467 I/auditd ( 1427): type=1400 audit(0.0:86): avc: denied { read write } for comm="imsdatadaemon" name="diag" dev="tmpfs" ino=12789 scontext=u:r:vendor_ims:s0 tcontext=u:object_r:vendor_diag_device:s0 tclass=chr_file permissive=0
01-06 10:45:09.467 I/auditd ( 1427): type=1400 audit(0.0:87): avc: denied { read write } for comm="imsdatadaemon" name="diag" dev="tmpfs" ino=12789 scontext=u:r:vendor_ims:s0 tcontext=u:object_r:vendor_diag_device:s0 tclass=chr_file permissive=0
01-06 10:45:09.467 I/auditd ( 1427): type=1400 audit(0.0:88): avc: denied { read write } for comm="imsdatadaemon" name="diag" dev="tmpfs" ino=12789 scontext=u:r:vendor_ims:s0 tcontext=u:object_r:vendor_diag_device:s0 tclass=chr_file permissive=0
01-06 10:45:09.467 I/auditd ( 1427): type=1400 audit(0.0:89): avc: denied { read write } for comm="imsdatadaemon" name="diag" dev="tmpfs" ino=12789 scontext=u:r:vendor_ims:s0 tcontext=u:object_r:vendor_diag_device:s0 tclass=chr_file permissive=0
01-06 10:45:09.467 I/auditd ( 1427): type=1400 audit(0.0:90): avc: denied { read write } for comm="imsdatadaemon" name="diag" dev="tmpfs" ino=12789 scontext=u:r:vendor_ims:s0 tcontext=u:object_r:vendor_diag_device:s0 tclass=chr_file permissive=0
01-06 10:45:09.467 I/auditd ( 1427): type=1400 audit(0.0:91): avc: denied { read write } for comm="imsdatadaemon" name="diag" dev="tmpfs" ino=12789 scontext=u:r:vendor_ims:s0 tcontext=u:object_r:vendor_diag_device:s0 tclass=chr_file permissive=0
01-06 10:45:09.467 I/auditd ( 1427): type=1400 audit(0.0:92): avc: denied { read write } for comm="imsdatadaemon" name="diag" dev="tmpfs" ino=12789 scontext=u:r:vendor_ims:s0 tcontext=u:object_r:vendor_diag_device:s0 tclass=chr_file permissive=0
01-06 10:45:09.467 I/auditd ( 1427): type=1400 audit(0.0:93): avc: denied { read write } for comm="imsdatadaemon" name="diag" dev="tmpfs" ino=12789 scontext=u:r:vendor_ims:s0 tcontext=u:object_r:vendor_diag_device:s0 tclass=chr_file permissive=0
01-06 10:45:09.467 I/auditd ( 1427): type=1400 audit(0.0:94): avc: denied { read write } for comm="imsdatadaemon" name="diag" dev="tmpfs" ino=12789 scontext=u:r:vendor_ims:s0 tcontext=u:object_r:vendor_diag_device:s0 tclass=chr_file permissive=0
01-06 10:45:09.467 I/auditd ( 1427): type=1400 audit(0.0:95): avc: denied { read write } for comm="imsdatadaemon" name="diag" dev="tmpfs" ino=12789 scontext=u:r:vendor_ims:s0 tcontext=u:object_r:vendor_diag_device:s0 tclass=chr_file permissive=0
01-06 10:45:09.467 I/auditd ( 1427): type=1400 audit(0.0:96): avc: denied { read write } for comm="imsdatadaemon" name="diag" dev="tmpfs" ino=12789 scontext=u:r:vendor_ims:s0 tcontext=u:object_r:vendor_diag_device:s0 tclass=chr_file permissive=0
01-06 10:45:09.467 I/auditd ( 1427): type=1400 audit(0.0:97): avc: denied { read write } for comm="imsdatadaemon" name="diag" dev="tmpfs" ino=12789 scontext=u:r:vendor_ims:s0 tcontext=u:object_r:vendor_diag_device:s0 tclass=chr_file permissive=0
01-06 10:45:09.467 I/auditd ( 1427): type=1400 audit(0.0:98): avc: denied { read write } for comm="imsdatadaemon" name="diag" dev="tmpfs" ino=12789 scontext=u:r:vendor_ims:s0 tcontext=u:object_r:vendor_diag_device:s0 tclass=chr_file permissive=0
01-06 10:45:09.467 I/auditd ( 1427): type=1400 audit(0.0:99): avc: denied { read write } for comm="imsdatadaemon" name="diag" dev="tmpfs" ino=12789 scontext=u:r:vendor_ims:s0 tcontext=u:object_r:vendor_diag_device:s0 tclass=chr_file permissive=0
01-06 10:45:09.467 I/auditd ( 1427): type=1400 audit(0.0:100): avc: denied { read write } for comm="imsdatadaemon" name="diag" dev="tmpfs" ino=12789 scontext=u:r:vendor_ims:s0 tcontext=u:object_r:vendor_diag_device:s0 tclass=chr_file permissive=0
01-06 10:45:09.467 I/auditd ( 1427): type=1400 audit(0.0:101): avc: denied { read write } for comm="imsdatadaemon" name="diag" dev="tmpfs" ino=12789 scontext=u:r:vendor_ims:s0 tcontext=u:object_r:vendor_diag_device:s0 tclass=chr_file permissive=0
01-06 10:45:09.467 I/auditd ( 1427): type=1400 audit(0.0:102): avc: denied { read write } for comm="imsdatadaemon" name="diag" dev="tmpfs" ino=12789 scontext=u:r:vendor_ims:s0 tcontext=u:object_r:vendor_diag_device:s0 tclass=chr_file permissive=0
01-06 10:45:09.467 I/auditd ( 1427): type=1400 audit(0.0:103): avc: denied { read write } for comm="imsdatadaemon" name="diag" dev="tmpfs" ino=12789 scontext=u:r:vendor_ims:s0 tcontext=u:object_r:vendor_diag_device:s0 tclass=chr_file permissive=0
01-06 10:45:09.467 I/auditd ( 1427): type=1400 audit(0.0:104): avc: denied { read write } for comm="imsdatadaemon" name="diag" dev="tmpfs" ino=12789 scontext=u:r:vendor_ims:s0 tcontext=u:object_r:vendor_diag_device:s0 tclass=chr_file permissive=0
01-06 10:45:09.467 I/auditd ( 1427): type=1400 audit(0.0:105): avc: denied { read write } for comm="imsdatadaemon" name="diag" dev="tmpfs" ino=12789 scontext=u:r:vendor_ims:s0 tcontext=u:object_r:vendor_diag_device:s0 tclass=chr_file permissive=0
01-06 10:45:09.467 I/auditd ( 1427): type=1400 audit(0.0:106): avc: denied { read write } for comm="imsdatadaemon" name="diag" dev="tmpfs" ino=12789 scontext=u:r:vendor_ims:s0 tcontext=u:object_r:vendor_diag_device:s0 tclass=chr_file permissive=0
01-06 10:45:09.471 I/auditd ( 1427): type=1400 audit(0.0:107): avc: denied { read write } for comm="imsdatadaemon" name="diag" dev="tmpfs" ino=12789 scontext=u:r:vendor_ims:s0 tcontext=u:object_r:vendor_diag_device:s0 tclass=chr_file permissive=0
01-06 10:45:09.471 I/auditd ( 1427): type=1400 audit(0.0:108): avc: denied { read write } for comm="imsdatadaemon" name="diag" dev="tmpfs" ino=12789 scontext=u:r:vendor_ims:s0 tcontext=u:object_r:vendor_diag_device:s0 tclass=chr_file permissive=0
01-06 10:45:09.471 I/auditd ( 1427): type=1400 audit(0.0:109): avc: denied { read write } for comm="imsdatadaemon" name="diag" dev="tmpfs" ino=12789 scontext=u:r:vendor_ims:s0 tcontext=u:object_r:vendor_diag_device:s0 tclass=chr_file permissive=0
01-06 10:45:09.475 I/auditd ( 816): type=1400 audit(0.0:110): avc: denied { read } for comm="android.hardwar" name="type" dev="sysfs" ino=63735 scontext=u:r:hal_health_default:s0 tcontext=u:object_r:sysfs:s0 tclass=file permissive=0
01-06 10:45:09.507 I/auditd ( 1458): type=1400 audit(0.0:111): avc: denied { read } for comm="ip" name="rt_tables" dev="dm-10" ino=342 scontext=u:r:ethernet:s0 tcontext=u:object_r:net_data_file:s0 tclass=file permissive=0
01-06 10:45:09.511 I/auditd ( 1461): type=1400 audit(0.0:112): avc: denied { read } for comm="ip" name="rt_tables" dev="dm-10" ino=342 scontext=u:r:ethernet:s0 tcontext=u:object_r:net_data_file:s0 tclass=file permissive=0
01-06 10:45:09.567 I/auditd ( 1490): type=1400 audit(0.0:113): avc: denied { read } for comm="ip" name="rt_tables" dev="dm-10" ino=342 scontext=u:r:ethernet:s0 tcontext=u:object_r:net_data_file:s0 tclass=file permissive=0
01-06 10:45:09.571 I/auditd ( 1492): type=1400 audit(0.0:114): avc: denied { read } for comm="ip" name="rt_tables" dev="dm-10" ino=342 scontext=u:r:ethernet:s0 tcontext=u:object_r:net_data_file:s0 tclass=file permissive=0
01-06 10:45:09.575 I/auditd ( 1493): type=1400 audit(0.0:115): avc: denied { getattr } for comm="hvdcp_opti" path="/dev/kmsg" dev="tmpfs" ino=14345 scontext=u:r:vendor_hvdcp:s0 tcontext=u:object_r:kmsg_device:s0 tclass=chr_file permissive=0
01-06 10:45:09.575 I/auditd ( 1493): type=1400 audit(0.0:116): avc: denied { write } for comm="hvdcp_opti" name="kmsg" dev="tmpfs" ino=14345 scontext=u:r:vendor_hvdcp:s0 tcontext=u:object_r:kmsg_device:s0 tclass=chr_file permissive=0
01-06 10:45:09.579 I/auditd ( 1493): type=1400 audit(0.0:117): avc: denied { read } for comm="hvdcp_opti" name="devices" dev="sysfs" ino=46875 scontext=u:r:vendor_hvdcp:s0 tcontext=u:object_r:sysfs:s0 tclass=dir permissive=0
01-06 10:45:09.599 I/boot_progress_preload_end( 660): 6551
01-06 10:45:09.607 I/auditd ( 928): type=1400 audit(0.0:118): avc: denied { read write } for comm="sensors.qti" name="diag" dev="tmpfs" ino=12789 scontext=u:r:vendor_sensors_qti:s0 tcontext=u:object_r:vendor_diag_device:s0 tclass=chr_file permissive=0
01-06 10:45:09.623 I/auditd ( 1507): type=1400 audit(0.0:119): avc: denied { read } for comm="ip" name="rt_tables" dev="dm-10" ino=342 scontext=u:r:ethernet:s0 tcontext=u:object_r:net_data_file:s0 tclass=file permissive=0
01-06 10:45:09.627 I/auditd ( 1508): type=1400 audit(0.0:120): avc: denied { read } for comm="ip" name="rt_tables" dev="dm-10" ino=342 scontext=u:r:ethernet:s0 tcontext=u:object_r:net_data_file:s0 tclass=file permissive=0
01-06 10:45:09.679 I/auditd ( 1521): type=1400 audit(0.0:121): avc: denied { read } for comm="ip" name="rt_tables" dev="dm-10" ino=342 scontext=u:r:ethernet:s0 tcontext=u:object_r:net_data_file:s0 tclass=file permissive=0
01-06 10:45:09.683 I/auditd ( 1522): type=1400 audit(0.0:122): avc: denied { read } for comm="ip" name="rt_tables" dev="dm-10" ino=342 scontext=u:r:ethernet:s0 tcontext=u:object_r:net_data_file:s0 tclass=file permissive=0
01-06 10:45:09.739 I/auditd ( 1542): type=1400 audit(0.0:123): avc: denied { read } for comm="ip" name="rt_tables" dev="dm-10" ino=342 scontext=u:r:ethernet:s0 tcontext=u:object_r:net_data_file:s0 tclass=file permissive=0
01-06 10:45:09.743 I/auditd ( 1543): type=1400 audit(0.0:124): avc: denied { read } for comm="ip" name="rt_tables" dev="dm-10" ino=342 scontext=u:r:ethernet:s0 tcontext=u:object_r:net_data_file:s0 tclass=file permissive=0
01-06 10:45:09.791 I/auditd ( 1567): type=1400 audit(0.0:125): avc: denied { read } for comm="ip" name="rt_tables" dev="dm-10" ino=342 scontext=u:r:ethernet:s0 tcontext=u:object_r:net_data_file:s0 tclass=file permissive=0
01-06 10:45:09.797 I/system_server_start( 1526): [1,6749,6749]
01-06 10:45:09.797 I/boot_progress_system_run( 1526): 6750
01-06 10:45:09.795 I/auditd ( 1568): type=1400 audit(0.0:126): avc: denied { read } for comm="ip" name="rt_tables" dev="dm-10" ino=342 scontext=u:r:ethernet:s0 tcontext=u:object_r:net_data_file:s0 tclass=file permissive=0
01-06 10:45:09.795 I/auditd ( 1227): type=1400 audit(0.0:127): avc: denied { write } for comm="sh" name="ip_forward" dev="proc" ino=12207 scontext=u:r:ethernet:s0 tcontext=u:object_r:proc_net:s0 tclass=file permissive=0
01-06 10:45:09.795 I/auditd ( 1227): type=1400 audit(0.0:128): avc: denied { write } for comm="sh" name="ip_default_ttl" dev="proc" ino=24044 scontext=u:r:ethernet:s0 tcontext=u:object_r:proc_net:s0 tclass=file permissive=0
01-06 10:45:09.795 I/auditd ( 1227): type=1400 audit(0.0:129): avc: denied { write } for comm="sh" name="tcp_keepalive_probes" dev="proc" ino=24045 scontext=u:r:ethernet:s0 tcontext=u:object_r:proc_net:s0 tclass=file permissive=0
01-06 10:45:09.795 I/auditd ( 1227): type=1400 audit(0.0:130): avc: denied { write } for comm="sh" name="tcp_keepalive_intvl" dev="proc" ino=24046 scontext=u:r:ethernet:s0 tcontext=u:object_r:proc_net:s0 tclass=file permissive=0
01-06 10:45:09.795 I/auditd ( 1227): type=1400 audit(0.0:131): avc: denied { write } for comm="sh" name="tcp_keepalive_time" dev="proc" ino=24047 scontext=u:r:ethernet:s0 tcontext=u:object_r:proc_net:s0 tclass=file permissive=0
01-06 10:45:09.795 I/auditd ( 1227): type=1400 audit(0.0:132): avc: denied { write } for comm="sh" name="tcp_rmem" dev="proc" ino=24048 scontext=u:r:ethernet:s0 tcontext=u:object_r:proc_net:s0 tclass=file permissive=0
01-06 10:45:09.795 I/auditd ( 1227): type=1400 audit(0.0:133): avc: denied { write } for comm="sh" name="tcp_wmem" dev="proc" ino=24049 scontext=u:r:ethernet:s0 tcontext=u:object_r:proc_net:s0 tclass=file permissive=0
01-06 10:45:09.795 I/auditd ( 1227): type=1400 audit(0.0:134): avc: denied { write } for comm="sh" name="tcp_synack_retries" dev="proc" ino=21913 scontext=u:r:ethernet:s0 tcontext=u:object_r:proc_net:s0 tclass=file permissive=0
01-06 10:45:09.795 I/auditd ( 1227): type=1400 audit(0.0:135): avc: denied { write } for comm="sh" name="tcp_syn_retries" dev="proc" ino=21912 scontext=u:r:ethernet:s0 tcontext=u:object_r:proc_net:s0 tclass=file permissive=0
01-06 10:45:09.795 I/auditd ( 1227): type=1400 audit(0.0:136): avc: denied { write } for comm="sh" name="tcp_max_tw_buckets" dev="proc" ino=24050 scontext=u:r:ethernet:s0 tcontext=u:object_r:proc_net:s0 tclass=file permissive=0
01-06 10:45:09.795 I/auditd ( 1227): type=1400 audit(0.0:137): avc: denied { write } for comm="sh" name="tcp_retries2" dev="proc" ino=21915 scontext=u:r:ethernet:s0 tcontext=u:object_r:proc_net:s0 tclass=file permissive=0
01-06 10:45:09.795 I/auditd ( 1227): type=1400 audit(0.0:138): avc: denied { write } for comm="sh" name="icmp_echo_ignore_all" dev="proc" ino=24051 scontext=u:r:ethernet:s0 tcontext=u:object_r:proc_net:s0 tclass=file permissive=0
01-06 10:45:09.795 I/auditd ( 1227): type=1400 audit(0.0:139): avc: denied { write } for comm="sh" name="icmp_echo_ignore_broadcasts" dev="proc" ino=24052 scontext=u:r:ethernet:s0 tcontext=u:object_r:proc_net:s0 tclass=file permissive=0
01-06 10:45:09.795 I/auditd ( 1227): type=1400 audit(0.0:140): avc: denied { write } for comm="sh" name="tcp_window_scaling" dev="proc" ino=24053 scontext=u:r:ethernet:s0 tcontext=u:object_r:proc_net:s0 tclass=file permissive=0
01-06 10:45:09.795 I/auditd ( 1227): type=1400 audit(0.0:141): avc: denied { write } for comm="sh" name="drop_gratuitous_arp" dev="proc" ino=24054 scontext=u:r:ethernet:s0 tcontext=u:object_r:proc_net:s0 tclass=file permissive=0
01-06 10:45:09.795 I/auditd ( 1227): type=1400 audit(0.0:142): avc: denied { write } for comm="sh" name="arp_accept" dev="proc" ino=24055 scontext=u:r:ethernet:s0 tcontext=u:object_r:proc_net:s0 tclass=file permissive=0
01-06 10:45:09.795 I/auditd ( 1227): type=1400 audit(0.0:143): avc: denied { write } for comm="sh" name="arp_notify" dev="proc" ino=24056 scontext=u:r:ethernet:s0 tcontext=u:object_r:proc_net:s0 tclass=file permissive=0
01-06 10:45:09.795 I/auditd ( 1227): type=1400 audit(0.0:144): avc: denied { write } for comm="sh" name="arp_ignore" dev="proc" ino=24057 scontext=u:r:ethernet:s0 tcontext=u:object_r:proc_net:s0 tclass=file permissive=0
01-06 10:45:09.807 I/auditd ( 928): type=1400 audit(0.0:145): avc: denied { read write } for comm="sensors.qti" name="diag" dev="tmpfs" ino=12789 scontext=u:r:vendor_sensors_qti:s0 tcontext=u:object_r:vendor_diag_device:s0 tclass=chr_file permissive=0
01-06 10:45:10.011 I/auditd ( 928): type=1400 audit(0.0:146): avc: denied { read write } for comm="sensors.qti" name="diag" dev="tmpfs" ino=12789 scontext=u:r:vendor_sensors_qti:s0 tcontext=u:object_r:vendor_diag_device:s0 tclass=chr_file permissive=0
01-06 10:45:10.039 I/auditd ( 1355): type=1400 audit(0.0:147): avc: denied { read write } for comm="qfp-daemon" name="diag" dev="tmpfs" ino=12789 scontext=u:r:vendor_qfp-daemon:s0 tcontext=u:object_r:vendor_diag_device:s0 tclass=chr_file permissive=0
01-06 10:45:10.163 I/auditd ( 561): type=1400 audit(0.0:148): avc: denied { read } for comm="Binder:561_2" name="wakeup58" dev="sysfs" ino=71712 scontext=u:r:system_suspend:s0 tcontext=u:object_r:sysfs:s0 tclass=dir permissive=0
01-06 10:45:10.163 I/auditd ( 561): type=1400 audit(0.0:149): avc: denied { read } for comm="Binder:561_2" name="wakeup48" dev="sysfs" ino=67403 scontext=u:r:system_suspend:s0 tcontext=u:object_r:sysfs:s0 tclass=dir permissive=0
01-06 10:45:10.163 I/auditd ( 561): type=1400 audit(0.0:150): avc: denied { read } for comm="Binder:561_2" name="wakeup4" dev="sysfs" ino=47049 scontext=u:r:system_suspend:s0 tcontext=u:object_r:sysfs:s0 tclass=dir permissive=0
01-06 10:45:10.163 I/auditd ( 561): type=1400 audit(0.0:151): avc: denied { read } for comm="Binder:561_2" name="wakeup76" dev="sysfs" ino=76724 scontext=u:r:system_suspend:s0 tcontext=u:object_r:sysfs:s0 tclass=dir permissive=0
01-06 10:45:10.163 I/auditd ( 561): type=1400 audit(0.0:152): avc: denied { read } for comm="Binder:561_2" name="wakeup28" dev="sysfs" ino=53254 scontext=u:r:system_suspend:s0 tcontext=u:object_r:sysfs:s0 tclass=dir permissive=0
01-06 10:45:10.163 I/auditd ( 561): type=1400 audit(0.0:153): avc: denied { read } for comm="Binder:561_2" name="wakeup56" dev="sysfs" ino=71640 scontext=u:r:system_suspend:s0 tcontext=u:object_r:sysfs:s0 tclass=dir permissive=0
01-06 10:45:10.163 I/auditd ( 561): type=1400 audit(0.0:154): avc: denied { read } for comm="Binder:561_2" name="wakeup2" dev="sysfs" ino=46573 scontext=u:r:system_suspend:s0 tcontext=u:object_r:sysfs:s0 tclass=dir permissive=0
01-06 10:45:10.163 I/auditd ( 561): type=1400 audit(0.0:155): avc: denied { read } for comm="Binder:561_2" name="wakeup74" dev="sysfs" ino=76605 scontext=u:r:system_suspend:s0 tcontext=u:object_r:sysfs:s0 tclass=dir permissive=0
01-06 10:45:10.163 I/auditd ( 561): type=1400 audit(0.0:156): avc: denied { read } for comm="Binder:561_2" name="wakeup36" dev="sysfs" ino=62479 scontext=u:r:system_suspend:s0 tcontext=u:object_r:sysfs:s0 tclass=dir permissive=0
01-06 10:45:10.163 I/auditd ( 561): type=1400 audit(0.0:157): avc: denied { read } for comm="Binder:561_2" name="wakeup54" dev="sysfs" ino=71568 scontext=u:r:system_suspend:s0 tcontext=u:object_r:sysfs:s0 tclass=dir permissive=0
01-06 10:45:10.163 I/auditd ( 561): type=1400 audit(0.0:158): avc: denied { read } for comm="Binder:561_2" name="wakeup82" dev="sysfs" ino=77495 scontext=u:r:system_suspend:s0 tcontext=u:object_r:sysfs:s0 tclass=dir permissive=0
01-06 10:45:10.163 I/auditd ( 561): type=1400 audit(0.0:159): avc: denied { read } for comm="Binder:561_2" name="wakeup44" dev="sysfs" ino=66253 scontext=u:r:system_suspend:s0 tcontext=u:object_r:sysfs:s0 tclass=dir permissive=0
01-06 10:45:10.163 I/auditd ( 561): type=1400 audit(0.0:160): avc: denied { read } for comm="Binder:561_2" name="wakeup0" dev="sysfs" ino=43781 scontext=u:r:system_suspend:s0 tcontext=u:object_r:sysfs:s0 tclass=dir permissive=0
01-06 10:45:10.163 I/auditd ( 561): type=1400 audit(0.0:161): avc: denied { read } for comm="Binder:561_2" name="wakeup62" dev="sysfs" ino=71868 scontext=u:r:system_suspend:s0 tcontext=u:object_r:sysfs:s0 tclass=dir permissive=0
01-06 10:45:10.163 I/auditd ( 561): type=1400 audit(0.0:162): avc: denied { read } for comm="Binder:561_2" name="wakeup52" dev="sysfs" ino=71496 scontext=u:r:system_suspend:s0 tcontext=u:object_r:sysfs:s0 tclass=dir permissive=0
01-06 10:45:10.163 I/auditd ( 561): type=1400 audit(0.0:163): avc: denied { read } for comm="Binder:561_2" name="wakeup9" dev="sysfs" ino=52238 scontext=u:r:system_suspend:s0 tcontext=u:object_r:sysfs:s0 tclass=dir permissive=0
01-06 10:45:10.163 I/auditd ( 561): type=1400 audit(0.0:164): avc: denied { read } for comm="Binder:561_2" name="wakeup32" dev="sysfs" ino=53644 scontext=u:r:system_suspend:s0 tcontext=u:object_r:sysfs:s0 tclass=dir permissive=0
01-06 10:45:10.163 I/auditd ( 561): type=1400 audit(0.0:165): avc: denied { read } for comm="Binder:561_2" name="wakeup60" dev="sysfs" ino=71796 scontext=u:r:system_suspend:s0 tcontext=u:object_r:sysfs:s0 tclass=dir permissive=0
01-06 10:45:10.163 I/auditd ( 561): type=1400 audit(0.0:166): avc: denied { read } for comm="Binder:561_2" name="wakeup50" dev="sysfs" ino=71424 scontext=u:r:system_suspend:s0 tcontext=u:object_r:sysfs:s0 tclass=dir permissive=0
01-06 10:45:10.163 I/auditd ( 561): type=1400 audit(0.0:167): avc: denied { read } for comm="Binder:561_2" name="wakeup7" dev="sysfs" ino=52150 scontext=u:r:system_suspend:s0 tcontext=u:object_r:sysfs:s0 tclass=dir permissive=0
01-06 10:45:10.163 I/auditd ( 561): type=1400 audit(0.0:168): avc: denied { read } for comm="Binder:561_2" name="wakeup40" dev="sysfs" ino=63148 scontext=u:r:system_suspend:s0 tcontext=u:object_r:sysfs:s0 tclass=dir permissive=0
01-06 10:45:10.163 I/auditd ( 561): type=1400 audit(0.0:169): avc: denied { read } for comm="Binder:561_2" name="wakeup30" dev="sysfs" ino=53465 scontext=u:r:system_suspend:s0 tcontext=u:object_r:sysfs:s0 tclass=dir permissive=0
01-06 10:45:10.163 I/auditd ( 561): type=1400 audit(0.0:170): avc: denied { read } for comm="Binder:561_2" name="wakeup59" dev="sysfs" ino=71760 scontext=u:r:system_suspend:s0 tcontext=u:object_r:sysfs:s0 tclass=dir permissive=0
01-06 10:45:10.163 I/auditd ( 561): type=1400 audit(0.0:171): avc: denied { read } for comm="Binder:561_2" name="wakeup5" dev="sysfs" ino=47081 scontext=u:r:system_suspend:s0 tcontext=u:object_r:sysfs:s0 tclass=dir permissive=0
01-06 10:45:10.163 I/auditd ( 561): type=1400 audit(0.0:172): avc: denied { read } for comm="Binder:561_2" name="wakeup39" dev="sysfs" ino=63112 scontext=u:r:system_suspend:s0 tcontext=u:object_r:sysfs:s0 tclass=dir permissive=0
01-06 10:45:10.163 I/auditd ( 561): type=1400 audit(0.0:173): avc: denied { read } for comm="Binder:561_2" name="wakeup29" dev="sysfs" ino=53363 scontext=u:r:system_suspend:s0 tcontext=u:object_r:sysfs:s0 tclass=dir permissive=0
01-06 10:45:10.163 I/auditd ( 561): type=1400 audit(0.0:174): avc: denied { read } for comm="Binder:561_2" name="wakeup57" dev="sysfs" ino=71676 scontext=u:r:system_suspend:s0 tcontext=u:object_r:sysfs:s0 tclass=dir permissive=0
01-06 10:45:10.163 I/auditd ( 561): type=1400 audit(0.0:175): avc: denied { read } for comm="Binder:561_2" name="wakeup19" dev="sysfs" ino=52683 scontext=u:r:system_suspend:s0 tcontext=u:object_r:sysfs:s0 tclass=dir permissive=0
01-06 10:45:10.163 I/auditd ( 561): type=1400 audit(0.0:176): avc: denied { read } for comm="Binder:561_2" name="wakeup37" dev="sysfs" ino=62515 scontext=u:r:system_suspend:s0 tcontext=u:object_r:sysfs:s0 tclass=dir permissive=0
01-06 10:45:10.163 I/auditd ( 561): type=1400 audit(0.0:177): avc: denied { read } for comm="Binder:561_2" name="wakeup27" dev="sysfs" ino=53220 scontext=u:r:system_suspend:s0 tcontext=u:object_r:sysfs:s0 tclass=dir permissive=0
01-06 10:45:10.163 I/auditd ( 561): type=1400 audit(0.0:178): avc: denied { read } for comm="Binder:561_2" name="wakeup55" dev="sysfs" ino=71604 scontext=u:r:system_suspend:s0 tcontext=u:object_r:sysfs:s0 tclass=dir permissive=0
01-06 10:45:10.163 I/auditd ( 561): type=1400 audit(0.0:179): avc: denied { read } for comm="Binder:561_2" name="wakeup17" dev="sysfs" ino=52607 scontext=u:r:system_suspend:s0 tcontext=u:object_r:sysfs:s0 tclass=dir permissive=0
01-06 10:45:10.163 I/auditd ( 561): type=1400 audit(0.0:180): avc: denied { read } for comm="Binder:561_2" name="wakeup1" dev="sysfs" ino=43809 scontext=u:r:system_suspend:s0 tcontext=u:object_r:sysfs:s0 tclass=dir permissive=0
01-06 10:45:10.163 I/auditd ( 561): type=1400 audit(0.0:181): avc: denied { read } for comm="Binder:561_2" name="wakeup73" dev="sysfs" ino=76541 scontext=u:r:system_suspend:s0 tcontext=u:object_r:sysfs:s0 tclass=dir permissive=0
01-06 10:45:10.163 I/auditd ( 561): type=1400 audit(0.0:182): avc: denied { read } for comm="Binder:561_2" name="wakeup63" dev="sysfs" ino=71904 scontext=u:r:system_suspend:s0 tcontext=u:object_r:sysfs:s0 tclass=dir permissive=0
01-06 10:45:10.163 I/auditd ( 561): type=1400 audit(0.0:183): avc: denied { read } for comm="Binder:561_2" name="wakeup25" dev="sysfs" ino=53017 scontext=u:r:system_suspend:s0 tcontext=u:object_r:sysfs:s0 tclass=dir permissive=0
01-06 10:45:10.163 I/auditd ( 561): type=1400 audit(0.0:184): avc: denied { read } for comm="Binder:561_2" name="wakeup53" dev="sysfs" ino=71532 scontext=u:r:system_suspend:s0 tcontext=u:object_r:sysfs:s0 tclass=dir permissive=0
01-06 10:45:10.163 I/auditd ( 561): type=1400 audit(0.0:185): avc: denied { read } for comm="Binder:561_2" name="wakeup15" dev="sysfs" ino=52507 scontext=u:r:system_suspend:s0 tcontext=u:object_r:sysfs:s0 tclass=dir permissive=0
01-06 10:45:10.163 I/auditd ( 561): type=1400 audit(0.0:186): avc: denied { read } for comm="Binder:561_2" name="wakeup43" dev="sysfs" ino=66235 scontext=u:r:system_suspend:s0 tcontext=u:object_r:sysfs:s0 tclass=dir permissive=0
01-06 10:45:10.163 I/auditd ( 561): type=1400 audit(0.0:187): avc: denied { read } for comm="Binder:561_2" name="wakeup33" dev="sysfs" ino=57123 scontext=u:r:system_suspend:s0 tcontext=u:object_r:sysfs:s0 tclass=dir permissive=0
01-06 10:45:10.163 I/auditd ( 561): type=1400 audit(0.0:188): avc: denied { read } for comm="Binder:561_2" name="wakeup61" dev="sysfs" ino=71832 scontext=u:r:system_suspend:s0 tcontext=u:object_r:sysfs:s0 tclass=dir permissive=0
01-06 10:45:10.163 I/auditd ( 561): type=1400 audit(0.0:189): avc: denied { read } for comm="Binder:561_2" name="wakeup23" dev="sysfs" ino=52918 scontext=u:r:system_suspend:s0 tcontext=u:object_r:sysfs:s0 tclass=dir permissive=0
01-06 10:45:10.163 I/auditd ( 561): type=1400 audit(0.0:190): avc: denied { read } for comm="Binder:561_2" name="wakeup51" dev="sysfs" ino=71460 scontext=u:r:system_suspend:s0 tcontext=u:object_r:sysfs:s0 tclass=dir permissive=0
01-06 10:45:10.167 I/auditd ( 561): type=1400 audit(0.0:191): avc: denied { read } for comm="Binder:561_2" name="wakeup8" dev="sysfs" ino=52176 scontext=u:r:system_suspend:s0 tcontext=u:object_r:sysfs:s0 tclass=dir permissive=0
01-06 10:45:10.167 I/auditd ( 561): type=1400 audit(0.0:192): avc: denied { read } for comm="Binder:561_2" name="wakeup13" dev="sysfs" ino=52399 scontext=u:r:system_suspend:s0 tcontext=u:object_r:sysfs:s0 tclass=dir permissive=0
01-06 10:45:10.167 I/auditd ( 561): type=1400 audit(0.0:193): avc: denied { read } for comm="Binder:561_2" name="wakeup41" dev="sysfs" ino=63754 scontext=u:r:system_suspend:s0 tcontext=u:object_r:sysfs:s0 tclass=dir permissive=0
01-06 10:45:10.167 I/auditd ( 561): type=1400 audit(0.0:194): avc: denied { read } for comm="Binder:561_2" name="wakeup31" dev="sysfs" ino=53522 scontext=u:r:system_suspend:s0 tcontext=u:object_r:sysfs:s0 tclass=dir permissive=0
01-06 10:45:10.167 I/auditd ( 561): type=1400 audit(0.0:195): avc: denied { read } for comm="Binder:561_2" name="wakeup21" dev="sysfs" ino=52758 scontext=u:r:system_suspend:s0 tcontext=u:object_r:sysfs:s0 tclass=dir permissive=0
01-06 10:45:10.167 I/auditd ( 561): type=1400 audit(0.0:196): avc: denied { read } for comm="Binder:561_2" name="wakeup6" dev="sysfs" ino=52124 scontext=u:r:system_suspend:s0 tcontext=u:object_r:sysfs:s0 tclass=dir permissive=0
01-06 10:45:10.167 I/auditd ( 561): type=1400 audit(0.0:197): avc: denied { read } for comm="Binder:561_2" name="wakeup11" dev="sysfs" ino=52314 scontext=u:r:system_suspend:s0 tcontext=u:object_r:sysfs:s0 tclass=dir permissive=0
01-06 10:45:10.175 I/commit_sys_config_file( 1526): [batterystats-daily,12]
01-06 10:45:10.176 I/commit_sys_config_file( 1526): [batterystats,1]
01-06 10:45:10.177 I/commit_sys_config_file( 1526): [batterystats,1]
01-06 10:45:10.203 I/service_manager_stats( 1526): [100,5,7155]
01-06 10:45:10.211 I/auditd ( 928): type=1400 audit(0.0:198): avc: denied { read write } for comm="sensors.qti" name="diag" dev="tmpfs" ino=12789 scontext=u:r:vendor_sensors_qti:s0 tcontext=u:object_r:vendor_diag_device:s0 tclass=chr_file permissive=0
01-06 10:45:10.224 I/rescue_note( 1526): [0,1,7177]
01-06 10:45:10.241 I/am_wtf ( 1526): [0,1526,system_server,-1,DisplayDeviceConfig,requesting nits when no mapping exists.]
01-06 10:45:10.242 I/am_wtf ( 1526): [0,1526,system_server,-1,DisplayDeviceConfig,requesting nits when no mapping exists.]
01-06 10:45:10.248 I/boot_progress_pms_start( 1526): 7201
01-06 10:45:10.338 I/boot_progress_pms_system_scan_start( 1526): 7291
01-06 10:45:10.409 I/liblog ( 798): 21
01-06 10:45:10.409 I/liblog ( 798): 4
01-06 10:45:10.411 I/auditd ( 928): type=1400 audit(0.0:199): avc: denied { read write } for comm="sensors.qti" name="diag" dev="tmpfs" ino=12789 scontext=u:r:vendor_sensors_qti:s0 tcontext=u:object_r:vendor_diag_device:s0 tclass=chr_file permissive=0
01-06 10:45:10.611 I/auditd ( 928): type=1400 audit(0.0:200): avc: denied { read write } for comm="sensors.qti" name="diag" dev="tmpfs" ino=12789 scontext=u:r:vendor_sensors_qti:s0 tcontext=u:object_r:vendor_diag_device:s0 tclass=chr_file permissive=0
01-06 10:45:10.811 I/auditd ( 928): type=1400 audit(0.0:201): avc: denied { read write } for comm="sensors.qti" name="diag" dev="tmpfs" ino=12789 scontext=u:r:vendor_sensors_qti:s0 tcontext=u:object_r:vendor_diag_device:s0 tclass=chr_file permissive=0
01-06 10:45:10.889 I/boot_progress_pms_data_scan_start( 1526): 7842
01-06 10:45:10.954 I/boot_progress_pms_scan_end( 1526): 7907
01-06 10:45:10.967 I/auditd ( 798): type=1400 audit(0.0:202): avc: denied { read write } for comm="HwBinder:798_2" name="diag" dev="tmpfs" ino=12789 scontext=u:r:hal_audio_default:s0 tcontext=u:object_r:vendor_diag_device:s0 tclass=chr_file permissive=0
01-06 10:45:11.011 I/auditd ( 928): type=1400 audit(0.0:203): avc: denied { read write } for comm="sensors.qti" name="diag" dev="tmpfs" ino=12789 scontext=u:r:vendor_sensors_qti:s0 tcontext=u:object_r:vendor_diag_device:s0 tclass=chr_file permissive=0
01-06 10:45:11.021 I/commit_sys_config_file( 1526): [package-user-0,1]
01-06 10:45:11.021 I/commit_sys_config_file( 1526): [package,18]
01-06 10:45:11.021 I/boot_progress_pms_ready( 1526): 7974
01-06 10:45:11.044 I/am_uid_running( 1526): 1000
01-06 10:45:11.045 I/am_uid_active( 1526): 1000
01-06 10:45:11.065 I/commit_sys_config_file( 1526): [overlays,1]
01-06 10:45:11.084 I/battery_status( 1526): [1,1,0,0,]
01-08 01:31:11.034 I/wm_task_created( 1526): [1,-1]
01-08 01:31:11.037 I/sysui_multi_action( 1526): [757,1594,758,4,759,0,806,NULL]
