01-08 01:33:35.691 I/hpplay-java( 2713): [main]:Bridge:stopServer keepPush: false
01-08 01:33:35.692 D/hpplay-base( 2713): [jniBridge:909] Bridge__1stopServer status:2
01-08 01:33:35.693 D/hpplay-base( 2713): [LelinkBase:654] stopAllServer will start thread!
01-08 01:33:35.694 D/hpplay-base( 2713): [AEventUtils:588] handle AEvent thread end!!,tid is 6256
01-08 01:33:35.694 I/hpplay-base( 2713): [mDNSEmbeded:65] embedded_mDNSExit call
01-08 01:33:35.695 D/hpplay-base( 2713): [REventUtils:197] handleREventThread thread end!!,tid is 6257
01-08 01:33:35.711 D/hpplay-base( 2713): [stream_mirror_compat:1284] mirror stream begin to exit,server fd:108,thread_id:3112370624!!
01-08 01:33:35.711 D/hpplay-base( 2713): [stream_mirror_compat:1323] ##screen stream exit successfully!!##
01-08 01:33:35.762 D/hpplay-base( 2713): [Server:447] startHttpServer will END srv->serverType:0
01-08 01:33:35.762 D/hpplay-base( 2713): [Server:646] startHttpServer cond srv_shutdown:1 connectNummber:0
01-08 01:33:35.762 D/hpplay-base( 2713): [Server:669] startHttpServer wait cond END. srv_shutdown:1 connectNummber:0
01-08 01:33:35.762 D/hpplay-base( 2713): [Server:457] HttpServer END, tid is 6237
01-08 01:33:35.787 I/mpu_uart( 640): [MSG-P:RECV]:No message received in 1000 ms
01-08 01:33:35.942 I/OMX-VENC: venc_dev( 1222): stats: avg. fps 1.47, bitrate 43391
01-08 01:33:35.955 I/hpe-launcher( 2543): select 1
01-08 01:33:35.963 I/auditd ( 0): type=1400 audit(0.0:689): avc: denied { kill } for comm="swapper/3" capability=5 scontext=u:r:kernel:s0 tcontext=u:r:kernel:s0 tclass=capability permissive=0
01-08 01:33:35.963 W/swapper/3( 0): type=1400 audit(0.0:689): avc: denied { kill } for capability=5 scontext=u:r:kernel:s0 tcontext=u:r:kernel:s0 tclass=capability permissive=0
01-08 01:33:36.538 I/hpplay-base( 2713): [mDNSEmbeded:140] embedded_mDNSLoop Exiting end,tid is 6253
01-08 01:33:36.538 D/hpplay-base( 2713): [mDNSEmbeded:452] stopmDNSServer end stopmDNSNow=2, nRet=0
01-08 01:33:36.753 I/hpplay-base( 2713): [mDNSEmbeded:376] end lelink publish server, tid is 6254
01-08 01:33:36.753 D/hpplay-base( 2713): [mDNSEmbeded:420] stopmLelinkServer end nRet=0
01-08 01:33:36.753 D/hpplay-base( 2713): [LelinkBase:615] lebodlna stopServerThreadFunc dlnaEnable:1
01-08 01:33:36.753 D/hpplay-base-dlna( 2713): [lebodlna_api:49] stop DMR
01-08 01:33:36.753 D/hpplay-base-dlna( 2713): [lebodlna_api:344] m_pRender Release
01-08 01:33:36.787 I/mpu_uart( 640): [MSG-P:RECV]:No message received in 1000 ms
01-08 01:33:36.812 D/hpplay-base-dlna( 2713): [UpnpDefine:867] DMRender release success
01-08 01:33:36.812 D/hpplay-base-dlna( 2713): [lebodlna_api:352] m_pAVT Release
01-08 01:33:36.812 D/hpplay-base-dlna( 2713): [lebodlna_api:360] m_pRCS Release
01-08 01:33:36.813 D/hpplay-base-dlna( 2713): [lebodlna_api:365] dmrender destroydmr
01-08 01:33:36.963 I/auditd ( 0): type=1400 audit(0.0:690): avc: denied { kill } for comm="swapper/3" capability=5 scontext=u:r:kernel:s0 tcontext=u:r:kernel:s0 tclass=capability permissive=0
01-08 01:33:36.963 W/swapper/3( 0): type=1400 audit(0.0:690): avc: denied { kill } for capability=5 scontext=u:r:kernel:s0 tcontext=u:r:kernel:s0 tclass=capability permissive=0
01-08 01:33:37.113 D/hpplay-base-dlna( 2713): [lebodlna-dlna_android:186] stopDLNA
01-08 01:33:37.113 D/hpplay-base-dlna( 2713): [lebodlna-dlna_android:189] dlnaservice destroy
01-08 01:33:37.114 D/hpplay-base-dlna( 2713): [lebodlna-dlna_android:49] dlnaservice Destroy 49 int CDlnaService::Destroy()
01-08 01:33:37.114 D/hpplay-base-dlna( 2713): [lebodlna-dlnaframe:245] dlnaservice Destroy 245 static ERROR_TYPE IDlnaFrame::DestroyDlnaFrame(IDlnaFrame *)
01-08 01:33:37.114 D/hpplay-base-dlna( 2713): [lebodlna-dlnaframe:179] dlnaservice Destroy 179 virtual void CDlnaFrame::Release()
01-08 01:33:37.114 D/hpplay-base-dlna( 2713): [lebodlna-dlnaframe:190] dlnaservice Destroy 190 virtual void CDlnaFrame::Release()
01-08 01:33:37.114 D/hpplay-base-dlna( 2713): [lebodlna-dlnaframe:192] dlnaservice Destroy 192 virtual void CDlnaFrame::Release()
01-08 01:33:37.114 D/hpplay-base-dlna( 2713): [lebodlna-dlnaframe:247] dlnaservice Destroy 247 static ERROR_TYPE IDlnaFrame::DestroyDlnaFrame(IDlnaFrame *)
01-08 01:33:37.114 D/hpplay-base-dlna( 2713): [lebodlna-dlnaframe:251] dlnaservice Destroy 251 static ERROR_TYPE IDlnaFrame::DestroyDlnaFrame(IDlnaFrame *)
01-08 01:33:37.118 E/hpplay-base-dlna( 2713): upnpapi.c:655::before gminiserver ThreadPoolShutdown
01-08 01:33:37.118 E/hpplay-base-dlna( 2713): ThreadPool.c:1047::on ThreadPoolShutdown tp->totalThreads:3
01-08 01:33:37.118 E/hpplay-base-dlna( 2713): ThreadPool.c:1047::on ThreadPoolShutdown tp->totalThreads:2
01-08 01:33:37.119 E/hpplay-base-dlna( 2713): ThreadPool.c:1047::on ThreadPoolShutdown tp->totalThreads:1
01-08 01:33:37.120 E/hpplay-base-dlna( 2713): ThreadPool.c:1056::after ThreadPoolShutdown
01-08 01:33:37.120 E/hpplay-base-dlna( 2713): ThreadPool.c:1057::ThreadPoolShutdown tp->totalThreads:0
01-08 01:33:37.120 E/hpplay-base-dlna( 2713): upnpapi.c:657::after gminiserver ThreadPoolShutdown
01-08 01:33:37.120 E/hpplay-base-dlna( 2713): upnpapi.c:659::before grecv ThreadPoolShutdown
01-08 01:33:37.121 E/hpplay-base-dlna( 2713): ThreadPool.c:1047::on ThreadPoolShutdown tp->totalThreads:12
01-08 01:33:37.122 E/hpplay-base-dlna( 2713): ThreadPool.c:1047::on ThreadPoolShutdown tp->totalThreads:5
01-08 01:33:37.128 E/hpplay-base-dlna( 2713): ThreadPool.c:1056::after ThreadPoolShutdown
01-08 01:33:37.128 E/hpplay-base-dlna( 2713): ThreadPool.c:1057::ThreadPoolShutdown tp->totalThreads:0
01-08 01:33:37.128 E/hpplay-base-dlna( 2713): upnpapi.c:661::after grecv ThreadPoolShutdown
01-08 01:33:37.128 E/hpplay-base-dlna( 2713): upnpapi.c:663::before gsend ThreadPoolShutdown
01-08 01:33:37.128 E/hpplay-base-dlna( 2713): ThreadPool.c:1047::on ThreadPoolShutdown tp->totalThreads:3
01-08 01:33:37.128 E/hpplay-base-dlna( 2713): ThreadPool.c:1047::on ThreadPoolShutdown tp->totalThreads:1
01-08 01:33:37.132 E/hpplay-base-dlna( 2713): ThreadPool.c:1056::after ThreadPoolShutdown
01-08 01:33:37.132 E/hpplay-base-dlna( 2713): ThreadPool.c:1057::ThreadPoolShutdown tp->totalThreads:0
01-08 01:33:37.132 E/hpplay-base-dlna( 2713): upnpapi.c:665::after gsend ThreadPoolShutdown
01-08 01:33:37.132 D/hpplay-base-dlna( 2713): [lebodlna-dlnaframe:253] dlnaservice Destroy 253 static ERROR_TYPE IDlnaFrame::DestroyDlnaFrame(IDlnaFrame *)
01-08 01:33:37.132 D/hpplay-base-dlna( 2713): [lebodlna-dlna_android:51] dlnaservice Destroy 51 int CDlnaService::Destroy()
01-08 01:33:37.132 D/hpplay-base-dlna( 2713): [lebodlna-dlna_android:194] stopDLNA end
01-08 01:33:37.164 I/OMX-VENC: venc_dev( 1222): stats: avg. fps 13.90, bitrate 737106
01-08 01:33:37.433 D/hpplay-base( 2713): [stream_mirror_compat:1489] request to stop screen stream session!!
01-08 01:33:37.433 D/hpplay-base( 2713): [AEventUtils:625] begin to stop event handle service!!
01-08 01:33:37.433 D/hpplay-base( 2713): [AEventUtils:628] stop event handle service ok!!
01-08 01:33:37.433 D/hpplay-base( 2713): [REventUtils:231] begin to stop report handle service!!
01-08 01:33:37.433 D/hpplay-base( 2713): [REventUtils:234] stop report handle service ok!!
01-08 01:33:37.433 D/hpplay-base( 2713): [lelinkSinkServer:711] HTTP Server stopSinkServer End .
01-08 01:33:37.433 D/hpplay-base( 2713): [jniBridge:1135] notifyJavaServerStoped
01-08 01:33:37.433 D/hpplay-base( 2713): [jniBridge:1726] notifyJava, what:202, castType:0, mimeType:0 baseStatus:4
01-08 01:33:37.433 D/hpplay-base( 2713): [jniBridge:1727] notifyJava sessionID:(null)
01-08 01:33:37.435 I/hpplay-java( 2713): [Thread-113]:Bridge:notify: what: 202
01-08 01:33:37.436 I/hpplay-java( 2713): [Thread-113]:Bridge:notify: out: OutParameters:{audioSessionId=-1, audiotrackIndex=0, castHandleType=-1, castType=0, deviceName='', dlnaName='', dramaID='', extra=0, frameHandleType=-1, handleInside=true, headduration=0, header='', headers=null, isAD=false, isMultiMirror=false, lelinkVer='', limitTime=0, , mediaAlbum='null', mediaAlbumArtURI='', mediaArtist='null', mediaAssets='', mediaTitle='null', mimeType=0, multiSession=null, period=0, pinCode='', playSpeed=0.0, playerChoice=0, plugin=0, port=0, position=0.0, positionUnit=2, protocol=0, realSessionID='', regType='', , sinkIp='', sourceAPPVersion='', sourceChannel='', sourceClientInfo='', sourceDeviceInfo='', sourceDeviceModel='', sourceDeviceName='', sourceDeviceType=0, sourceHID='', , sourceInfo='', , , sourceOSVersion='', sourceSDKVersion='', sourceUid='', stopDetail=0, stopReason=0, tailduration=0, url='', urlID='', urls=null, userAgent='', videoDecoder=0, volume=0, what=202}com.hpplay.sdk.sink.protocol.OutParameters@e2c678b
01-08 01:33:37.436 I/hpplay-java( 2713): [Thread-113]:Bridge:notify: address:16162920
01-08 01:33:37.436 D/hpplay-base( 2713): [LelinkBase:645] stopServerThreadFunc notifyJavaServerStoped!
01-08 01:33:37.437 I/hpplay-java( 2713): [main]:ServerTaskManager:startTimeOutCheck
01-08 01:33:37.437 I/hpplay-java( 2713): [main]:ServerBusiness:stopDaemonBusiness
01-08 01:33:37.437 I/hpplay-java( 2713): [main]:SinkDataReport:logout
01-08 01:33:37.438 I/hpplay-java( 2713): [main]:EPControl:release
01-08 01:33:37.442 I/hpplay-java( 2713): [AsyncTask #15]:GlideCreator:clearCache clearDiskCache
01-08 01:33:37.443 I/hpplay-java( 2713): [main]:Dispatcher:notifyAllReverseControlsStop
01-08 01:33:37.443 I/hpplay-java( 2713): [main]:Preference:checkFeature none
01-08 01:33:37.443 I/hpplay-java( 2713): [main]:Dispatcher:notifyAllUIControlsStop set: []
01-08 01:33:37.443 I/hpplay-java( 2713): [main]:Bridge:findServiceID start out: 16162920
01-08 01:33:37.443 I/hpplay-java( 2713): [main]:Bridge:findServiceID end
01-08 01:33:37.443 I/hpplay-java( 2713): [main]:ServerTaskManager:onStop retry:true
01-08 01:33:37.443 I/hpplay-java( 2713): [main]:ServerTaskManager:cancelTimeOutCheck
01-08 01:33:37.443 W/hpplay-java( 2713): NanoHTTPDServerRunnable:Communication with the client broken
01-08 01:33:37.443 W/hpplay-java( 2713): java.net.SocketException: Socket closed
01-08 01:33:37.443 W/hpplay-java( 2713): at java.net.PlainSocketImpl.socketAccept(PlainSocketImpl.java:213)
01-08 01:33:37.443 W/hpplay-java( 2713): at java.net.AbstractPlainSocketImpl.accept(AbstractPlainSocketImpl.java:451)
01-08 01:33:37.443 W/hpplay-java( 2713): at java.net.ServerSocket.implAccept(ServerSocket.java:547)
01-08 01:33:37.443 W/hpplay-java( 2713): at java.net.ServerSocket.accept(ServerSocket.java:515)
01-08 01:33:37.443 W/hpplay-java( 2713): at com.hpplay.nanohttpd.protocols.http.ServerRunnable.run(SourceFile:118)
01-08 01:33:37.443 W/hpplay-java( 2713): at java.lang.Thread.run(Thread.java:920)
01-08 01:33:37.443 I/hpplay-java( 2713): NanoHTTPDNanoHTTPD:server is stoped
01-08 01:33:37.443 I/hpplay-java( 2713): NanoHTTPDNanoHTTPD:clear obj
01-08 01:33:37.444 I/hpplay-java( 2713): [main]:IPManager:getActiveNets type: WIFI
01-08 01:33:37.444 I/hpplay-java( 2713): [main]:IPManager:getActiveNets eth0:false wifi:true mobile:false ap:false
01-08 01:33:37.444 I/hpplay-java( 2713): [main]:IPManager:getIPAddress IP_WLAN0
01-08 01:33:37.447 I/hpplay-java( 2713): [main]:IPManager:updateIPAddress getIPAddress: 192.168.4.16 name:vlan4
01-08 01:33:37.448 I/hpplay-java( 2713): [main]:IPManager:updateIPAddress getIPAddress: 192.168.124.22 name:wlan0
01-08 01:33:37.448 I/hpplay-java( 2713): [main]:IPManager:updateIPAddress getIPAddress: 192.168.8.16 name:vlan8
01-08 01:33:37.448 I/hpplay-java( 2713): [main]:IPManager:updateIPAddress getIPAddress: 192.168.11.16 name:vlan11
01-08 01:33:37.448 I/hpplay-java( 2713): [main]:IPManager:updateIPAddress getIPAddress: 192.168.0.16 name:vlan0
01-08 01:33:37.448 I/hpplay-java( 2713): [main]:IPManager:updateIPAddress getIPAddress: 192.168.2.16 name:vlan2
01-08 01:33:37.448 I/hpplay-java( 2713): [main]:IPManager:updateIPAddress getIPAddress: 192.168.1.16 name:vlan1
01-08 01:33:37.449 I/hpplay-java( 2713): [main]:ServerTaskManager:exeTask startServer
01-08 01:33:37.450 I/hpplay-java( 2713): [AsyncTask #17]:ServerBusiness:startDaemonBusiness
01-08 01:33:37.450 I/hpplay-java( 2713): [AsyncTask #17]:TimeOutCheckUtil:addTask id:upgrade
01-08 01:33:37.450 I/hpplay-java( 2713): [AsyncTask #18]:Bridge:assembleInParameters
01-08 01:33:37.450 I/hpplay-java( 2713): [AsyncTask #17]:TimeOutCheckUtil:addTask id:ijkupgrade
01-08 01:33:37.450 I/hpplay-java( 2713): [main]:ServerTaskManager:startTimeOutCheck
01-08 01:33:37.451 I/hpplay-java( 2713): [AsyncTask #18]:Bridge:createDeviceId deviceId:YTQ6MWE6NWI6N2U6YTg6MDY=
01-08 01:33:37.452 I/hpplay-java( 2713): NanoHTTPDNanoHTTPD:server is started
01-08 01:33:37.453 I/hpplay-java( 2713): [AsyncTask #18]:IPManager:getActiveNets type: WIFI
01-08 01:33:37.453 I/hpplay-java( 2713): [AsyncTask #18]:IPManager:getActiveNets eth0:false wifi:true mobile:false ap:false
01-08 01:33:37.453 I/hpplay-java( 2713): [AsyncTask #18]:IPManager:getIPAddress IP_WLAN0
01-08 01:33:37.453 I/hpplay-java( 2713): [AsyncTask #18]:Preference:checkFeature none
01-08 01:33:37.453 I/hpplay-java( 2713): [AsyncTask #18]:SWI:dlna tip
01-08 01:33:37.453 I/hpplay-java( 2713): [AsyncTask #18]:SWI:lefp tip
01-08 01:33:37.453 I/hpplay-java( 2713): [AsyncTask #18]:Bridge:assembleInParameters none alias name use device name: 高合娱乐副屏
01-08 01:33:37.453 I/hpplay-java( 2713): [AsyncTask #18]:Feature:isSendAdvertisement
01-08 01:33:37.454 I/hpplay-java( 2713): [AsyncTask #18]:Preference:checkFeature none
01-08 01:33:37.454 I/hpplay-java( 2713): [AsyncTask #18]:Preference:checkFeature none
01-08 01:33:37.454 I/hpplay-java( 2713): [AsyncTask #18]:Bridge:backupHpplayDat bakPath:
01-08 01:33:37.454 I/hpplay-java( 2713): [AsyncTask #18]:Bridge:path:/data/user/0/com.hht.lebocast/files/hpplay/file/happyplay.dat
01-08 01:33:37.454 I/hpplay-java( 2713): [AsyncTask #18]:Bridge:mAppId:21409
01-08 01:33:37.454 I/hpplay-java( 2713): [AsyncTask #18]:Bridge:mode:3
01-08 01:33:37.454 I/hpplay-java( 2713): [AsyncTask #18]:Bridge:type:1
01-08 01:33:37.454 I/hpplay-java( 2713): [AsyncTask #18]:Bridge:SN:
01-08 01:33:37.454 I/hpplay-java( 2713): [AsyncTask #18]:Preference:checkFeature none
01-08 01:33:37.454 I/hpplay-java( 2713): [AsyncTask #18]:Bridge:backPath:
01-08 01:33:37.454 I/hpplay-java( 2713): [AsyncTask #18]:DeviceUtil:getPermissionDid: 1
01-08 01:33:37.454 I/hpplay-java( 2713): [AsyncTask #18]:DeviceUtil:getPermissionDid: 1
01-08 01:33:37.455 I/hpplay-java( 2713): [AsyncTask #18]:BPIFileUtil:getMd5ByFile: 0FA04FD08975C81CDD9275F6AE23A020
01-08 01:33:37.455 I/hpplay-java( 2713): [AsyncTask #18]:Preference:checkFeature none
01-08 01:33:37.455 I/hpplay-java( 2713): [AsyncTask #18]:Preference:checkFeature none
01-08 01:33:37.455 I/hpplay-java( 2713): [AsyncTask #18]:Preference:checkFeature none
01-08 01:33:37.455 I/hpplay-java( 2713): [AsyncTask #18]:Preference:checkFeature none
01-08 01:33:37.455 I/hpplay-java( 2713): [AsyncTask #18]:Preference:checkFeature none
01-08 01:33:37.462 W/hpplay-java( 2713): [AsyncTask #17]:ServerBusiness:startDaemonBusiness start LelinkHTTPD sucess 52288
01-08 01:33:37.463 I/hpplay-java( 2713): [main]:ServerBusiness:get deviceCode:2326366951
01-08 01:33:37.470 W/hpplay-java( 2713): [AsyncTask #18]:DeviceUtils:getDomain create lb domain
01-08 01:33:37.472 I/hpplay-java( 2713): [AsyncTask #18]:Feature:getMirrorAudioVideoSync DISABLE
01-08 01:33:37.472 I/hpplay-java( 2713): [AsyncTask #18]:Feature:checkSupportRedirectOtherApp,no set redirect api
01-08 01:33:37.472 I/hpplay-java( 2713): [AsyncTask #18]:Feature:getRedirectSearchFlag,value: 0
01-08 01:33:37.472 I/hpplay-java( 2713): [AsyncTask #18]:Bridge:mIn: InParameters{appInfo='0', appKey='21409', authMode=0, authPwd='null', broadcastDirection=0, broadcastState=1, broadcastTimeout=3, buildType='release', cacheAVPath='/data/user/0/com.hht.lebocast/cache/hpplay/av', cachePhotoPath='/data/user/0/com.hht.lebocast/cache/hpplay/image', channel='LEBO-APK--60146-25915', desPath='/data/user/0/com.hht.lebocast/files/hpplay/file/config/dcf', , deviceName='高合娱乐副屏', dlna=1, dlnaCompany='Microsoft Corporation', dlnaCompanyURL='http://www.microsoft.com', dlnaDeviceDescribe='Media Renderer', dlnaDeviceName='Windows Media Player', dlnaDeviceURL='http://go.microsoft.com/fwlink/Linkld=105927', dlnaLelinkSwitch=1, dlnaManufacturer=0, dlnaName='高合娱乐副屏', dlnaUPC='null', dlnaUUID='774c117d-0217-0fc4-1a60-e56e55fcc56d', domain='Lebo-figure-42ab7764ca4f', drainage=0, feature='6655', fps=60, height=1080, host='null', , keyPath='/data/user/0/com.hht.lebocast/files/hpplay/file', lelinkfp=1, lelinkfp2=0, logBaseState=1, logPath='/storage/emulated/0/com.hht.lebocast/sink/sdk/common', , mdnsEnable=1, mirrorSyncType=0, netCastVer='2.0', packageName='com.hht.lebocast', packagePath='/data/user/0/com.hht.lebocast', permissionDid='42:ab:77:64:ca:4f', permissionMode=3, permissionPreSN='', port=0, preemptMode=0, regType='_leboremote._tcp.', serverPorts=null, sockWaitTimeOut=45, teleControlPort=53388, tunnels=3, txtKeys=null, txtValues=null, uid='2755248317583304728', videoFrameType=1001, width=1920}com.hpplay.sdk.sink.protocol.InParameters@32f9367
01-08 01:33:37.473 I/hpplay-java( 2713): [main]:Bridge:startServer state: 0
01-08 01:33:37.473 D/hpplay-base( 2713): [jniBridge:185] not conference version
01-08 01:33:37.473 I/hpplay-base( 2713): [jniBridge:241] 1initServer nSettingWidth=1920 nSettingHeight=1080 nSettingMaxFPS=60 dlnaEnable=1 lelinkFpEnable=1
01-08 01:33:37.473 D/hpplay-base( 2713): [jniBridge:283] 1initServer cfg.leLinkIp=192.168.124.22
01-08 01:33:37.473 D/hpplay-base( 2713): [jniBridge:286] 1initServer cfg.mPermissionMode=3
01-08 01:33:37.473 D/hpplay-base( 2713): [jniBridge:304] 1initServer cfg.permissionDid=42:ab:77:64:ca:4f000000000000000
01-08 01:33:37.473 D/hpplay-base( 2713): [jniBridge:313] 1initServer cfg.mPermissionPreSN=00000000000000000000000000000000
01-08 01:33:37.473 D/hpplay-base( 2713): [jniBridge:317] Bridge___1initServer status:0
01-08 01:33:37.473 I/hpplay-base( 2713): [jniBridge:325] 1initServer cfg.feature=6655
01-08 01:33:37.473 D/hpplay-base( 2713): [jniBridge:377] 1initServer isSendBroadCast=3
01-08 01:33:37.473 D/hpplay-base( 2713): [jniBridge:380] 1initServer broadcastDirection=0
01-08 01:33:37.473 D/hpplay-base( 2713): [jniBridge:382] 1initServer ipBroadcast direction=0
01-08 01:33:37.473 D/hpplay-base( 2713): [jniBridge:387] 1initServer tunnel=3
01-08 01:33:37.473 D/hpplay-base( 2713): [jniBridge:390] 1initServer drainage=0
01-08 01:33:37.473 D/hpplay-base( 2713): [jniBridge:401] 1initServer mDNSEnable=1
01-08 01:33:37.473 D/hpplay-base( 2713): [jniBridge:406] 1initServer nSockWaitTimeOut=45
01-08 01:33:37.473 D/hpplay-base( 2713): [jniBridge:410] 1initServer nMirrorAudioVideoSync=0
01-08 01:33:37.473 I/hpplay-base( 2713): [sign_check:168] checkSign strPackageName:com.hht.lebocast
01-08 01:33:37.473 I/hpplay-base( 2713): [sign_check:169] checkSign buildType:release
01-08 01:33:37.473 I/hpplay-base( 2713): [sign_check:170] checkSign appKey:21409
01-08 01:33:37.473 D/hpplay-base( 2713): [LelinkBase:405] bridgeInit port: 0, lelinkfp: 0
01-08 01:33:37.473 D/hpplay-base( 2713): [LelinkBase:462] bridgeInit mPackagePath =/data/user/0/com.hht.lebocast
01-08 01:33:37.473 D/hpplay-base( 2713): [LelinkBase:463] bridgeInit mKeyPath =/data/user/0/com.hht.lebocast/files/hpplay/file
01-08 01:33:37.473 D/hpplay-base( 2713): [SinkContext:97] initSinkContext mPackagePath =/data/user/0/com.hht.lebocast
01-08 01:33:37.473 D/hpplay-base( 2713): [SinkContext:98] initSinkContext mKeyPath =/data/user/0/com.hht.lebocast/files/hpplay/file
01-08 01:33:37.473 D/hpplay-base( 2713): [jniBridge:478] Java_com_hpplay_sdk_sink_protocol_Bridge__1initServer end
01-08 01:33:37.473 D/hpplay-base( 2713): [jniBridge:869] Bridge__1startServer status:1
01-08 01:33:37.473 D/hpplay-base( 2713): [LelinkBase:492] startAllServer at base
01-08 01:33:37.474 D/hpplay-base( 2713): [lelinkSinkServer:152] httpPlugins_SetServerPort TYPE_SERVER_LELINK:52266
01-08 01:33:37.474 D/hpplay-base( 2713): [network.c:362] protocol bind host :192.168.124.22 port:52266 curent bind port:52266
01-08 01:33:37.474 D/hpplay-base( 2713): [lelinkSinkServer:681] HTTP Server real at:52266
01-08 01:33:37.474 D/hpplay-base( 2713): [lelinkSinkServer:644] Connected Service Type:0
01-08 01:33:37.474 D/hpplay-base( 2713): [ScreenStream:1285] current bind port:7100
01-08 01:33:37.474 I/hpplay-base( 2713): : (server.c.315) startServer listen_ing....:
01-08 01:33:37.474 D/hpplay-base( 2713): [Server:371] startHttpServer srv_sockets.used:1 nCurrentFd:98, tid is 6276
01-08 01:33:37.474 D/hpplay-base( 2713): [LelinkBase:515] startAllServer pBaseContext->config.dlnaEnable:1
01-08 01:33:37.474 D/hpplay-base( 2713): [lelinkDlna:324] addDMRCallback end
01-08 01:33:37.474 D/hpplay-base( 2713): [stream_mirror_compat:759] compat mirror stream begin to run,server fd:108,thread_id:3111317952!!
01-08 01:33:37.477 E/hpplay-base-dlna( 2713): miniserver.c:788::dlna_port(ipv4: 49152 ipv6:0)
01-08 01:33:37.478 D/hpplay-base-dlna( 2713): [lebodlna-dlnaframe:166] succeed to load lebodlnaplugin
01-08 01:33:37.478 D/hpplay-base-dlna( 2713): [lebodlna-dlnaframe:232] Succeed to load specified plugin:lebodlna_plugin
01-08 01:33:37.478 D/hpplay-base( 2713): [lelinkDlna:328] startDLNAServer ret=0
01-08 01:33:37.478 D/hpplay-base( 2713): [LelinkBase:531] startDLNAServer ret= 0
01-08 01:33:37.478 D/hpplay-base( 2713): [lelinkDlna:342] setDMRFriendlyName 高合娱乐副屏
01-08 01:33:37.478 D/hpplay-base-dlna( 2713): [lebodlna-dlna_android:136] setBroadcastTimeout mBroadcastTimeOut=66 status=3!
01-08 01:33:37.478 D/hpplay-base-dlna( 2713): [lebodlna_api:32] start DMR
01-08 01:33:37.478 D/hpplay-base-dlna( 2713): [UpnpDefine:434] RegisterDMRender invalid lelink info
01-08 01:33:37.478 D/hpplay-base-dlna( 2713): [UpnpDefine:551] DLNA DESCRIPTION FROME SERVER
01-08 01:33:37.480 E/hpplay-base-dlna( 2713): upnpapi.c:1078::Exiting RegisterRootDevice2 *Hnd =1, return value == 0
01-08 01:33:37.480 D/hpplay-base-dlna( 2713): [CUpnpDevice:41] Register Root Device 2:0
01-08 01:33:37.480 D/hpplay-base-dlna( 2713): [UpnpDefine:794] ESDMRender:Register success
01-08 01:33:37.480 D/hpplay-base-dlna( 2713): [lebodlna_api:41] sendBroadcast mBroadcastTimeOut=3
01-08 01:33:37.480 D/hpplay-base-dlna( 2713): [lebodlna_api:44] sendBroadcast timeout=66
01-08 01:33:37.534 D/hpplay-base( 2713): [lelinkDlna:361] startDLNADevice dlnaManufacturer:0 ret=0
01-08 01:33:37.534 D/hpplay-base( 2713): [LelinkBase:535] lelinkSetDlnaInfo ret= 0
01-08 01:33:37.535 D/hpplay-base( 2713): [LelinkBase:547] startAllServer pBaseContext->config.mDNSEnable:1
01-08 01:33:37.535 D/hpplay-base( 2713): [base_mdns:509] mdns net.hostname:
01-08 01:33:37.535 D/hpplay-base( 2713): [base_mdns:529] mdns namelabel:-36-7C-7C-00-00-0F
01-08 01:33:37.535 D/hpplay-base( 2713): [base_mdns:509] mdns net.hostname:
01-08 01:33:37.535 D/hpplay-base( 2713): [base_mdns:529] mdns namelabel:-36-7C-7C-00-00-0F
01-08 01:33:37.535 D/hpplay-base( 2713): [mdns:813] mdns start bind port:0
01-08 01:33:37.538 D/hpplay-base( 2713): [mdns:813] mdns start bind port:5353
01-08 01:33:37.538 D/hpplay-base( 2713): [mdns:813] mdns start bind port:5353
01-08 01:33:37.538 D/hpplay-base( 2713): [mdns:813] mdns start bind port:5353
01-08 01:33:37.539 D/hpplay-base( 2713): [mdns:813] mdns start bind port:5353
01-08 01:33:37.539 D/hpplay-base( 2713): [mdns:813] mdns start bind port:5353
01-08 01:33:37.539 D/hpplay-base( 2713): [mdns:813] mdns start bind port:5353
01-08 01:33:37.539 D/hpplay-base( 2713): [mdns:813] mdns start bind port:5353
01-08 01:33:37.539 I/hpplay-base( 2713): [mDNSEmbeded:57] embedded_mDNSInit stopmDNSNow:0 status:0
01-08 01:33:37.539 D/hpplay-base( 2713): [mDNSEmbeded:436] startmDNSServer end nRet=0
01-08 01:33:37.539 D/hpplay-base( 2713): [LelinkBase:555] lelink broadcast_on_off:1 log2java_on_off:1
01-08 01:33:37.540 I/hpplay-base( 2713): [mDNSEmbeded:268] start lelink publish server, tid is 6290
01-08 01:33:37.540 D/hpplay-base( 2713): [AEventUtils:595] request to start event handle service!!
01-08 01:33:37.540 D/hpplay-base( 2713): [AEventUtils:603] start_event_handle_service,begin to run!!
01-08 01:33:37.540 D/hpplay-base( 2713): [LelinkMDNS:729] leboAuthorizationCheck strUuid=42:ab:77:64:ca:4f000000000000000
01-08 01:33:37.540 D/hpplay-base( 2713): [LelinkMDNS:730] leboAuthorizationCheck mPermissionDid=42:ab:77:64:ca:4f000000000000000
01-08 01:33:37.540 D/hpplay-base( 2713): [LelinkMDNS:755] leboAuthorizationCheck mPermissionMac=42:ab:77:64:ca:4f000000000000000
01-08 01:33:37.540 D/hpplay-base( 2713): [REventUtils:210] start_event_handle_service,begin to run!!
01-08 01:33:37.540 D/hpplay-base( 2713): [LelinkBase:576] startAllServer success .
01-08 01:33:37.540 D/hpplay-base( 2713): [jniBridge:894] startDlna_link:http://192.168.124.22:49152/description.xml
01-08 01:33:37.540 D/hpplay-base( 2713): [jniBridge:1081] notifyJavaDlnalink:http://192.168.124.22:49152/description.xml
01-08 01:33:37.540 D/hpplay-base( 2713): [jniBridge:1726] notifyJava, what:207, castType:0, mimeType:0 baseStatus:2
01-08 01:33:37.540 D/hpplay-base( 2713): [jniBridge:1727] notifyJava sessionID:(null)
01-08 01:33:37.541 D/hpplay-base( 2713): [mDNSEmbeded:197] http_port bind check 197 http_port_check
01-08 01:33:37.541 I/hpplay-java( 2713): [Thread-115]:Bridge:notify: what: 207
01-08 01:33:37.542 D/hpplay-base( 2713): [REventUtils:59] create handleREventThread thread ok!!,tid is 6293
01-08 01:33:37.542 D/hpplay-base( 2713): [AEventUtils:171] create handle AEvent thread ok!!,tid is 6292
01-08 01:33:37.542 I/hpplay-java( 2713): [Thread-115]:Bridge:notify: out: OutParameters:{audioSessionId=-1, audiotrackIndex=0, castHandleType=-1, castType=0, deviceName='http://192.168.124.22:49152/description.xml', dlnaName='', dramaID='', extra=0, frameHandleType=-1, handleInside=true, headduration=0, header='', headers=null, isAD=false, isMultiMirror=false, lelinkVer='', limitTime=0, , mediaAlbum='null', mediaAlbumArtURI='', mediaArtist='null', mediaAssets='', mediaTitle='null', mimeType=0, multiSession=null, period=0, pinCode='', playSpeed=0.0, playerChoice=0, plugin=0, port=0, position=0.0, positionUnit=2, protocol=0, realSessionID='', regType='', , sinkIp='', sourceAPPVersion='', sourceChannel='', sourceClientInfo='', sourceDeviceInfo='', sourceDeviceModel='', sourceDeviceName='', sourceDeviceType=0, sourceHID='', , sourceInfo='', , , sourceOSVersion='', sourceSDKVersion='', sourceUid='', stopDetail=0, stopReason=0, tailduration=0, url='', urlID='', urls=null, userAgent='', videoDecoder=0, volume=0, what=207}com.hpplay.sdk.sink.protocol.OutParameters@71c7efe
01-08 01:33:37.542 I/hpplay-java( 2713): [Thread-115]:Bridge:notify: address:206022239
01-08 01:33:37.542 D/hpplay-base( 2713): [mDNSEmbeded:217] http_port bind check 217 http_port_check
01-08 01:33:37.543 D/hpplay-base( 2713): [mDNSEmbeded:222] http_port bind check 222 http_port_check
01-08 01:33:37.544 D/hpplay-base( 2713): [mDNSEmbeded:234] http_port bind check 234 http_port_check port:52266
01-08 01:33:37.545 D/hpplay-base( 2713): [mDNSEmbeded:237] http_port bind check 237 http_port_check
01-08 01:33:37.545 D/hpplay-base( 2713): [lelinkSinkServer:93] new client connection from 127.0.0.1 29388, fd=186
01-08 01:33:37.545 D/hpplay-base( 2713): [SinkContext:137] addSinkContextSession,begin to run!!
01-08 01:33:37.545 D/hpplay-base( 2713): [SinkContext:142] addSinkContextSession,begin to get lock!!
01-08 01:33:37.545 D/hpplay-base( 2713): [SinkContext:144] addSinkContextSession,get lock ok!!
01-08 01:33:37.545 D/hpplay-base( 2713): [SinkContext:149] addSinkContextSession,session list is null,begin to malloc!!
01-08 01:33:37.545 D/hpplay-base( 2713): [SinkContext:156] addSinkContextSession,begin to update!!
01-08 01:33:37.545 D/hpplay-base( 2713): [SinkContext:160] addSinkContextSession,begin to update header!!
01-08 01:33:37.545 D/hpplay-base( 2713): [SinkContext:172] addSinkContextSession,begin to unlock!!
01-08 01:33:37.545 D/hpplay-base( 2713): [SinkContext:174] addSinkContextSession,unlock ok!!
01-08 01:33:37.545 D/hpplay-base( 2713): [LelinkReceiver:4908] get ping !!!
01-08 01:33:37.545 D/hpplay-base( 2713): [mDNSEmbeded:240] http_port bind check 240 http_port_check recieved:64
01-08 01:33:37.545 D/hpplay-base( 2713): [mDNSEmbeded:243] http_port bind check 243 http_port_check
01-08 01:33:37.545 D/hpplay-base( 2713): [mDNSEmbeded:244] http_port bind check ok!
01-08 01:33:37.555 I/hpplay-java( 2713): [main]:Upgrade:upgrade not be allowed
01-08 01:33:37.558 I/hpplay-java( 2713): [AsyncTask #5]:HttpRequest:doGet responseCode:200 0
01-08 01:33:37.613 D/Launcher( 2543): closeEditMode:
01-08 01:33:37.619 D/StateManager( 2543): goToState: Normal
01-08 01:33:37.619 D/EditModeHelper( 2543): setHotseatVisibility: 0
01-08 01:33:37.622 D/FreeWindowHelper( 2543): enterOrExitRecentTasks: isEnterRecentTasks=false,mExitFlag=0
01-08 01:33:37.622 W/FreeFormWindowHelper( 1526): exitRecentTasks type=0
01-08 01:33:37.624 W/View ( 2543): requestLayout() improperly called by com.android.launcher3.views.NoInsetView{73e83be V.ED..... ......ID 2038,0-2380,1020 #7f09007c app:id/bg_hotseat} during layout: running second layout pass
01-08 01:33:37.684 I/am_uid_idle( 1526): 10033
01-08 01:33:37.684 I/am_uid_idle( 1526): 10023
01-08 01:33:37.684 I/am_uid_idle( 1526): 10020
01-08 01:33:37.684 I/am_uid_idle( 1526): 10019
01-08 01:33:37.684 I/am_uid_idle( 1526): 2000
01-08 01:33:37.715 D/hpplay-base( 2713): [LelinkMDNS:766] devicePermissionPublic leboPermissionCheck:-2
01-08 01:33:37.715 D/hpplay-base( 2713): [jniBridge:1125] com_hpplay_sdk_sink_protocol_Bridge_WHAT_SERVER_ERROR
01-08 01:33:37.715 D/hpplay-base( 2713): [jniBridge:1726] notifyJava, what:204, castType:0, mimeType:0 baseStatus:2
01-08 01:33:37.715 D/hpplay-base( 2713): [jniBridge:1727] notifyJava sessionID:(null)
01-08 01:33:37.716 I/hpplay-java( 2713): [Thread-116]:Bridge:notify: what: 204
01-08 01:33:37.717 I/hpplay-java( 2713): [Thread-116]:Bridge:notify: out: OutParameters:{audioSessionId=-1, audiotrackIndex=0, castHandleType=-1, castType=0, deviceName='', dlnaName='', dramaID='', extra=-2002, frameHandleType=-1, handleInside=true, headduration=0, header='', headers=null, isAD=false, isMultiMirror=false, lelinkVer='', limitTime=0, , mediaAlbum='null', mediaAlbumArtURI='', mediaArtist='null', mediaAssets='', mediaTitle='null', mimeType=0, multiSession=null, period=0, pinCode='', playSpeed=0.0, playerChoice=0, plugin=0, port=0, position=0.0, positionUnit=2, protocol=0, realSessionID='', regType='', , sinkIp='', sourceAPPVersion='', sourceChannel='', sourceClientInfo='', sourceDeviceInfo='', sourceDeviceModel='', sourceDeviceName='', sourceDeviceType=0, sourceHID='', , sourceInfo='', , , sourceOSVersion='', sourceSDKVersion='', sourceUid='', stopDetail=0, stopReason=0, tailduration=0, url='', urlID='', urls=null, userAgent='', videoDecoder=0, volume=0, what=204}com.hpplay.sdk.sink.protocol.OutParameters@bacf8ac
01-08 01:33:37.717 I/hpplay-java( 2713): [Thread-116]:Bridge:notify: address:225606005
01-08 01:33:37.717 I/hpplay-java( 2713): [main]:Bridge:findServiceID start out: 225606005
01-08 01:33:37.717 I/hpplay-base( 2713): [mDNSEmbeded:79] embedded_mDNSLoop stopmDNSNow:0 nPublish:-2 nExitFlag:6 tid is 6289
01-08 01:33:37.717 I/hpplay-java( 2713): [main]:Bridge:findServiceID end
01-08 01:33:37.717 E/hpplay-java( 2713): [main]:ServerTaskManager:onError 204/-2002 com.hht.lebocast.LelinkHelper$e@1c2de7f
01-08 01:33:37.717 I/hpplay-java( 2713): [main]:ServerTaskManager:cancelTimeOutCheck
01-08 01:33:37.718 W/hpplay-java( 2713): [main]:ServerTaskManager:onErrorDispatcher errorCode:-2002
01-08 01:33:37.718 I/hpplay-java( 2713): [main]:ServerTaskManager:onError retry later
01-08 01:33:37.746 I/hpplay-base( 2713): [LelinkReceiver:14605] _connectionFinalize (186)
01-08 01:33:37.746 D/hpplay-base( 2713): [LelinkReceiver:14752] ###connectionFinalize,release ok!!###
01-08 01:33:37.788 I/mpu_uart( 640): [MSG-P:RECV]:No message received in 1000 ms
01-08 01:33:37.827 I/commit_sys_config_file( 1526): [settings-1-0,6]
01-08 01:33:37.831 I/hpplay-java( 2713): [AsyncTask #21]:HttpRequest:doGet responseCode:200 0
01-08 01:33:37.877 I/mpu_uart( 640): [MSG-P:R]:recv sync frame timeout
01-08 01:33:37.963 I/auditd ( 0): type=1400 audit(0.0:691): avc: denied { kill } for comm="swapper/3" capability=5 scontext=u:r:kernel:s0 tcontext=u:r:kernel:s0 tclass=capability permissive=0
01-08 01:33:37.963 W/swapper/3( 0): type=1400 audit(0.0:691): avc: denied { kill } for capability=5 scontext=u:r:kernel:s0 tcontext=u:r:kernel:s0 tclass=capability permissive=0
01-08 01:33:38.567 I/OMX-VENC: venc_dev( 1222): stats: avg. fps 9.98, bitrate 1539276
01-08 01:33:38.789 I/mpu_uart( 640): [MSG-P:RECV]:No message received in 1000 ms
01-08 01:33:38.963 I/auditd ( 0): type=1400 audit(0.0:692): avc: denied { kill } for comm="swapper/3" capability=5 scontext=u:r:kernel:s0 tcontext=u:r:kernel:s0 tclass=capability permissive=0
01-08 01:33:38.963 W/swapper/3( 0): type=1400 audit(0.0:692): avc: denied { kill } for capability=5 scontext=u:r:kernel:s0 tcontext=u:r:kernel:s0 tclass=capability permissive=0
01-08 01:33:39.550 D/StatusBar( 1984): disable disable2
01-08 01:33:39.550 I/sysui_multi_action( 1526): [757,127,758,1]
01-08 01:33:39.550 I/sysui_multi_action( 1526): [757,804,799,note_load,801,3,802,1]
01-08 01:33:39.551 I/notification_panel_revealed( 1526): 3
01-08 01:33:39.553 I/sysui_multi_action( 1526): [757,128,758,1,793,146679,794,0,795,146679,796,26,798,1,806,android,857,DEVELOPER_IMPORTANT,858,4,947,0,1395,3,1500,146291,1688,1]
01-08 01:33:39.553 W/RingtonePlayer( 1984): STOP command without a player
01-08 01:33:39.554 I/sysui_multi_action( 1526): [757,804,799,note_freshness,801,146679,802,1]
01-08 01:33:39.554 I/notification_visibility( 1526): [-1|android|26|null|1000,1,146679,146679,0,1]
01-08 01:33:39.555 I/sysui_multi_action( 1526): [757,128,758,1,793,90168,794,0,795,90168,796,4274,798,0,806,com.android.systemui,857,screen_record,858,3,947,0,1395,3,1500,89962,1688,1]
01-08 01:33:39.555 I/sysui_multi_action( 1526): [757,804,799,note_freshness,801,90168,802,1]
01-08 01:33:39.555 I/notification_visibility( 1526): [0|com.android.systemui|4274|null|10081,1,90168,90168,0,0]
01-08 01:33:39.556 I/sysui_multi_action( 1526): [757,128,758,1,793,147222,794,0,795,147222,796,32,798,2,806,android,857,USB,858,1,947,0,1395,3,1500,146957,1688,1]
01-08 01:33:39.556 I/sysui_multi_action( 1526): [757,804,799,note_freshness,801,147222,802,1]
01-08 01:33:39.557 I/notification_visibility( 1526): [-1|android|32|null|1000,1,147222,147222,0,2]
01-08 01:33:39.572 I/input_focus( 1526): [Focus request 1db9dd2 NotificationShade,reason=UpdateInputWindows]
01-08 01:33:39.586 I/input_focus( 1526): [Focus leaving 1bc00b2 com.android.launcher3/com.android.launcher3.uioverrides.QuickstepLauncher (server),reason=setFocusedWindow]
01-08 01:33:39.586 I/input_focus( 1526): [Focus entering 1db9dd2 NotificationShade (server),reason=setFocusedWindow]
01-08 01:33:39.587 I/input_interaction( 1526): Interaction with: 1bc00b2 com.android.launcher3/com.android.launcher3.uioverrides.QuickstepLauncher (server), fe7e613 com.android.systemui.ImageWallpaper (server), 1db9dd2 NotificationShade (server), edge-swipe (server), swipe-up (server), PointerEventDispatcher0 (server),
01-08 01:33:39.588 I/view_enqueue_input_event( 2543): [Motion - Cancel,com.android.launcher3/com.android.launcher3.uioverrides.QuickstepLauncher]
01-08 01:33:39.589 I/OMX-VENC: venc_dev( 1222): stats: avg. fps 1.96, bitrate 63892
01-08 01:33:39.589 I/sysui_multi_action( 1984): [757,803,799,panel_open,802,1]
01-08 01:33:39.589 I/sysui_multi_action( 1984): [757,1328,758,4,1326,46,1327,77,1329,0]
01-08 01:33:39.600 I/input_interaction( 1526): Interaction with: fe7e613 com.android.systemui.ImageWallpaper (server), 1db9dd2 NotificationShade (server), edge-swipe (server), swipe-up (server), PointerEventDispatcher0 (server),
01-08 01:33:39.790 I/mpu_uart( 640): [MSG-P:RECV]:No message received in 1000 ms
01-08 01:33:39.963 I/auditd ( 0): type=1400 audit(0.0:693): avc: denied { kill } for comm="swapper/3" capability=5 scontext=u:r:kernel:s0 tcontext=u:r:kernel:s0 tclass=capability permissive=0
01-08 01:33:39.963 W/swapper/3( 0): type=1400 audit(0.0:693): avc: denied { kill } for capability=5 scontext=u:r:kernel:s0 tcontext=u:r:kernel:s0 tclass=capability permissive=0
01-08 01:33:39.980 I/sysui_multi_action( 1984): [757,111,758,1]
01-08 01:33:39.981 I/sysui_multi_action( 1984): [757,126,758,1,759,126,927,0,928,1,1593,0]
01-08 01:33:39.981 I/sysui_multi_action( 1984): [757,113,758,1,759,113,927,1,928,1,1593,0]
01-08 01:33:39.982 I/sysui_multi_action( 1984): [757,0,758,1,759,0,927,2,928,0,1593,0]
01-08 01:33:39.982 I/sysui_multi_action( 1984): [757,0,758,1,759,0,927,3,928,1,1593,0]
01-08 01:33:39.983 I/sysui_multi_action( 1984): [757,491,758,1,759,491,927,4,928,0,1311,-1,1593,0]
01-08 01:33:39.983 I/sysui_multi_action( 1984): [757,0,758,1,759,0,927,5,928,0,1593,0]
01-08 01:33:39.983 I/sysui_multi_action( 1984): [757,111,758,1]
01-08 01:33:39.984 I/sysui_multi_action( 1984): [757,126,758,1,759,126,927,0,928,1,1593,0]
01-08 01:33:39.984 I/sysui_multi_action( 1984): [757,113,758,1,759,113,927,1,928,1,1593,0]
01-08 01:33:39.984 I/sysui_multi_action( 1984): [757,0,758,1,759,0,927,2,928,0,1593,0]
01-08 01:33:39.985 I/sysui_multi_action( 1984): [757,0,758,1,759,0,927,3,928,1,1593,0]
01-08 01:33:40.605 I/OMX-VENC: venc_dev( 1222): stats: avg. fps 59.05, bitrate 4123921
01-08 01:33:40.607 I/input_interaction( 1526): Interaction with: 1db9dd2 NotificationShade (server), edge-swipe (server), swipe-up (server), PointerEventDispatcher0 (server),
01-08 01:33:40.638 W/View ( 1984): requestLayout() improperly called by android.widget.TextView{28eb761 V.ED..... ..S...ID 0,38-136,68 #7f0b00a4 app:id/app_label} during layout: running second layout pass
01-08 01:33:40.659 W/View ( 1984): requestLayout() improperly called by android.widget.TextView{28eb761 V.ED..... ..S..... 0,38-136,68 #7f0b00a4 app:id/app_label} during second layout pass: posting in next frame
01-08 01:33:40.719 I/hpplay-java( 2713): [main]:ServerTaskManager:restart by error
01-08 01:33:40.720 I/hpplay-java( 2713): [main]:ServerTaskManager:startServer
01-08 01:33:40.720 I/hpplay-java( 2713): [main]:ServerTaskManager:startServer add, reason: server is starting or running
01-08 01:33:40.720 I/hpplay-java( 2713): [main]:ServerTaskManager:addStopTask
01-08 01:33:40.720 I/hpplay-java( 2713): [main]:ServerTaskManager:addStartTask
01-08 01:33:40.720 I/hpplay-java( 2713): [main]:ServerTaskManager:exeTask stopServer
01-08 01:33:40.720 I/hpplay-java( 2713): [main]:Bridge:stopServer keepPush: false
01-08 01:33:40.720 D/hpplay-base( 2713): [jniBridge:909] Bridge__1stopServer status:2
01-08 01:33:40.720 D/hpplay-base( 2713): [LelinkBase:654] stopAllServer will start thread!
01-08 01:33:40.721 I/hpplay-base( 2713): [mDNSEmbeded:65] embedded_mDNSExit call
01-08 01:33:40.721 D/hpplay-base( 2713): [REventUtils:197] handleREventThread thread end!!,tid is 6293
01-08 01:33:40.721 D/hpplay-base( 2713): [AEventUtils:588] handle AEvent thread end!!,tid is 6292
01-08 01:33:40.749 D/hpplay-base( 2713): [Server:447] startHttpServer will END srv->serverType:0
01-08 01:33:40.750 D/hpplay-base( 2713): [Server:646] startHttpServer cond srv_shutdown:1 connectNummber:0
01-08 01:33:40.750 D/hpplay-base( 2713): [Server:669] startHttpServer wait cond END. srv_shutdown:1 connectNummber:0
01-08 01:33:40.750 D/hpplay-base( 2713): [Server:457] HttpServer END, tid is 6276
01-08 01:33:40.783 D/hpplay-base( 2713): [stream_mirror_compat:1284] mirror stream begin to exit,server fd:108,thread_id:3111317952!!
01-08 01:33:40.783 D/hpplay-base( 2713): [stream_mirror_compat:1323] ##screen stream exit successfully!!##
01-08 01:33:40.790 I/mpu_uart( 640): [MSG-P:RECV]:No message received in 1000 ms
01-08 01:33:40.880 I/mpu_uart( 640): [MSG-P:R]:recv sync frame timeout
01-08 01:33:40.963 I/auditd ( 0): type=1400 audit(0.0:694): avc: denied { kill } for comm="swapper/3" capability=5 scontext=u:r:kernel:s0 tcontext=u:r:kernel:s0 tclass=capability permissive=0
01-08 01:33:40.963 W/swapper/3( 0): type=1400 audit(0.0:694): avc: denied { kill } for capability=5 scontext=u:r:kernel:s0 tcontext=u:r:kernel:s0 tclass=capability permissive=0
01-08 01:33:41.150 I/GameModeConfig( 1526): isGameModeOn = true
01-08 01:33:41.150 I/GameModeConfig( 1526): isGaming = false
01-08 01:33:41.151 I/GameModeConfig( 1526): isGameModeOn = true
01-08 01:33:41.151 I/GameModeConfig( 1526): isGaming = false
01-08 01:33:41.151 I/GameModeConfig( 1526): isGameModeOn = true
01-08 01:33:41.151 I/GameModeConfig( 1526): isGaming = false
01-08 01:33:41.151 I/GameModeConfig( 1526): isGameModeOn = true
01-08 01:33:41.151 I/GameModeConfig( 1526): isGaming = false
01-08 01:33:41.151 I/GameModeConfig( 1526): isGameModeOn = true
01-08 01:33:41.151 I/GameModeConfig( 1526): isGaming = false
01-08 01:33:41.154 I/sysui_multi_action( 1984): [757,111,758,2]
01-08 01:33:41.154 I/notification_enqueue( 1526): [10081,1984,com.android.systemui,2048,NULL,0,Notification(channel=updateNotification shortcut=null contentView=null vibrate=null sound=null defaults=0x0 flags=0x0 color=0x00000000 vis=PRIVATE),1]
01-08 01:33:41.155 I/sysui_multi_action( 1984): [757,111,758,2]
01-08 01:33:41.296 I/input_focus( 1526): [Focus request 1bc00b2 com.android.launcher3/com.android.launcher3.uioverrides.QuickstepLauncher,reason=UpdateInputWindows]
01-08 01:33:41.298 I/sysui_multi_action( 1526): [757,128,758,2,793,148424,794,1745,795,148424,796,26,798,1,806,android,857,DEVELOPER_IMPORTANT,858,4,947,0,1395,3,1500,148036,1688,1]
01-08 01:33:41.299 D/StatusBar( 1984): disable disable2
01-08 01:33:41.299 I/notification_visibility( 1526): [-1|android|26|null|1000,0,148424,148424,0,1]
01-08 01:33:41.300 I/sysui_multi_action( 1526): [757,128,758,2,793,91913,794,1745,795,91913,796,4274,798,0,806,com.android.systemui,857,screen_record,858,3,947,0,1395,3,1500,91707,1688,1]
01-08 01:33:41.300 I/notification_visibility( 1526): [0|com.android.systemui|4274|null|10081,0,91913,91913,0,0]
01-08 01:33:41.301 I/sysui_multi_action( 1526): [757,128,758,2,793,148966,794,1744,795,148966,796,32,798,2,806,android,857,USB,858,1,947,0,1395,3,1500,148701,1688,1]
01-08 01:33:41.301 I/notification_visibility( 1526): [-1|android|32|null|1000,0,148966,148966,0,2]
01-08 01:33:41.302 I/sysui_multi_action( 1526): [757,127,758,2]
01-08 01:33:41.302 I/notification_panel_hidden( 1526):
01-08 01:33:41.319 V/KeyguardUpdateMonitor( 1984): *** unregister callback for com.android.keyguard.CarrierTextManager$2@6c4d0a8
01-08 01:33:41.323 I/input_focus( 1526): [Focus leaving 1db9dd2 NotificationShade (server),reason=NO_WINDOW]
01-08 01:33:41.323 I/input_focus( 1526): [Focus entering 1bc00b2 com.android.launcher3/com.android.launcher3.uioverrides.QuickstepLauncher (server),reason=setFocusedWindow]
01-08 01:33:41.358 I/GameModeConfig( 1526): isGameModeOn = true
01-08 01:33:41.358 I/GameModeConfig( 1526): isGaming = false
01-08 01:33:41.360 V/GameMode_GameTypeUtils( 2387): judge isGame:com.android.launcher3
01-08 01:33:41.361 E/GameMode_GameModeNotificationListenerService( 2387): title :content :,PackageName:com.android.systemui,isGameModeOn:true,isBulletScreenOn:false,isBulletScreenPackage:false
01-08 01:33:41.361 D/InterruptionStateProvider( 1984): No bubble up: not allowed to bubble: 0|com.android.systemui|2048|null|10081
01-08 01:33:41.361 D/InterruptionStateProvider( 1984): No heads up: unimportant notification: 0|com.android.systemui|2048|null|10081
01-08 01:33:41.365 D/PeopleSpaceWidgetMgr( 1984): Sbn doesn't contain valid PeopleTileKey: null/0/com.android.systemui
01-08 01:33:41.521 I/hpplay-base( 2713): [mDNSEmbeded:140] embedded_mDNSLoop Exiting end,tid is 6289
01-08 01:33:41.522 D/hpplay-base( 2713): [mDNSEmbeded:452] stopmDNSServer end stopmDNSNow=2, nRet=0
01-08 01:33:41.618 I/OMX-VENC: venc_dev( 1222): stats: avg. fps 57.24, bitrate 3919209
01-08 01:33:41.744 I/hpplay-base( 2713): [mDNSEmbeded:376] end lelink publish server, tid is 6290
01-08 01:33:41.745 D/hpplay-base( 2713): [mDNSEmbeded:420] stopmLelinkServer end nRet=0
01-08 01:33:41.746 D/hpplay-base( 2713): [LelinkBase:615] lebodlna stopServerThreadFunc dlnaEnable:1
01-08 01:33:41.746 D/hpplay-base-dlna( 2713): [lebodlna_api:49] stop DMR
01-08 01:33:41.746 D/hpplay-base-dlna( 2713): [lebodlna_api:344] m_pRender Release
01-08 01:33:41.791 I/mpu_uart( 640): [MSG-P:RECV]:No message received in 1000 ms
01-08 01:33:41.798 D/hpplay-base-dlna( 2713): [UpnpDefine:867] DMRender release success
01-08 01:33:41.798 D/hpplay-base-dlna( 2713): [lebodlna_api:352] m_pAVT Release
01-08 01:33:41.798 D/hpplay-base-dlna( 2713): [lebodlna_api:360] m_pRCS Release
01-08 01:33:41.798 D/hpplay-base-dlna( 2713): [lebodlna_api:365] dmrender destroydmr
01-08 01:33:41.963 I/auditd ( 0): type=1400 audit(0.0:695): avc: denied { kill } for comm="swapper/3" capability=5 scontext=u:r:kernel:s0 tcontext=u:r:kernel:s0 tclass=capability permissive=0
01-08 01:33:41.963 W/swapper/3( 0): type=1400 audit(0.0:695): avc: denied { kill } for capability=5 scontext=u:r:kernel:s0 tcontext=u:r:kernel:s0 tclass=capability permissive=0
01-08 01:33:42.099 D/hpplay-base-dlna( 2713): [lebodlna-dlna_android:186] stopDLNA
01-08 01:33:42.099 D/hpplay-base-dlna( 2713): [lebodlna-dlna_android:189] dlnaservice destroy
01-08 01:33:42.099 D/hpplay-base-dlna( 2713): [lebodlna-dlna_android:49] dlnaservice Destroy 49 int CDlnaService::Destroy()
01-08 01:33:42.099 D/hpplay-base-dlna( 2713): [lebodlna-dlnaframe:245] dlnaservice Destroy 245 static ERROR_TYPE IDlnaFrame::DestroyDlnaFrame(IDlnaFrame *)
01-08 01:33:42.099 D/hpplay-base-dlna( 2713): [lebodlna-dlnaframe:179] dlnaservice Destroy 179 virtual void CDlnaFrame::Release()
01-08 01:33:42.099 D/hpplay-base-dlna( 2713): [lebodlna-dlnaframe:190] dlnaservice Destroy 190 virtual void CDlnaFrame::Release()
01-08 01:33:42.099 D/hpplay-base-dlna( 2713): [lebodlna-dlnaframe:192] dlnaservice Destroy 192 virtual void CDlnaFrame::Release()
01-08 01:33:42.099 D/hpplay-base-dlna( 2713): [lebodlna-dlnaframe:247] dlnaservice Destroy 247 static ERROR_TYPE IDlnaFrame::DestroyDlnaFrame(IDlnaFrame *)
01-08 01:33:42.100 D/hpplay-base-dlna( 2713): [lebodlna-dlnaframe:251] dlnaservice Destroy 251 static ERROR_TYPE IDlnaFrame::DestroyDlnaFrame(IDlnaFrame *)
01-08 01:33:42.103 E/hpplay-base-dlna( 2713): upnpapi.c:655::before gminiserver ThreadPoolShutdown
01-08 01:33:42.104 E/hpplay-base-dlna( 2713): ThreadPool.c:1047::on ThreadPoolShutdown tp->totalThreads:3
01-08 01:33:42.105 E/hpplay-base-dlna( 2713): ThreadPool.c:1047::on ThreadPoolShutdown tp->totalThreads:1
01-08 01:33:42.105 E/hpplay-base-dlna( 2713): ThreadPool.c:1056::after ThreadPoolShutdown
01-08 01:33:42.105 E/hpplay-base-dlna( 2713): ThreadPool.c:1057::ThreadPoolShutdown tp->totalThreads:0
01-08 01:33:42.105 E/hpplay-base-dlna( 2713): upnpapi.c:657::after gminiserver ThreadPoolShutdown
01-08 01:33:42.105 E/hpplay-base-dlna( 2713): upnpapi.c:659::before grecv ThreadPoolShutdown
01-08 01:33:42.107 E/hpplay-base-dlna( 2713): ThreadPool.c:1047::on ThreadPoolShutdown tp->totalThreads:12
01-08 01:33:42.107 E/hpplay-base-dlna( 2713): ThreadPool.c:1047::on ThreadPoolShutdown tp->totalThreads:9
01-08 01:33:42.108 E/hpplay-base-dlna( 2713): ThreadPool.c:1047::on ThreadPoolShutdown tp->totalThreads:8
01-08 01:33:42.108 E/hpplay-base-dlna( 2713): ThreadPool.c:1047::on ThreadPoolShutdown tp->totalThreads:7
01-08 01:33:42.109 E/hpplay-base-dlna( 2713): ThreadPool.c:1047::on ThreadPoolShutdown tp->totalThreads:6
01-08 01:33:42.110 E/hpplay-base-dlna( 2713): ThreadPool.c:1047::on ThreadPoolShutdown tp->totalThreads:5
01-08 01:33:42.116 E/hpplay-base-dlna( 2713): ThreadPool.c:1047::on ThreadPoolShutdown tp->totalThreads:3
01-08 01:33:42.116 E/hpplay-base-dlna( 2713): ThreadPool.c:1047::on ThreadPoolShutdown tp->totalThreads:2
01-08 01:33:42.117 E/hpplay-base-dlna( 2713): ThreadPool.c:1047::on ThreadPoolShutdown tp->totalThreads:1
01-08 01:33:42.117 E/hpplay-base-dlna( 2713): ThreadPool.c:1056::after ThreadPoolShutdown
01-08 01:33:42.117 E/hpplay-base-dlna( 2713): ThreadPool.c:1057::ThreadPoolShutdown tp->totalThreads:0
01-08 01:33:42.117 E/hpplay-base-dlna( 2713): upnpapi.c:661::after grecv ThreadPoolShutdown
01-08 01:33:42.117 E/hpplay-base-dlna( 2713): upnpapi.c:663::before gsend ThreadPoolShutdown
01-08 01:33:42.117 E/hpplay-base-dlna( 2713): ThreadPool.c:1047::on ThreadPoolShutdown tp->totalThreads:3
01-08 01:33:42.117 E/hpplay-base-dlna( 2713): ThreadPool.c:1047::on ThreadPoolShutdown tp->totalThreads:2
01-08 01:33:42.117 E/hpplay-base-dlna( 2713): ThreadPool.c:1047::on ThreadPoolShutdown tp->totalThreads:1
01-08 01:33:42.117 E/hpplay-base-dlna( 2713): ThreadPool.c:1056::after ThreadPoolShutdown
01-08 01:33:42.117 E/hpplay-base-dlna( 2713): ThreadPool.c:1057::ThreadPoolShutdown tp->totalThreads:0
01-08 01:33:42.118 E/hpplay-base-dlna( 2713): upnpapi.c:665::after gsend ThreadPoolShutdown
01-08 01:33:42.118 D/hpplay-base-dlna( 2713): [lebodlna-dlnaframe:253] dlnaservice Destroy 253 static ERROR_TYPE IDlnaFrame::DestroyDlnaFrame(IDlnaFrame *)
01-08 01:33:42.118 D/hpplay-base-dlna( 2713): [lebodlna-dlna_android:51] dlnaservice Destroy 51 int CDlnaService::Destroy()
01-08 01:33:42.118 D/hpplay-base-dlna( 2713): [lebodlna-dlna_android:194] stopDLNA end
01-08 01:33:42.232 W/ActivityTaskManager( 1526): Launch timeout has expired, giving up wake lock!
01-08 01:33:42.418 D/hpplay-base( 2713): [stream_mirror_compat:1489] request to stop screen stream session!!
01-08 01:33:42.418 D/hpplay-base( 2713): [AEventUtils:625] begin to stop event handle service!!
01-08 01:33:42.418 D/hpplay-base( 2713): [AEventUtils:628] stop event handle service ok!!
01-08 01:33:42.418 D/hpplay-base( 2713): [REventUtils:231] begin to stop report handle service!!
01-08 01:33:42.418 D/hpplay-base( 2713): [REventUtils:234] stop report handle service ok!!
01-08 01:33:42.418 D/hpplay-base( 2713): [lelinkSinkServer:711] HTTP Server stopSinkServer End .
