01-01 09:51:11.866 0 0 E : INFO: trying to register non-static key.
01-01 09:51:11.871 0 0 I [kworke][0x6103f107][03:25:09.609995] wlan: [1744:I:HIF] Initializing Runtime PM wakelock &vdev->vdev_set_key_runtime_wakelock
01-01 09:51:11.875 0 0 E : the code is fine but needs lockdep annotation.
01-01 09:51:11.875 0 0 I : CPU: 7 PID: 336 Comm: kworker/u16:13 Tainted: G S W O 4.19.157+ #1
01-01 09:51:11.875 0 0 I Hardware name: Qualcomm Technologies, Inc. kona MTP-RmPM8150b. VC1(FSE) EVT3 (DT)
01-01 09:51:11.875 0 0 I Workqueue: events_unbound ion_system_secure_heap_prefetch_work
01-01 09:51:11.875 0 0 I Call trace:
01-01 09:51:11.875 0 0 I : dump_backtrace+0x0/0x258
01-01 09:51:11.875 0 0 I : show_stack+0x20/0x30
01-01 09:51:11.875 0 0 I : dump_stack+0xd8/0x12c
01-01 09:51:11.875 0 0 I : register_lock_class+0x4d0/0x5c8
01-01 09:51:11.875 0 0 I : __lock_acquire+0xbc/0x1e58
01-01 09:51:11.875 0 0 I : lock_acquire+0x1cc/0x218
01-01 09:51:11.875 0 0 I : _raw_spin_lock_irqsave+0x54/0x98
01-01 09:51:11.875 0 0 I : ion_system_secure_heap_prefetch_work+0x94/0x2c0
01-01 09:51:11.875 0 0 I : process_one_work+0x38c/0x660
01-01 09:51:11.875 0 0 I : worker_thread+0x268/0x4b8
01-01 09:51:11.875 0 0 I : kthread+0x140/0x150
01-01 09:51:11.875 0 0 I : ret_from_fork+0x10/0x1c
01-01 09:51:11.877 0 0 E : INFO: trying to register non-static key.
01-01 09:51:11.887 0 0 I [kworke][0x6108c325][03:25:09.626448] wlan: [1744:I:HIF] Initializing Runtime PM wakelock &vdev->vdev_set_key_runtime_wakelock
01-01 09:51:11.890 0 0 E : the code is fine but needs lockdep annotation.
01-01 09:51:11.890 0 0 I : CPU: 7 PID: 336 Comm: kworker/u16:13 Tainted: G S W O 4.19.157+ #1
01-01 09:51:11.890 0 0 I Hardware name: Qualcomm Technologies, Inc. kona MTP-RmPM8150b. VC1(FSE) EVT3 (DT)
01-01 09:51:11.899 0 0 I [kworke][0x610c0ff8][03:25:09.637714] wlan: [1744:I:HIF] Initializing Runtime PM wakelock &vdev->vdev_set_key_runtime_wakelock
01-01 09:51:11.901 0 0 I Workqueue: events_unbound ion_system_secure_heap_prefetch_work
01-01 09:51:11.901 0 0 I Call trace:
01-01 09:51:11.901 0 0 I : dump_backtrace+0x0/0x258
01-01 09:51:11.901 0 0 I : show_stack+0x20/0x30
01-01 09:51:11.901 0 0 I : dump_stack+0xd8/0x12c
01-01 09:51:11.901 0 0 I : register_lock_class+0x4d0/0x5c8
01-01 09:51:11.901 0 0 I : __lock_acquire+0xbc/0x1e58
01-01 09:51:11.901 0 0 I : lock_acquire+0x1cc/0x218
01-01 09:51:11.901 0 0 I : _raw_spin_lock_irqsave+0x54/0x98
01-01 09:51:11.901 0 0 I : ion_system_secure_heap_prefetch_work+0x94/0x2c0
01-01 09:51:11.901 0 0 I : process_one_work+0x38c/0x660
01-01 09:51:11.901 0 0 I : worker_thread+0x268/0x4b8
01-01 09:51:11.901 0 0 I : kthread+0x140/0x150
01-01 09:51:11.901 0 0 I : ret_from_fork+0x10/0x1c
01-01 09:51:11.903 0 0 E : INFO: trying to register non-static key.
01-01 09:51:11.909 0 0 I [kworke][0x610f1a47][03:25:09.648092] wlan: [1744:I:HIF] Initializing Runtime PM wakelock &vdev->vdev_set_key_runtime_wakelock
01-01 09:51:11.912 0 0 E : the code is fine but needs lockdep annotation.
01-01 09:51:11.912 0 0 I : CPU: 7 PID: 336 Comm: kworker/u16:13 Tainted: G S W O 4.19.157+ #1
01-01 09:51:11.912 0 0 I Hardware name: Qualcomm Technologies, Inc. kona MTP-RmPM8150b. VC1(FSE) EVT3 (DT)
01-01 09:51:11.912 0 0 I Workqueue: events_unbound ion_system_secure_heap_prefetch_work
01-01 09:51:11.912 0 0 I Call trace:
01-01 09:51:11.912 0 0 I : dump_backtrace+0x0/0x258
01-01 09:51:11.912 0 0 I : show_stack+0x20/0x30
01-01 09:51:11.912 0 0 I : dump_stack+0xd8/0x12c
01-01 09:51:11.912 0 0 I : register_lock_class+0x4d0/0x5c8
01-01 09:51:11.912 0 0 I : __lock_acquire+0xbc/0x1e58
01-01 09:51:11.912 0 0 I : lock_acquire+0x1cc/0x218
01-01 09:51:11.912 0 0 I : _raw_spin_lock_irqsave+0x54/0x98
01-01 09:51:11.912 0 0 I : ion_system_secure_heap_prefetch_work+0x94/0x2c0
01-01 09:51:11.912 0 0 I : process_one_work+0x38c/0x660
01-01 09:51:11.912 0 0 I : worker_thread+0x268/0x4b8
01-01 09:51:11.912 0 0 I : kthread+0x140/0x150
01-01 09:51:11.912 0 0 I : ret_from_fork+0x10/0x1c
01-01 09:51:11.920 0 0 E : INFO: trying to register non-static key.
01-01 09:51:11.925 0 0 I [kworke][0x6113f080][03:25:09.664599] wlan: [1744:I:HIF] Initializing Runtime PM wakelock &vdev->vdev_set_key_runtime_wakelock
01-01 09:51:11.928 0 0 E : the code is fine but needs lockdep annotation.
01-01 09:51:11.928 0 0 I : CPU: 7 PID: 336 Comm: kworker/u16:13 Tainted: G S W O 4.19.157+ #1
01-01 09:51:11.928 0 0 I Hardware name: Qualcomm Technologies, Inc. kona MTP-RmPM8150b. VC1(FSE) EVT3 (DT)
01-01 09:51:11.928 0 0 I Workqueue: events_unbound ion_system_secure_heap_prefetch_work
01-01 09:51:11.928 0 0 I Call trace:
01-01 09:51:11.928 0 0 I : dump_backtrace+0x0/0x258
01-01 09:51:11.928 0 0 I : show_stack+0x20/0x30
01-01 09:51:11.928 0 0 I : dump_stack+0xd8/0x12c
01-01 09:51:11.928 0 0 I : register_lock_class+0x4d0/0x5c8
01-01 09:51:11.937 0 0 I [kworke][0x61176cf7][03:25:09.676499] wlan: [1744:I:HIF] Initializing Runtime PM wakelock &wma_handle->wmi_cmd_rsp_runtime_lock
01-01 09:51:11.939 0 0 I : __lock_acquire+0xbc/0x1e58
01-01 09:51:11.939 0 0 I : lock_acquire+0x1cc/0x218
01-01 09:51:11.944 0 0 I : _raw_spin_lock_irqsave+0x54/0x98
01-01 09:51:11.944 0 0 I : ion_system_secure_heap_prefetch_work+0x94/0x2c0
01-01 09:51:11.944 0 0 I : process_one_work+0x38c/0x660
01-01 09:51:11.944 0 0 I : worker_thread+0x268/0x4b8
01-01 09:51:11.944 0 0 I : kthread+0x140/0x150
01-01 09:51:11.944 0 0 I : ret_from_fork+0x10/0x1c
01-01 09:51:11.945 0 0 I [kworke][0x611990f0][03:25:09.683805] wlan: [1744:I:HIF] Initializing Runtime PM wakelock &wma_handle->sap_prevent_runtime_pm_lock
01-01 09:51:11.953 0 0 E : INFO: trying to register non-static key.
01-01 09:51:11.958 0 0 E : the code is fine but needs lockdep annotation.
01-01 09:51:11.964 0 0 I : CPU: 7 PID: 336 Comm: kworker/u16:13 Tainted: G S W O 4.19.157+ #1
01-01 09:51:11.964 0 0 I Hardware name: Qualcomm Technologies, Inc. kona MTP-RmPM8150b. VC1(FSE) EVT3 (DT)
01-01 09:51:11.964 0 0 I Workqueue: events_unbound ion_system_secure_heap_prefetch_work
01-01 09:51:11.964 0 0 I Call trace:
01-01 09:51:11.964 0 0 I : dump_backtrace+0x0/0x258
01-01 09:51:11.964 0 0 I : show_stack+0x20/0x30
01-01 09:51:11.964 0 0 I : dump_stack+0xd8/0x12c
01-01 09:51:11.964 0 0 I : register_lock_class+0x4d0/0x5c8
01-01 09:51:11.964 0 0 I : __lock_acquire+0xbc/0x1e58
01-01 09:51:11.964 0 0 I : lock_acquire+0x1cc/0x218
01-01 09:51:11.964 0 0 I : _raw_spin_lock_irqsave+0x54/0x98
01-01 09:51:11.964 0 0 I : ion_system_secure_heap_prefetch_work+0x94/0x2c0
01-01 09:51:11.964 0 0 I : process_one_work+0x38c/0x660
01-01 09:51:11.964 0 0 I : worker_thread+0x268/0x4b8
01-01 09:51:11.964 0 0 I : kthread+0x140/0x150
01-01 09:51:11.964 0 0 I : ret_from_fork+0x10/0x1c
01-01 09:51:11.972 0 0 E : INFO: trying to register non-static key.
01-01 09:51:11.976 0 0 E [kworke][0x6122b1a1][03:25:09.714961] wlan: [1744:E:QDF] htc_wait_target: 684: Target Ready! TX resource : 1 size:2176, MaxMsgsPerHTCBundle = 1
01-01 09:51:11.977 0 0 E : the code is fine but needs lockdep annotation.
01-01 09:51:11.977 0 0 I : CPU: 7 PID: 336 Comm: kworker/u16:13 Tainted: G S W O 4.19.157+ #1
01-01 09:51:11.991 0 0 E [kworke][0x6127468b][03:25:09.730600] wlan: [1744:E:QDF] htc_setup_target_buffer_assignments: 576: SVS Index : 1 TX : 0x100 : alloc:1
01-01 09:51:11.997 0 0 I Hardware name: Qualcomm Technologies, Inc. kona MTP-RmPM8150b. VC1(FSE) EVT3 (DT)
01-01 09:51:11.997 0 0 I Workqueue: events_unbound ion_system_secure_heap_prefetch_work
01-01 09:51:11.997 0 0 I Call trace:
01-01 09:51:11.997 0 0 I : dump_backtrace+0x0/0x258
01-01 09:51:11.997 0 0 I : show_stack+0x20/0x30
01-01 09:51:11.997 0 0 I : dump_stack+0xd8/0x12c
01-01 09:51:11.997 0 0 I : register_lock_class+0x4d0/0x5c8
01-01 09:51:11.997 0 0 I : __lock_acquire+0xbc/0x1e58
01-01 09:51:11.997 0 0 I : lock_acquire+0x1cc/0x218
01-01 09:51:11.997 0 0 I : _raw_spin_lock_irqsave+0x54/0x98
01-01 09:51:11.997 0 0 I : ion_system_secure_heap_prefetch_work+0x94/0x2c0
01-01 09:51:11.997 0 0 I : process_one_work+0x38c/0x660
01-01 09:51:11.997 0 0 I : worker_thread+0x268/0x4b8
01-01 09:51:11.997 0 0 I : kthread+0x140/0x150
01-01 09:51:11.997 0 0 I : ret_from_fork+0x10/0x1c
01-01 09:51:12.005 0 0 E : INFO: trying to register non-static key.
01-01 09:51:12.011 0 0 D cnss : Assign MSI to user: DP, num_vectors: 18, user_base_data: 814, base_vector: 14
01-01 09:51:12.016 0 0 E : the code is fine but needs lockdep annotation.
01-01 09:51:12.016 0 0 I : CPU: 7 PID: 336 Comm: kworker/u16:13 Tainted: G S W O 4.19.157+ #1
01-01 09:51:12.016 0 0 I Hardware name: Qualcomm Technologies, Inc. kona MTP-RmPM8150b. VC1(FSE) EVT3 (DT)
01-01 09:51:12.016 0 0 I Workqueue: events_unbound ion_system_secure_heap_prefetch_work
01-01 09:51:12.016 0 0 I Call trace:
01-01 09:51:12.016 0 0 I : dump_backtrace+0x0/0x258
01-01 09:51:12.016 0 0 I : show_stack+0x20/0x30
01-01 09:51:12.016 0 0 I : dump_stack+0xd8/0x12c
01-01 09:51:12.016 0 0 I : register_lock_class+0x4d0/0x5c8
01-01 09:51:12.016 0 0 I : __lock_acquire+0xbc/0x1e58
01-01 09:51:12.016 0 0 I : lock_acquire+0x1cc/0x218
01-01 09:51:12.016 0 0 I : _raw_spin_lock_irqsave+0x54/0x98
01-01 09:51:12.016 0 0 I : ion_system_secure_heap_prefetch_work+0x94/0x2c0
01-01 09:51:12.016 0 0 I : process_one_work+0x38c/0x660
01-01 09:51:12.016 0 0 I : worker_thread+0x268/0x4b8
01-01 09:51:12.016 0 0 I : kthread+0x140/0x150
01-01 09:51:12.016 0 0 I : ret_from_fork+0x10/0x1c
01-01 09:51:12.024 0 0 E : INFO: trying to register non-static key.
01-01 09:51:12.026 0 0 I [kworke][0x613172ac][03:25:09.765322] wlan: [1744:I:HIF] +hif_update_pipe_callback pipeid 5
01-01 09:51:12.029 0 0 E : the code is fine but needs lockdep annotation.
01-01 09:51:12.029 0 0 I : CPU: 7 PID: 336 Comm: kworker/u16:13 Tainted: G S W O 4.19.157+ #1
01-01 09:51:12.029 0 0 I Hardware name: Qualcomm Technologies, Inc. kona MTP-RmPM8150b. VC1(FSE) EVT3 (DT)
01-01 09:51:12.029 0 0 I Workqueue: events_unbound ion_system_secure_heap_prefetch_work
01-01 09:51:12.029 0 0 I Call trace:
01-01 09:51:12.029 0 0 I : dump_backtrace+0x0/0x258
01-01 09:51:12.029 0 0 I : show_stack+0x20/0x30
01-01 09:51:12.029 0 0 I : dump_stack+0xd8/0x12c
01-01 09:51:12.029 0 0 I : register_lock_class+0x4d0/0x5c8
01-01 09:51:12.029 0 0 I : __lock_acquire+0xbc/0x1e58
01-01 09:51:12.029 0 0 I : lock_acquire+0x1cc/0x218
01-01 09:51:12.029 0 0 I : _raw_spin_lock_irqsave+0x54/0x98
01-01 09:51:12.029 0 0 I : ion_system_secure_heap_prefetch_work+0x94/0x2c0
01-01 09:51:12.029 0 0 I : process_one_work+0x38c/0x660
01-01 09:51:12.029 0 0 I : worker_thread+0x268/0x4b8
01-01 09:51:12.029 0 0 I : kthread+0x140/0x150
01-01 09:51:12.029 0 0 I : ret_from_fork+0x10/0x1c
01-01 09:51:12.036 0 0 I [kworke][0x613433c1][03:25:09.774795] wlan: [1744:I:HIF] -hif_update_pipe_callback
01-01 09:51:12.036 0 0 D cnss : Assign MSI to user: DP, num_vectors: 18, user_base_data: 814, base_vector: 14
01-01 09:51:12.037 0 0 E : INFO: trying to register non-static key.
01-01 09:51:12.040 0 0 E [kworke][0x613593db][03:25:09.779417] wlan: [1744:E:DP] dp_srng_get_str_from_hal_ring_type: 7726: Invalid ring type
01-01 09:51:12.042 0 0 E : the code is fine but needs lockdep annotation.
01-01 09:51:12.042 0 0 I : CPU: 7 PID: 336 Comm: kworker/u16:13 Tainted: G S W O 4.19.157+ #1
01-01 09:51:12.055 0 0 D cnss : Assign MSI to user: DP, num_vectors: 18, user_base_data: 814, base_vector: 14
01-01 09:51:12.059 0 0 I Hardware name: Qualcomm Technologies, Inc. kona MTP-RmPM8150b. VC1(FSE) EVT3 (DT)
01-01 09:51:12.059 0 0 I Workqueue: events_unbound ion_system_secure_heap_prefetch_work
01-01 09:51:12.059 0 0 I Call trace:
01-01 09:51:12.059 0 0 I : dump_backtrace+0x0/0x258
01-01 09:51:12.059 0 0 I : show_stack+0x20/0x30
01-01 09:51:12.059 0 0 I : dump_stack+0xd8/0x12c
01-01 09:51:12.059 0 0 I : register_lock_class+0x4d0/0x5c8
01-01 09:51:12.059 0 0 I : __lock_acquire+0xbc/0x1e58
01-01 09:51:12.059 0 0 I : lock_acquire+0x1cc/0x218
01-01 09:51:12.059 0 0 I : _raw_spin_lock_irqsave+0x54/0x98
01-01 09:51:12.059 0 0 I : ion_system_secure_heap_prefetch_work+0x94/0x2c0
01-01 09:51:12.059 0 0 I : process_one_work+0x38c/0x660
01-01 09:51:12.059 0 0 I : worker_thread+0x268/0x4b8
01-01 09:51:12.059 0 0 I : kthread+0x140/0x150
01-01 09:51:12.059 0 0 I : ret_from_fork+0x10/0x1c
01-01 09:51:12.067 0 0 E : INFO: trying to register non-static key.
01-01 09:51:12.068 0 0 D cnss : Assign MSI to user: DP, num_vectors: 18, user_base_data: 814, base_vector: 14
01-01 09:51:12.072 0 0 E : the code is fine but needs lockdep annotation.
01-01 09:51:12.072 0 0 I : CPU: 7 PID: 336 Comm: kworker/u16:13 Tainted: G S W O 4.19.157+ #1
01-01 09:51:12.072 0 0 I Hardware name: Qualcomm Technologies, Inc. kona MTP-RmPM8150b. VC1(FSE) EVT3 (DT)
01-01 09:51:12.072 0 0 I Workqueue: events_unbound ion_system_secure_heap_prefetch_work
01-01 09:51:12.072 0 0 I Call trace:
01-01 09:51:12.072 0 0 I : dump_backtrace+0x0/0x258
01-01 09:51:12.072 0 0 I : show_stack+0x20/0x30
01-01 09:51:12.072 0 0 I : dump_stack+0xd8/0x12c
01-01 09:51:12.072 0 0 I : register_lock_class+0x4d0/0x5c8
01-01 09:51:12.072 0 0 I : __lock_acquire+0xbc/0x1e58
01-01 09:51:12.072 0 0 I : lock_acquire+0x1cc/0x218
01-01 09:51:12.072 0 0 I : _raw_spin_lock_irqsave+0x54/0x98
01-01 09:51:12.072 0 0 I : ion_system_secure_heap_prefetch_work+0x94/0x2c0
01-01 09:51:12.072 0 0 I : process_one_work+0x38c/0x660
01-01 09:51:12.072 0 0 I : worker_thread+0x268/0x4b8
01-01 09:51:12.072 0 0 I : kthread+0x140/0x150
01-01 09:51:12.072 0 0 I : ret_from_fork+0x10/0x1c
01-01 09:51:12.079 0 0 D cnss : Assign MSI to user: DP, num_vectors: 18, user_base_data: 814, base_vector: 14
01-01 09:51:12.079 0 0 D cnss : Assign MSI to user: DP, num_vectors: 18, user_base_data: 814, base_vector: 14
01-01 09:51:12.079 0 0 D cnss : Assign MSI to user: DP, num_vectors: 18, user_base_data: 814, base_vector: 14
01-01 09:51:12.079 0 0 D cnss : Assign MSI to user: DP, num_vectors: 18, user_base_data: 814, base_vector: 14
01-01 09:51:12.079 0 0 D cnss : Assign MSI to user: DP, num_vectors: 18, user_base_data: 814, base_vector: 14
01-01 09:51:12.079 0 0 D cnss : Assign MSI to user: DP, num_vectors: 18, user_base_data: 814, base_vector: 14
01-01 09:51:12.080 0 0 I [kworke][0x61411371][03:25:09.818665] wlan: [1744:I:DP] dp_tx_soc_attach Tx Desc Alloc num_pool = 4, descs = 4096
01-01 09:51:12.080 0 0 I [kworke][0x61412996][03:25:09.818960] wlan: [1744:I:DP] dp_tx_soc_attach MSDU Ext Desc Alloc 4, descs = 4096
01-01 09:51:12.080 0 0 E : INFO: trying to register non-static key.
01-01 09:51:12.080 0 0 I [kworke][0x61414cff][03:25:09.819433] wlan: [1744:I:DP] dp_tx_soc_attach HAL Tx init Success
01-01 09:51:12.085 0 0 E : the code is fine but needs lockdep annotation.
01-01 09:51:12.085 0 0 I : CPU: 7 PID: 336 Comm: kworker/u16:13 Tainted: G S W O 4.19.157+ #1
01-01 09:51:12.085 0 0 I Hardware name: Qualcomm Technologies, Inc. kona MTP-RmPM8150b. VC1(FSE) EVT3 (DT)
01-01 09:51:12.085 0 0 I Workqueue: events_unbound ion_system_secure_heap_prefetch_work
01-01 09:51:12.085 0 0 I Call trace:
01-01 09:51:12.085 0 0 I : dump_backtrace+0x0/0x258
01-01 09:51:12.085 0 0 I : show_stack+0x20/0x30
01-01 09:51:12.085 0 0 I : dump_stack+0xd8/0x12c
01-01 09:51:12.085 0 0 I : register_lock_class+0x4d0/0x5c8
01-01 09:51:12.085 0 0 I : __lock_acquire+0xbc/0x1e58
01-01 09:51:12.085 0 0 I : lock_acquire+0x1cc/0x218
01-01 09:51:12.085 0 0 I : _raw_spin_lock_irqsave+0x54/0x98
01-01 09:51:12.085 0 0 I : ion_system_secure_heap_prefetch_work+0x94/0x2c0
01-01 09:51:12.085 0 0 I : process_one_work+0x38c/0x660
01-01 09:51:12.085 0 0 I : worker_thread+0x268/0x4b8
01-01 09:51:12.085 0 0 I : kthread+0x140/0x150
01-01 09:51:12.085 0 0 I : ret_from_fork+0x10/0x1c
01-01 09:51:12.093 0 0 E : INFO: trying to register non-static key.
01-01 09:51:12.094 0 0 D cnss : Assign MSI to user: DP, num_vectors: 18, user_base_data: 814, base_vector: 14
01-01 09:51:12.098 0 0 E : the code is fine but needs lockdep annotation.
01-01 09:51:12.098 0 0 I : CPU: 7 PID: 336 Comm: kworker/u16:13 Tainted: G S W O 4.19.157+ #1
01-01 09:51:12.098 0 0 I Hardware name: Qualcomm Technologies, Inc. kona MTP-RmPM8150b. VC1(FSE) EVT3 (DT)
01-01 09:51:12.098 0 0 I Workqueue: events_unbound ion_system_secure_heap_prefetch_work
01-01 09:51:12.098 0 0 I Call trace:
01-01 09:51:12.098 0 0 I : dump_backtrace+0x0/0x258
01-01 09:51:12.098 0 0 I : show_stack+0x20/0x30
01-01 09:51:12.098 0 0 I : dump_stack+0xd8/0x12c
01-01 09:51:12.098 0 0 I : register_lock_class+0x4d0/0x5c8
01-01 09:51:12.098 0 0 I : __lock_acquire+0xbc/0x1e58
01-01 09:51:12.098 0 0 I : lock_acquire+0x1cc/0x218
01-01 09:51:12.098 0 0 I : _raw_spin_lock_irqsave+0x54/0x98
01-01 09:51:12.098 0 0 I : ion_system_secure_heap_prefetch_work+0x94/0x2c0
01-01 09:51:12.098 0 0 I : process_one_work+0x38c/0x660
01-01 09:51:12.098 0 0 I : worker_thread+0x268/0x4b8
01-01 09:51:12.098 0 0 I : kthread+0x140/0x150
01-01 09:51:12.098 0 0 I : ret_from_fork+0x10/0x1c
01-01 09:51:12.105 0 0 D cnss : Assign MSI to user: DP, num_vectors: 18, user_base_data: 814, base_vector: 14
01-01 09:51:12.105 0 0 I [kworke][0x61488431][03:25:09.844062] wlan: [1744:I:DP] dp_soc_cmn_setup: 3274: num_reo_dest_rings 4
01-01 09:51:12.105 0 0 D cnss : Assign MSI to user: DP, num_vectors: 18, user_base_data: 814, base_vector: 14
01-01 09:51:12.105 0 0 D cnss : Assign MSI to user: DP, num_vectors: 18, user_base_data: 814, base_vector: 14
01-01 09:51:12.105 0 0 D cnss : Assign MSI to user: DP, num_vectors: 18, user_base_data: 814, base_vector: 14
01-01 09:51:12.105 0 0 D cnss : Assign MSI to user: DP, num_vectors: 18, user_base_data: 814, base_vector: 14
01-01 09:51:12.105 0 0 D cnss : Assign MSI to user: DP, num_vectors: 18, user_base_data: 814, base_vector: 14
01-01 09:51:12.105 0 0 D cnss : Assign MSI to user: DP, num_vectors: 18, user_base_data: 814, base_vector: 14
01-01 09:51:12.106 0 0 D cnss : Assign MSI to user: DP, num_vectors: 18, user_base_data: 814, base_vector: 14
01-01 09:51:12.106 0 0 D cnss : Assign MSI to user: DP, num_vectors: 18, user_base_data: 814, base_vector: 14
01-01 09:51:12.106 0 0 D cnss : Assign MSI to user: DP, num_vectors: 18, user_base_data: 814, base_vector: 14
01-01 09:51:12.106 0 0 D cnss : Assign MSI to user: DP, num_vectors: 18, user_base_data: 814, base_vector: 14
01-01 09:51:12.106 0 0 E : INFO: trying to register non-static key.
01-01 09:51:12.106 0 0 D cnss : Assign MSI to user: DP, num_vectors: 18, user_base_data: 814, base_vector: 14
01-01 09:51:12.111 0 0 E : the code is fine but needs lockdep annotation.
01-01 09:51:12.111 0 0 I : CPU: 7 PID: 336 Comm: kworker/u16:13 Tainted: G S W O 4.19.157+ #1
01-01 09:51:12.111 0 0 I Hardware name: Qualcomm Technologies, Inc. kona MTP-RmPM8150b. VC1(FSE) EVT3 (DT)
01-01 09:51:12.111 0 0 I Workqueue: events_unbound ion_system_secure_heap_prefetch_work
01-01 09:51:12.111 0 0 I Call trace:
01-01 09:51:12.111 0 0 I : dump_backtrace+0x0/0x258
01-01 09:51:12.111 0 0 I : show_stack+0x20/0x30
01-01 09:51:12.111 0 0 I : dump_stack+0xd8/0x12c
01-01 09:51:12.111 0 0 I : register_lock_class+0x4d0/0x5c8
01-01 09:51:12.111 0 0 I : __lock_acquire+0xbc/0x1e58
01-01 09:51:12.111 0 0 I : lock_acquire+0x1cc/0x218
01-01 09:51:12.111 0 0 I : _raw_spin_lock_irqsave+0x54/0x98
01-01 09:51:12.111 0 0 I : ion_system_secure_heap_prefetch_work+0x94/0x2c0
01-01 09:51:12.111 0 0 I : process_one_work+0x38c/0x660
01-01 09:51:12.111 0 0 I : worker_thread+0x268/0x4b8
01-01 09:51:12.111 0 0 I : kthread+0x140/0x150
01-01 09:51:12.111 0 0 I : ret_from_fork+0x10/0x1c
01-01 09:51:12.119 0 0 E : INFO: trying to register non-static key.
01-01 09:51:12.119 0 0 I [kworke][0x614cc22d][03:25:09.858541] wlan: [1744:I:HAL] hal_reo_set_err_dst_remap_6390: 1024: HWIO_REO_R0_ERROR_DESTINATION_MAPPING_IX_0 0x28005b6d
01-01 09:51:12.124 0 0 E : the code is fine but needs lockdep annotation.
01-01 09:51:12.124 0 0 I : CPU: 7 PID: 336 Comm: kworker/u16:13 Tainted: G S W O 4.19.157+ #1
01-01 09:51:12.124 0 0 I Hardware name: Qualcomm Technologies, Inc. kona MTP-RmPM8150b. VC1(FSE) EVT3 (DT)
01-01 09:51:12.124 0 0 I Workqueue: events_unbound ion_system_secure_heap_prefetch_work
01-01 09:51:12.124 0 0 I Call trace:
01-01 09:51:12.124 0 0 I : dump_backtrace+0x0/0x258
01-01 09:51:12.124 0 0 I : show_stack+0x20/0x30
01-01 09:51:12.124 0 0 I : dump_stack+0xd8/0x12c
01-01 09:51:12.124 0 0 I : register_lock_class+0x4d0/0x5c8
01-01 09:51:12.124 0 0 I : __lock_acquire+0xbc/0x1e58
01-01 09:51:12.124 0 0 I : lock_acquire+0x1cc/0x218
01-01 09:51:12.124 0 0 I : _raw_spin_lock_irqsave+0x54/0x98
01-01 09:51:12.124 0 0 I : ion_system_secure_heap_prefetch_work+0x94/0x2c0
01-01 09:51:12.124 0 0 I : process_one_work+0x38c/0x660
01-01 09:51:12.124 0 0 I : worker_thread+0x268/0x4b8
01-01 09:51:12.124 0 0 I : kthread+0x140/0x150
01-01 09:51:12.124 0 0 I : ret_from_fork+0x10/0x1c
01-01 09:51:12.130 0 0 D cnss : Assign MSI to user: DP, num_vectors: 18, user_base_data: 814, base_vector: 14
01-01 09:51:12.130 0 0 D cnss : Assign MSI to user: DP, num_vectors: 18, user_base_data: 814, base_vector: 14
01-01 09:51:12.130 0 0 D cnss : Assign MSI to user: DP, num_vectors: 18, user_base_data: 814, base_vector: 14
01-01 09:51:12.130 0 0 D cnss : Assign MSI to user: DP, num_vectors: 18, user_base_data: 814, base_vector: 14
01-01 09:51:12.130 0 0 D cnss : Assign MSI to user: DP, num_vectors: 18, user_base_data: 814, base_vector: 14
01-01 09:51:12.131 0 0 D cnss : Assign MSI to user: DP, num_vectors: 18, user_base_data: 814, base_vector: 14
01-01 09:51:12.132 0 0 E : INFO: trying to register non-static key.
01-01 09:51:12.137 0 0 E : the code is fine but needs lockdep annotation.
01-01 09:51:12.143 0 0 I : CPU: 7 PID: 336 Comm: kworker/u16:13 Tainted: G S W O 4.19.157+ #1
01-01 09:51:12.143 0 0 I Hardware name: Qualcomm Technologies, Inc. kona MTP-RmPM8150b. VC1(FSE) EVT3 (DT)
01-01 09:51:12.143 0 0 I Workqueue: events_unbound ion_system_secure_heap_prefetch_work
01-01 09:51:12.143 0 0 I Call trace:
01-01 09:51:12.143 0 0 I : dump_backtrace+0x0/0x258
01-01 09:51:12.143 0 0 I : show_stack+0x20/0x30
01-01 09:51:12.143 0 0 I : dump_stack+0xd8/0x12c
01-01 09:51:12.143 0 0 I : register_lock_class+0x4d0/0x5c8
01-01 09:51:12.143 0 0 I : __lock_acquire+0xbc/0x1e58
01-01 09:51:12.143 0 0 I : lock_acquire+0x1cc/0x218
01-01 09:51:12.143 0 0 I : _raw_spin_lock_irqsave+0x54/0x98
01-01 09:51:12.143 0 0 I : ion_system_secure_heap_prefetch_work+0x94/0x2c0
01-01 09:51:12.143 0 0 I : process_one_work+0x38c/0x660
01-01 09:51:12.143 0 0 I : worker_thread+0x268/0x4b8
01-01 09:51:12.143 0 0 I : kthread+0x140/0x150
01-01 09:51:12.143 0 0 I : ret_from_fork+0x10/0x1c
01-01 09:51:12.151 0 0 E : INFO: trying to register non-static key.
01-01 09:51:12.156 0 0 E : the code is fine but needs lockdep annotation.
01-01 09:51:12.161 0 0 I : CPU: 7 PID: 336 Comm: kworker/u16:13 Tainted: G S W O 4.19.157+ #1
01-01 09:51:12.161 0 0 I Hardware name: Qualcomm Technologies, Inc. kona MTP-RmPM8150b. VC1(FSE) EVT3 (DT)
01-01 09:51:12.161 0 0 I Workqueue: events_unbound ion_system_secure_heap_prefetch_work
01-01 09:51:12.161 0 0 I Call trace:
01-01 09:51:12.161 0 0 I : dump_backtrace+0x0/0x258
01-01 09:51:12.161 0 0 I : show_stack+0x20/0x30
01-01 09:51:12.161 0 0 I : dump_stack+0xd8/0x12c
01-01 09:51:12.161 0 0 I : register_lock_class+0x4d0/0x5c8
01-01 09:51:12.161 0 0 I : __lock_acquire+0xbc/0x1e58
01-01 09:51:12.161 0 0 I : lock_acquire+0x1cc/0x218
01-01 09:51:12.161 0 0 I : _raw_spin_lock_irqsave+0x54/0x98
01-01 09:51:12.161 0 0 I : ion_system_secure_heap_prefetch_work+0x94/0x2c0
01-01 09:51:12.161 0 0 I : process_one_work+0x38c/0x660
01-01 09:51:12.161 0 0 I : worker_thread+0x268/0x4b8
01-01 09:51:12.161 0 0 I : kthread+0x140/0x150
01-01 09:51:12.161 0 0 I : ret_from_fork+0x10/0x1c
01-01 09:51:12.171 0 0 E : INFO: trying to register non-static key.
01-01 09:51:12.176 0 0 E : the code is fine but needs lockdep annotation.
01-01 09:51:12.182 0 0 I : CPU: 7 PID: 336 Comm: kworker/u16:13 Tainted: G S W O 4.19.157+ #1
01-01 09:51:12.182 0 0 I Hardware name: Qualcomm Technologies, Inc. kona MTP-RmPM8150b. VC1(FSE) EVT3 (DT)
01-01 09:51:12.182 0 0 I Workqueue: events_unbound ion_system_secure_heap_prefetch_work
01-01 09:51:12.182 0 0 I Call trace:
01-01 09:51:12.182 0 0 I : dump_backtrace+0x0/0x258
01-01 09:51:12.182 0 0 I : show_stack+0x20/0x30
01-01 09:51:12.182 0 0 I : dump_stack+0xd8/0x12c
01-01 09:51:12.182 0 0 I : register_lock_class+0x4d0/0x5c8
01-01 09:51:12.182 0 0 I : __lock_acquire+0xbc/0x1e58
01-01 09:51:12.182 0 0 I : lock_acquire+0x1cc/0x218
01-01 09:51:12.182 0 0 I : _raw_spin_lock_irqsave+0x54/0x98
01-01 09:51:12.182 0 0 I : ion_system_secure_heap_prefetch_work+0x94/0x2c0
01-01 09:51:12.182 0 0 I : process_one_work+0x38c/0x660
01-01 09:51:12.182 0 0 I : worker_thread+0x268/0x4b8
01-01 09:51:12.182 0 0 I : kthread+0x140/0x150
01-01 09:51:12.182 0 0 I : ret_from_fork+0x10/0x1c
01-01 09:51:12.191 0 0 E : INFO: trying to register non-static key.
01-01 09:51:12.196 0 0 E : the code is fine but needs lockdep annotation.
01-01 09:51:12.202 0 0 I : CPU: 7 PID: 336 Comm: kworker/u16:13 Tainted: G S W O 4.19.157+ #1
01-01 09:51:12.202 0 0 I Hardware name: Qualcomm Technologies, Inc. kona MTP-RmPM8150b. VC1(FSE) EVT3 (DT)
01-01 09:51:12.202 0 0 I Workqueue: events_unbound ion_system_secure_heap_prefetch_work
01-01 09:51:12.202 0 0 I Call trace:
01-01 09:51:12.202 0 0 I : dump_backtrace+0x0/0x258
01-01 09:51:12.202 0 0 I : show_stack+0x20/0x30
01-01 09:51:12.202 0 0 I : dump_stack+0xd8/0x12c
01-01 09:51:12.202 0 0 I : register_lock_class+0x4d0/0x5c8
01-01 09:51:12.202 0 0 I : __lock_acquire+0xbc/0x1e58
01-01 09:51:12.202 0 0 I : lock_acquire+0x1cc/0x218
01-01 09:51:12.202 0 0 I : _raw_spin_lock_irqsave+0x54/0x98
01-01 09:51:12.202 0 0 I : ion_system_secure_heap_prefetch_work+0x94/0x2c0
01-01 09:51:12.202 0 0 I : process_one_work+0x38c/0x660
01-01 09:51:12.202 0 0 I : worker_thread+0x268/0x4b8
01-01 09:51:12.202 0 0 I : kthread+0x140/0x150
01-01 09:51:12.202 0 0 I : ret_from_fork+0x10/0x1c
01-01 09:51:12.210 0 0 E : INFO: trying to register non-static key.
01-01 09:51:12.215 0 0 E : the code is fine but needs lockdep annotation.
01-01 09:51:12.221 0 0 I : CPU: 7 PID: 336 Comm: kworker/u16:13 Tainted: G S W O 4.19.157+ #1
01-01 09:51:12.221 0 0 I Hardware name: Qualcomm Technologies, Inc. kona MTP-RmPM8150b. VC1(FSE) EVT3 (DT)
01-01 09:51:12.221 0 0 I Workqueue: events_unbound ion_system_secure_heap_prefetch_work
01-01 09:51:12.221 0 0 I Call trace:
01-01 09:51:12.221 0 0 I : dump_backtrace+0x0/0x258
01-01 09:51:12.221 0 0 I : show_stack+0x20/0x30
01-01 09:51:12.221 0 0 I : dump_stack+0xd8/0x12c
01-01 09:51:12.221 0 0 I : register_lock_class+0x4d0/0x5c8
01-01 09:51:12.221 0 0 I : __lock_acquire+0xbc/0x1e58
01-01 09:51:12.221 0 0 I : lock_acquire+0x1cc/0x218
01-01 09:51:12.221 0 0 I : _raw_spin_lock_irqsave+0x54/0x98
01-01 09:51:12.221 0 0 I : ion_system_secure_heap_prefetch_work+0x94/0x2c0
01-01 09:51:12.221 0 0 I : process_one_work+0x38c/0x660
01-01 09:51:12.221 0 0 I : worker_thread+0x268/0x4b8
01-01 09:51:12.221 0 0 I : kthread+0x140/0x150
01-01 09:51:12.221 0 0 I : ret_from_fork+0x10/0x1c
01-01 09:51:12.221 0 0 E : INFO: trying to register non-static key.
01-01 09:51:12.226 0 0 E : the code is fine but needs lockdep annotation.
01-01 09:51:12.231 0 0 I : CPU: 7 PID: 336 Comm: kworker/u16:13 Tainted: G S W O 4.19.157+ #1
01-01 09:51:12.231 0 0 I Hardware name: Qualcomm Technologies, Inc. kona MTP-RmPM8150b. VC1(FSE) EVT3 (DT)
01-01 09:51:12.231 0 0 I Workqueue: events_unbound ion_system_secure_heap_prefetch_work
01-01 09:51:12.231 0 0 I Call trace:
01-01 09:51:12.231 0 0 I : dump_backtrace+0x0/0x258
01-01 09:51:12.231 0 0 I : show_stack+0x20/0x30
01-01 09:51:12.231 0 0 I : dump_stack+0xd8/0x12c
01-01 09:51:12.231 0 0 I : register_lock_class+0x4d0/0x5c8
01-01 09:51:12.231 0 0 I : __lock_acquire+0xbc/0x1e58
01-01 09:51:12.231 0 0 I : lock_acquire+0x1cc/0x218
01-01 09:51:12.231 0 0 I : _raw_spin_lock_irqsave+0x54/0x98
01-01 09:51:12.231 0 0 I : ion_system_secure_heap_prefetch_work+0x48/0x2c0
01-01 09:51:12.231 0 0 I : process_one_work+0x38c/0x660
01-01 09:51:12.231 0 0 I : worker_thread+0x33c/0x4b8
01-01 09:51:12.231 0 0 I : kthread+0x140/0x150
01-01 09:51:12.231 0 0 I : ret_from_fork+0x10/0x1c
01-01 09:51:12.315 0 0 I [kworke][0x618630e5][03:25:10.054578] wlan: [1744:I:DP] Peer pool init
01-01 09:51:12.316 0 0 W [kworke][0x61863c1c][03:25:10.054727] wlan: [1744:W:DP] dp_rx_pdev_mon_attach: pdev attach id=0
01-01 09:51:12.339 0 0 D cnss : Assign MSI to user: DP, num_vectors: 18, user_base_data: 814, base_vector: 14
01-01 09:51:12.339 0 0 D cnss : Get IRQ number 365 for vector index 14
01-01 09:51:12.340 0 0 D cnss : Assign MSI to user: DP, num_vectors: 18, user_base_data: 814, base_vector: 14
01-01 09:51:12.340 0 0 D cnss : Get IRQ number 366 for vector index 15
01-01 09:51:12.340 0 0 D cnss : Assign MSI to user: DP, num_vectors: 18, user_base_data: 814, base_vector: 14
01-01 09:51:12.340 0 0 D cnss : Get IRQ number 367 for vector index 16
01-01 09:51:12.340 0 0 D cnss : Assign MSI to user: DP, num_vectors: 18, user_base_data: 814, base_vector: 14
01-01 09:51:12.340 0 0 D cnss : Get IRQ number 368 for vector index 17
01-01 09:51:12.340 0 0 D cnss : Assign MSI to user: DP, num_vectors: 18, user_base_data: 814, base_vector: 14
01-01 09:51:12.340 0 0 D cnss : Assign MSI to user: DP, num_vectors: 18, user_base_data: 814, base_vector: 14
01-01 09:51:12.340 0 0 D cnss : Get IRQ number 370 for vector index 19
01-01 09:51:12.340 0 0 D cnss : Assign MSI to user: DP, num_vectors: 18, user_base_data: 814, base_vector: 14
01-01 09:51:12.340 0 0 D cnss : Get IRQ number 371 for vector index 20
01-01 09:51:12.348 0 0 E [kworke][0x618fb15e][03:25:10.087011] wlan: [1744:E:HIF] hif_pci_ce_irq_set_affinity_hint: 3708: Unable to set cpu mask for offline CPU 0
01-01 09:51:12.371 0 0 I [kworke][0x619693fd][03:25:10.110512] wlan: [336:I:WMA] wma_rx_service_ready_event: Firmware build version : 101a0521
01-01 09:51:12.371 0 0 I [kworke][0x619695a2][03:25:10.110534] wlan: [336:I:WMA] wma_rx_service_ready_event: Board id: 0, Board version: 8 0 0 0 6
01-01 09:51:12.374 0 0 I [kworke][0x619734ef][03:25:10.112658] wlan: [336:I:WMA] wma_is_dbs_mandatory: 5417: MAC0 does not support both bands 2 DBS is mandatory
01-01 09:51:12.374 0 0 E [kworke][0x61973b48][03:25:10.112743] wlan: [336:E:QDF] copy_fw_abi_version_tlv: 6979: copy_fw_abi_version_tlv: INIT_CMD version: 1, 0, 0x5f414351, 0x4c4d, 0x0, 0x0
01-01 09:51:12.573 0 0 E [kworke][0x61d1c75e][03:25:10.312584] wlan: [337:E:QDF] ready_extract_init_status_tlv: 8884: ready_extract_init_status_tlv:0
01-01 09:51:12.588 0 0 E [kworke][0x61d5ee9e][03:25:10.326761] wlan: [337:E:QDF] cds_get_context: 1486: Module ID 65 context is Null
01-01 09:51:12.600 0 0 F [kworke][0x61d96a7e][03:25:10.338653] wlan: [337:F:DP] cdp_ipa_set_uc_tx_partition_base invalid instance
01-01 09:51:12.610 0 0 I [kworke][0x61dc9a46][03:25:10.349530] wlan: [337:I:WMA] wma_he_update_tgt_services: 996: 11ax is enabled
01-01 09:51:12.618 0 0 I [kworke][0x61deec3c][03:25:10.357449] wlan: [337:I:HIF] Initializing Runtime PM wakelock &mgmt_txrx_pdev_ctx->wakelock_tx_runtime_cmp
01-01 09:51:12.620 0 0 I [kworke][0x61df4f53][03:25:10.358770] wlan: [337:I:dfs] WLAN_DEBUG_DFS_ALWAYS : wlan_dfs_pdev_obj_create_notification: 421: dfs_offload 1
01-01 09:51:12.620 0 0 I [kworke][0x61df51b7][03:25:10.358802] wlan: [337:I:SPECTRAL] null_get_capability: 1715: SPECTRAL : get_capability not registered
01-01 09:51:12.620 0 0 I [kworke][0x61df5239][03:25:10.358809] wlan: [337:I:SPECTRAL] target_if_pdev_spectral_init: 2249: HAL_CAP_PHYDIAG : Capable
01-01 09:51:12.620 0 0 I [kworke][0x61df52c6][03:25:10.358816] wlan: [337:I:SPECTRAL] null_get_capability: 1715: SPECTRAL : get_capability not registered
01-01 09:51:12.620 0 0 I [kworke][0x61df5341][03:25:10.358823] wlan: [337:I:SPECTRAL] target_if_pdev_spectral_init: 2253: HAL_CAP_RADAR : Capable
01-01 09:51:12.620 0 0 I [kworke][0x61df53bd][03:25:10.358829] wlan: [337:I:SPECTRAL] null_get_capability: 1715: SPECTRAL : get_capability not registered
01-01 09:51:12.620 0 0 I [kworke][0x61df5435][03:25:10.358835] wlan: [337:I:SPECTRAL] target_if_pdev_spectral_init: 2258: HAL_CAP_SPECTRAL_SCAN : Capable
01-01 09:51:12.620 0 0 I [kworke][0x61df54ef][03:25:10.358845] wlan: [337:I:SPECTRAL] null_get_tsf64: 1703: SPECTRAL : get_tsf64 not registered
01-01 09:51:12.620 0 0 I [kworke][0x61df5679][03:25:10.358865] wlan: [337:I:GREEN_AP] wlan_green_ap_pdev_obj_create_notification: 106: Green AP creation successful, green ap ctx: ffffffca8cba2ce8, pdev: ffffffcada0000e8
01-01 09:51:12.620 0 0 I [kworke][0x61df5bfc][03:25:10.358939] wlan: [337:I:IPA] wlan_ipa_wdi_init: 540: ipa_over_gsi: 1, is_smmu_enabled: 1
01-01 09:51:12.623 0 0 I [kworke][0x61e043f9][03:25:10.362032] wlan: [337:I:REGULATORY] reg_set_band: 483: set band bitmap: 3
01-01 09:51:12.624 0 0 I [kworke][0x61e08399][03:25:10.362880] wlan: [337:I:HIF] Initializing Runtime PM wakelock &ctx->dfs
01-01 09:51:12.624 0 0 I [kworke][0x61e084eb][03:25:10.362898] wlan: [337:I:HIF] Initializing Runtime PM wakelock &ctx->connect
01-01 09:51:12.624 0 0 I [kworke][0x61e085f9][03:25:10.362912] wlan: [337:I:HIF] Initializing Runtime PM wakelock &ctx->user
01-01 09:51:12.624 0 0 I [kworke][0x61e08722][03:25:10.362928] wlan: [337:I:HIF] Initializing Runtime PM wakelock &scan_priv->runtime_pm_lock
01-01 09:51:12.624 0 0 I [kworke][0x61e08914][03:25:10.362954] wlan: [337:I:GREEN_AP] target_if_green_ap_register_egap_event_handler: 131: Set the Enhance Green AP event handler
01-01 09:51:12.624 0 0 E [kworke][0x61e089df][03:25:10.362964] wlan: [337:E:QDF] dp_peer_map_attach_wifi3: 10048: dp_peer_map_attach_wifi3 max_peers 55, max_ast_index: 144
01-01 09:51:12.640 0 0 I [kworke][0x61e543f2][03:25:10.379099] wlan: [337:I:DP]
01-01 09:51:12.640 0 0 I : <=== cfg max peer id 55 ====>
01-01 09:51:12.640 0 0 I [kworke][0x61e545be][03:25:10.379122] wlan: [337:I:DP]
01-01 09:51:12.640 0 0 I : <=== cfg max ast idx 144 ====>
01-01 09:51:12.640 0 0 I [kworke][0x61e546ae][03:25:10.379135] wlan: [337:I:DP] ast hash_elems: 512, max_ast_idx: 144
01-01 09:51:12.642 0 0 I [kworke][0x61e5d060][03:25:10.380971] wlan: [1744:I:WMA] wma_wait_for_ready_event: 6926: FW ready event received
01-01 09:51:12.650 0 0 E [kworke][0x61e817ee][03:25:10.388752] wlan: [1744:E:WMI] send_action_oui_cmd_tlv: 220: Invalid action id
01-01 09:51:12.661 0 0 E [kworke][0x61eb47ab][03:25:10.399628] wlan: [1744:E:action_oui] ucfg_action_oui_send: 160: Failed to send: 7
01-01 09:51:12.672 0 0 E [kworke][0x61ee92b3][03:25:10.410868] wlan: [1744:E:WMI] send_action_oui_cmd_tlv: 220: Invalid action id
01-01 09:51:12.683 0 0 E [kworke][0x61f1c195][03:25:10.421734] wlan: [1744:E:action_oui] ucfg_action_oui_send: 160: Failed to send: 9
01-01 09:51:12.694 0 0 E [kworke][0x61f50b4e][03:25:10.432957] wlan: [1744:E:HDD] hdd_action_oui_send: 13281: Failed to send one or all action_ouis
01-01 09:51:12.720 0 0 D cnss : dma-coherent is enabled
01-01 09:51:12.720 0 0 D cnss : IOMMU map: iova b0000000, len 4096
01-01 09:51:12.720 0 0 D cnss : IOMMU map: iova_addr b0000040
01-01 09:51:12.720 0 0 D cnss : dma-coherent is enabled
01-01 09:51:12.720 0 0 D cnss : IOMMU map: iova b0001000, len 4096
01-01 09:51:12.720 0 0 D cnss : IOMMU map: iova_addr b0001018
01-01 09:51:12.724 0 0 E [kworke][0x61fdc216][03:25:10.462700] wlan: [1744:E:TXRX] dp_rxdma_ring_config: 5022: DBS enabled max_mac_rings 2
01-01 09:51:12.735 0 0 E [kworke][0x62012f4f][03:25:10.474397] wlan: [1744:E:TXRX] dp_rxdma_ring_config: 5033: pdev_id 0 max_mac_rings 2
01-01 09:51:12.747 0 0 E [kworke][0x6204924f][03:25:10.485957] wlan: [1744:E:TXRX] dp_rxdma_ring_config: 5050: mac_id 0
01-01 09:51:12.757 0 0 E [kworke][0x6207ab49][03:25:10.496530] wlan: [1744:E:TXRX] dp_rxdma_ring_config: 5050: mac_id 1
01-01 09:51:12.768 0 0 I [kworke][0x620ad792][03:25:10.507360] wlan: [1744:I:POLICY_MGR] policy_mgr_update_5g_scc_prefer: 398: overwrite pm_second_connection_pcl_dbs_2x2_table, index 2 mode 3 system prefer 0 new pcl 6
01-01 09:51:12.768 0 0 I [kworke][0x620ad84c][03:25:10.507370] wlan: [1744:I:POLICY_MGR] policy_mgr_update_5g_scc_prefer: 404: overwrite pm_second_connection_pcl_dbs_2x2_table, index 3 mode 3 system prefer 0 new pcl 6
01-01 09:51:12.769 0 0 E [kworke][0x620b0b69][03:25:10.508051] wlan: [1744:E:REGULATORY] reg_freq_width_to_chan_op_class: 512: no op class for frequency 5745
01-01 09:51:12.784 0 0 I [kworke][0x620f6e9e][03:25:10.523027] wlan: [1744:I:HIF] hif_pm_runtime_start: Enabling RUNTIME PM, Delay: 500 ms
01-01 09:51:12.805 0 0 E cnss_utils: WLAN MAC address is not set, type 0
01-01 09:51:12.811 0 0 W cnss_pci 0000: 01:00.0: Falling back to syfs fallback for: wlan/qca_cld/qca6390/wlan_mac.bin
01-01 09:51:12.824 0 0 I [kworke][0x621b1014][03:25:10.562727] wlan: [1744:I:HDD] hdd_initialize_mac_address: 12589: using default MAC address
01-01 09:51:12.873 0 0 E [kworke][0x622975c8][03:25:10.611870] wlan: [1744:E:QDF] qdf_mutex_create: already initialized lock
01-01 09:51:12.883 0 0 E [kworke][0x622c93b9][03:25:10.622509] wlan: [1744:E:HDD] hdd_open_adapter: 6512: Interface p2p0 wow debug_fs init failed
01-01 09:51:12.910 0 0 E [kworke][0x62346e24][03:25:10.649314] wlan: [1744:E:QDF] qdf_mutex_create: already initialized lock
01-01 09:51:12.921 0 0 E [kworke][0x62377a10][03:25:10.659713] wlan: [1744:E:HDD] hdd_open_adapter: 6512: Interface wifi-aware0 wow debug_fs init failed
01-01 09:51:12.936 0 0 W : ------------[ cut here ]------------
01-01 09:51:12.936 0 0 I : IRQs not enabled as expected
01-01 09:51:12.936 0 0 W : WARNING: CPU: 7 PID: 1744 at kernel/softirq.c:161 __local_bh_enable_ip+0x140/0x158
01-01 09:51:12.936 0 0 I : Modules linked in: cyttsp7_device_access cyttsp7_i2c cyttsp7 wlan(O) atmel_mxt_ts tsnv(O) machine_dlkm(O) wcd938x_slave_dlkm(O) wcd938x_dlkm(O) wcd9xxx_dlkm(O) mbhc_dlkm(O) tx_macro_dlkm(O) rx_macro_dlkm(O) va_macro_dlkm(O) wsa_macro_dlkm(O) swr_ctrl_dlkm(O) bolero_cdc_dlkm(O) wsa881x_dlkm(O) wcd_core_dlkm(O) stub_dlkm(O) hdmi_dlkm(O) swr_dlkm(O) pinctrl_lpi_dlkm(O) pinctrl_wcd_dlkm(O) usf_dlkm(O) native_dlkm(O) platform_dlkm(O) q6_dlkm(O) adsp_loader_dlkm(O) apr_dlkm(O) snd_event_dlkm(O) q6_notifier_dlkm(O) q6_pdr_dlkm(O) msm_11ad_proxy
01-01 09:51:12.936 0 0 I : CPU: 7 PID: 1744 Comm: kworker/u16:20 Tainted: G S W O 4.19.157+ #1
01-01 09:51:12.936 0 0 I Hardware name: Qualcomm Technologies, Inc. kona MTP-RmPM8150b. VC1(FSE) EVT3 (DT)
01-01 09:51:12.936 0 0 I Workqueue: cnss_driver_event cnss_driver_event_work
01-01 09:51:12.936 0 0 I pstate : 60c00085 (nZCv daIf +PAN +UAO)
01-01 09:51:12.936 0 0 I pc : __local_bh_enable_ip+0x140/0x158
01-01 09:51:12.936 0 0 I lr : __local_bh_enable_ip+0x140/0x158
01-01 09:51:12.936 0 0 I sp : ffffff8020023b60
01-01 09:51:12.936 0 0 I : x29: ffffff8020023b60 x28: dead000000000100
01-01 09:51:12.936 0 0 I : x27: ffffffa69ca1e33c x26: ffffffcac820c670
01-01 09:51:12.936 0 0 I : x25: ffffffca7679aa80 x24: 000000000000003f
01-01 09:51:12.936 0 0 I : x23: ffffff801b50310c x22: 000000004000003f
01-01 09:51:12.936 0 0 I : x21: ffffffca790cdd40 x20: ffffffa69b2f9f48
01-01 09:51:12.936 0 0 I : x19: 0000000000000201 x18: 000000000000002c
01-01 09:51:12.936 0 0 I : x17: ffffffa69e31c000 x16: 00000000fff932d0
01-01 09:51:12.936 0 0 I : x15: 00000000000932d0 x14: 00000000000000c2
01-01 09:51:12.936 0 0 I : x13: 0000000000000000 x12: 00000000000000e0
01-01 09:51:12.936 0 0 I : x11: 0000000000000000 x10: 0000000000000001
01-01 09:51:12.936 0 0 I : x9 : 46aed5ee0edaaa00 x8 : 46aed5ee0edaaa00
01-01 09:51:12.936 0 0 I : x7 : ffffffa69a9826c0 x6 : 0000000000000000
01-01 09:51:12.936 0 0 I : x5 : 0000000000000080 x4 : 0000000000000001
01-01 09:51:12.936 0 0 I : x3 : 0000000000000000 x2 : 0000000000000007
01-01 09:51:12.936 0 0 I : x1 : 0000000000000007 x0 : 000000000000001c
01-01 09:51:12.936 0 0 I Call trace:
01-01 09:51:12.936 0 0 I : __local_bh_enable_ip+0x140/0x158
01-01 09:51:12.936 0 0 I : _raw_spin_unlock_bh+0x3c/0x48
01-01 09:51:12.936 0 0 I : cnss_pci_reg_write+0xf0/0x1a8
01-01 09:51:12.936 0 0 I : cnss_pci_time_sync_work_hdlr+0x24c/0x6a8
01-01 09:51:12.936 0 0 I : cnss_pci_call_driver_probe+0x138/0x2d0
01-01 09:51:12.936 0 0 I : cnss_bus_call_driver_probe+0x28/0x80
01-01 09:51:12.936 0 0 I : cnss_driver_event_work+0x2e8/0xcb8
01-01 09:51:12.936 0 0 I : process_one_work+0x38c/0x660
01-01 09:51:12.936 0 0 I : worker_thread+0x268/0x4b8
01-01 09:51:12.936 0 0 I : kthread+0x140/0x150
01-01 09:51:12.936 0 0 I : ret_from_fork+0x10/0x1c
01-01 09:51:12.936 0 0 I : irq event stamp: 611213
01-01 09:51:12.936 0 0 I : hardirqs last enabled at (611211): [] _raw_spin_unlock_irqrestore+0x44/0x88
01-01 09:51:12.936 0 0 I : hardirqs last disabled at (611212): [] _raw_spin_lock_irqsave+0x28/0x98
01-01 09:51:12.936 0 0 I : softirqs last enabled at (611206): [] mhi_device_get_sync_atomic+0x68/0x2d8
01-01 09:51:12.936 0 0 I : softirqs last disabled at (611213): [] cnss_pci_reg_write+0x58/0x1a8
01-01 09:51:12.936 0 0 W : ---[ end trace ccbeeb27ca4ebf36 ]---
01-01 09:51:12.936 0 0 D cnss : Host time = 85838300 us, device time = 3487270 us, offset = 82351030 us
01-01 09:51:12.936 0 0 D cnss : Updated time sync regs [0x984] = 0x4e893b6, [0x988] = 0x0
01-01 09:51:12.936 0 0 D cnss : Removing vote for Regulator vdd-wlan-rfa2
01-01 09:51:12.936 0 0 D cnss : Removing vote for Regulator vdd-wlan-rfa1
01-01 09:51:12.936 0 0 D cnss : Removing vote for Regulator vdd-wlan-dig
01-01 09:51:12.936 0 0 D cnss : Removing vote for Regulator vdd-wlan-aon
01-01 09:51:12.936 0 0 D cnss : Removing vote for Regulator vdd-wlan-io
01-01 09:51:12.936 0 0 D cnss : PM relax, state: 0x107, count: 0
01-10 03:25:13.063 1136 1921 I WatchlistLoggingHandler: Milliseconds spent on tryAggregateRecords(): 5860
01-10 03:25:13.064 1136 1635 I DropBoxManagerService: add tag=system_server_strictmode isTagEnabled=true flags=0x2
01-10 03:25:13.066 1136 1635 I DropBoxManagerService: add tag=system_server_strictmode isTagEnabled=true flags=0x2
01-10 03:25:13.067 1136 1635 I DropBoxManagerService: add tag=system_server_strictmode isTagEnabled=true flags=0x2
01-10 03:25:13.068 1136 1635 I DropBoxManagerService: add tag=system_server_strictmode isTagEnabled=true flags=0x2
01-10 03:25:13.069 1136 1635 I DropBoxManagerService: add tag=system_server_strictmode isTagEnabled=true flags=0x2
01-10 03:25:13.070 1136 1635 I DropBoxManagerService: add tag=system_server_strictmode isTagEnabled=true flags=0x2
01-10 03:25:13.071 1136 1635 I DropBoxManagerService: add tag=system_server_strictmode isTagEnabled=true flags=0x2
01-10 03:25:13.072 1136 1635 I DropBoxManagerService: add tag=system_server_strictmode isTagEnabled=true flags=0x2
01-10 03:25:13.072 1136 1635 I DropBoxManagerService: add tag=system_server_strictmode isTagEnabled=true flags=0x2
01-10 03:25:13.073 1136 1635 I DropBoxManagerService: add tag=system_server_strictmode isTagEnabled=true flags=0x2
01-10 03:25:16.573 1136 1714 I commit_sys_config_file: [package-user-0,1]
01-10 03:25:16.611 1136 1714 I commit_sys_config_file: [package-user-0,1]
01-10 03:25:16.611 1136 1714 I commit_sys_config_file: [package,37]
01-01 09:51:19.118 0 0 I init : Sending signal 9 to service 'idmap2d' (pid 1254) process group...
01-01 09:51:19.124 0 0 I libprocessgroup: Successfully killed process cgroup uid 1000 pid 1254 in 5ms
01-10 03:25:16.869 1136 1822 W OverlayManager: service 'idmap' died
01-01 09:51:19.136 0 0 I init : Control message: Processed ctl.stop for 'idmap2d' from pid: 1136 (system_server)
01-01 09:51:19.137 0 0 I init : Service 'idmap2d' (pid 1254) received signal 9
01-10 03:25:21.106 1136 1136 I sysui_multi_action: [757,804,799,opt_dialog_num_dexopted,801,30,802,1]
01-10 03:25:21.106 1136 1136 I sysui_multi_action: [757,804,799,opt_dialog_num_skipped,801,114,802,1]
01-10 03:25:21.107 1136 1136 I sysui_multi_action: [757,804,799,opt_dialog_num_failed,801,0,802,1]
01-10 03:25:21.107 1136 1136 I sysui_multi_action: [757,804,799,opt_dialog_num_total,801,131,802,1]
01-10 03:25:21.107 1136 1136 I sysui_multi_action: [757,804,799,opt_dialog_time_s,801,13,802,1]
01-10 03:25:21.108 1136 1136 I Watchdog: Resuming HandlerChecker: main thread for reason: dexopt. Pause count: 0
01-10 03:25:21.108 1136 1136 D SystemServerTiming: UpdatePackagesIfNeeded took to complete: 13785ms
01-10 03:25:21.108 1136 1136 I SystemServerTiming: PerformFstrimIfNeeded
01-10 03:25:21.108 1136 1136 I service_manager_stats: [124,92,15630]
01-10 03:25:21.109 1136 1136 W PackageManager: No disk maintenance in 1673292321109; running immediately
01-10 03:25:21.109 1136 1136 D SystemServerTiming: PerformFstrimIfNeeded took to complete: 0ms
01-10 03:25:21.109 1136 1136 I SystemServerTiming: StartLockSettingsService
01-10 03:25:21.109 1136 1932 I StorageManagerService: Running fstrim idle maintenance
01-10 03:25:21.109 1136 1136 I SystemServiceManager: Starting com.android.server.locksettings.LockSettingsService$Lifecycle
01-10 03:25:21.112 549 2377 D vold : Starting trim of /metadata
01-10 03:25:21.115 549 2377 I vold : Trimmed 7716864 bytes on /metadata in 2ms
01-10 03:25:21.115 549 2377 D vold : Starting trim of /data
01-10 03:25:21.115 549 2377 I vold : Trimmed 0 bytes on /data in 0ms
01-10 03:25:21.115 549 2377 D vold : Starting trim of /mnt/vendor/persist
01-10 03:25:21.115 1136 1822 I DropBoxManagerService: add tag=storage_trim isTagEnabled=true flags=0x2
01-10 03:25:21.117 1136 1822 I DropBoxManagerService: add tag=storage_trim isTagEnabled=true flags=0x2
01-10 03:25:21.111 549 549 I auditd : type=1400 audit(0.0:117): avc: denied { read } for comm="Binder:549_2" name="spunvm" dev="tmpfs" ino=38743 scontext=u:r:vold:s0 tcontext=u:object_r:vendor_spunvm_file:s0 tclass=dir permissive=0
01-10 03:25:21.117 549 2377 I vold : Trimmed 23846912 bytes on /mnt/vendor/persist in 2ms
01-10 03:25:21.117 549 2377 D vold : Starting trim of /mnt/vendor/spunvm
01-10 03:25:21.118 1136 1822 I DropBoxManagerService: add tag=storage_trim isTagEnabled=true flags=0x2
01-10 03:25:21.118 549 2377 W vold : Failed to open /mnt/vendor/spunvm: Permission denied
01-10 03:25:21.121 1136 1136 D SystemServerTiming: StartLockSettingsService took to complete: 11ms
01-10 03:25:21.121 1136 1136 I SystemServerTiming: StartPersistentDataBlock
01-10 03:25:21.121 1136 1136 I SystemServiceManager: Starting com.android.server.PersistentDataBlockService
01-10 03:25:21.121 1136 1136 D SystemServerTiming: StartPersistentDataBlock took to complete: 0ms
01-10 03:25:21.121 1136 1136 I SystemServerTiming: StartTestHarnessMode
01-10 03:25:21.121 1136 1136 I SystemServiceManager: Starting com.android.server.testharness.TestHarnessModeService
01-10 03:25:21.122 1136 2379 I SystemServerTimingAsync: InitThreadPoolExec:PersistentDataBlockService.onStart
01-10 03:25:21.123 1136 2379 D SystemServerInitThreadPool: Started executing PersistentDataBlockService.onStart
01-10 03:25:21.123 1136 1136 D SystemServerTiming: StartTestHarnessMode took to complete: 1ms
01-10 03:25:21.123 1136 1136 I SystemServerTiming: StartOemLockService
01-10 03:25:21.123 1136 1136 I SystemServiceManager: Starting com.android.server.oemlock.OemLockService
01-10 03:25:21.124 1136 1136 I OemLock : OemLock HAL not present on device
01-10 03:25:21.124 1136 1136 I OemLock : Using persistent data block based lock
01-10 03:25:21.124 1136 1136 D SystemServerTiming: StartOemLockService took to complete: 1ms
01-10 03:25:21.124 1136 1136 I SystemServerTiming: StartDeviceIdleController
01-10 03:25:21.124 1136 1136 I SystemServiceManager: Starting com.android.server.DeviceIdleController
01-10 03:25:21.125 1136 2379 E PersistentDataBlockService: not able to find package com.google.android.gms
01-10 03:25:21.125 1136 2379 E PersistentDataBlockService: android.content.pm.PackageManager$NameNotFoundException: com.google.android.gms
01-10 03:25:21.125 1136 2379 E PersistentDataBlockService: at android.app.ApplicationPackageManager.getPackageUidAsUser(ApplicationPackageManager.java:364)
01-10 03:25:21.125 1136 2379 E PersistentDataBlockService: at com.android.server.PersistentDataBlockService.getAllowedUid(PersistentDataBlockService.java:162)
01-10 03:25:21.125 1136 2379 E PersistentDataBlockService: at com.android.server.PersistentDataBlockService.lambda$onStart$0$PersistentDataBlockService(PersistentDataBlockService.java:176)
01-10 03:25:21.125 1136 2379 E PersistentDataBlockService: at com.android.server.PersistentDataBlockService$$ExternalSyntheticLambda0.run(Unknown Source:2)
01-10 03:25:21.125 1136 2379 E PersistentDataBlockService: at com.android.server.SystemServerInitThreadPool.lambda$submitTask$0$SystemServerInitThreadPool(SystemServerInitThreadPool.java:105)
01-10 03:25:21.125 1136 2379 E PersistentDataBlockService: at com.android.server.SystemServerInitThreadPool$$ExternalSyntheticLambda0.run(Unknown Source:6)
01-10 03:25:21.125 1136 2379 E PersistentDataBlockService: at java.util.concurrent.Executors$RunnableAdapter.call(Executors.java:462)
01-10 03:25:21.125 1136 2379 E PersistentDataBlockService: at java.util.concurrent.FutureTask.run(FutureTask.java:266)
01-10 03:25:21.125 1136 2379 E PersistentDataBlockService: at java.util.concurrent.ThreadPoolExecutor.runWorker(ThreadPoolExecutor.java:1167)
01-10 03:25:21.125 1136 2379 E PersistentDataBlockService: at java.util.concurrent.ThreadPoolExecutor$Worker.run(ThreadPoolExecutor.java:641)
01-10 03:25:21.125 1136 2379 E PersistentDataBlockService: at com.android.internal.util.ConcurrentUtils$1$1.run(ConcurrentUtils.java:65)
01-10 03:25:21.127 1136 1136 D SystemServerTiming: StartDeviceIdleController took to complete: 2ms
01-10 03:25:21.127 1136 1136 I SystemServerTiming: StartDevicePolicyManager
01-10 03:25:21.127 1136 1136 I SystemServiceManager: Starting com.android.server.devicepolicy.DevicePolicyManagerService$Lifecycle
01-10 03:25:21.130 1136 1136 D SystemServerTiming: StartDevicePolicyManager took to complete: 2ms
01-10 03:25:21.130 1136 1136 I SystemServerTiming: StartStatusBarManagerService
01-10 03:25:21.130 1136 1136 D SystemServerTiming: StartStatusBarManagerService took to complete: 1ms
