01-10 03:25:23.479 1136 2381 I dvm_lock_sample: [system_server,0,NetworkStats,103,ActivityManagerService.java,13713,int com.android.server.am.ActivityManagerService.broadcastIntentWithFeature(android.app.IApplicationThread, java.lang.String, android.content.Intent, java.lang.String, android.content.IIntentReceiver, int, java.lang.String, android.os.Bundle, java.lang.String[], java.lang.String[], int, android.os.Bundle, boolean, boolean, int),UserController.java,2938,int com.android.server.am.UserController$Injector.broadcastIntent(android.content.Intent, java.lang.String, android.content.IIntentReceiver, int, java.lang.String, android.os.Bundle, java.lang.String[], int, android.os.Bundle, boolean, boolean, int, int, int, int, int),20]
01-10 03:25:23.480 1136 2535 W ActivityManager: Slow operation: 114ms so far, now at startProcess: done updating battery stats
01-10 03:25:23.480 1136 2535 I am_proc_start: [0,2661,1000,com.thundercomm.microservice,added application,com.thundercomm.microservice]
01-10 03:25:23.480 1136 2535 W ActivityManager: Slow operation: 114ms so far, now at startProcess: building log message
01-10 03:25:23.480 1136 2535 I ActivityManager: Start proc 2661:com.thundercomm.microservice/1000 for added application com.thundercomm.microservice
01-10 03:25:23.480 1136 2535 W ActivityManager: Slow operation: 114ms so far, now at startProcess: starting to update pids map
01-10 03:25:23.480 1136 2535 W ActivityManager: Slow operation: 114ms so far, now at startProcess: done updating pids map
01-10 03:25:23.480 1136 2535 I am_proc_bound: [0,2661,com.thundercomm.microservice]
01-10 03:25:23.487 1136 1652 I dvm_lock_sample: [system_server,1,ActivityManager:procStart,77,ProcessList.java,2160,void com.android.server.am.ProcessList.handleProcessStart(com.android.server.am.ProcessRecord, java.lang.String, int[], int, int, int, java.lang.String, java.lang.String, java.lang.String, long),UserController.java,2938,int com.android.server.am.UserController$Injector.broadcastIntent(android.content.Intent, java.lang.String, android.content.IIntentReceiver, int, java.lang.String, android.os.Bundle, java.lang.String[], int, android.os.Bundle, boolean, boolean, int, int, int, int, int),15]
01-10 03:25:23.487 1136 1652 W ActivityManager: Slow operation: 119ms so far, now at startProcess: asking zygote to start proc
01-10 03:25:23.487 1136 1652 W ActivityManager: com.android.server.telecom inode == 0 (b/152760674)
01-10 03:25:23.491 1136 1636 D CompatibilityChangeReporter: Compat change id reported: 135634846; UID 1000; state: DISABLED
01-10 03:25:23.491 1136 1636 D CompatibilityChangeReporter: Compat change id reported: 177438394; UID 1000; state: DISABLED
01-10 03:25:23.491 1136 1636 D CompatibilityChangeReporter: Compat change id reported: 135772972; UID 1000; state: DISABLED
01-10 03:25:23.491 1136 1636 D CompatibilityChangeReporter: Compat change id reported: 135754954; UID 1000; state: ENABLED
01-10 03:25:23.496 1136 2662 W ContextImpl: Calling a method in the system process without a qualified user: android.app.ContextImpl.bindService:1895 android.content.ContextWrapper.bindService:810 com.qualcomm.qti.activityextension.ActivityNotifier.bindToDynamicDDSService:103 com.qualcomm.qti.activityextension.ActivityNotifier.handleSendActivityInvokeNotification:184 com.qualcomm.qti.activityextension.ActivityNotifier.access$300:26
01-10 03:25:23.497 1136 1822 I sysui_multi_action: [757,856,758,1,806,com.android.systemui,857,ALR,858,4]
01-10 03:25:23.497 1136 1822 I sysui_multi_action: [757,856,758,1,806,com.android.systemui,857,GEN,858,1]
01-10 03:25:23.497 1136 1822 I sysui_multi_action: [757,856,758,1,806,com.android.systemui,857,DSK,858,2]
01-10 03:25:23.497 1136 1822 I sysui_multi_action: [757,856,758,1,806,com.android.systemui,857,SCN_HEADSUP,858,4]
01-10 03:25:23.497 1136 1822 I sysui_multi_action: [757,856,758,1,806,com.android.systemui,857,BAT,858,5]
01-10 03:25:23.497 1136 1822 I sysui_multi_action: [757,856,758,1,806,com.android.systemui,857,HNT,858,3]
01-10 03:25:23.500 1136 1136 D SystemServerTiming: StartSystemUI took to complete: 22ms
01-10 03:25:23.500 1136 1136 I SystemServerTiming: startMicroService
01-10 03:25:23.500 2456 2456 D SystemUIBootTiming: StartServicescom.android.systemui.util.NotificationChannels took to complete: 8ms
01-10 03:25:23.501 1136 2662 W ContextImpl: Calling a method in the system process without a qualified user: android.app.ContextImpl.bindService:1895 android.content.ContextWrapper.bindService:810 com.qualcomm.qti.activityextension.ActivityNotifier.bindToDynamicDDSService:103 com.qualcomm.qti.activityextension.ActivityNotifier.handleSendActivityInvokeNotification:184 com.qualcomm.qti.activityextension.ActivityNotifier.access$300:26
01-10 03:25:23.503 1136 1136 D SystemServerTiming: startMicroService took to complete: 3ms
01-10 03:25:23.503 1136 1136 I SystemServerTiming: startRemoteControlService
01-10 03:25:23.506 1136 1136 D SystemServerTiming: startRemoteControlService took to complete: 3ms
01-10 03:25:23.506 1136 1136 I SystemServerTiming: startTcService
01-10 03:25:23.510 1136 1136 D SystemServerTiming: startTcService took to complete: 4ms
01-10 03:25:23.510 1136 1136 I SystemServerTiming: startBoostPerfService
01-10 03:25:23.512 1136 1136 D SystemServerTiming: startBoostPerfService took to complete: 2ms
01-10 03:25:23.512 1136 1136 D SystemServerTiming: startOtherServices took to complete: 16831ms
01-10 03:25:23.513 1136 1136 D SystemServerTiming: StartServices took to complete: 21912ms
01-10 03:25:23.515 1136 1599 D CompatibilityChangeReporter: Compat change id reported: 182478738; UID 1073; state: DISABLED
01-10 03:25:23.516 1136 1136 W Looper : Slow delivery took 20233ms main h=android.app.PropertyInvalidatedCache$AutoCorker$1 c=null m=0
01-10 03:25:23.541 1136 1633 W QuotaTracker: Alarm not scheduled because boot isn't completed
01-10 03:25:23.559 1136 1136 D CompatibilityChangeReporter: Compat change id reported: 168419799; UID 1000; state: DISABLED
01-01 09:51:25.805 0 0 E init : Control message: Could not find 'vendor.qti.hardware.iop@2.0::IIop/default' for ctl.interface_start from pid: 504 (/system/bin/hwservicemanager)
01-10 03:25:23.564 1136 1652 W ActivityManager: Slow operation: 196ms so far, now at startProcess: returned from zygote!
01-10 03:25:23.564 1136 1652 W ActivityManager: Slow operation: 196ms so far, now at startProcess: done updating battery stats
01-10 03:25:23.564 1136 1652 I am_proc_start: [0,2697,1000,com.thundercomm.microsettings,added application,com.thundercomm.microsettings]
01-10 03:25:23.564 1136 1652 W ActivityManager: Slow operation: 196ms so far, now at startProcess: building log message
01-10 03:25:23.564 1136 1652 I ActivityManager: Start proc 2697:com.thundercomm.microsettings/1000 for added application com.thundercomm.microsettings
01-10 03:25:23.564 1136 1652 W ActivityManager: Slow operation: 196ms so far, now at startProcess: starting to update pids map
01-10 03:25:23.565 1136 1652 W ActivityManager: Slow operation: 196ms so far, now at startProcess: done updating pids map
01-10 03:25:23.565 1136 1652 W ActivityManager: Slow operation: 196ms so far, now at startProcess: asking zygote to start proc
01-10 03:25:23.565 1136 1652 W ActivityManager: com.qti.dpmserviceapp inode == 0 (b/152760674)
01-10 03:25:23.576 2456 2456 D SystemUIBootTiming: StartServicescom.android.systemui.keyguard.KeyguardViewMediator took to complete: 75ms
01-10 03:25:23.579 1136 1136 D ConditionProviders.SCP: onConnected
01-10 03:25:23.580 1136 1136 I notification_cancel_all: [1000,1136,android,0,0,0,20,NULL]
01-10 03:25:23.585 1136 1822 I am_uid_running: 10080
01-10 03:25:23.585 1136 1822 D CompatibilityChangeReporter: Compat change id reported: 135634846; UID 10080; state: DISABLED
01-10 03:25:23.585 1136 1822 D CompatibilityChangeReporter: Compat change id reported: 177438394; UID 10080; state: DISABLED
01-10 03:25:23.585 1136 1822 D CompatibilityChangeReporter: Compat change id reported: 135772972; UID 10080; state: DISABLED
01-10 03:25:23.586 1136 1822 D CompatibilityChangeReporter: Compat change id reported: 135754954; UID 10080; state: ENABLED
01-10 03:25:23.586 2456 2456 D SystemUIBootTiming: StartServicescom.android.systemui.recents.Recents took to complete: 11ms
01-10 03:25:23.594 1136 1136 I GameModeConfig: isGameModeOn = false
01-10 03:25:23.599 1136 1136 D ConditionProviders: Subscribing to condition://android/event?userId=-10000&calendar=&reply=1 with ComponentInfo{android/com.android.server.notification.EventConditionProvider}
01-10 03:25:23.601 1136 1136 D ConditionProviders: Subscribing to condition://android/schedule?days=1.2.3.4.5.6.7&start=22.0&end=7.0&exitAtAlarm=true with ComponentInfo{android/com.android.server.notification.ScheduleConditionProvider}
01-10 03:25:23.605 1136 1635 I commit_sys_config_file: [notification-policy,1900]
01-10 03:25:23.605 1136 1652 W ActivityManager: Slow operation: 236ms so far, now at startProcess: returned from zygote!
01-10 03:25:23.605 1136 1652 W ActivityManager: Slow operation: 236ms so far, now at startProcess: done updating battery stats
01-10 03:25:23.605 1136 1652 I am_proc_start: [0,2706,1001,.dataservices,added application,.dataservices]
01-10 03:25:23.605 1136 1652 W ActivityManager: Slow operation: 236ms so far, now at startProcess: building log message
01-10 03:25:23.605 1136 1652 I ActivityManager: Start proc 2706:.dataservices/1001 for added application .dataservices
01-10 03:25:23.605 1136 1652 W ActivityManager: Slow operation: 236ms so far, now at startProcess: starting to update pids map
01-10 03:25:23.607 1136 1652 W ActivityManager: Slow operation: 238ms so far, now at startProcess: done updating pids map
01-10 03:25:23.607 1136 1652 W ActivityManager: Slow operation: 235ms so far, now at startProcess: asking zygote to start proc
01-10 03:25:23.607 1136 1652 D CompatibilityChangeReporter: Compat change id reported: 143937733; UID 10054; state: DISABLED
01-10 03:25:23.607 1136 1652 W ActivityManager: vendor.qti.hardware.cacert.server inode == 0 (b/152760674)
01-01 09:51:25.873 0 0 I binder : 2456:2705 ioctl 40046210 748c09c124 returned -22
01-01 09:51:25.910 0 0 W F2FS-fs (dm-10): Unexpected flush for atomic writes: ino=1718, npages=3
01-10 03:25:23.657 1136 1652 W ActivityManager: Slow operation: 285ms so far, now at startProcess: returned from zygote!
01-10 03:25:23.658 1136 1652 W ActivityManager: Slow operation: 286ms so far, now at startProcess: done updating battery stats
01-10 03:25:23.658 1136 1652 I am_proc_start: [0,2720,10054,.qtidataservices,added application,.qtidataservices]
01-10 03:25:23.658 1136 1652 W ActivityManager: Slow operation: 286ms so far, now at startProcess: building log message
01-10 03:25:23.658 1136 1652 I ActivityManager: Start proc 2720:.qtidataservices/u0a54 for added application .qtidataservices
01-10 03:25:23.658 1136 1652 W ActivityManager: Slow operation: 286ms so far, now at startProcess: starting to update pids map
01-10 03:25:23.659 1136 1652 W ActivityManager: Slow operation: 286ms so far, now at startProcess: done updating pids map
01-10 03:25:23.659 1136 1652 W ActivityManager: Slow operation: 284ms so far, now at startProcess: asking zygote to start proc
01-10 03:25:23.659 1136 1652 W ActivityManager: com.android.server.telecom inode == 0 (b/152760674)
01-01 09:51:25.946 0 0 I binder : 2706:2706 ioctl 40046210 7fe87a7184 returned -22
01-10 03:25:23.683 2456 2456 D SystemUIBootTiming: StartServicescom.android.systemui.volume.VolumeUI took to complete: 97ms
01-10 03:25:23.701 1136 1635 I DropBoxManagerService: add tag=system_server_strictmode isTagEnabled=true flags=0x2
01-10 03:25:23.702 2706 2706 I service_manager_slow: [12,activity]
01-10 03:25:23.703 1136 2551 I am_proc_bound: [0,2706,.dataservices]
01-10 03:25:23.704 1136 2551 D CompatibilityChangeReporter: Compat change id reported: 168419799; UID 1001; state: DISABLED
01-10 03:25:23.705 1136 2551 D CompatibilityChangeReporter: Compat change id reported: 181136395; UID 1000; state: DISABLED
01-10 03:25:23.706 1136 2551 D CompatibilityChangeReporter: Compat change id reported: 174042936; UID 1000; state: DISABLED
01-10 03:25:23.706 1136 2551 I am_uid_active: 1001
01-10 03:25:23.708 1136 2551 D CompatibilityChangeReporter: Compat change id reported: 168419799; UID 1001; state: DISABLED
01-01 09:51:26.007 0 0 I binder : 1217:1217 ioctl 40046210 7fcf3b7f34 returned -22
01-10 03:25:23.709 1136 1652 W ActivityManager: Slow operation: 335ms so far, now at startProcess: returned from zygote!
01-10 03:25:23.710 1136 1652 W ActivityManager: Slow operation: 336ms so far, now at startProcess: done updating battery stats
01-10 03:25:23.710 1136 1652 I am_proc_start: [0,2731,1000,com.thundercomm.tchttpserver,added application,com.thundercomm.tchttpserver]
01-10 03:25:23.710 1136 1652 W ActivityManager: Slow operation: 336ms so far, now at startProcess: building log message
01-10 03:25:23.710 1136 1652 I ActivityManager: Start proc 2731:com.thundercomm.tchttpserver/1000 for added application com.thundercomm.tchttpserver
01-10 03:25:23.711 1136 1652 W ActivityManager: Slow operation: 336ms so far, now at startProcess: starting to update pids map
01-10 03:25:23.711 1136 1652 W ActivityManager: Slow operation: 337ms so far, now at startProcess: done updating pids map
01-10 03:25:23.711 1136 1652 W ActivityManager: Slow operation: 336ms so far, now at startProcess: asking zygote to start proc
01-10 03:25:23.711 1136 1652 W ActivityManager: com.android.server.telecom inode == 0 (b/152760674)
01-10 03:25:23.722 1136 1136 W Looper : Slow dispatch took 115ms main h=android.os.Handler c=null m=1
01-10 03:25:23.733 1136 1635 I DropBoxManagerService: add tag=system_server_strictmode isTagEnabled=true flags=0x2
01-10 03:25:23.751 1136 1848 I commit_sys_config_file: [settings-2-0,1]
01-01 09:51:26.027 0 0 I binder : 2731:2731 ioctl 40046210 7fe87a7184 returned -22
01-10 03:25:23.766 1136 1652 W ActivityManager: Slow operation: 391ms so far, now at startProcess: returned from zygote!
01-10 03:25:23.767 1136 1652 W ActivityManager: Slow operation: 392ms so far, now at startProcess: done updating battery stats
01-10 03:25:23.767 1136 1652 I am_proc_start: [0,2764,1000,com.tc.logclient,added application,com.tc.logclient]
01-10 03:25:23.767 1136 1652 W ActivityManager: Slow operation: 392ms so far, now at startProcess: building log message
01-10 03:25:23.767 1136 1652 I ActivityManager: Start proc 2764:com.tc.logclient/1000 for added application com.tc.logclient
01-10 03:25:23.767 1136 1652 W ActivityManager: Slow operation: 392ms so far, now at startProcess: starting to update pids map
01-10 03:25:23.767 1136 1652 W ActivityManager: Slow operation: 392ms so far, now at startProcess: done updating pids map
01-10 03:25:23.767 1136 1652 W ActivityManager: Slow operation: 391ms so far, now at startProcess: asking zygote to start proc
01-10 03:25:23.767 1136 1652 W ActivityManager: com.android.server.telecom inode == 0 (b/152760674)
01-01 09:51:26.031 0 0 I binder : 2697:2697 ioctl 40046210 7fe87a7184 returned -22
01-01 09:51:26.033 0 0 I binder : 2720:2720 ioctl 40046210 7fe87a7184 returned -22
01-01 09:51:26.050 0 0 E init : Control message: Could not find 'vendor.qti.hardware.iop@2.0::IIop/default' for ctl.interface_start from pid: 504 (/system/bin/hwservicemanager)
01-01 09:51:26.065 0 0 I cnss-daemon: DMS thread joined succesfully
01-01 09:51:26.066 0 0 I cnss-daemon: wlfw_stop: Stop done: 0
01-10 03:25:23.785 1136 2535 I am_proc_bound: [0,2720,.qtidataservices]
01-10 03:25:23.788 1136 2535 D CompatibilityChangeReporter: Compat change id reported: 168419799; UID 10054; state: DISABLED
01-10 03:25:23.791 1136 2535 I am_uid_active: 10054
01-10 03:25:23.801 2731 2731 I service_manager_slow: [14,activity]
01-01 09:51:26.066 0 0 I cnss-daemon: wlfw_start: Starting
01-01 09:51:26.077 0 0 I cnss-daemon: ro.baseband : [apq]
01-01 09:51:26.077 0 0 I cnss-daemon: Hardware supports external modem
01-01 09:51:26.087 0 0 I cnss-daemon: wlfw_service_request: Start the pthread: 0x0K
01-10 03:25:23.803 1136 2551 I am_proc_bound: [0,2731,com.thundercomm.tchttpserver]
01-01 09:51:26.128 0 0 I binder : 2764:2764 ioctl 40046210 7fe87a7184 returned -22
01-01 09:51:26.168 0 0 I binder : 2706:2785 ioctl 40046210 74fdd169e4 returned -22
01-01 09:51:26.169 0 0 E init : Control message: Could not find 'vendor.qti.hardware.iop@2.0::IIop/default' for ctl.interface_start from pid: 504 (/system/bin/hwservicemanager)
01-10 03:25:23.809 2697 2697 I service_manager_slow: [14,activity]
01-10 03:25:23.810 1136 1848 I commit_sys_config_file: [settings-0-0,13]
01-10 03:25:23.810 1136 2535 I am_proc_bound: [0,2697,com.thundercomm.microsettings]
01-10 03:25:23.813 1136 2535 D CompatibilityChangeReporter: Compat change id reported: 168419799; UID 1000; state: DISABLED
01-01 09:51:26.183 0 0 I binder : 2782:2782 ioctl 40046210 7fe87a7184 returned -22
01-10 03:25:23.820 1136 1652 W ActivityManager: Slow operation: 444ms so far, now at startProcess: returned from zygote!
01-10 03:25:23.820 1136 1652 W ActivityManager: Slow operation: 444ms so far, now at startProcess: done updating battery stats
01-10 03:25:23.820 1136 1652 I am_proc_start: [0,2782,1000,com.thundercomm.tcsetupwizard,added application,com.thundercomm.tcsetupwizard]
01-10 03:25:23.820 1136 1652 W ActivityManager: Slow operation: 444ms so far, now at startProcess: building log message
01-10 03:25:23.821 1136 1652 I ActivityManager: Start proc 2782:com.thundercomm.tcsetupwizard/1000 for added application com.thundercomm.tcsetupwizard
01-10 03:25:23.821 1136 1652 W ActivityManager: Slow operation: 444ms so far, now at startProcess: starting to update pids map
01-10 03:25:23.821 1136 1652 W ActivityManager: Slow operation: 445ms so far, now at startProcess: done updating pids map
01-10 03:25:23.821 1136 1652 W ActivityManager: Slow operation: 444ms so far, now at startProcess: asking zygote to start proc
01-10 03:25:23.821 1136 1652 W ActivityManager: com.android.server.telecom inode == 0 (b/152760674)
01-10 03:25:23.899 2697 2697 I service_manager_slow: [25,webviewupdate]
01-10 03:25:23.900 2706 2706 I service_manager_slow: [20,content_capture]
01-10 03:25:23.903 2764 2764 I service_manager_slow: [30,activity]
01-10 03:25:23.904 1136 1822 I am_proc_bound: [0,2764,com.tc.logclient]
01-10 03:25:23.904 2456 2456 W CarrierConfigManager: Error getting config for subId -1 ICarrierConfigLoader is null
01-10 03:25:23.916 1136 1822 D CompatibilityChangeReporter: Compat change id reported: 168419799; UID 1000; state: DISABLED
01-10 03:25:23.922 1136 1652 W ActivityManager: Slow operation: 545ms so far, now at startProcess: returned from zygote!
01-10 03:25:23.922 1136 1652 W ActivityManager: Slow operation: 545ms so far, now at startProcess: done updating battery stats
01-10 03:25:23.922 1136 1652 I am_proc_start: [0,2820,1000,vendor.qti.qesdk.sysservice,added application,vendor.qti.qesdk.sysservice]
01-10 03:25:23.923 1136 1652 W ActivityManager: Slow operation: 545ms so far, now at startProcess: building log message
01-10 03:25:23.923 1136 1652 I ActivityManager: Start proc 2820:vendor.qti.qesdk.sysservice/1000 for added application vendor.qti.qesdk.sysservice
01-10 03:25:23.923 1136 1652 W ActivityManager: Slow operation: 545ms so far, now at startProcess: starting to update pids map
01-10 03:25:23.924 1136 1652 W ActivityManager: Slow operation: 547ms so far, now at startProcess: done updating pids map
01-10 03:25:23.924 1136 1652 W ActivityManager: Slow operation: 547ms so far, now at startProcess: asking zygote to start proc
01-10 03:25:23.924 1136 1652 D CompatibilityChangeReporter: Compat change id reported: 143937733; UID 10094; state: DISABLED
01-10 03:25:23.924 1136 1652 W ActivityManager: com.qti.qualcomm.mstatssystemservice inode == 0 (b/152760674)
01-10 03:25:23.941 1136 2551 D TelephonyRegistry: listen oscl: mHasNotifySubscriptionInfoChangedOccurred==false no callback
01-10 03:25:23.958 1136 1822 I am_proc_bound: [0,2782,com.thundercomm.tcsetupwizard]
01-10 03:25:23.961 1136 1822 D CompatibilityChangeReporter: Compat change id reported: 168419799; UID 1000; state: DISABLED
01-10 03:25:24.003 2697 2697 W ContextImpl: Calling a method in the system process without a qualified user: android.app.ContextImpl.startService:1816 android.content.ContextWrapper.startService:774 com.thundercomm.microsettings.service.SettingsApplication.onCreate:30 android.app.Instrumentation.callApplicationOnCreate:1212 android.app.ActivityThread.handleBindApplication:6744
01-10 03:25:24.003 1136 1822 W ActivityManager: Unable to start service Intent { act=com.thundercomm.microsettings.SETTING_SERVICE pkg=com.thundercomm.microsettings } U=0: not found
01-10 03:25:24.004 2697 2697 W ContextImpl: Calling a method in the system process without a qualified user: android.app.ContextImpl.startService:1816 android.content.ContextWrapper.startService:774 com.thundercomm.microsettings.service.SettingsApplication.onCreate:36 android.app.Instrumentation.callApplicationOnCreate:1212 android.app.ActivityThread.handleBindApplication:6744
01-10 03:25:24.005 1136 2551 W ActivityManager: Unable to start service Intent { act=com.thundercomm.microsettings.EOL_SERVICE pkg=com.thundercomm.microsettings } U=0: not found
01-10 03:25:24.027 1136 1822 I am_proc_bound: [0,2820,vendor.qti.qesdk.sysservice]
01-10 03:25:24.029 1136 1822 D CompatibilityChangeReporter: Compat change id reported: 168419799; UID 1000; state: DISABLED
01-10 03:25:24.040 2697 2697 D MicroServiceManager: add linkToDeath
01-10 03:25:24.041 2697 2697 D MicroServiceManager: bindMicroService: called already get service
01-10 03:25:24.055 2697 2697 I MicroServiceManager: addCommonCallbackListener add listener
01-10 03:25:24.055 2697 2697 I MicroServiceManager: addConnectChangedListener add listener
01-10 03:25:24.074 1136 1652 W ActivityManager: Slow operation: 696ms so far, now at startProcess: returned from zygote!
01-10 03:25:24.074 1136 1652 W ActivityManager: Slow operation: 697ms so far, now at startProcess: done updating battery stats
01-01 09:51:26.197 0 0 I perfetto: enabled ftrace
01-01 09:51:26.278 0 0 I binder : 2820:2820 ioctl 40046210 7fe87a7184 returned -22
01-10 03:25:24.074 1136 1652 I am_proc_start: [0,2856,10094,com.qti.qualcomm.mstatssystemservice,added application,com.qti.qualcomm.mstatssystemservice]
01-10 03:25:24.074 1136 1652 W ActivityManager: Slow operation: 697ms so far, now at startProcess: building log message
01-10 03:25:24.074 1136 1652 I ActivityManager: Start proc 2856:com.qti.qualcomm.mstatssystemservice/u0a94 for added application com.qti.qualcomm.mstatssystemservice
01-10 03:25:24.074 1136 1652 W ActivityManager: Slow operation: 697ms so far, now at startProcess: starting to update pids map
01-10 03:25:24.075 1136 1652 W ActivityManager: Slow operation: 698ms so far, now at startProcess: done updating pids map
01-10 03:25:24.075 1136 1652 W ActivityManager: Slow operation: 696ms so far, now at startProcess: asking zygote to start proc
01-10 03:25:24.075 1136 1652 W ActivityManager: com.android.se inode == 0 (b/152760674)
01-10 03:25:24.079 2697 2697 W ContextImpl: Calling a method in the system process without a qualified user: android.app.ContextImpl.sendBroadcast:1173 android.content.ContextWrapper.sendBroadcast:479 com.thundercomm.microsettings.service.SettingsService.sendSystemUI:59 com.thundercomm.microsettings.service.SettingsService.onCreate:50 android.app.ActivityThread.handleCreateService:4488
01-10 03:25:24.080 2697 2697 W ContextImpl: Calling a method in the system process without a qualified user: android.app.ContextImpl.bindService:1895 android.content.ContextWrapper.bindService:810 com.thundercomm.microsettings.manager.SoundManager.bindService:206 com.thundercomm.microsettings.manager.SoundManager.connect:197 com.thundercomm.microsettings.service.SettingsService.onStartCommand:80
01-10 03:25:24.081 2697 2697 W ContextImpl: Calling a method in the system process without a qualified user: android.app.ContextImpl.bindService:1895 android.content.ContextWrapper.bindService:810 com.thundercomm.microsettings.manager.DisplayManager.bindService:188 com.thundercomm.microsettings.manager.DisplayManager.connect:179 com.thundercomm.microsettings.service.SettingsService.onStartCommand:81
01-10 03:25:24.102 1136 2535 I StatusBarManagerService: registerStatusBar bar=com.android.internal.statusbar.IStatusBar$Stub$Proxy@21b55e6
01-01 09:51:26.418 0 0 I binder : 2856:2856 ioctl 40046210 7fe87a7184 returned -22
01-10 03:25:24.131 1136 1652 W ActivityManager: Slow operation: 752ms so far, now at startProcess: returned from zygote!
01-10 03:25:24.132 1136 1652 W ActivityManager: Slow operation: 753ms so far, now at startProcess: done updating battery stats
01-10 03:25:24.132 1136 1652 I am_proc_start: [0,2864,1068,com.android.se,added application,com.android.se]
01-10 03:25:24.132 1136 1652 W ActivityManager: Slow operation: 753ms so far, now at startProcess: building log message
01-10 03:25:24.132 1136 1652 I ActivityManager: Start proc 2864:com.android.se/1068 for added application com.android.se
01-10 03:25:24.132 1136 1652 W ActivityManager: Slow operation: 753ms so far, now at startProcess: starting to update pids map
01-10 03:25:24.133 1136 1652 W ActivityManager: Slow operation: 753ms so far, now at startProcess: done updating pids map
01-10 03:25:24.133 1136 1652 W ActivityManager: Slow operation: 752ms so far, now at startProcess: asking zygote to start proc
01-10 03:25:24.133 1136 1652 W ActivityManager: com.android.server.telecom inode == 0 (b/152760674)
01-10 03:25:24.167 1136 2535 I am_proc_bound: [0,2856,com.qti.qualcomm.mstatssystemservice]
01-10 03:25:24.169 1136 2535 D CompatibilityChangeReporter: Compat change id reported: 168419799; UID 10094; state: DISABLED
01-10 03:25:24.173 1136 2535 I am_uid_active: 10094
01-10 03:25:24.181 1136 1652 W ActivityManager: Slow operation: 801ms so far, now at startProcess: returned from zygote!
01-10 03:25:24.182 1136 1652 W ActivityManager: Slow operation: 802ms so far, now at startProcess: done updating battery stats
01-10 03:25:24.182 1136 1652 I am_proc_start: [0,2875,1000,com.thundercomm.remotecontrolservice,added application,com.thundercomm.remotecontrolservice]
01-10 03:25:24.182 1136 1652 W ActivityManager: Slow operation: 802ms so far, now at startProcess: building log message
01-10 03:25:24.182 1136 1652 I ActivityManager: Start proc 2875:com.thundercomm.remotecontrolservice/1000 for added application com.thundercomm.remotecontrolservice
01-10 03:25:24.182 1136 1652 W ActivityManager: Slow operation: 802ms so far, now at startProcess: starting to update pids map
01-10 03:25:24.182 1136 1652 W ActivityManager: Slow operation: 802ms so far, now at startProcess: done updating pids map
01-10 03:25:24.182 1136 1652 W ActivityManager: Slow operation: 802ms so far, now at startProcess: asking zygote to start proc
01-10 03:25:24.182 1136 1652 W ActivityManager: com.android.server.telecom inode == 0 (b/152760674)
01-10 03:25:24.217 1136 1652 W ActivityManager: Slow operation: 837ms so far, now at startProcess: returned from zygote!
01-10 03:25:24.217 1136 1652 W ActivityManager: Slow operation: 837ms so far, now at startProcess: done updating battery stats
01-10 03:25:24.217 1136 1652 I am_proc_start: [0,2883,1000,com.thundercomm.tcservice,added application,com.thundercomm.tcservice]
01-10 03:25:24.217 1136 1652 W ActivityManager: Slow operation: 837ms so far, now at startProcess: building log message
01-10 03:25:24.217 1136 1652 I ActivityManager: Start proc 2883:com.thundercomm.tcservice/1000 for added application com.thundercomm.tcservice
01-10 03:25:24.217 1136 1652 W ActivityManager: Slow operation: 837ms so far, now at startProcess: starting to update pids map
01-10 03:25:24.218 1136 1652 W ActivityManager: Slow operation: 838ms so far, now at startProcess: done updating pids map
01-10 03:25:24.218 1136 1652 W ActivityManager: Slow operation: 837ms so far, now at startProcess: asking zygote to start proc
01-10 03:25:24.218 1136 1652 D CompatibilityChangeReporter: Compat change id reported: 143937733; UID 10071; state: ENABLED
01-10 03:25:24.218 1136 1652 W ActivityManager: com.qualcomm.qti.devicestatisticsservice inode == 0 (b/152760674)
01-01 09:51:26.514 0 0 I binder : 2864:2864 ioctl 40046210 7fe87a7184 returned -22
01-10 03:25:24.262 1136 1652 W ActivityManager: Slow operation: 881ms so far, now at startProcess: returned from zygote!
01-10 03:25:24.263 1136 1652 W ActivityManager: Slow operation: 882ms so far, now at startProcess: done updating battery stats
01-10 03:25:24.263 1136 1652 I am_proc_start: [0,2892,10071,com.qualcomm.qti.devicestatisticsservice,added application,com.qualcomm.qti.devicestatisticsservice]
01-10 03:25:24.263 1136 1652 W ActivityManager: Slow operation: 882ms so far, now at startProcess: building log message
01-10 03:25:24.263 1136 1652 I ActivityManager: Start proc 2892:com.qualcomm.qti.devicestatisticsservice/u0a71 for added application com.qualcomm.qti.devicestatisticsservice
01-10 03:25:24.263 1136 1652 W ActivityManager: Slow operation: 882ms so far, now at startProcess: starting to update pids map
01-10 03:25:24.264 1136 1652 W ActivityManager: Slow operation: 883ms so far, now at startProcess: done updating pids map
01-10 03:25:24.264 1136 1652 W ActivityManager: Slow operation: 882ms so far, now at startProcess: asking zygote to start proc
01-10 03:25:24.264 1136 1652 W ActivityManager: com.android.server.telecom inode == 0 (b/152760674)
01-10 03:25:24.266 1136 2535 I am_proc_bound: [0,2864,com.android.se]
01-10 03:25:24.267 1136 2535 D CompatibilityChangeReporter: Compat change id reported: 168419799; UID 1068; state: DISABLED
01-10 03:25:24.270 1136 2535 I am_uid_active: 1068
01-10 03:25:24.320 1136 1652 W ActivityManager: Slow operation: 938ms so far, now at startProcess: returned from zygote!
01-10 03:25:24.320 1136 1652 W ActivityManager: Slow operation: 938ms so far, now at startProcess: done updating battery stats
01-10 03:25:24.321 1136 1652 I am_proc_start: [0,2904,1000,com.qualcomm.qti.qdma,added application,com.qualcomm.qti.qdma]
01-10 03:25:24.321 1136 1652 W ActivityManager: Slow operation: 939ms so far, now at startProcess: building log message
01-10 03:25:24.321 1136 1652 I ActivityManager: Start proc 2904:com.qualcomm.qti.qdma/1000 for added application com.qualcomm.qti.qdma
01-10 03:25:24.321 1136 1652 W ActivityManager: Slow operation: 939ms so far, now at startProcess: starting to update pids map
01-10 03:25:24.322 1136 1652 W ActivityManager: Slow operation: 940ms so far, now at startProcess: done updating pids map
01-10 03:25:24.322 1136 1652 W ActivityManager: Slow operation: 832ms so far, now at startProcess: asking zygote to start proc
01-10 03:25:24.322 1136 1652 W ActivityManager: com.android.server.telecom inode == 0 (b/152760674)
01-01 09:51:26.616 0 0 I binder : 2883:2883 ioctl 40046210 7fe87a7184 returned -22
01-01 09:51:26.621 0 0 I binder : 2875:2875 ioctl 40046210 7fe87a7184 returned -22
01-01 09:51:26.630 0 0 I binder : 2892:2892 ioctl 40046210 7fe87a7184 returned -22
01-10 03:25:24.368 1136 2535 I am_proc_bound: [0,2883,com.thundercomm.tcservice]
01-10 03:25:24.369 1136 2535 D CompatibilityChangeReporter: Compat change id reported: 168419799; UID 1000; state: DISABLED
01-10 03:25:24.386 1136 1822 I am_proc_bound: [0,2875,com.thundercomm.remotecontrolservice]
01-10 03:25:24.389 1136 1822 D CompatibilityChangeReporter: Compat change id reported: 168419799; UID 1000; state: DISABLED
01-10 03:25:24.399 1136 1652 W ActivityManager: Slow operation: 909ms so far, now at startProcess: returned from zygote!
01-10 03:25:24.409 1136 2502 I am_proc_bound: [0,2892,com.qualcomm.qti.devicestatisticsservice]
01-10 03:25:24.412 1136 2502 D CompatibilityChangeReporter: Compat change id reported: 168419799; UID 10071; state: DISABLED
01-10 03:25:24.418 1136 2502 I am_uid_active: 10071
01-01 09:51:26.683 0 0 I binder : 2904:2904 ioctl 40046210 7fe87a7184 returned -22
01-10 03:25:24.421 1136 1652 W ActivityManager: Slow operation: 931ms so far, now at startProcess: done updating battery stats
01-10 03:25:24.421 1136 1652 I am_proc_start: [0,2947,1000,com.android.settings:CryptKeeper,top-activity,{com.android.settings/com.android.settings.CryptKeeper}]
01-10 03:25:24.421 1136 1652 W ActivityManager: Slow operation: 931ms so far, now at startProcess: building log message
01-10 03:25:24.421 1136 1652 I ActivityManager: Start proc 2947:com.android.settings:CryptKeeper/1000 for top-activity {com.android.settings/com.android.settings.CryptKeeper}
01-10 03:25:24.422 1136 1652 W ActivityManager: Slow operation: 931ms so far, now at startProcess: starting to update pids map
01-10 03:25:24.424 1136 1652 W ActivityManager: Slow operation: 934ms so far, now at startProcess: done updating pids map
01-10 03:25:24.424 1136 1652 W ActivityManager: Slow operation: 913ms so far, now at startProcess: asking zygote to start proc
01-10 03:25:24.424 1136 1652 W ActivityManager: com.android.server.telecom inode == 0 (b/152760674)
01-01 09:51:26.697 0 0 I binder : 2864:2864 ioctl 40046210 7fe87a6134 returned -22
01-10 03:25:24.455 2904 2904 I service_manager_slow: [15,activity]
01-10 03:25:24.456 1136 2950 I am_proc_bound: [0,2904,com.qualcomm.qti.qdma]
01-10 03:25:24.458 1136 2950 D CompatibilityChangeReporter: Compat change id reported: 168419799; UID 1000; state: DISABLED
01-01 09:51:26.774 0 0 I binder : 2883:2883 ioctl 40046210 7fe87a5cf4 returned -22
01-10 03:25:24.513 1136 1652 W ActivityManager: Slow operation: 1002ms so far, now at startProcess: returned from zygote!
01-10 03:25:24.520 1136 1652 W ActivityManager: Slow operation: 1009ms so far, now at startProcess: done updating battery stats
01-10 03:25:24.520 1136 1652 I am_proc_start: [0,2976,1000,com.thundercomm.gamemode,service,{com.thundercomm.gamemode/com.thundercomm.gamemode.perf.FgBoostPerfService}]
01-10 03:25:24.521 1136 1652 W ActivityManager: Slow operation: 1009ms so far, now at startProcess: building log message
01-10 03:25:24.521 1136 1652 I ActivityManager: Start proc 2976:com.thundercomm.gamemode/1000 for service {com.thundercomm.gamemode/com.thundercomm.gamemode.perf.FgBoostPerfService}
01-10 03:25:24.521 1136 1652 W ActivityManager: Slow operation: 1010ms so far, now at startProcess: starting to update pids map
01-01 09:51:26.804 0 0 I binder : 2947:2947 ioctl 40046210 7fe87a7184 returned -22
01-10 03:25:24.522 1136 1652 W ActivityManager: Slow operation: 1011ms so far, now at startProcess: done updating pids map
01-01 09:51:26.848 0 0 I : Wifi Turning On from UI
01-01 09:51:26.868 0 0 I : Wifi Turning On from UI
01-01 09:51:26.872 0 0 D cnss : Doing idle restart
01-10 03:25:24.522 1136 1652 W ActivityManager: Slow operation: 937ms so far, now at startProcess: asking zygote to start proc
01-01 09:51:26.872 0 0 D cnss : Posting event: IDLE_RESTART(13)-sync, state: 0x100 flags: 0x3
01-01 09:51:26.872 0 0 D cnss : PM stay awake, state: 0x100, count: 1
01-01 09:51:26.874 0 0 D cnss : Processing driver event: IDLE_RESTART-sync(13), state: 0x100
01-01 09:51:26.874 0 0 D cnss : Regulator vdd-wlan-io is being enabled
01-01 09:51:26.874 0 0 D cnss : Regulator wlan-ant-switch is being enabled
01-01 09:51:26.874 0 0 D cnss : Regulator vdd-wlan-aon is being enabled
01-01 09:51:26.875 0 0 D cnss : Regulator vdd-wlan-dig is being enabled
01-01 09:51:26.876 0 0 D cnss : Regulator vdd-wlan-rfa1 is being enabled
01-01 09:51:26.878 0 0 D cnss : Regulator vdd-wlan-rfa2 is being enabled
01-01 09:51:26.878 0 0 I binder : 2976:2976 ioctl 40046210 7fe87a7184 returned -22
01-10 03:25:24.523 1136 1652 D CompatibilityChangeReporter: Compat change id reported: 143937733; UID 10080; state: ENABLED
01-01 09:51:26.878 0 0 D cnss : BT_EN_GPIO State: Off. Delay WLAN_GPIO enable
01-01 09:51:26.921 0 0 I binder : 2904:2904 ioctl 40046210 7fe87a4e24 returned -22
01-10 03:25:24.524 1136 1652 W ActivityManager: com.android.launcher3 inode == 0 (b/152760674)
01-10 03:25:24.543 2883 2883 W ContextImpl: Calling a method in the system process without a qualified user: android.app.ContextImpl.startService:1816 android.content.ContextWrapper.startService:774 com.thundercomm.tcservice.TCService.init:46 com.thundercomm.tcservice.TCService.onCreate:33 android.app.ActivityThread.handleCreateService:4488
01-10 03:25:24.553 1136 1598 I am_proc_bound: [0,2947,com.android.settings:CryptKeeper]
01-10 03:25:24.558 1136 1598 D CompatibilityChangeReporter: Compat change id reported: 168419799; UID 1000; state: DISABLED
01-10 03:25:24.561 1136 1598 I wm_restart_activity: [0,196879829,7,com.android.settings/.CryptKeeper]
01-10 03:25:24.562 1136 1598 I wm_set_resumed_activity: [0,com.android.settings/.CryptKeeper,minimalResumeActivityLocked]
01-10 03:25:24.570 1136 1651 I am_wtf : [0,1136,system_server,-1,Binder,Outgoing transactions from this process must be FLAG_ONEWAY]
01-10 03:25:24.579 1136 1651 I DropBoxManagerService: add tag=system_server_wtf isTagEnabled=true flags=0x2
01-10 03:25:24.589 949 949 I android.hardware.wifi@1.0-service: Wifi HAL started
01-10 03:25:24.624 1136 2950 I am_proc_bound: [0,2976,com.thundercomm.gamemode]
01-10 03:25:24.625 1136 2950 D CompatibilityChangeReporter: Compat change id reported: 168419799; UID 1000; state: DISABLED
01-10 03:25:24.659 1136 1652 W ActivityManager: Slow operation: 1074ms so far, now at startProcess: returned from zygote!
01-10 03:25:24.660 1136 1652 W ActivityManager: Slow operation: 1075ms so far, now at startProcess: done updating battery stats
01-10 03:25:24.660 1136 1652 I am_proc_start: [0,3016,10080,com.android.launcher3,service,{com.android.launcher3/com.android.quickstep.TouchInteractionService}]
01-10 03:25:24.660 1136 1652 W ActivityManager: Slow operation: 1075ms so far, now at startProcess: building log message
01-10 03:25:24.660 1136 1652 I ActivityManager: Start proc 3016:com.android.launcher3/u0a80 for service {com.android.launcher3/com.android.quickstep.TouchInteractionService}
01-10 03:25:24.660 1136 1652 W ActivityManager: Slow operation: 1075ms so far, now at startProcess: starting to update pids map
01-10 03:25:24.661 1136 1652 W ActivityManager: Slow operation: 1076ms so far, now at startProcess: done updating pids map
01-10 03:25:24.700 1136 1598 I am_wtf : [0,2947,com.android.settings:CryptKeeper,952647173,RoleParser,com.android.permissioncontroller.role.model.AssistantRoleBehavior]
01-10 03:25:24.704 1136 2950 I am_wtf : [0,2947,com.android.settings:CryptKeeper,952647173,RoleParser,com.android.permissioncontroller.role.model.BrowserRoleBehavior]
01-10 03:25:24.706 1136 3017 I DropBoxManagerService: add tag=system_app_wtf isTagEnabled=true flags=0x2
01-10 03:25:24.706 1136 2950 I am_wtf : [0,2947,com.android.settings:CryptKeeper,952647173,RoleParser,com.android.permissioncontroller.role.model.DialerRoleBehavior]
01-10 03:25:24.709 1136 1598 I am_wtf : [0,2947,com.android.settings:CryptKeeper,952647173,RoleParser,com.android.permissioncontroller.role.model.SmsRoleBehavior]
01-10 03:25:24.714 1136 1598 I am_wtf : [0,2947,com.android.settings:CryptKeeper,952647173,RoleParser,com.android.permissioncontroller.role.model.EmergencyRoleBehavior]
01-10 03:25:24.717 1136 2950 I am_wtf : [0,2947,com.android.settings:CryptKeeper,952647173,RoleParser,com.android.permissioncontroller.role.model.HomeRoleBehavior]
01-10 03:25:24.720 1136 2502 I am_wtf : [0,2947,com.android.settings:CryptKeeper,952647173,RoleParser,com.android.permissioncontroller.role.model.SystemAutomotiveClusterRoleBehavior]
01-01 09:51:26.980 0 0 D cnss : Assert WLAN_EN GPIO successfully
01-01 09:51:26.980 0 0 D cnss : Resuming PCI link
01-01 09:51:26.980 0 0 I msm_pcie_enable: PCIe: Assert the reset of endpoint of RC0.
01-01 09:51:26.986 0 0 I msm_pcie_enable: PCIe: RC0: PCIE20_PARF_INT_ALL_MASK: 0x7f80d202
01-10 03:25:24.725 1136 2950 I am_wtf : [0,2947,com.android.settings:CryptKeeper,952647173,RoleParser,com.android.permissioncontroller.role.model.CompanionDeviceWatchRoleBehavior]
01-10 03:25:24.726 1136 1598 D CompatibilityChangeReporter: Compat change id reported: 168419799; UID 10087; state: DISABLED
01-10 03:25:24.730 1136 2502 I am_wtf : [0,2947,com.android.settings:CryptKeeper,952647173,RoleParser,com.android.permissioncontroller.role.model.SystemShellRoleBehavior]
01-01 09:51:26.992 0 0 I pcie_phy_init: PCIe RC0 PHY is ready!
01-10 03:25:24.733 1136 1598 I am_wtf : [0,2947,com.android.settings:CryptKeeper,952647173,RoleParser,com.android.permissioncontroller.role.model.TelevisionRoleBehavior]
01-10 03:25:24.737 1136 1598 I am_wtf : [0,2947,com.android.settings:CryptKeeper,952647173,RoleParser,com.android.permissioncontroller.role.model.TelevisionRoleBehavior]
01-01 09:51:27.002 0 0 I msm_pcie_enable: PCIe: Release the reset of endpoint of RC0.
01-10 03:25:24.744 1136 2502 D PackageManager: Instant App installer not found with android.intent.action.INSTALL_INSTANT_APP_PACKAGE
01-10 03:25:24.744 1136 2502 D PackageManager: Clear ephemeral installer activity
01-01 09:51:27.020 0 0 I msm_pcie_link_train: PCIe RC0 link initialized
01-10 03:25:24.762 1136 2551 D PackageManager: Instant App installer not found with android.intent.action.INSTALL_INSTANT_APP_PACKAGE
01-10 03:25:24.762 1136 2551 D PackageManager: Clear ephemeral installer activity
01-10 03:25:24.770 1136 1822 I wm_finish_activity: [0,196879829,7,com.android.settings/.CryptKeeper,app-request]
01-10 03:25:24.772 1136 1822 I wm_pause_activity: [0,196879829,com.android.settings/.CryptKeeper,userLeaving=false,finish]
01-10 03:25:24.773 1136 2662 W ContextImpl: Calling a method in the system process without a qualified user: android.app.ContextImpl.bindService:1895 android.content.ContextWrapper.bindService:810 com.qualcomm.qti.activityextension.ActivityNotifier.bindToDynamicDDSService:103 com.qualcomm.qti.activityextension.ActivityNotifier.handleSendActivitySuspendNotification:154 com.qualcomm.qti.activityextension.ActivityNotifier.access$400:26
01-10 03:25:24.779 2947 2947 I wm_on_create_called: [196879829,com.android.settings.CryptKeeper,performCreate]
01-01 09:51:27.035 0 0 I cnss_pci 0000: 01:00.0: enabling device (0000 -> 0002)
01-10 03:25:24.781 1136 1636 I sysui_multi_action: [757,1144,758,7,806,com.android.settings,871,com.android.settings.CryptKeeper]
01-01 09:51:27.037 0 0 D cnss : Config PCIe remap window register to 0x4000003f
01-01 09:51:27.037 0 0 D cnss : Read register offset 0x1f8031c, val = 0x6
01-01 09:51:27.037 0 0 D cnss : Write val 0x2 to register offset 0x1f8031c
01-01 09:51:27.037 0 0 D cnss : Setting MHI state: INIT(0)
01-01 09:51:27.038 0 0 D cnss : Setting MHI state: POWER_ON(2)
01-01 09:51:27.045 0 0 W cnss_pci 0000: 01:00.0: Falling back to syfs fallback for: qca6390/amss20.bin
01-10 03:25:24.787 1136 1848 I commit_sys_config_file: [settings-0-0,5]
01-10 03:25:24.791 1136 1822 I ActivityTaskManager: START u0 {act=android.intent.action.MAIN cat=[android.intent.category.HOME] flg=0x10000100 cmp=com.android.settings/.FallbackHome (has extras)} from uid 0
01-01 09:51:27.060 0 0 I binder : 3016:3016 ioctl 40046210 7fe87a7184 returned -22
01-10 03:25:24.797 1136 1822 I wm_task_created: [8,-1]
01-10 03:25:24.798 1136 1822 I wm_task_moved: [8,1,2147483647]
01-10 03:25:24.799 1136 1822 I wm_task_moved: [1,1,5]
01-10 03:25:24.799 1136 1822 I wm_create_task: [0,8]
01-10 03:25:24.799 1136 1822 I wm_create_activity: [0,259361441,8,com.android.settings/.FallbackHome,android.intent.action.MAIN,NULL,NULL,276824320]
01-10 03:25:24.799 1136 1822 I wm_task_moved: [1,1,5]
01-10 03:25:24.799 1136 1822 I wm_task_moved: [8,1,2147483647]
01-10 03:25:24.799 1136 1822 I wm_task_to_front: [0,8]
01-10 03:25:24.799 1136 2662 W ContextImpl: Calling a method in the system process without a qualified user: android.app.ContextImpl.bindService:1895 android.content.ContextWrapper.bindService:810 com.qualcomm.qti.activityextension.ActivityNotifier.bindToDynamicDDSService:103 com.qualcomm.qti.activityextension.ActivityNotifier.handleSendActivityInvokeNotification:184 com.qualcomm.qti.activityextension.ActivityNotifier.access$300:26
01-10 03:25:24.800 1136 1822 I ActivityTaskManager: FOREGROUND_APPLICATION_CHANGED to com.android.settings.FallbackHome
01-10 03:25:24.800 1136 2662 W ContextImpl: Calling a method in the system process without a qualified user: android.app.ContextImpl.bindService:1895 android.content.ContextWrapper.bindService:810 com.qualcomm.qti.activityextension.ActivityNotifier.bindToDynamicDDSService:103 com.qualcomm.qti.activityextension.ActivityNotifier.handleSendActivityInvokeNotification:184 com.qualcomm.qti.activityextension.ActivityNotifier.access$300:26
01-10 03:25:24.812 1136 2439 I am_uid_running: 10073
01-10 03:25:24.817 1136 2662 W ContextImpl: Calling a method in the system process without a qualified user: android.app.ContextImpl.bindService:1895 android.content.ContextWrapper.bindService:810 com.qualcomm.qti.activityextension.ActivityNotifier.bindToDynamicDDSService:103 com.qualcomm.qti.activityextension.ActivityNotifier.handleSendActivityInvokeNotification:184 com.qualcomm.qti.activityextension.ActivityNotifier.access$300:26
01-01 09:51:27.076 0 0 I ueventd : firmware: loading 'qca6390/amss20.bin' for '/devices/platform/soc/1c00000.qcom,pcie/pci0000:00/0000:00:00.0/0000:01:00.0/firmware/qca6390!amss20.bin'
01-10 03:25:24.818 1136 2439 D CompatibilityChangeReporter: Compat change id reported: 135634846; UID 10073; state: DISABLED
01-10 03:25:24.819 1136 2439 D CompatibilityChangeReporter: Compat change id reported: 177438394; UID 10073; state: DISABLED
01-10 03:25:24.819 1136 2439 D CompatibilityChangeReporter: Compat change id reported: 135772972; UID 10073; state: DISABLED
01-10 03:25:24.819 1136 2439 D CompatibilityChangeReporter: Compat change id reported: 135754954; UID 10073; state: ENABLED
01-10 03:25:24.820 1136 1652 D CompatibilityChangeReporter: Compat change id reported: 143937733; UID 10073; state: ENABLED
01-10 03:25:24.827 1136 1652 W ActivityManager: com.thundercomm.gamemode.provider inode == 0 (b/152760674)
01-10 03:25:24.829 1136 1636 D CompatibilityChangeReporter: Compat change id reported: 135634846; UID 1000; state: DISABLED
01-10 03:25:24.829 1136 1636 D CompatibilityChangeReporter: Compat change id reported: 177438394; UID 1000; state: DISABLED
01-10 03:25:24.830 1136 1636 D CompatibilityChangeReporter: Compat change id reported: 135772972; UID 1000; state: DISABLED
01-10 03:25:24.830 1136 1636 D CompatibilityChangeReporter: Compat change id reported: 135754954; UID 1000; state: ENABLED
01-01 09:51:27.094 0 0 I ueventd : loading /devices/platform/soc/1c00000.qcom,pcie/pci0000:00/0000:00:00.0/0000:01:00.0/firmware/qca6390!amss20.bin took 21ms
01-10 03:25:24.832 1136 2521 I am_proc_bound: [0,3016,com.android.launcher3]
01-10 03:25:24.833 1136 2521 D CompatibilityChangeReporter: Compat change id reported: 168419799; UID 10080; state: DISABLED
01-10 03:25:24.835 1136 2521 I am_uid_active: 10080
01-10 03:25:24.841 1136 1822 I am_uid_running: 10095
01-10 03:25:24.841 1136 1822 D CompatibilityChangeReporter: Compat change id reported: 135634846; UID 10095; state: DISABLED
01-10 03:25:24.841 1136 1822 D CompatibilityChangeReporter: Compat change id reported: 177438394; UID 10095; state: DISABLED
01-10 03:25:24.841 1136 1822 D CompatibilityChangeReporter: Compat change id reported: 135772972; UID 10095; state: DISABLED
01-10 03:25:24.842 1136 1822 D CompatibilityChangeReporter: Compat change id reported: 135754954; UID 10095; state: ENABLED
01-10 03:25:24.844 1136 1636 I sysui_multi_action: [757,803,799,window_time_0,802,22]
01-10 03:25:24.877 1136 1136 I commit_sys_config_file: [display-state,21693]
01-10 03:25:24.878 2456 2456 D SystemUIBootTiming: StartServicescom.android.systemui.statusbar.phone.StatusBar took to complete: 1194ms
01-10 03:25:24.883 2456 2696 W ActivityThread: Failed to find provider info for com.android.contacts (user not unlocked)
01-10 03:25:24.884 2456 2456 D SystemUIBootTiming: StartServicescom.android.systemui.usb.StorageNotification took to complete: 5ms
01-10 03:25:24.888 1136 1652 W ActivityManager: Slow operation: 76ms so far, now at startProcess: returned from zygote!
01-10 03:25:24.888 1136 1652 W ActivityManager: Slow operation: 76ms so far, now at startProcess: done updating battery stats
01-10 03:25:24.888 1136 1652 I am_proc_start: [0,3058,10073,com.thundercomm.gamemode.provider,content provider,{com.thundercomm.gamemode.provider/com.thundercomm.gamemode.provider.SettingsProvider}]
01-10 03:25:24.888 1136 1652 W ActivityManager: Slow operation: 76ms so far, now at startProcess: building log message
01-10 03:25:24.888 1136 1652 I ActivityManager: Start proc 3058:com.thundercomm.gamemode.provider/u0a73 for content provider {com.thundercomm.gamemode.provider/com.thundercomm.gamemode.provider.SettingsProvider}
01-10 03:25:24.888 1136 1652 W ActivityManager: Slow operation: 76ms so far, now at startProcess: starting to update pids map
01-10 03:25:24.889 1136 1652 W ActivityManager: Slow operation: 77ms so far, now at startProcess: done updating pids map
01-10 03:25:24.889 1136 1652 W ActivityManager: Slow operation: 63ms so far, now at startProcess: asking zygote to start proc
01-10 03:25:24.889 1136 1652 W ActivityManager: com.android.server.telecom inode == 0 (b/152760674)
01-10 03:25:24.898 2456 2456 D SystemUIBootTiming: StartServicescom.android.systemui.power.PowerUI took to complete: 14ms
01-10 03:25:24.901 2456 2456 D SystemUIBootTiming: StartServicescom.android.systemui.media.RingtonePlayer took to complete: 3ms
01-10 03:25:24.902 2456 2456 D SystemUIBootTiming: StartServicescom.android.systemui.keyboard.KeyboardUI took to complete: 1ms
01-10 03:25:24.904 2456 2456 D SystemUIBootTiming: StartServicescom.android.systemui.shortcut.ShortcutKeyDispatcher took to complete: 1ms
01-10 03:25:24.904 2456 2456 D SystemUIBootTiming: StartServicescom.android.systemui.VendorServices took to complete: 0ms
