01-10 03:26:03.289 2976 2976 D GameModeIF_GameModeSettings: getUriFor setting_content_uri_root = content://com.thundercomm.gamemode.api/gamemode_settings , name = gamemode_isgaming
01-10 03:26:03.290 4977 4977 D NetworkSecurityConfig: No Network Security Config specified, using platform default
01-10 03:26:03.290 4977 4977 D NetworkSecurityConfig: No Network Security Config specified, using platform default
01-10 03:26:03.290 1136 1136 I GameModeConfig: isGameModeOn = false
01-10 03:26:03.290 2976 4861 D GameModeIF_GameModeSettings: gamemode_isgaming set to 0
01-10 03:26:03.291 1136 1136 I GameModeConfig: isGameModeOn = false
01-10 03:26:03.291 1136 1136 I GameModeConfig: isDisableVoice = true
01-10 03:26:03.295 2976 2976 D GameMode_GameModeService: updateGlobalSettings = gamemode_isgaming
01-10 03:26:03.308 4977 4977 I wm_on_create_called: [203672710,com.android.settings.intelligence.search.SearchActivity,performCreate]
01-10 03:26:03.323 4977 4977 I wm_on_start_called: [203672710,com.android.settings.intelligence.search.SearchActivity,handleStartActivity]
01-10 03:26:03.324 1136 1848 I commit_sys_config_file: [settings-1-0,2]
01-10 03:26:03.325 4977 5014 I IndexDatabaseHelper: Bootstrapped database
01-10 03:26:03.326 4977 5014 I IndexDatabaseHelper: Using schema version: 120
01-10 03:26:03.327 4977 5014 I IndexDatabaseHelper: Index is fine
01-10 03:26:03.327 4977 4977 I wm_on_resume_called: [203672710,com.android.settings.intelligence.search.SearchActivity,RESUME_ACTIVITY]
01-10 03:26:03.332 1136 2502 I ActivityManager: Process com.qti.ltebc (pid 4887) has died: cch+5 CEM
01-10 03:26:03.333 1136 2502 I am_proc_died: [0,4887,com.qti.ltebc,905,19]
01-10 03:26:03.333 1136 1654 I libprocessgroup: Successfully killed process cgroup uid 10082 pid 4887 in 0ms
01-10 03:26:03.335 1136 2502 I am_uid_stopped: 10082
01-10 03:26:03.335 4977 4977 I wm_on_top_resumed_gained_called: [203672710,com.android.settings.intelligence.search.SearchActivity,topStateChangedWhenResumed]
01-10 03:26:03.342 683 683 I Zygote : Process 4887 exited cleanly (0)
01-10 03:26:03.345 4977 5014 I IndexDatabaseHelper: Bootstrapped database
01-10 03:26:03.347 1136 4884 I am_uid_running: 10081
01-10 03:26:03.348 1136 4884 D CompatibilityChangeReporter: Compat change id reported: 135634846; UID 10081; state: DISABLED
01-10 03:26:03.348 1136 4884 D CompatibilityChangeReporter: Compat change id reported: 177438394; UID 10081; state: DISABLED
01-10 03:26:03.348 1136 4884 D CompatibilityChangeReporter: Compat change id reported: 135772972; UID 10081; state: DISABLED
01-10 03:26:03.348 1136 4884 D CompatibilityChangeReporter: Compat change id reported: 135754954; UID 10081; state: ENABLED
01-10 03:26:03.348 1136 1652 D CompatibilityChangeReporter: Compat change id reported: 143937733; UID 10081; state: ENABLED
01-10 03:26:03.350 1136 1912 I input_focus: [Focus entering 945fd85 com.android.settings/com.android.settings.Settings (server),reason=Window became focusable. Previous reason: NO_WINDOW]
01-10 03:26:03.358 1136 1637 I input_focus: [Focus request bc10c2c com.android.settings.intelligence/com.android.settings.intelligence.search.SearchActivity,reason=UpdateInputWindows]
01-10 03:26:03.359 1060 1101 W ServiceManager: Permission failure: android.permission.ACCESS_SURFACE_FLINGER from uid=10064 pid=4977
01-10 03:26:03.359 1060 1101 D PermissionCache: checking android.permission.ACCESS_SURFACE_FLINGER for uid=10064 => denied (420 us)
01-10 03:26:03.359 1060 1101 W ServiceManager: Permission failure: android.permission.ROTATE_SURFACE_FLINGER from uid=10064 pid=4977
01-10 03:26:03.359 1060 1101 D PermissionCache: checking android.permission.ROTATE_SURFACE_FLINGER for uid=10064 => denied (234 us)
01-10 03:26:03.360 4977 5011 I AdrenoGLES-0: QUALCOMM build : 47421dbee6, I139f36ad46
01-10 03:26:03.360 4977 5011 I AdrenoGLES-0: Build Date : 02/18/22
01-10 03:26:03.360 4977 5011 I AdrenoGLES-0: OpenGL ES Shader Compiler Version: EV031.32.02.17
01-10 03:26:03.360 4977 5011 I AdrenoGLES-0: Local Branch :
01-10 03:26:03.360 4977 5011 I AdrenoGLES-0: Remote Branch :
01-10 03:26:03.360 4977 5011 I AdrenoGLES-0: Remote Branch :
01-10 03:26:03.360 4977 5011 I AdrenoGLES-0: Reconstruct Branch :
01-10 03:26:03.360 4977 5011 I AdrenoGLES-0: Build Config : S P 10.0.7 AArch64
01-10 03:26:03.361 4977 5011 I AdrenoGLES-0: Driver Path : /vendor/lib64/egl/libGLESv2_adreno.so
01-10 03:26:03.362 1136 1634 D AutofillUI: destroySaveUiUiThread(): already destroyed
01-10 03:26:03.362 1136 1598 D AutofillManagerServiceImpl: Reset component for user 0:
01-10 03:26:03.362 504 504 I hwservicemanager: getTransport: Cannot find entry android.hardware.graphics.mapper@4.0::IMapper/default in either framework or device VINTF manifest.
01-10 03:26:03.369 4977 5011 I AdrenoGLES-0: PFP: 0x016dd093, ME: 0x00000000
01-10 03:26:03.380 4977 5011 D libEGL : MSAA-->msaa:0 gamemode:0 4x_msaa:0
01-10 03:26:03.380 4977 5011 D libEGL : MSAA-->msaa:0 gamemode:0 4x_msaa:0
01-10 03:26:03.380 4977 5011 D libEGL : MSAA-->msaa:0 gamemode:0 4x_msaa:0
01-10 03:26:03.387 1136 1912 I input_focus: [Focus leaving 945fd85 com.android.settings/com.android.settings.Settings (server),reason=Waiting for window because NOT_VISIBLE]
01-10 03:26:03.393 683 683 D Zygote : Forked child process 5022
01-10 03:26:03.393 1136 1652 I am_proc_start: [0,5022,10081,com.android.emergency,content provider,{com.android.emergency/com.android.emergency.EmergencySearchIndexablesProvider}]
01-10 03:26:03.393 1136 1652 I ActivityManager: Start proc 5022:com.android.emergency/u0a81 for content provider {com.android.emergency/com.android.emergency.EmergencySearchIndexablesProvider}
01-10 03:26:03.394 962 1106 I SDM : HWCDisplay::GetColorModeCount: Supported color mode count = 1
01-10 03:26:03.394 962 1106 I SDM : HWCDisplay::GetColorModes: Color mode = 0 is supported
01-10 03:26:03.394 1060 1706 E HWComposer: getSupportedContentTypes: getSupportedContentTypes failed for display 4630946816427681409: Unsupported (8)
01-10 03:26:03.402 4977 5011 D hw-ProcessState: Binder ioctl to enable oneway spam detection failed: Invalid argument
01-01 09:52:05.656 0 0 I binder : 4977:5011 ioctl 40046210 74fdc191f4 returned -22
01-10 03:26:03.404 504 504 I hwservicemanager: getTransport: Cannot find entry android.hardware.graphics.mapper@4.0::IMapper/default in either framework or device VINTF manifest.
01-10 03:26:03.405 4977 5023 I Gralloc4: mapper 4.x is not supported
01-10 03:26:03.408 504 504 I hwservicemanager: getTransport: Cannot find entry android.hardware.graphics.allocator@4.0::IAllocator/default in either framework or device VINTF manifest.
01-10 03:26:03.414 4977 5023 W Gralloc4: allocator 4.x is not supported
01-10 03:26:03.428 4793 4801 I adbd : jdwp connection from 5022
01-01 09:52:05.691 0 0 I binder : 5022:5022 ioctl 40046210 7fe87a7184 returned -22
01-10 03:26:03.436 5022 5022 D ProcessState: Binder ioctl to enable oneway spam detection failed: Invalid argument
01-10 03:26:03.441 1136 4884 I am_proc_bound: [0,5022,com.android.emergency]
01-10 03:26:03.443 1136 4884 D CompatibilityChangeReporter: Compat change id reported: 168419799; UID 10081; state: DISABLED
01-10 03:26:03.443 1136 4884 D CompatibilityInfo: mCompatibilityFlags - 4
01-10 03:26:03.443 1136 4884 D CompatibilityInfo: applicationDensity - 240
01-10 03:26:03.443 1136 4884 D CompatibilityInfo: applicationScale - 1.0
01-10 03:26:03.444 1136 4884 I am_uid_active: 10081
01-10 03:26:03.448 5022 5022 D CompatibilityChangeReporter: Compat change id reported: 171979766; UID 10081; state: ENABLED
01-10 03:26:03.463 5022 5022 I Perf : Connecting to perf service.
01-10 03:26:03.466 1136 1636 I EventSequenceValidator: Transition from ACTIVITY_LAUNCHED to ACTIVITY_FINISHED
01-10 03:26:03.466 1136 1633 I sysui_multi_action: [319,480,322,479,325,115,757,761,758,7,759,2,806,com.android.settings.intelligence,871,com.android.settings.intelligence.search.SearchActivity,904,com.android.settings,905,0,945,278,1320,4,1321,1]
01-10 03:26:03.467 1136 1633 I wm_activity_launch_time: [0,203672710,com.android.settings.intelligence/.search.SearchActivity,479]
01-10 03:26:03.468 1136 1912 I input_focus: [Focus entering bc10c2c com.android.settings.intelligence/com.android.settings.intelligence.search.SearchActivity (server),reason=Window became focusable. Previous reason: NOT_VISIBLE]
01-10 03:26:03.469 5022 5022 V GraphicsEnvironment: ANGLE Developer option for 'com.android.emergency' set to: 'default'
01-10 03:26:03.469 5022 5022 V GraphicsEnvironment: ANGLE GameManagerService for com.android.emergency: false
01-10 03:26:03.473 5022 5022 D NetworkSecurityConfig: No Network Security Config specified, using platform default
01-10 03:26:03.474 5022 5022 D NetworkSecurityConfig: No Network Security Config specified, using platform default
01-10 03:26:03.477 1136 1633 I ActivityTaskManager: Displayed com.android.settings.intelligence/.search.SearchActivity: +479ms
01-10 03:26:03.484 3877 3877 I hintView: forceClose=true,resetShowChs=true
01-10 03:26:03.484 4977 4977 D InputMethodManager: showSoftInput() view=android.widget.SearchView$SearchAutoComplete{cbfc055 VFED..CL. .F...... 0,9-2344,63 #1020463 android:id/search_src_text aid=1073741824} flags=0 reason=SHOW_SOFT_INPUT
01-10 03:26:03.485 3877 3877 I hintView: dismissPop()
01-10 03:26:03.487 4977 5014 W IndexableDataCollector: Cannot add index data for Uri: content://com.android.emergency/settings/indexables_raw
01-10 03:26:03.488 4977 5014 D IndexableDataCollector: No site map information from com.android.emergency
01-10 03:26:03.489 4977 5014 W IndexableDataCollector: Cannot add index data for Uri: content://com.android.emergency/settings/non_indexables_key
01-10 03:26:03.497 3877 3877 I hintView: forceClose=true,resetShowChs=true
01-10 03:26:03.497 3877 3877 I hintView: dismissPop()
01-10 03:26:03.528 657 669 I mpu_uart: [MSG-P:RECV]:No message received in 1000 ms
01-10 03:26:03.530 657 668 I mpu_uart: [MSG-P:R]:recv sync frame timeout
01-10 03:26:03.548 3877 3877 I hintView: forceClose=true,resetShowChs=true
01-10 03:26:03.548 3877 3877 I hintView: dismissPop()
01-10 03:26:03.551 3877 3877 I hintView: forceClose=true,resetShowChs=true
01-10 03:26:03.551 3877 3877 I hintView: dismissPop()
01-10 03:26:03.561 2456 3136 D libEGL : MSAA-->msaa:0 gamemode:0 4x_msaa:0
01-10 03:26:03.562 2456 3136 D libEGL : MSAA-->msaa:0 gamemode:0 4x_msaa:0
01-10 03:26:03.564 2456 3136 D libEGL : MSAA-->msaa:0 gamemode:0 4x_msaa:0
01-10 03:26:03.582 1060 2602 W ServiceManager: Permission failure: android.permission.ACCESS_SURFACE_FLINGER from uid=10036 pid=3877
01-10 03:26:03.582 1060 2602 D PermissionCache: checking android.permission.ACCESS_SURFACE_FLINGER for uid=10036 => denied (1036 us)
01-10 03:26:03.583 1060 2602 W ServiceManager: Permission failure: android.permission.ROTATE_SURFACE_FLINGER from uid=10036 pid=3877
01-10 03:26:03.583 1060 2602 D PermissionCache: checking android.permission.ROTATE_SURFACE_FLINGER for uid=10036 => denied (565 us)
01-10 03:26:03.584 3877 3877 D ActivityThread: ViewRootImpl.ConfigChangedCallback for IME, config={1.0 ?mcc?mnc [zh_CN] ldltr sw720dp w1706dp h656dp 240dpi lrg long hdr land finger -keyb/v/h -nav/h winConfig={ mBounds=Rect(0, 0 - 2560, 1080) mAppBounds=Rect(0, 0 - 2560, 1056) mMaxBounds=Rect(0, 0 - 2560, 1080) mWindowingMode=fullscreen mDisplayWindowingMode=fullscreen mActivityType=undefined mAlwaysOnTop=undefined mRotation=ROTATION_0} s.63 fontWeightAdjustment=0}
01-10 03:26:03.586 3877 4053 I AdrenoGLES-0: QUALCOMM build : 47421dbee6, I139f36ad46
01-10 03:26:03.586 3877 4053 I AdrenoGLES-0: Build Date : 02/18/22
01-10 03:26:03.586 3877 4053 I AdrenoGLES-0: OpenGL ES Shader Compiler Version: EV031.32.02.17
01-10 03:26:03.586 3877 4053 I AdrenoGLES-0: Local Branch :
01-10 03:26:03.586 3877 4053 I AdrenoGLES-0: Remote Branch :
01-10 03:26:03.586 3877 4053 I AdrenoGLES-0: Remote Branch :
01-10 03:26:03.586 3877 4053 I AdrenoGLES-0: Reconstruct Branch :
01-10 03:26:03.586 3877 4053 I AdrenoGLES-0: Build Config : S P 10.0.7 AArch64
01-10 03:26:03.586 3877 4053 I AdrenoGLES-0: Driver Path : /vendor/lib64/egl/libGLESv2_adreno.so
01-10 03:26:03.588 504 504 I hwservicemanager: getTransport: Cannot find entry android.hardware.graphics.mapper@4.0::IMapper/default in either framework or device VINTF manifest.
01-10 03:26:03.596 3877 4053 I AdrenoGLES-0: PFP: 0x016dd093, ME: 0x00000000
01-10 03:26:03.613 3877 4053 D libEGL : MSAA-->msaa:0 gamemode:0 4x_msaa:0
01-10 03:26:03.613 3877 4053 D libEGL : MSAA-->msaa:0 gamemode:0 4x_msaa:0
01-10 03:26:03.613 3877 4053 D libEGL : MSAA-->msaa:0 gamemode:0 4x_msaa:0
01-10 03:26:03.626 962 1007 I SDM : HWCDisplay::GetColorModeCount: Supported color mode count = 1
01-10 03:26:03.626 962 1007 I SDM : HWCDisplay::GetColorModes: Color mode = 0 is supported
01-10 03:26:03.626 1060 2602 E HWComposer: getSupportedContentTypes: getSupportedContentTypes failed for display 4630946816427681409: Unsupported (8)
01-10 03:26:03.634 3877 4053 D hw-ProcessState: Binder ioctl to enable oneway spam detection failed: Invalid argument
01-01 09:52:05.889 0 0 I binder : 3877:4053 ioctl 40046210 74840da1f4 returned -22
01-10 03:26:03.636 504 504 I hwservicemanager: getTransport: Cannot find entry android.hardware.graphics.mapper@4.0::IMapper/default in either framework or device VINTF manifest.
01-10 03:26:03.636 3877 5050 I Gralloc4: mapper 4.x is not supported
01-10 03:26:03.639 504 504 I hwservicemanager: getTransport: Cannot find entry android.hardware.graphics.allocator@4.0::IAllocator/default in either framework or device VINTF manifest.
01-10 03:26:03.639 3877 5050 W Gralloc4: allocator 4.x is not supported
01-10 03:26:03.640 1136 4249 D CompatibilityChangeReporter: Compat change id reported: 168419799; UID 10036; state: DISABLED
01-10 03:26:03.681 3877 3877 I hintView: forceClose=true,resetShowChs=true
01-10 03:26:03.681 3877 3877 I hintView: dismissPop()
01-10 03:26:03.682 4977 4977 D InsetsController: show(ime(), fromIme=true)
01-10 03:26:03.682 3877 3877 I hintView: forceClose=true,resetShowChs=true
01-10 03:26:03.683 3877 3877 I hintView: dismissPop()
01-10 03:26:03.683 3877 3877 I hintView: forceClose=true,resetShowChs=true
01-10 03:26:03.683 3877 3877 I hintView: dismissPop()
01-10 03:26:03.684 3877 3877 I hintView: forceClose=true,resetShowChs=true
01-10 03:26:03.684 3877 3877 I hintView: dismissPop()
01-10 03:26:03.684 3877 3877 I hintView: forceClose=true,resetShowChs=true
01-10 03:26:03.684 3877 3877 I hintView: dismissPop()
01-10 03:26:03.684 4977 4977 D InsetsController: show(ime(), fromIme=true)
01-10 03:26:03.692 1136 2502 I wm_add_to_stopping: [0,9201277,com.android.settings/.Settings,makeInvisible]
01-10 03:26:03.693 4977 4977 D ViewRootImpl[SearchActivity]: changeCanvasOpacity: opaque=true
01-10 03:26:03.710 3066 3125 D OpenGLRenderer: endAllActiveAnimators on 0xb40000762a503640 (RippleDrawable) with handle 0xb40000753a529c80
01-10 03:26:03.718 1136 1636 I wm_stop_activity: [0,9201277,com.android.settings/.Settings]
01-10 03:26:03.740 3877 3877 D ActivityThread: ViewRootImpl.ConfigChangedCallback for IME, config={1.0 ?mcc?mnc [zh_CN] ldltr sw720dp w1706dp h656dp 240dpi lrg long hdr land finger -keyb/v/h -nav/h winConfig={ mBounds=Rect(0, 0 - 2560, 1080) mAppBounds=Rect(0, 0 - 2560, 1056) mMaxBounds=Rect(0, 0 - 2560, 1080) mWindowingMode=fullscreen mDisplayWindowingMode=fullscreen mActivityType=undefined mAlwaysOnTop=undefined mRotation=ROTATION_0} s.63 fontWeightAdjustment=0}
01-10 03:26:03.757 3066 3066 I TetheringManager: unregisterTetheringEventCallback caller:com.android.settings
01-10 03:26:03.767 3066 3066 I wm_on_stop_called: [9201277,com.android.settings.Settings,STOP_ACTIVITY_ITEM]
01-10 03:26:03.793 2976 3297 I GameMode_ActivityMonitoringService: onForegroundActivitiesChanged uid 1000 pid 3066 fg false
01-10 03:26:03.799 2976 4861 I GameMode_ActivityMonitoringService: Updating top task to: TaskInfoContainer [topActivity=ComponentInfo{com.android.settings.intelligence/com.android.settings.intelligence.search.SearchActivity}, taskId=11, stackId=11, userId=0, displayId=0, position=6
01-10 03:26:03.799 2976 4861 I GameMode_ActivityMonitoringService: Notifying about top task: TaskInfoContainer [topActivity=ComponentInfo{com.android.settings.intelligence/com.android.settings.intelligence.search.SearchActivity}, taskId=11, stackId=11, userId=0, displayId=0, position=6
01-10 03:26:03.799 2976 4861 I GameMode_ActivityMonitoringService: WindowMode: 1
01-10 03:26:03.799 2976 4861 E GameMode_ActivityMonitoringService: onActivityLaunch:com.android.settings.intelligence
01-10 03:26:03.799 2976 4861 V GameMode_GameTypeUtils: judge isGame:com.android.settings.intelligence
01-10 03:26:03.801 2976 4861 V GameMode_GpuUtils: fps:60
01-10 03:26:03.810 2976 4861 D GameMode_GameModeActionUtils: Show GameMode entry by service!
01-10 03:26:03.810 2976 4861 W ContextImpl: Calling a method in the system process without a qualified user: android.app.ContextImpl.startService:1816 android.content.ContextWrapper.startService:774 com.thundercomm.gamemode.ingame.services.GameModeActionUtils.startGameModeService:111 com.thundercomm.gamemode.ingame.services.GameModeActionUtils.startGameModeEntry:22 com.thundercomm.gamemode.ingame.services.ActivityMonitoringService$1.onActivityLaunch:129
01-10 03:26:03.813 2976 2976 D GameMode_GameModeService: type=hide_entry
01-10 03:26:03.816 2976 4861 D GameModeIF_GameModeSettings: getUriFor setting_content_uri_root = content://com.thundercomm.gamemode.api/gamemode_settings , name = gamemode_isgaming
01-10 03:26:03.826 2976 2976 D GameMode_GameSettingsObserver: Game Data change!!!! uri = content://com.thundercomm.gamemode.api/gamemode_settings/gamemode_isgaming
01-10 03:26:03.826 1136 1136 I GameModeConfig: Current uri is uri = content://com.thundercomm.gamemode.api/gamemode_settings/gamemode_isgaming
01-10 03:26:03.826 1136 1136 D GameModeIF_GameModeSettings: getUriFor setting_content_uri_root = content://com.thundercomm.gamemode.api/gamemode_settings , name = gamemode_isgaming
01-10 03:26:03.826 2976 2976 D GameModeIF_GameModeSettings: getUriFor setting_content_uri_root = content://com.thundercomm.gamemode.api/gamemode_settings , name = gamemode_isgaming
01-10 03:26:03.828 2976 4861 D GameModeIF_GameModeSettings: gamemode_isgaming set to 0
01-10 03:26:03.831 1136 1136 I GameModeConfig: isGameModeOn = false
01-10 03:26:03.831 1136 1136 I GameModeConfig: isGameModeOn = false
01-10 03:26:03.831 1136 1136 I GameModeConfig: isDisableVoice = true
01-10 03:26:03.845 2976 2976 D GameMode_GameModeService: updateGlobalSettings = gamemode_isgaming
01-10 03:26:03.871 1136 2385 E WifiScoringParams: Invalid frequency(-1), using 5G as default rssi array
01-10 03:26:03.873 1136 2385 E WifiHealthMonitor: Hit PackageManager exception
01-10 03:26:03.873 1136 2385 E WifiHealthMonitor: android.content.pm.PackageManager$NameNotFoundException: No module info for package: com.android.wifi
01-10 03:26:03.873 1136 2385 E WifiHealthMonitor: at android.app.ApplicationPackageManager.getModuleInfo(ApplicationPackageManager.java:1079)
01-10 03:26:03.873 1136 2385 E WifiHealthMonitor: at com.android.server.wifi.WifiHealthMonitor.getWifiStackVersion(WifiHealthMonitor.java:365)
01-10 03:26:03.873 1136 2385 E WifiHealthMonitor: at com.android.server.wifi.WifiHealthMonitor.extractCurrentSoftwareBuildInfo(WifiHealthMonitor.java:586)
01-10 03:26:03.873 1136 2385 E WifiHealthMonitor: at com.android.server.wifi.WifiHealthMonitor.postBootSwBuildCheck(WifiHealthMonitor.java:521)
01-10 03:26:03.873 1136 2385 E WifiHealthMonitor: at com.android.server.wifi.WifiHealthMonitor.postBootDetectionHandler(WifiHealthMonitor.java:512)
01-10 03:26:03.873 1136 2385 E WifiHealthMonitor: at com.android.server.wifi.WifiHealthMonitor.access$500(WifiHealthMonitor.java:70)
01-10 03:26:03.873 1136 2385 E WifiHealthMonitor: at com.android.server.wifi.WifiHealthMonitor$2.onAlarm(WifiHealthMonitor.java:189)
01-10 03:26:03.873 1136 2385 E WifiHealthMonitor: at android.app.AlarmManager$ListenerWrapper.run(AlarmManager.java:323)
01-10 03:26:03.873 1136 2385 E WifiHealthMonitor: at android.os.Handler.handleCallback(Handler.java:938)
01-10 03:26:03.873 1136 2385 E WifiHealthMonitor: at android.os.Handler.dispatchMessage(Handler.java:99)
01-10 03:26:03.873 1136 2385 E WifiHealthMonitor: at android.os.Looper.loopOnce(Looper.java:201)
01-10 03:26:03.873 1136 2385 E WifiHealthMonitor: at android.os.Looper.loop(Looper.java:288)
01-10 03:26:03.873 1136 2385 E WifiHealthMonitor: at android.os.HandlerThread.run(HandlerThread.java:67)
01-10 03:26:03.874 1136 2385 W UnsafeUtil: platform method missing - proto runtime falling back to safer methods: java.lang.NoSuchMethodException: sun.misc.Unsafe.copyMemory [class java.lang.Object, long, class java.lang.Object, long, long]
01-10 03:26:03.877 1431 3502 D LOWI-9.0.0.87.a: [LOWI-Scan] wait_event:Wait done with Cmd 33
01-10 03:26:03.877 1431 3502 D LOWI-9.0.0.87.a: [LOWI-Scan] do_listen_events: Rcvd valid Netlink Cmd 0 Err 0
01-10 03:26:03.880 1136 2381 W BestClock: java.time.DateTimeException: Missing NTP fix
01-10 03:26:03.881 682 751 I netd : trafficSwapActiveStatsMap() <0.70ms>
01-10 03:26:03.889 3877 5057 I DpmTcmClient: RegisterTcmMonitor from: $Proxy2
01-10 03:26:03.891 682 5064 D resolv : GetAddrInfoHandler::run: {0 262144 0 983040 10036 0}
01-10 03:26:03.891 682 5064 D resolv : resolv_getaddrinfo: explore_fqdn(): ai_family=0 ai_socktype=1 ai_protocol=6
01-10 03:26:03.894 1136 2502 D PackageManager: Instant App installer not found with android.intent.action.INSTALL_INSTANT_APP_PACKAGE
01-10 03:26:03.895 1136 2502 D PackageManager: Clear ephemeral installer activity
01-10 03:26:03.895 1136 4884 W UriGrantsManagerService: No permission grants found for com.baidu.input
01-10 03:26:03.895 682 751 I netd : tetherGetStats() -> {[]} <5.47ms>
01-10 03:26:03.897 1136 4884 D PackageManager: Instant App installer not found with android.intent.action.INSTALL_INSTANT_APP_PACKAGE
01-10 03:26:03.897 1136 4884 D PackageManager: Clear ephemeral installer activity
01-10 03:26:03.897 1136 4884 D PackageManager: Instant App installer not found with android.intent.action.INSTALL_INSTANT_APP_PACKAGE
01-10 03:26:03.897 1136 4884 D PackageManager: Clear ephemeral installer activity
01-10 03:26:03.898 1136 4884 D PackageManager: Instant App installer not found with android.intent.action.INSTALL_INSTANT_APP_PACKAGE
01-10 03:26:03.898 1136 4884 D PackageManager: Clear ephemeral installer activity
01-10 03:26:03.898 1136 4884 D PackageManager: Instant App installer not found with android.intent.action.INSTALL_INSTANT_APP_PACKAGE
01-10 03:26:03.898 1136 4884 D PackageManager: Clear ephemeral installer activity
01-10 03:26:03.899 1136 4884 D PackageManager: Instant App installer not found with android.intent.action.INSTALL_INSTANT_APP_PACKAGE
01-10 03:26:03.899 1136 4884 D PackageManager: Clear ephemeral installer activity
01-10 03:26:03.900 1136 2381 W BestClock: java.time.DateTimeException: Missing NTP fix
01-10 03:26:03.900 1136 2381 I netstats_mobile_sample: [0,0,0,0,0,0,0,0,0,0,0,0,1673292363900]
01-10 03:26:03.900 1136 2381 I netstats_wifi_sample: [0,0,0,0,0,0,0,0,0,0,0,0,1673292363900]
01-10 03:26:03.900 1136 4884 D PackageManager: Instant App installer not found with android.intent.action.INSTALL_INSTANT_APP_PACKAGE
01-10 03:26:03.900 1136 4884 D PackageManager: Clear ephemeral installer activity
01-10 03:26:03.901 682 751 I netd : bandwidthSetGlobalAlert(2097152) <0.31ms>
01-10 03:26:03.902 1136 2502 D PackageManager: Instant App installer not found with android.intent.action.INSTALL_INSTANT_APP_PACKAGE
01-10 03:26:03.902 1136 2502 D PackageManager: Clear ephemeral installer activity
01-10 03:26:03.903 1136 2502 D PackageManager: Instant App installer not found with android.intent.action.INSTALL_INSTANT_APP_PACKAGE
01-10 03:26:03.903 1136 2502 D PackageManager: Clear ephemeral installer activity
01-10 03:26:03.903 1136 4884 D PackageManager: Instant App installer not found with android.intent.action.INSTALL_INSTANT_APP_PACKAGE
01-10 03:26:03.903 1136 4884 D PackageManager: Clear ephemeral installer activity
01-10 03:26:03.903 1136 2382 W BestClock: java.time.DateTimeException: Missing NTP fix
01-10 03:26:03.904 1136 4884 D PackageManager: Instant App installer not found with android.intent.action.INSTALL_INSTANT_APP_PACKAGE
01-10 03:26:03.904 1136 4884 D PackageManager: Clear ephemeral installer activity
01-10 03:26:03.904 1136 4884 D PackageManager: Instant App installer not found with android.intent.action.INSTALL_INSTANT_APP_PACKAGE
01-10 03:26:03.905 1136 4884 D PackageManager: Clear ephemeral installer activity
01-10 03:26:03.905 1136 2502 D PackageManager: Instant App installer not found with android.intent.action.INSTALL_INSTANT_APP_PACKAGE
01-10 03:26:03.905 1136 2502 D PackageManager: Clear ephemeral installer activity
01-10 03:26:03.905 1136 2382 W BestClock: java.time.DateTimeException: Missing NTP fix
01-10 03:26:03.906 1136 1598 D PackageManager: Instant App installer not found with android.intent.action.INSTALL_INSTANT_APP_PACKAGE
01-10 03:26:03.906 1136 1598 D PackageManager: Clear ephemeral installer activity
01-10 03:26:03.907 1136 1599 D PackageManager: Instant App installer not found with android.intent.action.INSTALL_INSTANT_APP_PACKAGE
01-10 03:26:03.907 1136 1599 D PackageManager: Clear ephemeral installer activity
01-10 03:26:03.908 1136 1598 D PackageManager: Instant App installer not found with android.intent.action.INSTALL_INSTANT_APP_PACKAGE
01-10 03:26:03.908 1136 1598 D PackageManager: Clear ephemeral installer activity
01-10 03:26:03.908 1136 1598 D PackageManager: Instant App installer not found with android.intent.action.INSTALL_INSTANT_APP_PACKAGE
01-10 03:26:03.908 1136 1598 D PackageManager: Clear ephemeral installer activity
01-10 03:26:03.909 1136 1598 D PackageManager: Instant App installer not found with android.intent.action.INSTALL_INSTANT_APP_PACKAGE
01-10 03:26:03.909 1136 1598 D PackageManager: Clear ephemeral installer activity
01-10 03:26:03.910 1136 1599 D PackageManager: Instant App installer not found with android.intent.action.INSTALL_INSTANT_APP_PACKAGE
01-10 03:26:03.910 1136 1599 D PackageManager: Clear ephemeral installer activity
01-10 03:26:03.911 1136 1598 D PackageManager: Instant App installer not found with android.intent.action.INSTALL_INSTANT_APP_PACKAGE
01-10 03:26:03.911 1136 1598 D PackageManager: Clear ephemeral installer activity
01-10 03:26:03.911 1136 1599 D PackageManager: Instant App installer not found with android.intent.action.INSTALL_INSTANT_APP_PACKAGE
01-10 03:26:03.911 1136 1599 D PackageManager: Clear ephemeral installer activity
01-10 03:26:03.912 1136 1598 D PackageManager: Instant App installer not found with android.intent.action.INSTALL_INSTANT_APP_PACKAGE
01-10 03:26:03.912 1136 1598 D PackageManager: Clear ephemeral installer activity
01-10 03:26:03.912 1136 1598 D PackageManager: Instant App installer not found with android.intent.action.INSTALL_INSTANT_APP_PACKAGE
01-10 03:26:03.912 1136 1598 D PackageManager: Clear ephemeral installer activity
01-10 03:26:03.913 1136 1598 D PackageManager: Instant App installer not found with android.intent.action.INSTALL_INSTANT_APP_PACKAGE
01-10 03:26:03.913 1136 1598 D PackageManager: Clear ephemeral installer activity
01-10 03:26:03.913 1136 1599 D PackageManager: Instant App installer not found with android.intent.action.INSTALL_INSTANT_APP_PACKAGE
01-10 03:26:03.913 1136 1599 D PackageManager: Clear ephemeral installer activity
01-10 03:26:03.914 1136 1599 D PackageManager: Instant App installer not found with android.intent.action.INSTALL_INSTANT_APP_PACKAGE
01-10 03:26:03.914 1136 1599 D PackageManager: Clear ephemeral installer activity
01-10 03:26:03.914 1136 1599 D PackageManager: Instant App installer not found with android.intent.action.INSTALL_INSTANT_APP_PACKAGE
01-10 03:26:03.914 1136 1599 D PackageManager: Clear ephemeral installer activity
01-10 03:26:03.915 1136 1599 D PackageManager: Instant App installer not found with android.intent.action.INSTALL_INSTANT_APP_PACKAGE
01-10 03:26:03.916 1136 1599 D PackageManager: Clear ephemeral installer activity
01-10 03:26:03.916 1136 1598 D PackageManager: Instant App installer not found with android.intent.action.INSTALL_INSTANT_APP_PACKAGE
01-10 03:26:03.917 1136 1598 D PackageManager: Clear ephemeral installer activity
01-10 03:26:03.917 1136 1598 D PackageManager: Instant App installer not found with android.intent.action.INSTALL_INSTANT_APP_PACKAGE
01-10 03:26:03.917 1136 1598 D PackageManager: Clear ephemeral installer activity
01-10 03:26:03.918 1136 1599 D PackageManager: Instant App installer not found with android.intent.action.INSTALL_INSTANT_APP_PACKAGE
01-10 03:26:03.918 1136 1599 D PackageManager: Clear ephemeral installer activity
01-10 03:26:03.918 1136 1599 D PackageManager: Instant App installer not found with android.intent.action.INSTALL_INSTANT_APP_PACKAGE
01-10 03:26:03.918 1136 1599 D PackageManager: Clear ephemeral installer activity
01-10 03:26:03.919 1136 1599 D PackageManager: Instant App installer not found with android.intent.action.INSTALL_INSTANT_APP_PACKAGE
01-10 03:26:03.919 1136 1599 D PackageManager: Clear ephemeral installer activity
01-10 03:26:03.922 1136 1598 D PackageManager: Instant App installer not found with android.intent.action.INSTALL_INSTANT_APP_PACKAGE
01-10 03:26:03.922 1136 1598 D PackageManager: Clear ephemeral installer activity
01-10 03:26:03.922 1136 1599 D PackageManager: Instant App installer not found with android.intent.action.INSTALL_INSTANT_APP_PACKAGE
01-10 03:26:03.922 1136 1599 D PackageManager: Clear ephemeral installer activity
01-10 03:26:03.923 1136 1599 D PackageManager: Instant App installer not found with android.intent.action.INSTALL_INSTANT_APP_PACKAGE
01-10 03:26:03.923 1136 1599 D PackageManager: Clear ephemeral installer activity
01-10 03:26:03.924 1136 1599 D PackageManager: Instant App installer not found with android.intent.action.INSTALL_INSTANT_APP_PACKAGE
01-10 03:26:03.924 1136 1599 D PackageManager: Clear ephemeral installer activity
01-10 03:26:03.925 1136 1598 D PackageManager: Instant App installer not found with android.intent.action.INSTALL_INSTANT_APP_PACKAGE
01-10 03:26:03.925 1136 1598 D PackageManager: Clear ephemeral installer activity
01-10 03:26:03.925 1136 1599 D PackageManager: Instant App installer not found with android.intent.action.INSTALL_INSTANT_APP_PACKAGE
01-10 03:26:03.925 1136 1599 D PackageManager: Clear ephemeral installer activity
01-10 03:26:03.927 1136 1599 D PackageManager: Instant App installer not found with android.intent.action.INSTALL_INSTANT_APP_PACKAGE
01-10 03:26:03.927 1136 1599 D PackageManager: Clear ephemeral installer activity
01-10 03:26:03.927 1136 4884 D PackageManager: Instant App installer not found with android.intent.action.INSTALL_INSTANT_APP_PACKAGE
01-10 03:26:03.927 1136 4884 D PackageManager: Clear ephemeral installer activity
01-10 03:26:03.928 1136 1598 D PackageManager: Instant App installer not found with android.intent.action.INSTALL_INSTANT_APP_PACKAGE
01-10 03:26:03.928 1136 1598 D PackageManager: Clear ephemeral installer activity
01-10 03:26:03.928 1136 4884 D PackageManager: Instant App installer not found with android.intent.action.INSTALL_INSTANT_APP_PACKAGE
01-10 03:26:03.928 1136 4884 D PackageManager: Clear ephemeral installer activity
01-10 03:26:03.929 1136 1599 D PackageManager: Instant App installer not found with android.intent.action.INSTALL_INSTANT_APP_PACKAGE
01-10 03:26:03.929 1136 1599 D PackageManager: Clear ephemeral installer activity
01-10 03:26:03.929 1136 2502 D PackageManager: Instant App installer not found with android.intent.action.INSTALL_INSTANT_APP_PACKAGE
01-10 03:26:03.929 1136 2502 D PackageManager: Clear ephemeral installer activity
01-10 03:26:03.930 1136 4884 D PackageManager: Instant App installer not found with android.intent.action.INSTALL_INSTANT_APP_PACKAGE
01-10 03:26:03.930 1136 4884 D PackageManager: Clear ephemeral installer activity
01-10 03:26:03.930 1136 4884 D PackageManager: Instant App installer not found with android.intent.action.INSTALL_INSTANT_APP_PACKAGE
01-10 03:26:03.930 1136 4884 D PackageManager: Clear ephemeral installer activity
01-10 03:26:03.932 1136 2502 D PackageManager: Instant App installer not found with android.intent.action.INSTALL_INSTANT_APP_PACKAGE
01-10 03:26:03.932 1136 2502 D PackageManager: Clear ephemeral installer activity
01-10 03:26:03.933 1136 4884 D PackageManager: Instant App installer not found with android.intent.action.INSTALL_INSTANT_APP_PACKAGE
01-10 03:26:03.933 1136 4884 D PackageManager: Clear ephemeral installer activity
01-10 03:26:03.933 1136 2502 D PackageManager: Instant App installer not found with android.intent.action.INSTALL_INSTANT_APP_PACKAGE
01-10 03:26:03.933 1136 2502 D PackageManager: Clear ephemeral installer activity
01-10 03:26:03.934 1136 4884 D PackageManager: Instant App installer not found with android.intent.action.INSTALL_INSTANT_APP_PACKAGE
01-10 03:26:03.934 1136 4884 D PackageManager: Clear ephemeral installer activity
01-10 03:26:03.936 1136 4884 D PackageManager: Instant App installer not found with android.intent.action.INSTALL_INSTANT_APP_PACKAGE
01-10 03:26:03.936 1136 4884 D PackageManager: Clear ephemeral installer activity
01-10 03:26:03.937 1136 4884 D PackageManager: Instant App installer not found with android.intent.action.INSTALL_INSTANT_APP_PACKAGE
01-10 03:26:03.937 1136 4884 D PackageManager: Clear ephemeral installer activity
01-10 03:26:03.937 1136 4884 D PackageManager: Instant App installer not found with android.intent.action.INSTALL_INSTANT_APP_PACKAGE
01-10 03:26:03.937 1136 4884 D PackageManager: Clear ephemeral installer activity
01-01 09:52:06.185 0 0 I [schedu][0x9f2c672b][03:26:03.924529] wlan: [3172:I:OSIF] scan start scan id 40964
01-10 03:26:03.938 1136 4884 D PackageManager: Instant App installer not found with android.intent.action.INSTALL_INSTANT_APP_PACKAGE
01-10 03:26:03.938 1136 4884 D PackageManager: Clear ephemeral installer activity
01-10 03:26:03.939 1136 4884 D PackageManager: Instant App installer not found with android.intent.action.INSTALL_INSTANT_APP_PACKAGE
01-10 03:26:03.939 1136 4884 D PackageManager: Clear ephemeral installer activity
01-10 03:26:03.939 1136 4884 D PackageManager: Instant App installer not found with android.intent.action.INSTALL_INSTANT_APP_PACKAGE
01-10 03:26:03.939 1136 4884 D PackageManager: Clear ephemeral installer activity
01-10 03:26:03.940 1136 4884 D PackageManager: Instant App installer not found with android.intent.action.INSTALL_INSTANT_APP_PACKAGE
01-10 03:26:03.940 1136 4884 D PackageManager: Clear ephemeral installer activity
01-10 03:26:03.940 1136 4884 D PackageManager: Instant App installer not found with android.intent.action.INSTALL_INSTANT_APP_PACKAGE
01-10 03:26:03.940 1136 4884 D PackageManager: Clear ephemeral installer activity
01-10 03:26:03.941 1136 4884 D PackageManager: Instant App installer not found with android.intent.action.INSTALL_INSTANT_APP_PACKAGE
01-10 03:26:03.941 1136 4884 D PackageManager: Clear ephemeral installer activity
01-10 03:26:03.941 1136 4884 D PackageManager: Instant App installer not found with android.intent.action.INSTALL_INSTANT_APP_PACKAGE
01-10 03:26:03.941 1136 4884 D PackageManager: Clear ephemeral installer activity
01-10 03:26:03.942 1136 4884 D PackageManager: Instant App installer not found with android.intent.action.INSTALL_INSTANT_APP_PACKAGE
01-10 03:26:03.942 1136 4884 D PackageManager: Clear ephemeral installer activity
01-10 03:26:03.943 1136 2502 D PackageManager: Instant App installer not found with android.intent.action.INSTALL_INSTANT_APP_PACKAGE
01-10 03:26:03.943 1136 2502 D PackageManager: Clear ephemeral installer activity
01-10 03:26:03.943 1136 2502 D PackageManager: Instant App installer not found with android.intent.action.INSTALL_INSTANT_APP_PACKAGE
01-10 03:26:03.943 1136 2502 D PackageManager: Clear ephemeral installer activity
01-10 03:26:03.944 1136 2502 D PackageManager: Instant App installer not found with android.intent.action.INSTALL_INSTANT_APP_PACKAGE
01-10 03:26:03.944 1136 2502 D PackageManager: Clear ephemeral installer activity
01-10 03:26:03.944 1136 2502 D PackageManager: Instant App installer not found with android.intent.action.INSTALL_INSTANT_APP_PACKAGE
01-10 03:26:03.944 1136 2502 D PackageManager: Clear ephemeral installer activity
01-10 03:26:03.945 1136 2502 D PackageManager: Instant App installer not found with android.intent.action.INSTALL_INSTANT_APP_PACKAGE
01-10 03:26:03.945 1136 2502 D PackageManager: Clear ephemeral installer activity
01-10 03:26:03.945 1136 2502 D PackageManager: Instant App installer not found with android.intent.action.INSTALL_INSTANT_APP_PACKAGE
01-10 03:26:03.945 1136 2502 D PackageManager: Clear ephemeral installer activity
01-10 03:26:03.946 1136 2502 D PackageManager: Instant App installer not found with android.intent.action.INSTALL_INSTANT_APP_PACKAGE
01-10 03:26:03.946 1136 2502 D PackageManager: Clear ephemeral installer activity
01-10 03:26:03.946 1136 2502 D PackageManager: Instant App installer not found with android.intent.action.INSTALL_INSTANT_APP_PACKAGE
01-10 03:26:03.946 1136 2502 D PackageManager: Clear ephemeral installer activity
01-10 03:26:03.947 1136 2502 D PackageManager: Instant App installer not found with android.intent.action.INSTALL_INSTANT_APP_PACKAGE
01-10 03:26:03.947 1136 2502 D PackageManager: Clear ephemeral installer activity
01-10 03:26:03.947 1136 2502 D PackageManager: Instant App installer not found with android.intent.action.INSTALL_INSTANT_APP_PACKAGE
01-10 03:26:03.947 1136 2502 D PackageManager: Clear ephemeral installer activity
01-10 03:26:03.948 1136 2502 D PackageManager: Instant App installer not found with android.intent.action.INSTALL_INSTANT_APP_PACKAGE
01-10 03:26:03.948 1136 2502 D PackageManager: Clear ephemeral installer activity
01-10 03:26:03.948 1136 2502 D PackageManager: Instant App installer not found with android.intent.action.INSTALL_INSTANT_APP_PACKAGE
01-10 03:26:03.948 1136 2502 D PackageManager: Clear ephemeral installer activity
01-10 03:26:03.949 1136 2502 D PackageManager: Instant App installer not found with android.intent.action.INSTALL_INSTANT_APP_PACKAGE
01-10 03:26:03.949 1136 2502 D PackageManager: Clear ephemeral installer activity
01-10 03:26:03.949 1136 2502 D PackageManager: Instant App installer not found with android.intent.action.INSTALL_INSTANT_APP_PACKAGE
01-10 03:26:03.949 1136 2502 D PackageManager: Clear ephemeral installer activity
01-10 03:26:03.950 1136 2502 D PackageManager: Instant App installer not found with android.intent.action.INSTALL_INSTANT_APP_PACKAGE
01-10 03:26:03.950 1136 2502 D PackageManager: Clear ephemeral installer activity
01-10 03:26:03.950 1136 2502 D PackageManager: Instant App installer not found with android.intent.action.INSTALL_INSTANT_APP_PACKAGE
01-10 03:26:03.950 1136 2502 D PackageManager: Clear ephemeral installer activity
01-10 03:26:03.951 1136 2502 D PackageManager: Instant App installer not found with android.intent.action.INSTALL_INSTANT_APP_PACKAGE
01-10 03:26:03.951 1136 2502 D PackageManager: Clear ephemeral installer activity
01-10 03:26:03.955 1136 2502 D PackageManager: Instant App installer not found with android.intent.action.INSTALL_INSTANT_APP_PACKAGE
01-10 03:26:03.955 1136 2502 D PackageManager: Clear ephemeral installer activity
01-10 03:26:04.009 3877 5066 I PullCloudConfig: attempt to use local cache due to network available
01-10 03:26:04.009 3877 3877 I gamesdk_start: initCmGameSdk version: 2.0.6_202108041119
01-10 03:26:04.013 3877 5066 I FileUtil: load json file length : 0
01-10 03:26:04.014 3514 3514 W hpplay-java: [main]:IPManager:getActiveNets invalid networkInfo:null
01-10 03:26:04.014 3514 3514 I hpplay-java: [main]:IPManager:getActiveNets eth0:false wifi:false mobile:false ap:false
01-10 03:26:04.015 3514 3514 I hpplay-java: [main]:ServerTaskManager:get local ip:null
01-10 03:26:04.064 682 5099 D resolv : GetAddrInfoHandler::run: {0 262144 0 983040 10036 0}
01-10 03:26:04.065 682 5099 D resolv : resolv_getaddrinfo: explore_fqdn(): ai_family=0 ai_socktype=1 ai_protocol=6
01-10 03:26:04.072 3877 5075 D CompatibilityChangeReporter: Compat change id reported: 160794467; UID 10036; state: DISABLED
01-10 03:26:04.079 1136 2502 D CompatibilityChangeReporter: Compat change id reported: 171306433; UID 10036; state: DISABLED
01-10 03:26:04.084 1136 1848 I commit_sys_config_file: [settings-3-0,11]
01-10 03:26:04.101 1136 1848 I commit_sys_config_file: [settings-1-0,15]
01-10 03:26:04.116 3877 5077 E ActivityThread: Failed to find provider info for telephony
01-10 03:26:04.158 3877 5077 I WebViewFactory: Loading com.android.webview version 91.0.4472.114 (code 447211453)
01-10 03:26:04.163 3877 5077 D nativeloader: classloader namespace configured for unbundled product apk. library_path=/product/app/webview/lib/arm64:/product/app/webview/webview.apk!/lib/arm64-v8a:/product/lib64:/system/product/lib64
01-10 03:26:04.208 3877 5118 I cr_VariationsUtils: Failed reading seed file "/data/user/0/com.baidu.input/app_webview/variations_seed_new"
01-10 03:26:04.209 3877 5118 I cr_VariationsUtils: Failed reading seed file "/data/user/0/com.baidu.input/app_webview/variations_seed"
01-10 03:26:04.211 3877 5118 I cr_VariationsUtils: Requesting new seed from IVariationsSeedServer
01-10 03:26:04.212 3877 5077 I cr_LibraryLoader: Loaded native library version number "91.0.4472.114"
01-10 03:26:04.212 3877 5077 W com.baidu.inpu: Accessing hidden field Ljava/util/Collections$SynchronizedCollection;->mutex:Ljava/lang/Object; (max-target-o, reflection, denied)
01-10 03:26:04.212 3877 5077 W com.baidu.inpu: Accessing hidden method Ljava/util/Collections$SynchronizedSet;->(Ljava/util/Set;Ljava/lang/Object;)V (max-target-o, reflection, denied)
01-10 03:26:04.212 3877 5077 W com.baidu.inpu: Accessing hidden method Ljava/util/Collections$SynchronizedCollection;->(Ljava/util/Collection;Ljava/lang/Object;)V (max-target-o, reflection, denied)
01-10 03:26:04.213 3877 5077 I cr_CachingUmaRecorder: Flushed 4 samples from 4 histograms.
01-10 03:26:04.216 1136 2502 I am_uid_running: 10074
01-10 03:26:04.217 1136 2502 D CompatibilityChangeReporter: Compat change id reported: 135634846; UID 10074; state: DISABLED
01-10 03:26:04.218 1136 1652 D CompatibilityChangeReporter: Compat change id reported: 143937733; UID 10074; state: ENABLED
01-10 03:26:04.248 686 686 D Zygote : Forked child process 5121
01-10 03:26:04.249 1136 1652 I am_proc_start: [0,5121,10074,com.android.webview:webview_service,service,{com.android.webview/org.chromium.android_webview.services.VariationsSeedServer}]
01-10 03:26:04.249 1136 1652 I ActivityManager: Start proc 5121:com.android.webview:webview_service/u0a74 for service {com.android.webview/org.chromium.android_webview.services.VariationsSeedServer}
01-10 03:26:04.276 5121 5121 W webview_servic: Using default instruction set features for ARM CPU variant (cortex-a9) using conservative defaults
01-10 03:26:04.292 4793 4801 I adbd : jdwp connection from 5121
01-01 09:52:06.560 0 0 I binder : 5121:5121 ioctl 40046210 ffae1a18 returned -22
01-10 03:26:04.305 5121 5121 D ProcessState: Binder ioctl to enable oneway spam detection failed: Invalid argument
01-10 03:26:04.311 1136 2502 I am_proc_bound: [0,5121,com.android.webview:webview_service]
01-10 03:26:04.313 1136 2502 D CompatibilityChangeReporter: Compat change id reported: 168419799; UID 10074; state: DISABLED
01-10 03:26:04.313 1136 2502 D CompatibilityInfo: mCompatibilityFlags - 4
01-10 03:26:04.313 1136 2502 D CompatibilityInfo: applicationDensity - 240
01-10 03:26:04.313 1136 2502 D CompatibilityInfo: applicationScale - 1.0
01-10 03:26:04.316 1136 2502 I am_uid_active: 10074
01-10 03:26:04.319 1136 2502 D CompatibilityInfo: mCompatibilityFlags - 4
01-10 03:26:04.320 1136 2502 D CompatibilityInfo: applicationDensity - 240
01-10 03:26:04.320 1136 2502 D CompatibilityInfo: applicationScale - 1.0
01-10 03:26:04.321 1136 2502 D CompatibilityInfo: mCompatibilityFlags - 4
01-10 03:26:04.321 1136 2502 D CompatibilityInfo: applicationDensity - 240
01-10 03:26:04.321 1136 2502 D CompatibilityInfo: applicationScale - 1.0
01-10 03:26:04.322 5121 5121 D CompatibilityChangeReporter: Compat change id reported: 171979766; UID 10074; state: ENABLED
01-10 03:26:04.332 5121 5121 D nativeloader: classloader namespace configured for unbundled product apk. library_path=/product/app/webview/lib/arm:/product/app/webview/webview.apk!/lib/armeabi-v7a:/product/lib:/system/product/lib
01-10 03:26:04.341 5121 5121 I Perf : Connecting to perf service.
01-10 03:26:04.347 5121 5121 V GraphicsEnvironment: ANGLE Developer option for 'com.android.webview' set to: 'default'
01-10 03:26:04.348 5121 5121 V GraphicsEnvironment: ANGLE GameManagerService for com.android.webview: false
01-10 03:26:04.350 5121 5121 D NetworkSecurityConfig: No Network Security Config specified, using platform default
01-10 03:26:04.351 5121 5121 D NetworkSecurityConfig: No Network Security Config specified, using platform default
01-10 03:26:04.392 5121 5146 I cr_VariationsUtils: Scheduling seed download job
01-10 03:26:04.396 1136 1599 D ConnectivityService: requestNetwork for uid/pid:1000/1136 asUid: 10074 activeRequest: null callbackRequest: 42 [NetworkRequest [ REQUEST id=43, [ Capabilities: INTERNET&NOT_RESTRICTED&TRUSTED&NOT_VCN_MANAGED Uid: 10074 RequestorUid: 1000 RequestorPkg: android] ]] callback flags: 0 priority: 2147483647
01-10 03:26:04.397 1136 2392 D ConnectivityService: NetReassign [no changes]
01-10 03:26:04.398 1136 2423 D Ethernet: got request NetworkRequest [ REQUEST id=43, [ Capabilities: INTERNET&NOT_RESTRICTED&TRUSTED&NOT_VCN_MANAGED Uid: 10074 RequestorUid: 1000 RequestorPkg: android] ]
01-10 03:26:04.398 1136 2385 D WifiNetworkFactory: got request NetworkRequest [ REQUEST id=43, [ Capabilities: INTERNET&NOT_RESTRICTED&TRUSTED&NOT_VCN_MANAGED Uid: 10074 RequestorUid: 1000 RequestorPkg: android] ]
01-10 03:26:04.398 1136 2385 D UntrustedWifiNetworkFactory: got request NetworkRequest [ REQUEST id=43, [ Capabilities: INTERNET&NOT_RESTRICTED&TRUSTED&NOT_VCN_MANAGED Uid: 10074 RequestorUid: 1000 RequestorPkg: android] ]
01-10 03:26:04.398 1136 2423 D EthernetNetworkFactory: acceptRequest, request: NetworkRequest [ REQUEST id=43, [ Capabilities: INTERNET&NOT_RESTRICTED&TRUSTED&NOT_VCN_MANAGED Uid: 10074 RequestorUid: 1000 RequestorPkg: android] ]
01-10 03:26:04.398 1136 2385 D OemPaidWifiNetworkFactory: got request NetworkRequest [ REQUEST id=43, [ Capabilities: INTERNET&NOT_RESTRICTED&TRUSTED&NOT_VCN_MANAGED Uid: 10074 RequestorUid: 1000 RequestorPkg: android] ]
01-10 03:26:04.399 1136 2423 I EthernetNetworkFactory: networkForRequest, request: NetworkRequest [ REQUEST id=43, [ Capabilities: INTERNET&NOT_RESTRICTED&TRUSTED&NOT_VCN_MANAGED Uid: 10074 RequestorUid: 1000 RequestorPkg: android] ], network: null
01-10 03:26:04.528 657 669 I mpu_uart: [MSG-P:RECV]:No message received in 1000 ms
01-10 03:26:04.657 2875 2875 D RemoteControlService: startVlanDispatchThread
01-10 03:26:05.005 1136 1912 I input_interaction: Interaction with: b8573d5 NavigationBar0 (server), edge-swipe (server), swipe-up (server), PointerEventDispatcher0 (server),
01-10 03:26:05.017 3514 3514 W hpplay-java: [main]:IPManager:getActiveNets invalid networkInfo:null
01-10 03:26:05.017 3514 3514 I hpplay-java: [main]:IPManager:getActiveNets eth0:false wifi:false mobile:false ap:false
01-10 03:26:05.017 3514 3514 I hpplay-java: [main]:ServerTaskManager:get local ip:null
01-10 03:26:05.019 1136 1136 I service_manager_slow: [12,phone]
01-10 03:26:05.024 990 990 D vendor.qti.vibrator: Vibrator perform effect 0
01-10 03:26:05.025 990 990 D vendor.qti.vibrator: Vibrator on for timeoutMs: 10
01-10 03:26:05.026 990 5149 D vendor.qti.vibrator: Starting on on another thread
01-10 03:26:05.034 990 990 D vendor.qti.vibrator: QTI Vibrator off
01-10 03:26:05.036 990 5149 D vendor.qti.vibrator: Notifying on complete
01-10 03:26:05.062 990 990 D vendor.qti.vibrator: Vibrator on for timeoutMs: 30
01-10 03:26:05.064 990 5150 D vendor.qti.vibrator: Starting on on another thread
01-10 03:26:05.094 990 5150 D vendor.qti.vibrator: Notifying on complete
01-10 03:26:05.095 990 990 D vendor.qti.vibrator: QTI Vibrator off
01-10 03:26:05.097 1431 3502 D LOWI-9.0.0.87.a: [LOWI-Scan] wait_event:Wait done with Cmd 34
01-10 03:26:05.098 1431 3502 D LOWI-9.0.0.87.a: [LOWI-Scan] do_listen_events: Rcvd valid Netlink Cmd 34 Err 0
01-10 03:26:05.101 1136 2502 D WifiNl80211Manager: Scan result ready event
01-10 03:26:05.101 1136 2502 D WifiNative: Scan result ready event
01-10 03:26:05.104 1431 3502 D LOWI-9.0.0.87.a: [LOWI-Scan]
01-10 03:26:05.104 1431 3502 D LOWI-9.0.0.87.a: [LOWI-Scan] print_bss_handler: Report Probe TSF 111265925 as it greater than Beacon TSF 111250631
01-10 03:26:05.104 1431 3502 D LOWI-9.0.0.87.a: [LOWI-Scan] is_qcom_ie, bss_age: 0
01-10 03:26:05.104 1431 3502 D LOWI-9.0.0.87.a: [LOWI-Scan] BSS 38:a9:1c:35:03:6f LOWI_PHY_MODE_11AC_VHT80(10), Beacon Interval: 100, LOWI_ENCRYPTION_TYPE_OPEN 11mcRanging: No, ANQP: No, LCI: No, Civic: No, capability(0x0501): ESS SpectrumMgmt ShortSlotTime
01-10 03:26:05.104 1431 3502 D LOWI-9.0.0.87.a: [LOWI-Scan] BSS 38:a9:1c:35:03:6f FREQ: 5180, cFreq1[40:80:160] = [5190:5210:0] cFreq2 = 0 Country Code = US
01-10 03:26:05.104 1431 3502 D LOWI-9.0.0.87.a: [LOWI-Scan] BSS 38:a9:1c:35:03:6f (wlan0) ASSO: NO AddInfo: 0x0, TSF 0, 00:01:51.265, RSSI: -150, CPL: 127, AGE: 6616, SSID , TSFDelta: 0xb28138bf, TXRate: 0
01-10 03:26:05.112 1431 3502 D LOWI-9.0.0.87.a: [LOWI-Scan]
01-10 03:26:05.112 1431 3502 D LOWI-9.0.0.87.a: [LOWI-Scan] print_bss_handler: Report beacon TSF 116755649 as it greater than probe TSF 116754681
