01-10 03:25:24.905 2456 2456 D SystemUIBootTiming: StartServicescom.android.systemui.util.leak.GarbageMonitor$Service took to complete: 1ms
01-10 03:25:24.905 2456 2456 D SystemUIBootTiming: StartServicescom.android.systemui.LatencyTester took to complete: 0ms
01-10 03:25:24.907 2456 2456 D SystemUIBootTiming: StartServicescom.android.systemui.globalactions.GlobalActionsComponent took to complete: 2ms
01-10 03:25:24.910 2456 2456 D SystemUIBootTiming: StartServicescom.android.systemui.ScreenDecorations took to complete: 2ms
01-10 03:25:24.917 2456 2456 D SystemUIBootTiming: StartServicescom.android.systemui.biometrics.AuthController took to complete: 7ms
01-10 03:25:24.917 2456 2456 D SystemUIBootTiming: StartServicescom.android.systemui.SliceBroadcastRelayHandler took to complete: 0ms
01-10 03:25:24.919 2456 2456 D SystemUIBootTiming: StartServicescom.android.systemui.statusbar.notification.InstantAppNotifier took to complete: 2ms
01-10 03:25:24.921 2456 2456 D SystemUIBootTiming: StartServicescom.android.systemui.theme.ThemeOverlayController took to complete: 2ms
01-10 03:25:24.921 2456 2456 D SystemUIBootTiming: StartServicescom.android.systemui.accessibility.WindowMagnification took to complete: 0ms
01-10 03:25:24.927 1136 1652 W ActivityManager: Slow operation: 101ms so far, now at startProcess: returned from zygote!
01-10 03:25:24.928 1136 1652 W ActivityManager: Slow operation: 101ms so far, now at startProcess: done updating battery stats
01-10 03:25:24.928 1136 1652 I am_proc_start: [0,3066,1000,com.android.settings,top-activity,{com.android.settings/com.android.settings.FallbackHome}]
01-10 03:25:24.928 1136 1652 W ActivityManager: Slow operation: 101ms so far, now at startProcess: building log message
01-10 03:25:24.928 1136 1652 I ActivityManager: Start proc 3066:com.android.settings/1000 for top-activity {com.android.settings/com.android.settings.FallbackHome}
01-10 03:25:24.928 1136 1652 W ActivityManager: Slow operation: 102ms so far, now at startProcess: starting to update pids map
01-10 03:25:24.928 1136 1652 W ActivityManager: Slow operation: 102ms so far, now at startProcess: done updating pids map
01-10 03:25:24.928 1136 1652 W ActivityManager: Slow operation: 87ms so far, now at startProcess: asking zygote to start proc
01-10 03:25:24.928 1136 1652 D CompatibilityChangeReporter: Compat change id reported: 143937733; UID 10095; state: ENABLED
01-10 03:25:24.928 1136 1652 W ActivityManager: com.qualcomm.qti.qccauthmgr inode == 0 (b/152760674)
01-10 03:25:24.930 2456 2456 D SystemUIBootTiming: StartServicescom.android.systemui.accessibility.SystemActions took to complete: 9ms
01-10 03:25:24.934 2456 2456 D SystemUIBootTiming: StartServicescom.android.systemui.toast.ToastUI took to complete: 0ms
01-10 03:25:24.935 2456 2456 D SystemUIBootTiming: StartServicescom.android.systemui.wmshell.WMShell took to complete: 1ms
01-10 03:25:24.949 1136 1136 I PackageWatchdog: Syncing health check requests for packages: {}
01-10 03:25:24.949 1136 1136 I ExplicitHealthCheckController: Service not ready to get health check supported packages. Binding...
01-10 03:25:24.950 1136 1136 I ExplicitHealthCheckController: Explicit health check service is bound
01-10 03:25:24.961 1136 1848 I commit_sys_config_file: [settings-2-0,5]
01-10 03:25:24.965 1136 1652 W ActivityManager: Slow operation: 123ms so far, now at startProcess: returned from zygote!
01-10 03:25:24.965 1136 1652 W ActivityManager: Slow operation: 124ms so far, now at startProcess: done updating battery stats
01-10 03:25:24.965 1136 1652 I am_proc_start: [0,3067,10095,com.qualcomm.qti.qccauthmgr,content provider,{com.qualcomm.qti.qccauthmgr/com.qualcomm.qti.qccauthmgr.providers.SMQContentProvider}]
01-10 03:25:24.965 1136 1652 W ActivityManager: Slow operation: 124ms so far, now at startProcess: building log message
01-10 03:25:24.965 1136 1652 I ActivityManager: Start proc 3067:com.qualcomm.qti.qccauthmgr/u0a95 for content provider {com.qualcomm.qti.qccauthmgr/com.qualcomm.qti.qccauthmgr.providers.SMQContentProvider}
01-10 03:25:24.965 1136 1652 W ActivityManager: Slow operation: 124ms so far, now at startProcess: starting to update pids map
01-10 03:25:24.965 1136 1652 W ActivityManager: Slow operation: 124ms so far, now at startProcess: done updating pids map
01-10 03:25:24.989 1136 1136 I notification_enqueue: [10087,2456,com.android.systemui,1,empty_media,0,Notification(channel=empty_media_style_id shortcut=null contentView=null vibrate=null sound=null defaults=0x0 flags=0x20 color=0x00000000 category=transport actions=4 vis=PRIVATE),0]
01-01 09:51:27.255 0 0 I binder : 3058:3058 ioctl 40046210 7fe87a7184 returned -22
01-10 03:25:24.998 1136 1136 D BluetoothManagerService: Bluetooth Adapter name changed to QCOM-BTD by android
01-10 03:25:24.998 1136 1136 D BluetoothManagerService: Stored Bluetooth name: QCOM-BTD
01-10 03:25:24.999 2456 2456 D SystemUIBootTiming: StartServicescom.android.systemui.ShowWindowUtil took to complete: 64ms
01-10 03:25:25.002 1136 1136 D BiometricScheduler/Fingerprint21: [Added] {[0] FingerprintUpdateActiveUserClient, proto=1, owner=android, cookie=0, requestId=-1, userId=0}, new queue size: 1
01-01 09:51:27.264 0 0 I binder : 3066:3066 ioctl 40046210 7fe87a7184 returned -22
01-10 03:25:25.002 1136 1136 D BiometricScheduler/Fingerprint21: [Polled] {[0] FingerprintUpdateActiveUserClient, proto=1, owner=android, cookie=0, requestId=-1, userId=0}, State: 0
01-10 03:25:25.002 1136 1136 D BiometricScheduler/Fingerprint21: [Starting] {[0] FingerprintUpdateActiveUserClient, proto=1, owner=android, cookie=0, requestId=-1, userId=0}, State: 0
01-01 09:51:27.267 0 0 D qbt : qbt_open: entry minor_no=0 fd_available=1
01-01 09:51:27.267 0 0 D qbt : qbt_open: exit : 0 fd_available=0
01-01 09:51:27.267 0 0 D qbt : qbt_open: entry minor_no=1 fd_available=0
01-01 09:51:27.267 0 0 D qbt : qbt_open: exit : 0 fd_available=0
01-01 09:51:27.267 0 0 D qbt : qbt_ioctl: cmd received 107
01-01 09:51:27.267 0 0 D qbt : qbt_ioctl: Acquiring wakelock
01-10 03:25:25.002 1136 1136 D BiometricScheduler/Fingerprint21: [Started] {[0] FingerprintUpdateActiveUserClient, proto=1, owner=android, cookie=0, requestId=-1, userId=0}
01-10 03:25:25.004 1136 1822 I am_proc_bound: [0,3058,com.thundercomm.gamemode.provider]
01-10 03:25:25.005 1136 1822 D CompatibilityChangeReporter: Compat change id reported: 168419799; UID 10073; state: DISABLED
01-10 03:25:25.012 1136 1822 I am_proc_bound: [0,3066,com.android.settings]
01-10 03:25:25.019 1136 1822 I wm_restart_activity: [0,259361441,8,com.android.settings/.FallbackHome]
01-10 03:25:25.019 2456 2456 D SystemUIBootTiming: StartServices took to complete: 1527ms
01-10 03:25:25.020 1136 1822 I wm_set_resumed_activity: [0,com.android.settings/.FallbackHome,minimalResumeActivityLocked]
01-01 09:51:27.313 0 0 W QSEECOM : qseecom_load_app: App (fingerpr) does'nt exist, loading apps for first time
01-01 09:51:27.320 0 0 I binder : 3067:3067 ioctl 40046210 7fe87a7184 returned -22
01-01 09:51:27.331 0 0 W F2FS-fs (dm-10): Unexpected flush for atomic writes: ino=1770, npages=3
01-10 03:25:25.073 1136 2535 I am_proc_bound: [0,3067,com.qualcomm.qti.qccauthmgr]
01-10 03:25:25.074 1136 2535 D CompatibilityChangeReporter: Compat change id reported: 168419799; UID 10095; state: DISABLED
01-10 03:25:25.076 1136 2535 I am_uid_active: 10095
01-10 03:25:25.088 1136 1848 I commit_sys_config_file: [settings-1-0,10]
01-10 03:25:25.130 1136 2950 I dvm_lock_sample: [system_server,1,Binder:1136_9,6,WindowManagerService.java,1483,int com.android.server.wm.WindowManagerService.addWindow(com.android.server.wm.Session, android.view.IWindow, android.view.WindowManager$LayoutParams, int, int, int, android.view.InsetsState, android.view.InputChannel, android.view.InsetsState, android.view.InsetsSourceControl[]),-,4097,void com.android.server.wm.WindowManagerService.updateRotationUnchecked(boolean, boolean),1]
01-10 03:25:25.152 1136 2535 I am_wtf : [0,3066,com.android.settings,952647173,RoleParser,com.android.permissioncontroller.role.model.AssistantRoleBehavior]
01-10 03:25:25.155 1136 2535 I am_wtf : [0,3066,com.android.settings,952647173,RoleParser,com.android.permissioncontroller.role.model.BrowserRoleBehavior]
01-10 03:25:25.156 1136 3041 I am_wtf : [0,3066,com.android.settings,952647173,RoleParser,com.android.permissioncontroller.role.model.DialerRoleBehavior]
01-10 03:25:25.158 1136 1635 E BluetoothManagerService: MESSAGE_TIMEOUT_BIND
01-10 03:25:25.158 1136 1635 D BluetoothManagerService: Current user: 0
01-10 03:25:25.158 1136 1635 E BluetoothManagerService: Trying to Bind again
01-10 03:25:25.158 1136 1635 D BluetoothManagerService: binding Bluetooth service
01-01 09:51:27.420 0 0 W QSEECOM : qseecom_load_app: App with id 7 (fingerpr) now loaded
01-10 03:25:25.159 1136 1635 D BluetoothManagerService: Binding BT service. Current user: 0
01-10 03:25:25.164 1136 2535 I am_wtf : [0,3066,com.android.settings,952647173,RoleParser,com.android.permissioncontroller.role.model.SmsRoleBehavior]
01-10 03:25:25.166 1136 2535 I am_wtf : [0,3066,com.android.settings,952647173,RoleParser,com.android.permissioncontroller.role.model.EmergencyRoleBehavior]
01-10 03:25:25.168 1136 3041 I am_wtf : [0,3066,com.android.settings,952647173,RoleParser,com.android.permissioncontroller.role.model.HomeRoleBehavior]
01-10 03:25:25.171 1136 3041 I am_wtf : [0,3066,com.android.settings,952647173,RoleParser,com.android.permissioncontroller.role.model.SystemAutomotiveClusterRoleBehavior]
01-10 03:25:25.177 1136 2950 I am_wtf : [0,3066,com.android.settings,952647173,RoleParser,com.android.permissioncontroller.role.model.CompanionDeviceWatchRoleBehavior]
01-10 03:25:25.179 1136 3041 I am_wtf : [0,3066,com.android.settings,952647173,RoleParser,com.android.permissioncontroller.role.model.SystemShellRoleBehavior]
01-10 03:25:25.181 1136 3041 I am_wtf : [0,3066,com.android.settings,952647173,RoleParser,com.android.permissioncontroller.role.model.TelevisionRoleBehavior]
01-10 03:25:25.184 1136 3041 I am_wtf : [0,3066,com.android.settings,952647173,RoleParser,com.android.permissioncontroller.role.model.TelevisionRoleBehavior]
01-01 09:51:27.445 0 0 W F2FS-fs (dm-10): Unexpected flush for atomic writes: ino=1774, npages=3
01-10 03:25:25.200 1136 1848 I commit_sys_config_file: [settings-2-0,1]
01-10 03:25:25.208 1136 3041 D CompatibilityChangeReporter: Compat change id reported: 171306433; UID 1000; state: ENABLED
01-01 09:51:27.476 0 0 D cnss : MHI status cb is called with reason MISSION_MODE(6)
01-01 09:51:27.476 0 0 D cnss : Completed event: IDLE_RESTART(13), state: 0x140, ret: 0/0
01-01 09:51:27.476 0 0 D cnss : PM relax, state: 0x140, count: 0
01-10 03:25:25.223 3066 3066 I wm_on_create_called: [259361441,com.android.settings.FallbackHome,performCreate]
01-10 03:25:25.224 3066 3066 I wm_on_start_called: [259361441,com.android.settings.FallbackHome,handleStartActivity]
01-10 03:25:25.225 3066 3066 I wm_on_resume_called: [259361441,com.android.settings.FallbackHome,RESUME_ACTIVITY]
01-10 03:25:25.245 3066 3066 I wm_on_top_resumed_gained_called: [259361441,com.android.settings.FallbackHome,topStateChangedWhenResumed]
01-01 09:51:27.499 0 0 E register_client_adhoc: find path.src 1 dest 589
01-01 09:51:27.499 0 0 E register_client_adhoc: Failed to find path.src 1 dest 589
01-01 09:51:27.507 0 0 E : [drm:dp_display_init_aux_switch][msm-dp-err][739 ]failed to register notifier (-22)
01-10 03:25:25.265 1136 1637 I input_focus: [Focus request 36a68e4 com.android.settings/com.android.settings.FallbackHome,reason=UpdateInputWindows]
01-01 09:51:27.540 0 0 E swr-wcd rx_swr_ctrl: swrm_get_logical_dev_num: device 0xd01170224 is not ready
01-01 09:51:27.548 0 0 E swr_get_logical_dev_num: Error -22 to get logical addr for device d01170224
01-01 09:51:27.559 0 0 E swr-wcd rx_swr_ctrl: swrm_get_logical_dev_num: device 0xd01170224 is not ready
01-01 09:51:27.568 0 0 E swr_get_logical_dev_num: Error -22 to get logical addr for device d01170224
01-01 09:51:27.572 0 0 I binder : 3066:3125 ioctl 40046210 74fdd171f4 returned -22
01-10 03:25:25.332 1136 1848 I commit_sys_config_file: [settings-1-0,8]
01-01 09:51:27.577 0 0 E swr-wcd rx_swr_ctrl: swrm_get_logical_dev_num: device 0xd01170224 is not ready
01-01 09:51:27.585 0 0 E swr_get_logical_dev_num: Error -22 to get logical addr for device d01170224
01-01 09:51:27.594 0 0 E swr-wcd rx_swr_ctrl: swrm_get_logical_dev_num: device 0xd01170224 is not ready
01-01 09:51:27.602 0 0 E swr_get_logical_dev_num: Error -22 to get logical addr for device d01170224
01-01 09:51:27.612 0 0 E swr-wcd rx_swr_ctrl: swrm_get_logical_dev_num: device 0xd01170224 is not ready
01-10 03:25:25.360 1136 1636 I wm_destroy_activity: [0,196879829,7,com.android.settings/.CryptKeeper,finish-transit]
01-10 03:25:25.366 1136 1636 I ActivityManagerTiming: FinishBooting
01-10 03:25:25.366 1136 1636 I boot_progress_enable_screen: 78144
01-01 09:51:27.621 0 0 E swr_get_logical_dev_num: Error -22 to get logical addr for device d01170224
01-01 09:51:27.625 0 0 W QSEECOM : __qseecom_unload_app: App (7) is unloaded
01-01 09:51:27.629 0 0 E wcd938x_codec wcd938x-codec: wcd938x_bind: Slave bind failed, ret = -517
01-10 03:25:25.368 1136 1636 I screen_toggled: 1
01-10 03:25:25.369 2947 2947 I wm_on_destroy_called: [196879829,com.android.settings.CryptKeeper,performDestroy]
01-10 03:25:25.373 1136 1822 I wm_task_removed: [7,cleanUpResourcesForDestroy]
01-10 03:25:25.373 1136 1822 I wm_task_removed: [7,removeChild:removeChild last r=ActivityRecord{bbc25d5 u0 com.android.settings/.CryptKeeper t-1 f}} in t=Task{eeb313e #7 type=home A=1000:com.android.settings.CryptKeeper U=0 visible=false mode=fullscreen translucent=true sz=0}]
01-10 03:25:25.373 1136 1822 I wm_task_removed: [7,removeChild]
01-01 09:51:27.640 0 0 D qbt : qbt_release: entry minor_no=0 fd_available=0
01-01 09:51:27.640 0 0 D qbt : qbt_release: Releasing wakelock
01-01 09:51:27.640 0 0 D qbt : qbt_release: exit : fd_available=1
01-01 09:51:27.640 0 0 D qbt : qbt_release: entry minor_no=1 fd_available=1
01-01 09:51:27.640 0 0 D qbt : qbt_release: exit : fd_available=1
01-10 03:25:25.379 1136 1136 W Looper : Slow dispatch took 378ms main h=android.os.Handler c=com.android.server.biometrics.sensors.fingerprint.hidl.Fingerprint21$$ExternalSyntheticLambda2@b471503 m=0
01-10 03:25:25.379 1136 1136 D BiometricScheduler/Fingerprint21: [Added] {[1] FingerprintUpdateActiveUserClient, proto=1, owner=android, cookie=0, requestId=-1, userId=0}, new queue size: 1
01-10 03:25:25.380 1136 1136 V BiometricScheduler/Fingerprint21: Not idle, current operation: {[0] FingerprintUpdateActiveUserClient, proto=1, owner=android, cookie=0, requestId=-1, userId=0}, State: 2
01-10 03:25:25.380 1136 1136 D BiometricScheduler/Fingerprint21: [Added] {[2] FingerprintInternalCleanupClient, proto=7, owner=android, cookie=0, requestId=-1, userId=0}, new queue size: 2
01-10 03:25:25.380 1136 1136 V BiometricScheduler/Fingerprint21: Not idle, current operation: {[0] FingerprintUpdateActiveUserClient, proto=1, owner=android, cookie=0, requestId=-1, userId=0}, State: 2
01-10 03:25:25.384 1136 1136 D BluetoothManagerService: BluetoothServiceConnection: com.android.bluetooth.btservice.AdapterService
01-10 03:25:25.384 1136 1635 D BluetoothManagerService: MESSAGE_BLUETOOTH_SERVICE_CONNECTED: 1
01-10 03:25:25.384 2456 2557 W ActivityThread: Failed to find provider info for com.android.contacts (user not unlocked)
01-10 03:25:25.391 1136 1635 D BluetoothManagerService: MESSAGE_GET_NAME_AND_ADDRESS
01-10 03:25:25.393 1136 1635 D BluetoothManagerService: Stored Bluetooth name: QCOM-BTD
01-10 03:25:25.393 1136 1635 D BluetoothManagerService: MESSAGE_INFORM_ADAPTER_SERVICE_UP
01-10 03:25:25.393 1136 1635 D BluetoothManagerService: Broadcasting onBluetoothServiceUp() to 3 receivers.
01-10 03:25:25.396 1136 1635 D BluetoothManagerService: MESSAGE_BLUETOOTH_STATE_CHANGE: OFF > BLE_TURNING_ON
01-10 03:25:25.396 1136 1635 D BluetoothManagerService: Sending BLE State Change: OFF > BLE_TURNING_ON
01-01 09:51:27.669 0 0 D cnss : WLFW server arriving: node 7 port 1
01-01 09:51:27.669 0 0 D cnss : Posting event: SERVER_ARRIVE(0), state: 0x140 flags: 0x0
01-01 09:51:27.669 0 0 D cnss : PM stay awake, state: 0x140, count: 1
01-01 09:51:27.669 0 0 D cnss : PM relax, state: 0x140, count: 0
01-01 09:51:27.669 0 0 D cnss : PM stay awake, state: 0x140, count: 1
01-01 09:51:27.669 0 0 D cnss : Processing driver event: SERVER_ARRIVE(0), state: 0x140
01-01 09:51:27.669 0 0 I cnss : QMI WLFW service connected, state: 0x141
01-01 09:51:27.669 0 0 D cnss : Sending indication register message, state: 0x141
01-10 03:25:25.418 1136 1822 D CompatibilityChangeReporter: Compat change id reported: 168419799; UID 1002; state: DISABLED
01-01 09:51:27.679 0 0 D cnss : Sending host capability message, state: 0x141
01-01 09:51:27.679 0 0 D cnss : Number of clients is 2
01-01 09:51:27.679 0 0 D cnss : Assign MSI to user: WAKE, num_vectors: 1, user_base_data: 813, base_vector: 13
01-01 09:51:27.679 0 0 D cnss : WAKE MSI base data is 813
01-01 09:51:27.679 0 0 D cnss : Calibration done is 1
01-01 09:51:27.679 0 0 D cnss : Sending iova starting 0xa0000000 with size 0x10010000
01-01 09:51:27.682 0 0 D cnss : PM relax, state: 0x141, count: 0
01-10 03:25:25.424 2456 2557 W ActivityThread: Failed to find provider info for com.android.contacts (user not unlocked)
01-10 03:25:25.435 2456 2696 W ActivityThread: Failed to find provider info for com.android.contacts (user not unlocked)
01-01 09:51:27.695 0 0 I cnss-daemon: pm_release_vote: pm_handle is NULL
01-01 09:51:27.695 0 0 I cnss-daemon: pm_release_vote: pm_handle is NULL
01-01 09:51:27.695 0 0 I cnss-daemon: wlfw_build_cal_table: not read /data/vendor/wifi/wlfw_cal_00.bin
01-01 09:51:27.704 0 0 D cnss : Received QMI WLFW request memory indication
01-01 09:51:27.704 0 0 D cnss : FW requests for memory, size: 0x5e0000, type: 1
01-01 09:51:27.704 0 0 D cnss : FW requests for memory, size: 0xd8000, type: 4
01-01 09:51:27.704 0 0 D cnss : Posting event: REQUEST_MEM(2), state: 0x141 flags: 0x0
01-01 09:51:27.704 0 0 D cnss : PM stay awake, state: 0x141, count: 1
01-01 09:51:27.704 0 0 D cnss : PM relax, state: 0x141, count: 0
01-01 09:51:27.704 0 0 D cnss : PM stay awake, state: 0x141, count: 1
01-01 09:51:27.704 0 0 D cnss : Processing driver event: REQUEST_MEM(2), state: 0x141
01-01 09:51:27.704 0 0 D cnss : Sending respond memory message, state: 0x141
01-01 09:51:27.704 0 0 D cnss : Memory for FW, va: 0xffffff8025303000, pa: 0x00000000a1000000, size: 0x5e0000, type: 1
01-01 09:51:27.704 0 0 D cnss : Memory for FW, va: 0xffffff8020efa000, pa: 0x00000000a1600000, size: 0xd8000, type: 4
01-01 09:51:27.708 0 0 D cnss : PM relax, state: 0x141, count: 0
01-01 09:51:27.710 0 0 D cnss : Received QMI WLFW FW memory ready indication
01-01 09:51:27.710 0 0 D cnss : Posting event: FW_MEM_READY(3), state: 0x141 flags: 0x0
01-01 09:51:27.710 0 0 D cnss : PM stay awake, state: 0x141, count: 1
01-01 09:51:27.710 0 0 D cnss : PM relax, state: 0x141, count: 0
01-01 09:51:27.710 0 0 D cnss : PM stay awake, state: 0x141, count: 1
01-01 09:51:27.710 0 0 D cnss : Processing driver event: FW_MEM_READY(3), state: 0x141
01-01 09:51:27.710 0 0 D cnss : Sending target capability message, state: 0x143
01-01 09:51:27.722 0 0 D cnss : Voltage for CPR: 948mV
01-01 09:51:27.722 0 0 D cnss : Update TCS CMD data address 0x000000000b2e5844 with voltage 950mV
01-01 09:51:27.722 0 0 D cnss : Device frequency is 24000000 HZ
01-01 09:51:27.722 0 0 D cnss : Target capability: chip_id: 0x0, chip_family: 0xb, board_id: 0xff, soc_id: 0xffffffff, fw_version: 0x101a0521, fw_build_timestamp: 2021-12-20 07:54, fw_build_id: QC_IMAGE_VERSION_STRING=WLAN.HST.1.0.1.r1-01313-QCAHSTSWPL_SILICONZ-1, otp_version: 0x0
01-01 09:51:27.722 0 0 D cnss : Sending BDF download message, state: 0x143, type: 4
01-01 09:51:27.722 0 0 D cnss : FW name added with prefix: qca6390/regdb.bin
01-01 09:51:27.723 0 0 W cnss2 b0000000.qcom,cnss-qca6390: Falling back to syfs fallback for: qca6390/regdb.bin
01-01 09:51:27.742 0 0 E bt_ioctl: BT_CMD_PWR_CTRL pwr_cntrl:0
01-01 09:51:27.746 0 0 I ueventd : firmware: loading 'qca6390/regdb.bin' for '/devices/platform/soc/b0000000.qcom,cnss-qca6390/firmware/qca6390!regdb.bin'
01-01 09:51:27.747 0 0 E bt_ioctl: BT state already:0 no change done
01-01 09:51:27.748 0 0 E ueventd : firmware: could not find firmware for qca6390/regdb.bin
01-01 09:51:27.754 0 0 E bt_ioctl: BT_CMD_PWR_CTRL pwr_cntrl:1
01-01 09:51:27.762 0 0 E ueventd : firmware: attempted /etc/firmware/qca6390/regdb.bin, open failed: No such file or directory
01-10 03:25:25.524 1136 1136 I ConnectivityModuleConnector: Networking module service connected
01-01 09:51:27.769 0 0 I bt_power vendor: bt_qca6390: Linked as a consumer to regulator.9
01-01 09:51:27.777 0 0 E ueventd : firmware: attempted /odm/firmware/qca6390/regdb.bin, open failed: No such file or directory
01-01 09:51:27.777 0 0 E bt_vreg_enable: vreg_en successful for : qca,bt-vdd-aon
01-01 09:51:27.787 0 0 E ueventd : firmware: attempted /vendor/firmware/qca6390/regdb.bin, open failed: No such file or directory
01-01 09:51:27.787 0 0 E ueventd : firmware: attempted /firmware/image/qca6390/regdb.bin, open failed: No such file or directory
01-01 09:51:27.787 0 0 E ueventd : firmware: attempted /vendor/firmware_mnt/image/qca6390/regdb.bin, open failed: No such file or directory
01-01 09:51:27.787 0 0 I ueventd : loading /devices/platform/soc/b0000000.qcom,cnss-qca6390/firmware/qca6390!regdb.bin took 41ms
01-01 09:51:27.789 0 0 E cnss : Failed to load BDF: qca6390/regdb.bin
01-10 03:25:25.538 1136 1635 I commit_sys_config_file: [jobs,2]
01-10 03:25:25.541 1136 1136 I SystemServerTiming: ManagedServices.unbindOtherUserServices_current0
01-10 03:25:25.541 1136 1136 D SystemServerTiming: ManagedServices.unbindOtherUserServices_current0 took to complete: 0ms
01-10 03:25:25.541 1136 1136 I SystemServerTiming: ManagedServices.unbindOtherUserServices_current0
01-10 03:25:25.541 1136 1136 D SystemServerTiming: ManagedServices.unbindOtherUserServices_current0 took to complete: 0ms
01-10 03:25:25.541 1136 1136 I SystemServerTiming: ManagedServices.unbindOtherUserServices_current0
01-10 03:25:25.541 1136 1136 D SystemServerTiming: ManagedServices.unbindOtherUserServices_current0 took to complete: 0ms
01-10 03:25:25.541 1136 1136 V NotificationAssistants: enabling notification assistant for 0: ComponentInfo{android.ext.services/android.ext.services.notification.Assistant}
01-10 03:25:25.541 1136 1136 V NotificationAssistants: Not registering ComponentInfo{android.ext.services/android.ext.services.notification.Assistant} is already bound
01-01 09:51:27.795 0 0 I bt_power vendor: bt_qca6390: Linked as a consumer to regulator.51
01-01 09:51:27.806 0 0 D cnss : Sending BDF download message, state: 0x143, type: 1
01-01 09:51:27.817 0 0 E bt_vreg_enable: vreg_en successful for : qca,bt-vdd-dig
01-01 09:51:27.828 0 0 D cnss : FW name added with prefix: qca6390/bdwlan.elf
01-01 09:51:27.834 0 0 I bt_power vendor: bt_qca6390: Linked as a consumer to regulator.8
01-01 09:51:27.840 0 0 E bt_vreg_enable: vreg_en successful for : qca,bt-vdd-rfa1
01-01 09:51:27.841 0 0 W cnss2 b0000000.qcom,cnss-qca6390: Falling back to syfs fallback for: qca6390/bdwlan.elf
01-01 09:51:27.847 0 0 I bt_power vendor: bt_qca6390: Linked as a consumer to regulator.36
01-01 09:51:27.847 0 0 E bt_vreg_enable: vreg_en successful for : qca,bt-vdd-rfa2
01-01 09:51:27.854 0 0 I bt_power vendor: bt_qca6390: Linked as a consumer to regulator.27
01-01 09:51:27.856 0 0 E bt_vreg_enable: vreg_en successful for : qca,bt-vdd-asd
01-01 09:51:27.865 0 0 D cnss : Downloading BDF: qca6390/bdwlan.elf, size: 57908
01-10 03:25:25.621 1136 2439 I am_uid_active: 10073
01-10 03:25:25.631 1136 1848 I commit_sys_config_file: [settings-0-0,3]
01-01 09:51:27.908 0 0 D cnss : Sending M3 information message, state: 0x143
01-01 09:51:27.908 0 0 D cnss : M3 memory, va: 0xffffff801f631000, pa: 0x00000000a1800000, size: 0x411bc
01-01 09:51:27.911 0 0 D cnss : PM relax, state: 0x143, count: 0
01-01 09:51:27.911 0 0 D cnss : Received QMI WLFW FW initialization done indication
01-01 09:51:27.911 0 0 D cnss : Posting event: FW_READY(4), state: 0x143 flags: 0x0
01-01 09:51:27.911 0 0 D cnss : PM stay awake, state: 0x143, count: 1
01-01 09:51:27.911 0 0 D cnss : PM relax, state: 0x143, count: 0
01-01 09:51:27.911 0 0 D cnss : PM stay awake, state: 0x143, count: 1
01-01 09:51:27.911 0 0 D cnss : Processing driver event: FW_READY(4), state: 0x143
01-01 09:51:27.911 0 0 D cnss : PCIE Gen speed not setup
01-01 09:51:27.911 0 0 I [kworke][0x735f4da4][03:25:25.650481] wlan: [280:I:HDD] hdd_pm_qos_add_request: 9360: Set cpu_mask 0f for affine_cores
01-01 09:51:27.911 0 0 I [kworke][0x735f4e6e][03:25:25.650492] wlan: [280:I:HDD] hdd_pm_qos_add_request: 9362: Set cpu_mask 0f for affine_cores
01-01 09:51:27.912 0 0 D cnss : Sending ini sync request, state: 0x147, fw_log_mode: 1
01-01 09:51:27.914 0 0 I [kworke][0x73600668][03:25:25.652945] wlan: [280:I:HIF] Initializing Runtime PM wakelock &sc->prevent_linkdown_lock
01-01 09:51:27.914 0 0 I [kworke][0x7360094c][03:25:25.652983] wlan: [280:I:HIF] hif_pci_enable_bus: con_mode = 0x0, WLAN_SOC_device_id = 0x1101
01-01 09:51:27.914 0 0 I [kworke][0x73600a47][03:25:25.652996] wlan: [280:I:HIF] hif_pci_enable_bus: hif_enable_pci done
01-01 09:51:27.914 0 0 I [kworke][0x73601bea][03:25:25.653231] wlan: [280:I:HIF] *********** QCA6390 *************
01-01 09:51:27.914 0 0 I [kworke][0x73601c73][03:25:25.653239] wlan: [280:I:HIF] hif_pci_enable_bus: hif_type = 0x12, target_type = 0x17
01-01 09:51:27.914 0 0 I [kworke][0x73601d01][03:25:25.653246] wlan: [280:I:HIF] hif_register_tbl_attach: HIF_TYPE_QCA6390
01-01 09:51:27.914 0 0 I [kworke][0x73601d83][03:25:25.653253] wlan: [280:I:HIF] hif_target_register_tbl_attach: TARGET_TYPE_QCA6390
01-01 09:51:27.914 0 0 I [kworke][0x73601e00][03:25:25.653259] wlan: [280:I:HIF] hif_pci_enable_bus:Skip tgt_wake up for srng devices
01-01 09:51:27.914 0 0 E [kworke][0x7360369d][03:25:25.653587] wlan: [280:E:TXRX] hif_print_hal_shadow_register_cfg: num_config 28
01-01 09:51:27.915 0 0 I bt_configure_gpios: BTON:Turn Bt Off bt-reset-gpio(1121) value(0)
01-01 09:51:27.926 0 0 I bt_configure_gpios: BTON:Turn Bt Off
01-01 09:51:27.926 0 0 I bt_configure_gpios: bt-sw-ctrl-gpio(1224) value(1)
01-01 09:51:27.926 0 0 I bt_enable_bt_reset_gpios_safely: bt_enable_bt_reset_gpios_safely: BTON:Turn Bt On
01-01 09:51:27.926 0 0 I bt_enable_bt_reset_gpios_safely: bt_enable_bt_reset_gpios_safely: wl-reset-gpio(1120) value(1)
01-01 09:51:27.926 0 0 I bt_enable_bt_reset_gpios_safely: bt_enable_bt_reset_gpios_safely: BTON: Asserting BT_EN
01-01 09:51:27.926 0 0 I [kworke][0x7363963f][03:25:25.665105] wlan: [280:I:TXRX] hif_print_hal_shadow_register_cfg: i 0, val a3b034
01-01 09:51:27.926 0 0 I [kworke][0x736398fd][03:25:25.665141] wlan: [280:I:TXRX] hif_print_hal_shadow_register_cfg: i 1, val a3b03c
01-01 09:51:27.926 0 0 I [kworke][0x73639b66][03:25:25.665173] wlan: [280:I:TXRX] hif_print_hal_shadow_register_cfg: i 2, val a3b044
01-01 09:51:27.926 0 0 I [kworke][0x73639da1][03:25:25.665203] wlan: [280:I:TXRX] hif_print_hal_shadow_register_cfg: i 3, val a3b04c
01-01 09:51:27.926 0 0 I [kworke][0x7363a027][03:25:25.665236] wlan: [280:I:TXRX] hif_print_hal_shadow_register_cfg: i 4, val a3b054
01-01 09:51:27.926 0 0 I [kworke][0x7363a25f][03:25:25.665266] wlan: [280:I:TXRX] hif_print_hal_shadow_register_cfg: i 5, val a3b028
01-01 09:51:27.926 0 0 I [kworke][0x7363a63c][03:25:25.665318] wlan: [280:I:TXRX] hif_print_hal_shadow_register_cfg: i 6, val a3b020
01-01 09:51:27.926 0 0 I [kworke][0x7363a87d][03:25:25.665347] wlan: [280:I:TXRX] hif_print_hal_shadow_register_cfg: i 7, val a3b06c
01-01 09:51:27.926 0 0 I [kworke][0x7363aab2][03:25:25.665377] wlan: [280:I:TXRX] hif_print_hal_shadow_register_cfg: i 8, val a46000
01-01 09:51:27.926 0 0 I [kworke][0x7363ad0f][03:25:25.665409] wlan: [280:I:TXRX] hif_print_hal_shadow_register_cfg: i 9, val a46008
01-01 09:51:27.926 0 0 I [kworke][0x7363b6b5][03:25:25.665537] wlan: [280:I:TXRX] hif_print_hal_shadow_register_cfg: i 10, val a46010
01-01 09:51:27.926 0 0 I [kworke][0x7363b900][03:25:25.665568] wlan: [280:I:TXRX] hif_print_hal_shadow_register_cfg: i 11, val a46018
01-01 09:51:27.927 0 0 I [kworke][0x7363c37d][03:25:25.665708] wlan: [280:I:TXRX] hif_print_hal_shadow_register_cfg: i 12, val a46034
01-01 09:51:27.927 0 0 I [kworke][0x7363c64b][03:25:25.665745] wlan: [280:I:TXRX] hif_print_hal_shadow_register_cfg: i 13, val a370b0
01-01 09:51:27.927 0 0 I [kworke][0x7363d491][03:25:25.665936] wlan: [280:I:TXRX] hif_print_hal_shadow_register_cfg: i 14, val a37018
01-01 09:51:27.927 0 0 I [kworke][0x7363d6d3][03:25:25.665965] wlan: [280:I:TXRX] hif_print_hal_shadow_register_cfg: i 15, val a370c4
01-01 09:51:27.927 0 0 I [kworke][0x7363d8f6][03:25:25.665994] wlan: [280:I:TXRX] hif_print_hal_shadow_register_cfg: i 16, val a370cc
01-01 09:51:27.927 0 0 I [kworke][0x7363db0b][03:25:25.666022] wlan: [280:I:TXRX] hif_print_hal_shadow_register_cfg: i 17, val a370d4
01-01 09:51:27.927 0 0 I [kworke][0x7363dd3c][03:25:25.666051] wlan: [280:I:TXRX] hif_print_hal_shadow_register_cfg: i 18, val a370dc
01-01 09:51:27.927 0 0 I [kworke][0x7363df83][03:25:25.666082] wlan: [280:I:TXRX] hif_print_hal_shadow_register_cfg: i 19, val a00400
01-01 09:51:27.927 0 0 I [kworke][0x7363e220][03:25:25.666117] wlan: [280:I:TXRX] hif_print_hal_shadow_register_cfg: i 20, val a03400
01-01 09:51:27.927 0 0 I [kworke][0x7363e448][03:25:25.666144] wlan: [280:I:TXRX] hif_print_hal_shadow_register_cfg: i 21, val a0340c
01-01 09:51:27.927 0 0 I [kworke][0x7363e669][03:25:25.666301] wlan: [280:I:TXRX] hif_print_hal_shadow_register_cfg: i 22, val a05400
01-01 09:51:27.927 0 0 I [kworke][0x7363f25f][03:25:25.666333] wlan: [280:I:TXRX] hif_print_hal_shadow_register_cfg: i 23, val a0540c
01-01 09:51:27.927 0 0 I [kworke][0x7363f48a][03:25:25.666361] wlan: [280:I:TXRX] hif_print_hal_shadow_register_cfg: i 24, val a06400
01-01 09:51:27.927 0 0 I [kworke][0x7363f692][03:25:25.666389] wlan: [280:I:TXRX] hif_print_hal_shadow_register_cfg: i 25, val a08400
01-01 09:51:27.927 0 0 I [kworke][0x7363f8b6][03:25:25.666417] wlan: [280:I:TXRX] hif_print_hal_shadow_register_cfg: i 26, val a0b400
01-01 09:51:27.927 0 0 I [kworke][0x7363faea][03:25:25.666447] wlan: [280:I:TXRX] hif_print_hal_shadow_register_cfg: i 27, val a0b40c
01-01 09:51:27.927 0 0 D cnss : Mode: 0, config: ffffff801a03b848, host_version: 5.2.022.10G
01-01 09:51:27.927 0 0 D cnss : Sending WLAN config message, state: 0x147
01-01 09:51:27.929 0 0 D cnss : Sending mode message, mode: MISSION(0), state: 0x147
01-01 09:51:27.953 0 0 D cnss : Assign MSI to user: CE, num_vectors: 10, user_base_data: 803, base_vector: 3
01-01 09:51:27.953 0 0 D cnss : Received QMI WLFW pin connect result indication
01-01 09:51:27.953 0 0 D cnss : Pin connect Result: pwr_pin: 0x1 phy_io_pin: 0x0 rf_io_pin: 0x0
01-01 09:51:27.961 0 0 I [kworke][0x736dc5f4][03:25:25.699872] wlan: [280:I:HIF] ce_srng_dest_ring_setup: ce_id 1
01-01 09:51:27.961 0 0 D cnss : Assign MSI to user: CE, num_vectors: 10, user_base_data: 803, base_vector: 3
01-01 09:51:27.961 0 0 I [kworke][0x736dd1fc][03:25:25.700032] wlan: [280:I:HIF] ce_srng_status_ring_setup: ce_id 1
01-01 09:51:27.961 0 0 D cnss : Assign MSI to user: CE, num_vectors: 10, user_base_data: 803, base_vector: 3
01-01 09:51:27.961 0 0 I [kworke][0x736ddb98][03:25:25.700160] wlan: [280:I:HIF] ce_srng_dest_ring_setup: ce_id 2
01-01 09:51:27.961 0 0 D cnss : Assign MSI to user: CE, num_vectors: 10, user_base_data: 803, base_vector: 3
01-01 09:51:27.961 0 0 I [kworke][0x736de74c][03:25:25.700316] wlan: [280:I:HIF] ce_srng_status_ring_setup: ce_id 2
01-01 09:51:27.961 0 0 D cnss : Assign MSI to user: CE, num_vectors: 10, user_base_data: 803, base_vector: 3
01-01 09:51:27.961 0 0 D cnss : Assign MSI to user: CE, num_vectors: 10, user_base_data: 803, base_vector: 3
01-10 03:25:25.705 1136 1136 W Looper : Slow dispatch took 163ms main h=android.app.ActivityThread$H c=android.app.LoadedApk$ReceiverDispatcher$Args$$ExternalSyntheticLambda0@d9d82ef m=0
01-10 03:25:25.707 1136 1136 I notification_cancel_all: [1000,1136,com.android.systemui,0,0,0,20,NULL]
01-10 03:25:25.708 1136 1136 I ConnectivityModuleConnector: Networking module service connected
01-10 03:25:25.711 1136 1633 D UsbDeviceManager: push notification:正在通过 USB 为此设备充电
01-01 09:51:27.979 0 0 I bt_configure_gpios: BTON:Turn Bt On bt-reset-gpio(1121) value(1)
01-01 09:51:27.979 0 0 I bt_configure_gpios: BTON:Turn Bt On
01-01 09:51:27.979 0 0 I bt_configure_gpios: bt-sw-ctrl-gpio(1224) value(1)
01-01 09:51:27.979 0 0 I bt_configure_gpios: bt_gpio= 1121 on: 1 is successful
01-01 09:51:27.981 0 0 I [kworke][0x737399b2][03:25:25.719762] wlan: [280:I:HIF] ce_srng_dest_ring_setup: ce_id 5
01-01 09:51:27.981 0 0 D cnss : Assign MSI to user: CE, num_vectors: 10, user_base_data: 803, base_vector: 3
01-01 09:51:27.983 0 0 I [kworke][0x73746614][03:25:25.722487] wlan: [280:I:HIF] ce_srng_status_ring_setup: ce_id 5
01-01 09:51:27.983 0 0 D cnss : Assign MSI to user: CE, num_vectors: 10, user_base_data: 803, base_vector: 3
01-01 09:51:27.984 0 0 I [kworke][0x73747474][03:25:25.722679] wlan: [280:I:HIF] hif_configure_irq: E
01-01 09:51:27.984 0 0 D cnss : Assign MSI to user: WAKE, num_vectors: 1, user_base_data: 813, base_vector: 13
01-01 09:51:27.984 0 0 D cnss : Get IRQ number 364 for vector index 13
01-01 09:51:27.984 0 0 D cnss : Assign MSI to user: CE, num_vectors: 10, user_base_data: 803, base_vector: 3
01-01 09:51:27.984 0 0 D cnss : Get IRQ number 354 for vector index 3
01-01 09:51:27.984 0 0 D cnss : Get IRQ number 355 for vector index 4
01-01 09:51:27.984 0 0 D cnss : Get IRQ number 356 for vector index 5
01-01 09:51:27.984 0 0 D cnss : Get IRQ number 357 for vector index 6
01-01 09:51:27.984 0 0 D cnss : Get IRQ number 359 for vector index 8
01-01 09:51:27.984 0 0 D cnss : Get IRQ number 360 for vector index 9
01-01 09:51:27.984 0 0 D cnss : Get IRQ number 362 for vector index 11
01-01 09:51:27.984 0 0 E [kworke][0x737499ee][03:25:25.723178] wlan: [280:E:mlme] mlme_init_reg_cfg: 2374: null pdev
01-10 03:25:25.740 1136 1136 D ConditionProviders.SCP: onSubscribe condition://android/schedule?days=1.2.3.4.5.6.7&start=22.0&end=7.0&exitAtAlarm=true
01-10 03:25:25.740 1136 1136 D ConditionProviders.SCP: setRegistered true
01-01 09:51:27.994 0 0 E [kworke][0x73778412][03:25:25.733127] wlan: [280:E:WMI] WMI handle is NULL
01-01 09:51:28.002 0 0 I [kworke][0x7379f487][03:25:25.741453] wlan: [280:I:HIF] Initializing Runtime PM wakelock &p2p_soc_obj->roc_runtime_lock
01-01 09:51:28.002 0 0 D cnss : Platform cap_flag is 0x4
01-01 09:51:28.002 0 0 E [kworke][0x7379fb82][03:25:25.741546] wlan: [280:E:QDF] cds_get_context: 1486: Module ID 66 context is Null
01-10 03:25:25.743 1136 1848 I commit_sys_config_file: [settings-2-0,2]
01-10 03:25:25.759 1136 1136 D ConditionProviders.SCP: evaluateSubscriptionLocked cal=ScheduleCalendar[mDays={1, 2, 3, 4, 5, 6, 7}, mSchedule=ScheduleInfo{days=[1, 2, 3, 4, 5, 6, 7], startHour=22, startMinute=0, endHour=7, endMinute=0, exitAtAlarm=true, nextAlarm=Thu Jan 01 08:00:00 GMT+08:00 1970 (0)}], now=Tue Jan 10 03:25:25 GMT+08:00 2023 (1673292325740), nextUserAlarmTime=Thu Jan 01 08:00:00 GMT+08:00 1970 (0)
01-10 03:25:25.759 1136 1136 D ConditionProviders.SCP: notifyCondition condition://android/schedule?days=1.2.3.4.5.6.7&start=22.0&end=7.0&exitAtAlarm=true STATE_TRUE reason=meetsSchedule
01-10 03:25:25.760 1136 1136 D ConditionProviders.SCP: Scheduling evaluate for Tue Jan 10 07:00:00 GMT+08:00 2023 (1673305200000), in +3h34m34s260ms, now=Tue Jan 10 03:25:25 GMT+08:00 2023 (1673292325740)
01-10 03:25:25.762 1136 2398 W ActivityThread: Failed to find provider info for com.android.calendar (user not unlocked)
01-10 03:25:25.764 1136 2398 W ActivityThread: Failed to find provider info for com.android.calendar (user not unlocked)
01-10 03:25:25.770 1136 1136 I sysui_multi_action: [757,856,758,1,806,com.android.server.telecom,857,TelecomMissedCalls,858,3]
01-10 03:25:25.771 1136 1136 I sysui_multi_action: [757,856,758,1,806,com.android.server.telecom,857,TelecomIncomingCalls,858,5]
01-10 03:25:25.772 1136 1136 I sysui_multi_action: [757,856,758,1,806,com.android.server.telecom,857,TelecomCallBlocking,858,2]
01-10 03:25:25.772 1136 1136 I sysui_multi_action: [757,856,758,1,806,com.android.server.telecom,857,TelecomBackgroundAudioProcessing,858,2]
01-10 03:25:25.773 1136 1136 I sysui_multi_action: [757,856,758,1,806,com.android.server.telecom,857,TelecomDisconnectedCalls,858,3]
01-10 03:25:25.776 1136 1136 I sysui_multi_action: [757,856,758,1,806,com.android.server.telecom,857,TelecomInCallServiceCrash,858,3]
01-10 03:25:25.784 1136 1136 W BluetoothManagerService: bindBluetoothProfileService:Trying to bind to profile: 1, while Bluetooth is disabled
01-01 09:51:28.041 0 0 E bt_ioctl: unified Current SOC Version : 400a0200
01-10 03:25:25.787 1136 3175 I Telecom : BluetoothRouteManager: getBluetoothAudioConnectedDevice: no service available.
01-10 03:25:25.788 1136 1136 I Telecom : SystemStateHelper: Registering broadcast receiver: android.content.IntentFilter@23f5aec: TS.init@AAA
01-10 03:25:25.788 1136 1136 I Telecom : SystemStateHelper: Registering broadcast receiver: android.content.IntentFilter@135ceb5: TS.init@AAA
01-10 03:25:25.792 1136 3176 I Telecom : Logging.Events: Non-call EVENT: AUDIO_ROUTE, Entering state QuiescentEarpieceRoute
01-10 03:25:25.796 1136 3176 I Telecom : BluetoothRouteManager: getBluetoothAudioConnectedDevice: no service available.
01-10 03:25:25.799 1136 3177 I Telecom : CallAudioModeStateMachine: Message received: null.: TS.init->CAMSM.pM_1@AAA
01-10 03:25:25.801 1136 1136 I Telecom : MissedCallNotifierImpl: reloadFromDatabase: Boot not yet complete -- call log db may not be available. Deferring loading until boot complete for user 0: TS.init@AAA
01-10 03:25:25.804 1136 1136 D TelephonyRegistry: listen oscl: mHasNotifySubscriptionInfoChangedOccurred==false no callback
01-10 03:25:25.804 1136 1136 I Telecom : MissedCallNotifierImpl: reloadFromDatabase: Boot not yet complete -- call log db may not be available. Deferring loading until boot complete for user 0: TS.init@AAA
01-10 03:25:25.806 1136 1136 I Telecom : Class: TelecomSystem.INSTANCE being set
01-10 03:25:25.808 1136 1136 W CarrierConfigManager: Error getting config for subId -1 ICarrierConfigLoader is null
01-10 03:25:25.808 1136 1136 I Telecom : PhoneAccountRegistrar: getSimCallManager: SimCallManager for subId -1 queried, returning: null: TSI.gSCM@AAE
01-01 09:51:28.063 0 0 E [kworke][0x738bd3fb][03:25:25.802459] wlan: [280:E:QDF] cds_get_context: 1486: Module ID 66 context is Null
01-10 03:25:25.821 1136 1136 I sysui_multi_action: [757,1501,758,1,793,2894,794,0,795,2894,796,1,797,empty_media,806,com.android.systemui,857,empty_media_style_id,858,4,947,0,1500,0,1641,transport,1745,1043716538]
01-10 03:25:25.821 1136 1136 I sysui_multi_action: [757,804,799,note_interruptive,801,0,802,1]
01-10 03:25:25.822 1136 1136 I GameModeConfig: isGameModeOn = false
01-01 09:51:28.094 0 0 I [kworke][0x7394d0c8][03:25:25.833137] wlan: [280:I:HIF] Initializing Runtime PM wakelock &psoc_wakelock->wmi_cmd_rsp_runtime_lock
01-10 03:25:25.837 1136 1136 W NotificationHistory: Attempted to add notif for locked/gone/disabled user 0
01-10 03:25:25.840 1136 1136 D BiometricScheduler/Fingerprint21: [Finishing] {[0] FingerprintUpdateActiveUserClient, proto=1, owner=android, cookie=0, requestId=-1, userId=0}, success: true
01-10 03:25:25.840 1136 1136 D BiometricScheduler/Fingerprint21: [Polled] {[1] FingerprintUpdateActiveUserClient, proto=1, owner=android, cookie=0, requestId=-1, userId=0}, State: 0
01-10 03:25:25.840 1136 1136 D BiometricScheduler/Fingerprint21: [Starting] {[1] FingerprintUpdateActiveUserClient, proto=1, owner=android, cookie=0, requestId=-1, userId=0}, State: 0
01-10 03:25:25.840 1136 1136 D BiometricScheduler/Fingerprint21: [Started] {[1] FingerprintUpdateActiveUserClient, proto=1, owner=android, cookie=0, requestId=-1, userId=0}
01-01 09:51:28.096 0 0 F [kworke][0x73957e4c][03:25:25.835450] wlan: [280:F:WMA] WMA --> wmi_unified_attach - success
01-01 09:51:28.103 0 0 D qbt : qbt_open: entry minor_no=0 fd_available=1
01-01 09:51:28.108 0 0 I [kworke][0x7398ef2d][03:25:25.847195] wlan: [280:I:HIF] Initializing Runtime PM wakelock &vdev->vdev_set_key_runtime_wakelock
01-01 09:51:28.108 0 0 D qbt : qbt_open: exit : 0 fd_available=0
01-01 09:51:28.110 0 0 I [kworke][0x7399593d][03:25:25.848609] wlan: [280:I:HIF] Initializing Runtime PM wakelock &vdev->vdev_set_key_runtime_wakelock
01-01 09:51:28.110 0 0 D qbt : qbt_open: entry minor_no=1 fd_available=0
01-01 09:51:28.110 0 0 D qbt : qbt_open: exit : 0 fd_available=0
01-01 09:51:28.110 0 0 D qbt : qbt_ioctl: cmd received 107
01-01 09:51:28.110 0 0 D qbt : qbt_ioctl: Acquiring wakelock
01-01 09:51:28.111 0 0 I [kworke][0x7399c1bc][03:25:25.850002] wlan: [280:I:HIF] Initializing Runtime PM wakelock &vdev->vdev_set_key_runtime_wakelock
01-01 09:51:28.112 0 0 I [kworke][0x739a27b3][03:25:25.851362] wlan: [280:I:HIF] Initializing Runtime PM wakelock &vdev->vdev_set_key_runtime_wakelock
01-01 09:51:28.113 0 0 I [kworke][0x739a839e][03:25:25.852587] wlan: [280:I:HIF] Initializing Runtime PM wakelock &vdev->vdev_set_key_runtime_wakelock
01-01 09:51:28.115 0 0 I [kworke][0x739adbee][03:25:25.853765] wlan: [280:I:HIF] Initializing Runtime PM wakelock &vdev->vdev_set_key_runtime_wakelock
01-01 09:51:28.118 0 0 I [kworke][0x739bba55][03:25:25.856730] wlan: [280:I:HIF] Initializing Runtime PM wakelock &wma_handle->wmi_cmd_rsp_runtime_lock
01-01 09:51:28.118 0 0 I [kworke][0x739bbb96][03:25:25.856747] wlan: [280:I:HIF] Initializing Runtime PM wakelock &wma_handle->sap_prevent_runtime_pm_lock
01-01 09:51:28.129 0 0 W QSEECOM : qseecom_load_app: App (fingerpr) does'nt exist, loading apps for first time
01-01 09:51:28.144 0 0 E [kworke][0x73a357e4][03:25:25.882725] wlan: [280:E:QDF] htc_wait_target: 684: Target Ready! TX resource : 1 size:2176, MaxMsgsPerHTCBundle = 1
01-01 09:51:28.158 0 0 E [kworke][0x73a7839c][03:25:25.896961] wlan: [280:E:QDF] htc_setup_target_buffer_assignments: 576: SVS Index : 1 TX : 0x100 : alloc:1
01-01 09:51:28.171 0 0 D cnss : Assign MSI to user: DP, num_vectors: 18, user_base_data: 814, base_vector: 14
01-01 09:51:28.172 0 0 I [kworke][0x73aba7f6][03:25:25.911099] wlan: [280:I:HIF] +hif_update_pipe_callback pipeid 5
01-01 09:51:28.172 0 0 I [kworke][0x73aba880][03:25:25.911106] wlan: [280:I:HIF] -hif_update_pipe_callback
01-01 09:51:28.172 0 0 D cnss : Assign MSI to user: DP, num_vectors: 18, user_base_data: 814, base_vector: 14
01-01 09:51:28.176 0 0 E [kworke][0x73ace257][03:25:25.915290] wlan: [280:E:DP] dp_srng_get_str_from_hal_ring_type: 7726: Invalid ring type
01-01 09:51:28.188 0 0 D cnss : Assign MSI to user: DP, num_vectors: 18, user_base_data: 814, base_vector: 14
01-01 09:51:28.189 0 0 D cnss : Assign MSI to user: DP, num_vectors: 18, user_base_data: 814, base_vector: 14
01-01 09:51:28.189 0 0 D cnss : Assign MSI to user: DP, num_vectors: 18, user_base_data: 814, base_vector: 14
01-01 09:51:28.189 0 0 D cnss : Assign MSI to user: DP, num_vectors: 18, user_base_data: 814, base_vector: 14
01-01 09:51:28.189 0 0 D cnss : Assign MSI to user: DP, num_vectors: 18, user_base_data: 814, base_vector: 14
01-01 09:51:28.189 0 0 D cnss : Assign MSI to user: DP, num_vectors: 18, user_base_data: 814, base_vector: 14
01-01 09:51:28.189 0 0 D cnss : Assign MSI to user: DP, num_vectors: 18, user_base_data: 814, base_vector: 14
01-01 09:51:28.189 0 0 D cnss : Assign MSI to user: DP, num_vectors: 18, user_base_data: 814, base_vector: 14
01-01 09:51:28.189 0 0 I [kworke][0x73b0b73f][03:25:25.928369] wlan: [280:I:DP] dp_tx_soc_attach Tx Desc Alloc num_pool = 4, descs = 4096
01-01 09:51:28.190 0 0 I [kworke][0x73b0cbea][03:25:25.928645] wlan: [280:I:DP] dp_tx_soc_attach MSDU Ext Desc Alloc 4, descs = 4096
01-01 09:51:28.190 0 0 I [kworke][0x73b0ee39][03:25:25.929102] wlan: [280:I:DP] dp_tx_soc_attach HAL Tx init Success
01-01 09:51:28.190 0 0 D cnss : Assign MSI to user: DP, num_vectors: 18, user_base_data: 814, base_vector: 14
01-01 09:51:28.190 0 0 D cnss : Assign MSI to user: DP, num_vectors: 18, user_base_data: 814, base_vector: 14
01-01 09:51:28.190 0 0 I [kworke][0x73b10526][03:25:25.929408] wlan: [280:I:DP] dp_soc_cmn_setup: 3274: num_reo_dest_rings 4
01-01 09:51:28.190 0 0 D cnss : Assign MSI to user: DP, num_vectors: 18, user_base_data: 814, base_vector: 14
01-01 09:51:28.190 0 0 D cnss : Assign MSI to user: DP, num_vectors: 18, user_base_data: 814, base_vector: 14
01-01 09:51:28.191 0 0 D cnss : Assign MSI to user: DP, num_vectors: 18, user_base_data: 814, base_vector: 14
01-01 09:51:28.191 0 0 D cnss : Assign MSI to user: DP, num_vectors: 18, user_base_data: 814, base_vector: 14
01-01 09:51:28.191 0 0 D cnss : Assign MSI to user: DP, num_vectors: 18, user_base_data: 814, base_vector: 14
01-01 09:51:28.191 0 0 D cnss : Assign MSI to user: DP, num_vectors: 18, user_base_data: 814, base_vector: 14
01-01 09:51:28.191 0 0 D cnss : Assign MSI to user: DP, num_vectors: 18, user_base_data: 814, base_vector: 14
01-01 09:51:28.191 0 0 D cnss : Assign MSI to user: DP, num_vectors: 18, user_base_data: 814, base_vector: 14
01-01 09:51:28.191 0 0 D cnss : Assign MSI to user: DP, num_vectors: 18, user_base_data: 814, base_vector: 14
01-01 09:51:28.191 0 0 D cnss : Assign MSI to user: DP, num_vectors: 18, user_base_data: 814, base_vector: 14
01-01 09:51:28.191 0 0 D cnss : Assign MSI to user: DP, num_vectors: 18, user_base_data: 814, base_vector: 14
01-01 09:51:28.192 0 0 I [kworke][0x73b1689d][03:25:25.930734] wlan: [280:I:HAL] hal_reo_set_err_dst_remap_6390: 1024: HWIO_REO_R0_ERROR_DESTINATION_MAPPING_IX_0 0x28005b6d
01-01 09:51:28.192 0 0 D cnss : Assign MSI to user: DP, num_vectors: 18, user_base_data: 814, base_vector: 14
01-01 09:51:28.192 0 0 D cnss : Assign MSI to user: DP, num_vectors: 18, user_base_data: 814, base_vector: 14
01-01 09:51:28.192 0 0 D cnss : Assign MSI to user: DP, num_vectors: 18, user_base_data: 814, base_vector: 14
01-01 09:51:28.192 0 0 D cnss : Assign MSI to user: DP, num_vectors: 18, user_base_data: 814, base_vector: 14
01-01 09:51:28.192 0 0 D cnss : Assign MSI to user: DP, num_vectors: 18, user_base_data: 814, base_vector: 14
01-01 09:51:28.192 0 0 D cnss : Assign MSI to user: DP, num_vectors: 18, user_base_data: 814, base_vector: 14
01-10 03:25:25.968 1136 1636 I wm_boot_animation_done: 78746
01-10 03:25:25.969 1136 1636 I ActivityManagerTiming: FinishBooting
01-01 09:51:28.241 0 0 W QSEECOM : qseecom_load_app: App with id 8 (fingerpr) now loaded
01-10 03:25:25.981 1136 1636 I ActivityManager: About to commit checkpoint
01-10 03:25:26.024 1136 1635 I commit_sys_config_file: [notification-policy,4320]
01-01 09:51:28.338 0 0 I [kworke][0x73dc3955][03:25:26.076877] wlan: [280:I:DP] Peer pool init
01-01 09:51:28.338 0 0 W [kworke][0x73dc4523][03:25:26.077034] wlan: [280:W:DP] dp_rx_pdev_mon_attach: pdev attach id=0
01-01 09:51:28.366 0 0 D cnss : Assign MSI to user: DP, num_vectors: 18, user_base_data: 814, base_vector: 14
01-01 09:51:28.366 0 0 D cnss : Get IRQ number 365 for vector index 14
01-01 09:51:28.367 0 0 D cnss : Assign MSI to user: DP, num_vectors: 18, user_base_data: 814, base_vector: 14
01-01 09:51:28.367 0 0 D cnss : Get IRQ number 366 for vector index 15
01-01 09:51:28.367 0 0 D cnss : Assign MSI to user: DP, num_vectors: 18, user_base_data: 814, base_vector: 14
01-01 09:51:28.367 0 0 D cnss : Get IRQ number 367 for vector index 16
01-01 09:51:28.367 0 0 D cnss : Assign MSI to user: DP, num_vectors: 18, user_base_data: 814, base_vector: 14
01-01 09:51:28.367 0 0 D cnss : Get IRQ number 368 for vector index 17
01-01 09:51:28.367 0 0 D cnss : Assign MSI to user: DP, num_vectors: 18, user_base_data: 814, base_vector: 14
01-01 09:51:28.367 0 0 D cnss : Assign MSI to user: DP, num_vectors: 18, user_base_data: 814, base_vector: 14
01-01 09:51:28.367 0 0 D cnss : Get IRQ number 370 for vector index 19
01-01 09:51:28.367 0 0 D cnss : Assign MSI to user: DP, num_vectors: 18, user_base_data: 814, base_vector: 14
01-01 09:51:28.367 0 0 D cnss : Get IRQ number 371 for vector index 20
01-01 09:51:28.381 0 0 E [kworke][0x73e8c015][03:25:26.119634] wlan: [280:E:HIF] hif_pci_ce_irq_set_affinity_hint: 3708: Unable to set cpu mask for offline CPU 0
01-01 09:51:28.398 0 0 I [kworke][0x73edefd8][03:25:26.137337] wlan: [282:I:WMA] wma_rx_service_ready_event: Firmware build version : 101a0521
01-01 09:51:28.398 0 0 I [kworke][0x73edf0ff][03:25:26.137352] wlan: [282:I:WMA] wma_rx_service_ready_event: Board id: 0, Board version: 8 0 0 0 6
01-01 09:51:28.401 0 0 I [kworke][0x73eeb5e3][03:25:26.139978] wlan: [282:I:WMA] wma_is_dbs_mandatory: 5417: MAC0 does not support both bands 2 DBS is mandatory
01-01 09:51:28.401 0 0 E [kworke][0x73eebc61][03:25:26.140064] wlan: [282:E:QDF] copy_fw_abi_version_tlv: 6979: copy_fw_abi_version_tlv: INIT_CMD version: 1, 0, 0x5f414351, 0x4c4d, 0x0, 0x0
01-01 09:51:28.436 0 0 W QSEECOM : __qseecom_unload_app: App (8) is unloaded
01-01 09:51:28.437 0 0 D qbt : qbt_release: entry minor_no=0 fd_available=0
01-01 09:51:28.437 0 0 D qbt : qbt_release: Releasing wakelock
01-01 09:51:28.437 0 0 D qbt : qbt_release: exit : fd_available=1
01-01 09:51:28.437 0 0 D qbt : qbt_release: entry minor_no=1 fd_available=1
01-01 09:51:28.437 0 0 D qbt : qbt_release: exit : fd_available=1
01-10 03:25:26.177 1136 1136 W Looper : Slow dispatch took 336ms main h=android.os.Handler c=com.android.server.biometrics.sensors.BiometricScheduler$InternalCallback$$ExternalSyntheticLambda0@5d47d04 m=0
01-10 03:25:26.177 1136 1136 D CompanionDeviceManagerService: Received BT state transition broadcast: OFF -> BLE_TURNING_ON
