01-01 09:51:05.330 0 0 W subsys-pil-tz soc: qcom,kgsl-hyp: Falling back to syfs fallback for: a650_zap.mdt
01-01 09:51:05.330 0 0 W cnss2 b0000000.qcom,cnss-qca6390: Falling back to syfs fallback for: qca6390/regdb.bin
01-01 09:51:05.333 0 0 W QSEECOM : qseecom_load_app: App (fingerpr) does'nt exist, loading apps for first time
01-01 09:51:05.339 1136 1136 D SystemServerTiming: StartIncrementalService took to complete: 11ms
01-01 09:51:05.339 1136 1136 I SystemServerTiming: StartPowerManager
01-01 09:51:05.339 1136 1136 I SystemServiceManager: Starting com.android.server.power.PowerManagerService
01-01 09:51:05.337 0 0 E swr_get_logical_dev_num: Error -22 to get logical addr for device d01170224
01-01 09:51:05.344 0 0 I ueventd : firmware: loading 'a650_zap.mdt' for '/devices/platform/soc/soc:qcom,kgsl-hyp/firmware/a650_zap.mdt'
01-01 09:51:05.359 0 0 E swr-wcd rx_swr_ctrl: swrm_get_logical_dev_num: device 0xd01170224 is not ready
01-01 09:51:05.367 0 0 I ueventd : loading /devices/platform/soc/soc:qcom,kgsl-hyp/firmware/a650_zap.mdt took 22ms
01-01 09:51:05.367 0 0 I ueventd : firmware: loading 'qca6390/regdb.bin' for '/devices/platform/soc/b0000000.qcom,cnss-qca6390/firmware/qca6390!regdb.bin'
01-01 09:51:05.369 0 0 E ueventd : firmware: could not find firmware for qca6390/regdb.bin
01-01 09:51:05.370 0 0 E swr_get_logical_dev_num: Error -22 to get logical addr for device d01170224
01-01 09:51:05.378 1136 1136 D SystemServerTiming: StartPowerManager took to complete: 38ms
01-01 09:51:05.378 1136 1136 I SystemServerTiming: StartThermalManager
01-01 09:51:05.378 1136 1136 I SystemServiceManager: Starting com.android.server.power.ThermalManagerService
01-01 09:51:05.379 1136 1136 D SystemServerTiming: StartThermalManager took to complete: 1ms
01-01 09:51:05.379 1136 1136 I SystemServerTiming: StartHintManager
01-01 09:51:05.379 1136 1136 I SystemServiceManager: Starting com.android.server.power.hint.HintManagerService
01-01 09:51:05.380 1136 1136 D SystemServerTiming: StartHintManager took to complete: 1ms
01-01 09:51:05.381 1136 1136 I SystemServerTiming: InitPowerManagement
01-01 09:51:05.382 1136 1136 D SystemServerTiming: InitPowerManagement took to complete: 2ms
01-01 09:51:05.382 1136 1136 I SystemServerTiming: StartRecoverySystemService
01-01 09:51:05.382 1136 1136 I SystemServiceManager: Starting com.android.server.recoverysystem.RecoverySystemService$Lifecycle
01-01 09:51:05.377 0 0 E ueventd : firmware: attempted /etc/firmware/qca6390/regdb.bin, open failed: No such file or directory
01-01 09:51:05.384 1136 1136 D SystemServerTiming: StartRecoverySystemService took to complete: 1ms
01-01 09:51:05.384 1136 1136 I PackageWatchdog: Syncing state, reason: added new observer
01-01 09:51:05.384 1136 1136 I PackageWatchdog: Not pruning observers, elapsed time: 0ms
01-01 09:51:05.384 1136 1136 I PackageWatchdog: Cancelling state sync, nothing to sync
01-01 09:51:05.385 1136 1650 I PackageWatchdog: Saving observer state to file
01-01 09:51:05.388 1136 1136 I rescue_note: [0,1,55901]
01-01 09:51:05.388 1136 1136 I SystemServerTiming: StartLightsService
01-01 09:51:05.388 1136 1136 I SystemServiceManager: Starting com.android.server.lights.LightsService
01-01 09:51:05.393 1136 1136 D SystemServerTiming: StartLightsService took to complete: 5ms
01-01 09:51:05.393 1136 1136 I SystemServerTiming: StartSidekickService
01-01 09:51:05.393 1136 1136 D SystemServerTiming: StartSidekickService took to complete: 0ms
01-01 09:51:05.393 1136 1136 I SystemServerTiming: StartDisplayManager
01-01 09:51:05.393 1136 1136 I SystemServiceManager: Starting com.android.server.display.DisplayManagerService
01-01 09:51:05.403 1136 1136 D SystemServerTiming: StartDisplayManager took to complete: 9ms
01-01 09:51:05.403 1136 1136 I SystemServerTiming: WaitForDisplay
01-01 09:51:05.403 1136 1136 I SystemServiceManager: Starting phase 100
01-01 09:51:05.403 1136 1136 I SystemServerTiming: OnBootPhase_100
01-01 09:51:05.403 1136 1136 I SystemServerTiming: OnBootPhase_100_com.android.server.security.FileIntegrityService
01-01 09:51:05.403 1136 1136 D SystemServerTiming: OnBootPhase_100_com.android.server.security.FileIntegrityService took to complete: 0ms
01-01 09:51:05.403 1136 1136 I SystemServerTiming: OnBootPhase_100_com.android.server.pm.Installer
01-01 09:51:05.403 1136 1136 D SystemServerTiming: OnBootPhase_100_com.android.server.pm.Installer took to complete: 0ms
01-01 09:51:05.403 1136 1136 I SystemServerTiming: OnBootPhase_100_com.android.server.os.DeviceIdentifiersPolicyService
01-01 09:51:05.403 1136 1136 D SystemServerTiming: OnBootPhase_100_com.android.server.os.DeviceIdentifiersPolicyService took to complete: 0ms
01-01 09:51:05.403 1136 1136 I SystemServerTiming: OnBootPhase_100_com.android.server.uri.UriGrantsManagerService$Lifecycle
01-01 09:51:05.404 1136 1136 D SystemServerTiming: OnBootPhase_100_com.android.server.uri.UriGrantsManagerService$Lifecycle took to complete: 0ms
01-01 09:51:05.404 1136 1136 I SystemServerTiming: OnBootPhase_100_com.android.server.powerstats.PowerStatsService
01-01 09:51:05.404 1136 1136 D SystemServerTiming: OnBootPhase_100_com.android.server.powerstats.PowerStatsService took to complete: 0ms
01-01 09:51:05.404 1136 1136 I SystemServerTiming: OnBootPhase_100_com.android.server.wm.ActivityTaskManagerService$Lifecycle
01-01 09:51:05.404 1136 1136 D SystemServerTiming: OnBootPhase_100_com.android.server.wm.ActivityTaskManagerService$Lifecycle took to complete: 0ms
01-01 09:51:05.404 1136 1136 I SystemServerTiming: OnBootPhase_100_com.android.server.am.ActivityManagerService$Lifecycle
01-01 09:51:05.404 1136 1136 D SystemServerTiming: OnBootPhase_100_com.android.server.am.ActivityManagerService$Lifecycle took to complete: 0ms
01-01 09:51:05.404 1136 1136 I SystemServerTiming: OnBootPhase_100_com.android.server.pm.DataLoaderManagerService
01-01 09:51:05.404 1136 1136 D SystemServerTiming: OnBootPhase_100_com.android.server.pm.DataLoaderManagerService took to complete: 0ms
01-01 09:51:05.404 1136 1136 I SystemServerTiming: OnBootPhase_100_com.android.server.power.PowerManagerService
01-01 09:51:05.404 1136 1136 D SystemServerTiming: OnBootPhase_100_com.android.server.power.PowerManagerService took to complete: 0ms
01-01 09:51:05.404 1136 1136 I SystemServerTiming: OnBootPhase_100_com.android.server.power.ThermalManagerService
01-01 09:51:05.404 1136 1136 D SystemServerTiming: OnBootPhase_100_com.android.server.power.ThermalManagerService took to complete: 0ms
01-01 09:51:05.404 1136 1136 I SystemServerTiming: OnBootPhase_100_com.android.server.power.hint.HintManagerService
01-01 09:51:05.404 1136 1136 D SystemServerTiming: OnBootPhase_100_com.android.server.power.hint.HintManagerService took to complete: 0ms
01-01 09:51:05.404 1136 1136 I SystemServerTiming: OnBootPhase_100_com.android.server.recoverysystem.RecoverySystemService$Lifecycle
01-01 09:51:05.404 1136 1136 D SystemServerTiming: OnBootPhase_100_com.android.server.recoverysystem.RecoverySystemService$Lifecycle took to complete: 0ms
01-01 09:51:05.404 1136 1136 I SystemServerTiming: OnBootPhase_100_com.android.server.lights.LightsService
01-01 09:51:05.404 1136 1136 D SystemServerTiming: OnBootPhase_100_com.android.server.lights.LightsService took to complete: 0ms
01-01 09:51:05.405 1136 1136 I SystemServerTiming: OnBootPhase_100_com.android.server.display.DisplayManagerService
01-01 09:51:05.387 0 0 E swr-wcd rx_swr_ctrl: swrm_get_logical_dev_num: device 0xd01170224 is not ready
01-01 09:51:05.399 0 0 E ueventd : firmware: attempted /odm/firmware/qca6390/regdb.bin, open failed: No such file or directory
01-01 09:51:05.406 0 0 E swr_get_logical_dev_num: Error -22 to get logical addr for device d01170224
01-01 09:51:05.407 0 0 E swr-wcd rx_swr_ctrl: swrm_get_logical_dev_num: device 0xd01170224 is not ready
01-01 09:51:05.418 0 0 E ueventd : firmware: attempted /vendor/firmware/qca6390/regdb.bin, open failed: No such file or directory
01-01 09:51:05.431 1136 1636 I DisplayDeviceRepository: Display device added: DisplayDeviceInfo{"内置屏幕": uniqueId="local:4630946816427681409", 2560 x 1080, modeId 1, defaultModeId 1, supportedModes [{id=1, width=2560, height=1080, fps=60.000004, alternativeRefreshRates=[]}], colorMode 0, supportedColorModes [0], hdrCapabilities HdrCapabilities{mSupportedHdrTypes=[2, 3, 4], mMaxLuminance=500.0, mMaxAverageLuminance=500.0, mMinLuminance=0.0}, allmSupported false, gameContentTypeSupported false, density 240, 320.315 x 318.976 dpi, appVsyncOff 1000000, presDeadline 16666666, touch INTERNAL, rotation 0, type INTERNAL, address {port=129, model=0x40446d97fee5e6}, deviceProductInfo DeviceProductInfo{name=, manufacturerPnpId=QCM, productId=1, modelYear=null, manufactureDate=ManufactureDate{week=27, year=2006}, connectionToSinkType=0}, state UNKNOWN, frameRateOverride , brightnessMinimum 0.0, brightnessMaximum 1.0, brightnessDefault 1.0, FLAG_DEFAULT_DISPLAY, FLAG_ROTATES_WITH_CONTENT, FLAG_SECURE, FLAG_SUPPORTS_PROTECTED_BUFFERS}
01-01 09:51:05.433 1136 1636 I LogicalDisplayMapper: Applying layout: [{addr: {port=129, model=0x40446d97fee5e6}, dispId: 0(ON)}], Previous layout: null
01-01 09:51:05.429 0 0 W QSEECOM : qseecom_load_app: App with id 6 (fingerpr) now loaded
01-01 09:51:05.434 0 0 W : ------------[ cut here ]------------
01-01 09:51:05.434 0 0 W : Unbalanced enable for IRQ 400
01-01 09:51:05.434 0 0 W : WARNING: CPU: 2 PID: 1121 at kernel/irq/manage.c:621 enable_irq+0x98/0xf0
01-01 09:51:05.434 0 0 I : Modules linked in: cyttsp7_device_access cyttsp7_i2c cyttsp7 wlan(O+) atmel_mxt_ts tsnv(O) machine_dlkm(O) wcd938x_slave_dlkm(O) wcd938x_dlkm(O) wcd9xxx_dlkm(O) mbhc_dlkm(O) tx_macro_dlkm(O) rx_macro_dlkm(O) va_macro_dlkm(O) wsa_macro_dlkm(O) swr_ctrl_dlkm(O) bolero_cdc_dlkm(O) wsa881x_dlkm(O) wcd_core_dlkm(O) stub_dlkm(O) hdmi_dlkm(O) swr_dlkm(O) pinctrl_lpi_dlkm(O) pinctrl_wcd_dlkm(O) usf_dlkm(O) native_dlkm(O) platform_dlkm(O) q6_dlkm(O) adsp_loader_dlkm(O) apr_dlkm(O) snd_event_dlkm(O) q6_notifier_dlkm(O) q6_pdr_dlkm(O) msm_11ad_proxy
01-01 09:51:05.434 0 0 I : CPU: 2 PID: 1121 Comm: kworker/2:3 Tainted: G S O 4.19.157+ #1
01-01 09:51:05.434 0 0 I Hardware name: Qualcomm Technologies, Inc. kona MTP-RmPM8150b. VC1(FSE) EVT3 (DT)
01-01 09:51:05.434 0 0 I Workqueue: pm pm_runtime_work
01-01 09:51:05.434 0 0 I pstate : 60c00085 (nZCv daIf +PAN +UAO)
01-01 09:51:05.434 0 0 I pc : enable_irq+0x98/0xf0
01-01 09:51:05.434 0 0 I lr : enable_irq+0x98/0xf0
01-01 09:51:05.434 0 0 I sp : ffffff80167dbaf0
01-01 09:51:05.434 0 0 I : x29: ffffff80167dbb00 x28: 0000000000000002
01-01 09:51:05.434 0 0 I : x27: 0000000000000000 x26: ffffffcab0567bfd
01-01 09:51:05.434 0 0 I : x25: 0000000000000000 x24: ffffffa69b16e578
01-01 09:51:05.434 0 0 I : x23: ffffffcab0565f59 x22: ffffffcab05679c8
01-01 09:51:05.434 0 0 I : x21: ffffffca94460090 x20: 0000000000000190
01-01 09:51:05.434 0 0 I : x19: ffffffca77cdda80 x18: 0000000000000030
01-01 09:51:05.434 0 0 I : x17: ffffffa69e31c000 x16: 00000000fffc2fdc
01-01 09:51:05.434 0 0 I : x15: 00000000000c2fdc x14: ffffffcaff024bc8
01-01 09:51:05.434 0 0 I : x13: 0000000000000000 x12: 00000000000000e0
01-01 09:51:05.434 0 0 I : x11: 0000000000000000 x10: 0000000000000001
01-01 09:51:05.435 0 0 I : x9 : 46aed5ee0edaaa00 x8 : 46aed5ee0edaaa00
01-01 09:51:05.435 0 0 I : x7 : ffffffa69a9820f4 x6 : 0000000000000000
01-01 09:51:05.435 0 0 I : x5 : 0000000000000080 x4 : 0000000000000001
01-01 09:51:05.435 0 0 I : x3 : 0000000000000000 x2 : 0000000000000007
01-01 09:51:05.435 0 0 I : x1 : 0000000000000007 x0 : 000000000000001d
01-01 09:51:05.435 0 0 I Call trace:
01-01 09:51:05.435 0 0 I : enable_irq+0x98/0xf0
01-01 09:51:05.435 0 0 E ueventd : firmware: attempted /firmware/image/qca6390/regdb.bin, open failed: No such file or directory
01-01 09:51:05.437 0 0 E cnss : Failed to load BDF: qca6390/regdb.bin
01-01 09:51:05.437 0 0 D cnss : Sending BDF download message, state: 0xb, type: 1
01-01 09:51:05.437 0 0 D cnss : FW name added with prefix: qca6390/bdwlan.elf
01-01 09:51:05.437 0 0 W cnss2 b0000000.qcom,cnss-qca6390: Falling back to syfs fallback for: qca6390/bdwlan.elf
01-01 09:51:05.442 1136 1636 I LogicalDisplayMapper: Adding new display: 0: DisplayInfo{"内置屏幕", displayId 0", displayGroupId -1, FLAG_SECURE, FLAG_SUPPORTS_PROTECTED_BUFFERS, FLAG_TRUSTED, real 2560 x 1080, largest app 2560 x 1080, smallest app 2560 x 1080, appVsyncOff 1000000, presDeadline 16666666, mode 1, defaultMode 1, modes [{id=1, width=2560, height=1080, fps=60.000004, alternativeRefreshRates=[]}], hdrCapabilities HdrCapabilities{mSupportedHdrTypes=[2, 3, 4], mMaxLuminance=500.0, mMaxAverageLuminance=500.0, mMinLuminance=0.0}, userDisabledHdrTypes [], minimalPostProcessingSupported false, rotation 0, state UNKNOWN, type INTERNAL, uniqueId "local:4630946816427681409", app 2560 x 1080, density 240 (320.315 x 318.976) dpi, layerStack 0, colorMode 0, supportedColorModes [0], address {port=129, model=0x40446d97fee5e6}, deviceProductInfo DeviceProductInfo{name=, manufacturerPnpId=QCM, productId=1, modelYear=null, manufactureDate=ManufactureDate{week=27, year=2006}, connectionToSinkType=0}, removeMode 0, refreshRateOverride 0.0, brightnessMinimum 0.0, brightnessMaximum 1.0, brightnessDefault 1.0}
01-01 09:51:05.443 1136 1636 I LogicalDisplayMapper: Setting new display group 0 for display 0, from previous group: null
01-01 09:51:05.446 1136 1636 I commit_sys_config_file: [display-state,1]
01-01 09:51:05.447 1136 1636 E DisplayDeviceConfig: requesting nits when no mapping exists.
01-01 09:51:05.461 1136 1636 I am_wtf : [0,1136,system_server,-1,DisplayDeviceConfig,requesting nits when no mapping exists.]
01-01 09:51:05.462 1136 1636 E DisplayDeviceConfig: requesting nits when no mapping exists.
01-01 09:51:05.451 0 0 D cnss : Downloading BDF: qca6390/bdwlan.elf, size: 57908
01-01 09:51:05.456 0 0 I : swrm_runtime_suspend+0x480/0x608 [swr_ctrl_dlkm]
01-01 09:51:05.456 0 0 I : pm_generic_runtime_suspend+0x34/0x48
01-01 09:51:05.456 0 0 I : __rpm_callback+0x128/0x230
01-01 09:51:05.456 0 0 I : rpm_suspend+0x468/0x820
01-01 09:51:05.462 0 0 I : rpm_idle+0x5bc/0x600
01-01 09:51:05.462 0 0 I : pm_runtime_work+0x7c/0xa8
01-01 09:51:05.462 0 0 I : process_one_work+0x38c/0x660
01-01 09:51:05.462 0 0 I : worker_thread+0x268/0x4b8
01-01 09:51:05.462 0 0 I : kthread+0x140/0x150
01-01 09:51:05.462 0 0 I : ret_from_fork+0x10/0x1c
01-01 09:51:05.462 0 0 I : irq event stamp: 14238
01-01 09:51:05.462 0 0 I : hardirqs last enabled at (14237): [] _raw_spin_unlock_irqrestore+0x44/0x88
01-01 09:51:05.462 0 0 I : hardirqs last disabled at (14238): [] _raw_spin_lock_irqsave+0x28/0x98
01-01 09:51:05.462 0 0 I : softirqs last enabled at (12858): [] __do_softirq+0x50c/0x554
01-01 09:51:05.462 0 0 I : softirqs last disabled at (12849): [] irq_exit+0xfc/0x120
01-01 09:51:05.462 0 0 W : ---[ end trace ccbeeb27ca4ebf34 ]---
01-01 09:51:05.463 0 0 E swr_get_logical_dev_num: Error -22 to get logical addr for device d01170224
01-01 09:51:05.463 1136 1636 I am_wtf : [0,1136,system_server,-1,DisplayDeviceConfig,requesting nits when no mapping exists.]
01-01 09:51:05.465 1136 1136 W SystemServiceManager: Service com.android.server.display.DisplayManagerService took 60 ms in onBootPhase
01-01 09:51:05.465 1136 1136 D SystemServerTiming: OnBootPhase_100_com.android.server.display.DisplayManagerService took to complete: 60ms
01-01 09:51:05.465 1136 1136 D SystemServerTiming: OnBootPhase_100 took to complete: 61ms
01-01 09:51:05.465 1136 1136 D SystemServerTiming: WaitForDisplay took to complete: 61ms
01-01 09:51:05.465 1136 1136 I SystemServerTiming: StartDomainVerificationService
01-01 09:51:05.469 1136 1136 D SystemServerTiming: StartDomainVerificationService took to complete: 5ms
01-01 09:51:05.469 1136 1136 I SystemServerTiming: StartPackageManagerService
01-01 09:51:05.470 1136 1136 I Watchdog: Pausing HandlerChecker: main thread for reason: packagemanagermain. Pause count: 1
01-01 09:51:05.474 1136 1636 I DisplayDeviceRepository: Display device changed state: "内置屏幕", ON
01-01 09:51:05.474 1136 1136 I PackageManagerTiming: create package manager
01-01 09:51:05.472 0 0 E swr-wcd rx_swr_ctrl: swrm_get_logical_dev_num: device 0xd01170224 is not ready
01-01 09:51:05.477 0 0 E init : Control message: Could not find 'android.frameworks.sensorservice@1.0::ISensorManager/default' for ctl.interface_start from pid: 504 (/system/bin/hwservicemanager)
01-01 09:51:05.481 0 0 E swr_get_logical_dev_num: Error -22 to get logical addr for device d01170224
01-01 09:51:05.482 1136 1136 I boot_progress_pms_start: 55998
01-01 09:51:05.482 1136 1136 I PackageManagerTiming: readListOfPackagesToBeDisabled
01-01 09:51:05.482 1136 1136 D PackageManager: Disabling packages for wifi-only device, source: /vendor/etc/telephony_packages.xml
01-01 09:51:05.483 1136 1136 D PackageManagerTiming: readListOfPackagesToBeDisabled took to complete: 1ms
01-01 09:51:05.483 1136 1136 I PackageManagerTiming: createSubComponents
01-01 09:51:05.496 1136 1136 W FileUtils: Failed to chmod(/data/system/packages.list): android.system.ErrnoException: chmod failed: ENOENT (No such file or directory)
01-01 09:51:05.499 0 0 E init : Control message: Could not find 'android.frameworks.sensorservice@1.0::ISensorManager/default' for ctl.interface_start from pid: 504 (/system/bin/hwservicemanager)
01-01 09:51:05.506 0 0 E wcd938x_codec wcd938x-codec: wcd938x_bind: Slave bind failed, ret = -517
01-01 09:51:05.515 0 0 D cnss : FW name added with prefix: qca6390/m3.bin
01-01 09:51:05.515 0 0 W cnss_pci 0000: 01:00.0: Falling back to syfs fallback for: qca6390/m3.bin
01-01 09:51:05.526 1136 1136 D PackageManagerTiming: createSubComponents took to complete: 44ms
01-01 09:51:05.526 1136 1136 I PackageManagerTiming: addSharedUsers
01-01 09:51:05.527 1136 1136 D PackageManagerTiming: addSharedUsers took to complete: 0ms
01-01 09:51:05.527 0 0 D cnss : Sending M3 information message, state: 0xb
01-01 09:51:05.531 0 0 D cnss : M3 memory, va: 0xffffff801f631000, pa: 0x00000000a1800000, size: 0x411bc
01-01 09:51:05.528 1136 1136 I PackageManagerTiming: get system config
01-01 09:51:05.528 1136 1136 D PackageManagerTiming: get system config took to complete: 0ms
01-01 09:51:05.533 1136 1136 D PackageManager: Directories scanned as system partitions: [/system:0, /vendor:524288, /odm:4194304, /oem:262144, /product:1048576, /system_ext:2097152, /apex/com.android.vndk.v30:8388608, /apex/com.android.wifi:8388608, /apex/com.android.vndk.v31:8388608, /apex/com.android.tzdata:8388608, /apex/com.android.tethering:8388608, /apex/com.android.sdkext:8388608, /apex/com.android.scheduling:8388608, /apex/com.android.runtime:8388608, /apex/com.android.resolv:8388608, /apex/com.android.permission:8388608, /apex/com.android.os.statsd:8388608, /apex/com.android.neuralnetworks:8388608, /apex/com.android.mediaprovider:8388608, /apex/com.android.media.swcodec:8388608, /apex/com.android.media:8388608, /apex/com.android.ipsec:8388608, /apex/com.android.i18n:8388608, /apex/com.android.extservices:8388608, /apex/com.android.conscrypt:8388608, /apex/com.android.art:8388608, /apex/com.android.appsearch:8388608, /apex/com.android.adbd:8388608]
01-01 09:51:05.536 1136 1136 D SELinuxMMAC: Using policy file /system/etc/selinux/plat_mac_permissions.xml
01-01 09:51:05.543 1136 1136 D SELinuxMMAC: Using policy file /system_ext/etc/selinux/system_ext_mac_permissions.xml
01-01 09:51:05.544 1136 1136 D SELinuxMMAC: Using policy file /product/etc/selinux/product_mac_permissions.xml
01-01 09:51:05.536 0 0 E register_client_adhoc: find path.src 1 dest 589
01-01 09:51:05.545 1136 1136 D SELinuxMMAC: Using policy file /vendor/etc/selinux/vendor_mac_permissions.xml
01-01 09:51:05.536 0 0 D cnss : PM relax, state: 0xb, count: 0
01-01 09:51:05.536 0 0 D cnss : Received QMI WLFW FW initialization done indication
01-01 09:51:05.537 0 0 E register_client_adhoc: Failed to find path.src 1 dest 589
01-01 09:51:05.542 0 0 E : [drm:dp_display_init_aux_switch][msm-dp-err][488 ]failed to register notifier (-22)
01-01 09:51:05.547 1136 1136 D SELinuxMMAC: Using policy file /odm/etc/selinux/odm_mac_permissions.xml
01-01 09:51:05.549 1136 1136 I PackageManagerTiming: loadFallbacks
01-01 09:51:05.553 1136 1136 D PackageManagerTiming: loadFallbacks took to complete: 3ms
01-01 09:51:05.553 1136 1136 I PackageManagerTiming: read user settings
01-01 09:51:05.553 1136 1136 I PackageManager: No settings file; creating initial state
01-01 09:51:05.553 1136 1136 I pm_critical_info: No settings file; creating initial state
01-01 09:51:05.554 1136 1136 D PackageManagerTiming: read user settings took to complete: 2ms
01-01 09:51:05.555 1136 1136 I boot_progress_pms_system_scan_start: 56071
01-01 09:51:05.561 1136 1136 W android.permission.PermissionManager: Missing ActivityManager; assuming 1000 holds android.permission.WATCH_APPOPS
01-01 09:51:05.562 1136 1136 W android.permission.PermissionManager: Missing ActivityManager; assuming 1000 holds android.permission.WATCH_APPOPS
01-01 09:51:05.556 0 0 E swr-wcd rx_swr_ctrl: swrm_get_logical_dev_num: device 0xd01170224 is not ready
01-01 09:51:05.557 0 0 D cnss : Posting event: FW_READY(4), state: 0xb flags: 0x0
01-01 09:51:05.566 0 0 E swr_get_logical_dev_num: Error -22 to get logical addr for device d01170224
01-01 09:51:05.566 0 0 D cnss : PM stay awake, state: 0xb, count: 1
01-01 09:51:05.572 0 0 I subsys-pil-tz soc: qcom,kgsl-hyp: a650_zap: loading from 0x00000000fcf00000 to 0x00000000fcf01000
01-01 09:51:05.574 0 0 D cnss : PM relax, state: 0xb, count: 0
01-01 09:51:05.575 0 0 D cnss : PM stay awake, state: 0xb, count: 1
01-01 09:51:05.575 0 0 D cnss : Processing driver event: FW_READY(4), state: 0xb
01-01 09:51:05.575 0 0 D cnss : PCIE Gen speed not setup
01-01 09:51:05.575 0 0 D cnss : Sending antenna switch sync request, state: 0xf
01-01 09:51:05.576 0 0 W subsys-pil-tz soc: qcom,kgsl-hyp: Falling back to syfs fallback for: a650_zap.b02
01-01 09:51:05.577 0 0 E swr-wcd rx_swr_ctrl: swrm_get_logical_dev_num: device 0xd01170224 is not ready
01-01 09:51:05.578 1136 1694 W ProcessCpuTracker: Failed to stat(/proc/1700): android.system.ErrnoException: stat failed: ENOENT (No such file or directory)
01-01 09:51:05.578 1136 1694 W ProcessCpuTracker: Skipping unknown process pid 1700
01-01 09:51:05.581 1136 1136 I PackageManager: /product/overlay/NavigationBarModeGesturalExtraWideBack changed; collecting certs
01-01 09:51:05.586 1136 1136 D CompatibilityChangeReporter: Compat change id reported: 143539591; UID -1; state: ENABLED
01-01 09:51:05.585 0 0 E cnss : Antenna switch request failed, result: 1, err: 94
01-01 09:51:05.586 0 0 E swr_get_logical_dev_num: Error -22 to get logical addr for device d01170224
01-01 09:51:05.592 0 0 D cnss : Sending mode message, mode: CALIBRATION(7), state: 0xf
01-01 09:51:05.600 1136 1136 I PackageManager: /product/overlay/NavigationBarModeGesturalWideBack changed; collecting certs
01-01 09:51:05.603 1136 1136 I PackageManager: /product/overlay/CellBroadcastReceiverResCommon_Sys.apk changed; collecting certs
01-01 09:51:05.601 0 0 E swr-wcd rx_swr_ctrl: swrm_get_logical_dev_num: device 0xd01170224 is not ready
01-01 09:51:05.601 0 0 I subsys-pil-tz soc: qcom,kgsl-hyp: a650_zap: Brought out of reset
01-01 09:51:05.611 0 0 E swr_get_logical_dev_num: Error -22 to get logical addr for device d01170224
01-01 09:51:05.606 1136 1136 I PackageManager: /product/overlay/OneHandedModeGestural changed; collecting certs
01-01 09:51:05.611 1136 1136 I PackageManager: /product/overlay/SystemUIResCommon_Sys.apk changed; collecting certs
01-01 09:51:05.620 1136 1136 I PackageManager: /product/overlay/SettingsResCommon_Sys.apk changed; collecting certs
01-01 09:51:05.621 0 0 E swr-wcd rx_swr_ctrl: swrm_get_logical_dev_num: device 0xd01170224 is not ready
01-01 09:51:05.631 0 0 E swr_get_logical_dev_num: Error -22 to get logical addr for device d01170224
01-01 09:51:05.633 1136 1136 I PackageManager: /product/overlay/WifiResCommon_Sys.apk changed; collecting certs
01-01 09:51:05.637 1136 1136 I PackageManager: /product/overlay/NavigationBarModeGesturalNarrowBack changed; collecting certs
01-01 09:51:05.639 0 0 E swr-wcd rx_swr_ctrl: swrm_get_logical_dev_num: device 0xd01170224 is not ready
01-01 09:51:05.640 1136 1136 I PackageManager: /product/overlay/SettingsProviderResource changed; collecting certs
01-01 09:51:05.643 1136 1136 I PackageManager: /product/overlay/NavigationBarModeGestural changed; collecting certs
01-01 09:51:05.647 1136 1136 I PackageManager: /product/overlay/FrameworkResource changed; collecting certs
01-01 09:51:05.650 1136 1136 I PackageManager: /product/overlay/FontNotoSerifSource changed; collecting certs
01-01 09:51:05.652 1136 1136 I PackageManager: /product/overlay/FrameworksResCommonQva_Sys.apk changed; collecting certs
01-01 09:51:05.656 1136 1136 I PackageManager: /product/overlay/FrameworksResCommon_Sys.apk changed; collecting certs
01-01 09:51:05.648 0 0 E swr_get_logical_dev_num: Error -22 to get logical addr for device d01170224
01-01 09:51:05.660 1136 1136 I PackageManager: /product/overlay/DisplayCutoutEmulationWaterfall changed; collecting certs
01-01 09:51:05.667 1136 1136 I PackageManager: /vendor/overlay/FrameworksResTarget.apk changed; collecting certs
01-01 09:51:05.657 0 0 E wcd938x_codec wcd938x-codec: wcd938x_bind: Slave bind failed, ret = -517
01-01 09:51:05.663 0 0 I binder : 1127:1150 ioctl 40046210 72fbffb144 returned -22
01-01 09:51:05.671 1136 1136 D CompatibilityChangeReporter: Compat change id reported: 143539591; UID -1; state: DISABLED
01-01 09:51:05.671 1136 1136 D CompatibilityChangeReporter: Compat change id reported: 168782947; UID -1; state: ENABLED
01-01 09:51:05.673 1136 1136 I PackageManager: /vendor/overlay/WifiResTarget.apk changed; collecting certs
01-01 09:51:05.677 1136 1136 I PackageManager: /vendor/overlay/OptInAppOverlay changed; collecting certs
01-01 09:51:05.684 0 0 W QSEECOM : __qseecom_reentrancy_process_incomplete_cmd: send lsr 11 rsp, but app 5 block on lsr 10
01-01 09:51:05.685 1136 1136 W PackageManager: Failed to parse /system/framework/arm: Missing base APK in /system/framework/arm
01-01 09:51:05.685 0 0 W QSEECOM : __qseecom_process_reentrancy_blocked_on_listener: Lsntr 10 in_use 1, block session(1) app(5)
01-01 09:51:05.686 1136 1136 W PackageManager: Failed to parse /system/framework/arm64: Missing base APK in /system/framework/arm64
01-01 09:51:05.686 1136 1136 W PackageManager: Failed to parse /system/framework/oat: Missing base APK in /system/framework/oat
01-01 09:51:05.726 1136 1136 I PackageManager: /system/framework/framework-res.apk changed; collecting certs
01-01 09:51:05.732 1136 1136 W PackageManager: Adding duplicate shared id: 1000 name=android
01-01 09:51:05.732 1136 1136 I pm_critical_info: Adding duplicate shared id: 1000 name=android
01-01 09:51:05.749 0 0 W QSEECOM : __qseecom_process_reentrancy_blocked_on_listener: Lsntr 10 is available, unblock session(1) app(5)
01-01 09:51:05.756 1136 1136 I PackageManager: /system/priv-app/CalendarProvider changed; collecting certs
01-01 09:51:05.762 1136 1136 W PackageManager: Adding duplicate app id: 10018 name=com.android.providers.calendar
01-01 09:51:05.761 0 0 D cnss : Received QMI WLFW pin connect result indication
01-01 09:51:05.762 1136 1136 I pm_critical_info: Adding duplicate app id: 10018 name=com.android.providers.calendar
01-01 09:51:05.763 1136 1136 I PackageManager: /system/priv-app/TcService changed; collecting certs
01-01 09:51:05.774 1136 1136 W PackageManager: Adding duplicate shared id: 1000 name=com.thundercomm.tcservice
01-01 09:51:05.775 1136 1136 I pm_critical_info: Adding duplicate shared id: 1000 name=com.thundercomm.tcservice
01-01 09:51:05.761 0 0 D cnss : Pin connect Result: pwr_pin: 0x1 phy_io_pin: 0x0 rf_io_pin: 0x0
01-01 09:51:05.768 0 0 D cnss : Removing vote for Regulator vdd-wlan-rfa2
01-01 09:51:05.768 0 0 D cnss : Removing vote for Regulator vdd-wlan-rfa1
01-01 09:51:05.769 0 0 D cnss : Removing vote for Regulator vdd-wlan-dig
01-01 09:51:05.769 0 0 D cnss : Removing vote for Regulator vdd-wlan-aon
01-01 09:51:05.769 0 0 D cnss : Removing vote for Regulator vdd-wlan-io
01-01 09:51:05.769 0 0 D cnss : PM relax, state: 0xf, count: 0
01-01 09:51:05.777 1136 1136 I PackageManager: /system/priv-app/MediaProviderLegacy changed; collecting certs
01-01 09:51:05.784 1136 1136 W PackageManager: Adding duplicate app id: 10019 name=com.android.providers.media
01-01 09:51:05.784 1136 1136 I pm_critical_info: Adding duplicate app id: 10019 name=com.android.providers.media
01-01 09:51:05.786 1136 1136 I PackageManager: /system/priv-app/SoundPicker changed; collecting certs
01-01 09:51:05.791 1136 1136 W PackageManager: Adding duplicate app id: 10019 name=com.android.soundpicker
01-01 09:51:05.791 1136 1136 I pm_critical_info: Adding duplicate app id: 10019 name=com.android.soundpicker
01-01 09:51:05.793 1136 1136 I PackageManager: /system/priv-app/DownloadProvider changed; collecting certs
01-01 09:51:05.803 1136 1136 W PackageManager: Adding duplicate app id: 10019 name=com.android.providers.downloads
01-01 09:51:05.804 1136 1136 I pm_critical_info: Adding duplicate app id: 10019 name=com.android.providers.downloads
01-01 09:51:05.804 1136 1717 W PackageParsing: No actions in intent-filter at /system/priv-app/BuiltInPrintService/BuiltInPrintService.apk Binary XML file line #53
01-01 09:51:05.806 1136 1136 I PackageManager: /system/priv-app/BackupRestoreConfirmation changed; collecting certs
01-01 09:51:05.810 1136 1136 I PackageManager: /system/priv-app/NetworkPermissionConfig changed; collecting certs
01-01 09:51:05.815 1136 1136 W PackageManager: Adding duplicate shared id: 1073 name=com.android.networkstack.permissionconfig
01-01 09:51:05.816 1136 1136 I pm_critical_info: Adding duplicate shared id: 1073 name=com.android.networkstack.permissionconfig
01-01 09:51:05.817 1136 1136 I PackageManager: /system/priv-app/InputDevices changed; collecting certs
01-01 09:51:05.819 1136 1136 W PackageManager: Adding duplicate shared id: 1000 name=com.android.inputdevices
01-01 09:51:05.819 1136 1136 I pm_critical_info: Adding duplicate shared id: 1000 name=com.android.inputdevices
01-01 09:51:05.820 1136 1136 I PackageManager: /system/priv-app/DocumentsUI changed; collecting certs
01-01 09:51:05.825 0 0 W QSEECOM : __qseecom_unload_app: App (6) is unloaded
01-01 09:51:05.827 0 0 D qbt : qbt_release: entry minor_no=0 fd_available=0
01-01 09:51:05.827 0 0 D qbt : qbt_release: Releasing wakelock
01-01 09:51:05.827 0 0 D qbt : qbt_release: exit : fd_available=1
01-01 09:51:05.827 0 0 D qbt : qbt_release: entry minor_no=1 fd_available=1
01-01 09:51:05.827 0 0 D qbt : qbt_release: exit : fd_available=1
01-01 09:51:05.828 1136 1136 I PackageManager: /system/priv-app/SettingsProvider changed; collecting certs
01-01 09:51:05.834 1136 1136 W PackageManager: Adding duplicate shared id: 1000 name=com.android.providers.settings
01-01 09:51:05.834 1136 1136 I pm_critical_info: Adding duplicate shared id: 1000 name=com.android.providers.settings
01-01 09:51:05.837 1136 1136 I PackageManager: /system/priv-app/Tag changed; collecting certs
01-01 09:51:05.844 1136 1136 I PackageManager: /system/priv-app/BuiltInPrintService changed; collecting certs
01-01 09:51:05.856 1136 1136 I PackageManager: /system/priv-app/ContactsProvider changed; collecting certs
01-01 09:51:05.859 1136 1136 W PackageManager: Adding duplicate app id: 10024 name=com.android.providers.contacts
01-01 09:51:05.859 1136 1136 I pm_critical_info: Adding duplicate app id: 10024 name=com.android.providers.contacts
01-01 09:51:05.860 1136 1136 I PackageManager: /system/priv-app/UserDictionaryProvider changed; collecting certs
01-01 09:51:05.863 1136 1136 W PackageManager: Adding duplicate app id: 10024 name=com.android.providers.userdictionary
01-01 09:51:05.863 1136 1136 I pm_critical_info: Adding duplicate app id: 10024 name=com.android.providers.userdictionary
01-01 09:51:05.864 1136 1136 I PackageManager: /system/priv-app/LocalTransport changed; collecting certs
01-01 09:51:05.867 1136 1136 W PackageManager: Adding duplicate shared id: 1000 name=com.android.localtransport
01-01 09:51:05.867 1136 1136 I pm_critical_info: Adding duplicate shared id: 1000 name=com.android.localtransport
01-01 09:51:05.869 1136 1136 I PackageManager: /system/priv-app/MusicFX changed; collecting certs
01-01 09:51:05.875 1136 1136 I PackageManager: /system/priv-app/DynamicSystemInstallationService changed; collecting certs
01-01 09:51:05.879 1136 1136 W PackageManager: Adding duplicate shared id: 1000 name=com.android.dynsystem
01-01 09:51:05.879 1136 1136 I pm_critical_info: Adding duplicate shared id: 1000 name=com.android.dynsystem
01-01 09:51:05.880 1136 1136 I PackageManager: /system/priv-app/DownloadProviderUi changed; collecting certs
01-01 09:51:05.885 1136 1717 D CompatibilityChangeReporter: Compat change id reported: 150232615; UID -1; state: DISABLED
01-01 09:51:05.886 1136 1136 W PackageManager: Adding duplicate app id: 10019 name=com.android.providers.downloads.ui
01-01 09:51:05.886 1136 1136 I pm_critical_info: Adding duplicate app id: 10019 name=com.android.providers.downloads.ui
01-01 09:51:05.889 1136 1136 I PackageManager: /system/priv-app/ProxyHandler changed; collecting certs
01-01 09:51:05.892 1136 1136 I PackageManager: /system/priv-app/PackageInstaller changed; collecting certs
01-01 09:51:05.896 1136 1136 I PackageManager: /system/priv-app/ExternalStorageProvider changed; collecting certs
01-01 09:51:05.901 1136 1136 I PackageManager: /system/priv-app/CtsShimPrivPrebuilt changed; collecting certs
01-01 09:51:05.904 1136 1136 D CompatibilityChangeReporter: Compat change id reported: 168782947; UID -1; state: DISABLED
01-01 09:51:05.905 1136 1136 I PackageManager: /system/priv-app/Shell changed; collecting certs
01-01 09:51:05.911 1136 1136 W PackageManager: Adding duplicate shared id: 2000 name=com.android.shell
01-01 09:51:05.911 1136 1136 I pm_critical_info: Adding duplicate shared id: 2000 name=com.android.shell
01-01 09:51:05.914 1136 1136 I PackageManager: /system/priv-app/McuUpdate changed; collecting certs
01-01 09:51:05.920 1136 1136 W PackageManager: Adding duplicate shared id: 1000 name=com.thundercomm.mcuupgrade
01-01 09:51:05.920 1136 1136 I pm_critical_info: Adding duplicate shared id: 1000 name=com.thundercomm.mcuupgrade
01-01 09:51:05.921 1136 1136 I PackageManager: /system/priv-app/Telecom changed; collecting certs
01-01 09:51:05.928 1136 1136 W PackageManager: Adding duplicate shared id: 1000 name=com.android.server.telecom
01-01 09:51:05.928 1136 1136 I pm_critical_info: Adding duplicate shared id: 1000 name=com.android.server.telecom
01-01 09:51:05.931 1136 1136 I PackageManager: /system/priv-app/FusedLocation changed; collecting certs
01-01 09:51:05.937 1136 1136 W PackageManager: Adding duplicate shared id: 1000 name=com.android.location.fused
01-01 09:51:05.937 1136 1136 I pm_critical_info: Adding duplicate shared id: 1000 name=com.android.location.fused
01-01 09:51:05.940 1136 1136 I PackageManager: /system/priv-app/VpnDialogs changed; collecting certs
01-01 09:51:05.944 1136 1136 I PackageManager: /system/priv-app/NetworkStack changed; collecting certs
01-01 09:51:05.949 1136 1136 W PackageManager: Adding duplicate shared id: 1073 name=com.android.networkstack
01-01 09:51:05.949 1136 1136 I pm_critical_info: Adding duplicate shared id: 1073 name=com.android.networkstack
01-01 09:51:05.950 1136 1136 I PackageManager: /system/priv-app/SogouInput_huaren_1.0.0.255_Build_14302_20210415 changed; collecting certs
01-01 09:51:05.963 1216 1216 E iorapd : Cannot get package manager service!
01-01 09:51:05.974 1136 1717 W PackageParsing: No actions in intent-filter at /system/priv-app/baidu_ime-mainLine-release/baidu_ime-mainLine-release.apk Binary XML file line #1529
01-01 09:51:05.983 1136 1715 W PackageParsing: Ignoring duplicate uses-permissions/uses-permissions-sdk-m: android.permission.ACCESS_WIFI_STATE in package: com.microsoft.emmx at: Binary XML file line #105
01-01 09:51:06.024 1136 1715 I PackageParsing: Parse times for '/system/priv-app/com.microsoft.emmx_134305015': parse=162ms, update_cache=7 ms
01-01 09:51:06.038 1136 1136 I PackageManager: /system/priv-app/MtpService changed; collecting certs
01-01 09:51:06.045 1136 1136 W PackageManager: Adding duplicate app id: 10019 name=com.android.mtp
01-01 09:51:06.045 1136 1136 I pm_critical_info: Adding duplicate app id: 10019 name=com.android.mtp
01-01 09:51:06.046 1136 1136 I PackageManager: /system/priv-app/ManagedProvisioning changed; collecting certs
01-01 09:51:06.050 1136 1136 I PackageManager: /system/priv-app/SharedStorageBackup changed; collecting certs
01-01 09:51:06.054 1136 1136 I PackageManager: /system/priv-app/HiphiShowFSEControl-MCE-1.0.10.22-11-18-14_48_36.39d265a-10-debug changed; collecting certs
01-01 09:51:06.060 1136 1136 I PackageManager: /system/priv-app/Traceur changed; collecting certs
01-01 09:51:06.064 1136 1136 I PackageManager: /system/priv-app/baidu_ime-mainLine-release changed; collecting certs
01-01 09:51:06.260 0 0 E : msm_qti_pp_get_rms_value_control, back not active to query rms be_idx:3
01-01 09:51:06.293 0 0 I core_get_license_status: cmdrsp_license_result.result = 0x15 for module 0x131ff
01-01 09:51:06.295 0 0 E msm_ext_disp_update_audio_ops: Display not found (EXT_DISPLAY_TYPE_DP) ctld (0) stream (0)
01-01 09:51:06.305 0 0 E msm_ext_disp_update_audio_ops: Display not found (EXT_DISPLAY_TYPE_HDMI) ctld (0) stream (0)
01-01 09:51:06.315 0 0 E msm_ext_disp_update_audio_ops: Display not found (EXT_DISPLAY_TYPE_DP) ctld (0) stream (0)
01-01 09:51:06.325 0 0 E msm_ext_disp_update_audio_ops: Display not found (EXT_DISPLAY_TYPE_DP) ctld (0) stream (0)
01-01 09:51:06.335 0 0 E msm_ext_disp_update_audio_ops: Display not found (EXT_DISPLAY_TYPE_DP) ctld (0) stream (0)
01-01 09:51:06.345 0 0 E msm-ext-disp-audio-codec-rx soc: qcom,msm-ext-disp:qcom,msm-ext-disp-audio-codec-rx: msm_ext_disp_audio_type_get: get_audio_edid_blk() or get_intf_id is NULL
01-01 09:51:06.351 0 0 E swr-wcd wsa_swr_ctrl: swrm_runtime_suspend: clk stop mode not supported or SSR entry
01-01 09:51:06.362 0 0 E msm_ext_disp_update_audio_ops: Display not found (EXT_DISPLAY_TYPE_DP) ctld (0) stream (0)
01-01 09:51:06.380 0 0 E msm-ext-disp-audio-codec-rx soc: qcom,msm-ext-disp:qcom,msm-ext-disp-audio-codec-rx: msm_ext_disp_audio_type_get: get_audio_edid_blk() or get_intf_id is NULL
01-01 09:51:06.396 0 0 E msm_ext_disp_update_audio_ops: Display not found (EXT_DISPLAY_TYPE_DP) ctld (0) stream (0)
01-01 09:51:06.406 0 0 E msm-ext-disp-audio-codec-rx soc: qcom,msm-ext-disp:qcom,msm-ext-disp-audio-codec-rx: msm_ext_disp_audio_type_get: get_audio_edid_blk() or get_intf_id is NULL
01-01 09:51:06.424 0 0 E msm-ext-disp-audio-codec-rx soc: qcom,msm-ext-disp:qcom,msm-ext-disp-audio-codec-rx: msm_ext_disp_audio_device_get: invalid dai id: 4
01-01 09:51:06.482 0 0 E init : Control message: Could not find 'android.frameworks.sensorservice@1.0::ISensorManager/default' for ctl.interface_start from pid: 504 (/system/bin/hwservicemanager)
01-01 09:51:06.502 0 0 E init : Control message: Could not find 'android.frameworks.sensorservice@1.0::ISensorManager/default' for ctl.interface_start from pid: 504 (/system/bin/hwservicemanager)
01-01 09:51:06.520 0 0 E : msm_pcm_volume_ctl_get substream not found
01-01 09:51:06.723 0 0 E : msm_qti_pp_get_rms_value_control, back not active to query rms be_idx:3
01-01 09:51:06.751 0 0 I core_get_license_status: cmdrsp_license_result.result = 0x15 for module 0x131ff
01-01 09:51:06.752 0 0 E msm_ext_disp_update_audio_ops: Display not found (EXT_DISPLAY_TYPE_DP) ctld (0) stream (0)
01-01 09:51:06.762 0 0 E msm_ext_disp_update_audio_ops: Display not found (EXT_DISPLAY_TYPE_HDMI) ctld (0) stream (0)
01-01 09:51:06.772 0 0 E msm_ext_disp_update_audio_ops: Display not found (EXT_DISPLAY_TYPE_DP) ctld (0) stream (0)
01-01 09:51:06.781 0 0 E msm_ext_disp_update_audio_ops: Display not found (EXT_DISPLAY_TYPE_DP) ctld (0) stream (0)
01-01 09:51:06.792 0 0 E msm_ext_disp_update_audio_ops: Display not found (EXT_DISPLAY_TYPE_DP) ctld (0) stream (0)
01-01 09:51:06.802 0 0 E msm-ext-disp-audio-codec-rx soc: qcom,msm-ext-disp:qcom,msm-ext-disp-audio-codec-rx: msm_ext_disp_audio_type_get: get_audio_edid_blk() or get_intf_id is NULL
01-01 09:51:06.813 1275 1275 E storaged: getService package_native failed
01-01 09:51:06.821 1275 1754 I storaged: storaged: Start
01-01 09:51:06.818 0 0 E msm_ext_disp_update_audio_ops: Display not found (EXT_DISPLAY_TYPE_DP) ctld (0) stream (0)
01-01 09:51:06.828 0 0 E msm-ext-disp-audio-codec-rx soc: qcom,msm-ext-disp:qcom,msm-ext-disp-audio-codec-rx: msm_ext_disp_audio_type_get: get_audio_edid_blk() or get_intf_id is NULL
01-01 09:51:06.844 0 0 E msm_ext_disp_update_audio_ops: Display not found (EXT_DISPLAY_TYPE_DP) ctld (0) stream (0)
01-01 09:51:06.854 0 0 E msm-ext-disp-audio-codec-rx soc: qcom,msm-ext-disp:qcom,msm-ext-disp-audio-codec-rx: msm_ext_disp_audio_type_get: get_audio_edid_blk() or get_intf_id is NULL
01-01 09:51:06.872 0 0 E msm-ext-disp-audio-codec-rx soc: qcom,msm-ext-disp:qcom,msm-ext-disp-audio-codec-rx: msm_ext_disp_audio_device_get: invalid dai id: 4
01-01 09:51:06.969 1216 1216 W iorapd : Reconnect to package manager service: 2 times
01-01 09:51:06.963 0 0 E : msm_pcm_volume_ctl_get substream not found
01-01 09:51:07.243 1136 1136 I PackageManager: /system/priv-app/com.microsoft.emmx_134305015 changed; collecting certs
01-01 09:51:07.481 0 0 E init : Control message: Could not find 'android.frameworks.sensorservice@1.0::ISensorManager/default' for ctl.interface_start from pid: 504 (/system/bin/hwservicemanager)
01-01 09:51:07.734 1136 1136 I PackageManager: /system/app/BasicDreams changed; collecting certs
01-01 09:51:07.737 1136 1136 I PackageManager: /system/app/CameraExtensionsProxy changed; collecting certs
01-01 09:51:07.739 1136 1136 I PackageManager: /system/app/EasterEgg changed; collecting certs
01-01 09:51:07.740 1136 1136 I service_manager_stats: [100,103,58256]
01-01 09:51:07.743 1136 1715 W PackageParsing: No actions in intent-filter at /system/app/Bluetooth/Bluetooth.apk Binary XML file line #186
01-01 09:51:07.743 1136 1715 W PackageParsing: No actions in intent-filter at /system/app/Bluetooth/Bluetooth.apk Binary XML file line #210
01-01 09:51:07.744 1136 1715 W PackageParsing: No actions in intent-filter at /system/app/Bluetooth/Bluetooth.apk Binary XML file line #284
01-01 09:51:07.746 1136 1136 I PackageManager: /system/app/Bluetooth changed; collecting certs
01-01 09:51:07.749 1136 1136 W PackageManager: Adding duplicate shared id: 1002 name=com.android.bluetooth
01-01 09:51:07.749 1136 1136 I pm_critical_info: Adding duplicate shared id: 1002 name=com.android.bluetooth
01-01 09:51:07.750 1136 1136 I PackageManager: /system/app/CertInstaller changed; collecting certs
01-01 09:51:07.753 1136 1136 I PackageManager: /system/app/CaptivePortalLogin changed; collecting certs
01-01 09:51:07.756 1136 1136 I PackageManager: /system/app/BookmarkProvider changed; collecting certs
01-01 09:51:07.760 1136 1136 I PackageManager: /system/app/TCHttpServer changed; collecting certs
01-01 09:51:07.761 1136 1717 W PackageParsing: Ignoring duplicate uses-permissions/uses-permissions-sdk-m: android.permission.READ_EXTERNAL_STORAGE in package: com.thundercomm.screensaver at: Binary XML file line #19
01-01 09:51:07.763 1136 1136 W PackageManager: Adding duplicate shared id: 1000 name=com.thundercomm.tchttpserver
01-01 09:51:07.763 1136 1136 I pm_critical_info: Adding duplicate shared id: 1000 name=com.thundercomm.tchttpserver
01-01 09:51:07.764 1136 1136 I PackageManager: /system/app/LogClient changed; collecting certs
01-01 09:51:07.768 1136 1136 W PackageManager: Adding duplicate shared id: 1000 name=com.tc.logclient
01-01 09:51:07.768 1136 1136 I pm_critical_info: Adding duplicate shared id: 1000 name=com.tc.logclient
01-01 09:51:07.769 1136 1136 I PackageManager: /system/app/BluetoothMidiService changed; collecting certs
01-01 09:51:07.773 1136 1136 I PackageManager: /system/app/ExtShared changed; collecting certs
01-01 09:51:07.778 1136 1136 I PackageManager: /system/app/ScreenSaver changed; collecting certs
01-01 09:51:07.781 1136 1136 I PackageManager: /system/app/WallpaperBackup changed; collecting certs
01-01 09:51:07.783 1136 1136 W PackageManager: Adding duplicate shared id: 1000 name=com.android.wallpaperbackup
01-01 09:51:07.783 1136 1136 I pm_critical_info: Adding duplicate shared id: 1000 name=com.android.wallpaperbackup
01-01 09:51:07.784 1136 1136 I PackageManager: /system/app/SecureElement changed; collecting certs
01-01 09:51:07.786 1136 1136 W PackageManager: Adding duplicate shared id: 1068 name=com.android.se
01-01 09:51:07.786 1136 1136 I pm_critical_info: Adding duplicate shared id: 1068 name=com.android.se
01-01 09:51:07.787 1136 1136 I PackageManager: /system/app/CtsShimPrebuilt changed; collecting certs
01-01 09:51:07.790 1136 1136 I PackageManager: /system/app/HTMLViewer changed; collecting certs
01-01 09:51:07.791 1136 1136 I PackageManager: /system/app/PacProcessor changed; collecting certs
01-01 09:51:07.793 1136 1136 I PackageManager: /system/app/PrintSpooler changed; collecting certs
01-01 09:51:07.796 1136 1136 I PackageManager: /system/app/PrintRecommendationService changed; collecting certs
01-01 09:51:07.798 1136 1136 I PackageManager: /system/app/CompanionDeviceManager changed; collecting certs
01-01 09:51:07.799 1136 1136 I PackageManager: /system/app/KeyChain changed; collecting certs
01-01 09:51:07.801 1136 1136 W PackageManager: Adding duplicate shared id: 1000 name=com.android.keychain
01-01 09:51:07.801 1136 1136 I pm_critical_info: Adding duplicate shared id: 1000 name=com.android.keychain
01-01 09:51:07.802 1136 1136 I PackageManager: /system/app/LiveWallpapersPicker changed; collecting certs
01-01 09:51:07.810 1136 1136 I PackageManager: /vendor/app/CACertService changed; collecting certs
01-01 09:51:07.813 1136 1136 W PackageManager: Adding duplicate app id: 10054 name=vendor.qti.hardware.cacert.server
01-01 09:51:07.813 1136 1136 I pm_critical_info: Adding duplicate app id: 10054 name=vendor.qti.hardware.cacert.server
01-01 09:51:07.814 1136 1136 I PackageManager: /vendor/app/TrustZoneAccessService changed; collecting certs
01-01 09:51:07.816 1136 1136 I PackageManager: /vendor/app/IWlanService changed; collecting certs
01-01 09:51:07.819 1136 1136 W PackageManager: Adding duplicate app id: 10054 name=vendor.qti.iwlan
01-01 09:51:07.819 1136 1136 I pm_critical_info: Adding duplicate app id: 10054 name=vendor.qti.iwlan
01-01 09:51:07.820 1136 1136 I PackageManager: /vendor/app/ConnectionSecurityService changed; collecting certs
01-01 09:51:07.829 1136 1136 I PackageManager: /vendor/app/TsUartService changed; collecting certs
01-01 09:51:07.832 1136 1136 I PackageManager: /vendor/app/TimeService changed; collecting certs
01-01 09:51:07.833 1136 1136 I PackageManager: /vendor/app/pasrservice changed; collecting certs
01-01 09:51:07.835 1136 1136 W PackageManager: Failed to parse /vendor/app/CneApp: Missing base APK in /vendor/app/CneApp/lib/arm64
01-01 09:51:07.835 1136 1136 I PackageManager: /vendor/app/com.qualcomm.qti.gpudrivers.kona.api30 changed; collecting certs
01-01 09:51:07.837 1136 1136 I PackageManager: /vendor/app/UnifiedSensorTestApp changed; collecting certs
01-01 09:51:07.839 1136 1136 I PackageManager: /vendor/app/QSensorTest changed; collecting certs
01-01 09:51:07.847 1136 1136 I PackageManager: /product/priv-app/OneTimeInitializer changed; collecting certs
01-01 09:51:07.851 1136 1136 I PackageManager: /product/priv-app/SettingsIntelligence changed; collecting certs
01-01 09:51:07.859 1136 1136 I PackageManager: /product/app/uimremoteserver changed; collecting certs
01-01 09:51:07.864 1136 1136 I PackageManager: /product/app/uimremoteclient changed; collecting certs
01-01 09:51:07.868 1136 1136 I PackageManager: /product/app/SampleLocationAttribution changed; collecting certs
01-01 09:51:07.871 1136 1136 I PackageManager: /product/app/ModuleMetadata changed; collecting certs
01-01 09:51:07.877 1136 1136 I PackageManager: /product/app/PhotoTable changed; collecting certs
01-01 09:51:07.881 1136 1136 I PackageManager: /product/app/DeskClock changed; collecting certs
01-01 09:51:07.884 1136 1136 I PackageManager: /product/app/DeviceStatisticsService changed; collecting certs
01-01 09:51:07.887 1136 1136 I PackageManager: /product/app/Gallery2 changed; collecting certs
01-01 09:51:07.892 1136 1136 I PackageManager: /product/app/GameModeProvider changed; collecting certs
01-01 09:51:07.894 1136 1136 I PackageManager: /product/app/webview changed; collecting certs
01-01 09:51:07.903 1136 1136 I PackageManager: /product/app/Calendar changed; collecting certs
01-01 09:51:07.922 1136 1136 I PackageManager: /product/app/LatinIME changed; collecting certs
01-01 09:51:07.932 1136 1136 I PackageManager: /system_ext/priv-app/com.qualcomm.qti.services.systemhelper changed; collecting certs
01-01 09:51:07.936 1136 1136 I PackageManager: /system_ext/priv-app/com.qualcomm.location changed; collecting certs
01-01 09:51:07.945 1136 1136 I PackageManager: /system_ext/priv-app/xtra_t_app changed; collecting certs
01-01 09:51:07.948 1136 1136 W PackageManager: Adding duplicate app id: 10079 name=com.qualcomm.location.XT
01-01 09:51:07.948 1136 1136 I pm_critical_info: Adding duplicate app id: 10079 name=com.qualcomm.location.XT
01-01 09:51:07.953 1136 1136 I PackageManager: /system_ext/priv-app/Launcher3QuickStep changed; collecting certs
01-01 09:51:07.958 1136 1136 I PackageManager: /system_ext/priv-app/dpmserviceapp changed; collecting certs
01-01 09:51:07.961 1136 1136 W PackageManager: Adding duplicate shared id: 1001 name=com.qti.dpmserviceapp
01-01 09:51:07.961 1136 1136 I pm_critical_info: Adding duplicate shared id: 1001 name=com.qti.dpmserviceapp
