01-10 03:26:02.876 4887 4947 D LTE_CONFIG: copyFilesFromAssets
01-10 03:26:02.876 4887 4947 D LTE_CONFIG: copyFilesFromAssets : location = carrierConfig/embms
01-10 03:26:02.878 4887 4947 D LTE_CONFIG: copyFilesFromAssets : list of files in carrierConfig/embms = []
01-10 03:26:02.879 4887 4947 D LTE_CONFIG: copyFilesFromAssets : list of files in carrierConfig/embms is empty
01-10 03:26:02.879 4887 4947 D LTE_CONFIG: files copy operation from Assets folder failed
01-10 03:26:02.879 4887 4947 D LTE_CONFIG: oemProvisioningDirs : [/vendor/embms/qcom, /vendor/embms/oem, /vendor/embms/qti, /vendor/embms/qcom/global, /vendor/embms/oem/global, /vendor/embms/qti/global, /system/embms/qcom, /system/embms/oem, /system/embms/qti, /system/embms/qcom/global, /system/embms/oem/global, /system/embms/qti/global, /vendor/app/embms/oem, /vendor/app/embms/oem/global, /storage/emulated/0/Android/data/com.qti.ltebc/files/embms/qcom, /storage/emulated/0/Android/data/com.qti.ltebc/files/embms/qcom/global]
01-10 03:26:02.879 4887 4947 D LTE_CONFIG: Checking dir: /vendor/embms/qcom
01-10 03:26:02.881 4887 4947 D LTE_CONFIG: provisioning_params.xml not found, copy all other files from dir : /vendor/embms/qcom
01-10 03:26:02.881 4887 4947 D LTE_CONFIG: filesCount = 0
01-10 03:26:02.881 4887 4947 D LTE_CONFIG: Checking dir: /vendor/embms/oem
01-10 03:26:02.881 4887 4947 D LTE_CONFIG: provisioning_params.xml not found, copy all other files from dir : /vendor/embms/oem
01-10 03:26:02.881 4887 4947 D LTE_CONFIG: filesCount = 0
01-10 03:26:02.881 4887 4947 D LTE_CONFIG: Checking dir: /vendor/embms/qti
01-10 03:26:02.882 4887 4947 D LTE_CONFIG: provisioning_params.xml not found, copy all other files from dir : /vendor/embms/qti
01-10 03:26:02.882 4887 4947 D LTE_CONFIG: filesCount = 0
01-10 03:26:02.882 4887 4947 D LTE_CONFIG: Checking dir: /vendor/embms/qcom/global
01-10 03:26:02.882 4887 4947 D LTE_CONFIG: provisioning_params.xml not found, copy all other files from dir : /vendor/embms/qcom/global
01-10 03:26:02.882 4887 4947 D LTE_CONFIG: filesCount = 0
01-10 03:26:02.882 4887 4947 D LTE_CONFIG: Checking dir: /vendor/embms/oem/global
01-10 03:26:02.883 4887 4947 D LTE_CONFIG: provisioning_params.xml not found, copy all other files from dir : /vendor/embms/oem/global
01-10 03:26:02.883 4887 4947 D LTE_CONFIG: filesCount = 0
01-10 03:26:02.883 4887 4947 D LTE_CONFIG: Checking dir: /vendor/embms/qti/global
01-10 03:26:02.883 4887 4947 D LTE_CONFIG: provisioning_params.xml not found, copy all other files from dir : /vendor/embms/qti/global
01-10 03:26:02.883 4887 4947 D LTE_CONFIG: filesCount = 0
01-10 03:26:02.883 4887 4947 D LTE_CONFIG: Checking dir: /system/embms/qcom
01-10 03:26:02.884 4887 4947 D LTE_CONFIG: provisioning_params.xml not found, copy all other files from dir : /system/embms/qcom
01-10 03:26:02.884 4887 4947 D LTE_CONFIG: filesCount = 0
01-10 03:26:02.884 4887 4947 D LTE_CONFIG: Checking dir: /system/embms/oem
01-10 03:26:02.884 4887 4947 D LTE_CONFIG: provisioning_params.xml not found, copy all other files from dir : /system/embms/oem
01-10 03:26:02.884 4887 4947 D LTE_CONFIG: filesCount = 0
01-10 03:26:02.884 4887 4947 D LTE_CONFIG: Checking dir: /system/embms/qti
01-10 03:26:02.885 4887 4947 D LTE_CONFIG: provisioning_params.xml not found, copy all other files from dir : /system/embms/qti
01-10 03:26:02.885 4887 4947 D LTE_CONFIG: filesCount = 0
01-10 03:26:02.885 4887 4947 D LTE_CONFIG: Checking dir: /system/embms/qcom/global
01-10 03:26:02.885 4887 4947 D LTE_CONFIG: provisioning_params.xml not found, copy all other files from dir : /system/embms/qcom/global
01-10 03:26:02.885 4887 4947 D LTE_CONFIG: filesCount = 0
01-10 03:26:02.885 4887 4947 D LTE_CONFIG: Checking dir: /system/embms/oem/global
01-10 03:26:02.886 4887 4947 D LTE_CONFIG: provisioning_params.xml not found, copy all other files from dir : /system/embms/oem/global
01-10 03:26:02.886 4887 4947 D LTE_CONFIG: filesCount = 0
01-10 03:26:02.886 4887 4947 D LTE_CONFIG: Checking dir: /system/embms/qti/global
01-10 03:26:02.886 4887 4947 D LTE_CONFIG: provisioning_params.xml not found, copy all other files from dir : /system/embms/qti/global
01-10 03:26:02.886 4887 4947 D LTE_CONFIG: filesCount = 0
01-10 03:26:02.886 4887 4947 D LTE_CONFIG: Checking dir: /vendor/app/embms/oem
01-10 03:26:02.887 4887 4947 D LTE_CONFIG: provisioning_params.xml not found, copy all other files from dir : /vendor/app/embms/oem
01-10 03:26:02.887 4887 4947 D LTE_CONFIG: filesCount = 0
01-10 03:26:02.887 4887 4947 D LTE_CONFIG: Checking dir: /vendor/app/embms/oem/global
01-10 03:26:02.887 4887 4947 D LTE_CONFIG: provisioning_params.xml not found, copy all other files from dir : /vendor/app/embms/oem/global
01-10 03:26:02.887 4887 4947 D LTE_CONFIG: filesCount = 0
01-10 03:26:02.887 4887 4947 D LTE_CONFIG: Checking dir: /storage/emulated/0/Android/data/com.qti.ltebc/files/embms/qcom
01-10 03:26:02.888 4887 4947 D LTE_CONFIG: provisioning_params.xml not found, copy all other files from dir : /storage/emulated/0/Android/data/com.qti.ltebc/files/embms/qcom
01-10 03:26:02.889 4887 4947 D LTE_CONFIG: filesCount = 0
01-10 03:26:02.889 4887 4947 D LTE_CONFIG: Checking dir: /storage/emulated/0/Android/data/com.qti.ltebc/files/embms/qcom/global
01-10 03:26:02.889 4887 4947 D LTE_CONFIG: provisioning_params.xml not found, copy all other files from dir : /storage/emulated/0/Android/data/com.qti.ltebc/files/embms/qcom/global
01-10 03:26:02.890 4887 4947 D LTE_CONFIG: filesCount = 0
01-10 03:26:02.890 4887 4947 D LTE_CONFIG: copyLogLevelFile: emulatedPath = /storage/emulated/0/Android/data/com.qti.ltebc/files/embms/qcom/global
01-10 03:26:02.890 4887 4947 D LTE_CONFIG: copyLogLevelFile: logLevelFilePath = /storage/emulated/0/Android/data/com.qti.ltebc/files/embms/qcom/global/debug/loglevels.xml
01-10 03:26:02.891 4887 4947 D LTE_CONFIG: copyLogLevelFile: logLevels file copy failed: srcLogLevelFile = /storage/emulated/0/Android/data/com.qti.ltebc/files/embms/qcom/global/debug/loglevels.xml does not exist
01-10 03:26:02.891 4887 4947 I Ltebc : ConfigurationManager () load file from internal directory failed
01-10 03:26:02.892 4887 4947 I LTE Application: Ltebc : loadConfigData()
01-10 03:26:02.892 4887 4947 I Ltebc : ConfigurationManager : getProperties()
01-10 03:26:02.892 4887 4947 E LTE Application: Ltebc : preemption_priority is available in config file () : 5
01-10 03:26:02.892 4887 4947 I LTE Application: Ltebc : loadConfigData() sPreemptionPriority :5
01-10 03:26:02.893 4887 4947 I LTE Application: Ltebc : loadConfigData() sEarFcnList :5230
01-10 03:26:02.893 4887 4947 E LTE Application: Ltebc : enable_embms_sim is available in config file () : false
01-10 03:26:02.893 4887 4947 E LTE Application: Ltebc : loadConfigData() enableEmbmsSim :false
01-10 03:26:02.893 4887 4947 E LTE Application: Ltebc : shutdowntimer is available in config file () : 0
01-10 03:26:02.893 4887 4947 E LTE Application: shutDownTimer : 0.0
01-10 03:26:02.893 4887 4947 E LTE Application: Ltebc : provisioning_timeout_ms is available in config file () : 2592000000
01-10 03:26:02.893 4887 4947 I LTE Application: mProvisioningTMO : 2592000000
01-10 03:26:02.893 4887 4947 E LTE Application: Ltebc : enable_unicast_in_roaming is available in config file ()
01-10 03:26:02.893 4887 4947 I LTE Application: Ltebc : loadConfigData() enableUnicastInRoaming :false
01-10 03:26:02.894 4887 4947 E LTE Application: Ltebc : default_plmn is not available in config file ()
01-10 03:26:02.894 4887 4947 E LTE Application: Ltebc : roaming_check_periodicity_ms is available in config file ()
01-10 03:26:02.894 4887 4947 I LTE Application: Ltebc : loadConfigData() roaming_check_periodicity_ms :5000
01-10 03:26:02.894 4887 4947 E LTE Application: Ltebc : embms_get_e911_state_retry_attempts is available in config file ()
01-10 03:26:02.894 4887 4947 I LTE Application: Ltebc : loadConfigData() EMBMS_GET_E911_STATE_RETRY_ATTEMPTS :600
01-10 03:26:02.895 4887 4947 E LTE Application: provisioningTimerTask: mProvisioningTMO = 2592000000
01-10 03:26:02.896 4887 4947 I LTE Application: getStartupReason - startup_reason: STARTUP_REASON_BOOT
01-10 03:26:02.896 4887 4947 I LTEBC Init Manager: handlePermissionResult STARTUP_REASON_BOOT
01-10 03:26:02.896 4887 4947 I LTELicenseManager: startLicenseCheck requestCode: 3 cb: com.qualcomm.ltebc.LTEBCInitManager@364b545
01-10 03:26:02.896 4887 4947 I LTELicenseManager: processLicenseCheck in progress false
01-10 03:26:02.935 1136 4884 I am_uid_running: 10055
01-10 03:26:02.935 1136 4884 D CompatibilityChangeReporter: Compat change id reported: 135634846; UID 10055; state: DISABLED
01-10 03:26:02.936 1136 4884 D CompatibilityChangeReporter: Compat change id reported: 177438394; UID 10055; state: DISABLED
01-10 03:26:02.936 1136 4884 D CompatibilityChangeReporter: Compat change id reported: 135772972; UID 10055; state: DISABLED
01-10 03:26:02.936 1136 4884 D CompatibilityChangeReporter: Compat change id reported: 135754954; UID 10055; state: DISABLED
01-10 03:26:02.936 1136 1652 D CompatibilityChangeReporter: Compat change id reported: 143937733; UID 10055; state: DISABLED
01-10 03:26:02.938 4887 4947 I LTELicenseManager: MinkSocketFd connect true
01-10 03:26:02.940 4887 4947 I LTELicenseManager: Scheduling mink socket timeout 1000
01-10 03:26:02.940 4887 4947 I LTEBC Init Manager: Handled state : 7
01-10 03:26:02.979 683 683 D Zygote : Forked child process 4954
01-10 03:26:02.979 1136 1652 I am_proc_start: [0,4954,10055,com.qualcomm.qti.qms.service.trustzoneaccess,service,{com.qualcomm.qti.qms.service.trustzoneaccess/com.qualcomm.qti.qms.service.trustzoneaccess.TZAccessService}]
01-10 03:26:02.979 3066 3066 I sysui_multi_action: [757,830,758,4,833,0,854,homepage_search_bar,1089,0]
01-10 03:26:02.980 1136 1652 I ActivityManager: Start proc 4954:com.qualcomm.qti.qms.service.trustzoneaccess/u0a55 for service {com.qualcomm.qti.qms.service.trustzoneaccess/com.qualcomm.qti.qms.service.trustzoneaccess.TZAccessService}
01-10 03:26:02.983 1136 4249 I thunderperf: Maybe need boostperf for current app!
01-10 03:26:02.983 1136 4249 I ActivityTaskManager: START u0 {act=android.settings.APP_SEARCH_SETTINGS pkg=com.android.settings.intelligence cmp=com.android.settings.intelligence/.search.SearchActivity (has extras)} from uid 1000
01-10 03:26:02.986 1136 1636 I EventSequenceValidator: Transition from REPORT_FULLY_DRAWN to INTENT_STARTED
01-10 03:26:02.988 1136 4249 D CompatibilityChangeReporter: Compat change id reported: 174042980; UID 10064; state: DISABLED
01-10 03:26:02.988 1136 4249 D CompatibilityChangeReporter: Compat change id reported: 184838306; UID 10064; state: DISABLED
01-10 03:26:02.989 1136 4249 D CompatibilityChangeReporter: Compat change id reported: 185004937; UID 10064; state: DISABLED
01-10 03:26:02.990 1136 4249 D CompatibilityChangeReporter: Compat change id reported: 181136395; UID 10064; state: DISABLED
01-10 03:26:02.990 1136 4249 D CompatibilityChangeReporter: Compat change id reported: 174042936; UID 10064; state: DISABLED
01-10 03:26:02.991 4954 4954 I libc : SetHeapTaggingLevel: tag level set to 0
01-10 03:26:02.991 1136 4249 I wm_task_moved: [11,1,6]
01-10 03:26:02.992 1136 4249 I wm_set_resumed_activity: [0,com.android.settings/.Settings,positionChildAt]
01-10 03:26:02.993 1136 4249 I wm_create_activity: [0,203672710,11,com.android.settings.intelligence/.search.SearchActivity,android.settings.APP_SEARCH_SETTINGS,NULL,NULL,0]
01-10 03:26:02.993 1136 4249 D ActivityTrigger: ActivityTrigger activityPauseTrigger
01-10 03:26:02.995 1136 4249 I wm_pause_activity: [0,9201277,com.android.settings/.Settings,userLeaving=true,resumeTopActivityInnerLocked]
01-10 03:26:03.000 1136 1636 I am_uid_running: 10064
01-10 03:26:03.000 1136 1636 D CompatibilityChangeReporter: Compat change id reported: 135634846; UID 10064; state: DISABLED
01-10 03:26:03.000 1136 1636 D CompatibilityChangeReporter: Compat change id reported: 177438394; UID 10064; state: DISABLED
01-10 03:26:03.001 1136 1636 D CompatibilityChangeReporter: Compat change id reported: 135772972; UID 10064; state: DISABLED
01-10 03:26:03.001 1136 1636 D CompatibilityChangeReporter: Compat change id reported: 135754954; UID 10064; state: DISABLED
01-10 03:26:03.001 1136 1652 D CompatibilityChangeReporter: Compat change id reported: 143937733; UID 10064; state: DISABLED
01-10 03:26:03.001 1136 1636 I EventSequenceValidator: Transition from INTENT_STARTED to ACTIVITY_LAUNCHED
01-10 03:26:03.002 3066 3066 I wm_on_top_resumed_lost_called: [9201277,com.android.settings.Settings,topStateChangedWhenResumed]
01-10 03:26:03.005 3066 3066 I sysui_multi_action: [757,35,758,2,1089,14974]
01-10 03:26:03.009 3066 3066 I sysui_multi_action: [757,746,758,2,1089,14696]
01-10 03:26:03.011 3066 4614 D SlicesDatabaseHelper: Created databases
01-10 03:26:03.012 3514 3514 W hpplay-java: [main]:IPManager:getActiveNets invalid networkInfo:null
01-10 03:26:03.012 3514 3514 I hpplay-java: [main]:IPManager:getActiveNets eth0:false wifi:false mobile:false ap:false
01-10 03:26:03.012 4793 4801 I adbd : jdwp connection from 4954
01-10 03:26:03.012 3514 3514 I hpplay-java: [main]:ServerTaskManager:get local ip:null
01-10 03:26:03.013 3066 3066 D BluetoothPan: Unbinding service...
01-10 03:26:03.015 3066 3066 I wm_on_paused_called: [9201277,com.android.settings.Settings,performPause]
01-10 03:26:03.015 1220 1220 I perfetto: ing_service_impl.cc:912 Configured tracing session 4, #sources:1, duration:5000 ms, #buffers:1, total buffer size:4096 KB, total sessions:1, uid:1071 session name: ""
01-10 03:26:03.015 3066 4614 D SlicesDatabaseHelper: Created databases
01-10 03:26:03.016 1136 2502 I ActivityTaskManager: FOREGROUND_APPLICATION_CHANGED to com.android.settings.intelligence.search.SearchActivity
01-10 03:26:03.016 1136 2502 I wm_add_to_stopping: [0,9201277,com.android.settings/.Settings,makeInvisible]
01-10 03:26:03.016 1217 1217 I perfetto: probes_producer.cc:241 Ftrace setup (target_buf=4)
01-10 03:26:03.021 1136 1636 I sysui_multi_action: [757,803,799,window_time_0,802,13]
01-10 03:26:03.022 4954 4954 D ProcessState: Binder ioctl to enable oneway spam detection failed: Invalid argument
01-10 03:26:03.027 1136 2502 I am_proc_bound: [0,4954,com.qualcomm.qti.qms.service.trustzoneaccess]
01-10 03:26:03.028 1136 2502 D CompatibilityChangeReporter: Compat change id reported: 168419799; UID 10055; state: DISABLED
01-10 03:26:03.028 1136 2502 D CompatibilityInfo: mCompatibilityFlags - 4
01-10 03:26:03.028 1136 2502 D CompatibilityInfo: applicationDensity - 240
01-10 03:26:03.028 1136 2502 D CompatibilityInfo: applicationScale - 1.0
01-01 09:52:05.276 0 0 I binder : 4954:4954 ioctl 40046210 7fe87a7184 returned -22
01-10 03:26:03.030 1136 2502 D CompatibilityInfo: mCompatibilityFlags - 4
01-10 03:26:03.030 1136 2502 D CompatibilityInfo: applicationDensity - 240
01-10 03:26:03.031 1136 2502 D CompatibilityInfo: applicationScale - 1.0
01-10 03:26:03.036 4954 4954 D CompatibilityChangeReporter: Compat change id reported: 171979766; UID 10055; state: DISABLED
01-10 03:26:03.038 683 683 D Zygote : Forked child process 4977
01-10 03:26:03.040 1136 1652 I am_proc_start: [0,4977,10064,com.android.settings.intelligence,pre-top-activity,{com.android.settings.intelligence/com.android.settings.intelligence.search.SearchActivity}]
01-10 03:26:03.040 1136 1652 I ActivityManager: Start proc 4977:com.android.settings.intelligence/u0a64 for pre-top-activity {com.android.settings.intelligence/com.android.settings.intelligence.search.SearchActivity}
01-10 03:26:03.041 1136 4978 W ContextImpl: Calling a method in the system process without a qualified user: android.app.ContextImpl.sendBroadcast:1173 com.qualcomm.qti.Performance$SendGameLaunchBroadcast.run:217 java.lang.Thread.run:920
01-10 03:26:03.044 3624 4863 W SQLiteLog: (28) double-quoted string literal: "com.android.settings.intelligence"
01-10 03:26:03.048 4954 4954 D ApplicationLoaders: Returning zygote-cached class loader: /system/framework/android.test.base.jar
01-10 03:26:03.048 1060 1060 I BpBinder: onLastStrongRef automatically unlinking death recipients:
01-10 03:26:03.050 1136 1912 I input_focus: [Focus leaving 945fd85 com.android.settings/com.android.settings.Settings (server),reason=NO_WINDOW]
01-10 03:26:03.056 4954 4954 D nativeloader: classloader namespace configured for unbundled vendor apk. library_path=/vendor/app/TrustZoneAccessService/lib/arm64:/vendor/lib64
01-10 03:26:03.071 4954 4954 I Perf : Connecting to perf service.
01-10 03:26:03.075 3066 4614 V MediaRouter: Selecting route: RouteInfo{ name=平板电脑, description=null, status=null, category=RouteCategory{ name=系统 types=ROUTE_TYPE_LIVE_AUDIO ROUTE_TYPE_LIVE_VIDEO groupable=false }, supportedTypes=ROUTE_TYPE_LIVE_AUDIO ROUTE_TYPE_LIVE_VIDEO , presentationDisplay=null }
01-10 03:26:03.075 3066 4614 I MediaRouter: Skip setBluetoothA2dpOn(): types=8388615, isPlaybackActive()=false, BT route=null
01-10 03:26:03.079 4954 4954 V GraphicsEnvironment: ANGLE Developer option for 'com.qualcomm.qti.qms.service.trustzoneaccess' set to: 'default'
01-10 03:26:03.079 4954 4954 V GraphicsEnvironment: ANGLE GameManagerService for com.qualcomm.qti.qms.service.trustzoneaccess: false
01-10 03:26:03.081 3066 4614 D RefreshRatePrefCtr: DEFAULT_REFRESH_RATE : 60.0 mPeakRefreshRate : 60.0
01-10 03:26:03.082 4954 4954 D NetworkSecurityConfig: No Network Security Config specified, using platform default
01-10 03:26:03.082 4954 4954 D NetworkSecurityConfig: No Network Security Config specified, using platform default
01-10 03:26:03.088 3066 4614 W ndroid.setting: Lcom/thundercomm/microservice/MicroServiceManager$MicroServiceMangerHandle; failed initialization: java.lang.NullPointerException: Attempt to read from field 'android.os.MessageQueue android.os.Looper.mQueue' on a null object reference
01-10 03:26:03.088 3066 4614 W ndroid.setting: at void android.os.Handler.(android.os.Looper, android.os.Handler$Callback, boolean) (Handler.java:257)
01-10 03:26:03.088 3066 4614 W ndroid.setting: at void android.os.Handler.(android.os.Looper) (Handler.java:162)
01-10 03:26:03.088 3066 4614 W ndroid.setting: at void com.thundercomm.microservice.MicroServiceManager$1.(com.thundercomm.microservice.MicroServiceManager, android.os.Looper) (MicroServiceManager.java:51)
01-10 03:26:03.088 3066 4614 W ndroid.setting: at void com.thundercomm.microservice.MicroServiceManager.() (MicroServiceManager.java:51)
01-10 03:26:03.088 3066 4614 W ndroid.setting: at void com.thundercomm.microservice.MicroServiceManager.(com.thundercomm.microservice.MicroServiceManager$1) (MicroServiceManager.java:20)
01-10 03:26:03.088 3066 4614 W ndroid.setting: at void com.thundercomm.microservice.MicroServiceManager$MicroServiceMangerHandle.() (MicroServiceManager.java:40)
01-10 03:26:03.088 3066 4614 W ndroid.setting: at com.thundercomm.microservice.MicroServiceManager com.thundercomm.microservice.MicroServiceManager$MicroServiceMangerHandle.access$300() (MicroServiceManager.java:39)
01-10 03:26:03.088 3066 4614 W ndroid.setting: at com.thundercomm.microservice.MicroServiceManager com.thundercomm.microservice.MicroServiceManager.getInstance() (MicroServiceManager.java:48)
01-10 03:26:03.088 3066 4614 W ndroid.setting: at void com.android.settings.display.SyncDarkUIPreferenceController.(android.content.Context, java.lang.String) (SyncDarkUIPreferenceController.java:21)
01-10 03:26:03.088 3066 4614 W ndroid.setting: at java.lang.Object java.lang.reflect.Constructor.newInstance0(java.lang.Object[]) (Constructor.java:-2)
01-10 03:26:03.088 3066 4614 W ndroid.setting: at java.lang.Object java.lang.reflect.Constructor.newInstance(java.lang.Object[]) (Constructor.java:343)
01-10 03:26:03.088 3066 4614 W ndroid.setting: at com.android.settings.core.BasePreferenceController com.android.settings.core.BasePreferenceController.createInstance(android.content.Context, java.lang.String, java.lang.String) (BasePreferenceController.java:141)
01-10 03:26:03.088 3066 4614 W ndroid.setting: at com.android.settings.core.BasePreferenceController com.android.settings.slices.SliceBuilderUtils.getPreferenceController(android.content.Context, java.lang.String, java.lang.String) (SliceBuilderUtils.java:365)
01-10 03:26:03.088 3066 4614 W ndroid.setting: at java.util.List com.android.settings.slices.SliceDataConverter.getSliceDataFromXML(int, java.lang.String) (SliceDataConverter.java:203)
01-10 03:26:03.088 3066 4614 W ndroid.setting: at java.util.List com.android.settings.slices.SliceDataConverter.getSliceDataFromProvider(com.android.settingslib.search.Indexable$SearchIndexProvider, java.lang.String) (SliceDataConverter.java:148)
01-10 03:26:03.088 3066 4614 W ndroid.setting: at java.util.List com.android.settings.slices.SliceDataConverter.getSliceData() (SliceDataConverter.java:118)
01-10 03:26:03.088 3066 4614 W ndroid.setting: at java.util.List com.android.settings.slices.SlicesIndexer.getSliceData() (SlicesIndexer.java:94)
01-10 03:26:03.088 3066 4614 W ndroid.setting: at void com.android.settings.slices.SlicesIndexer.indexSliceData() (SlicesIndexer.java:75)
01-10 03:26:03.088 3066 4614 W ndroid.setting: at void com.android.settings.slices.SlicesIndexer.run() (SlicesIndexer.java:56)
01-10 03:26:03.088 3066 4614 W ndroid.setting: at java.lang.Object java.util.concurrent.Executors$RunnableAdapter.call() (Executors.java:462)
01-10 03:26:03.088 3066 4614 W ndroid.setting: at void java.util.concurrent.FutureTask.run() (FutureTask.java:266)
01-10 03:26:03.088 3066 4614 W ndroid.setting: at void java.util.concurrent.ThreadPoolExecutor.runWorker(java.util.concurrent.ThreadPoolExecutor$Worker) (ThreadPoolExecutor.java:1167)
01-10 03:26:03.088 3066 4614 W ndroid.setting: at void java.util.concurrent.ThreadPoolExecutor$Worker.run() (ThreadPoolExecutor.java:641)
01-10 03:26:03.088 3066 4614 W ndroid.setting: at void java.lang.Thread.run() (Thread.java:920)
01-10 03:26:03.089 3066 4614 W SliceDataConverter: Get slice data from XML failed
01-10 03:26:03.089 3066 4614 W SliceDataConverter: java.lang.IllegalStateException: Invalid preference controller: com.android.settings.display.SyncDarkUIPreferenceController
01-10 03:26:03.089 3066 4614 W SliceDataConverter: at com.android.settings.core.BasePreferenceController.createInstance(BasePreferenceController.java:144)
01-10 03:26:03.089 3066 4614 W SliceDataConverter: at com.android.settings.slices.SliceBuilderUtils.getPreferenceController(SliceBuilderUtils.java:365)
01-10 03:26:03.089 3066 4614 W SliceDataConverter: at com.android.settings.slices.SliceDataConverter.getSliceDataFromXML(SliceDataConverter.java:203)
01-10 03:26:03.089 3066 4614 W SliceDataConverter: at com.android.settings.slices.SliceDataConverter.getSliceDataFromProvider(SliceDataConverter.java:148)
01-10 03:26:03.089 3066 4614 W SliceDataConverter: at com.android.settings.slices.SliceDataConverter.getSliceData(SliceDataConverter.java:118)
01-10 03:26:03.089 3066 4614 W SliceDataConverter: at com.android.settings.slices.SlicesIndexer.getSliceData(SlicesIndexer.java:94)
01-10 03:26:03.089 3066 4614 W SliceDataConverter: at com.android.settings.slices.SlicesIndexer.indexSliceData(SlicesIndexer.java:75)
01-10 03:26:03.089 3066 4614 W SliceDataConverter: at com.android.settings.slices.SlicesIndexer.run(SlicesIndexer.java:56)
01-10 03:26:03.089 3066 4614 W SliceDataConverter: at java.util.concurrent.Executors$RunnableAdapter.call(Executors.java:462)
01-10 03:26:03.089 3066 4614 W SliceDataConverter: at java.util.concurrent.FutureTask.run(FutureTask.java:266)
01-10 03:26:03.089 3066 4614 W SliceDataConverter: at java.util.concurrent.ThreadPoolExecutor.runWorker(ThreadPoolExecutor.java:1167)
01-10 03:26:03.089 3066 4614 W SliceDataConverter: at java.util.concurrent.ThreadPoolExecutor$Worker.run(ThreadPoolExecutor.java:641)
01-10 03:26:03.089 3066 4614 W SliceDataConverter: at java.lang.Thread.run(Thread.java:920)
01-10 03:26:03.089 3066 4614 W SliceDataConverter: Caused by: java.lang.reflect.InvocationTargetException
01-10 03:26:03.089 3066 4614 W SliceDataConverter: at java.lang.reflect.Constructor.newInstance0(Native Method)
01-10 03:26:03.089 3066 4614 W SliceDataConverter: at java.lang.reflect.Constructor.newInstance(Constructor.java:343)
01-10 03:26:03.089 3066 4614 W SliceDataConverter: at com.android.settings.core.BasePreferenceController.createInstance(BasePreferenceController.java:141)
01-10 03:26:03.089 3066 4614 W SliceDataConverter: ... 12 more
01-10 03:26:03.089 3066 4614 W SliceDataConverter: Caused by: java.lang.ExceptionInInitializerError
01-10 03:26:03.089 3066 4614 W SliceDataConverter: at com.thundercomm.microservice.MicroServiceManager$MicroServiceMangerHandle.access$300(MicroServiceManager.java:39)
01-10 03:26:03.089 3066 4614 W SliceDataConverter: at com.thundercomm.microservice.MicroServiceManager.getInstance(MicroServiceManager.java:48)
01-10 03:26:03.089 3066 4614 W SliceDataConverter: at com.android.settings.display.SyncDarkUIPreferenceController.(SyncDarkUIPreferenceController.java:21)
01-10 03:26:03.089 3066 4614 W SliceDataConverter: ... 15 more
01-10 03:26:03.089 3066 4614 W SliceDataConverter: Caused by: java.lang.NullPointerException: Attempt to read from field 'android.os.MessageQueue android.os.Looper.mQueue' on a null object reference
01-10 03:26:03.089 3066 4614 W SliceDataConverter: at android.os.Handler.(Handler.java:257)
01-10 03:26:03.089 3066 4614 W SliceDataConverter: at android.os.Handler.(Handler.java:162)
01-10 03:26:03.089 3066 4614 W SliceDataConverter: at com.thundercomm.microservice.MicroServiceManager$1.(MicroServiceManager.java:51)
01-10 03:26:03.089 3066 4614 W SliceDataConverter: at com.thundercomm.microservice.MicroServiceManager.(MicroServiceManager.java:51)
01-10 03:26:03.089 3066 4614 W SliceDataConverter: at com.thundercomm.microservice.MicroServiceManager.(MicroServiceManager.java:20)
01-10 03:26:03.089 3066 4614 W SliceDataConverter: at com.thundercomm.microservice.MicroServiceManager$MicroServiceMangerHandle.(MicroServiceManager.java:40)
01-10 03:26:03.089 3066 4614 W SliceDataConverter: ... 18 more
01-10 03:26:03.089 3066 4614 I sysui_multi_action: [757,1727,758,4,854,com.android.settings.display.darkmode.DarkModeSettingsFragment_com.android.settings.display.SyncDarkUIPreferenceController,1089,1]
01-10 03:26:03.091 3066 4614 D AssistGesture: mAssistOnly:false, isSupported:false, isSensorAvailable:false
01-10 03:26:03.091 3066 4614 D AssistGesture: mAssistOnly:false, isSupported:false, isSensorAvailable:false
01-10 03:26:03.097 4887 4887 I MinkSocketFd: connected
01-10 03:26:03.100 4954 4976 V CredentialHelper: Processing credentials for uid = 10082
01-10 03:26:03.100 3066 4614 D RTTSettingsCtr: init controller
01-10 03:26:03.101 3066 4614 D BluetoothEventManager: adding SourceInfo Handler
01-10 03:26:03.102 3066 4614 D LocalBluetoothProfileManager: LocalBluetoothProfileManager construction complete
01-10 03:26:03.103 3066 4614 D LocalBluetoothProfileManager: Adding local A2DP profile
01-10 03:26:03.103 3066 4614 D BluetoothA2dp: Binding service...
01-10 03:26:03.105 3066 3066 D BluetoothA2dp: Proxy object connected
01-10 03:26:03.105 3066 4614 D LocalBluetoothProfileManager: Adding local HEADSET profile
01-10 03:26:03.106 3066 4614 D BluetoothHeadset: Binding service...
01-10 03:26:03.106 1136 4249 W BluetoothManagerService: psc is not null in bindBluetoothProfileService
01-10 03:26:03.107 3066 4614 D LocalBluetoothProfileManager: Adding local MAP profile
01-10 03:26:03.107 3066 4614 D BluetoothMap: Create BluetoothMap proxy object
01-10 03:26:03.107 3066 4614 D BluetoothMap: Binding service...
01-10 03:26:03.109 3066 3066 D BluetoothMap: Proxy object connected
01-10 03:26:03.109 3066 3066 D BluetoothMap: getConnectedDevices()
01-10 03:26:03.109 3066 4614 D LocalBluetoothProfileManager: Adding local OPP profile
01-10 03:26:03.109 3066 4614 D LocalBluetoothProfileManager: Adding local Hearing Aid profile
01-10 03:26:03.110 3066 4614 D BluetoothHearingAid: Binding service...
01-10 03:26:03.111 3066 3066 D BluetoothHearingAid: Proxy object connected
01-10 03:26:03.111 3066 4614 D LocalBluetoothProfileManager: Adding local HID_HOST profile
01-10 03:26:03.112 3066 4614 D BluetoothHidHost: Binding service...
01-10 03:26:03.113 3066 3066 D BluetoothHidHost: Proxy object connected
01-10 03:26:03.113 3066 4614 D LocalBluetoothProfileManager: Adding local PAN profile
01-10 03:26:03.113 818 4980 I minksocket: MinkSocket_recvInvocationRequest: SMCINVOKE_IOCTL_LOG peer gid=10055 uid=10055 invoke=1, o.invoke=0x5668b5c0d0, o.context=0xb4000076818090b0
01-10 03:26:03.114 3066 4614 D BluetoothPan: Binding service...
01-10 03:26:03.114 2437 3943 D BluetoothHidHostService: getDevicesMatchingConnectionStates()
01-10 03:26:03.114 818 4980 I ssgtzd : served new env
01-10 03:26:03.116 3066 3066 D BluetoothPan: Proxy object connected
01-10 03:26:03.116 3066 4614 D LocalBluetoothProfileManager: Adding local PBAP profile
01-10 03:26:03.117 2976 3297 I GameMode_ActivityMonitoringService: onTaskStackChanged
01-10 03:26:03.118 3066 4614 D LocalBluetoothProfileManager: Adding local SAP profile
01-10 03:26:03.118 3066 4614 D BluetoothSap: Create BluetoothSap proxy object
01-10 03:26:03.119 3066 4614 D BluetoothSap: Binding service...
01-10 03:26:03.120 2976 4861 I GameMode_ActivityMonitoringService: Updating top task to: TaskInfoContainer [topActivity=ComponentInfo{com.android.settings.intelligence/com.android.settings.intelligence.search.SearchActivity}, taskId=11, stackId=11, userId=0, displayId=0, position=6
01-10 03:26:03.120 3066 3066 D BluetoothSap: Proxy object connected
01-10 03:26:03.120 3066 3066 D BluetoothSap: getConnectedDevices()
01-10 03:26:03.120 2976 4861 I GameMode_ActivityMonitoringService: Notifying about top task: TaskInfoContainer [topActivity=ComponentInfo{com.android.settings.intelligence/com.android.settings.intelligence.search.SearchActivity}, taskId=11, stackId=11, userId=0, displayId=0, position=6
01-10 03:26:03.120 2976 4861 I GameMode_ActivityMonitoringService: WindowMode: 1
01-10 03:26:03.120 2976 4861 E GameMode_ActivityMonitoringService: onActivityLaunch:com.android.settings.intelligence
01-10 03:26:03.120 2976 4861 V GameMode_GameTypeUtils: judge isGame:com.android.settings.intelligence
01-10 03:26:03.120 2437 3943 V SapService: getConnectedDevices()
01-10 03:26:03.121 2976 4861 V GameMode_GpuUtils: fps:60
01-10 03:26:03.124 2976 4861 D GameMode_GameModeActionUtils: Show GameMode entry by service!
01-10 03:26:03.125 2976 4861 W ContextImpl: Calling a method in the system process without a qualified user: android.app.ContextImpl.startService:1816 android.content.ContextWrapper.startService:774 com.thundercomm.gamemode.ingame.services.GameModeActionUtils.startGameModeService:111 com.thundercomm.gamemode.ingame.services.GameModeActionUtils.startGameModeEntry:22 com.thundercomm.gamemode.ingame.services.ActivityMonitoringService$1.onActivityLaunch:129
01-10 03:26:03.126 2976 2976 D GameMode_GameModeService: type=hide_entry
01-10 03:26:03.127 2976 4861 D GameModeIF_GameModeSettings: getUriFor setting_content_uri_root = content://com.thundercomm.gamemode.api/gamemode_settings , name = gamemode_isgaming
01-10 03:26:03.130 4887 4887 I LTELicenseManager: onConnect called
01-10 03:26:03.131 818 4980 I minksocket: MinkSocket_recvInvocationRequest: SMCINVOKE_IOCTL_LOG peer gid=10055 uid=10055 invoke=1, o.invoke=0x5668b5faa0, o.context=0xb40000764180a490
01-10 03:26:03.131 818 4980 E minksocket: MinkSocket_recvInvocationRequest: err=-98, SMCINVOKE_IOCTL_LOG, peer gid=10055 uid=10055 invoke=1
01-10 03:26:03.133 1136 1136 I GameModeConfig: Current uri is uri = content://com.thundercomm.gamemode.api/gamemode_settings/gamemode_isgaming
01-10 03:26:03.133 1136 1136 D GameModeIF_GameModeSettings: getUriFor setting_content_uri_root = content://com.thundercomm.gamemode.api/gamemode_settings , name = gamemode_isgaming
01-10 03:26:03.134 2976 2976 D CompatibilityChangeReporter: Compat change id reported: 150939131; UID 1000; state: ENABLED
01-10 03:26:03.134 2976 2976 D GameMode_GameSettingsObserver: Game Data change!!!! uri = content://com.thundercomm.gamemode.api/gamemode_settings/gamemode_isgaming
01-10 03:26:03.134 2976 2976 D GameModeIF_GameModeSettings: getUriFor setting_content_uri_root = content://com.thundercomm.gamemode.api/gamemode_settings , name = gamemode_isgaming
01-10 03:26:03.138 1136 1136 I GameModeConfig: isGameModeOn = false
01-10 03:26:03.138 1136 1136 I GameModeConfig: isGameModeOn = false
01-10 03:26:03.138 1136 1136 I GameModeConfig: isDisableVoice = true
01-10 03:26:03.138 2976 4861 D GameModeIF_GameModeSettings: gamemode_isgaming set to 0
01-10 03:26:03.140 2976 2976 D GameMode_GameModeService: updateGlobalSettings = gamemode_isgaming
01-10 03:26:03.141 4887 4887 I LTELicenseManager: Before calling CheckInstalledLicense
01-10 03:26:03.146 1136 4249 D CompatibilityChangeReporter: Compat change id reported: 158482162; UID 1000; state: ENABLED
01-10 03:26:03.146 1136 4249 D CompatibilityChangeReporter: Compat change id reported: 158482162; UID 1000; state: DISABLED
01-10 03:26:03.147 4887 4887 E LTELicenseManager: Error code 29
01-10 03:26:03.148 4887 4887 E LTELicenseManager: Exception InvokeException, err=29
01-10 03:26:03.148 4887 4887 W System.err: com.qualcomm.qti.qms.api.mink.IMinkObject$InvokeException: InvokeException, err=29
01-10 03:26:03.149 4887 4887 W System.err: at com.qualcomm.qti.qms.api.mink.CMinkObject.nativeInvoke(Native Method)
01-10 03:26:03.149 4887 4887 W System.err: at com.qualcomm.qti.qms.api.mink.CMinkObject.invoke(CMinkObject.java:55)
01-10 03:26:03.149 4887 4887 W System.err: at com.qualcomm.qti.mink.IPFM$Proxy.CheckInstalledLicense(IPFM.java:164)
01-10 03:26:03.149 4887 4887 W System.err: at com.qualcomm.ltebc.LTELicenseManager$1.onConnect(LTELicenseManager.java:137)
01-10 03:26:03.149 4887 4887 W System.err: at com.qualcomm.qti.qms.api.minksocket.MinkSocketFdInternals$1.onServiceConnected(MinkSocketFdInternals.java:53)
01-10 03:26:03.149 4887 4887 W System.err: at android.app.LoadedApk$ServiceDispatcher.doConnected(LoadedApk.java:2077)
01-10 03:26:03.149 4887 4887 W System.err: at android.app.LoadedApk$ServiceDispatcher$RunConnection.run(LoadedApk.java:2110)
01-10 03:26:03.150 4887 4887 W System.err: at android.os.Handler.handleCallback(Handler.java:938)
01-10 03:26:03.150 4887 4887 W System.err: at android.os.Handler.dispatchMessage(Handler.java:99)
01-10 03:26:03.150 4887 4887 W System.err: at android.os.Looper.loopOnce(Looper.java:201)
01-10 03:26:03.150 4887 4887 W System.err: at android.os.Looper.loop(Looper.java:288)
01-10 03:26:03.150 4887 4887 W System.err: at android.app.ActivityThread.main(ActivityThread.java:7880)
01-10 03:26:03.150 4887 4887 W System.err: at java.lang.reflect.Method.invoke(Native Method)
01-10 03:26:03.150 4887 4887 W System.err: at com.android.internal.os.RuntimeInit$MethodAndArgsCaller.run(RuntimeInit.java:548)
01-10 03:26:03.150 4887 4887 W System.err: at com.android.internal.os.ZygoteInit.main(ZygoteInit.java:1009)
01-10 03:26:03.155 3066 4614 D AssistGesture: mAssistOnly:false, isSupported:false, isSensorAvailable:false
01-10 03:26:03.155 3066 4614 D AssistGesture: mAssistOnly:false, isSupported:false, isSensorAvailable:false
01-10 03:26:03.159 4887 4887 I LTELicenseManager: onDisconnect called
01-10 03:26:03.159 4887 4887 I LTELicenseManager: saveLicenseInSharedPreferences false
01-10 03:26:03.168 3066 4614 W SliceDataConverter: Get slice data from XML failed
01-10 03:26:03.168 3066 4614 W SliceDataConverter: java.lang.IllegalStateException: Invalid preference controller: com.android.settings.development.Prefer5GNetworkSummaryController
01-10 03:26:03.168 3066 4614 W SliceDataConverter: at com.android.settings.core.BasePreferenceController.createInstance(BasePreferenceController.java:144)
01-10 03:26:03.168 3066 4614 W SliceDataConverter: at com.android.settings.slices.SliceBuilderUtils.getPreferenceController(SliceBuilderUtils.java:365)
01-10 03:26:03.168 3066 4614 W SliceDataConverter: at com.android.settings.slices.SliceDataConverter.getSliceDataFromXML(SliceDataConverter.java:203)
01-10 03:26:03.168 3066 4614 W SliceDataConverter: at com.android.settings.slices.SliceDataConverter.getSliceDataFromProvider(SliceDataConverter.java:148)
01-10 03:26:03.168 3066 4614 W SliceDataConverter: at com.android.settings.slices.SliceDataConverter.getSliceData(SliceDataConverter.java:118)
01-10 03:26:03.168 3066 4614 W SliceDataConverter: at com.android.settings.slices.SlicesIndexer.getSliceData(SlicesIndexer.java:94)
01-10 03:26:03.168 3066 4614 W SliceDataConverter: at com.android.settings.slices.SlicesIndexer.indexSliceData(SlicesIndexer.java:75)
01-10 03:26:03.168 3066 4614 W SliceDataConverter: at com.android.settings.slices.SlicesIndexer.run(SlicesIndexer.java:56)
01-10 03:26:03.168 3066 4614 W SliceDataConverter: at java.util.concurrent.Executors$RunnableAdapter.call(Executors.java:462)
01-10 03:26:03.168 3066 4614 W SliceDataConverter: at java.util.concurrent.FutureTask.run(FutureTask.java:266)
01-10 03:26:03.168 3066 4614 W SliceDataConverter: at java.util.concurrent.ThreadPoolExecutor.runWorker(ThreadPoolExecutor.java:1167)
01-10 03:26:03.168 3066 4614 W SliceDataConverter: at java.util.concurrent.ThreadPoolExecutor$Worker.run(ThreadPoolExecutor.java:641)
01-10 03:26:03.168 3066 4614 W SliceDataConverter: at java.lang.Thread.run(Thread.java:920)
01-10 03:26:03.168 3066 4614 W SliceDataConverter: Caused by: java.lang.NoSuchMethodException: com.android.settings.development.Prefer5GNetworkSummaryController. [class android.content.Context, class java.lang.String]
01-10 03:26:03.168 3066 4614 W SliceDataConverter: at java.lang.Class.getConstructor0(Class.java:2363)
01-10 03:26:03.168 3066 4614 W SliceDataConverter: at java.lang.Class.getConstructor(Class.java:1759)
01-10 03:26:03.168 3066 4614 W SliceDataConverter: at com.android.settings.core.BasePreferenceController.createInstance(BasePreferenceController.java:139)
01-10 03:26:03.168 3066 4614 W SliceDataConverter: ... 12 more
01-10 03:26:03.168 3066 4614 I sysui_multi_action: [757,1727,758,4,854,com.android.settings.development.DevelopmentSettingsDashboardFragment_com.android.settings.development.Prefer5GNetworkSummaryController,1089,1]
01-10 03:26:03.172 3066 4614 D CompatibilityChangeReporter: Compat change id reported: 170233598; UID 1000; state: DISABLED
01-10 03:26:03.174 3066 4614 I TetheringManager: registerTetheringEventCallback:com.android.settings
01-10 03:26:03.181 3066 4614 D AssistGesture: mAssistOnly:false, isSupported:false, isSensorAvailable:false
01-10 03:26:03.181 3066 4614 D AssistGesture: mAssistOnly:false, isSupported:false, isSensorAvailable:false
01-10 03:26:03.182 4887 4887 D LTELicenseManager: processLicenseCheck notify caller license validity false
01-10 03:26:03.182 4887 4887 I LTEBC Init Manager: onLicenseCheckComplete 3 isValid false
01-10 03:26:03.183 4887 4887 V LTE Application: initStateChanged - LTEBC_INIT_LICENSE_ERROR
01-10 03:26:03.183 4887 4887 I LTE Application: Error during ltebc initialization
01-10 03:26:03.186 4887 4887 I LTE-FD Service:: LTEFileDeliveryServiceHelper get connection manager : Thread[Thread-2,5,main]
01-10 03:26:03.186 4887 4887 I LTE Application: isAnyAppBindedWithMW : No Application is binded with MW
01-10 03:26:03.187 4887 4887 I LTEBC Init Manager: onLicenseCheckComplete failed, hence calling explicit stop
01-10 03:26:03.187 4887 4887 I LTE Application: explicitStop initState LTEBC_INIT_LICENSE_ERROR
01-10 03:26:03.188 4887 4887 I LTE Root Service: onDestroy
01-10 03:26:03.189 4887 4947 I LTEBC Init Manager: handleStartDeInitialization()
01-10 03:26:03.189 4887 4947 I LTE Application: isAnyAppBindedWithMW : No Application is binded with MW
01-10 03:26:03.189 4887 4947 I LTEBC Init Manager: forceExit() Force Killing MSP as sKeepAlive is not ZERO, sKeepAlive:1
01-10 03:26:03.189 4887 4947 I LTE Application: shutdownApp
01-10 03:26:03.190 4887 4947 I LTE Application: shutdownApp : after jshutdown()
01-10 03:26:03.190 4887 4947 I LTE Application: shutdownApp : calling Disconnect from Ebmbs
01-10 03:26:03.190 4887 4947 D LTE Application: IntentSender : Last intent Status INACTIVE_SENT forcedBroadcast flag = false
01-10 03:26:03.190 4887 4947 I LTE Application: shutdownApp : calling Connection Mgr shutdown()
01-10 03:26:03.190 4887 4947 W SOCEKT : Connection Thread shutdown
01-10 03:26:03.190 4887 4947 W SOCEKT : Recieve thread Pool shutdown
01-10 03:26:03.191 4887 4947 I LTE Application: shutdownApp : calling Ltebc exit
01-10 03:26:03.193 4887 4947 I com.qti.ltebc: System.exit called, status: 0
01-10 03:26:03.194 4887 4947 I AndroidRuntime: VM exiting with result code 0, cleanup skipped.
01-10 03:26:03.198 1136 2502 D CompatibilityChangeReporter: Compat change id reported: 157233955; UID 1000; state: ENABLED
01-10 03:26:03.205 3066 4614 W SliceDataConverter: Get slice data from XML failed
01-10 03:26:03.205 3066 4614 W SliceDataConverter: java.lang.IllegalStateException: Invalid preference controller: com.android.settings.network.TopLevelNetworkEntryPreferenceController
01-10 03:26:03.205 3066 4614 W SliceDataConverter: at com.android.settings.core.BasePreferenceController.createInstance(BasePreferenceController.java:144)
01-10 03:26:03.205 3066 4614 W SliceDataConverter: at com.android.settings.slices.SliceBuilderUtils.getPreferenceController(SliceBuilderUtils.java:365)
01-10 03:26:03.205 3066 4614 W SliceDataConverter: at com.android.settings.slices.SliceDataConverter.getSliceDataFromXML(SliceDataConverter.java:203)
01-10 03:26:03.205 3066 4614 W SliceDataConverter: at com.android.settings.slices.SliceDataConverter.getSliceDataFromProvider(SliceDataConverter.java:148)
01-10 03:26:03.205 3066 4614 W SliceDataConverter: at com.android.settings.slices.SliceDataConverter.getSliceData(SliceDataConverter.java:118)
01-10 03:26:03.205 3066 4614 W SliceDataConverter: at com.android.settings.slices.SlicesIndexer.getSliceData(SlicesIndexer.java:94)
01-10 03:26:03.205 3066 4614 W SliceDataConverter: at com.android.settings.slices.SlicesIndexer.indexSliceData(SlicesIndexer.java:75)
01-10 03:26:03.205 3066 4614 W SliceDataConverter: at com.android.settings.slices.SlicesIndexer.run(SlicesIndexer.java:56)
01-10 03:26:03.205 3066 4614 W SliceDataConverter: at java.util.concurrent.Executors$RunnableAdapter.call(Executors.java:462)
01-10 03:26:03.205 3066 4614 W SliceDataConverter: at java.util.concurrent.FutureTask.run(FutureTask.java:266)
01-10 03:26:03.205 3066 4614 W SliceDataConverter: at java.util.concurrent.ThreadPoolExecutor.runWorker(ThreadPoolExecutor.java:1167)
01-10 03:26:03.205 3066 4614 W SliceDataConverter: at java.util.concurrent.ThreadPoolExecutor$Worker.run(ThreadPoolExecutor.java:641)
01-10 03:26:03.205 3066 4614 W SliceDataConverter: at java.lang.Thread.run(Thread.java:920)
01-10 03:26:03.205 3066 4614 W SliceDataConverter: Caused by: java.lang.reflect.InvocationTargetException
01-10 03:26:03.205 3066 4614 W SliceDataConverter: at java.lang.reflect.Constructor.newInstance0(Native Method)
01-10 03:26:03.205 3066 4614 W SliceDataConverter: at java.lang.reflect.Constructor.newInstance(Constructor.java:343)
01-10 03:26:03.205 3066 4614 W SliceDataConverter: at com.android.settings.core.BasePreferenceController.createInstance(BasePreferenceController.java:141)
01-10 03:26:03.205 3066 4614 W SliceDataConverter: ... 12 more
01-10 03:26:03.205 3066 4614 W SliceDataConverter: Caused by: java.lang.RuntimeException: Can't create handler inside thread Thread[pool-2-thread-4,5,main] that has not called Looper.prepare()
01-10 03:26:03.205 3066 4614 W SliceDataConverter: at android.os.Handler.(Handler.java:227)
01-10 03:26:03.205 3066 4614 W SliceDataConverter: at android.os.Handler.(Handler.java:129)
01-10 03:26:03.205 3066 4614 W SliceDataConverter: at android.telephony.SubscriptionManager$OnSubscriptionsChangedListener$OnSubscriptionsChangedListenerHandler.(SubscriptionManager.java:1143)
01-10 03:26:03.205 3066 4614 W SliceDataConverter: at android.telephony.SubscriptionManager$OnSubscriptionsChangedListener.(SubscriptionManager.java:1166)
01-10 03:26:03.205 3066 4614 W SliceDataConverter: at com.android.settings.network.MobileNetworkPreferenceController$2.(MobileNetworkPreferenceController.java:169)
01-10 03:26:03.205 3066 4614 W SliceDataConverter: at com.android.settings.network.MobileNetworkPreferenceController.(MobileNetworkPreferenceController.java:168)
01-10 03:26:03.205 3066 4614 W SliceDataConverter: at com.android.settings.network.TopLevelNetworkEntryPreferenceController.(TopLevelNetworkEntryPreferenceController.java:32)
01-10 03:26:03.205 3066 4614 W SliceDataConverter: ... 15 more
01-10 03:26:03.205 3066 4614 I sysui_multi_action: [757,1727,758,4,854,com.android.settings.homepage.TopLevelSettings_com.android.settings.network.TopLevelNetworkEntryPreferenceController,1089,1]
01-10 03:26:03.207 3066 3101 D BluetoothHeadset: Proxy object connected
01-10 03:26:03.218 2437 2459 D BluetoothDatabase: getBondedDevicesOrdered: Invalid address for device LocalStorage
01-10 03:26:03.219 2437 2459 D BluetoothDatabase: getBondedDevicesOrdered: Invalid address for device LocalStorage
01-10 03:26:03.230 1217 1217 I perfetto: ftrace_procfs.cc:206 enabled ftrace in /sys/kernel/tracing/
01-01 09:52:05.488 0 0 I perfetto: enabled ftrace
01-10 03:26:03.233 4977 4977 I libc : SetHeapTaggingLevel: tag level set to 0
01-10 03:26:03.236 3066 4614 D SlicesIndexer: Indexing slices database took: 223
01-10 03:26:03.248 4793 4801 I adbd : jdwp connection from 4977
01-01 09:52:05.510 0 0 I binder : 4977:4977 ioctl 40046210 7fe87a7184 returned -22
01-10 03:26:03.255 4977 4977 D ProcessState: Binder ioctl to enable oneway spam detection failed: Invalid argument
01-10 03:26:03.259 1136 2502 I am_proc_bound: [0,4977,com.android.settings.intelligence]
01-10 03:26:03.261 1136 2502 D CompatibilityChangeReporter: Compat change id reported: 168419799; UID 10064; state: DISABLED
01-10 03:26:03.261 1136 2502 D CompatibilityInfo: mCompatibilityFlags - 4
01-10 03:26:03.261 1136 2502 D CompatibilityInfo: applicationDensity - 240
01-10 03:26:03.261 1136 2502 D CompatibilityInfo: applicationScale - 1.0
01-10 03:26:03.263 1136 2502 I wm_restart_activity: [0,203672710,11,com.android.settings.intelligence/.search.SearchActivity]
01-10 03:26:03.263 1136 2502 D CompatibilityInfo: mCompatibilityFlags - 4
01-10 03:26:03.263 1136 2502 D CompatibilityInfo: applicationDensity - 240
01-10 03:26:03.263 1136 2502 D CompatibilityInfo: applicationScale - 1.0
01-10 03:26:03.264 1136 2502 I wm_set_resumed_activity: [0,com.android.settings.intelligence/.search.SearchActivity,minimalResumeActivityLocked]
01-10 03:26:03.264 1136 1636 I am_uid_active: 10064
01-10 03:26:03.265 4977 4977 D CompatibilityChangeReporter: Compat change id reported: 171979766; UID 10064; state: DISABLED
01-10 03:26:03.273 2976 3297 I GameMode_ActivityMonitoringService: onForegroundActivitiesChanged uid 10064 pid 4977 fg true
01-10 03:26:03.276 4977 4977 D ApplicationLoaders: Returning zygote-cached class loader: /system/framework/android.test.base.jar
01-10 03:26:03.278 2976 4861 I GameMode_ActivityMonitoringService: Updating top task to: TaskInfoContainer [topActivity=ComponentInfo{com.android.settings.intelligence/com.android.settings.intelligence.search.SearchActivity}, taskId=11, stackId=11, userId=0, displayId=0, position=6
01-10 03:26:03.278 2976 4861 I GameMode_ActivityMonitoringService: Notifying about top task: TaskInfoContainer [topActivity=ComponentInfo{com.android.settings.intelligence/com.android.settings.intelligence.search.SearchActivity}, taskId=11, stackId=11, userId=0, displayId=0, position=6
01-10 03:26:03.278 2976 4861 I GameMode_ActivityMonitoringService: WindowMode: 1
01-10 03:26:03.278 4977 4977 D nativeloader: classloader namespace configured for unbundled product apk. library_path=/product/priv-app/SettingsIntelligence/lib/arm64:/product/lib64:/system/product/lib64
01-10 03:26:03.278 2976 4861 E GameMode_ActivityMonitoringService: onActivityLaunch:com.android.settings.intelligence
01-10 03:26:03.279 2976 4861 V GameMode_GameTypeUtils: judge isGame:com.android.settings.intelligence
01-10 03:26:03.279 2976 4861 V GameMode_GpuUtils: fps:60
01-10 03:26:03.283 2976 4861 D GameMode_GameModeActionUtils: Show GameMode entry by service!
01-10 03:26:03.284 2976 4861 W ContextImpl: Calling a method in the system process without a qualified user: android.app.ContextImpl.startService:1816 android.content.ContextWrapper.startService:774 com.thundercomm.gamemode.ingame.services.GameModeActionUtils.startGameModeService:111 com.thundercomm.gamemode.ingame.services.GameModeActionUtils.startGameModeEntry:22 com.thundercomm.gamemode.ingame.services.ActivityMonitoringService$1.onActivityLaunch:129
01-10 03:26:03.285 4977 4977 I Perf : Connecting to perf service.
01-10 03:26:03.286 2976 2976 D GameMode_GameModeService: type=hide_entry
01-10 03:26:03.286 2976 4861 D GameModeIF_GameModeSettings: getUriFor setting_content_uri_root = content://com.thundercomm.gamemode.api/gamemode_settings , name = gamemode_isgaming
01-10 03:26:03.288 1136 1136 I GameModeConfig: Current uri is uri = content://com.thundercomm.gamemode.api/gamemode_settings/gamemode_isgaming
01-10 03:26:03.288 1136 1136 D GameModeIF_GameModeSettings: getUriFor setting_content_uri_root = content://com.thundercomm.gamemode.api/gamemode_settings , name = gamemode_isgaming
01-10 03:26:03.288 4977 4977 V GraphicsEnvironment: ANGLE Developer option for 'com.android.settings.intelligence' set to: 'default'
01-10 03:26:03.288 2976 2976 D GameMode_GameSettingsObserver: Game Data change!!!! uri = content://com.thundercomm.gamemode.api/gamemode_settings/gamemode_isgaming
01-10 03:26:03.289 4977 4977 V GraphicsEnvironment: ANGLE GameManagerService for com.android.settings.intelligence: false
