01-10 03:25:49.739 2437 2437 I Avrcp_ext: Exit updatePlayStatusForDevice
01-10 03:25:49.739 2437 2437 D HeadsetService: isAudioOn: The number of audio connected devices 0
01-10 03:25:49.739 2437 2437 D HeadsetService: isScoOrCallActive(): Call Active:falseCall is Ringing:falseSCO is Active:false
01-10 03:25:49.739 2437 2437 D HeadsetService: isAudioOn: The number of audio connected devices 0
01-10 03:25:49.739 2437 2437 I Avrcp_ext: updatePlayStatusForDevice: device: null
01-10 03:25:49.739 2437 2437 V Avrcp_ext: updatePlaybackState (1): old=PlaybackState {state=2, position=-1, buffered position=0, speed=0.0, updated=102506, actions=0, custom actions=[], active item id=-1, error=null}(2), new=PlaybackState {state=2, position=-1, buffered position=0, speed=0.0, updated=102516, actions=0, custom actions=[], active item id=-1, error=null}(2)
01-10 03:25:49.739 2437 2437 I Avrcp_ext: Exit updatePlayStatusForDevice
01-10 03:25:49.739 2437 2437 D HeadsetService: isAudioOn: The number of audio connected devices 0
01-10 03:25:49.739 2437 2437 D HeadsetService: isScoOrCallActive(): Call Active:falseCall is Ringing:falseSCO is Active:false
01-10 03:25:49.739 2437 2437 D HeadsetService: isAudioOn: The number of audio connected devices 0
01-10 03:25:49.740 2437 2437 I Avrcp_ext: updatePlayStatusForDevice: device: null
01-10 03:25:49.740 2437 2437 V Avrcp_ext: updatePlaybackState (1): old=PlaybackState {state=2, position=-1, buffered position=0, speed=0.0, updated=102506, actions=0, custom actions=[], active item id=-1, error=null}(2), new=PlaybackState {state=2, position=-1, buffered position=0, speed=0.0, updated=102516, actions=0, custom actions=[], active item id=-1, error=null}(2)
01-10 03:25:49.740 2437 2437 I Avrcp_ext: Exit updatePlayStatusForDevice
01-10 03:25:49.740 2437 2437 D HeadsetService: isAudioOn: The number of audio connected devices 0
01-10 03:25:49.740 2437 2437 D HeadsetService: isScoOrCallActive(): Call Active:falseCall is Ringing:falseSCO is Active:false
01-10 03:25:49.740 2437 2437 D HeadsetService: isAudioOn: The number of audio connected devices 0
01-10 03:25:49.740 2437 2437 I Avrcp_ext: updatePlayStatusForDevice: device: null
01-10 03:25:49.740 2437 2437 V Avrcp_ext: updatePlaybackState (1): old=PlaybackState {state=2, position=-1, buffered position=0, speed=0.0, updated=102506, actions=0, custom actions=[], active item id=-1, error=null}(2), new=PlaybackState {state=2, position=-1, buffered position=0, speed=0.0, updated=102516, actions=0, custom actions=[], active item id=-1, error=null}(2)
01-10 03:25:49.740 2437 2437 I Avrcp_ext: Exit updatePlayStatusForDevice
01-10 03:25:49.740 2437 2437 D HeadsetService: isAudioOn: The number of audio connected devices 0
01-10 03:25:49.740 2437 2437 D HeadsetService: isScoOrCallActive(): Call Active:falseCall is Ringing:falseSCO is Active:false
01-10 03:25:49.740 2437 2437 D HeadsetService: isAudioOn: The number of audio connected devices 0
01-10 03:25:49.740 2437 2437 I Avrcp_ext: updatePlayStatusForDevice: device: null
01-10 03:25:49.740 2437 2437 V Avrcp_ext: updatePlaybackState (1): old=PlaybackState {state=2, position=-1, buffered position=0, speed=0.0, updated=102506, actions=0, custom actions=[], active item id=-1, error=null}(2), new=PlaybackState {state=2, position=-1, buffered position=0, speed=0.0, updated=102516, actions=0, custom actions=[], active item id=-1, error=null}(2)
01-10 03:25:49.740 2437 2437 I Avrcp_ext: Exit updatePlayStatusForDevice
01-10 03:25:49.740 2437 2437 D Avrcp_ext: Enter sendPlayPosNotificationRsp
01-10 03:25:49.740 2437 2437 D Avrcp_ext: sendPlayPosNotificationRsp: Not registered or requesting.
01-10 03:25:49.740 2437 2437 D Avrcp_ext: Enter sendPlayPosNotificationRsp
01-10 03:25:49.740 2437 2437 D Avrcp_ext: sendPlayPosNotificationRsp: Not registered or requesting.
01-10 03:25:49.740 2437 2437 D Avrcp_ext: Enter sendPlayPosNotificationRsp
01-10 03:25:49.740 2437 2437 D Avrcp_ext: sendPlayPosNotificationRsp: Not registered or requesting.
01-10 03:25:49.740 2437 2437 D Avrcp_ext: Enter sendPlayPosNotificationRsp
01-10 03:25:49.740 2437 2437 D Avrcp_ext: sendPlayPosNotificationRsp: Not registered or requesting.
01-10 03:25:49.740 2437 2437 D Avrcp_ext: Enter sendPlayPosNotificationRsp
01-10 03:25:49.740 2437 2437 D Avrcp_ext: sendPlayPosNotificationRsp: Not registered or requesting.
01-10 03:25:49.740 2437 2437 V Avrcp_ext: Exit updatePlayerStateAndPosition
01-10 03:25:49.740 2437 2437 D Avrcp_ext: Exit handlePackageModified
01-10 03:25:49.741 2437 2437 D Avrcp_ext: AvrcpServiceBroadcastReceiver-> Action: android.intent.action.PACKAGE_CHANGED
01-10 03:25:49.741 2437 2437 D Avrcp_ext: AvrcpServiceBroadcastReceiver-> packageName: com.android.settings
01-10 03:25:49.741 2437 2437 D Avrcp_ext: packageName: com.android.settings removed: false
01-10 03:25:49.741 2437 2437 D Avrcp_ext: isBrowsableListUpdated: browsable list size mismatch, true
01-10 03:25:49.741 2437 2437 D Avrcp_ext: buildBrowsablePlayerList
01-10 03:25:49.741 2437 2437 V Avrcp_ext: getMediaPlayerInfo: Found com.android.bluetooth
01-10 03:25:49.741 2437 2437 V Avrcp_ext: isBrowseSupported for com.android.bluetooth: false
01-10 03:25:49.742 2437 2437 D Avrcp_ext: Adding media player info for com.android.bluetooth with id 1
01-10 03:25:49.742 2437 2437 D Avrcp_ext: update #1:MediaPlayerInfo com.android.bluetooth (as '蓝牙') Type = 1, SubType = 0, Status = 0 Feature Bits [40 41 42 44 45 47 48 58] Controller: null
01-10 03:25:49.742 2437 2437 D Avrcp_ext: Added MediaPlayerController/MediaPlayerPackage
01-10 03:25:49.742 2437 2437 V Avrcp_ext: getMediaPlayerInfo: Found com.microsoft.emmx
01-10 03:25:49.742 2437 2437 V Avrcp_ext: isBrowseSupported for com.microsoft.emmx: false
01-10 03:25:49.742 2437 2437 D Avrcp_ext: Adding media player info for com.microsoft.emmx with id 2
01-10 03:25:49.742 2437 2437 D Avrcp_ext: update #2:MediaPlayerInfo com.microsoft.emmx (as 'Edge') Type = 1, SubType = 0, Status = 0 Feature Bits [40 41 42 44 45 47 48 58] Controller: null
01-10 03:25:49.742 2437 2437 D Avrcp_ext: Added MediaPlayerController/MediaPlayerPackage
01-10 03:25:49.743 2437 2437 V Avrcp_ext: updateCurrentMediaState: mMediaController: null
01-10 03:25:49.743 2437 2437 W Avrcp_ext: isMusicActive: false getBluetoothPlayState: 2 A2dp State: 11 mAudioPlaybackIsActive: false
01-10 03:25:49.743 2437 2437 W Avrcp_ext: updateCurrentMediaState: isPlaying = false
01-10 03:25:49.743 2437 2437 V Avrcp_ext: Media update: id -1➡-1? [MediaAttributes: none] : [MediaAttributes: none]
01-10 03:25:49.743 2437 2437 D Avrcp_ext: isPackageNameValid: browsedPackage = isValid = false
01-10 03:25:49.743 2437 2437 V Avrcp_ext: updatePlaybackState, state: PlaybackState {state=2, position=-1, buffered position=0, speed=0.0, updated=102521, actions=0, custom actions=[], active item id=-1, error=null} device: null
01-10 03:25:49.743 2437 2437 V Avrcp_ext: Device: no name:
01-10 03:25:49.743 2437 2437 V Avrcp_ext: Device: no name:
01-10 03:25:49.743 2437 2437 V Avrcp_ext: Device: no name:
01-10 03:25:49.743 2437 2437 V Avrcp_ext: Device: no name:
01-10 03:25:49.743 2437 2437 V Avrcp_ext: Device: no name:
01-10 03:25:49.743 2437 2437 V Avrcp_ext: updatePlayerStateAndPosition, old=PlaybackState {state=2, position=-1, buffered position=0, speed=0.0, updated=102516, actions=0, custom actions=[], active item id=-1, error=null}, state=PlaybackState {state=2, position=-1, buffered position=0, speed=0.0, updated=102521, actions=0, custom actions=[], active item id=-1, error=null}
01-10 03:25:49.743 2437 2437 V Avrcp_ext: old state = PlaybackState {state=2, position=-1, buffered position=0, speed=0.0, updated=102516, actions=0, custom actions=[], active item id=-1, error=null}, new state= PlaybackState {state=2, position=-1, buffered position=0, speed=0.0, updated=102521, actions=0, custom actions=[], active item id=-1, error=null}
01-10 03:25:49.743 2437 2437 D HeadsetService: getHeadsetService(): returning com.android.bluetooth.hfp.HeadsetService@9badd6f
01-10 03:25:49.744 2437 2437 D HeadsetService: isAudioOn: The number of audio connected devices 0
01-10 03:25:49.744 2437 2437 D HeadsetService: isScoOrCallActive(): Call Active:falseCall is Ringing:falseSCO is Active:false
01-10 03:25:49.744 2437 2437 D HeadsetService: isAudioOn: The number of audio connected devices 0
01-10 03:25:49.744 2437 2437 I Avrcp_ext: updatePlayStatusForDevice: device: null
01-10 03:25:49.744 2437 2437 V Avrcp_ext: updatePlaybackState (1): old=PlaybackState {state=2, position=-1, buffered position=0, speed=0.0, updated=102516, actions=0, custom actions=[], active item id=-1, error=null}(2), new=PlaybackState {state=2, position=-1, buffered position=0, speed=0.0, updated=102521, actions=0, custom actions=[], active item id=-1, error=null}(2)
01-10 03:25:49.744 2437 2437 I Avrcp_ext: Exit updatePlayStatusForDevice
01-10 03:25:49.744 2437 2437 D HeadsetService: isAudioOn: The number of audio connected devices 0
01-10 03:25:49.744 2437 2437 D HeadsetService: isScoOrCallActive(): Call Active:falseCall is Ringing:falseSCO is Active:false
01-10 03:25:49.744 2437 2437 D HeadsetService: isAudioOn: The number of audio connected devices 0
01-10 03:25:49.744 2437 2437 I Avrcp_ext: updatePlayStatusForDevice: device: null
01-10 03:25:49.744 2437 2437 V Avrcp_ext: updatePlaybackState (1): old=PlaybackState {state=2, position=-1, buffered position=0, speed=0.0, updated=102516, actions=0, custom actions=[], active item id=-1, error=null}(2), new=PlaybackState {state=2, position=-1, buffered position=0, speed=0.0, updated=102521, actions=0, custom actions=[], active item id=-1, error=null}(2)
01-10 03:25:49.744 2437 2437 I Avrcp_ext: Exit updatePlayStatusForDevice
01-10 03:25:49.744 2437 2437 D HeadsetService: isAudioOn: The number of audio connected devices 0
01-10 03:25:49.744 2437 2437 D HeadsetService: isScoOrCallActive(): Call Active:falseCall is Ringing:falseSCO is Active:false
01-10 03:25:49.744 2437 2437 D HeadsetService: isAudioOn: The number of audio connected devices 0
01-10 03:25:49.744 2437 2437 I Avrcp_ext: updatePlayStatusForDevice: device: null
01-10 03:25:49.744 2437 2437 V Avrcp_ext: updatePlaybackState (1): old=PlaybackState {state=2, position=-1, buffered position=0, speed=0.0, updated=102516, actions=0, custom actions=[], active item id=-1, error=null}(2), new=PlaybackState {state=2, position=-1, buffered position=0, speed=0.0, updated=102521, actions=0, custom actions=[], active item id=-1, error=null}(2)
01-10 03:25:49.744 2437 2437 I Avrcp_ext: Exit updatePlayStatusForDevice
01-10 03:25:49.744 2437 2437 D HeadsetService: isAudioOn: The number of audio connected devices 0
01-10 03:25:49.744 2437 2437 D HeadsetService: isScoOrCallActive(): Call Active:falseCall is Ringing:falseSCO is Active:false
01-10 03:25:49.744 2437 2437 D HeadsetService: isAudioOn: The number of audio connected devices 0
01-10 03:25:49.744 2437 2437 I Avrcp_ext: updatePlayStatusForDevice: device: null
01-10 03:25:49.744 2437 2437 V Avrcp_ext: updatePlaybackState (1): old=PlaybackState {state=2, position=-1, buffered position=0, speed=0.0, updated=102516, actions=0, custom actions=[], active item id=-1, error=null}(2), new=PlaybackState {state=2, position=-1, buffered position=0, speed=0.0, updated=102521, actions=0, custom actions=[], active item id=-1, error=null}(2)
01-10 03:25:49.744 2437 2437 I Avrcp_ext: Exit updatePlayStatusForDevice
01-10 03:25:49.744 2437 2437 D HeadsetService: isAudioOn: The number of audio connected devices 0
01-10 03:25:49.744 2437 2437 D HeadsetService: isScoOrCallActive(): Call Active:falseCall is Ringing:falseSCO is Active:false
01-10 03:25:49.744 2437 2437 D HeadsetService: isAudioOn: The number of audio connected devices 0
01-10 03:25:49.744 2437 2437 I Avrcp_ext: updatePlayStatusForDevice: device: null
01-10 03:25:49.745 2437 2437 V Avrcp_ext: updatePlaybackState (1): old=PlaybackState {state=2, position=-1, buffered position=0, speed=0.0, updated=102516, actions=0, custom actions=[], active item id=-1, error=null}(2), new=PlaybackState {state=2, position=-1, buffered position=0, speed=0.0, updated=102521, actions=0, custom actions=[], active item id=-1, error=null}(2)
01-10 03:25:49.745 2437 2437 I Avrcp_ext: Exit updatePlayStatusForDevice
01-10 03:25:49.745 2437 2437 D Avrcp_ext: Enter sendPlayPosNotificationRsp
01-10 03:25:49.745 2437 2437 D Avrcp_ext: sendPlayPosNotificationRsp: Not registered or requesting.
01-10 03:25:49.745 2437 2437 D Avrcp_ext: Enter sendPlayPosNotificationRsp
01-10 03:25:49.745 2437 2437 D Avrcp_ext: sendPlayPosNotificationRsp: Not registered or requesting.
01-10 03:25:49.745 2437 2437 D Avrcp_ext: Enter sendPlayPosNotificationRsp
01-10 03:25:49.745 2437 2437 D Avrcp_ext: sendPlayPosNotificationRsp: Not registered or requesting.
01-10 03:25:49.745 2437 2437 D Avrcp_ext: Enter sendPlayPosNotificationRsp
01-10 03:25:49.745 2437 2437 D Avrcp_ext: sendPlayPosNotificationRsp: Not registered or requesting.
01-10 03:25:49.745 2437 2437 D Avrcp_ext: Enter sendPlayPosNotificationRsp
01-10 03:25:49.745 2437 2437 D Avrcp_ext: sendPlayPosNotificationRsp: Not registered or requesting.
01-10 03:25:49.745 2437 2437 V Avrcp_ext: Exit updatePlayerStateAndPosition
01-10 03:25:49.745 2437 2437 D Avrcp_ext: Exit handlePackageModified
01-10 03:25:49.747 3016 3063 D BaseModelUpdateTask: BaseModelUpdateTask constructor
01-10 03:25:49.747 3016 3063 D BaseModelUpdateTask: java.lang.Exception
01-10 03:25:49.747 3016 3063 D BaseModelUpdateTask: at com.android.launcher3.model.BaseModelUpdateTask.(BaseModelUpdateTask.java:57)
01-10 03:25:49.747 3016 3063 D BaseModelUpdateTask: at com.android.launcher3.LauncherModel$6.(LauncherModel.java:605)
01-10 03:25:49.747 3016 3063 D BaseModelUpdateTask: at com.android.launcher3.LauncherModel.refreshAndBindWidgetsAndShortcuts(LauncherModel.java:605)
01-10 03:25:49.747 3016 3063 D BaseModelUpdateTask: at com.android.launcher3.Launcher.refreshAndBindWidgetsForPackageUser(Launcher.java:2853)
01-10 03:25:49.747 3016 3063 D BaseModelUpdateTask: at com.android.launcher3.model.PackageUpdatedTask.execute(PackageUpdatedTask.java:139)
01-10 03:25:49.747 3016 3063 D BaseModelUpdateTask: at com.android.launcher3.model.BaseModelUpdateTask.run(BaseModelUpdateTask.java:80)
01-10 03:25:49.747 3016 3063 D BaseModelUpdateTask: at android.os.Handler.handleCallback(Handler.java:938)
01-10 03:25:49.747 3016 3063 D BaseModelUpdateTask: at android.os.Handler.dispatchMessage(Handler.java:99)
01-10 03:25:49.747 3016 3063 D BaseModelUpdateTask: at android.os.Looper.loopOnce(Looper.java:201)
01-10 03:25:49.747 3016 3063 D BaseModelUpdateTask: at android.os.Looper.loop(Looper.java:288)
01-10 03:25:49.747 3016 3063 D BaseModelUpdateTask: at android.os.HandlerThread.run(HandlerThread.java:67)
01-10 03:25:49.751 1136 1650 W Searchables: No global search activity found
01-10 03:25:49.751 3016 3063 D BaseIconFactory: normalizeAndWrapToAdaptiveIcon: scale=0.80950594
01-10 03:25:49.754 2437 2437 D Avrcp_ext: AvrcpServiceBroadcastReceiver-> Action: android.intent.action.PACKAGE_CHANGED
01-10 03:25:49.755 2437 2437 D Avrcp_ext: AvrcpServiceBroadcastReceiver-> packageName: com.android.traceur
01-10 03:25:49.755 2437 2437 D Avrcp_ext: packageName: com.android.traceur removed: false
01-01 09:51:52.006 0 0 I init : Control message: Processed ctl.start for 'idmap2d' from pid: 1136 (system_server)
01-10 03:25:49.757 1136 1650 W VoiceInteractionManager: no available voice recognition services found for user 0
01-10 03:25:49.759 3016 3016 D BaseModelUpdateTask: BaseModelUpdateTask constructor
01-10 03:25:49.759 3016 3016 D BaseModelUpdateTask: java.lang.Exception
01-10 03:25:49.759 3016 3016 D BaseModelUpdateTask: at com.android.launcher3.model.BaseModelUpdateTask.(BaseModelUpdateTask.java:57)
01-10 03:25:49.759 3016 3016 D BaseModelUpdateTask: at com.android.launcher3.model.PackageUpdatedTask.(PackageUpdatedTask.java:88)
01-10 03:25:49.759 3016 3016 D BaseModelUpdateTask: at com.android.launcher3.LauncherModel.onPackageChanged(LauncherModel.java:156)
01-10 03:25:49.759 3016 3016 D BaseModelUpdateTask: at android.content.pm.LauncherApps$CallbackMessageHandler.handleMessage(LauncherApps.java:1805)
01-10 03:25:49.759 3016 3016 D BaseModelUpdateTask: at android.os.Handler.dispatchMessage(Handler.java:106)
01-10 03:25:49.759 3016 3016 D BaseModelUpdateTask: at android.os.Looper.loopOnce(Looper.java:201)
01-10 03:25:49.759 3016 3016 D BaseModelUpdateTask: at android.os.Looper.loop(Looper.java:288)
01-10 03:25:49.759 3016 3016 D BaseModelUpdateTask: at android.app.ActivityThread.main(ActivityThread.java:7880)
01-10 03:25:49.759 3016 3016 D BaseModelUpdateTask: at java.lang.reflect.Method.invoke(Native Method)
01-10 03:25:49.759 3016 3016 D BaseModelUpdateTask: at com.android.internal.os.RuntimeInit$MethodAndArgsCaller.run(RuntimeInit.java:548)
01-10 03:25:49.759 3016 3016 D BaseModelUpdateTask: at com.android.internal.os.ZygoteInit.main(ZygoteInit.java:1009)
01-10 03:25:49.763 2437 2437 D Avrcp_ext: isBrowsableListUpdated: browsable list size mismatch, true
01-10 03:25:49.763 2437 2437 D Avrcp_ext: buildBrowsablePlayerList
01-10 03:25:49.763 2437 2437 V Avrcp_ext: getMediaPlayerInfo: Found com.android.bluetooth
01-10 03:25:49.763 2437 2437 V Avrcp_ext: isBrowseSupported for com.android.bluetooth: false
01-10 03:25:49.763 3016 3016 D PackageUpdatedTask: PackageUpdatedTask constructor: op=2,user=UserHandle{0},packages=[com.android.calendar]
01-10 03:25:49.763 3016 3016 D PackageUpdatedTask: java.lang.Exception
01-10 03:25:49.763 3016 3016 D PackageUpdatedTask: at com.android.launcher3.model.PackageUpdatedTask.(PackageUpdatedTask.java:93)
01-10 03:25:49.763 3016 3016 D PackageUpdatedTask: at com.android.launcher3.LauncherModel.onPackageChanged(LauncherModel.java:156)
01-10 03:25:49.763 3016 3016 D PackageUpdatedTask: at android.content.pm.LauncherApps$CallbackMessageHandler.handleMessage(LauncherApps.java:1805)
01-10 03:25:49.763 3016 3016 D PackageUpdatedTask: at android.os.Handler.dispatchMessage(Handler.java:106)
01-10 03:25:49.763 3016 3016 D PackageUpdatedTask: at android.os.Looper.loopOnce(Looper.java:201)
01-10 03:25:49.763 3016 3016 D PackageUpdatedTask: at android.os.Looper.loop(Looper.java:288)
01-10 03:25:49.763 3016 3016 D PackageUpdatedTask: at android.app.ActivityThread.main(ActivityThread.java:7880)
01-10 03:25:49.763 3016 3016 D PackageUpdatedTask: at java.lang.reflect.Method.invoke(Native Method)
01-10 03:25:49.763 3016 3016 D PackageUpdatedTask: at com.android.internal.os.RuntimeInit$MethodAndArgsCaller.run(RuntimeInit.java:548)
01-10 03:25:49.763 3016 3016 D PackageUpdatedTask: at com.android.internal.os.ZygoteInit.main(ZygoteInit.java:1009)
01-10 03:25:49.764 2437 2437 D Avrcp_ext: Adding media player info for com.android.bluetooth with id 1
01-10 03:25:49.764 2437 2437 D Avrcp_ext: update #1:MediaPlayerInfo com.android.bluetooth (as '蓝牙') Type = 1, SubType = 0, Status = 0 Feature Bits [40 41 42 44 45 47 48 58] Controller: null
01-10 03:25:49.764 2437 2437 D Avrcp_ext: Added MediaPlayerController/MediaPlayerPackage
01-10 03:25:49.764 2437 2437 V Avrcp_ext: getMediaPlayerInfo: Found com.microsoft.emmx
01-10 03:25:49.764 2437 2437 V Avrcp_ext: isBrowseSupported for com.microsoft.emmx: false
01-10 03:25:49.765 2437 2437 D Avrcp_ext: Adding media player info for com.microsoft.emmx with id 2
01-10 03:25:49.765 2437 2437 D Avrcp_ext: update #2:MediaPlayerInfo com.microsoft.emmx (as 'Edge') Type = 1, SubType = 0, Status = 0 Feature Bits [40 41 42 44 45 47 48 58] Controller: null
01-10 03:25:49.765 2437 2437 D Avrcp_ext: Added MediaPlayerController/MediaPlayerPackage
01-10 03:25:49.765 2437 2437 V Avrcp_ext: updateCurrentMediaState: mMediaController: null
01-10 03:25:49.765 2437 2437 W Avrcp_ext: isMusicActive: false getBluetoothPlayState: 2 A2dp State: 11 mAudioPlaybackIsActive: false
01-10 03:25:49.765 2437 2437 W Avrcp_ext: updateCurrentMediaState: isPlaying = false
01-10 03:25:49.765 2437 2437 V Avrcp_ext: Media update: id -1➡-1? [MediaAttributes: none] : [MediaAttributes: none]
01-10 03:25:49.765 2437 2437 D Avrcp_ext: isPackageNameValid: browsedPackage = isValid = false
01-10 03:25:49.766 2437 2437 V Avrcp_ext: updatePlaybackState, state: PlaybackState {state=2, position=-1, buffered position=0, speed=0.0, updated=102543, actions=0, custom actions=[], active item id=-1, error=null} device: null
01-10 03:25:49.766 2437 2437 V Avrcp_ext: Device: no name:
01-10 03:25:49.766 2437 2437 V Avrcp_ext: Device: no name:
01-10 03:25:49.766 2437 2437 V Avrcp_ext: Device: no name:
01-10 03:25:49.766 2437 2437 V Avrcp_ext: Device: no name:
01-10 03:25:49.766 2437 2437 V Avrcp_ext: Device: no name:
01-10 03:25:49.766 2437 2437 V Avrcp_ext: updatePlayerStateAndPosition, old=PlaybackState {state=2, position=-1, buffered position=0, speed=0.0, updated=102521, actions=0, custom actions=[], active item id=-1, error=null}, state=PlaybackState {state=2, position=-1, buffered position=0, speed=0.0, updated=102543, actions=0, custom actions=[], active item id=-1, error=null}
01-10 03:25:49.766 2437 2437 V Avrcp_ext: old state = PlaybackState {state=2, position=-1, buffered position=0, speed=0.0, updated=102521, actions=0, custom actions=[], active item id=-1, error=null}, new state= PlaybackState {state=2, position=-1, buffered position=0, speed=0.0, updated=102543, actions=0, custom actions=[], active item id=-1, error=null}
01-10 03:25:49.766 2437 2437 D HeadsetService: getHeadsetService(): returning com.android.bluetooth.hfp.HeadsetService@9badd6f
01-10 03:25:49.766 2437 2437 D HeadsetService: isAudioOn: The number of audio connected devices 0
01-10 03:25:49.766 2437 2437 D HeadsetService: isScoOrCallActive(): Call Active:falseCall is Ringing:falseSCO is Active:false
01-10 03:25:49.766 2437 2437 D HeadsetService: isAudioOn: The number of audio connected devices 0
01-10 03:25:49.766 2437 2437 I Avrcp_ext: updatePlayStatusForDevice: device: null
01-10 03:25:49.766 2437 2437 V Avrcp_ext: updatePlaybackState (1): old=PlaybackState {state=2, position=-1, buffered position=0, speed=0.0, updated=102521, actions=0, custom actions=[], active item id=-1, error=null}(2), new=PlaybackState {state=2, position=-1, buffered position=0, speed=0.0, updated=102543, actions=0, custom actions=[], active item id=-1, error=null}(2)
01-10 03:25:49.766 2437 2437 I Avrcp_ext: Exit updatePlayStatusForDevice
01-10 03:25:49.766 2437 2437 D HeadsetService: isAudioOn: The number of audio connected devices 0
01-10 03:25:49.766 2437 2437 D HeadsetService: isScoOrCallActive(): Call Active:falseCall is Ringing:falseSCO is Active:false
01-10 03:25:49.766 2437 2437 D HeadsetService: isAudioOn: The number of audio connected devices 0
01-10 03:25:49.766 2437 2437 I Avrcp_ext: updatePlayStatusForDevice: device: null
01-10 03:25:49.766 2437 2437 V Avrcp_ext: updatePlaybackState (1): old=PlaybackState {state=2, position=-1, buffered position=0, speed=0.0, updated=102521, actions=0, custom actions=[], active item id=-1, error=null}(2), new=PlaybackState {state=2, position=-1, buffered position=0, speed=0.0, updated=102543, actions=0, custom actions=[], active item id=-1, error=null}(2)
01-10 03:25:49.766 2437 2437 I Avrcp_ext: Exit updatePlayStatusForDevice
01-10 03:25:49.766 2437 2437 D HeadsetService: isAudioOn: The number of audio connected devices 0
01-10 03:25:49.766 2437 2437 D HeadsetService: isScoOrCallActive(): Call Active:falseCall is Ringing:falseSCO is Active:false
01-10 03:25:49.766 2437 2437 D HeadsetService: isAudioOn: The number of audio connected devices 0
01-10 03:25:49.766 2437 2437 I Avrcp_ext: updatePlayStatusForDevice: device: null
01-10 03:25:49.766 2437 2437 V Avrcp_ext: updatePlaybackState (1): old=PlaybackState {state=2, position=-1, buffered position=0, speed=0.0, updated=102521, actions=0, custom actions=[], active item id=-1, error=null}(2), new=PlaybackState {state=2, position=-1, buffered position=0, speed=0.0, updated=102543, actions=0, custom actions=[], active item id=-1, error=null}(2)
01-10 03:25:49.766 2437 2437 I Avrcp_ext: Exit updatePlayStatusForDevice
01-10 03:25:49.767 2437 2437 D HeadsetService: isAudioOn: The number of audio connected devices 0
01-10 03:25:49.767 2437 2437 D HeadsetService: isScoOrCallActive(): Call Active:falseCall is Ringing:falseSCO is Active:false
01-10 03:25:49.767 2437 2437 D HeadsetService: isAudioOn: The number of audio connected devices 0
01-10 03:25:49.767 2437 2437 I Avrcp_ext: updatePlayStatusForDevice: device: null
01-10 03:25:49.767 2437 2437 V Avrcp_ext: updatePlaybackState (1): old=PlaybackState {state=2, position=-1, buffered position=0, speed=0.0, updated=102521, actions=0, custom actions=[], active item id=-1, error=null}(2), new=PlaybackState {state=2, position=-1, buffered position=0, speed=0.0, updated=102543, actions=0, custom actions=[], active item id=-1, error=null}(2)
01-10 03:25:49.768 2437 2437 I Avrcp_ext: Exit updatePlayStatusForDevice
01-10 03:25:49.768 2437 2437 D HeadsetService: isAudioOn: The number of audio connected devices 0
01-10 03:25:49.768 2437 2437 D HeadsetService: isScoOrCallActive(): Call Active:falseCall is Ringing:falseSCO is Active:false
01-10 03:25:49.768 2437 2437 D HeadsetService: isAudioOn: The number of audio connected devices 0
01-10 03:25:49.768 2437 2437 I Avrcp_ext: updatePlayStatusForDevice: device: null
01-10 03:25:49.768 2437 2437 V Avrcp_ext: updatePlaybackState (1): old=PlaybackState {state=2, position=-1, buffered position=0, speed=0.0, updated=102521, actions=0, custom actions=[], active item id=-1, error=null}(2), new=PlaybackState {state=2, position=-1, buffered position=0, speed=0.0, updated=102543, actions=0, custom actions=[], active item id=-1, error=null}(2)
01-10 03:25:49.768 2437 2437 I Avrcp_ext: Exit updatePlayStatusForDevice
01-10 03:25:49.768 2437 2437 D Avrcp_ext: Enter sendPlayPosNotificationRsp
01-10 03:25:49.768 2437 2437 D Avrcp_ext: sendPlayPosNotificationRsp: Not registered or requesting.
01-10 03:25:49.768 2437 2437 D Avrcp_ext: Enter sendPlayPosNotificationRsp
01-10 03:25:49.768 2437 2437 D Avrcp_ext: sendPlayPosNotificationRsp: Not registered or requesting.
01-10 03:25:49.768 2437 2437 D Avrcp_ext: Enter sendPlayPosNotificationRsp
01-10 03:25:49.768 2437 2437 D Avrcp_ext: sendPlayPosNotificationRsp: Not registered or requesting.
01-10 03:25:49.768 2437 2437 D Avrcp_ext: Enter sendPlayPosNotificationRsp
01-10 03:25:49.768 2437 2437 D Avrcp_ext: sendPlayPosNotificationRsp: Not registered or requesting.
01-10 03:25:49.768 2437 2437 D Avrcp_ext: Enter sendPlayPosNotificationRsp
01-10 03:25:49.768 2437 2437 D Avrcp_ext: sendPlayPosNotificationRsp: Not registered or requesting.
01-10 03:25:49.768 2437 2437 V Avrcp_ext: Exit updatePlayerStateAndPosition
01-10 03:25:49.768 2437 2437 D Avrcp_ext: Exit handlePackageModified
01-10 03:25:49.771 3016 3063 I WidgetsModel: found whitelist widget: com.android.systemui, label: 对话, sectionName:D
01-10 03:25:49.786 4772 4772 D ProcessState: Binder ioctl to enable oneway spam detection failed: Invalid argument
01-01 09:51:52.039 0 0 I binder : 4772:4772 ioctl 40046210 7fe5845df4 returned -22
01-10 03:25:49.794 4772 4773 W idmap2d : failed to parse idmap header of '/data/resource-cache/product@overlay@SettingsResCommon_Sys.apk@idmap'
01-10 03:25:49.798 3016 3063 D BaseModelUpdateTask: BaseModelUpdateTask constructor
01-10 03:25:49.798 3016 3063 D BaseModelUpdateTask: java.lang.Exception
01-10 03:25:49.798 3016 3063 D BaseModelUpdateTask: at com.android.launcher3.model.BaseModelUpdateTask.(BaseModelUpdateTask.java:57)
01-10 03:25:49.798 3016 3063 D BaseModelUpdateTask: at com.android.launcher3.model.AddWorkspaceItemsTask.(AddWorkspaceItemsTask.java:58)
01-10 03:25:49.798 3016 3063 D BaseModelUpdateTask: at com.android.launcher3.LauncherModel.addAndBindAddedWorkspaceItems(LauncherModel.java:145)
01-10 03:25:49.798 3016 3063 D BaseModelUpdateTask: at com.android.launcher3.model.PackageUpdatedTask.updateToWorkSpace(PackageUpdatedTask.java:406)
01-10 03:25:49.798 3016 3063 D BaseModelUpdateTask: at com.android.launcher3.model.PackageUpdatedTask.execute(PackageUpdatedTask.java:370)
01-10 03:25:49.798 3016 3063 D BaseModelUpdateTask: at com.android.launcher3.model.BaseModelUpdateTask.run(BaseModelUpdateTask.java:80)
01-10 03:25:49.798 3016 3063 D BaseModelUpdateTask: at android.os.Handler.handleCallback(Handler.java:938)
01-10 03:25:49.798 3016 3063 D BaseModelUpdateTask: at android.os.Handler.dispatchMessage(Handler.java:99)
01-10 03:25:49.798 3016 3063 D BaseModelUpdateTask: at android.os.Looper.loopOnce(Looper.java:201)
01-10 03:25:49.798 3016 3063 D BaseModelUpdateTask: at android.os.Looper.loop(Looper.java:288)
01-10 03:25:49.798 3016 3063 D BaseModelUpdateTask: at android.os.HandlerThread.run(HandlerThread.java:67)
01-10 03:25:49.799 1136 1650 W Searchables: No global search activity found
01-10 03:25:49.803 1136 1165 I system_server: Background concurrent copying GC freed 176916(8798KB) AllocSpace objects, 64(2992KB) LOS objects, 49% free, 12MB/25MB, paused 104us,191us total 114.504ms
01-10 03:25:49.804 4772 4772 W idmap2d : overlay '/product/overlay/SettingsResCommon_Sys.apk' is not allowed to overlay resource 'array/config_color_mode_options_strings' in target: target resource has no overlayable declaration
01-10 03:25:49.804 4772 4772 W idmap2d : overlay '/product/overlay/SettingsResCommon_Sys.apk' is not allowed to overlay resource 'array/config_color_mode_options_values' in target: target resource has no overlayable declaration
01-10 03:25:49.804 4772 4772 E idmap2d : no resources were overlaid
01-10 03:25:49.805 1136 1650 W VoiceInteractionManager: no available voice recognition services found for user 0
01-10 03:25:49.806 3016 3016 D BaseModelUpdateTask: BaseModelUpdateTask constructor
01-10 03:25:49.806 3016 3016 D BaseModelUpdateTask: java.lang.Exception
01-10 03:25:49.806 3016 3016 D BaseModelUpdateTask: at com.android.launcher3.model.BaseModelUpdateTask.(BaseModelUpdateTask.java:57)
01-10 03:25:49.806 3016 3016 D BaseModelUpdateTask: at com.android.launcher3.model.PackageUpdatedTask.(PackageUpdatedTask.java:88)
01-10 03:25:49.806 3016 3016 D BaseModelUpdateTask: at com.android.launcher3.LauncherModel.onPackageChanged(LauncherModel.java:156)
01-10 03:25:49.806 3016 3016 D BaseModelUpdateTask: at android.content.pm.LauncherApps$CallbackMessageHandler.handleMessage(LauncherApps.java:1805)
01-10 03:25:49.806 3016 3016 D BaseModelUpdateTask: at android.os.Handler.dispatchMessage(Handler.java:106)
01-10 03:25:49.806 3016 3016 D BaseModelUpdateTask: at android.os.Looper.loopOnce(Looper.java:201)
01-10 03:25:49.806 3016 3016 D BaseModelUpdateTask: at android.os.Looper.loop(Looper.java:288)
01-10 03:25:49.806 3016 3016 D BaseModelUpdateTask: at android.app.ActivityThread.main(ActivityThread.java:7880)
01-10 03:25:49.806 3016 3016 D BaseModelUpdateTask: at java.lang.reflect.Method.invoke(Native Method)
01-10 03:25:49.806 3016 3016 D BaseModelUpdateTask: at com.android.internal.os.RuntimeInit$MethodAndArgsCaller.run(RuntimeInit.java:548)
01-10 03:25:49.806 3016 3016 D BaseModelUpdateTask: at com.android.internal.os.ZygoteInit.main(ZygoteInit.java:1009)
01-10 03:25:49.806 3016 3016 D PackageUpdatedTask: PackageUpdatedTask constructor: op=2,user=UserHandle{0},packages=[com.android.gallery3d]
01-10 03:25:49.806 3016 3016 D PackageUpdatedTask: java.lang.Exception
01-10 03:25:49.806 3016 3016 D PackageUpdatedTask: at com.android.launcher3.model.PackageUpdatedTask.(PackageUpdatedTask.java:93)
01-10 03:25:49.806 3016 3016 D PackageUpdatedTask: at com.android.launcher3.LauncherModel.onPackageChanged(LauncherModel.java:156)
01-10 03:25:49.806 3016 3016 D PackageUpdatedTask: at android.content.pm.LauncherApps$CallbackMessageHandler.handleMessage(LauncherApps.java:1805)
01-10 03:25:49.806 3016 3016 D PackageUpdatedTask: at android.os.Handler.dispatchMessage(Handler.java:106)
01-10 03:25:49.806 3016 3016 D PackageUpdatedTask: at android.os.Looper.loopOnce(Looper.java:201)
01-10 03:25:49.806 3016 3016 D PackageUpdatedTask: at android.os.Looper.loop(Looper.java:288)
01-10 03:25:49.806 3016 3016 D PackageUpdatedTask: at android.app.ActivityThread.main(ActivityThread.java:7880)
01-10 03:25:49.806 3016 3016 D PackageUpdatedTask: at java.lang.reflect.Method.invoke(Native Method)
01-10 03:25:49.806 3016 3016 D PackageUpdatedTask: at com.android.internal.os.RuntimeInit$MethodAndArgsCaller.run(RuntimeInit.java:548)
01-10 03:25:49.806 3016 3016 D PackageUpdatedTask: at com.android.internal.os.ZygoteInit.main(ZygoteInit.java:1009)
01-10 03:25:49.809 3016 3063 D BaseIconFactory: normalizeAndWrapToAdaptiveIcon: scale=0.80950594
01-10 03:25:49.814 3016 3063 D BaseModelUpdateTask: BaseModelUpdateTask constructor
01-10 03:25:49.814 3016 3063 D BaseModelUpdateTask: java.lang.Exception
01-10 03:25:49.814 3016 3063 D BaseModelUpdateTask: at com.android.launcher3.model.BaseModelUpdateTask.(BaseModelUpdateTask.java:57)
01-10 03:25:49.814 3016 3063 D BaseModelUpdateTask: at com.android.launcher3.LauncherModel$6.(LauncherModel.java:605)
01-10 03:25:49.814 3016 3063 D BaseModelUpdateTask: at com.android.launcher3.LauncherModel.refreshAndBindWidgetsAndShortcuts(LauncherModel.java:605)
01-10 03:25:49.814 3016 3063 D BaseModelUpdateTask: at com.android.launcher3.Launcher.refreshAndBindWidgetsForPackageUser(Launcher.java:2853)
01-10 03:25:49.814 3016 3063 D BaseModelUpdateTask: at com.android.launcher3.model.PackageUpdatedTask.execute(PackageUpdatedTask.java:139)
01-10 03:25:49.814 3016 3063 D BaseModelUpdateTask: at com.android.launcher3.model.BaseModelUpdateTask.run(BaseModelUpdateTask.java:80)
01-10 03:25:49.814 3016 3063 D BaseModelUpdateTask: at android.os.Handler.handleCallback(Handler.java:938)
01-10 03:25:49.814 3016 3063 D BaseModelUpdateTask: at android.os.Handler.dispatchMessage(Handler.java:99)
01-10 03:25:49.814 3016 3063 D BaseModelUpdateTask: at android.os.Looper.loopOnce(Looper.java:201)
01-10 03:25:49.814 3016 3063 D BaseModelUpdateTask: at android.os.Looper.loop(Looper.java:288)
01-10 03:25:49.814 3016 3063 D BaseModelUpdateTask: at android.os.HandlerThread.run(HandlerThread.java:67)
01-10 03:25:49.817 3016 3063 D BaseIconFactory: normalizeAndWrapToAdaptiveIcon: scale=0.80950594
01-10 03:25:49.822 1136 1650 W Searchables: No global search activity found
01-10 03:25:49.824 3016 3063 I WidgetsModel: found whitelist widget: com.android.systemui, label: 对话, sectionName:D
01-10 03:25:49.825 3016 3063 D ModelWriter: updateItemInDatabase: WorkspaceItemInfo(id=3 type=APP container=# com.android.launcher3.logger.LauncherAtom$ContainerInfo@7bc6f(2) targetComponent=ComponentInfo{com.android.calendar/com.android.calendar.AllInOneActivity} screen=0 cell(0,0) span(1,1) minSpan(1,1) rank=0 user=UserHandle{0} title=日历)
01-10 03:25:49.833 657 669 I mpu_uart: [MSG-P:RECV]:No message received in 1000 ms
01-10 03:25:49.837 3016 3063 D BaseModelUpdateTask: BaseModelUpdateTask constructor
01-10 03:25:49.837 3016 3063 D BaseModelUpdateTask: java.lang.Exception
01-10 03:25:49.837 3016 3063 D BaseModelUpdateTask: at com.android.launcher3.model.BaseModelUpdateTask.(BaseModelUpdateTask.java:57)
01-10 03:25:49.837 3016 3063 D BaseModelUpdateTask: at com.android.launcher3.model.AddWorkspaceItemsTask.(AddWorkspaceItemsTask.java:58)
01-10 03:25:49.837 3016 3063 D BaseModelUpdateTask: at com.android.launcher3.LauncherModel.addAndBindAddedWorkspaceItems(LauncherModel.java:145)
01-10 03:25:49.837 3016 3063 D BaseModelUpdateTask: at com.android.launcher3.model.PackageUpdatedTask.updateToWorkSpace(PackageUpdatedTask.java:406)
01-10 03:25:49.837 3016 3063 D BaseModelUpdateTask: at com.android.launcher3.model.PackageUpdatedTask.execute(PackageUpdatedTask.java:370)
01-10 03:25:49.837 3016 3063 D BaseModelUpdateTask: at com.android.launcher3.model.BaseModelUpdateTask.run(BaseModelUpdateTask.java:80)
01-10 03:25:49.837 3016 3063 D BaseModelUpdateTask: at android.os.Handler.handleCallback(Handler.java:938)
01-10 03:25:49.837 3016 3063 D BaseModelUpdateTask: at android.os.Handler.dispatchMessage(Handler.java:99)
01-10 03:25:49.837 3016 3063 D BaseModelUpdateTask: at android.os.Looper.loopOnce(Looper.java:201)
01-10 03:25:49.837 3016 3063 D BaseModelUpdateTask: at android.os.Looper.loop(Looper.java:288)
01-10 03:25:49.837 3016 3063 D BaseModelUpdateTask: at android.os.HandlerThread.run(HandlerThread.java:67)
01-10 03:25:49.847 3016 3063 D BaseIconFactory: normalizeAndWrapToAdaptiveIcon: scale=0.80950594
01-01 09:51:52.111 0 0 I afe_close: port_id = 0x9000
01-10 03:25:49.851 3016 3063 D BaseModelUpdateTask: BaseModelUpdateTask constructor
01-10 03:25:49.851 3016 3063 D BaseModelUpdateTask: java.lang.Exception
01-10 03:25:49.851 3016 3063 D BaseModelUpdateTask: at com.android.launcher3.model.BaseModelUpdateTask.(BaseModelUpdateTask.java:57)
01-10 03:25:49.851 3016 3063 D BaseModelUpdateTask: at com.android.launcher3.LauncherModel$6.(LauncherModel.java:605)
01-10 03:25:49.851 3016 3063 D BaseModelUpdateTask: at com.android.launcher3.LauncherModel.refreshAndBindWidgetsAndShortcuts(LauncherModel.java:605)
01-10 03:25:49.851 3016 3063 D BaseModelUpdateTask: at com.android.launcher3.Launcher.refreshAndBindWidgetsForPackageUser(Launcher.java:2853)
01-10 03:25:49.851 3016 3063 D BaseModelUpdateTask: at com.android.launcher3.model.PackageUpdatedTask.execute(PackageUpdatedTask.java:139)
01-10 03:25:49.851 3016 3063 D BaseModelUpdateTask: at com.android.launcher3.model.BaseModelUpdateTask.run(BaseModelUpdateTask.java:80)
01-10 03:25:49.851 3016 3063 D BaseModelUpdateTask: at android.os.Handler.handleCallback(Handler.java:938)
01-10 03:25:49.851 3016 3063 D BaseModelUpdateTask: at android.os.Handler.dispatchMessage(Handler.java:99)
01-10 03:25:49.851 3016 3063 D BaseModelUpdateTask: at android.os.Looper.loopOnce(Looper.java:201)
01-10 03:25:49.851 3016 3063 D BaseModelUpdateTask: at android.os.Looper.loop(Looper.java:288)
01-10 03:25:49.851 3016 3063 D BaseModelUpdateTask: at android.os.HandlerThread.run(HandlerThread.java:67)
01-10 03:25:49.853 3016 3063 D BaseIconFactory: normalizeAndWrapToAdaptiveIcon: scale=0.80950594
01-10 03:25:49.853 1136 1650 W VoiceInteractionManager: no available voice recognition services found for user 0
01-10 03:25:49.854 3016 3016 D BaseModelUpdateTask: BaseModelUpdateTask constructor
01-10 03:25:49.854 3016 3016 D BaseModelUpdateTask: java.lang.Exception
01-10 03:25:49.854 3016 3016 D BaseModelUpdateTask: at com.android.launcher3.model.BaseModelUpdateTask.(BaseModelUpdateTask.java:57)
01-10 03:25:49.854 3016 3016 D BaseModelUpdateTask: at com.android.launcher3.model.PackageUpdatedTask.(PackageUpdatedTask.java:88)
01-10 03:25:49.854 3016 3016 D BaseModelUpdateTask: at com.android.launcher3.LauncherModel.onPackageChanged(LauncherModel.java:156)
01-10 03:25:49.854 3016 3016 D BaseModelUpdateTask: at android.content.pm.LauncherApps$CallbackMessageHandler.handleMessage(LauncherApps.java:1805)
01-10 03:25:49.854 3016 3016 D BaseModelUpdateTask: at android.os.Handler.dispatchMessage(Handler.java:106)
01-10 03:25:49.854 3016 3016 D BaseModelUpdateTask: at android.os.Looper.loopOnce(Looper.java:201)
01-10 03:25:49.854 3016 3016 D BaseModelUpdateTask: at android.os.Looper.loop(Looper.java:288)
01-10 03:25:49.854 3016 3016 D BaseModelUpdateTask: at android.app.ActivityThread.main(ActivityThread.java:7880)
01-10 03:25:49.854 3016 3016 D BaseModelUpdateTask: at java.lang.reflect.Method.invoke(Native Method)
01-10 03:25:49.854 3016 3016 D BaseModelUpdateTask: at com.android.internal.os.RuntimeInit$MethodAndArgsCaller.run(RuntimeInit.java:548)
01-10 03:25:49.854 3016 3016 D BaseModelUpdateTask: at com.android.internal.os.ZygoteInit.main(ZygoteInit.java:1009)
01-10 03:25:49.855 3016 3016 D PackageUpdatedTask: PackageUpdatedTask constructor: op=2,user=UserHandle{0},packages=[com.android.inputmethod.latin]
01-10 03:25:49.855 3016 3016 D PackageUpdatedTask: java.lang.Exception
01-10 03:25:49.855 3016 3016 D PackageUpdatedTask: at com.android.launcher3.model.PackageUpdatedTask.(PackageUpdatedTask.java:93)
01-10 03:25:49.855 3016 3016 D PackageUpdatedTask: at com.android.launcher3.LauncherModel.onPackageChanged(LauncherModel.java:156)
01-10 03:25:49.855 3016 3016 D PackageUpdatedTask: at android.content.pm.LauncherApps$CallbackMessageHandler.handleMessage(LauncherApps.java:1805)
01-10 03:25:49.855 3016 3016 D PackageUpdatedTask: at android.os.Handler.dispatchMessage(Handler.java:106)
01-10 03:25:49.855 3016 3016 D PackageUpdatedTask: at android.os.Looper.loopOnce(Looper.java:201)
01-10 03:25:49.855 3016 3016 D PackageUpdatedTask: at android.os.Looper.loop(Looper.java:288)
01-10 03:25:49.855 3016 3016 D PackageUpdatedTask: at android.app.ActivityThread.main(ActivityThread.java:7880)
01-10 03:25:49.855 3016 3016 D PackageUpdatedTask: at java.lang.reflect.Method.invoke(Native Method)
01-10 03:25:49.855 3016 3016 D PackageUpdatedTask: at com.android.internal.os.RuntimeInit$MethodAndArgsCaller.run(RuntimeInit.java:548)
01-10 03:25:49.855 3016 3016 D PackageUpdatedTask: at com.android.internal.os.ZygoteInit.main(ZygoteInit.java:1009)
01-10 03:25:49.857 657 668 I mpu_uart: [MSG-P:R]:recv sync frame timeout
01-10 03:25:49.860 3016 3063 I WidgetsModel: found whitelist widget: com.android.systemui, label: 对话, sectionName:D
01-10 03:25:49.861 3016 3063 D ModelWriter: updateItemInDatabase: WorkspaceItemInfo(id=9 type=APP container=# com.android.launcher3.logger.LauncherAtom$ContainerInfo@1a1e055
01-10 03:25:49.861 3016 3063 D ModelWriter: hotseat {
01-10 03:25:49.861 3016 3063 D ModelWriter: index: 3
01-10 03:25:49.861 3016 3063 D ModelWriter: }(-101) targetComponent=ComponentInfo{com.android.gallery3d/com.android.gallery3d.app.GalleryActivity} screen=3 cell(0,0) span(1,1) minSpan(1,1) rank=0 user=UserHandle{0} title=图库)
01-10 03:25:49.862 820 820 D audio_hw_primary: disable_audio_route: reset and update mixer path: deep-buffer-playback
01-10 03:25:49.863 1136 1650 W Searchables: No global search activity found
01-10 03:25:49.864 820 820 E soundtrigger: audio_extn_sound_trigger_update_stream_status: invalid input device 0x0, for event 2
01-10 03:25:49.864 820 820 D soundtrigger: audio_extn_sound_trigger_update_stream_status: uc_info->id 0 of type 0 for Event 2, with Raise=1
01-10 03:25:49.864 820 820 I sound_trigger_platform: platform_stdev_check_and_update_concurrency: Received STREAM event, event type 2, usecase type 0
01-10 03:25:49.864 820 820 D sound_trigger_platform: platform_stdev_get_capture_device: Device = 0x80000004
01-10 03:25:49.864 820 820 D sound_trigger_platform: platform_stdev_get_capture_device: Available device = 0x80000004
01-10 03:25:49.864 820 820 D sound_trigger_platform: platform_stdev_check_and_update_concurrency: dedicated path 1, reset backend 1, tx 0, rx 0, concurrency session allowed
01-10 03:25:49.864 820 820 D msm8974_platform: platform_split_snd_device: snd_device(2) num devices(0) new_snd_devices(0)
01-10 03:25:49.864 820 820 I msm8974_platform: platform_get_custom_mtmx_params: no matching param with id 0 ip_ch 2 op_ch 2 uc_id 0 snd_dev 2
01-10 03:25:49.864 820 820 D hardware_info: hw_info_append_hw_type : device_name = speaker
01-10 03:25:49.864 820 820 D audio_hw_primary: disable_snd_device: snd_device(2: speaker)
01-10 03:25:49.865 820 820 D msm8974_platform: platform_split_snd_device: snd_device(2) num devices(0) new_snd_devices(0)
01-10 03:25:49.865 820 820 I soundtrigger: audio_extn_sound_trigger_update_device_status: device 0x2 of type 0 for Event 0, with Raise=0
01-10 03:25:49.865 820 820 D audio_hw_primary: out_standby: exit
01-10 03:25:49.866 3016 3016 D BaseModelUpdateTask: BaseModelUpdateTask constructor
01-10 03:25:49.866 3016 3016 D BaseModelUpdateTask: java.lang.Exception
01-10 03:25:49.866 3016 3016 D BaseModelUpdateTask: at com.android.launcher3.model.BaseModelUpdateTask.(BaseModelUpdateTask.java:57)
01-10 03:25:49.866 3016 3016 D BaseModelUpdateTask: at com.android.launcher3.model.PackageUpdatedTask.(PackageUpdatedTask.java:88)
01-10 03:25:49.866 3016 3016 D BaseModelUpdateTask: at com.android.launcher3.LauncherModel.onPackageChanged(LauncherModel.java:156)
01-10 03:25:49.866 3016 3016 D BaseModelUpdateTask: at android.content.pm.LauncherApps$CallbackMessageHandler.handleMessage(LauncherApps.java:1805)
01-10 03:25:49.866 3016 3016 D BaseModelUpdateTask: at android.os.Handler.dispatchMessage(Handler.java:106)
01-10 03:25:49.866 3016 3016 D BaseModelUpdateTask: at android.os.Looper.loopOnce(Looper.java:201)
01-10 03:25:49.866 3016 3016 D BaseModelUpdateTask: at android.os.Looper.loop(Looper.java:288)
01-10 03:25:49.866 3016 3016 D BaseModelUpdateTask: at android.app.ActivityThread.main(ActivityThread.java:7880)
01-10 03:25:49.866 3016 3016 D BaseModelUpdateTask: at java.lang.reflect.Method.invoke(Native Method)
01-10 03:25:49.866 3016 3016 D BaseModelUpdateTask: at com.android.internal.os.RuntimeInit$MethodAndArgsCaller.run(RuntimeInit.java:548)
01-10 03:25:49.866 3016 3016 D BaseModelUpdateTask: at com.android.internal.os.ZygoteInit.main(ZygoteInit.java:1009)
01-10 03:25:49.867 3016 3016 D PackageUpdatedTask: PackageUpdatedTask constructor: op=2,user=UserHandle{0},packages=[com.android.settings]
01-10 03:25:49.867 3016 3016 D PackageUpdatedTask: java.lang.Exception
01-10 03:25:49.867 3016 3016 D PackageUpdatedTask: at com.android.launcher3.model.PackageUpdatedTask.(PackageUpdatedTask.java:93)
01-10 03:25:49.867 3016 3016 D PackageUpdatedTask: at com.android.launcher3.LauncherModel.onPackageChanged(LauncherModel.java:156)
01-10 03:25:49.867 3016 3016 D PackageUpdatedTask: at android.content.pm.LauncherApps$CallbackMessageHandler.handleMessage(LauncherApps.java:1805)
01-10 03:25:49.867 3016 3016 D PackageUpdatedTask: at android.os.Handler.dispatchMessage(Handler.java:106)
01-10 03:25:49.867 3016 3016 D PackageUpdatedTask: at android.os.Looper.loopOnce(Looper.java:201)
01-10 03:25:49.867 3016 3016 D PackageUpdatedTask: at android.os.Looper.loop(Looper.java:288)
01-10 03:25:49.867 3016 3016 D PackageUpdatedTask: at android.app.ActivityThread.main(ActivityThread.java:7880)
01-10 03:25:49.867 3016 3016 D PackageUpdatedTask: at java.lang.reflect.Method.invoke(Native Method)
01-10 03:25:49.867 3016 3016 D PackageUpdatedTask: at com.android.internal.os.RuntimeInit$MethodAndArgsCaller.run(RuntimeInit.java:548)
01-10 03:25:49.867 3016 3016 D PackageUpdatedTask: at com.android.internal.os.ZygoteInit.main(ZygoteInit.java:1009)
01-10 03:25:49.867 1136 1650 W VoiceInteractionManager: no available voice recognition services found for user 0
01-10 03:25:49.876 3016 3063 D BaseModelUpdateTask: BaseModelUpdateTask constructor
01-10 03:25:49.876 3016 3063 D BaseModelUpdateTask: java.lang.Exception
01-10 03:25:49.876 3016 3063 D BaseModelUpdateTask: at com.android.launcher3.model.BaseModelUpdateTask.(BaseModelUpdateTask.java:57)
01-10 03:25:49.876 3016 3063 D BaseModelUpdateTask: at com.android.launcher3.model.AddWorkspaceItemsTask.(AddWorkspaceItemsTask.java:58)
01-10 03:25:49.876 3016 3063 D BaseModelUpdateTask: at com.android.launcher3.LauncherModel.addAndBindAddedWorkspaceItems(LauncherModel.java:145)
01-10 03:25:49.876 3016 3063 D BaseModelUpdateTask: at com.android.launcher3.model.PackageUpdatedTask.updateToWorkSpace(PackageUpdatedTask.java:406)
01-10 03:25:49.876 3016 3063 D BaseModelUpdateTask: at com.android.launcher3.model.PackageUpdatedTask.execute(PackageUpdatedTask.java:370)
01-10 03:25:49.876 3016 3063 D BaseModelUpdateTask: at com.android.launcher3.model.BaseModelUpdateTask.run(BaseModelUpdateTask.java:80)
01-10 03:25:49.876 3016 3063 D BaseModelUpdateTask: at android.os.Handler.handleCallback(Handler.java:938)
01-10 03:25:49.876 3016 3063 D BaseModelUpdateTask: at android.os.Handler.dispatchMessage(Handler.java:99)
01-10 03:25:49.876 3016 3063 D BaseModelUpdateTask: at android.os.Looper.loopOnce(Looper.java:201)
01-10 03:25:49.876 3016 3063 D BaseModelUpdateTask: at android.os.Looper.loop(Looper.java:288)
01-10 03:25:49.876 3016 3063 D BaseModelUpdateTask: at android.os.HandlerThread.run(HandlerThread.java:67)
01-10 03:25:49.878 1136 1650 W Searchables: No global search activity found
01-10 03:25:49.882 1136 1650 W VoiceInteractionManager: no available voice recognition services found for user 0
01-10 03:25:49.882 3016 3063 D BaseModelUpdateTask: BaseModelUpdateTask constructor
01-10 03:25:49.882 3016 3063 D BaseModelUpdateTask: java.lang.Exception
01-10 03:25:49.882 3016 3063 D BaseModelUpdateTask: at com.android.launcher3.model.BaseModelUpdateTask.(BaseModelUpdateTask.java:57)
01-10 03:25:49.882 3016 3063 D BaseModelUpdateTask: at com.android.launcher3.LauncherModel$6.(LauncherModel.java:605)
01-10 03:25:49.882 3016 3063 D BaseModelUpdateTask: at com.android.launcher3.LauncherModel.refreshAndBindWidgetsAndShortcuts(LauncherModel.java:605)
01-10 03:25:49.882 3016 3063 D BaseModelUpdateTask: at com.android.launcher3.Launcher.refreshAndBindWidgetsForPackageUser(Launcher.java:2853)
01-10 03:25:49.882 3016 3063 D BaseModelUpdateTask: at com.android.launcher3.model.PackageUpdatedTask.execute(PackageUpdatedTask.java:139)
01-10 03:25:49.882 3016 3063 D BaseModelUpdateTask: at com.android.launcher3.model.BaseModelUpdateTask.run(BaseModelUpdateTask.java:80)
01-10 03:25:49.882 3016 3063 D BaseModelUpdateTask: at android.os.Handler.handleCallback(Handler.java:938)
01-10 03:25:49.882 3016 3063 D BaseModelUpdateTask: at android.os.Handler.dispatchMessage(Handler.java:99)
01-10 03:25:49.882 3016 3063 D BaseModelUpdateTask: at android.os.Looper.loopOnce(Looper.java:201)
01-10 03:25:49.882 3016 3063 D BaseModelUpdateTask: at android.os.Looper.loop(Looper.java:288)
01-10 03:25:49.882 3016 3063 D BaseModelUpdateTask: at android.os.HandlerThread.run(HandlerThread.java:67)
01-10 03:25:49.883 1136 1635 I DropBoxManagerService: add tag=system_server_strictmode isTagEnabled=true flags=0x2
01-10 03:25:49.884 3016 3016 D BaseModelUpdateTask: BaseModelUpdateTask constructor
01-10 03:25:49.884 3016 3016 D BaseModelUpdateTask: java.lang.Exception
