01-01 09:50:54.803 0 0 I apexd : This device does not support updatable APEX. Exiting
01-01 09:50:54.810 0 0 I apexd : Marking APEXd as activated
01-01 09:50:54.974 0 0 I binder : 646:646 ioctl 40046210 7fc3b0add4 returned -22
01-01 09:50:54.981 0 0 D ProcessState: Binder ioctl to enable oneway spam detection failed: Invalid argument
01-01 09:50:54.982 0 0 D vdc : Waited 0ms for vold
01-01 09:50:54.982 549 549 D vold : fscrypt_init_user0
01-01 09:50:54.982 549 549 D vold : Preparing: /data/misc/vold/user_keys
01-01 09:50:54.982 549 549 D vold : Preparing: /data/misc/vold/user_keys/ce
01-01 09:50:54.982 549 549 D vold : Preparing: /data/misc/vold/user_keys/de
01-01 09:50:54.983 549 549 D vold : Generating wrapped storage key
01-01 09:50:54.986 549 549 E vold : keystore2 Keystore generateKey returned service specific error: -67
01-01 09:50:54.986 549 549 W vold : Failed to generate rollback-resistant key. This is expected if keymaster doesn't support rollback resistance. Falling back to non-rollback-resistant key.
01-01 09:50:54.989 549 549 D vold : Generating wrapped storage key
01-01 09:50:54.992 549 549 E vold : keystore2 Keystore generateKey returned service specific error: -67
01-01 09:50:54.992 549 549 W vold : Failed to generate rollback-resistant key. This is expected if keymaster doesn't support rollback resistance. Falling back to non-rollback-resistant key.
01-01 09:50:54.995 549 549 D vold : Preparing: /data/misc/vold/user_keys/ce/0
01-01 09:50:54.998 549 549 D vold : Generating "key storage" key
01-01 09:50:54.999 549 549 E vold : keystore2 Keystore generateKey returned service specific error: -67
01-01 09:50:54.999 549 549 W vold : Failed to generate rollback-resistant key. This is expected if keymaster doesn't support rollback resistance. Falling back to non-rollback-resistant key.
01-01 09:50:55.009 549 549 D vold : Created key: /data/misc/vold/user_keys/ce/0/current
01-01 09:50:55.011 549 549 D vold : Generating "key storage" key
01-01 09:50:55.012 549 549 E vold : keystore2 Keystore generateKey returned service specific error: -67
01-01 09:50:55.012 549 549 W vold : Failed to generate rollback-resistant key. This is expected if keymaster doesn't support rollback resistance. Falling back to non-rollback-resistant key.
01-01 09:50:55.022 549 549 D vold : Created key: /data/misc/vold/user_keys/de/0
01-01 09:50:55.028 549 549 D vold : Installed fscrypt key with ref 4bb5d0b40304ca0113406cf016dc81e1 to /data
01-01 09:50:55.028 549 549 D vold : Added fscrypt-provisioning key for 4bb5d0b40304ca0113406cf016dc81e1 to session keyring
01-01 09:50:55.034 549 549 D vold : Installed fscrypt key with ref 75c2f51152e56761bbce7651241f7014 to /data
01-01 09:50:55.034 549 549 D vold : Added fscrypt-provisioning key for 75c2f51152e56761bbce7651241f7014 to session keyring
01-01 09:50:55.034 549 549 D vold : Created keys for user 0
01-01 09:50:55.045 549 549 D vold : Installed fscrypt key with ref 4bb5d0b40304ca0113406cf016dc81e1 to /data
01-01 09:50:55.045 549 549 D vold : Added fscrypt-provisioning key for 4bb5d0b40304ca0113406cf016dc81e1 to session keyring
01-01 09:50:55.045 549 549 D vold : Installed de key for user 0
01-01 09:50:55.045 549 549 D vold : fscrypt_prepare_user_storage for volume null, user 0, serial 0, flags 1
01-01 09:50:55.045 549 549 D vold : Preparing: /data/system/users/0
01-01 09:50:55.046 549 549 D vold : Preparing: /data/misc/profiles/cur/0
01-01 09:50:55.046 549 549 D vold : Preparing: /data/system_de/0
01-01 09:50:55.046 549 549 D vold : Preparing: /data/misc_de/0
01-01 09:50:55.046 549 549 D vold : Preparing: /data/vendor_de/0
01-01 09:50:55.047 549 549 D vold : Preparing: /data/user_de/0
01-01 09:50:55.047 549 549 I vold : Encryption policy of /data/system_de/0 set to 4bb5d0b40304ca0113406cf016dc81e1 v2 modes 1/4 flags 0xa
01-01 09:50:55.047 549 549 I vold : Encryption policy of /data/misc_de/0 set to 4bb5d0b40304ca0113406cf016dc81e1 v2 modes 1/4 flags 0xa
01-01 09:50:55.047 549 549 I vold : Encryption policy of /data/vendor_de/0 set to 4bb5d0b40304ca0113406cf016dc81e1 v2 modes 1/4 flags 0xa
01-01 09:50:55.047 549 549 I vold : Encryption policy of /data/user_de/0 set to 4bb5d0b40304ca0113406cf016dc81e1 v2 modes 1/4 flags 0xa
01-01 09:50:55.047 549 549 D vold : /system/bin/vold_prepare_subdirs
01-01 09:50:55.047 549 549 D vold : prepare
01-01 09:50:55.047 549 549 D vold :
01-01 09:50:55.047 549 549 D vold : 0
01-01 09:50:55.047 549 549 D vold : 1
01-01 09:50:55.104 549 549 D vold : Detected support for FS_IOC_ADD_ENCRYPTION_KEY
01-01 09:50:55.105 549 549 D vold : Installing fscrypt-provisioning key for 75c2f51152e56761bbce7651241f7014 back into /data fs-keyring
01-01 09:50:55.111 1 1 I auditd : type=1400 audit(0.0:13): avc: denied { getattr } for comm="init" path="/data/nativetest" dev="dm-10" ino=7 scontext=u:r:init:s0 tcontext=u:object_r:nativetest_data_file:s0 tclass=dir permissive=0 bug=b/77873135
01-01 09:50:55.111 1 1 I auditd : type=1400 audit(0.0:14): avc: denied { getattr } for comm="init" path="/data/nativetest64" dev="dm-10" ino=8 scontext=u:r:init:s0 tcontext=u:object_r:nativetest_data_file:s0 tclass=dir permissive=0 bug=b/77873135
01-01 09:50:55.362 0 0 I apexd : This device does not support updatable APEX. Exiting
01-01 09:50:55.369 0 0 I apexd : Marking APEXd as ready
01-01 09:50:55.455 0 0 D cnss : File system is ready, fs_ready is 1, count is 1
01-01 09:50:55.455 0 0 D cnss : Posting event: COLD_BOOT_CAL_START(5), state: 0x0 flags: 0x0
01-01 09:50:55.455 0 0 D cnss : PM stay awake, state: 0x0, count: 1
01-01 09:50:55.456 0 0 D cnss : PM relax, state: 0x0, count: 0
01-01 09:50:55.456 0 0 D cnss : PM stay awake, state: 0x0, count: 1
01-01 09:50:55.456 0 0 D cnss : Processing driver event: COLD_BOOT_CAL_START(5), state: 0x0
01-01 09:50:55.456 0 0 D cnss : Regulator vdd-wlan-io is being enabled
01-01 09:50:55.456 0 0 D cnss : Regulator wlan-ant-switch is being enabled
01-01 09:50:55.457 0 0 D cnss : Regulator vdd-wlan-aon is being enabled
01-01 09:50:55.457 0 0 D cnss : Regulator vdd-wlan-dig is being enabled
01-01 09:50:55.458 0 0 D cnss : Regulator vdd-wlan-rfa1 is being enabled
01-01 09:50:55.458 0 0 D cnss : Regulator vdd-wlan-rfa2 is being enabled
01-01 09:50:55.459 0 0 D cnss : BT_EN_GPIO State: Off. Delay WLAN_GPIO enable
01-01 09:50:55.562 0 0 D cnss : Assert WLAN_EN GPIO successfully
01-01 09:50:55.562 0 0 D cnss : Resuming PCI link
01-01 09:50:55.562 0 0 I msm_pcie_enable: PCIe: Assert the reset of endpoint of RC0.
01-01 09:50:55.578 0 0 I msm_pcie_enable: PCIe: RC0: PCIE20_PARF_INT_ALL_MASK: 0x7f80d202
01-01 09:50:55.589 0 0 I pcie_phy_init: PCIe RC0 PHY is ready!
01-01 09:50:55.604 0 0 I msm_pcie_enable: PCIe: Release the reset of endpoint of RC0.
01-01 09:50:55.606 0 0 I logd : logd reinit
01-01 09:50:55.618 0 0 E logd : FrameworkListener: read() failed (Connection reset by peer)
01-01 09:50:55.630 0 0 I msm_pcie_link_train: PCIe RC0 link initialized
01-01 09:50:55.653 0 0 I cnss_pci 0000: 01:00.0: enabling device (0000 -> 0002)
01-01 09:50:55.660 0 0 D cnss : Read register offset 0x1f8031c, val = 0x6
01-01 09:50:55.660 0 0 D cnss : Write val 0x2 to register offset 0x1f8031c
01-01 09:50:55.660 0 0 D cnss : Setting MHI state: INIT(0)
01-01 09:50:55.677 0 0 D cnss : Setting MHI state: POWER_ON(2)
01-01 09:50:55.679 0 0 W cnss_pci 0000: 01:00.0: Falling back to syfs fallback for: qca6390/amss20.bin
01-01 09:50:55.696 0 0 I ueventd : firmware: loading 'qca6390/amss20.bin' for '/devices/platform/soc/1c00000.qcom,pcie/pci0000:00/0000:00:00.0/0000:01:00.0/firmware/qca6390!amss20.bin'
01-01 09:50:55.741 0 0 I ueventd : loading /devices/platform/soc/1c00000.qcom,pcie/pci0000:00/0000:00:00.0/0000:01:00.0/firmware/qca6390!amss20.bin took 44ms
01-01 09:50:55.232 677 677 I liblog : 92
01-01 09:50:55.276 677 677 I liblog : 12
01-01 09:50:55.276 677 677 I liblog : 5
01-01 09:50:55.276 677 677 I liblog : 5
01-01 09:50:55.276 677 677 I liblog : 10
01-01 09:50:55.276 677 677 I liblog : 1
01-01 09:50:55.276 677 677 I liblog : 8
01-01 09:50:55.276 677 677 I liblog : 8
01-01 09:50:55.276 677 677 I liblog : 5
01-01 09:50:55.277 677 677 I liblog : 9
01-01 09:50:55.277 677 677 I liblog : 16
01-01 09:50:55.277 677 677 I liblog : 32
01-01 09:50:55.277 677 677 I liblog : 18
01-01 09:50:55.277 677 677 I liblog : 6
01-01 09:50:55.277 677 677 I liblog : 5
01-01 09:50:55.277 677 677 I liblog : 18
01-01 09:50:55.277 677 677 I liblog : 5
01-01 09:50:55.277 677 677 I liblog : 5
01-01 09:50:55.277 677 677 I liblog : 3
01-01 09:50:55.277 677 677 I liblog : 5
01-01 09:50:55.277 677 677 I liblog : 10
01-01 09:50:55.278 677 677 I liblog : 6
01-01 09:50:55.278 677 677 I liblog : 10
01-01 09:50:55.278 677 677 I liblog : 19
01-01 09:50:55.278 677 677 I liblog : 5
01-01 09:50:55.278 677 677 I liblog : 5
01-01 09:50:55.278 677 677 I liblog : 5
01-01 09:50:55.278 677 677 I liblog : 5
01-01 09:50:55.278 677 677 I liblog : 5
01-01 09:50:55.278 677 677 I liblog : 5
01-01 09:50:55.278 677 677 I liblog : 4
01-01 09:50:55.278 677 677 I liblog : 3
01-01 09:50:55.281 677 677 I liblog : 1
01-01 09:50:55.995 0 0 I update_verifier: Started with arg 1: nonencrypted
01-01 09:50:56.001 0 0 I binder : 680:680 ioctl 40046210 7fcd5d61c4 returned -22
01-01 09:50:56.008 0 0 D hw-ProcessState: Binder ioctl to enable oneway spam detection failed: Invalid argument
01-01 09:50:56.011 0 0 I update_verifier: Booting slot 0: isSlotMarkedSuccessful=0
01-01 09:50:56.018 0 0 E update_verifier: /data/ota_package/care_map.pb doesn't exist
01-01 09:50:56.025 0 0 W update_verifier: Failed to parse the care map file, skipping verification
01-01 09:50:56.033 0 0 I binder : 680:680 ioctl 40046210 7fcd5d6334 returned -22
01-01 09:50:56.040 0 0 D ProcessState: Binder ioctl to enable oneway spam detection failed: Invalid argument
01-01 09:50:56.041 0 0 I update_verifier: Deferred marking slot 0 as booted successfully.
01-01 09:50:56.049 0 0 I update_verifier: Leaving update_verifier.
01-01 09:50:56.101 0 0 I binder : 681:681 ioctl 40046210 7fd7d129a4 returned -22
01-01 09:50:56.117 0 0 W subsys-pil-tz 17300000.qcom,lpass: Falling back to syfs fallback for: adsp.mdt
01-01 09:50:56.128 0 0 W subsys-pil-tz 8300000.qcom,turing: Falling back to syfs fallback for: cdsp.mdt
01-01 09:50:56.140 0 0 I ueventd : firmware: loading 'adsp.mdt' for '/devices/platform/soc/17300000.qcom,lpass/firmware/adsp.mdt'
01-01 09:50:56.143 0 0 D cnss : MHI status cb is called with reason MISSION_MODE(6)
01-01 09:50:56.147 0 0 I ueventd : firmware: loading 'cdsp.mdt' for '/devices/platform/soc/8300000.qcom,turing/firmware/cdsp.mdt'
01-01 09:50:56.148 0 0 I ueventd : loading /devices/platform/soc/8300000.qcom,turing/firmware/cdsp.mdt took 1ms
01-01 09:50:56.154 0 0 I subsys-pil-tz 8300000.qcom,turing: cdsp: loading from 0x0000000087800000 to 0x0000000088c00000
01-01 09:50:56.155 0 0 I subsys-pil-tz 17300000.qcom,lpass: adsp: loading from 0x000000008a100000 to 0x000000008be00000
01-01 09:50:56.156 0 0 I ueventd : loading /devices/platform/soc/17300000.qcom,lpass/firmware/adsp.mdt took 16ms
01-01 09:50:56.160 0 0 W subsys-pil-tz 17300000.qcom,lpass: Falling back to syfs fallback for: adsp.b02
01-01 09:50:56.161 0 0 W subsys-pil-tz 17300000.qcom,lpass: Falling back to syfs fallback for: adsp.b03
01-01 09:50:56.162 0 0 D cnss : Notify MHI to use already allocated images
01-01 09:50:56.166 0 0 W subsys-pil-tz 17300000.qcom,lpass: Falling back to syfs fallback for: adsp.b04
01-01 09:50:56.166 0 0 W subsys-pil-tz 17300000.qcom,lpass: Falling back to syfs fallback for: adsp.b05
01-01 09:50:56.167 0 0 W subsys-pil-tz 17300000.qcom,lpass: Falling back to syfs fallback for: adsp.b06
01-01 09:50:56.168 0 0 W subsys-pil-tz 17300000.qcom,lpass: Falling back to syfs fallback for: adsp.b07
01-01 09:50:56.168 0 0 W subsys-pil-tz 17300000.qcom,lpass: Falling back to syfs fallback for: adsp.b08
01-01 09:50:56.169 0 0 W subsys-pil-tz 17300000.qcom,lpass: Falling back to syfs fallback for: adsp.b09
01-01 09:50:56.170 0 0 W subsys-pil-tz 17300000.qcom,lpass: Falling back to syfs fallback for: adsp.b10
01-01 09:50:56.170 0 0 W subsys-pil-tz 17300000.qcom,lpass: Falling back to syfs fallback for: adsp.b11
01-01 09:50:56.171 0 0 E ueventd : firmware: could not find firmware for dsi_prop
01-01 09:50:56.182 0 0 D cnss : PM relax, state: 0x8, count: 0
01-01 09:50:56.186 0 0 W subsys-pil-tz 17300000.qcom,lpass: Falling back to syfs fallback for: adsp.b12
01-01 09:50:56.186 0 0 W subsys-pil-tz 17300000.qcom,lpass: Falling back to syfs fallback for: adsp.b13
01-01 09:50:56.187 0 0 W subsys-pil-tz 17300000.qcom,lpass: Falling back to syfs fallback for: adsp.b14
01-01 09:50:56.187 0 0 W subsys-pil-tz 17300000.qcom,lpass: Falling back to syfs fallback for: adsp.b15
01-01 09:50:56.188 0 0 I ueventd : firmware: loading 'adsp.b02' for '/devices/platform/soc/17300000.qcom,lpass/firmware/adsp.b02'
01-01 09:50:56.189 0 0 W subsys-pil-tz 17300000.qcom,lpass: Falling back to syfs fallback for: adsp.b16
01-01 09:50:56.189 0 0 W subsys-pil-tz 17300000.qcom,lpass: Falling back to syfs fallback for: adsp.b17
01-01 09:50:56.190 0 0 W subsys-pil-tz 17300000.qcom,lpass: Falling back to syfs fallback for: adsp.b18
01-01 09:50:56.193 0 0 E ueventd : firmware: attempted /etc/firmware/dsi_prop, open failed: No such file or directory
01-01 09:50:56.195 0 0 I ueventd : loading /devices/platform/soc/17300000.qcom,lpass/firmware/adsp.b02 took 7ms
01-01 09:50:56.205 0 0 E register_client_adhoc: find path.src 1 dest 589
01-01 09:50:56.205 0 0 E register_client_adhoc: Failed to find path.src 1 dest 589
01-01 09:50:56.211 0 0 E OF : graph: no port node found in /soc/qcom,dsi-display-primary
01-01 09:50:56.228 0 0 E : [drm:dp_display_init_aux_switch][msm-dp-err][491 ]failed to register notifier (-22)
01-01 09:50:56.229 0 0 W subsys-pil-tz 8300000.qcom,turing: Falling back to syfs fallback for: cdsp.b02
01-01 09:50:56.230 0 0 W subsys-pil-tz 8300000.qcom,turing: Falling back to syfs fallback for: cdsp.b03
01-01 09:50:56.230 0 0 W subsys-pil-tz 8300000.qcom,turing: Falling back to syfs fallback for: cdsp.b04
01-01 09:50:56.230 0 0 W subsys-pil-tz 8300000.qcom,turing: Falling back to syfs fallback for: cdsp.b05
01-01 09:50:56.231 0 0 W subsys-pil-tz 8300000.qcom,turing: Falling back to syfs fallback for: cdsp.b06
01-01 09:50:56.231 0 0 W subsys-pil-tz 8300000.qcom,turing: Falling back to syfs fallback for: cdsp.b08
01-01 09:50:56.233 0 0 W subsys-pil-tz 8300000.qcom,turing: Falling back to syfs fallback for: cdsp.b09
01-01 09:50:56.234 0 0 W subsys-pil-tz 8300000.qcom,turing: Falling back to syfs fallback for: cdsp.b11
01-01 09:50:56.235 0 0 W [drm] [msm-dsi-warn]: [2560x1080 video mode dsi boe panel] fallback to default te-pin-select
01-01 09:50:56.246 0 0 E register_client_adhoc: find path.src 1 dest 589
01-01 09:50:56.246 0 0 E register_client_adhoc: Failed to find path.src 1 dest 589
01-01 09:50:56.255 0 0 I msm_drm ae00000.qcom,mdss_mdp: Linked as a consumer to regulator.31
01-01 09:50:56.508 0 0 E register_client_adhoc: find path.src 1 dest 590
01-01 09:50:56.510 0 0 E register_client_adhoc: Client handle 15 mdss_reg
01-01 09:50:56.522 0 0 E register_client_adhoc: find path.src 22 dest 512
01-01 09:50:56.529 0 0 E register_client_adhoc: find path.src 23 dest 512
01-01 09:50:56.536 0 0 E register_client_adhoc: Client handle 53 mdss_sde
01-01 09:50:56.543 0 0 I [drm:sde_dbg_init:4676] evtlog_status: enable:11, panic:1, dump:2
01-01 09:50:56.556 0 0 I msm_drm ae00000.qcom,mdss_mdp: bound soc:qcom,wb-display@0 (ops sde_wb_comp_ops)
01-01 09:50:56.567 0 0 I msm-dsi-display soc: qcom,dsi-display-primary: Linked as a consumer to regulator.25
01-01 09:50:56.577 0 0 I [drm:dsi_display_bind] [msm-dsi-info]: Successfully bind display panel 'qcom,mdss_dsi_panel_boe_2560x1080_video'
01-01 09:50:56.589 0 0 I msm_drm ae00000.qcom,mdss_mdp: bound soc:qcom,dsi-display-primary (ops dsi_display_comp_ops)
01-01 09:50:56.592 0 0 I subsys-pil-tz 17300000.qcom,lpass: adsp: Brought out of reset
01-01 09:50:56.599 0 0 I msm_drm ae00000.qcom,mdss_mdp: bound af20000.qcom,sde_rscc (ops sde_rsc_comp_ops)
01-01 09:50:56.605 0 0 I binder : 682:682 ioctl 40046210 7fe7eaf484 returned -22
01-01 09:50:56.611 0 0 I binder : 682:682 ioctl 40046210 7fe7eaf694 returned -22
01-01 09:50:56.615 0 0 I subsys-pil-tz 17300000.qcom,lpass: Subsystem error monitoring/handling services are up
01-01 09:50:56.615 0 0 I : [drm] mapped mdp address space @ffffff8014100000
01-01 09:50:56.618 0 0 I qcom_rpmh DRV: apps_rsc TCS Busy, retrying RPMH message send: addr=0x30080
01-01 09:50:56.618 0 0 I : [drm:_sde_kms_hw_init_blocks:3613] sde hardware revision:0x60000000
01-01 09:50:56.623 0 0 I msmdrm_smmu ae00000.qcom,mdss_mdp: qcom,smmu_sde_unsec_cb: Linked as a consumer to 15000000.apps-smmu
01-01 09:50:56.623 0 0 I subsys-pil-tz 8300000.qcom,turing: cdsp: Brought out of reset
01-01 09:50:56.628 0 0 I subsys-pil-tz 17300000.qcom,lpass: adsp: Power/Clock ready interrupt received
01-01 09:50:56.628 0 0 I qcom_rpmh DRV: apps_rsc TCS Busy, retrying RPMH message send: addr=0x30030
01-01 09:50:56.632 0 0 I subsys-pil-tz 8300000.qcom,turing: Subsystem error monitoring/handling services are up
01-01 09:50:56.633 0 0 I subsys-pil-tz 8300000.qcom,turing: cdsp: Power/Clock ready interrupt received
01-01 09:50:56.641 0 0 I iommu : Adding device ae00000.qcom,mdss_mdp:qcom,smmu_sde_unsec_cb to group 51
01-01 09:50:56.643 0 0 I qcom_rpmh DRV: apps_rsc TCS Busy, retrying RPMH message send: addr=0x30040
01-01 09:50:56.653 0 0 I : [drm] probing device qcom,smmu_sde_unsec
01-01 09:50:56.657 0 0 I qcom_smd_qrtr_probe: Entered
01-01 09:50:56.659 0 0 E : [drm:dp_display_init_aux_switch][msm-dp-err][81 ]failed to register notifier (-22)
01-01 09:50:56.664 0 0 I qcom_smd_qrtr_probe: SMD QRTR driver probed
01-01 09:50:56.665 0 0 I adsprpc : fastrpc_restart_notifier_cb: cdsp subsystem is up
01-01 09:50:56.665 0 0 E register_client_adhoc: find path.src 1 dest 589
01-01 09:50:56.666 0 0 E register_client_adhoc: Failed to find path.src 1 dest 589
01-01 09:50:56.669 0 0 I msm_cvp : info: Opening cvp instance: ffffffca7af72280
01-01 09:50:56.670 0 0 I : [drm] Created domain mdp_ns, secure=0
01-01 09:50:56.671 0 0 I adsprpc : fastrpc_restart_notifier_cb: adsp subsystem is up
01-01 09:50:56.674 0 0 I msm_cvp_v4l2 ab00000.qcom,cvp: Linked as a consumer to regulator.77
01-01 09:50:56.675 0 0 I msmdrm_smmu ae00000.qcom,mdss_mdp: qcom,smmu_sde_sec_cb: Linked as a consumer to 15000000.apps-smmu
01-01 09:50:56.676 0 0 I msm_cvp_v4l2 ab00000.qcom,cvp: Linked as a consumer to regulator.76
01-01 09:50:56.676 0 0 I iommu : Adding device ae00000.qcom,mdss_mdp:qcom,smmu_sde_sec_cb to group 52
01-01 09:50:56.677 0 0 I : [drm] probing device qcom,smmu_sde_sec
01-01 09:50:56.677 0 0 I : [drm] Created domain mdp_s, secure=1
01-01 09:50:56.693 0 0 W subsys-pil-tz 9800000.qcom,npu: Falling back to syfs fallback for: npu.mdt
01-01 09:50:56.698 0 0 E : [drm:dp_display_init_aux_switch][msm-dp-err][582 ]failed to register notifier (-22)
01-01 09:50:56.705 0 0 I [drm:dsi_panel_get_mode] [msm-dsi-info]: default topology: lm: 2 comp_enc:0 intf: 1
01-01 09:50:56.717 0 0 E register_client_adhoc: find path.src 1 dest 589
01-01 09:50:56.718 0 0 E register_client_adhoc: Failed to find path.src 1 dest 589
01-01 09:50:56.731 0 0 I adsprpc : fastrpc_rpmsg_probe: opened rpmsg channel for cdsp
01-01 09:50:56.738 0 0 E : [drm:dp_display_init_aux_switch][msm-dp-err][582 ]failed to register notifier (-22)
01-01 09:50:56.747 0 0 I subsys-pil-tz 9800000.qcom,npu: npu: loading from 0x0000000086900000 to 0x0000000086e00000
01-01 09:50:56.748 0 0 I subsys-restart: __subsystem_get(): Changing subsys fw_name to cvpss
01-01 09:50:56.749 0 0 W subsys-pil-tz abb0000.qcom,cvpss: Falling back to syfs fallback for: cvpss.mdt
01-01 09:50:56.753 0 0 E register_client_adhoc: find path.src 1 dest 589
01-01 09:50:56.754 0 0 E register_client_adhoc: Failed to find path.src 1 dest 589
01-01 09:50:56.756 0 0 E : [drm:dp_display_init_aux_switch][msm-dp-err][582 ]failed to register notifier (-22)
01-01 09:50:56.760 0 0 W subsys-pil-tz 9800000.qcom,npu: Falling back to syfs fallback for: npu.b03
01-01 09:50:56.760 0 0 W subsys-pil-tz 9800000.qcom,npu: Falling back to syfs fallback for: npu.b02
01-01 09:50:56.761 0 0 I adsprpc : fastrpc_rpmsg_probe: opened rpmsg channel for adsp
01-01 09:50:56.762 0 0 W subsys-pil-tz 9800000.qcom,npu: Falling back to syfs fallback for: npu.b04
01-01 09:50:56.763 0 0 W subsys-pil-tz 9800000.qcom,npu: Falling back to syfs fallback for: npu.b05
01-01 09:50:56.763 0 0 I : [drm] Supports vblank timestamp caching Rev 2 (21.10.2013).
01-01 09:50:56.763 0 0 I : [drm] No driver support for vblank timestamp query.
01-01 09:50:56.764 0 0 W subsys-pil-tz 9800000.qcom,npu: Falling back to syfs fallback for: npu.b06
01-01 09:50:56.770 0 0 E register_client_adhoc: find path.src 1 dest 589
01-01 09:50:56.771 0 0 E register_client_adhoc: Failed to find path.src 1 dest 589
01-01 09:50:56.774 0 0 I qcom_smd_qrtr_probe: Entered
01-01 09:50:56.782 0 0 E : [drm:dp_display_init_aux_switch][msm-dp-err][582 ]failed to register notifier (-22)
01-01 09:50:56.788 0 0 D cnss : DRV subsystem is connected
01-01 09:50:56.793 0 0 E register_client_adhoc: find path.src 1 dest 589
01-01 09:50:56.793 0 0 E register_client_adhoc: Failed to find path.src 1 dest 589
01-01 09:50:56.797 0 0 I : [drm] Initialized msm_drm 1.3.0 20130625 for ae00000.qcom,mdss_mdp on minor 0
01-01 09:50:56.797 0 0 I : [drm] cont_splash feature not enabled
01-01 09:50:56.800 0 0 I qcom_smd_qrtr_probe: SMD QRTR driver probed
01-01 09:50:56.812 0 0 E : [drm:dp_display_init_aux_switch][msm-dp-err][582 ]failed to register notifier (-22)
01-01 09:50:56.826 0 0 I apr_tal_rpmsg qcom,glink: adsp.apr_audio_svc.-1.-1: apr_tal_rpmsg_probe: Channel[apr_audio_svc] state[Up]
01-01 09:50:56.831 0 0 I subsys-pil-tz abb0000.qcom,cvpss: cvpss: loading from 0x0000000087300000 to 0x0000000087800000
01-01 09:50:56.833 0 0 E register_client_adhoc: find path.src 1 dest 589
01-01 09:50:56.833 0 0 E register_client_adhoc: Failed to find path.src 1 dest 589
01-01 09:50:56.839 0 0 W subsys-pil-tz abb0000.qcom,cvpss: Falling back to syfs fallback for: cvpss.b02
01-01 09:50:56.839 0 0 W subsys-pil-tz abb0000.qcom,cvpss: Falling back to syfs fallback for: cvpss.b04
01-01 09:50:56.839 0 0 W subsys-pil-tz abb0000.qcom,cvpss: Falling back to syfs fallback for: cvpss.b03
01-01 09:50:56.840 0 0 W subsys-pil-tz abb0000.qcom,cvpss: Falling back to syfs fallback for: cvpss.b05
01-01 09:50:56.840 0 0 W subsys-pil-tz abb0000.qcom,cvpss: Falling back to syfs fallback for: cvpss.b06
01-01 09:50:56.841 0 0 W subsys-pil-tz abb0000.qcom,cvpss: Falling back to syfs fallback for: cvpss.b07
01-01 09:50:56.841 0 0 W subsys-pil-tz abb0000.qcom,cvpss: Falling back to syfs fallback for: cvpss.b09
01-01 09:50:56.841 0 0 W subsys-pil-tz abb0000.qcom,cvpss: Falling back to syfs fallback for: cvpss.b08
01-01 09:50:56.842 0 0 W subsys-pil-tz abb0000.qcom,cvpss: Falling back to syfs fallback for: cvpss.b10
01-01 09:50:56.843 0 0 W subsys-pil-tz abb0000.qcom,cvpss: Falling back to syfs fallback for: cvpss.b19
01-01 09:50:56.847 0 0 E : [drm:dp_display_init_aux_switch][msm-dp-err][582 ]failed to register notifier (-22)
01-01 09:50:56.869 0 0 I subsys-pil-tz 9800000.qcom,npu: npu: Brought out of reset
01-01 09:50:56.880 0 0 E register_client_adhoc: find path.src 1 dest 589
01-01 09:50:56.880 0 0 E register_client_adhoc: Failed to find path.src 1 dest 589
01-01 09:50:56.931 0 0 I subsys-pil-tz abb0000.qcom,cvpss: cvpss: Brought out of reset
01-01 09:50:56.940 0 0 E : [drm:dp_display_init_aux_switch][msm-dp-err][582 ]failed to register notifier (-22)
01-01 09:50:56.968 0 0 I NPU_INFO: npu_get_fw_caps: 236 fw caps 0:2007
01-01 09:50:56.970 0 0 E register_client_adhoc: find path.src 1 dest 589
01-01 09:50:56.970 0 0 E register_client_adhoc: Failed to find path.src 1 dest 589
01-01 09:50:56.977 0 0 I NPU_INFO: npu_get_fw_caps: 236 fw caps 1:80000005
01-01 09:50:56.977 0 0 I NPU_INFO: npu_get_fw_caps: 236 fw caps 2:0
01-01 09:50:56.977 0 0 I NPU_INFO: npu_get_fw_caps: 236 fw caps 3:0
01-01 09:50:56.977 0 0 I NPU_INFO: npu_get_fw_caps: 236 fw caps 4:0
01-01 09:50:56.977 0 0 I NPU_INFO: npu_get_fw_caps: 236 fw caps 5:0
01-01 09:50:56.977 0 0 I NPU_INFO: npu_get_fw_caps: 236 fw caps 6:0
01-01 09:50:56.977 0 0 I NPU_INFO: npu_get_fw_caps: 236 fw caps 7:0
01-01 09:50:56.471 683 683 I boot_progress_start: 46988
01-01 09:50:57.291 0 0 I qcom_smd_qrtr_probe: Entered
01-01 09:50:57.298 0 0 I qcom_smd_qrtr_probe: SMD QRTR driver probed
01-01 09:50:57.311 0 0 I msm_cvp : info: Closed cvp instance: ffffffca7af72280 session_id = 0
01-01 09:50:57.321 0 0 E : [drm:dp_display_init_aux_switch][msm-dp-err][758 ]failed to register notifier (-22)
01-01 09:50:57.342 0 0 E register_client_adhoc: find path.src 1 dest 589
01-01 09:50:57.140 683 683 I snet_event_log: [200284993,-1,]
01-01 09:50:57.143 686 686 I snet_event_log: [200284993,-1,]
01-01 09:50:57.266 683 683 I boot_progress_preload_start: 47783
01-01 09:50:57.298 686 686 D Zygote32Timing: PostZygoteInitGC took to complete: 31ms
01-01 09:50:57.298 686 686 D Zygote32Timing: ZygoteInit took to complete: 37ms
01-01 09:50:57.355 683 683 D Zygote64Timing: BeginPreload took to complete: 88ms
01-01 09:50:57.343 0 0 E register_client_adhoc: Failed to find path.src 1 dest 589
01-01 09:50:58.013 0 0 I subsys-restart: __subsystem_get(): Changing subsys fw_name to slpi
01-01 09:50:58.030 0 0 W subsys-pil-tz 5c00000.qcom,ssc: Falling back to syfs fallback for: slpi.mdt
01-01 09:50:58.052 0 0 I subsys-pil-tz 5c00000.qcom,ssc: slpi: loading from 0x0000000088c00000 to 0x000000008a100000
01-01 09:50:58.067 0 0 W subsys-pil-tz 5c00000.qcom,ssc: Falling back to syfs fallback for: slpi.b02
01-01 09:50:58.075 0 0 W subsys-pil-tz 5c00000.qcom,ssc: Falling back to syfs fallback for: slpi.b03
01-01 09:50:58.075 0 0 W subsys-pil-tz 5c00000.qcom,ssc: Falling back to syfs fallback for: slpi.b04
01-01 09:50:58.075 0 0 W subsys-pil-tz 5c00000.qcom,ssc: Falling back to syfs fallback for: slpi.b05
01-01 09:50:58.075 0 0 W subsys-pil-tz 5c00000.qcom,ssc: Falling back to syfs fallback for: slpi.b06
01-01 09:50:58.101 0 0 W subsys-pil-tz 5c00000.qcom,ssc: Falling back to syfs fallback for: slpi.b07
01-01 09:50:58.101 0 0 W subsys-pil-tz 5c00000.qcom,ssc: Falling back to syfs fallback for: slpi.b08
01-01 09:50:58.101 0 0 W subsys-pil-tz 5c00000.qcom,ssc: Falling back to syfs fallback for: slpi.b09
01-01 09:50:58.108 0 0 W subsys-pil-tz 5c00000.qcom,ssc: Falling back to syfs fallback for: slpi.b10
01-01 09:50:58.108 0 0 W subsys-pil-tz 5c00000.qcom,ssc: Falling back to syfs fallback for: slpi.b11
01-01 09:50:58.109 0 0 W subsys-pil-tz 5c00000.qcom,ssc: Falling back to syfs fallback for: slpi.b12
01-01 09:50:58.109 0 0 W subsys-pil-tz 5c00000.qcom,ssc: Falling back to syfs fallback for: slpi.b14
01-01 09:50:58.110 0 0 W subsys-pil-tz 5c00000.qcom,ssc: Falling back to syfs fallback for: slpi.b13
01-01 09:50:58.111 0 0 W subsys-pil-tz 5c00000.qcom,ssc: Falling back to syfs fallback for: slpi.b15
01-01 09:50:58.111 0 0 W subsys-pil-tz 5c00000.qcom,ssc: Falling back to syfs fallback for: slpi.b16
01-01 09:50:58.111 0 0 W subsys-pil-tz 5c00000.qcom,ssc: Falling back to syfs fallback for: slpi.b17
01-01 09:50:58.113 0 0 W subsys-pil-tz 5c00000.qcom,ssc: Falling back to syfs fallback for: slpi.b19
01-01 09:50:58.113 0 0 W subsys-pil-tz 5c00000.qcom,ssc: Falling back to syfs fallback for: slpi.b18
01-01 09:50:58.114 0 0 W subsys-pil-tz 5c00000.qcom,ssc: Falling back to syfs fallback for: slpi.b20
01-01 09:50:58.151 0 0 I binder : 821:821 ioctl 40046210 7ff0163be4 returned -22
01-01 09:50:58.247 0 0 I binder : 825:825 ioctl 40046210 7fd2ca03d4 returned -22
01-01 09:50:58.254 0 0 I binder : 825:825 ioctl 40046210 7fd2ca03b4 returned -22
01-01 09:50:58.334 0 0 I binder : 875:875 ioctl 40046210 7fe6c5b534 returned -22
01-01 09:50:58.451 0 0 I binder : 940:940 ioctl 40046210 7ffc40c6f4 returned -22
01-01 09:50:58.506 0 0 I subsys-pil-tz 5c00000.qcom,ssc: slpi: Brought out of reset
01-01 09:50:58.566 0 0 I subsys-pil-tz 5c00000.qcom,ssc: Subsystem error monitoring/handling services are up
01-01 09:50:58.575 0 0 I subsys-pil-tz 5c00000.qcom,ssc: slpi: Power/Clock ready interrupt received
01-01 09:50:58.583 0 0 I qcom_rpmh DRV: apps_rsc TCS Busy, retrying RPMH message send: addr=0x30030
01-01 09:50:58.589 0 0 I adsprpc : fastrpc_restart_notifier_cb: slpi subsystem is up
01-01 09:50:58.591 0 0 I qcom_rpmh DRV: apps_rsc TCS Busy, retrying RPMH message send: addr=0x30040
01-01 09:50:58.596 0 0 I adsprpc : fastrpc_rpmsg_probe: opened rpmsg channel for slpi
01-01 09:50:58.611 0 0 E : [drm:dp_display_init_aux_switch][msm-dp-err][7 ]failed to register notifier (-22)
01-01 09:50:58.634 0 0 E register_client_adhoc: find path.src 1 dest 589
01-01 09:50:58.136 949 949 I android.hardware.wifi@1.0-service: Wifi Hal is booting up...
01-01 09:50:58.145 949 949 I HidlServiceManagement: Registered android.hardware.wifi@1.4::IWifi/default (start delay of 222ms)
01-01 09:50:58.635 0 0 E register_client_adhoc: Failed to find path.src 1 dest 589
01-01 09:50:58.691 0 0 I qcom_smd_qrtr_probe: Entered
01-01 09:50:58.706 0 0 I qcom_smd_qrtr_probe: SMD QRTR driver probed
01-01 09:50:58.725 0 0 E : [drm:dp_display_init_aux_switch][msm-dp-err][7 ]failed to register notifier (-22)
01-01 09:50:58.744 0 0 E register_client_adhoc: find path.src 1 dest 589
01-01 09:50:58.746 0 0 E register_client_adhoc: Failed to find path.src 1 dest 589
01-01 09:50:58.956 0 0 W QSEECOM : qseecom_load_app: App (soter64) does'nt exist, loading apps for first time
01-01 09:50:58.986 0 0 W QSEECOM : qseecom_load_app: App with id 4 (soter64) now loaded
01-01 09:50:58.998 0 0 I binder : 990:990 ioctl 40046210 7fcfc20044 returned -22
01-01 09:50:59.060 0 0 I init : Command 'class_start hal' action=boot (/system/etc/init/hw/init.rc:1113) took 1004ms and succeeded
01-01 09:50:59.075 0 0 E init : Control message: Could not find 'android.hardware.health@2.1::IHealth/default' for ctl.interface_start from pid: 504 (/system/bin/hwservicemanager)
01-01 09:50:59.092 0 0 I init : starting service 'qcom-c_core-sh'...
01-01 09:50:59.116 0 0 I init : starting service 'vendor.qrtr-ns'...
01-01 09:50:59.135 0 0 I init : starting service 'irsc_util'...
01-01 09:50:59.158 0 0 E init : Could not start service 'esepmdaemon' as part of class 'core': Cannot find '/system/vendor/bin/esepmdaemon': No such file or directory
01-01 09:50:59.173 0 0 I init : starting service 'cs-early-boot'...
01-01 09:50:58.636 1013 1013 I irsc_util: Starting irsc tool
01-01 09:50:58.647 1013 1013 I irsc_util: Num of entries:298
01-01 09:50:58.647 1013 1013 I irsc_util: Ending irsc tool
01-01 09:50:59.199 0 0 I init : starting service 'vendor.lowi'...
01-01 09:50:59.218 0 0 I init : starting service 'vendor.pd_mapper'...
01-01 09:50:59.238 0 0 I init : starting service 'vendor.per_mgr'...
01-01 09:50:59.246 0 0 E diag : In diag_send_peripheral_buffering_mode, buffering flag not set for 6
01-01 09:50:59.261 0 0 E diag : In diag_send_feature_mask_update, control channel is not open, p: 3, ffffffa69ebb5d80
01-01 09:50:59.274 0 0 I msm_vidc: high: 00000001: ....d: Opening video instance: ffffffca9f3c0000, 1
01-01 09:50:59.279 0 0 E diag : In diag_send_peripheral_buffering_mode, buffering flag not set for 3
01-01 09:50:59.285 0 0 I msm_vidc_v4l2 aa00000.qcom,vidc: Linked as a consumer to regulator.75
01-01 09:50:59.300 0 0 I msm_vidc_v4l2 aa00000.qcom,vidc: Linked as a consumer to regulator.74
01-01 09:50:59.307 0 0 I sysmon-qmi: ssctl_new_server: Connection established between QMI handle and cdsp's SSCTL service
01-01 09:50:59.319 0 0 I sysmon-qmi: ssctl_new_server: Connection established between QMI handle and adsp's SSCTL service
01-01 09:50:59.326 0 0 D cnss : WLFW server arriving: node 7 port 1
01-01 09:50:59.328 0 0 I sysmon-qmi: ssctl_new_server: Connection established between QMI handle and slpi's SSCTL service
01-01 09:50:59.329 0 0 E diag : In diag_send_feature_mask_update, control channel is not open, p: 5, ffffffa69ebb6220
01-01 09:50:59.331 0 0 E diag : In diag_send_feature_mask_update, control channel is not open, p: 1, ffffffa69ebb58e0
01-01 09:50:59.337 0 0 I subsys-restart: __subsystem_get(): Changing subsys fw_name to venus
01-01 09:50:59.342 0 0 I sysmon-qmi: ssctl_new_server: Connection established between QMI handle and slpi's SSCTL service
01-01 09:50:59.343 0 0 D cnss : Posting event: SERVER_ARRIVE(0), state: 0x8 flags: 0x0
01-01 09:50:59.343 0 0 D cnss : PM stay awake, state: 0x8, count: 1
01-01 09:50:59.345 0 0 D cnss : Processing driver event: SERVER_ARRIVE(0), state: 0x8
01-01 09:50:59.345 0 0 I cnss : QMI WLFW service connected, state: 0x9
01-01 09:50:59.345 0 0 D cnss : Sending indication register message, state: 0x9
01-01 09:50:59.349 0 0 W healthd : No battery devices found
01-01 09:50:59.353 0 0 E diag : In diag_send_peripheral_buffering_mode, buffering flag not set for 5
01-01 09:50:59.360 0 0 D cnss : Sending host capability message, state: 0x9
01-01 09:50:59.360 0 0 W subsys-pil-tz aab0000.qcom,venus: Falling back to syfs fallback for: venus.mdt
01-01 09:50:59.364 0 0 I servloc : service_locator_new_server: Connection established with the Service locator
01-01 09:50:59.364 0 0 I servloc : init_service_locator: Service locator initialized
01-01 09:50:59.368 0 0 E diag : In diag_send_peripheral_buffering_mode, buffering flag not set for 1
01-01 09:50:59.378 0 0 I subsys-pil-tz aab0000.qcom,venus: venus: loading from 0x0000000086e00000 to 0x0000000087300000
01-01 09:50:59.379 0 0 D cnss : Number of clients is 2
01-01 09:50:59.381 0 0 D cnss : Assign MSI to user: WAKE, num_vectors: 1, user_base_data: 813, base_vector: 13
01-01 09:50:59.381 0 0 D cnss : WAKE MSI base data is 813
01-01 09:50:59.381 0 0 D cnss : Calibration done is 0
01-01 09:50:59.381 0 0 D cnss : Sending iova starting 0xa0000000 with size 0x10010000
01-01 09:50:58.795 853 853 I auditd : type=1400 audit(0.0:15): avc: denied { read } for comm="android.hardwar" name="type" dev="sysfs" ino=68189 scontext=u:r:hal_health_default:s0 tcontext=u:object_r:sysfs:s0 tclass=file permissive=0
01-01 09:50:59.387 0 0 I adsprpc : fastrpc_get_service_location_notify: PDR notifier for adsp registered for msm/adsp/audio_pd (audio_pdr_adsprpc)
01-01 09:50:59.387 0 0 I audio_notifer_reg_service: service PDR_ADSP is in use
01-01 09:50:59.401 0 0 I service-notifier: service_notifier_new_server: Connection established between QMI handle and 74 service
01-01 09:50:59.401 0 0 W subsys-pil-tz aab0000.qcom,venus: Falling back to syfs fallback for: venus.b02
01-01 09:50:59.403 0 0 D cnss : PM relax, state: 0x9, count: 0
01-01 09:50:59.406 0 0 W subsys-pil-tz aab0000.qcom,venus: Falling back to syfs fallback for: venus.b03
01-01 09:50:59.407 0 0 W subsys-pil-tz aab0000.qcom,venus: Falling back to syfs fallback for: venus.b04
01-01 09:50:59.407 0 0 W subsys-pil-tz aab0000.qcom,venus: Falling back to syfs fallback for: venus.b05
01-01 09:50:59.408 0 0 W subsys-pil-tz aab0000.qcom,venus: Falling back to syfs fallback for: venus.b06
01-01 09:50:59.408 0 0 W subsys-pil-tz aab0000.qcom,venus: Falling back to syfs fallback for: venus.b07
01-01 09:50:59.409 0 0 W subsys-pil-tz aab0000.qcom,venus: Falling back to syfs fallback for: venus.b08
01-01 09:50:59.409 0 0 I adsprpc : fastrpc_get_service_location_notify: audio_pdr_adsprpc (msm/adsp/audio_pd) PDR service for adsp is uninitialized
01-01 09:50:59.419 0 0 W subsys-pil-tz aab0000.qcom,venus: Falling back to syfs fallback for: venus.b09
01-01 09:50:59.421 0 0 W subsys-pil-tz aab0000.qcom,venus: Falling back to syfs fallback for: venus.b10
01-01 09:50:58.877 0 0 W healthd : battery none chg=
01-01 09:50:58.886 0 0 I adsprpc : fastrpc_pdr_notifier_cb: msm/adsp/audio_pd (audio_pdr_adsprpc) is up on adsp
01-01 09:50:58.893 0 0 W subsys-pil-tz aab0000.qcom,venus: Falling back to syfs fallback for: venus.b19
01-01 09:50:58.906 0 0 I apr_adsp_up: Q6 is Up
01-01 09:50:58.938 0 0 I sps : BAM 0x0000000003a84000 (va:0xffffff801b7c0000) enabled: ver:0x19, number of pipes:25
01-01 09:50:58.964 0 0 I msm-audio-ion soc: qcom,msm-audio-apr:qcom,msm-audio-ion: Linked as a consumer to 15000000.apps-smmu
01-01 09:50:58.970 0 0 I sps : BAM 0x0000000003a84000 is registered.
01-01 09:50:59.014 0 0 I binder : 1049:1049 ioctl 40046210 7fe85859a4 returned -22
01-01 09:50:59.036 0 0 E : [drm:dp_display_init_aux_switch][msm-dp-err][393 ]failed to register notifier (-22)
01-01 09:50:59.040 0 0 I iommu : Adding device soc:qcom,msm-audio-apr:qcom,msm-audio-ion to group 53
01-01 09:50:59.051 0 0 I binder : 1052:1052 ioctl 40046210 7ffdfbf9e4 returned -22
01-01 09:50:59.061 0 0 I subsys-pil-tz aab0000.qcom,venus: venus: Brought out of reset
01-01 09:50:59.062 0 0 E rmt_storage: ERR:main: Mmap Failed for rmts (-1)...pausing execution!
01-01 09:50:59.080 0 0 E register_client_adhoc: find path.src 1 dest 589
01-01 09:50:59.071 469 469 I auditd : type=1400 audit(0.0:16): avc: denied { setattr } for comm="init" name="rawdump" dev="tmpfs" ino=29717 scontext=u:r:vendor_init:s0 tcontext=u:object_r:block_device:s0 tclass=lnk_file permissive=0
01-01 09:50:59.091 469 469 I auditd : type=1400 audit(0.0:17): avc: denied { setattr } for comm="init" name="rawdump" dev="tmpfs" ino=29717 scontext=u:r:vendor_init:s0 tcontext=u:object_r:block_device:s0 tclass=lnk_file permissive=0
01-01 09:50:59.081 0 0 E register_client_adhoc: Failed to find path.src 1 dest 589
01-01 09:50:59.115 0 0 E : [drm:dp_display_init_aux_switch][msm-dp-err][393 ]failed to register notifier (-22)
01-01 09:50:59.128 0 0 E register_client_adhoc: find path.src 1 dest 589
01-01 09:50:59.129 0 0 E register_client_adhoc: Failed to find path.src 1 dest 589
01-01 09:50:59.135 0 0 I : Mass Storage Function, version: 2009/09/11
01-01 09:50:59.136 0 0 I msm_vidc: high: 00000001: h264d: Closed video instance: ffffffca9f3c0000
01-01 09:50:59.142 0 0 I LUN : removable file: (no medium)
01-01 09:50:59.142 0 0 I msm_vidc: high: 00000001: ....d: Opening video instance: ffffffca9d7c4000, 1
01-01 09:50:59.156 0 0 I msm_vidc: high: 00000001: h264d: Closed video instance: ffffffca9d7c4000
01-01 09:50:59.160 0 0 I msm_vidc: high: 00000001: ....d: Opening video instance: ffffffca93090000, 1
01-01 09:50:59.167 0 0 I : file system registered
01-01 09:50:59.183 0 0 I msm_vidc: high: 00000001: h265d: Closed video instance: ffffffca93090000
01-01 09:50:59.185 0 0 I f_cdev_alloc: port_name:at_usb0 (ffffffca93c70080) portno:(0)
01-01 09:50:59.186 0 0 I msm_vidc: high: 00000001: ....d: Opening video instance: ffffffcab0fc0000, 1
01-01 09:50:59.183 1 1 I auditd : type=1107 audit(0.0:18): uid=0 auid=4294967295 ses=4294967295 subj=u:r:init:s0 msg='avc: denied { set } for property=ctl.start$console pid=1075 uid=0 gid=0 scontext=u:r:vendor_qti_init_shell:s0 tcontext=u:object_r:ctl_start_prop:s0 tclass=property_service permissive=0'
01-01 09:50:59.190 0 0 I f_cdev_alloc: port_name:at_usb1 (ffffffca93c74880) portno:(1)
01-01 09:50:59.193 0 0 I f_cdev_alloc: port_name:at_usb2 (ffffffca93c71280) portno:(2)
01-01 09:50:59.203 0 0 I msm_vidc: high: 00000001: h265d: Closed video instance: ffffffcab0fc0000
01-01 09:50:59.207 0 0 I msm_vidc: high: 00000001: ....d: Opening video instance: ffffffcab0fc0000, 1
01-01 09:50:59.221 0 0 I msm_vidc: high: 00000001: vp8d: Closed video instance: ffffffcab0fc0000
01-01 09:50:59.228 0 0 I msm_vidc: high: 00000001: ....d: Opening video instance: ffffffca739b4000, 1
01-01 09:50:59.230 0 0 E : [drm:dp_display_init_aux_switch][msm-dp-err][488 ]failed to register notifier (-22)
01-01 09:50:59.230 0 0 I binder : 1038:1038 ioctl 40046210 7ff0aff154 returned -22
01-01 09:50:59.237 0 0 I msm_vidc: high: 00000001: vp9d: Closed video instance: ffffffca739b4000
01-01 09:50:59.239 0 0 I msm_vidc: high: 00000001: ....d: Opening video instance: ffffffca93878000, 1
01-01 09:50:59.240 0 0 I binder : 1038:1038 ioctl 40046210 7ff0aff174 returned -22
01-01 09:50:59.249 0 0 I msm_vidc: high: 00000001: vp9d: Closed video instance: ffffffca93878000
01-01 09:50:59.254 0 0 I binder : 1060:1060 ioctl 40046210 7ff1cfa894 returned -22
01-01 09:50:59.255 0 0 I msm_vidc: high: 00000001: ....d: Opening video instance: ffffffcaa48c4000, 1
01-01 09:50:59.256 0 0 E register_client_adhoc: find path.src 1 dest 589
01-01 09:50:59.257 0 0 E register_client_adhoc: Failed to find path.src 1 dest 589
01-01 09:50:59.263 0 0 I msm_vidc: high: 00000001: mpg2d: Closed video instance: ffffffcaa48c4000
01-01 09:50:59.275 0 0 I msm_vidc: high: 00000001: ....d: Opening video instance: ffffffcaa48c4000, 1
01-01 09:50:59.280 683 683 D Zygote64Timing: PreloadClasses took to complete: 1925ms
01-01 09:50:59.281 0 0 I binder : 1060:1060 ioctl 40046210 7ff1cfc2c4 returned -22
01-01 09:50:59.281 0 0 I msm_vidc: high: 00000001: mpg2d: Closed video instance: ffffffcaa48c4000
01-01 09:50:59.282 0 0 E : [drm:dp_display_init_aux_switch][msm-dp-err][488 ]failed to register notifier (-22)
01-01 09:50:59.283 0 0 I msm_vidc: high: 00000001: ....e: Opening video instance: ffffffca73ab4000, 0
01-01 09:50:59.302 0 0 I msm_vidc: high: 00000001: h264e: Closed video instance: ffffffca73ab4000
01-01 09:50:59.310 683 683 D Zygote64Timing: CacheNonBootClasspathClassLoaders took to complete: 30ms
01-01 09:50:59.310 0 0 I msm_vidc: high: 00000001: ....e: Opening video instance: ffffffca73abc000, 0
01-01 09:50:59.320 503 503 I auditd : avc: denied { find } for pid=1060 uid=1000 name=vendor.qti.hardware.display.config.IDisplayConfig/default scontext=u:r:surfaceflinger:s0 tcontext=u:object_r:default_android_service:s0 tclass=service_manager permissive=0
01-01 09:50:59.314 0 0 E register_client_adhoc: find path.src 1 dest 589
01-01 09:50:59.314 0 0 E register_client_adhoc: Failed to find path.src 1 dest 589
01-01 09:50:59.324 0 0 I msm_vidc: high: 00000001: h265e: Closed video instance: ffffffca73abc000
01-01 09:50:59.325 0 0 W kona-asoc-snd soc: qcom,msm-audio-apr:qcom,q6core-audio:sound: msm_init_aux_dev: Max WSA devices is 0 for this target?
01-01 09:50:59.338 0 0 I msm_vidc: high: 00000001: ....e: Opening video instance: ffffffcaa61c4000, 0
01-01 09:50:59.329 503 503 I auditd : avc: denied { find } for pid=1060 uid=1000 name=vendor.qti.hardware.display.config.IDisplayConfig/default scontext=u:r:surfaceflinger:s0 tcontext=u:object_r:default_android_service:s0 tclass=service_manager permissive=0
01-01 09:50:59.346 683 683 D Zygote64Timing: PreloadResources took to complete: 37ms
01-01 09:50:59.342 0 0 E : [drm:dp_display_init_aux_switch][msm-dp-err][488 ]failed to register notifier (-22)
01-01 09:50:59.355 0 0 E kona-asoc-snd soc: qcom,msm-audio-apr:qcom,q6core-audio:sound: ASoC: CODEC DAI wsa_macro_vifeedback not registered
01-01 09:50:59.357 0 0 I msm_vidc: high: 00000001: h265e: Closed video instance: ffffffcaa61c4000
01-01 09:50:59.374 0 0 I msm_vidc: high: 00000001: ....e: Opening video instance: ffffffca73ab4000, 0
01-01 09:50:59.385 0 0 I msm_vidc: high: 00000001: h265e: Closed video instance: ffffffca73ab4000
01-01 09:50:59.386 0 0 E qcom-lpi-pinctrl soc: qcom,msm-audio-apr:qcom,q6core-audio:lpi_pinctrl@33c0000: snd_event_notify: No snd dev entry found
01-01 09:50:59.388 0 0 I msm_vidc: high: 00000001: ....e: Opening video instance: ffffffca73ab4000, 0
01-01 09:50:59.401 0 0 I msm_vidc: err : 00000001: ....e: msm_vidc_comm_update_ctrl: failed: control name Ltr Count, min 0, max 0, step 0, default_value 0
01-01 09:50:59.405 0 0 I msm_vidc: high: 00000001: vp8e: Closed video instance: ffffffca73ab4000
01-01 09:50:59.481 0 0 I platform soc: qcom,msm-audio-apr:qcom,voice-mhi-audio: assigned reserved memory node mailbox_region
01-01 09:50:59.505 0 0 W : bolero-clk-rsc-mngr bolero-clk-rsc-mngr: DMA mask not set
01-01 09:50:59.513 0 0 E register_client_adhoc: find path.src 1 dest 589
01-01 09:50:59.546 683 683 I boot_progress_preload_end: 50062
01-01 09:50:59.546 683 683 D Zygote64Timing: ZygotePreload took to complete: 2279ms
01-01 09:50:59.514 0 0 E register_client_adhoc: Failed to find path.src 1 dest 589
01-01 09:50:59.534 0 0 E : [drm:dp_display_init_aux_switch][msm-dp-err][85 ]failed to register notifier (-22)
01-01 09:50:59.560 0 0 W tx_macro tx-macro: DMA mask not set
01-01 09:50:59.560 0 0 E tx_macro tx-macro: tx_macro_probe: va-macro not registered yet, defer
01-01 09:50:59.583 0 0 W rx_macro rx-macro: DMA mask not set
01-01 09:50:59.584 0 0 E rx_macro rx-macro: rx_macro_probe: va-macro not registered yet, defer
01-01 09:50:59.599 0 0 W kgsl-3d0: Falling back to syfs fallback for: a650_sqe.fw
01-01 09:50:59.604 0 0 W wsa_macro wsa-macro: DMA mask not set
01-01 09:50:59.605 0 0 E wsa_macro wsa-macro: wsa_macro_probe: va-macro not registered yet, defer
01-01 09:50:59.615 0 0 W kona-asoc-snd soc: qcom,msm-audio-apr:qcom,q6core-audio:sound: msm_init_aux_dev: Max WSA devices is 0 for this target?
01-01 09:50:59.632 683 683 D Zygote64Timing: PostZygoteInitGC took to complete: 87ms
01-01 09:50:59.632 683 683 D Zygote64Timing: ZygoteInit took to complete: 2375ms
01-01 09:50:59.623 0 0 E kona-asoc-snd soc: qcom,msm-audio-apr:qcom,q6core-audio:sound: ASoC: CODEC DAI wsa_macro_vifeedback not registered
01-01 09:50:59.633 0 0 I display_panel_avdd: disabling
01-01 09:50:59.634 0 0 W kgsl-3d0: Falling back to syfs fallback for: a650_gmu.bin
01-01 09:50:59.643 0 0 W va_macro va-macro: DMA mask not set
01-01 09:50:59.644 0 0 I vdd_tof : disabling
01-01 09:50:59.646 0 0 E msm_cdc_pinctrl_get_gpiodata: device node is null
01-01 09:50:59.664 0 0 I va_macro va-macro: Linked as a consumer to regulator.7
01-01 09:50:59.665 0 0 I va_macro va-macro: bolero_register_macro: register macro successful:3
01-01 09:50:59.668 0 0 E register_client_adhoc: find path.src 1 dest 589
01-01 09:50:59.669 0 0 E register_client_adhoc: Failed to find path.src 1 dest 589
01-01 09:50:59.677 0 0 W wcd938x_codec wcd938x-codec: DMA mask not set
01-01 09:50:59.692 0 0 I wcd938x_codec wcd938x-codec: msm_cdc_dt_parse_vreg_info: cdc-vdd-rxtx: vol=[1800000 1800000]uV, curr=[30000]uA, ond 0 lpm 0
01-01 09:50:59.692 0 0 I wcd938x_codec wcd938x-codec: msm_cdc_dt_parse_vreg_info: cdc-vddio: vol=[1800000 1800000]uV, curr=[30000]uA, ond 0 lpm 0
01-01 09:50:59.692 0 0 I wcd938x_codec wcd938x-codec: msm_cdc_dt_parse_vreg_info: cdc-vdd-buck: vol=[1800000 1800000]uV, curr=[650000]uA, ond 0 lpm 0
01-01 09:50:59.692 0 0 I wcd938x_codec wcd938x-codec: msm_cdc_dt_parse_vreg_info: cdc-vdd-mic-bias: vol=[3296000 3296000]uV, curr=[30000]uA, ond 0 lpm 0
01-01 09:50:59.693 0 0 I wcd938x_codec wcd938x-codec: Linked as a consumer to regulator.7
01-01 09:50:59.697 0 0 I wcd938x_codec wcd938x-codec: Linked as a consumer to regulator.48
01-01 09:50:59.699 0 0 I tx_macro tx-macro: bolero_register_macro: register macro successful:0
01-01 09:50:59.704 0 0 E : [drm:dp_display_init_aux_switch][msm-dp-err][85 ]failed to register notifier (-22)
01-01 09:50:59.732 0 0 I rx_macro rx-macro: bolero_register_macro: register macro successful:1
01-01 09:50:59.739 0 0 I wsa_macro wsa-macro: bolero_register_macro: register macro successful:2
01-01 09:50:59.757 0 0 W kona-asoc-snd soc: qcom,msm-audio-apr:qcom,q6core-audio:sound: msm_init_aux_dev: Max WSA devices is 0 for this target?
01-01 09:50:59.844 0 0 W swr-wcd tx_swr_ctrl: DMA mask not set
01-01 09:50:59.851 0 0 I binder : 1127:1127 ioctl 40046210 7fcaefbc34 returned -22
01-01 09:51:00.029 0 0 I binder : 1136:1136 ioctl 40046210 7fe87a71e4 returned -22
01-01 09:51:00.047 1098 1098 I auditd : type=1400 audit(0.0:19): avc: denied { write } for comm="init.qcom.usb.s" name="uvc.0" dev="configfs" ino=45141 scontext=u:r:vendor_qti_init_shell:s0 tcontext=u:object_r:configfs:s0 tclass=dir permissive=0
01-01 09:51:00.051 1098 1098 I auditd : type=1400 audit(0.0:20): avc: denied { write } for comm="init.qcom.usb.s" name="uvc.0" dev="configfs" ino=45141 scontext=u:r:vendor_qti_init_shell:s0 tcontext=u:object_r:configfs:s0 tclass=dir permissive=0
01-01 09:51:00.059 0 0 I msm_cvp : warn: DBLP Set: status 0 0
01-01 09:51:00.071 1173 1173 I auditd : type=1400 audit(0.0:21): avc: denied { write } for comm="mkdir" name="header" dev="configfs" ino=45143 scontext=u:r:vendor_qti_init_shell:s0 tcontext=u:object_r:configfs:s0 tclass=dir permissive=0
01-01 09:51:00.091 1175 1175 I auditd : type=1400 audit(0.0:22): avc: denied { write } for comm="ln" name="fs" dev="configfs" ino=45152 scontext=u:r:vendor_qti_init_shell:s0 tcontext=u:object_r:configfs:s0 tclass=dir permissive=0
01-01 09:51:00.085 0 0 E msm-pcm-routing soc: qcom,msm-pcm-routing: ASoC: no source widget found for AUDIO_REF_EC_UL30 MUX
01-01 09:51:00.096 0 0 E msm-pcm-routing soc: qcom,msm-pcm-routing: ASoC: Failed to add route AUDIO_REF_EC_UL30 MUX -> direct -> MM_UL30
01-01 09:51:00.119 1177 1177 I auditd : type=1400 audit(0.0:23): avc: denied { write } for comm="ln" name="ss" dev="configfs" ino=45153 scontext=u:r:vendor_qti_init_shell:s0 tcontext=u:object_r:configfs:s0 tclass=dir permissive=0
01-01 09:51:00.119 0 0 E msm-pcm-routing soc: qcom,msm-pcm-routing: ASoC: no source widget found for AUX_PCM_TX
01-01 09:51:00.129 0 0 E msm-pcm-routing soc: qcom,msm-pcm-routing: ASoC: Failed to add route AUX_PCM_TX -> AUX_PCM_UL_TX -> VoLTE Stub Tx Mixer
01-01 09:51:00.143 1179 1179 I auditd : type=1400 audit(0.0:24): avc: denied { write } for comm="mkdir" name="uncompressed" dev="configfs" ino=45156 scontext=u:r:vendor_qti_init_shell:s0 tcontext=u:object_r:configfs:s0 tclass=dir permissive=0
01-01 09:51:00.148 0 0 E msm-pcm-routing soc: qcom,msm-pcm-routing: ASoC: no source widget found for AUX_PCM_RX
01-01 09:51:00.157 0 0 E msm-pcm-routing soc: qcom,msm-pcm-routing: ASoC: Failed to add route AUX_PCM_RX -> direct -> BE_OUT
01-01 09:51:00.171 1181 1181 I auditd : type=1400 audit(0.0:25): avc: denied { write } for comm="mkdir" name="uncompressed" dev="configfs" ino=45156 scontext=u:r:vendor_qti_init_shell:s0 tcontext=u:object_r:configfs:s0 tclass=dir permissive=0
01-01 09:51:00.182 0 0 E msm-dcc 1023000.dcc_v2: DCC is not ready Disabling DCC...
