01-10 03:25:49.211 3514 4740 I PatchParser: no new patch
01-10 03:25:49.211 3514 4740 I LinkerInfosManager: start find external classloader dex
01-10 03:25:49.211 3514 4740 D SystemHookUtils: dex path /data/user/0/com.hht.lebocast/files/hpplay/hpdata/60146/25915/bu.dex
01-10 03:25:49.211 3514 4740 W om.hht.lebocas: Opening an oat file without a class loader. Are you using the deprecated DexFile APIs?
01-10 03:25:49.218 3514 4740 I SystemHookUtils: android high version sdk find dex file size 1
01-10 03:25:49.221 3514 4740 I LinkerInfosManager: ================= not patch classloader
01-10 03:25:49.221 3514 4740 I LinkerInfosManager: ================= external path /data/user/0/com.hht.lebocast/files/hpplay/hpdata/60146/25915/bu.dex
01-10 03:25:49.221 3514 4740 W om.hht.lebocas: Opening an oat file without a class loader. Are you using the deprecated DexFile APIs?
01-10 03:25:49.231 3514 4740 I LinkerInfosManager: =======use local path ==========
01-10 03:25:49.231 3514 4740 I LinkerInfosManager: ================= com.hpplay.component.common.utils.ModuleInfos
01-10 03:25:49.231 3514 4740 I ModuleLoadUtils: main dex find class failed
01-10 03:25:49.231 3514 4740 I SystemHookUtils: parent find class failed
01-10 03:25:49.232 3514 4740 I ModuleLoadUtils: component find class failed
01-10 03:25:49.232 3514 4740 I ModuleLoadUtils: .ModuleInfos not find ...
01-10 03:25:49.232 3514 4740 W LinkerInfosManager: java.lang.NullPointerException: Attempt to invoke virtual method 'java.lang.Class java.lang.Object.getClass()' on a null object reference
01-10 03:25:49.232 3514 4740 W LinkerInfosManager: at com.hpplay.component.modulelinker.d.a(SourceFile:10)
01-10 03:25:49.232 3514 4740 W LinkerInfosManager: at com.hpplay.component.modulelinker.b.a(SourceFile:40)
01-10 03:25:49.232 3514 4740 W LinkerInfosManager: at com.hpplay.component.modulelinker.b.a(SourceFile:9)
01-10 03:25:49.232 3514 4740 W LinkerInfosManager: at com.hpplay.component.modulelinker.c.init(SourceFile:13)
01-10 03:25:49.232 3514 4740 W LinkerInfosManager: at com.hpplay.component.modulelinker.api.ModuleLinker.init(SourceFile:8)
01-10 03:25:49.232 3514 4740 W LinkerInfosManager: at com.hpplay.sdk.sink.proxy.ModuleLoader.b(SourceFile:29)
01-10 03:25:49.232 3514 4740 W LinkerInfosManager: at com.hpplay.sdk.sink.proxy.ModuleLoader.b(SourceFile:2)
01-10 03:25:49.232 3514 4740 W LinkerInfosManager: at com.hpplay.sdk.sink.proxy.ModuleLoader$3.run(SourceFile:1)
01-10 03:25:49.232 3514 4740 W LinkerInfosManager: at com.hpplay.common.asyncmanager.AsyncRunnableJob.doInBackground(SourceFile:1)
01-10 03:25:49.232 3514 4740 W LinkerInfosManager: at android.os.AsyncTask$3.call(AsyncTask.java:394)
01-10 03:25:49.232 3514 4740 W LinkerInfosManager: at java.util.concurrent.FutureTask.run(FutureTask.java:266)
01-10 03:25:49.232 3514 4740 W LinkerInfosManager: at java.util.concurrent.ThreadPoolExecutor.runWorker(ThreadPoolExecutor.java:1167)
01-10 03:25:49.232 3514 4740 W LinkerInfosManager: at java.util.concurrent.ThreadPoolExecutor$Worker.run(ThreadPoolExecutor.java:641)
01-10 03:25:49.232 3514 4740 W LinkerInfosManager: at java.lang.Thread.run(Thread.java:920)
01-10 03:25:49.232 3514 4740 I ModuleLinkerImp: init time 23
01-10 03:25:49.232 3514 4740 I ModuleLinkerImp: =====> 0
01-10 03:25:49.245 3514 3514 I hpplay-java: [main]:ModuleLoader:handleMessage what: 3
01-10 03:25:49.246 3514 3514 I hpplay-java: [main]:ModuleLoader:mSoPath: null
01-10 03:25:49.246 3514 3514 I hpplay-java: [main]:ModuleLoader:liblelink commit id api:027d01cda77c3b15c41f64bb549c08dc2c00371c
01-10 03:25:49.249 3514 4742 I hpplay-java: [AsyncTask #3]:BuildConfigSupport:isDEBUG DEBUG:false
01-10 03:25:49.250 3514 4742 I hpplay-java: [AsyncTask #3]:LelinkCastImpl:liblelink commit id bu:027d01cda77c3b15c41f64bb549c08dc2c00371c
01-10 03:25:49.252 3514 4742 I hpplay-java: [AsyncTask #3]:BuildConfigSupport:getVersionCode VERSION_CODE:60146
01-10 03:25:49.253 3514 4742 I hpplay-java: [AsyncTask #3]:BuildConfigSupport:getBuVersionCode BU_VERSION_CODE: 25915
01-10 03:25:49.253 3514 4742 I hpplay-java: [AsyncTask #3]:LelinkLoader:no external so file found
01-10 03:25:49.253 3514 4742 I hpplay-java: [AsyncTask #3]:LelinkLoader:loadSo BU_VERSION_CODE:25915, PackageName:com.hht.lebocast,loadFile /data/user/0/com.hht.lebocast/lib/liblelink.so
01-10 03:25:49.256 3514 4742 I hpplay-java: [AsyncTask #3]:LibLoader:loadSo mDefaultPath:/data/user/0/com.hht.lebocast/lib
01-10 03:25:49.256 3514 4742 I hpplay-java: [AsyncTask #3]:LibLoader:getValidPath check path:/data/user/0/com.hht.lebocast/lib/liblelink.so
01-10 03:25:49.256 3514 4742 I hpplay-java: [AsyncTask #3]:LibLoader:getValidPath check path:/data/user/0/com.hht.lebocast/files/hpplay/file/liblelink.so
01-10 03:25:49.256 3514 4742 I hpplay-java: [AsyncTask #3]:LibLoader:getValidPath check path:/system_ext/app/TCCast/lib/arm/liblelink.so
01-10 03:25:49.256 3514 4742 I hpplay-java: [AsyncTask #3]:LibLoader:getValidPath check path:/system/app/com.hht.lebocast/lib/arm/liblelink.so
01-10 03:25:49.256 3514 4742 I hpplay-java: [AsyncTask #3]:LibLoader:getValidPath check path:/system/lib/com.hht.lebocast/liblelink.so
01-10 03:25:49.256 3514 4742 I hpplay-java: [AsyncTask #3]:LibLoader:getValidPath check path:/system/etc/liblelink.so
01-10 03:25:49.257 3514 4742 I hpplay-java: [AsyncTask #3]:LibLoader:getValidPath check path:/system/lib/liblelink.so
01-10 03:25:49.257 3514 4742 I hpplay-java: [AsyncTask #3]:LibLoader:getValidPath check path:/data/app-lib/com.hht.lebocast/liblelink.so
01-10 03:25:49.257 3514 4742 I hpplay-java: [AsyncTask #3]:LibLoader:getValidPath check path:/product/lib/liblelink.so
01-10 03:25:49.257 3514 4742 I hpplay-java: [AsyncTask #3]:LibLoader:getValidPath check path:/system/private-app/com.hht.lebocast/lib/arm/liblelink.so
01-10 03:25:49.257 3514 4742 I hpplay-java: [AsyncTask #3]:LibLoader:getValidPath check path:/system_ext/app/TCCast/lib/arm/liblelink.so
01-10 03:25:49.257 3514 4742 I hpplay-java: [AsyncTask #3]:LibLoader:getValidPath check path:/data/user/0/com.hht.lebocast/files/hpplay/common/liblelink.so
01-10 03:25:49.257 3514 4742 I hpplay-java: [AsyncTask #3]:LibLoader:getValidPath soPath:null
01-10 03:25:49.258 3514 4742 I hpplay-java: [AsyncTask #3]:LibLoaderEnhance:unpackLibrariesOnce:/system_ext/app/TCCast/TCCast.apk
01-10 03:25:49.259 3514 4742 I hpplay-java: [AsyncTask #3]:LibLoaderEnhance:unpackLibrariesOnce Extracting native libraries into /data/user/0/com.hht.lebocast/files/hpplay/common/liblelink.so
01-10 03:25:49.284 3514 4742 I hpplay-java: [AsyncTask #3]:LibLoaderEnhance:getLibraryByUnzipAPK path:/data/user/0/com.hht.lebocast/files/hpplay/common/liblelink.so
01-10 03:25:49.309 3514 4742 I hpplay-java: [AsyncTask #3]:BPIFileUtil:getMd5ByFile: 054CE34B3CB1D77895EFC5B3CCEA7E39
01-10 03:25:49.313 3514 4742 I hpplay-base: liblelink ver: 90610 (Jul 18 2022 10:14:10)
01-10 03:25:49.313 3514 4742 I hpplay-base: liblelink commit id: 6854d2ad4a11b788b5c223c313843b85637a5ae2
01-10 03:25:49.315 3514 4742 I hpplay-java: [AsyncTask #3]:LibLoader:loadSo lelink true
01-10 03:25:49.315 3514 4742 I hpplay-java: [AsyncTask #3]:LelinkLoader:load so from assets java.lang.NumberFormatException: For input string: "lib"
01-10 03:25:49.316 3514 4742 I hpplay-java: [AsyncTask #3]:BuildConfigSupport:getBuVersionName BU_VERSION_NAME:2.59.15-2022-07-25-17-24
01-10 03:25:49.316 3514 3514 I hpplay-java: [main]:ModuleLoader:handleMessage what: 2
01-10 03:25:49.316 3514 3514 I hpplay-java: [main]:LelinkCastWrapper:onLoad isSuccess:true
01-10 03:25:49.316 3514 3514 I hpplay-java: [main]:LelinkCastWrapper:startService mService: null
01-10 03:25:49.318 1136 1822 D CompatibilityInfo: mCompatibilityFlags - 4
01-10 03:25:49.318 1136 1822 D CompatibilityInfo: applicationDensity - 240
01-10 03:25:49.318 1136 1822 D CompatibilityInfo: applicationScale - 1.0
01-10 03:25:49.319 3514 3514 I hpplay-java: [main]:LelinkCastWrapper:startService success: true
01-10 03:25:49.319 3514 3514 I hpplay-java: [main]:DaemonService:onCreate start
01-10 03:25:49.319 3514 3514 I hpplay-java: [main]:DaemonServiceEntity:setBPImpl mContext: null
01-10 03:25:49.321 3514 3514 I hpplay-java: [main]:Utils:getApplication in main thread
01-10 03:25:49.321 3514 3514 I hpplay-java: [main]:DaemonServiceEntity:onCreate
01-10 03:25:49.322 3514 3514 I hpplay-java: [main]:DaemonServiceEntity:initParams channel: lecast w/h: 2560/1080
01-10 03:25:49.323 3514 4743 E ActivityThread: Failed to find provider info for com.tcl.xian.StartandroidService.MyContentProvider
01-10 03:25:49.324 3514 3514 I hpplay-java: [main]:Resource:initInstance Resource
01-10 03:25:49.325 3514 3514 I hpplay-java: [main]:Resource:checkLanguage init language map 1
01-10 03:25:49.326 3514 4744 I hpplay-java: [AsyncTask #5]:Resource:init
01-10 03:25:49.328 3514 3514 I hpplay-java: [main]:MacTask:startTask
01-10 03:25:49.329 3514 3514 I hpplay-java: [main]:DaemonService:onBind
01-10 03:25:49.329 3514 3514 I hpplay-java: [main]:DaemonServiceEntity:onBind
01-10 03:25:49.330 3514 3514 I hpplay-java: [main]:LelinkCastWrapper:onServiceConnected
01-10 03:25:49.331 3514 3514 I hpplay-java: [main]:DaemonService:onStartCommand iService: com.hpplay.sdk.sink.service.DaemonServiceEntity@61fc31
01-10 03:25:49.331 3514 3514 I hpplay-java: [main]:DaemonServiceEntity:onStartCommand flags: 0 startId: 1 mOnBind: true
01-10 03:25:49.332 3514 4747 I hpplay-java: [AsyncTask #8]:LelinkCastImpl:init appKey=21409
01-10 03:25:49.332 3514 4747 I hpplay-java: [AsyncTask #8]:UILife:UISession
01-10 03:25:49.332 3514 3514 I hpplay-java: [main]:BuildConfigSupport:getFLAVOR FLAVOR:lecast
01-10 03:25:49.332 3514 3514 I hpplay-java: [main]:BuildConfigSupport:getFeatureDlnaValidModel FEATURE_DLNA_VALID_MODEL:1
01-10 03:25:49.334 3514 4747 I hpplay-java: [AsyncTask #8]:ModelUtil:Build.MANUFACTURER: TC -- Model: -- Build.MODEL: figure
01-10 03:25:49.334 3514 4747 I hpplay-java: [AsyncTask #8]:Feature:getVolumeType model:figure mf:TC
01-10 03:25:49.327 3514 3514 I auditd : type=1400 audit(0.0:162): avc: granted { read } for comm=4173796E635461736B202337 name="arp" dev="proc" ino=4026532256 scontext=u:r:platform_app:s0:c512,c768 tcontext=u:object_r:proc_net:s0 tclass=file app=com.hht.lebocast
01-10 03:25:49.327 3514 3514 W com.hht.lebocast: type=1400 audit(0.0:162): avc: granted { read } for comm=4173796E635461736B202337 name="arp" dev="proc" ino=4026532256 scontext=u:r:platform_app:s0:c512,c768 tcontext=u:object_r:proc_net:s0 tclass=file app=com.hht.lebocast
01-10 03:25:49.361 3514 4747 I hpplay-java: [AsyncTask #8]:BuildConfigSupport:getFeatureProduct :1
01-10 03:25:49.361 3514 4747 I hpplay-java: [AsyncTask #8]:Feature:isReverseControlEnable :true
01-10 03:25:49.361 3514 4747 I hpplay-java: [AsyncTask #8]:Feature:isPlayListEnable :true
01-10 03:25:49.361 3514 4747 W hpplay-java: [AsyncTask #8]:CreateUtils:createFeature baseFeature:1100111111111
01-10 03:25:49.361 3514 4747 I hpplay-java: [AsyncTask #8]:InParameters:InParameters 6655
01-10 03:25:49.361 3514 4747 I hpplay-java: [AsyncTask #8]:Bridge:getLelinkSoInfo info:90610
01-10 03:25:49.361 3514 4747 E hpplay-java: [AsyncTask #8]:Bridge:soInfoCheck liblelink.so mismatch
01-10 03:25:49.361 3514 4747 E hpplay-java: version:90610 / 90611
01-10 03:25:49.363 3514 4749 I hpplay-java: [AsyncTask #10]:DeviceUtil:getMac type: wlan0
01-10 03:25:49.370 3514 4753 W VideoCapabilities: Unsupported mime image/vnd.android.heic
01-10 03:25:49.371 3514 4753 W VideoCapabilities: Unrecognized profile/level 0/3 for video/mpeg2
01-10 03:25:49.371 3514 4753 W VideoCapabilities: Unrecognized profile/level 0/3 for video/mpeg2
01-10 03:25:49.379 3514 4754 I dvm_lock_sample: [com.hht.lebocast,0,AsyncTask #13,24,MediaCodecList.java,80,void android.media.MediaCodecList.initCodecList(),-,70,java.util.Map android.media.MediaCodecList.getGlobalSettings(),4]
01-10 03:25:49.327 3514 3514 I auditd : type=1400 audit(0.0:163): avc: granted { read open } for comm=4173796E635461736B202337 path="/proc/3514/net/arp" dev="proc" ino=4026532256 scontext=u:r:platform_app:s0:c512,c768 tcontext=u:object_r:proc_net:s0 tclass=file app=com.hht.lebocast
01-10 03:25:49.327 3514 3514 W com.hht.lebocast: type=1400 audit(0.0:163): avc: granted { read open } for comm=4173796E635461736B202337 path="/proc/3514/net/arp" dev="proc" ino=4026532256 scontext=u:r:platform_app:s0:c512,c768 tcontext=u:object_r:proc_net:s0 tclass=file app=com.hht.lebocast
01-10 03:25:49.382 3514 4749 I hpplay-java: [AsyncTask #10]:DeviceUtil:getMac type: eth0
01-10 03:25:49.327 3514 3514 I auditd : type=1400 audit(0.0:164): avc: granted { getattr } for comm=4173796E635461736B202337 path="/proc/3514/net/arp" dev="proc" ino=4026532256 scontext=u:r:platform_app:s0:c512,c768 tcontext=u:object_r:proc_net:s0 tclass=file app=com.hht.lebocast
01-10 03:25:49.327 3514 3514 W com.hht.lebocast: type=1400 audit(0.0:164): avc: granted { getattr } for comm=4173796E635461736B202337 path="/proc/3514/net/arp" dev="proc" ino=4026532256 scontext=u:r:platform_app:s0:c512,c768 tcontext=u:object_r:proc_net:s0 tclass=file app=com.hht.lebocast
01-10 03:25:49.327 3514 3514 I auditd : type=1400 audit(0.0:165): avc: granted { getattr } for comm=4173796E635461736B202337 path="/proc/3514/net/arp" dev="proc" ino=4026532256 scontext=u:r:platform_app:s0:c512,c768 tcontext=u:object_r:proc_net:s0 tclass=file app=com.hht.lebocast
01-10 03:25:49.327 3514 3514 W com.hht.lebocast: type=1400 audit(0.0:165): avc: granted { getattr } for comm=4173796E635461736B202337 path="/proc/3514/net/arp" dev="proc" ino=4026532256 scontext=u:r:platform_app:s0:c512,c768 tcontext=u:object_r:proc_net:s0 tclass=file app=com.hht.lebocast
01-10 03:25:49.451 1332 1839 D BufferPoolAccessor2.0: bufferpool2 0xb40000734dc2d098 : 0(0 size) total buffers - 0(0 size) used buffers - 50/54 (recycle/alloc) - 4/54 (fetch/transfer)
01-10 03:25:49.451 1332 1839 D BufferPoolAccessor2.0: evictor expired: 1, evicted: 1
01-10 03:25:49.391 4759 4759 I auditd : type=1400 audit(0.0:166): avc: denied { read } for comm="cat" name="address" dev="sysfs" ino=62320 scontext=u:r:platform_app:s0:c512,c768 tcontext=u:object_r:sysfs:s0 tclass=file permissive=0
01-10 03:25:49.391 4759 4759 W cat : type=1400 audit(0.0:166): avc: denied { read } for name="address" dev="sysfs" ino=62320 scontext=u:r:platform_app:s0:c512,c768 tcontext=u:object_r:sysfs:s0 tclass=file permissive=0
01-10 03:25:49.494 3697 3697 I ProvidersCache: Updating roots due to change on user 0at content://com.android.externalstorage.documents
01-10 03:25:49.505 3697 3697 I ProvidersCache: Updating roots due to change on user 0at content://com.android.externalstorage.documents
01-10 03:25:49.531 1136 1822 D WifiNl80211Manager: Scan result ready event
01-10 03:25:49.531 1136 1822 D WifiNative: Scan result ready event
01-10 03:25:49.536 1136 2389 W IE_Capabilities: Unknown RSN cipher suite: 6ac0f00
01-10 03:25:49.540 1136 2389 D WificondScannerImpl: Filtering out 10 scan results.
01-10 03:25:49.544 2883 2883 D WifiDebugService: onScanResultsAvailable
01-10 03:25:49.545 1431 3502 D LOWI-9.0.0.87.a: [LOWI-Scan] wait_event:Wait done with Cmd 34
01-10 03:25:49.545 1431 3502 D LOWI-9.0.0.87.a: [LOWI-Scan] do_listen_events: Rcvd valid Netlink Cmd 34 Err 0
01-10 03:25:49.545 1431 3502 D LOWI-9.0.0.87.a: [LOWI-Scan]
01-10 03:25:49.545 1431 3502 D LOWI-9.0.0.87.a: [LOWI-Scan] print_bss_handler: Report Probe TSF 101201140 as it greater than Beacon TSF 0
01-10 03:25:49.545 1431 3502 D LOWI-9.0.0.87.a: [LOWI-Scan] is_qcom_ie, bss_age: 0
01-10 03:25:49.545 1431 3502 D LOWI-9.0.0.87.a: [LOWI-Scan] BSS 38:a9:1c:35:03:6f LOWI_PHY_MODE_11AC_VHT80(10), Beacon Interval: 100, LOWI_ENCRYPTION_TYPE_OPEN 11mcRanging: No, ANQP: No, LCI: No, Civic: No, capability(0x0501): ESS SpectrumMgmt ShortSlotTime
01-10 03:25:49.545 1431 3502 D LOWI-9.0.0.87.a: [LOWI-Scan] BSS 38:a9:1c:35:03:6f FREQ: 5180, cFreq1[40:80:160] = [5190:5210:0] cFreq2 = 0 Country Code = US
01-10 03:25:49.546 1431 3502 D LOWI-9.0.0.87.a: [LOWI-Scan] BSS 38:a9:1c:35:03:6f (wlan0) ASSO: NO AddInfo: 0x0, TSF 0, 00:01:41.201, RSSI: -150, CPL: 127, AGE: 1120, SSID , TSFDelta: 0xb316a1fc, TXRate: 0
01-10 03:25:49.546 1431 3502 D LOWI-9.0.0.87.a: [LOWI-Scan]
01-10 03:25:49.546 1431 3502 D LOWI-9.0.0.87.a: [LOWI-Scan] print_bss_handler: Report Probe TSF 101203602 as it greater than Beacon TSF 101185091
01-10 03:25:49.546 1431 3502 D LOWI-9.0.0.87.a: [LOWI-Scan] is_qcom_ie, bss_age: 0
01-10 03:25:49.546 1431 3502 D LOWI-9.0.0.87.a: [LOWI-Scan] BSS 7c:de:78:ab:ce:0d LOWI_PHY_MODE_11AC_VHT80(10), Beacon Interval: 100, LOWI_ENCRYPTION_TYPE_OPEN 11mcRanging: No, ANQP: No, LCI: No, Civic: No, capability(0x0501): ESS SpectrumMgmt ShortSlotTime
01-10 03:25:49.546 1431 3502 D LOWI-9.0.0.87.a: [LOWI-Scan] BSS 7c:de:78:ab:ce:0d FREQ: 5180, cFreq1[40:80:160] = [5190:5210:0] cFreq2 = 0 Country Code = US
01-10 03:25:49.546 1431 3502 D LOWI-9.0.0.87.a: [LOWI-Scan] BSS 7c:de:78:ab:ce:0d (wlan0) ASSO: NO AddInfo: 0x0, TSF 0, 00:01:41.203, RSSI: -146, CPL: 127, AGE: 1120, SSID , TSFDelta: 0xb2172168, TXRate: 0
01-10 03:25:49.546 1431 3502 D LOWI-9.0.0.87.a: [LOWI-Scan]
01-10 03:25:49.546 1431 3502 D LOWI-9.0.0.87.a: [LOWI-Scan] print_bss_handler: Report Probe TSF 101203708 as it greater than Beacon TSF 0
01-10 03:25:49.546 1431 3502 D LOWI-9.0.0.87.a: [LOWI-Scan] is_qcom_ie, bss_age: 0
01-10 03:25:49.546 1431 3502 D LOWI-9.0.0.87.a: [LOWI-Scan] BSS 7c:de:78:ab:ce:0b LOWI_PHY_MODE_11AC_VHT80(10), Beacon Interval: 100, LOWI_ENCRYPTION_TYPE_OPEN 11mcRanging: No, ANQP: No, LCI: No, Civic: No, capability(0x0511): ESS Privacy SpectrumMgmt ShortSlotTime
01-10 03:25:49.546 1431 3502 D LOWI-9.0.0.87.a: [LOWI-Scan] BSS 7c:de:78:ab:ce:0b FREQ: 5180, cFreq1[40:80:160] = [5190:5210:0] cFreq2 = 0 Country Code = US
01-10 03:25:49.546 1431 3502 D LOWI-9.0.0.87.a: [LOWI-Scan] BSS 7c:de:78:ab:ce:0b (wlan0) ASSO: NO AddInfo: 0x0, TSF 0, 00:01:41.203, RSSI: -146, CPL: 127, AGE: 1120, SSID Perceiveeyes_5G, TSFDelta: 0xb21a7878, TXRate: 0
01-10 03:25:49.546 1431 3502 D LOWI-9.0.0.87.a: [LOWI-Scan]
01-10 03:25:49.546 1431 3502 D LOWI-9.0.0.87.a: [LOWI-Scan] print_bss_handler: Report Probe TSF 101201310 as it greater than Beacon TSF 81400449
01-10 03:25:49.546 1431 3502 D LOWI-9.0.0.87.a: [LOWI-Scan] decode_rsn_wpa_ie: LOWI_ENCRYPTION_TYPE_WPA_PSK
01-10 03:25:49.546 1431 3502 D LOWI-9.0.0.87.a: [LOWI-Scan] is_qcom_ie, bss_age: 0
01-10 03:25:49.546 1431 3502 D LOWI-9.0.0.87.a: [LOWI-Scan] BSS 38:a9:1c:35:03:6d LOWI_PHY_MODE_11AC_VHT80(10), Beacon Interval: 100, LOWI_ENCRYPTION_TYPE_WPA_PSK 11mcRanging: No, ANQP: No, LCI: No, Civic: No, capability(0x0511): ESS Privacy SpectrumMgmt ShortSlotTime
01-10 03:25:49.546 1431 3502 D LOWI-9.0.0.87.a: [LOWI-Scan] BSS 38:a9:1c:35:03:6d FREQ: 5180, cFreq1[40:80:160] = [5190:5210:0] cFreq2 = 0 Country Code = US
01-10 03:25:49.546 1431 3502 D LOWI-9.0.0.87.a: [LOWI-Scan] BSS 38:a9:1c:35:03:6d (wlan0) ASSO: NO AddInfo: 0x0, TSF 0, 00:01:41.201, RSSI: -150, CPL: 127, AGE: 1120, SSID H3C_v2x_wifi_5G, TSFDelta: 0xb319f8d7, TXRate: 0
01-10 03:25:49.546 1431 3502 D LOWI-9.0.0.87.a: [LOWI-Scan]
01-10 03:25:49.546 1431 3502 D LOWI-9.0.0.87.a: [LOWI-Scan] print_bss_handler: Report beacon TSF 81408557 as it greater than probe TSF 81408557
01-10 03:25:49.546 1431 3502 D LOWI-9.0.0.87.a: [LOWI-Scan] decode_rsn_wpa_ie: LOWI_ENCRYPTION_TYPE_WPA_PSK
01-10 03:25:49.546 1431 3502 D LOWI-9.0.0.87.a: [LOWI-Scan] is_qcom_ie, bss_age: 0
01-10 03:25:49.546 1431 3502 D LOWI-9.0.0.87.a: [LOWI-Scan] adjust_age:AP AGE upper limit reached. Dont store
01-10 03:25:49.546 1431 3502 D LOWI-9.0.0.87.a: [LOWI-Scan] BSS 20:dc:e6:42:b5:62 LOWI_PHY_MODE_11NG_HT40(7), Beacon Interval: 100, LOWI_ENCRYPTION_TYPE_WPA_PSK 11mcRanging: No, ANQP: No, LCI: No, Civic: No, capability(0x0431): ESS Privacy ShortPreamble ShortSlotTime
01-10 03:25:49.546 1431 3502 D LOWI-9.0.0.87.a: [LOWI-Scan] BSS 20:dc:e6:42:b5:62 FREQ: 2412, cFreq1[40:80:160] = [2422:0:0] cFreq2 = 0 Country Code =
01-10 03:25:49.546 1431 3502 D LOWI-9.0.0.87.a: [LOWI-Scan] BSS 20:dc:e6:42:b5:62 (wlan0) ASSO: NO AddInfo: 0x1, TSF 0, 00:01:21.408, RSSI: -176, CPL: 127, AGE: 20916, SSID TP-LINK_42B562, TSFDelta: 0xb1dc9c7a, TXRate: 0
01-10 03:25:49.546 1431 3502 D LOWI-9.0.0.87.a: [LOWI-Scan]
01-10 03:25:49.546 1431 3502 D LOWI-9.0.0.87.a: [LOWI-Scan] print_bss_handler: Report beacon TSF 101183279 as it greater than probe TSF 81429943
01-10 03:25:49.546 1431 3502 D LOWI-9.0.0.87.a: [LOWI-Scan] is_qcom_ie, bss_age: 0
01-10 03:25:49.546 1431 3502 D LOWI-9.0.0.87.a: [LOWI-Scan] BSS 7c:de:78:ab:ce:06 LOWI_PHY_MODE_11NG_HT20(5), Beacon Interval: 100, LOWI_ENCRYPTION_TYPE_OPEN 11mcRanging: No, ANQP: No, LCI: No, Civic: No, capability(0x0401): ESS ShortSlotTime
01-10 03:25:49.547 1431 3502 D LOWI-9.0.0.87.a: [LOWI-Scan] BSS 7c:de:78:ab:ce:06 FREQ: 2412, cFreq1[40:80:160] = [0:0:0] cFreq2 = 0 Country Code =
01-10 03:25:49.547 1431 3502 D LOWI-9.0.0.87.a: [LOWI-Scan] BSS 7c:de:78:ab:ce:06 (wlan0) ASSO: NO AddInfo: 0x1, TSF 0, 00:01:41.183, RSSI: -136, CPL: 127, AGE: 1140, SSID , TSFDelta: 0xb57c553a, TXRate: 0
01-10 03:25:49.547 1431 3502 D LOWI-9.0.0.87.a: [LOWI-Scan]
01-01 09:51:51.793 0 0 I [schedu][0x8eb3c630][03:25:49.531768] wlan: [3172:I:OSIF] vdev 0, scan id 40962 type COMPLETED(1) reason COMPLETED(1) scan found 34 bss
01-10 03:25:49.547 1431 3502 D LOWI-9.0.0.87.a: [LOWI-Scan] print_bss_handler: Report beacon TSF 101248242 as it greater than probe TSF 81434951
01-10 03:25:49.547 1431 3502 D LOWI-9.0.0.87.a: [LOWI-Scan] is_qcom_ie, bss_age: 0
01-10 03:25:49.547 1431 3502 D LOWI-9.0.0.87.a: [LOWI-Scan] BSS 7c:de:78:ab:ce:08 LOWI_PHY_MODE_11NG_HT20(5), Beacon Interval: 100, LOWI_ENCRYPTION_TYPE_OPEN 11mcRanging: No, ANQP: No, LCI: No, Civic: No, capability(0x0411): ESS Privacy ShortSlotTime
01-10 03:25:49.547 1431 3502 D LOWI-9.0.0.87.a: [LOWI-Scan] BSS 7c:de:78:ab:ce:08 FREQ: 2412, cFreq1[40:80:160] = [0:0:0] cFreq2 = 0 Country Code =
01-10 03:25:49.547 1431 3502 D LOWI-9.0.0.87.a: [LOWI-Scan] BSS 7c:de:78:ab:ce:08 (wlan0) ASSO: NO AddInfo: 0x1, TSF 0, 00:01:41.248, RSSI: -138, CPL: 127, AGE: 1072, SSID Perceiveeyes, TSFDelta: 0xb58fccbd, TXRate: 0
01-10 03:25:49.547 1431 3502 D LOWI-9.0.0.87.a: [LOWI-Scan]
01-10 03:25:49.547 1431 3502 D LOWI-9.0.0.87.a: [LOWI-Scan] print_bss_handler: Report beacon TSF 81435073 as it greater than probe TSF 81435073
01-10 03:25:49.547 1431 3502 D LOWI-9.0.0.87.a: [LOWI-Scan] is_qcom_ie, bss_age: 0
01-10 03:25:49.547 1431 3502 D LOWI-9.0.0.87.a: [LOWI-Scan] adjust_age:AP AGE upper limit reached. Dont store
01-10 03:25:49.547 1431 3502 D LOWI-9.0.0.87.a: [LOWI-Scan] BSS 18:6f:2d:81:1e:61 LOWI_PHY_MODE_11NG_HT20(5), Beacon Interval: 100, LOWI_ENCRYPTION_TYPE_OPEN 11mcRanging: No, ANQP: No, LCI: No, Civic: No, capability(0x0521): ESS ShortPreamble SpectrumMgmt ShortSlotTime
01-10 03:25:49.547 1431 3502 D LOWI-9.0.0.87.a: [LOWI-Scan] BSS 18:6f:2d:81:1e:61 FREQ: 2412, cFreq1[40:80:160] = [2412:0:0] cFreq2 = 0 Country Code = CN
01-10 03:25:49.547 1431 3502 D LOWI-9.0.0.87.a: [LOWI-Scan] BSS 18:6f:2d:81:1e:61 (wlan0) ASSO: NO AddInfo: 0x1, TSF 0, 00:01:21.435, RSSI: -174, CPL: 127, AGE: 20888, SSID Guest, TSFDelta: 0x6dc7a8bf, TXRate: 0
01-10 03:25:49.547 1431 3502 D LOWI-9.0.0.87.a: [LOWI-Scan]
01-10 03:25:49.547 1431 3502 D LOWI-9.0.0.87.a: [LOWI-Scan] print_bss_handler: Report beacon TSF 81435170 as it greater than probe TSF 81435170
01-10 03:25:49.547 1431 3502 D LOWI-9.0.0.87.a: [LOWI-Scan] decode_rsn_wpa_ie: LOWI_ENCRYPTION_TYPE_WPA_PSK
01-10 03:25:49.547 1431 3502 D LOWI-9.0.0.87.a: [LOWI-Scan] is_qcom_ie, bss_age: 0
01-10 03:25:49.547 1431 3502 D LOWI-9.0.0.87.a: [LOWI-Scan] adjust_age:AP AGE upper limit reached. Dont store
01-10 03:25:49.547 1431 3502 D LOWI-9.0.0.87.a: [LOWI-Scan] BSS 18:6f:2d:81:1e:62 LOWI_PHY_MODE_11NG_HT20(5), Beacon Interval: 100, LOWI_ENCRYPTION_TYPE_WPA_PSK 11mcRanging: No, ANQP: No, LCI: No, Civic: No, capability(0x0531): ESS Privacy ShortPreamble SpectrumMgmt ShortSlotTime
01-10 03:25:49.547 1431 3502 D LOWI-9.0.0.87.a: [LOWI-Scan] BSS 18:6f:2d:81:1e:62 FREQ: 2412, cFreq1[40:80:160] = [2412:0:0] cFreq2 = 0 Country Code = CN
01-10 03:25:49.547 1431 3502 D LOWI-9.0.0.87.a: [LOWI-Scan] BSS 18:6f:2d:81:1e:62 (wlan0) ASSO: NO AddInfo: 0x1, TSF 0, 00:01:21.435, RSSI: -172, CPL: 127, AGE: 20888, SSID ThunderSoft_2.4G, TSFDelta: 0x6dcc99be, TXRate: 0
01-10 03:25:49.547 1431 3502 D LOWI-9.0.0.87.a: [LOWI-Scan]
01-10 03:25:49.547 1431 3502 D LOWI-9.0.0.87.a: [LOWI-Scan] print_bss_handler: Report beacon TSF 81435258 as it greater than probe TSF 81435258
01-10 03:25:49.547 1431 3502 D LOWI-9.0.0.87.a: [LOWI-Scan] decode_rsn_wpa_ie: LOWI_ENCRYPTION_TYPE_WPA_PSK
01-10 03:25:49.547 1431 3502 D LOWI-9.0.0.87.a: [LOWI-Scan] is_qcom_ie, bss_age: 0
01-10 03:25:49.547 1431 3502 D LOWI-9.0.0.87.a: [LOWI-Scan] adjust_age:AP AGE upper limit reached. Dont store
01-10 03:25:49.547 1431 3502 D LOWI-9.0.0.87.a: [LOWI-Scan] BSS 18:6f:2d:81:1e:63 LOWI_PHY_MODE_11NG_HT20(5), Beacon Interval: 100, LOWI_ENCRYPTION_TYPE_WPA_PSK 11mcRanging: No, ANQP: No, LCI: No, Civic: No, capability(0x0531): ESS Privacy ShortPreamble SpectrumMgmt ShortSlotTime
01-10 03:25:49.547 1431 3502 D LOWI-9.0.0.87.a: [LOWI-Scan] BSS 18:6f:2d:81:1e:63 FREQ: 2412, cFreq1[40:80:160] = [2412:0:0] cFreq2 = 0 Country Code = CN
01-10 03:25:49.547 1431 3502 D LOWI-9.0.0.87.a: [LOWI-Scan] BSS 18:6f:2d:81:1e:63 (wlan0) ASSO: NO AddInfo: 0x1, TSF 0, 00:01:21.435, RSSI: -174, CPL: 127, AGE: 20888, SSID ZXHY, TSFDelta: 0x6dd20f87, TXRate: 0
01-10 03:25:49.547 1431 3502 D LOWI-9.0.0.87.a: [LOWI-Scan]
01-10 03:25:49.547 1431 3502 D LOWI-9.0.0.87.a: [LOWI-Scan] print_bss_handler: Report Probe TSF 101263391 as it greater than Beacon TSF 0
01-10 03:25:49.547 1431 3502 D LOWI-9.0.0.87.a: [LOWI-Scan] decode_rsn_wpa_ie: LOWI_ENCRYPTION_TYPE_WPA_PSK
01-10 03:25:49.547 1431 3502 D LOWI-9.0.0.87.a: [LOWI-Scan] is_qcom_ie, bss_age: 0
01-10 03:25:49.547 1431 3502 D LOWI-9.0.0.87.a: [LOWI-Scan] BSS 1a:51:7e:52:1a:24 LOWI_PHY_MODE_11AC_VHT40(9), Beacon Interval: 100, LOWI_ENCRYPTION_TYPE_WPA_PSK 11mcRanging: No, ANQP: Yes, LCI: No, Civic: No, capability(0x0131): ESS Privacy ShortPreamble SpectrumMgmt
01-10 03:25:49.547 1431 3502 D LOWI-9.0.0.87.a: [LOWI-Scan] BSS 1a:51:7e:52:1a:24 FREQ: 5200, cFreq1[40:80:160] = [5190:0:0] cFreq2 = 0 Country Code = CN
01-10 03:25:49.547 1431 3502 D LOWI-9.0.0.87.a: [LOWI-Scan] BSS 1a:51:7e:52:1a:24 (wlan0) ASSO: NO AddInfo: 0x0, TSF 0, 00:01:41.263, RSSI: -142, CPL: 127, AGE: 1060, SSID H3C_EPOCH, TSFDelta: 0xb435b337, TXRate: 0
01-10 03:25:49.547 1431 3502 D LOWI-9.0.0.87.a: [LOWI-Scan]
01-10 03:25:49.547 1431 3502 D LOWI-9.0.0.87.a: [LOWI-Scan] print_bss_handler: Report Probe TSF 101295629 as it greater than Beacon TSF 0
01-10 03:25:49.547 1431 3502 D LOWI-9.0.0.87.a: [LOWI-Scan] decode_rsn_wpa_ie: LOWI_ENCRYPTION_TYPE_WPA_PSK
01-10 03:25:49.547 1431 3502 D LOWI-9.0.0.87.a: [LOWI-Scan] is_qcom_ie, bss_age: 0
01-10 03:25:49.547 1431 3502 D LOWI-9.0.0.87.a: [LOWI-Scan] BSS 70:8b:cd:5c:19:2c LOWI_PHY_MODE_11AC_VHT80(10), Beacon Interval: 100, LOWI_ENCRYPTION_TYPE_WPA_PSK 11mcRanging: No, ANQP: No, LCI: No, Civic: No, capability(0x0831): ESS Privacy ShortPreamble APSD
01-10 03:25:49.547 1431 3502 D LOWI-9.0.0.87.a: [LOWI-Scan] BSS 70:8b:cd:5c:19:2c FREQ: 5220, cFreq1[40:80:160] = [5230:5210:0] cFreq2 = 0 Country Code = FR
01-10 03:25:49.547 1431 3502 D LOWI-9.0.0.87.a: [LOWI-Scan] BSS 70:8b:cd:5c:19:2c (wlan0) ASSO: NO AddInfo: 0x0, TSF 0, 00:01:41.295, RSSI: -148, CPL: 127, AGE: 1028, SSID ASUS_5G, TSFDelta: 0xb4c4da4d, TXRate: 0
01-10 03:25:49.548 1431 3502 D LOWI-9.0.0.87.a: [LOWI-Scan]
01-10 03:25:49.548 1431 3502 D LOWI-9.0.0.87.a: [LOWI-Scan] print_bss_handler: Report Probe TSF 101489804 as it greater than Beacon TSF 101476141
01-10 03:25:49.548 1431 3502 D LOWI-9.0.0.87.a: [LOWI-Scan] decode_rsn_wpa_ie: LOWI_ENCRYPTION_TYPE_WPA_PSK
01-10 03:25:49.548 1431 3502 D LOWI-9.0.0.87.a: [LOWI-Scan] is_qcom_ie, bss_age: 0
01-10 03:25:49.548 1431 3502 D LOWI-9.0.0.87.a: [LOWI-Scan] BSS 64:6e:97:5a:7e:e2 LOWI_PHY_MODE_11AC_VHT80(10), Beacon Interval: 100, LOWI_ENCRYPTION_TYPE_WPA_PSK 11mcRanging: No, ANQP: No, LCI: No, Civic: No, capability(0x1011): ESS Privacy
01-10 03:25:49.548 1431 3502 D LOWI-9.0.0.87.a: [LOWI-Scan] BSS 64:6e:97:5a:7e:e2 FREQ: 5785, cFreq1[40:80:160] = [5795:5775:0] cFreq2 = 0 Country Code = CN
01-10 03:25:49.548 1431 3502 D LOWI-9.0.0.87.a: [LOWI-Scan] BSS 64:6e:97:5a:7e:e2 (wlan0) ASSO: NO AddInfo: 0x0, TSF 0, 00:01:41.489, RSSI: -164, CPL: 127, AGE: 832, SSID DMC, TSFDelta: 0x7a53d69a, TXRate: 0
01-10 03:25:49.548 1431 3502 D LOWI-9.0.0.87.a: [LOWI-Scan]
01-10 03:25:49.548 1431 3502 D LOWI-9.0.0.87.a: [LOWI-Scan] print_bss_handler: Report beacon TSF 101613111 as it greater than probe TSF 101587593
01-10 03:25:49.548 1431 3502 D LOWI-9.0.0.87.a: [LOWI-Scan] decode_rsn_wpa_ie: LOWI_ENCRYPTION_TYPE_WPA_PSK
01-10 03:25:49.548 1431 3502 D LOWI-9.0.0.87.a: [LOWI-Scan] is_qcom_ie, bss_age: 0
01-10 03:25:49.548 1431 3502 D LOWI-9.0.0.87.a: [LOWI-Scan] BSS 18:6f:2d:80:62:f0 LOWI_PHY_MODE_11AC_VHT20(8), Beacon Interval: 100, LOWI_ENCRYPTION_TYPE_WPA_PSK 11mcRanging: No, ANQP: No, LCI: No, Civic: No, capability(0x0111): ESS Privacy SpectrumMgmt
01-10 03:25:49.548 1431 3502 D LOWI-9.0.0.87.a: [LOWI-Scan] BSS 18:6f:2d:80:62:f0 FREQ: 5825, cFreq1[40:80:160] = [5825:0:0] cFreq2 = 0 Country Code = CN
01-10 03:25:49.548 1431 3502 D LOWI-9.0.0.87.a: [LOWI-Scan] BSS 18:6f:2d:80:62:f0 (wlan0) ASSO: NO AddInfo: 0x1, TSF 0, 00:01:41.613, RSSI: -172, CPL: 127, AGE: 708, SSID Testing , TSFDelta: 0xd96bc69a, TXRate: 0
01-10 03:25:49.548 1431 3502 D LOWI-9.0.0.87.a: [LOWI-Scan]
01-10 03:25:49.548 1431 3502 D LOWI-9.0.0.87.a: [LOWI-Scan] print_bss_handler: Report beacon TSF 101613196 as it greater than probe TSF 101588965
01-10 03:25:49.548 1431 3502 D LOWI-9.0.0.87.a: [LOWI-Scan] is_qcom_ie, bss_age: 0
01-10 03:25:49.548 1431 3502 D LOWI-9.0.0.87.a: [LOWI-Scan] BSS 18:6f:2d:80:62:f1 LOWI_PHY_MODE_11AC_VHT20(8), Beacon Interval: 100, LOWI_ENCRYPTION_TYPE_OPEN 11mcRanging: No, ANQP: No, LCI: No, Civic: No, capability(0x0101): ESS SpectrumMgmt
01-10 03:25:49.548 1431 3502 D LOWI-9.0.0.87.a: [LOWI-Scan] BSS 18:6f:2d:80:62:f1 FREQ: 5825, cFreq1[40:80:160] = [5825:0:0] cFreq2 = 0 Country Code = CN
01-10 03:25:49.548 1431 3502 D LOWI-9.0.0.87.a: [LOWI-Scan] BSS 18:6f:2d:80:62:f1 (wlan0) ASSO: NO AddInfo: 0x1, TSF 0, 00:01:41.613, RSSI: -172, CPL: 127, AGE: 708, SSID Guest, TSFDelta: 0xd975e40a, TXRate: 0
01-10 03:25:49.548 1431 3502 D LOWI-9.0.0.87.a: [LOWI-Scan]
01-10 03:25:49.548 1431 3502 D LOWI-9.0.0.87.a: [LOWI-Scan] print_bss_handler: Report beacon TSF 101613278 as it greater than probe TSF 101589667
01-10 03:25:49.548 1431 3502 D LOWI-9.0.0.87.a: [LOWI-Scan] decode_rsn_wpa_ie: LOWI_ENCRYPTION_TYPE_WPA_PSK
01-10 03:25:49.548 1431 3502 D LOWI-9.0.0.87.a: [LOWI-Scan] is_qcom_ie, bss_age: 0
01-10 03:25:49.548 1431 3502 D LOWI-9.0.0.87.a: [LOWI-Scan] BSS 18:6f:2d:80:62:f2 LOWI_PHY_MODE_11AC_VHT20(8), Beacon Interval: 100, LOWI_ENCRYPTION_TYPE_WPA_PSK 11mcRanging: No, ANQP: No, LCI: No, Civic: No, capability(0x0111): ESS Privacy SpectrumMgmt
01-10 03:25:49.548 1431 3502 D LOWI-9.0.0.87.a: [LOWI-Scan] BSS 18:6f:2d:80:62:f2 FREQ: 5825, cFreq1[40:80:160] = [5825:0:0] cFreq2 = 0 Country Code = CN
01-10 03:25:49.548 1431 3502 D LOWI-9.0.0.87.a: [LOWI-Scan] BSS 18:6f:2d:80:62:f2 (wlan0) ASSO: NO AddInfo: 0x1, TSF 0, 00:01:41.613, RSSI: -174, CPL: 127, AGE: 708, SSID ZXHY, TSFDelta: 0xd97afdf1, TXRate: 0
01-10 03:25:49.548 1431 3502 D LOWI-9.0.0.87.a: [LOWI-Scan]
01-10 03:25:49.548 1431 3502 D LOWI-9.0.0.87.a: [LOWI-Scan] print_bss_handler: Report Probe TSF 101591953 as it greater than Beacon TSF 0
01-10 03:25:49.548 1431 3502 D LOWI-9.0.0.87.a: [LOWI-Scan] decode_rsn_wpa_ie: LOWI_ENCRYPTION_TYPE_WPA_PSK
01-10 03:25:49.548 1431 3502 D LOWI-9.0.0.87.a: [LOWI-Scan] is_qcom_ie, bss_age: 0
01-10 03:25:49.548 1431 3502 D LOWI-9.0.0.87.a: [LOWI-Scan] BSS 18:6f:2d:80:62:f3 LOWI_PHY_MODE_11AC_VHT20(8), Beacon Interval: 100, LOWI_ENCRYPTION_TYPE_WPA_PSK 11mcRanging: No, ANQP: No, LCI: No, Civic: No, capability(0x0111): ESS Privacy SpectrumMgmt
01-10 03:25:49.548 1431 3502 D LOWI-9.0.0.87.a: [LOWI-Scan] BSS 18:6f:2d:80:62:f3 FREQ: 5825, cFreq1[40:80:160] = [5825:0:0] cFreq2 = 0 Country Code = CN
01-10 03:25:49.548 1431 3502 D LOWI-9.0.0.87.a: [LOWI-Scan] BSS 18:6f:2d:80:62:f3 (wlan0) ASSO: NO AddInfo: 0x0, TSF 0, 00:01:41.591, RSSI: -172, CPL: 127, AGE: 732, SSID Fanya, TSFDelta: 0xd98b1c5c, TXRate: 0
01-10 03:25:49.548 1431 3502 D LOWI-9.0.0.87.a: [LOWI-Scan]
01-10 03:25:49.549 1431 3502 D LOWI-9.0.0.87.a: [LOWI-Scan] print_bss_handler: Report Probe TSF 101612492 as it greater than Beacon TSF 0
01-10 03:25:49.549 1431 3502 D LOWI-9.0.0.87.a: [LOWI-Scan] decode_rsn_wpa_ie: LOWI_ENCRYPTION_TYPE_WPA_PSK
01-10 03:25:49.549 1431 3502 D LOWI-9.0.0.87.a: [LOWI-Scan] is_qcom_ie, bss_age: 0
01-10 03:25:49.549 1431 3502 D LOWI-9.0.0.87.a: [LOWI-Scan] BSS 18:6f:2d:80:62:f4 LOWI_PHY_MODE_11AC_VHT20(8), Beacon Interval: 100, LOWI_ENCRYPTION_TYPE_WPA_PSK 11mcRanging: No, ANQP: No, LCI: No, Civic: No, capability(0x0111): ESS Privacy SpectrumMgmt
01-10 03:25:49.549 1431 3502 D LOWI-9.0.0.87.a: [LOWI-Scan] BSS 18:6f:2d:80:62:f4 FREQ: 5825, cFreq1[40:80:160] = [5825:0:0] cFreq2 = 0 Country Code = CN
01-10 03:25:49.549 1431 3502 D LOWI-9.0.0.87.a: [LOWI-Scan] BSS 18:6f:2d:80:62:f4 (wlan0) ASSO: NO AddInfo: 0x0, TSF 0, 00:01:41.612, RSSI: -172, CPL: 127, AGE: 708, SSID ThunderSoft, TSFDelta: 0xd996559c, TXRate: 0
01-10 03:25:49.549 1431 3502 D LOWI-9.0.0.87.a: [LOWI-Scan]
01-10 03:25:49.549 1431 3502 D LOWI-9.0.0.87.a: [LOWI-Scan] print_bss_handler: Report Probe TSF 101612750 as it greater than Beacon TSF 0
01-10 03:25:49.549 1431 3502 D LOWI-9.0.0.87.a: [LOWI-Scan] decode_rsn_wpa_ie: LOWI_ENCRYPTION_TYPE_WPA_PSK
01-10 03:25:49.549 1431 3502 D LOWI-9.0.0.87.a: [LOWI-Scan] is_qcom_ie, bss_age: 0
01-10 03:25:49.549 1431 3502 D LOWI-9.0.0.87.a: [LOWI-Scan] BSS 18:6f:2d:80:62:f5 LOWI_PHY_MODE_11AC_VHT20(8), Beacon Interval: 100, LOWI_ENCRYPTION_TYPE_WPA_PSK 11mcRanging: No, ANQP: No, LCI: No, Civic: No, capability(0x0111): ESS Privacy SpectrumMgmt
01-10 03:25:49.549 1431 3502 D LOWI-9.0.0.87.a: [LOWI-Scan] BSS 18:6f:2d:80:62:f5 FREQ: 5825, cFreq1[40:80:160] = [5825:0:0] cFreq2 = 0 Country Code = CN
01-10 03:25:49.549 1431 3502 D LOWI-9.0.0.87.a: [LOWI-Scan] BSS 18:6f:2d:80:62:f5 (wlan0) ASSO: NO AddInfo: 0x0, TSF 0, 00:01:41.612, RSSI: -170, CPL: 127, AGE: 708, SSID GM, TSFDelta: 0xd9a18482, TXRate: 0
01-10 03:25:49.549 1431 3502 D LOWI-9.0.0.87.a: [LOWI-Scan]
01-10 03:25:49.549 1431 3502 D LOWI-9.0.0.87.a: [LOWI-Scan] print_bss_handler: Report Probe TSF 81902315 as it greater than Beacon TSF 81890188
01-10 03:25:49.549 1431 3502 D LOWI-9.0.0.87.a: [LOWI-Scan] decode_rsn_wpa_ie: LOWI_ENCRYPTION_TYPE_WPA_PSK
01-10 03:25:49.549 1431 3502 D LOWI-9.0.0.87.a: [LOWI-Scan] is_qcom_ie, bss_age: 0
01-10 03:25:49.549 1431 3502 D LOWI-9.0.0.87.a: [LOWI-Scan] adjust_age:AP AGE upper limit reached. Dont store
01-10 03:25:49.549 1431 3502 D LOWI-9.0.0.87.a: [LOWI-Scan] BSS 1c:51:7e:52:1a:23 LOWI_PHY_MODE_11AC_VHT20_2G(11), Beacon Interval: 100, LOWI_ENCRYPTION_TYPE_WPA_PSK 11mcRanging: No, ANQP: Yes, LCI: No, Civic: No, capability(0x0431): ESS Privacy ShortPreamble ShortSlotTime
01-10 03:25:49.549 1431 3502 D LOWI-9.0.0.87.a: [LOWI-Scan] BSS 1c:51:7e:52:1a:23 FREQ: 2437, cFreq1[40:80:160] = [0:0:0] cFreq2 = 0 Country Code = CN
01-10 03:25:49.549 1431 3502 D LOWI-9.0.0.87.a: [LOWI-Scan] BSS 1c:51:7e:52:1a:23 (wlan0) ASSO: NO AddInfo: 0x0, TSF 0, 00:01:21.902, RSSI: -128, CPL: 127, AGE: 20420, SSID H3C_EPOCH_ETH10, TSFDelta: 0xc1c452e2, TXRate: 0
01-10 03:25:49.549 1431 3502 D LOWI-9.0.0.87.a: [LOWI-Scan]
01-10 03:25:49.549 1431 3502 D LOWI-9.0.0.87.a: [LOWI-Scan] print_bss_handler: Report Probe TSF 81891467 as it greater than Beacon TSF 81890640
01-10 03:25:49.549 1431 3502 D LOWI-9.0.0.87.a: [LOWI-Scan] is_qcom_ie, bss_age: 0
01-10 03:25:49.549 1431 3502 D LOWI-9.0.0.87.a: [LOWI-Scan] adjust_age:AP AGE upper limit reached. Dont store
01-10 03:25:49.549 1431 3502 D LOWI-9.0.0.87.a: [LOWI-Scan] BSS 38:a9:1c:35:03:68 LOWI_PHY_MODE_11NG_HT20(5), Beacon Interval: 100, LOWI_ENCRYPTION_TYPE_OPEN 11mcRanging: No, ANQP: No, LCI: No, Civic: No, capability(0x0401): ESS ShortSlotTime
01-10 03:25:49.549 1431 3502 D LOWI-9.0.0.87.a: [LOWI-Scan] BSS 38:a9:1c:35:03:68 FREQ: 2437, cFreq1[40:80:160] = [0:0:0] cFreq2 = 0 Country Code =
01-10 03:25:49.549 1431 3502 D LOWI-9.0.0.87.a: [LOWI-Scan] BSS 38:a9:1c:35:03:68 (wlan0) ASSO: NO AddInfo: 0x0, TSF 0, 00:01:21.891, RSSI: -144, CPL: 127, AGE: 20432, SSID , TSFDelta: 0xc1f3fd48, TXRate: 0
01-10 03:25:49.550 1431 3502 D LOWI-9.0.0.87.a: [LOWI-Scan]
01-10 03:25:49.550 1431 3502 D LOWI-9.0.0.87.a: [LOWI-Scan] print_bss_handler: Report Probe TSF 81902741 as it greater than Beacon TSF 81891099
01-10 03:25:49.550 1431 3502 D LOWI-9.0.0.87.a: [LOWI-Scan] decode_rsn_wpa_ie: LOWI_ENCRYPTION_TYPE_WPA_PSK
01-10 03:25:49.550 1431 3502 D LOWI-9.0.0.87.a: [LOWI-Scan] is_qcom_ie, bss_age: 0
01-10 03:25:49.550 1431 3502 D LOWI-9.0.0.87.a: [LOWI-Scan] adjust_age:AP AGE upper limit reached. Dont store
01-10 03:25:49.550 1431 3502 D LOWI-9.0.0.87.a: [LOWI-Scan] BSS 22:51:7e:52:1a:23 LOWI_PHY_MODE_11AC_VHT20_2G(11), Beacon Interval: 100, LOWI_ENCRYPTION_TYPE_WPA_PSK 11mcRanging: No, ANQP: Yes, LCI: No, Civic: No, capability(0x0431): ESS Privacy ShortPreamble ShortSlotTime
01-10 03:25:49.550 1431 3502 D LOWI-9.0.0.87.a: [LOWI-Scan] BSS 22:51:7e:52:1a:23 FREQ: 2437, cFreq1[40:80:160] = [0:0:0] cFreq2 = 0 Country Code = CN
01-10 03:25:49.550 1431 3502 D LOWI-9.0.0.87.a: [LOWI-Scan] BSS 22:51:7e:52:1a:23 (wlan0) ASSO: NO AddInfo: 0x0, TSF 0, 00:01:21.902, RSSI: -130, CPL: 127, AGE: 20420, SSID H3C_EPOCH_WIFI5_4G, TSFDelta: 0xc1f058ca, TXRate: 0
01-10 03:25:49.550 1431 3502 D LOWI-9.0.0.87.a: [LOWI-Scan]
01-10 03:25:49.550 1431 3502 D LOWI-9.0.0.87.a: [LOWI-Scan] print_bss_handler: Report beacon TSF 101644458 as it greater than probe TSF 81891867
01-10 03:25:49.550 1431 3502 D LOWI-9.0.0.87.a: [LOWI-Scan] decode_rsn_wpa_ie: LOWI_ENCRYPTION_TYPE_WPA_PSK
01-10 03:25:49.550 1431 3502 D LOWI-9.0.0.87.a: [LOWI-Scan] is_qcom_ie, bss_age: 0
01-10 03:25:49.550 1431 3502 D LOWI-9.0.0.87.a: [LOWI-Scan] BSS 38:a9:1c:35:03:6a LOWI_PHY_MODE_11NG_HT20(5), Beacon Interval: 100, LOWI_ENCRYPTION_TYPE_WPA_PSK 11mcRanging: No, ANQP: No, LCI: No, Civic: No, capability(0x0411): ESS Privacy ShortSlotTime
01-10 03:25:49.550 1431 3502 D LOWI-9.0.0.87.a: [LOWI-Scan] BSS 38:a9:1c:35:03:6a FREQ: 2437, cFreq1[40:80:160] = [0:0:0] cFreq2 = 0 Country Code =
01-10 03:25:49.550 1431 3502 D LOWI-9.0.0.87.a: [LOWI-Scan] BSS 38:a9:1c:35:03:6a (wlan0) ASSO: NO AddInfo: 0x1, TSF 0, 00:01:41.644, RSSI: -148, CPL: 127, AGE: 676, SSID H3C_v2x_wifi, TSFDelta: 0xc201c731, TXRate: 0
01-10 03:25:49.550 1431 3502 D LOWI-9.0.0.87.a: [LOWI-Scan]
01-10 03:25:49.550 1431 3502 D LOWI-9.0.0.87.a: [LOWI-Scan] print_bss_handler: Report Probe TSF 81901456 as it greater than Beacon TSF 0
01-10 03:25:49.550 1431 3502 D LOWI-9.0.0.87.a: [LOWI-Scan] decode_rsn_wpa_ie: LOWI_ENCRYPTION_TYPE_WPA_PSK
01-10 03:25:49.550 1431 3502 D LOWI-9.0.0.87.a: [LOWI-Scan] is_qcom_ie, bss_age: 0
01-10 03:25:49.550 1431 3502 D LOWI-9.0.0.87.a: [LOWI-Scan] adjust_age:AP AGE upper limit reached. Dont store
01-10 03:25:49.550 1431 3502 D LOWI-9.0.0.87.a: [LOWI-Scan] BSS 1a:51:7e:52:1a:23 LOWI_PHY_MODE_11AC_VHT20_2G(11), Beacon Interval: 100, LOWI_ENCRYPTION_TYPE_WPA_PSK 11mcRanging: No, ANQP: Yes, LCI: No, Civic: No, capability(0x1c31): ESS Privacy ShortPreamble ShortSlotTime APSD
01-10 03:25:49.550 1431 3502 D LOWI-9.0.0.87.a: [LOWI-Scan] BSS 1a:51:7e:52:1a:23 FREQ: 2437, cFreq1[40:80:160] = [0:0:0] cFreq2 = 0 Country Code = CN
01-10 03:25:49.550 1431 3502 D LOWI-9.0.0.87.a: [LOWI-Scan] BSS 1a:51:7e:52:1a:23 (wlan0) ASSO: NO AddInfo: 0x0, TSF 0, 00:01:21.901, RSSI: -126, CPL: 127, AGE: 20420, SSID H3C_EPOCH, TSFDelta: 0xc191ab57, TXRate: 0
01-10 03:25:49.571 1431 3502 D LOWI-9.0.0.87.a: [LOWI-Scan]
01-10 03:25:49.571 1431 3502 D LOWI-9.0.0.87.a: [LOWI-Scan] print_bss_handler: Report beacon TSF 101840601 as it greater than probe TSF 101764132
01-10 03:25:49.571 1431 3502 D LOWI-9.0.0.87.a: [LOWI-Scan] decode_rsn_wpa_ie: LOWI_ENCRYPTION_TYPE_WPA_PSK
01-10 03:25:49.571 1431 3502 D LOWI-9.0.0.87.a: [LOWI-Scan] is_qcom_ie, bss_age: 0
01-10 03:25:49.571 1431 3502 D LOWI-9.0.0.87.a: [LOWI-Scan] BSS 18:6f:2d:81:1e:70 LOWI_PHY_MODE_11AC_VHT20(8), Beacon Interval: 100, LOWI_ENCRYPTION_TYPE_WPA_PSK 11mcRanging: No, ANQP: No, LCI: No, Civic: No, capability(0x0111): ESS Privacy SpectrumMgmt
01-10 03:25:49.571 1431 3502 D LOWI-9.0.0.87.a: [LOWI-Scan] BSS 18:6f:2d:81:1e:70 FREQ: 5280, cFreq1[40:80:160] = [5280:0:0] cFreq2 = 0 Country Code = CN
01-10 03:25:49.571 1431 3502 D LOWI-9.0.0.87.a: [LOWI-Scan] BSS 18:6f:2d:81:1e:70 (wlan0) ASSO: NO AddInfo: 0x1, TSF 0, 00:01:41.840, RSSI: -160, CPL: 127, AGE: 480, SSID Testing , TSFDelta: 0xe1571d5b, TXRate: 0
01-10 03:25:49.571 1431 3502 D LOWI-9.0.0.87.a: [LOWI-Scan]
01-10 03:25:49.571 1431 3502 D LOWI-9.0.0.87.a: [LOWI-Scan] print_bss_handler: Report beacon TSF 101840874 as it greater than probe TSF 101765137
01-10 03:25:49.571 1431 3502 D LOWI-9.0.0.87.a: [LOWI-Scan] is_qcom_ie, bss_age: 0
01-10 03:25:49.571 1431 3502 D LOWI-9.0.0.87.a: [LOWI-Scan] BSS 18:6f:2d:81:1e:71 LOWI_PHY_MODE_11AC_VHT20(8), Beacon Interval: 100, LOWI_ENCRYPTION_TYPE_OPEN 11mcRanging: No, ANQP: No, LCI: No, Civic: No, capability(0x0101): ESS SpectrumMgmt
01-10 03:25:49.571 1431 3502 D LOWI-9.0.0.87.a: [LOWI-Scan] BSS 18:6f:2d:81:1e:71 FREQ: 5280, cFreq1[40:80:160] = [5280:0:0] cFreq2 = 0 Country Code = CN
01-10 03:25:49.571 1431 3502 D LOWI-9.0.0.87.a: [LOWI-Scan] BSS 18:6f:2d:81:1e:71 (wlan0) ASSO: NO AddInfo: 0x1, TSF 0, 00:01:41.840, RSSI: -162, CPL: 127, AGE: 480, SSID Guest, TSFDelta: 0xe15e11eb, TXRate: 0
01-10 03:25:49.571 1431 3502 D LOWI-9.0.0.87.a: [LOWI-Scan]
01-10 03:25:49.571 1431 3502 D LOWI-9.0.0.87.a: [LOWI-Scan] print_bss_handler: Report beacon TSF 101842038 as it greater than probe TSF 101765446
01-10 03:25:49.571 1431 3502 D LOWI-9.0.0.87.a: [LOWI-Scan] decode_rsn_wpa_ie: LOWI_ENCRYPTION_TYPE_WPA_PSK
01-10 03:25:49.571 1431 3502 D LOWI-9.0.0.87.a: [LOWI-Scan] is_qcom_ie, bss_age: 0
01-10 03:25:49.571 1431 3502 D LOWI-9.0.0.87.a: [LOWI-Scan] BSS 18:6f:2d:81:1e:72 LOWI_PHY_MODE_11AC_VHT20(8), Beacon Interval: 100, LOWI_ENCRYPTION_TYPE_WPA_PSK 11mcRanging: No, ANQP: No, LCI: No, Civic: No, capability(0x0111): ESS Privacy SpectrumMgmt
01-10 03:25:49.571 1431 3502 D LOWI-9.0.0.87.a: [LOWI-Scan] BSS 18:6f:2d:81:1e:72 FREQ: 5280, cFreq1[40:80:160] = [5280:0:0] cFreq2 = 0 Country Code = CN
01-10 03:25:49.571 1431 3502 D LOWI-9.0.0.87.a: [LOWI-Scan] BSS 18:6f:2d:81:1e:72 (wlan0) ASSO: NO AddInfo: 0x1, TSF 0, 00:01:41.842, RSSI: -160, CPL: 127, AGE: 480, SSID ZXHY, TSFDelta: 0xe161c403, TXRate: 0
01-10 03:25:49.572 1431 3502 D LOWI-9.0.0.87.a: [LOWI-Scan]
01-10 03:25:49.572 1431 3502 D LOWI-9.0.0.87.a: [LOWI-Scan] print_bss_handler: Report beacon TSF 101842161 as it greater than probe TSF 101766100
01-10 03:25:49.572 1431 3502 D LOWI-9.0.0.87.a: [LOWI-Scan] decode_rsn_wpa_ie: LOWI_ENCRYPTION_TYPE_WPA_PSK
01-10 03:25:49.572 1431 3502 D LOWI-9.0.0.87.a: [LOWI-Scan] is_qcom_ie, bss_age: 0
01-10 03:25:49.572 1431 3502 D LOWI-9.0.0.87.a: [LOWI-Scan] BSS 18:6f:2d:81:1e:73 LOWI_PHY_MODE_11AC_VHT20(8), Beacon Interval: 100, LOWI_ENCRYPTION_TYPE_WPA_PSK 11mcRanging: No, ANQP: No, LCI: No, Civic: No, capability(0x0111): ESS Privacy SpectrumMgmt
01-10 03:25:49.572 1431 3502 D LOWI-9.0.0.87.a: [LOWI-Scan] BSS 18:6f:2d:81:1e:73 FREQ: 5280, cFreq1[40:80:160] = [5280:0:0] cFreq2 = 0 Country Code = CN
01-10 03:25:49.572 1431 3502 D LOWI-9.0.0.87.a: [LOWI-Scan] BSS 18:6f:2d:81:1e:73 (wlan0) ASSO: NO AddInfo: 0x1, TSF 0, 00:01:41.842, RSSI: -162, CPL: 127, AGE: 480, SSID Fanya, TSFDelta: 0xe1673e4c, TXRate: 0
01-10 03:25:49.572 1431 3502 D LOWI-9.0.0.87.a: [LOWI-Scan]
01-10 03:25:49.572 1431 3502 D LOWI-9.0.0.87.a: [LOWI-Scan] print_bss_handler: Report beacon TSF 101842288 as it greater than probe TSF 101766812
01-10 03:25:49.572 1431 3502 D LOWI-9.0.0.87.a: [LOWI-Scan] decode_rsn_wpa_ie: LOWI_ENCRYPTION_TYPE_WPA_PSK
01-10 03:25:49.572 1431 3502 D LOWI-9.0.0.87.a: [LOWI-Scan] is_qcom_ie, bss_age: 0
01-10 03:25:49.572 1431 3502 D LOWI-9.0.0.87.a: [LOWI-Scan] BSS 18:6f:2d:81:1e:74 LOWI_PHY_MODE_11AC_VHT20(8), Beacon Interval: 100, LOWI_ENCRYPTION_TYPE_WPA_PSK 11mcRanging: No, ANQP: No, LCI: No, Civic: No, capability(0x0111): ESS Privacy SpectrumMgmt
01-10 03:25:49.572 1431 3502 D LOWI-9.0.0.87.a: [LOWI-Scan] BSS 18:6f:2d:81:1e:74 FREQ: 5280, cFreq1[40:80:160] = [5280:0:0] cFreq2 = 0 Country Code = CN
01-10 03:25:49.572 1431 3502 D LOWI-9.0.0.87.a: [LOWI-Scan] BSS 18:6f:2d:81:1e:74 (wlan0) ASSO: NO AddInfo: 0x1, TSF 0, 00:01:41.842, RSSI: -160, CPL: 127, AGE: 480, SSID ThunderSoft, TSFDelta: 0xe16cb239, TXRate: 0
01-10 03:25:49.572 1431 3502 D LOWI-9.0.0.87.a: [LOWI-Scan]
01-10 03:25:49.572 1431 3502 D LOWI-9.0.0.87.a: [LOWI-Scan] print_bss_handler: Report beacon TSF 101842517 as it greater than probe TSF 101767600
01-10 03:25:49.572 1431 3502 D LOWI-9.0.0.87.a: [LOWI-Scan] decode_rsn_wpa_ie: LOWI_ENCRYPTION_TYPE_WPA_PSK
01-10 03:25:49.572 1431 3502 D LOWI-9.0.0.87.a: [LOWI-Scan] is_qcom_ie, bss_age: 0
01-10 03:25:49.572 1431 3502 D LOWI-9.0.0.87.a: [LOWI-Scan] BSS 18:6f:2d:81:1e:75 LOWI_PHY_MODE_11AC_VHT20(8), Beacon Interval: 100, LOWI_ENCRYPTION_TYPE_WPA_PSK 11mcRanging: No, ANQP: No, LCI: No, Civic: No, capability(0x0111): ESS Privacy SpectrumMgmt
01-10 03:25:49.572 1431 3502 D LOWI-9.0.0.87.a: [LOWI-Scan] BSS 18:6f:2d:81:1e:75 FREQ: 5280, cFreq1[40:80:160] = [5280:0:0] cFreq2 = 0 Country Code = CN
01-10 03:25:49.572 1431 3502 D LOWI-9.0.0.87.a: [LOWI-Scan] BSS 18:6f:2d:81:1e:75 (wlan0) ASSO: NO AddInfo: 0x1, TSF 0, 00:01:41.842, RSSI: -160, CPL: 127, AGE: 480, SSID GM, TSFDelta: 0xe172029c, TXRate: 0
01-10 03:25:49.572 1431 3502 D LOWI-9.0.0.87.a: [LOWI-Scan]
01-10 03:25:49.573 1431 3502 D LOWI-9.0.0.87.a: [LOWI-Scan] print_bss_handler: Report beacon TSF 82298547 as it greater than probe TSF 82298547
01-10 03:25:49.573 1431 3502 D LOWI-9.0.0.87.a: [LOWI-Scan] decode_rsn_wpa_ie: LOWI_ENCRYPTION_TYPE_WPA_PSK
01-10 03:25:49.573 1431 3502 D LOWI-9.0.0.87.a: [LOWI-Scan] is_qcom_ie, bss_age: 0
01-10 03:25:49.573 1431 3502 D LOWI-9.0.0.87.a: [LOWI-Scan] adjust_age:AP AGE upper limit reached. Dont store
01-10 03:25:49.573 1431 3502 D LOWI-9.0.0.87.a: [LOWI-Scan] BSS dc:fe:18:77:4e:9a LOWI_PHY_MODE_11NG_HT40(7), Beacon Interval: 100, LOWI_ENCRYPTION_TYPE_WPA_PSK 11mcRanging: No, ANQP: No, LCI: No, Civic: No, capability(0x0431): ESS Privacy ShortPreamble ShortSlotTime
01-10 03:25:49.573 1431 3502 D LOWI-9.0.0.87.a: [LOWI-Scan] BSS dc:fe:18:77:4e:9a FREQ: 2462, cFreq1[40:80:160] = [2452:0:0] cFreq2 = 0 Country Code =
01-10 03:25:49.573 1431 3502 D LOWI-9.0.0.87.a: [LOWI-Scan] BSS dc:fe:18:77:4e:9a (wlan0) ASSO: NO AddInfo: 0x1, TSF 0, 00:01:22.298, RSSI: -172, CPL: 127, AGE: 20024, SSID TP-LINK_4E9A, TSFDelta: 0xae0e3aaf, TXRate: 0
01-10 03:25:49.573 1431 3502 D LOWI-9.0.0.87.a: [LOWI-Scan]
01-10 03:25:49.573 1431 3502 D LOWI-9.0.0.87.a: [LOWI-Scan] print_bss_handler: Report beacon TSF 82352677 as it greater than probe TSF 82352677
01-10 03:25:49.573 1431 3502 D LOWI-9.0.0.87.a: [LOWI-Scan] decode_rsn_wpa_ie: LOWI_ENCRYPTION_TYPE_WPA_PSK
01-10 03:25:49.573 1431 3502 D LOWI-9.0.0.87.a: [LOWI-Scan] is_qcom_ie, bss_age: 0
01-10 03:25:49.573 1431 3502 D LOWI-9.0.0.87.a: [LOWI-Scan] adjust_age:AP AGE upper limit reached. Dont store
01-10 03:25:49.573 1431 3502 D LOWI-9.0.0.87.a: [LOWI-Scan] BSS 8a:4a:54:fd:44:f6 LOWI_PHY_MODE_11NG_HT20(5), Beacon Interval: 100, LOWI_ENCRYPTION_TYPE_WPA_PSK 11mcRanging: No, ANQP: No, LCI: No, Civic: No, capability(0x0411): ESS Privacy ShortSlotTime
01-10 03:25:49.573 1431 3502 D LOWI-9.0.0.87.a: [LOWI-Scan] BSS 8a:4a:54:fd:44:f6 FREQ: 2462, cFreq1[40:80:160] = [0:0:0] cFreq2 = 0 Country Code =
01-10 03:25:49.573 1431 3502 D LOWI-9.0.0.87.a: [LOWI-Scan] BSS 8a:4a:54:fd:44:f6 (wlan0) ASSO: NO AddInfo: 0x1, TSF 0, 00:01:22.352, RSSI: -176, CPL: 127, AGE: 19968, SSID __________________, TSFDelta: 0xf0b381e9, TXRate: 0
01-10 03:25:49.573 1431 3502 D LOWI-9.0.0.87.a: [LOWI-Scan]
01-10 03:25:49.573 1431 3502 D LOWI-9.0.0.87.a: [LOWI-Scan] print_bss_handler: Report Probe TSF 102289492 as it greater than Beacon TSF 102241846
01-10 03:25:49.573 1431 3502 D LOWI-9.0.0.87.a: [LOWI-Scan] decode_rsn_wpa_ie: LOWI_ENCRYPTION_TYPE_WPA_PSK
01-10 03:25:49.573 1431 3502 D LOWI-9.0.0.87.a: [LOWI-Scan] is_qcom_ie, bss_age: 0
01-10 03:25:49.573 1431 3502 D LOWI-9.0.0.87.a: [LOWI-Scan] BSS 70:8b:cd:5c:19:28 LOWI_PHY_MODE_11NG_HT40(7), Beacon Interval: 100, LOWI_ENCRYPTION_TYPE_WPA_PSK 11mcRanging: No, ANQP: No, LCI: No, Civic: No, capability(0x0c31): ESS Privacy ShortPreamble ShortSlotTime APSD
01-10 03:25:49.573 1431 3502 D LOWI-9.0.0.87.a: [LOWI-Scan] BSS 70:8b:cd:5c:19:28 FREQ: 2472, cFreq1[40:80:160] = [2462:0:0] cFreq2 = 0 Country Code = FR
01-10 03:25:49.573 1431 3502 D LOWI-9.0.0.87.a: [LOWI-Scan] BSS 70:8b:cd:5c:19:28 (wlan0) ASSO: NO AddInfo: 0x0, TSF 0, 00:01:42.289, RSSI: -162, CPL: 127, AGE: 32, SSID ASUS_2.4G, TSFDelta: 0xd0b26926, TXRate: 0
01-10 03:25:49.573 1431 3502 D LOWI-9.0.0.87.a: [LOWI-Scan]
01-10 03:25:49.573 1431 3502 D LOWI-9.0.0.87.a: [LOWI-Scan] print_bss_handler: Report beacon TSF 101189009 as it greater than probe TSF 101189009
01-10 03:25:49.573 1431 3502 D LOWI-9.0.0.87.a: [LOWI-Scan] decode_rsn_wpa_ie: LOWI_ENCRYPTION_TYPE_WPA_PSK
01-10 03:25:49.573 1431 3502 D LOWI-9.0.0.87.a: [LOWI-Scan] is_qcom_ie, bss_age: 0
01-10 03:25:49.573 1431 3502 D LOWI-9.0.0.87.a: [LOWI-Scan] BSS ec:60:73:e8:b0:00 LOWI_PHY_MODE_11AC_VHT80(10), Beacon Interval: 100, LOWI_ENCRYPTION_TYPE_WPA_PSK 11mcRanging: No, ANQP: No, LCI: No, Civic: No, capability(0x1011): ESS Privacy
01-10 03:25:49.573 1431 3502 D LOWI-9.0.0.87.a: [LOWI-Scan] BSS ec:60:73:e8:b0:00 FREQ: 5180, cFreq1[40:80:160] = [5190:5210:0] cFreq2 = 0 Country Code = CN
