01-01 09:51:25.598 0 0 W F2FS-fs (dm-10): Unexpected flush for atomic writes: ino=1708, npages=3
01-10 03:25:23.337 1136 1136 D SystemServerTiming: ssm.onStartUser-0_com.android.server.camera.CameraServiceProxy took to complete: 3ms
01-10 03:25:23.337 1136 1136 I SystemServerTiming: ssm.onStartUser-0_com.android.server.BluetoothService
01-10 03:25:23.337 1136 1136 D SystemServerTiming: ssm.onStartUser-0_com.android.server.BluetoothService took to complete: 0ms
01-10 03:25:23.337 1136 1136 I SystemServerTiming: ssm.onStartUser-0_com.android.server.connectivity.IpConnectivityMetrics
01-10 03:25:23.337 1136 1136 D SystemServerTiming: ssm.onStartUser-0_com.android.server.connectivity.IpConnectivityMetrics took to complete: 0ms
01-10 03:25:23.337 1136 1136 I SystemServerTiming: ssm.onStartUser-0_com.android.server.net.watchlist.NetworkWatchlistService$Lifecycle
01-10 03:25:23.337 1136 1136 D SystemServerTiming: ssm.onStartUser-0_com.android.server.net.watchlist.NetworkWatchlistService$Lifecycle took to complete: 0ms
01-10 03:25:23.337 1136 1136 I SystemServerTiming: ssm.onStartUser-0_com.android.server.PinnerService
01-10 03:25:23.337 1136 1136 D SystemServerTiming: ssm.onStartUser-0_com.android.server.PinnerService took to complete: 0ms
01-10 03:25:23.337 1136 1136 I SystemServerTiming: ssm.onStartUser-0_com.google.android.startop.iorap.IorapForwardingService
01-10 03:25:23.337 1136 1136 D SystemServerTiming: ssm.onStartUser-0_com.google.android.startop.iorap.IorapForwardingService took to complete: 0ms
01-10 03:25:23.337 1136 1136 I SystemServerTiming: ssm.onStartUser-0_com.android.server.ActivityTriggerService
01-10 03:25:23.337 1136 1136 D SystemServerTiming: ssm.onStartUser-0_com.android.server.ActivityTriggerService took to complete: 0ms
01-10 03:25:23.337 1136 1136 I SystemServerTiming: ssm.onStartUser-0_com.android.server.integrity.AppIntegrityManagerService
01-10 03:25:23.337 1136 1136 D SystemServerTiming: ssm.onStartUser-0_com.android.server.integrity.AppIntegrityManagerService took to complete: 0ms
01-10 03:25:23.337 1136 1136 I SystemServerTiming: ssm.onStartUser-0_com.android.server.inputmethod.InputMethodManagerService$Lifecycle
01-10 03:25:23.337 1136 1136 D SystemServerTiming: ssm.onStartUser-0_com.android.server.inputmethod.InputMethodManagerService$Lifecycle took to complete: 0ms
01-10 03:25:23.338 1136 1136 I SystemServerTiming: ssm.onStartUser-0_com.android.server.accessibility.AccessibilityManagerService$Lifecycle
01-10 03:25:23.338 1136 1136 D SystemServerTiming: ssm.onStartUser-0_com.android.server.accessibility.AccessibilityManagerService$Lifecycle took to complete: 0ms
01-10 03:25:23.338 1136 1136 I SystemServerTiming: ssm.onStartUser-0_com.android.server.StorageManagerService$Lifecycle
01-10 03:25:23.339 1136 1136 V StorageManagerService: Package com.sohu.inputmethod.sogou.car has legacy storage
01-10 03:25:23.339 1136 1136 V StorageManagerService: Package android.frameworkres.overlay does not have legacy storage
01-10 03:25:23.340 1136 1136 V StorageManagerService: Package com.android.cts.priv.ctsshim does not have legacy storage
01-10 03:25:23.340 1136 1136 V StorageManagerService: Package com.thundercomm.gamemode.provider does not have legacy storage
01-10 03:25:23.340 1136 1136 V StorageManagerService: Package com.thundercomm.gamemode does not have legacy storage
01-10 03:25:23.340 1136 1136 V StorageManagerService: Package com.thundercomm.microservice does not have legacy storage
01-10 03:25:23.340 1136 1136 V StorageManagerService: Package com.android.dynsystem does not have legacy storage
01-10 03:25:23.340 1136 1136 V StorageManagerService: Package com.hht.lebocast does not have legacy storage
01-10 03:25:23.340 1136 1136 V StorageManagerService: Package com.android.providers.calendar does not have legacy storage
01-10 03:25:23.340 1136 1136 V StorageManagerService: Package com.android.providers.media does not have legacy storage
01-10 03:25:23.340 1136 1136 V StorageManagerService: Package com.android.internal.systemui.navbar.gestural_wide_back does not have legacy storage
01-10 03:25:23.340 1136 1136 V StorageManagerService: Package com.android.wallpapercropper does not have legacy storage
01-10 03:25:23.340 1136 1136 V StorageManagerService: Package com.thundercomm.microsettings does not have legacy storage
01-10 03:25:23.340 1136 1136 V StorageManagerService: Package com.qualcomm.qti.gpudrivers.kona.api30 does not have legacy storage
01-10 03:25:23.340 1136 1136 V StorageManagerService: Package com.android.documentsui does not have legacy storage
01-10 03:25:23.340 1136 1136 V StorageManagerService: Package com.android.externalstorage does not have legacy storage
01-10 03:25:23.341 1136 1136 V StorageManagerService: Package com.qualcomm.uimremoteclient does not have legacy storage
01-10 03:25:23.341 1136 1136 V StorageManagerService: Package com.android.htmlviewer does not have legacy storage
01-10 03:25:23.341 1136 1136 V StorageManagerService: Package com.qualcomm.qti.uceShimService does not have legacy storage
01-10 03:25:23.341 1136 1136 V StorageManagerService: Package com.android.companiondevicemanager does not have legacy storage
01-10 03:25:23.341 1136 1136 V StorageManagerService: Package com.qualcomm.qti.qms.service.connectionsecurity does not have legacy storage
01-10 03:25:23.341 1136 1136 V StorageManagerService: Package com.android.providers.downloads does not have legacy storage
01-10 03:25:23.341 1136 1136 V StorageManagerService: Package com.android.internal.systemui.onehanded.gestural does not have legacy storage
01-10 03:25:23.341 1136 1136 V StorageManagerService: Package vendor.qti.hardware.cacert.server does not have legacy storage
01-10 03:25:23.342 1136 1136 V StorageManagerService: Package com.thundercomm.tchttpserver does not have legacy storage
01-10 03:25:23.342 1136 1136 V StorageManagerService: Package vendor.qti.iwlan does not have legacy storage
01-10 03:25:23.342 1136 1136 V StorageManagerService: Package com.qualcomm.qti.optinoverlay does not have legacy storage
01-10 03:25:23.342 1136 1136 V StorageManagerService: Package com.qualcomm.uimremoteserver does not have legacy storage
01-10 03:25:23.342 1136 1136 V StorageManagerService: Package com.tc.logclient does not have legacy storage
01-10 03:25:23.342 1136 1136 V StorageManagerService: Package android.qvaoverlay.common does not have legacy storage
01-10 03:25:23.342 1136 1136 V StorageManagerService: Package com.android.providers.downloads.ui does not have legacy storage
01-10 03:25:23.343 1136 1136 V StorageManagerService: Package com.android.pacprocessor does not have legacy storage
01-10 03:25:23.343 1136 1136 V StorageManagerService: Package com.android.networkstack does not have legacy storage
01-10 03:25:23.343 1136 1136 V StorageManagerService: Package android.overlay.common does not have legacy storage
01-10 03:25:23.343 1136 1136 V StorageManagerService: Package com.android.connectivity.resources does not have legacy storage
01-10 03:25:23.343 1136 1136 V StorageManagerService: Package com.android.modulemetadata does not have legacy storage
01-10 03:25:23.343 1136 1136 V StorageManagerService: Package com.android.certinstaller does not have legacy storage
01-10 03:25:23.343 1136 1136 V StorageManagerService: Package android does not have legacy storage
01-10 03:25:23.343 1136 1136 V StorageManagerService: Package com.qualcomm.wfd.service does not have legacy storage
01-10 03:25:23.343 1136 1136 V StorageManagerService: Package com.thundercomm.tcsetupwizard does not have legacy storage
01-10 03:25:23.343 1136 1136 V StorageManagerService: Package ts.car.uart does not have legacy storage
01-10 03:25:23.343 1136 1136 V StorageManagerService: Package com.android.egg does not have legacy storage
01-10 03:25:23.343 1136 1136 V StorageManagerService: Package com.android.mtp does not have legacy storage
01-10 03:25:23.344 1136 1136 V StorageManagerService: Package com.android.nfc does not have legacy storage
01-10 03:25:23.344 1136 1136 V StorageManagerService: Package com.android.launcher3 does not have legacy storage
01-10 03:25:23.344 1136 1136 V StorageManagerService: Package com.android.backupconfirm does not have legacy storage
01-10 03:25:23.344 1136 1136 V StorageManagerService: Package vendor.qti.qesdk.sysservice does not have legacy storage
01-10 03:25:23.344 1136 1136 V StorageManagerService: Package com.hryt.hiphishowfsecontrol does not have legacy storage
01-10 03:25:23.344 1136 1136 V StorageManagerService: Package com.android.provision does not have legacy storage
01-10 03:25:23.344 1136 1136 V StorageManagerService: Package android.overlay.target does not have legacy storage
01-10 03:25:23.344 1136 1136 V StorageManagerService: Package com.microsoft.emmx does not have legacy storage
01-10 03:25:23.344 1136 1136 V StorageManagerService: Package com.qti.pasrservice does not have legacy storage
01-10 03:25:23.344 1136 1136 V StorageManagerService: Package com.android.settings.intelligence does not have legacy storage
01-10 03:25:23.344 1136 1136 V StorageManagerService: Package com.android.calendar does not have legacy storage
01-10 03:25:23.344 1136 1136 V StorageManagerService: Package com.android.internal.systemui.navbar.gestural_extra_wide_back does not have legacy storage
01-10 03:25:23.344 1136 1136 V StorageManagerService: Package com.qualcomm.qti.dynamicddsservice does not have legacy storage
01-10 03:25:23.344 1136 1136 V StorageManagerService: Package com.qualcomm.qti.xrvd.service does not have legacy storage
01-10 03:25:23.344 1136 1136 V StorageManagerService: Package com.android.providers.settings does not have legacy storage
01-10 03:25:23.345 1136 1136 V StorageManagerService: Package com.android.sharedstoragebackup does not have legacy storage
01-10 03:25:23.345 1136 1136 V StorageManagerService: Package com.android.printspooler does not have legacy storage
01-10 03:25:23.345 1136 1136 V StorageManagerService: Package com.qti.qualcomm.mstatssystemservice does not have legacy storage
01-10 03:25:23.345 1136 1136 V StorageManagerService: Package com.qualcomm.qti.services.systemhelper does not have legacy storage
01-10 03:25:23.345 1136 1136 V StorageManagerService: Package com.android.wifi.resources.overlay.common does not have legacy storage
01-10 03:25:23.345 1136 1136 V StorageManagerService: Package com.android.dreams.basic does not have legacy storage
01-10 03:25:23.345 1136 1136 V StorageManagerService: Package com.android.webview does not have legacy storage
01-10 03:25:23.345 1136 1136 V StorageManagerService: Package com.android.se does not have legacy storage
01-10 03:25:23.345 1136 1136 V StorageManagerService: Package com.android.inputdevices does not have legacy storage
01-10 03:25:23.345 1136 1136 V StorageManagerService: Package com.android.bips does not have legacy storage
01-10 03:25:23.345 1136 1136 V StorageManagerService: Package com.qti.dpmserviceapp does not have legacy storage
01-10 03:25:23.345 1136 1136 V StorageManagerService: Package com.thundercomm.remotecontrolservice does not have legacy storage
01-10 03:25:23.345 1136 1136 V StorageManagerService: Package com.android.musicfx does not have legacy storage
01-10 03:25:23.345 1136 1136 V StorageManagerService: Package com.android.settings.overlay.common does not have legacy storage
01-10 03:25:23.345 1136 1136 V StorageManagerService: Package com.qualcomm.qti.qccnetstat does not have legacy storage
01-10 03:25:23.346 1136 1136 V StorageManagerService: Package com.example.android.locationattribution does not have legacy storage
01-10 03:25:23.346 1136 1136 V StorageManagerService: Package android.ext.shared does not have legacy storage
01-10 03:25:23.346 1136 1136 V StorageManagerService: Package com.android.onetimeinitializer does not have legacy storage
01-10 03:25:23.346 1136 1136 V StorageManagerService: Package com.android.server.telecom does not have legacy storage
01-10 03:25:23.346 1136 1136 V StorageManagerService: Package com.android.keychain does not have legacy storage
01-10 03:25:23.346 1136 1136 V StorageManagerService: Package com.qti.snapdragon.qdcm_ff does not have legacy storage
01-10 03:25:23.346 1136 1136 V StorageManagerService: Package com.android.wifi.resources.overlay.target does not have legacy storage
01-10 03:25:23.346 1136 1136 V StorageManagerService: Package com.android.printservice.recommendation does not have legacy storage
01-10 03:25:23.346 1136 1136 V StorageManagerService: Package com.thundercomm.mcuupgrade does not have legacy storage
01-10 03:25:23.346 1136 1136 V StorageManagerService: Package com.android.gallery3d has legacy storage
01-10 03:25:23.346 1136 1136 V StorageManagerService: Package android.ext.services does not have legacy storage
01-10 03:25:23.346 1136 1136 V StorageManagerService: Package com.android.wifi.resources does not have legacy storage
01-10 03:25:23.346 1136 1136 V StorageManagerService: Package com.baidu.input does not have legacy storage
01-10 03:25:23.347 1136 1136 V StorageManagerService: Package com.android.systemui.overlay.common does not have legacy storage
01-10 03:25:23.347 1136 1136 V StorageManagerService: Package com.android.cameraextensions does not have legacy storage
01-10 03:25:23.347 1136 1136 V StorageManagerService: Package com.thundercomm.tcservice does not have legacy storage
01-10 03:25:23.347 1136 1136 V StorageManagerService: Package com.android.localtransport does not have legacy storage
01-10 03:25:23.347 1136 1136 V StorageManagerService: Package com.android.packageinstaller does not have legacy storage
01-10 03:25:23.347 1136 1136 V StorageManagerService: Package com.qualcomm.qti.devicestatisticsservice does not have legacy storage
01-10 03:25:23.347 1136 1136 V StorageManagerService: Package com.android.theme.font.notoserifsource does not have legacy storage
01-10 03:25:23.347 1136 1136 V StorageManagerService: Package com.android.proxyhandler does not have legacy storage
01-10 03:25:23.347 1136 1136 V StorageManagerService: Package com.android.internal.display.cutout.emulation.waterfall does not have legacy storage
01-10 03:25:23.347 1136 1136 V StorageManagerService: Package com.qualcomm.qti.workloadclassifier does not have legacy storage
01-10 03:25:23.347 1136 1136 V StorageManagerService: Package com.android.inputmethod.latin does not have legacy storage
01-10 03:25:23.347 1136 1136 V StorageManagerService: Package com.android.providers.settings.overlay does not have legacy storage
01-10 03:25:23.347 1136 1136 V StorageManagerService: Package com.android.managedprovisioning does not have legacy storage
01-10 03:25:23.347 1136 1136 V StorageManagerService: Package com.android.networkstack.tethering does not have legacy storage
01-10 03:25:23.347 1136 1136 V StorageManagerService: Package com.android.soundpicker does not have legacy storage
01-10 03:25:23.347 1136 1136 V StorageManagerService: Package com.android.dreams.phototable does not have legacy storage
01-10 03:25:23.348 1136 1136 V StorageManagerService: Package com.thundercomm.screensaver does not have legacy storage
01-10 03:25:23.348 1136 1136 V StorageManagerService: Package com.android.wallpaper.livepicker does not have legacy storage
01-10 03:25:23.348 1136 1136 V StorageManagerService: Package com.android.apps.tag does not have legacy storage
01-10 03:25:23.348 1136 1136 V StorageManagerService: Package com.android.storagemanager does not have legacy storage
01-10 03:25:23.348 1136 1136 V StorageManagerService: Package com.android.bookmarkprovider does not have legacy storage
01-10 03:25:23.348 1136 1136 V StorageManagerService: Package com.android.settings does not have legacy storage
01-10 03:25:23.348 1136 1136 V StorageManagerService: Package com.android.networkstack.permissionconfig does not have legacy storage
01-10 03:25:23.348 1136 1136 V StorageManagerService: Package com.qualcomm.location does not have legacy storage
01-10 03:25:23.348 1136 1136 V StorageManagerService: Package com.android.cts.ctsshim does not have legacy storage
01-10 03:25:23.348 1136 1136 V StorageManagerService: Package com.qti.diagservices does not have legacy storage
01-10 03:25:23.348 1136 1136 V StorageManagerService: Package com.android.vpndialogs does not have legacy storage
01-10 03:25:23.348 1136 1136 V StorageManagerService: Package com.qualcomm.location.XT does not have legacy storage
01-10 03:25:23.348 1136 1136 V StorageManagerService: Package com.android.music does not have legacy storage
01-10 03:25:23.348 1136 1136 V StorageManagerService: Package com.android.shell does not have legacy storage
01-10 03:25:23.349 1136 1136 V StorageManagerService: Package com.android.wallpaperbackup does not have legacy storage
01-10 03:25:23.349 1136 1136 V StorageManagerService: Package com.android.providers.userdictionary does not have legacy storage
01-10 03:25:23.349 1136 1136 V StorageManagerService: Package com.android.providers.media.module does not have legacy storage
01-10 03:25:23.349 1136 1136 V StorageManagerService: Package com.android.emergency does not have legacy storage
01-10 03:25:23.349 1136 1136 V StorageManagerService: Package com.android.hotspot2.osulogin does not have legacy storage
01-10 03:25:23.349 1136 1136 V StorageManagerService: Package com.qualcomm.qti.qdma does not have legacy storage
01-10 03:25:23.349 1136 1136 V StorageManagerService: Package com.qualcomm.qti.qmmi does not have legacy storage
01-10 03:25:23.350 1136 1136 V StorageManagerService: Package com.qualcomm.qti.usta does not have legacy storage
01-10 03:25:23.350 1136 1136 V StorageManagerService: Package com.qualcomm.qti.xrcb does not have legacy storage
01-10 03:25:23.350 1136 1136 V StorageManagerService: Package com.android.internal.systemui.navbar.gestural does not have legacy storage
01-10 03:25:23.350 1136 1136 V StorageManagerService: Package com.android.location.fused does not have legacy storage
01-10 03:25:23.350 1136 1136 V StorageManagerService: Package com.android.deskclock does not have legacy storage
01-10 03:25:23.350 1136 1136 V StorageManagerService: Package com.android.systemui does not have legacy storage
01-10 03:25:23.350 1136 1136 V StorageManagerService: Package com.android.bluetoothmidiservice does not have legacy storage
01-10 03:25:23.351 1136 1136 V StorageManagerService: Package com.qti.ltebc does not have legacy storage
01-10 03:25:23.351 1136 1136 V StorageManagerService: Package com.android.permissioncontroller does not have legacy storage
01-10 03:25:23.351 1136 1136 V StorageManagerService: Package com.android.traceur does not have legacy storage
01-10 03:25:23.351 1136 1136 V StorageManagerService: Package com.qualcomm.qti.qccauthmgr does not have legacy storage
01-10 03:25:23.351 1136 2535 I sysui_multi_action: [757,856,758,1,806,com.android.networkstack,857,connected_note_loud,858,4]
01-10 03:25:23.351 1136 1136 V StorageManagerService: Package com.qualcomm.qti.qms.service.trustzoneaccess does not have legacy storage
01-10 03:25:23.351 1136 1136 V StorageManagerService: Package com.qualcomm.qtil.aptxui does not have legacy storage
01-10 03:25:23.351 1136 1136 V StorageManagerService: Package com.android.bluetooth does not have legacy storage
01-10 03:25:23.351 1136 1136 V StorageManagerService: Package com.qualcomm.timeservice does not have legacy storage
01-10 03:25:23.351 1136 1136 V StorageManagerService: Package com.qualcomm.embms does not have legacy storage
01-10 03:25:23.351 1136 1136 V StorageManagerService: Package com.android.providers.contacts does not have legacy storage
01-10 03:25:23.351 1136 1136 V StorageManagerService: Package com.android.captiveportallogin does not have legacy storage
01-10 03:25:23.351 1136 1136 V StorageManagerService: Package com.android.internal.systemui.navbar.gestural_narrow_back does not have legacy storage
01-10 03:25:23.352 1136 1136 V StorageManagerService: Package com.android.cellbroadcastreceiver.overlay.common does not have legacy storage
01-10 03:25:23.352 1136 1136 V StorageManagerService: Package com.qualcomm.qti.sensors.qsensortest does not have legacy storage
01-10 03:25:23.352 1136 2535 I sysui_multi_action: [757,856,758,1,806,com.android.networkstack,857,connected_note,858,3]
01-10 03:25:23.352 1136 1136 D SystemServerTiming: ssm.onStartUser-0_com.android.server.StorageManagerService$Lifecycle took to complete: 14ms
01-10 03:25:23.352 1136 1136 I SystemServerTiming: ssm.onStartUser-0_com.android.server.usage.StorageStatsService$Lifecycle
01-10 03:25:23.352 1136 1136 D SystemServerTiming: ssm.onStartUser-0_com.android.server.usage.StorageStatsService$Lifecycle took to complete: 0ms
01-01 09:51:25.599 0 0 E init : Control message: Could not find 'vendor.qti.hardware.iop@2.0::IIop/default' for ctl.interface_start from pid: 504 (/system/bin/hwservicemanager)
01-10 03:25:23.352 1136 1136 I SystemServerTiming: ssm.onStartUser-0_com.android.server.UiModeManagerService
01-10 03:25:23.352 1136 1136 D SystemServerTiming: ssm.onStartUser-0_com.android.server.UiModeManagerService took to complete: 0ms
01-10 03:25:23.352 1136 1136 I SystemServerTiming: ssm.onStartUser-0_com.android.server.locksettings.LockSettingsService$Lifecycle
01-10 03:25:23.352 1136 1136 D SystemServerTiming: ssm.onStartUser-0_com.android.server.locksettings.LockSettingsService$Lifecycle took to complete: 0ms
01-10 03:25:23.352 1136 1136 I SystemServerTiming: ssm.onStartUser-0_com.android.server.PersistentDataBlockService
01-10 03:25:23.352 1136 1136 D SystemServerTiming: ssm.onStartUser-0_com.android.server.PersistentDataBlockService took to complete: 0ms
01-10 03:25:23.352 1136 1136 I SystemServerTiming: ssm.onStartUser-0_com.android.server.testharness.TestHarnessModeService
01-10 03:25:23.353 1136 1136 D SystemServerTiming: ssm.onStartUser-0_com.android.server.testharness.TestHarnessModeService took to complete: 0ms
01-10 03:25:23.353 1136 1136 I SystemServerTiming: ssm.onStartUser-0_com.android.server.oemlock.OemLockService
01-10 03:25:23.353 1136 1136 D SystemServerTiming: ssm.onStartUser-0_com.android.server.oemlock.OemLockService took to complete: 0ms
01-10 03:25:23.353 1136 1136 I SystemServerTiming: ssm.onStartUser-0_com.android.server.DeviceIdleController
01-10 03:25:23.353 1136 1136 D SystemServerTiming: ssm.onStartUser-0_com.android.server.DeviceIdleController took to complete: 0ms
01-10 03:25:23.353 1136 1136 I SystemServerTiming: ssm.onStartUser-0_com.android.server.devicepolicy.DevicePolicyManagerService$Lifecycle
01-10 03:25:23.353 1136 1136 D SystemServerTiming: ssm.onStartUser-0_com.android.server.devicepolicy.DevicePolicyManagerService$Lifecycle took to complete: 0ms
01-10 03:25:23.353 1136 1136 I SystemServerTiming: ssm.onStartUser-0_com.android.server.texttospeech.TextToSpeechManagerService
01-10 03:25:23.353 1136 1136 D SystemServerTiming: ssm.onStartUser-0_com.android.server.texttospeech.TextToSpeechManagerService took to complete: 0ms
01-10 03:25:23.353 1136 1136 I SystemServerTiming: ssm.onStartUser-0_com.android.server.speech.SpeechRecognitionManagerService
01-10 03:25:23.353 1136 1136 D SystemServerTiming: ssm.onStartUser-0_com.android.server.speech.SpeechRecognitionManagerService took to complete: 0ms
01-10 03:25:23.353 1136 1136 I SystemServerTiming: ssm.onStartUser-0_com.android.server.searchui.SearchUiManagerService
01-10 03:25:23.353 1136 1136 D SystemServerTiming: ssm.onStartUser-0_com.android.server.searchui.SearchUiManagerService took to complete: 0ms
01-10 03:25:23.353 1136 1136 I SystemServerTiming: ssm.onStartUser-0_com.android.server.smartspace.SmartspaceManagerService
01-10 03:25:23.353 1136 1136 D SystemServerTiming: ssm.onStartUser-0_com.android.server.smartspace.SmartspaceManagerService took to complete: 0ms
01-10 03:25:23.353 1136 1136 I SystemServerTiming: ssm.onStartUser-0_com.android.server.graphics.fonts.FontManagerService$Lifecycle
01-10 03:25:23.354 1136 1136 D SystemServerTiming: ssm.onStartUser-0_com.android.server.graphics.fonts.FontManagerService$Lifecycle took to complete: 0ms
01-10 03:25:23.354 1136 1136 I SystemServerTiming: ssm.onStartUser-0_com.android.server.textservices.TextServicesManagerService$Lifecycle
01-10 03:25:23.354 1136 1136 D SystemServerTiming: ssm.onStartUser-0_com.android.server.textservices.TextServicesManagerService$Lifecycle took to complete: 0ms
01-10 03:25:23.354 1136 1136 I SystemServerTiming: ssm.onStartUser-0_com.android.server.textclassifier.TextClassificationManagerService$Lifecycle
01-10 03:25:23.354 1136 1136 D SystemServerTiming: ssm.onStartUser-0_com.android.server.textclassifier.TextClassificationManagerService$Lifecycle took to complete: 0ms
01-10 03:25:23.354 1136 1136 I SystemServerTiming: ssm.onStartUser-0_com.android.server.NetworkScoreService$Lifecycle
01-10 03:25:23.354 1136 1136 D SystemServerTiming: ssm.onStartUser-0_com.android.server.NetworkScoreService$Lifecycle took to complete: 0ms
01-10 03:25:23.354 1136 1136 I SystemServerTiming: ssm.onStartUser-0_com.android.server.wifi.WifiService
01-10 03:25:23.354 1136 1136 D SystemServerTiming: ssm.onStartUser-0_com.android.server.wifi.WifiService took to complete: 0ms
01-10 03:25:23.354 1136 1136 I SystemServerTiming: ssm.onStartUser-0_com.android.server.wifi.scanner.WifiScanningService
01-10 03:25:23.354 1136 1136 D SystemServerTiming: ssm.onStartUser-0_com.android.server.wifi.scanner.WifiScanningService took to complete: 0ms
01-10 03:25:23.354 1136 1136 I SystemServerTiming: ssm.onStartUser-0_com.android.server.wifi.rtt.RttService
01-10 03:25:23.354 1136 1136 D SystemServerTiming: ssm.onStartUser-0_com.android.server.wifi.rtt.RttService took to complete: 0ms
01-10 03:25:23.354 1136 1136 I SystemServerTiming: ssm.onStartUser-0_com.android.server.wifi.aware.WifiAwareService
01-10 03:25:23.354 1136 1136 D SystemServerTiming: ssm.onStartUser-0_com.android.server.wifi.aware.WifiAwareService took to complete: 0ms
01-10 03:25:23.355 1136 1136 I SystemServerTiming: ssm.onStartUser-0_com.android.server.wifi.p2p.WifiP2pService
01-10 03:25:23.355 1136 1136 D SystemServerTiming: ssm.onStartUser-0_com.android.server.wifi.p2p.WifiP2pService took to complete: 0ms
01-10 03:25:23.355 1136 1136 I SystemServerTiming: ssm.onStartUser-0_com.android.server.ethernet.EthernetService
01-10 03:25:23.355 1136 1136 D SystemServerTiming: ssm.onStartUser-0_com.android.server.ethernet.EthernetService took to complete: 0ms
01-10 03:25:23.355 1136 1136 I SystemServerTiming: ssm.onStartUser-0_com.android.server.ConnectivityServiceInitializer
01-10 03:25:23.355 1136 1136 D SystemServerTiming: ssm.onStartUser-0_com.android.server.ConnectivityServiceInitializer took to complete: 0ms
01-10 03:25:23.355 1136 1136 I SystemServerTiming: ssm.onStartUser-0_com.android.server.notification.NotificationManagerService
01-10 03:25:23.355 1136 1136 D SystemServerTiming: ssm.onStartUser-0_com.android.server.notification.NotificationManagerService took to complete: 0ms
01-10 03:25:23.355 1136 1136 I SystemServerTiming: ssm.onStartUser-0_com.android.server.storage.DeviceStorageMonitorService
01-10 03:25:23.355 1136 1136 D SystemServerTiming: ssm.onStartUser-0_com.android.server.storage.DeviceStorageMonitorService took to complete: 0ms
01-10 03:25:23.355 1136 1136 I SystemServerTiming: ssm.onStartUser-0_com.android.server.location.LocationManagerService$Lifecycle
01-10 03:25:23.355 1136 1136 D SystemServerTiming: ssm.onStartUser-0_com.android.server.location.LocationManagerService$Lifecycle took to complete: 0ms
01-10 03:25:23.355 1136 1136 I SystemServerTiming: ssm.onStartUser-0_com.android.server.timedetector.TimeDetectorService$Lifecycle
01-10 03:25:23.355 1136 1136 D SystemServerTiming: ssm.onStartUser-0_com.android.server.timedetector.TimeDetectorService$Lifecycle took to complete: 0ms
01-10 03:25:23.355 1136 1136 I SystemServerTiming: ssm.onStartUser-0_com.android.server.timezonedetector.TimeZoneDetectorService$Lifecycle
01-10 03:25:23.355 1136 1136 D SystemServerTiming: ssm.onStartUser-0_com.android.server.timezonedetector.TimeZoneDetectorService$Lifecycle took to complete: 0ms
01-10 03:25:23.356 1136 1136 I SystemServerTiming: ssm.onStartUser-0_com.android.server.timezonedetector.location.LocationTimeZoneManagerService$Lifecycle
01-10 03:25:23.356 1136 1136 D SystemServerTiming: ssm.onStartUser-0_com.android.server.timezonedetector.location.LocationTimeZoneManagerService$Lifecycle took to complete: 0ms
01-10 03:25:23.356 1136 1136 I SystemServerTiming: ssm.onStartUser-0_com.android.server.search.SearchManagerService$Lifecycle
01-10 03:25:23.356 1136 1136 D SystemServerTiming: ssm.onStartUser-0_com.android.server.search.SearchManagerService$Lifecycle took to complete: 0ms
01-10 03:25:23.356 1136 1136 I SystemServerTiming: ssm.onStartUser-0_com.android.server.wallpaper.WallpaperManagerService$Lifecycle
01-10 03:25:23.356 1136 1136 D SystemServerTiming: ssm.onStartUser-0_com.android.server.wallpaper.WallpaperManagerService$Lifecycle took to complete: 0ms
01-10 03:25:23.356 1136 1136 I SystemServerTiming: ssm.onStartUser-0_com.android.server.audio.AudioService$Lifecycle
01-10 03:25:23.356 1136 1136 D SystemServerTiming: ssm.onStartUser-0_com.android.server.audio.AudioService$Lifecycle took to complete: 0ms
01-10 03:25:23.356 1136 1136 I SystemServerTiming: ssm.onStartUser-0_com.android.server.soundtrigger_middleware.SoundTriggerMiddlewareService$Lifecycle
01-10 03:25:23.356 1136 1136 D SystemServerTiming: ssm.onStartUser-0_com.android.server.soundtrigger_middleware.SoundTriggerMiddlewareService$Lifecycle took to complete: 0ms
01-10 03:25:23.356 1136 1136 I SystemServerTiming: ssm.onStartUser-0_com.android.server.DockObserver
01-10 03:25:23.356 1136 1136 D SystemServerTiming: ssm.onStartUser-0_com.android.server.DockObserver took to complete: 0ms
01-10 03:25:23.356 1136 1136 I SystemServerTiming: ssm.onStartUser-0_com.android.server.midi.MidiService$Lifecycle
01-10 03:25:23.356 1136 1136 D SystemServerTiming: ssm.onStartUser-0_com.android.server.midi.MidiService$Lifecycle took to complete: 0ms
01-10 03:25:23.356 1136 1136 I SystemServerTiming: ssm.onStartUser-0_com.android.server.adb.AdbService$Lifecycle
01-10 03:25:23.356 1136 1136 D SystemServerTiming: ssm.onStartUser-0_com.android.server.adb.AdbService$Lifecycle took to complete: 0ms
01-10 03:25:23.356 1136 1136 I SystemServerTiming: ssm.onStartUser-0_com.android.server.usb.UsbService$Lifecycle
01-10 03:25:23.356 1136 1136 D SystemServerTiming: ssm.onStartUser-0_com.android.server.usb.UsbService$Lifecycle took to complete: 0ms
01-10 03:25:23.356 1136 1136 I SystemServerTiming: ssm.onStartUser-0_com.android.server.twilight.TwilightService
01-10 03:25:23.356 1136 1136 D SystemServerTiming: ssm.onStartUser-0_com.android.server.twilight.TwilightService took to complete: 0ms
01-10 03:25:23.356 1136 1136 I SystemServerTiming: ssm.onStartUser-0_com.android.server.display.color.ColorDisplayService
01-10 03:25:23.357 1136 1136 D SystemServerTiming: ssm.onStartUser-0_com.android.server.display.color.ColorDisplayService took to complete: 0ms
01-10 03:25:23.357 1136 1136 I SystemServerTiming: ssm.onStartUser-0_com.android.server.job.JobSchedulerService
01-10 03:25:23.357 1136 1136 D SystemServerTiming: ssm.onStartUser-0_com.android.server.job.JobSchedulerService took to complete: 0ms
01-10 03:25:23.357 1136 1136 I SystemServerTiming: ssm.onStartUser-0_com.android.server.soundtrigger.SoundTriggerService
01-10 03:25:23.357 1136 1136 D SystemServerTiming: ssm.onStartUser-0_com.android.server.soundtrigger.SoundTriggerService took to complete: 0ms
01-10 03:25:23.357 1136 1136 I SystemServerTiming: ssm.onStartUser-0_com.android.server.trust.TrustManagerService
01-10 03:25:23.357 1136 1136 D SystemServerTiming: ssm.onStartUser-0_com.android.server.trust.TrustManagerService took to complete: 0ms
01-10 03:25:23.357 1136 1136 I SystemServerTiming: ssm.onStartUser-0_com.android.server.backup.BackupManagerService$Lifecycle
01-10 03:25:23.357 1136 1136 D SystemServerTiming: ssm.onStartUser-0_com.android.server.backup.BackupManagerService$Lifecycle took to complete: 0ms
01-10 03:25:23.357 1136 1136 I SystemServerTiming: ssm.onStartUser-0_com.android.server.appwidget.AppWidgetService
01-10 03:25:23.357 1136 1136 D SystemServerTiming: ssm.onStartUser-0_com.android.server.appwidget.AppWidgetService took to complete: 0ms
01-10 03:25:23.357 1136 1136 I SystemServerTiming: ssm.onStartUser-0_com.android.server.voiceinteraction.VoiceInteractionManagerService
01-10 03:25:23.357 1136 1136 W VoiceInteractionManager: no available voice recognition services found for user 0
01-10 03:25:23.358 1136 1136 D SystemServerTiming: ssm.onStartUser-0_com.android.server.voiceinteraction.VoiceInteractionManagerService took to complete: 0ms
01-10 03:25:23.358 1136 1136 I SystemServerTiming: ssm.onStartUser-0_com.android.server.apphibernation.AppHibernationService
01-10 03:25:23.358 1136 1136 D SystemServerTiming: ssm.onStartUser-0_com.android.server.apphibernation.AppHibernationService took to complete: 0ms
01-10 03:25:23.358 1136 1136 I SystemServerTiming: ssm.onStartUser-0_com.android.server.GestureLauncherService
01-10 03:25:23.358 1136 1136 D SystemServerTiming: ssm.onStartUser-0_com.android.server.GestureLauncherService took to complete: 0ms
01-10 03:25:23.358 1136 1136 I SystemServerTiming: ssm.onStartUser-0_com.android.server.SensorNotificationService
01-10 03:25:23.358 1136 1136 D SystemServerTiming: ssm.onStartUser-0_com.android.server.SensorNotificationService took to complete: 0ms
01-10 03:25:23.358 1136 1136 I SystemServerTiming: ssm.onStartUser-0_com.android.server.emergency.EmergencyAffordanceService
01-10 03:25:23.358 1136 1136 D SystemServerTiming: ssm.onStartUser-0_com.android.server.emergency.EmergencyAffordanceService took to complete: 0ms
01-10 03:25:23.358 1136 1136 I SystemServerTiming: ssm.onStartUser-0_com.android.server.blob.BlobStoreManagerService
01-10 03:25:23.358 1136 1136 D SystemServerTiming: ssm.onStartUser-0_com.android.server.blob.BlobStoreManagerService took to complete: 0ms
01-10 03:25:23.358 1136 1136 I SystemServerTiming: ssm.onStartUser-0_com.android.server.dreams.DreamManagerService
01-10 03:25:23.358 1136 1136 D SystemServerTiming: ssm.onStartUser-0_com.android.server.dreams.DreamManagerService took to complete: 0ms
01-10 03:25:23.358 1136 1136 I SystemServerTiming: ssm.onStartUser-0_com.android.server.companion.CompanionDeviceManagerService
01-10 03:25:23.358 1136 1136 D SystemServerTiming: ssm.onStartUser-0_com.android.server.companion.CompanionDeviceManagerService took to complete: 0ms
01-10 03:25:23.358 1136 1136 I SystemServerTiming: ssm.onStartUser-0_com.android.server.restrictions.RestrictionsManagerService
01-10 03:25:23.359 1136 1650 I netstats_mobile_sample: [0,0,0,0,0,0,0,0,0,0,0,0,1673292323359]
01-10 03:25:23.359 1136 1650 I netstats_wifi_sample: [0,0,0,0,0,0,0,0,0,0,0,0,1673292323359]
01-10 03:25:23.359 1136 1136 D SystemServerTiming: ssm.onStartUser-0_com.android.server.restrictions.RestrictionsManagerService took to complete: 0ms
01-10 03:25:23.360 1136 1136 I SystemServerTiming: ssm.onStartUser-0_com.android.server.media.MediaSessionService
01-10 03:25:23.360 1136 1136 D SystemServerTiming: ssm.onStartUser-0_com.android.server.media.MediaSessionService took to complete: 1ms
01-10 03:25:23.360 1136 1136 I SystemServerTiming: ssm.onStartUser-0_com.android.server.media.MediaResourceMonitorService
01-10 03:25:23.361 1136 1136 D SystemServerTiming: ssm.onStartUser-0_com.android.server.media.MediaResourceMonitorService took to complete: 0ms
01-10 03:25:23.361 1136 1136 I SystemServerTiming: ssm.onStartUser-0_com.android.server.biometrics.sensors.fingerprint.FingerprintService
01-10 03:25:23.361 1136 1136 D SystemServerTiming: ssm.onStartUser-0_com.android.server.biometrics.sensors.fingerprint.FingerprintService took to complete: 0ms
01-10 03:25:23.361 1136 1136 I SystemServerTiming: ssm.onStartUser-0_com.android.server.biometrics.BiometricService
01-10 03:25:23.361 1136 1136 D SystemServerTiming: ssm.onStartUser-0_com.android.server.biometrics.BiometricService took to complete: 0ms
01-10 03:25:23.361 1136 1136 I SystemServerTiming: ssm.onStartUser-0_com.android.server.biometrics.AuthService
01-10 03:25:23.361 1136 1136 D SystemServerTiming: ssm.onStartUser-0_com.android.server.biometrics.AuthService took to complete: 0ms
01-10 03:25:23.362 1136 1136 I SystemServerTiming: ssm.onStartUser-0_com.android.server.pm.ShortcutService$Lifecycle
01-10 03:25:23.362 1136 1136 D SystemServerTiming: ssm.onStartUser-0_com.android.server.pm.ShortcutService$Lifecycle took to complete: 0ms
01-10 03:25:23.362 1136 1136 I SystemServerTiming: ssm.onStartUser-0_com.android.server.pm.LauncherAppsService
01-10 03:25:23.362 1136 1136 D SystemServerTiming: ssm.onStartUser-0_com.android.server.pm.LauncherAppsService took to complete: 0ms
01-10 03:25:23.362 1136 1136 I SystemServerTiming: ssm.onStartUser-0_com.android.server.pm.CrossProfileAppsService
01-10 03:25:23.362 1136 1136 D SystemServerTiming: ssm.onStartUser-0_com.android.server.pm.CrossProfileAppsService took to complete: 0ms
01-10 03:25:23.362 1136 1136 I SystemServerTiming: ssm.onStartUser-0_com.android.server.people.PeopleService
01-10 03:25:23.362 1136 1136 D SystemServerTiming: ssm.onStartUser-0_com.android.server.people.PeopleService took to complete: 0ms
01-10 03:25:23.362 1136 1136 I SystemServerTiming: ssm.onStartUser-0_com.android.server.media.metrics.MediaMetricsManagerService
01-10 03:25:23.362 1136 1136 D SystemServerTiming: ssm.onStartUser-0_com.android.server.media.metrics.MediaMetricsManagerService took to complete: 0ms
01-10 03:25:23.362 1136 1136 I SystemServerTiming: ssm.onStartUser-0_com.android.server.media.projection.MediaProjectionManagerService
01-10 03:25:23.362 1136 1136 D SystemServerTiming: ssm.onStartUser-0_com.android.server.media.projection.MediaProjectionManagerService took to complete: 0ms
01-10 03:25:23.362 1136 1136 I SystemServerTiming: ssm.onStartUser-0_com.android.server.slice.SliceManagerService$Lifecycle
01-10 03:25:23.362 1136 1136 D SystemServerTiming: ssm.onStartUser-0_com.android.server.slice.SliceManagerService$Lifecycle took to complete: 0ms
01-10 03:25:23.363 1136 1136 I SystemServerTiming: ssm.onStartUser-0_com.android.server.stats.StatsCompanion$Lifecycle
01-10 03:25:23.363 1136 1136 D SystemServerTiming: ssm.onStartUser-0_com.android.server.stats.StatsCompanion$Lifecycle took to complete: 0ms
01-10 03:25:23.363 1136 1136 I SystemServerTiming: ssm.onStartUser-0_com.android.server.scheduling.RebootReadinessManagerService$Lifecycle
01-10 03:25:23.363 1136 1136 D SystemServerTiming: ssm.onStartUser-0_com.android.server.scheduling.RebootReadinessManagerService$Lifecycle took to complete: 0ms
01-10 03:25:23.363 1136 1136 I SystemServerTiming: ssm.onStartUser-0_com.android.server.stats.pull.StatsPullAtomService
01-10 03:25:23.363 1136 1136 D SystemServerTiming: ssm.onStartUser-0_com.android.server.stats.pull.StatsPullAtomService took to complete: 0ms
01-10 03:25:23.363 1136 1136 I SystemServerTiming: ssm.onStartUser-0_com.android.server.incident.IncidentCompanionService
01-10 03:25:23.363 1136 1136 D SystemServerTiming: ssm.onStartUser-0_com.android.server.incident.IncidentCompanionService took to complete: 0ms
01-10 03:25:23.363 1136 1136 I SystemServerTiming: ssm.onStartUser-0_com.android.server.MmsServiceBroker
01-10 03:25:23.363 1136 1136 D SystemServerTiming: ssm.onStartUser-0_com.android.server.MmsServiceBroker took to complete: 0ms
01-10 03:25:23.363 1136 1136 I SystemServerTiming: ssm.onStartUser-0_com.android.server.autofill.AutofillManagerService
01-10 03:25:23.363 1136 1136 D SystemServerTiming: ssm.onStartUser-0_com.android.server.autofill.AutofillManagerService took to complete: 0ms
01-10 03:25:23.364 1136 1136 I SystemServerTiming: ssm.onStartUser-0_com.android.server.clipboard.ClipboardService
01-10 03:25:23.364 1136 1136 D SystemServerTiming: ssm.onStartUser-0_com.android.server.clipboard.ClipboardService took to complete: 0ms
01-10 03:25:23.364 1136 1136 I SystemServerTiming: ssm.onStartUser-0_com.android.server.appbinding.AppBindingService$Lifecycle
01-10 03:25:23.364 1136 1136 W AppBindingService: [Default SMS app] u0 Target package not found
01-10 03:25:23.364 1136 1136 D SystemServerTiming: ssm.onStartUser-0_com.android.server.appbinding.AppBindingService$Lifecycle took to complete: 0ms
01-10 03:25:23.364 1136 1136 I SystemServerTiming: ssm.onStartUser-0_com.android.server.tracing.TracingServiceProxy
01-10 03:25:23.364 1136 1136 D SystemServerTiming: ssm.onStartUser-0_com.android.server.tracing.TracingServiceProxy took to complete: 0ms
01-10 03:25:23.365 1136 1136 I SystemServerTiming: ssm.onStartUser-0_com.android.server.policy.PermissionPolicyService
01-10 03:25:23.365 1136 1136 D SystemServerTiming: ssm.onStartUser-0_com.android.server.policy.PermissionPolicyService took to complete: 0ms
01-10 03:25:23.365 1136 1136 I SystemServerTiming: ssm.onStartUser-0_com.android.server.pm.StagingManager$Lifecycle
01-10 03:25:23.365 1136 1136 D SystemServerTiming: ssm.onStartUser-0_com.android.server.pm.StagingManager$Lifecycle took to complete: 0ms
01-10 03:25:23.365 1136 1136 I SystemServerTiming: ssm.onStartUser-0_com.android.server.app.GameManagerService$Lifecycle
01-10 03:25:23.366 1136 1136 V GameManagerService: Settings file doesn't exists, skip reading
01-10 03:25:23.366 1136 1136 D SystemServerTiming: ssm.onStartUser-0_com.android.server.app.GameManagerService$Lifecycle took to complete: 1ms
01-10 03:25:23.366 1136 1136 I SystemServerTiming: ssm.onStartUser-0_com.android.server.appsearch.AppSearchManagerService
01-10 03:25:23.366 1136 1136 D SystemServerTiming: ssm.onStartUser-0_com.android.server.appsearch.AppSearchManagerService took to complete: 0ms
01-10 03:25:23.366 1136 1136 I SystemServerTiming: ssm.onStartUser-0_com.android.server.media.MediaCommunicationService
01-10 03:25:23.366 1136 1136 D SystemServerTiming: ssm.onStartUser-0_com.android.server.media.MediaCommunicationService took to complete: 0ms
01-10 03:25:23.366 1136 1136 D SystemServerTiming: ssm.StartUser-0 took to complete: 276ms
01-10 03:25:23.366 1136 1136 I SystemServerTiming: startPersistentApps
01-10 03:25:23.367 1136 1136 D CompatibilityChangeReporter: Compat change id reported: 135634846; UID 1000; state: DISABLED
01-10 03:25:23.367 1136 1136 D CompatibilityChangeReporter: Compat change id reported: 177438394; UID 1000; state: DISABLED
01-10 03:25:23.368 1136 1136 D CompatibilityChangeReporter: Compat change id reported: 135772972; UID 1000; state: DISABLED
01-10 03:25:23.368 1136 1136 D CompatibilityChangeReporter: Compat change id reported: 135754954; UID 1000; state: ENABLED
01-10 03:25:23.369 1136 1652 W ActivityManager: com.android.server.telecom inode == 0 (b/152760674)
01-10 03:25:23.369 1136 1136 I am_uid_running: 1001
01-10 03:25:23.369 1136 1136 D CompatibilityChangeReporter: Compat change id reported: 135634846; UID 1001; state: DISABLED
01-10 03:25:23.369 1136 1136 D CompatibilityChangeReporter: Compat change id reported: 177438394; UID 1001; state: DISABLED
01-10 03:25:23.371 1136 1136 D CompatibilityChangeReporter: Compat change id reported: 135772972; UID 1001; state: DISABLED
01-10 03:25:23.371 1136 1136 D CompatibilityChangeReporter: Compat change id reported: 135754954; UID 1001; state: ENABLED
01-10 03:25:23.372 1136 1136 I am_uid_running: 10054
01-10 03:25:23.372 1136 1599 I sysui_multi_action: [757,856,758,1,806,com.android.networkstack.tethering,857,TETHERING_STATUS,858,2]
01-10 03:25:23.373 1136 1136 D CompatibilityChangeReporter: Compat change id reported: 135634846; UID 10054; state: DISABLED
01-10 03:25:23.373 1136 1136 D CompatibilityChangeReporter: Compat change id reported: 177438394; UID 10054; state: DISABLED
01-10 03:25:23.373 1136 1136 D CompatibilityChangeReporter: Compat change id reported: 135772972; UID 10054; state: DISABLED
01-10 03:25:23.373 1136 1136 D CompatibilityChangeReporter: Compat change id reported: 135754954; UID 10054; state: DISABLED
01-10 03:25:23.375 1136 1650 I netstats_mobile_sample: [0,0,0,0,0,0,0,0,0,0,0,0,1673292323375]
01-10 03:25:23.375 1136 1650 I netstats_wifi_sample: [0,0,0,0,0,0,0,0,0,0,0,0,1673292323375]
01-10 03:25:23.377 1136 1136 I am_uid_running: 10094
01-10 03:25:23.378 1136 1136 D CompatibilityChangeReporter: Compat change id reported: 135634846; UID 10094; state: DISABLED
01-10 03:25:23.378 1136 1136 D CompatibilityChangeReporter: Compat change id reported: 177438394; UID 10094; state: DISABLED
01-10 03:25:23.379 1136 1136 D CompatibilityChangeReporter: Compat change id reported: 135772972; UID 10094; state: DISABLED
01-10 03:25:23.379 1136 1136 D CompatibilityChangeReporter: Compat change id reported: 135754954; UID 10094; state: DISABLED
01-10 03:25:23.379 1136 1136 I am_uid_running: 1068
01-10 03:25:23.380 1136 1136 D CompatibilityChangeReporter: Compat change id reported: 135634846; UID 1068; state: DISABLED
01-10 03:25:23.381 1136 1136 I am_uid_running: 10071
01-10 03:25:23.381 1136 1136 D CompatibilityChangeReporter: Compat change id reported: 135634846; UID 10071; state: DISABLED
01-10 03:25:23.382 1136 1136 D CompatibilityChangeReporter: Compat change id reported: 177438394; UID 10071; state: DISABLED
01-10 03:25:23.382 1136 1136 D CompatibilityChangeReporter: Compat change id reported: 135772972; UID 10071; state: DISABLED
01-10 03:25:23.382 1136 1136 D CompatibilityChangeReporter: Compat change id reported: 135754954; UID 10071; state: ENABLED
01-10 03:25:23.383 1136 1136 D SystemServerTiming: startPersistentApps took to complete: 16ms
01-10 03:25:23.383 1136 1136 I SystemServerTiming: startHomeOnAllDisplays
01-10 03:25:23.384 1136 1136 I ActivityTaskManager: START u0 {act=android.intent.action.MAIN cat=[android.intent.category.HOME] flg=0x10000100 cmp=com.android.settings/.CryptKeeper (has extras)} from uid 0
01-10 03:25:23.391 1136 1650 I netstats_mobile_sample: [0,0,0,0,0,0,0,0,0,0,0,0,1673292323391]
01-10 03:25:23.391 1136 1650 I netstats_wifi_sample: [0,0,0,0,0,0,0,0,0,0,0,0,1673292323391]
01-10 03:25:23.399 1136 1650 I netstats_mobile_sample: [0,0,0,0,0,0,0,0,0,0,0,0,1673292323399]
01-10 03:25:23.399 1136 1650 I netstats_wifi_sample: [0,0,0,0,0,0,0,0,0,0,0,0,1673292323399]
01-10 03:25:23.400 1136 1136 D CompatibilityChangeReporter: Compat change id reported: 174042980; UID 1000; state: DISABLED
01-10 03:25:23.400 1136 1650 D TelephonyRegistry: listen oscl: mHasNotifySubscriptionInfoChangedOccurred==false no callback
01-10 03:25:23.401 1136 1650 D CountryDetector: Using custom country detector class: com.android.server.location.ComprehensiveCountryDetector
01-10 03:25:23.402 1136 1650 E CountryDetector: Could not instantiate the custom country detector class
01-10 03:25:23.402 1136 1650 D CountryDetector: Using default country detector
01-10 03:25:23.411 1136 1136 I wm_task_created: [7,-1]
01-10 03:25:23.412 1136 1136 I wm_task_moved: [7,1,2147483647]
01-10 03:25:23.413 1136 1136 I wm_task_moved: [1,1,5]
01-10 03:25:23.413 1136 1136 I wm_create_task: [0,7]
01-10 03:25:23.414 1136 1136 I wm_create_activity: [0,196879829,7,com.android.settings/.CryptKeeper,android.intent.action.MAIN,NULL,NULL,276824320]
01-10 03:25:23.414 1136 1136 I wm_task_moved: [1,1,5]
01-10 03:25:23.414 1136 1136 I wm_task_moved: [7,1,2147483647]
01-10 03:25:23.414 1136 1136 I wm_task_to_front: [0,7]
01-01 09:51:25.670 0 0 E init : Control message: Could not find 'vendor.qti.hardware.iop@2.0::IIop/default' for ctl.interface_start from pid: 504 (/system/bin/hwservicemanager)
01-10 03:25:23.424 1136 2662 W ContextImpl: Calling a method in the system process without a qualified user: android.app.ContextImpl.bindService:1895 android.content.ContextWrapper.bindService:810 com.qualcomm.qti.activityextension.ActivityNotifier.bindToDynamicDDSService:103 com.qualcomm.qti.activityextension.ActivityNotifier.handleSendActivityInvokeNotification:184 com.qualcomm.qti.activityextension.ActivityNotifier.access$300:26
01-10 03:25:23.425 1136 1136 D CompatibilityChangeReporter: Compat change id reported: 168419799; UID 1000; state: DISABLED
01-10 03:25:23.433 1136 1136 I ActivityTaskManager: FOREGROUND_APPLICATION_CHANGED to com.android.settings.CryptKeeper
01-10 03:25:23.435 1136 1136 D SystemServerTiming: startHomeOnAllDisplays took to complete: 52ms
01-10 03:25:23.435 1136 1136 I SystemServerTiming: showSystemReadyErrorDialogs
01-01 09:51:25.715 0 0 I binder : 2661:2661 ioctl 40046210 7fe87a7184 returned -22
01-10 03:25:23.476 1136 1136 D SystemServerTiming: showSystemReadyErrorDialogs took to complete: 42ms
01-10 03:25:23.476 1136 1136 I SystemServerTiming: sendUserStartBroadcast
01-10 03:25:23.477 1136 1136 D SystemServerTiming: sendUserStartBroadcast took to complete: 0ms
01-10 03:25:23.477 1136 1136 I SystemServerTiming: resumeTopActivities
01-10 03:25:23.478 1136 1136 D SystemServerTiming: resumeTopActivities took to complete: 2ms
01-10 03:25:23.478 1136 1136 I SystemServerTiming: sendUserSwitchBroadcasts
01-10 03:25:23.478 1136 1136 I uc_send_user_broadcast: [0,android.intent.action.USER_FOREGROUND]
01-10 03:25:23.478 1136 1136 I uc_send_user_broadcast: [0,android.intent.action.USER_SWITCHED]
01-10 03:25:23.478 1136 1136 D SystemServerTiming: sendUserSwitchBroadcasts took to complete: 0ms
01-10 03:25:23.478 1136 1136 I SystemServerTiming: setBinderProxies
01-10 03:25:23.478 1136 1136 D SystemServerTiming: setBinderProxies took to complete: 0ms
01-10 03:25:23.478 1136 1136 D SystemServerTiming: ActivityManagerStartApps took to complete: 388ms
01-10 03:25:23.478 1136 1136 D SystemServerTiming: PhaseActivityManagerReady took to complete: 1340ms
01-10 03:25:23.478 1136 1136 I SystemServerTiming: StartSystemUI
