01-01 09:51:42.531 0 0 I Hardware name: Qualcomm Technologies, Inc. kona MTP-RmPM8150b. VC1(FSE) EVT3 (DT)
01-01 09:51:42.531 0 0 I pstate : 60400005 (nZCv daif +PAN -UAO)
01-01 09:51:42.531 0 0 I pc : snd_soc_runtime_deactivate+0x8c/0x148
01-01 09:51:42.531 0 0 I lr : snd_soc_runtime_deactivate+0x8c/0x148
01-01 09:51:42.531 0 0 I sp : ffffff8020b03bf0
01-01 09:51:42.531 0 0 I : x29: ffffff8020b03bf0 x28: ffffffca9eb99f40
01-01 09:51:42.531 0 0 I : x27: 0000000000000000 x26: 0000000000000000
01-01 09:51:42.531 0 0 I : x25: 0000000046000000 x24: ffffffca7e5d9a90
01-01 09:51:42.531 0 0 I : x23: 0000000000000008 x22: 0000000000000000
01-01 09:51:42.531 0 0 I : x21: ffffffcabf4e8800 x20: 0000000000000000
01-01 09:51:42.531 0 0 I : x19: ffffffca96ccb680 x18: 000000000008098f
01-01 09:51:42.531 0 0 I : x17: ffffffa69c787f0a x16: ffffffa69d6ec000
01-01 09:51:42.531 0 0 I : x15: ffffffa69c7958d6 x14: 0000000000000086
01-01 09:51:42.531 0 0 I : x13: 0000000000000004 x12: 000000006a7b5b0d
01-01 09:51:42.531 0 0 I : x11: 0000000000000015 x10: 000000000682aaab
01-01 09:51:42.531 0 0 I : x9 : 46aed5ee0edaaa00 x8 : 46aed5ee0edaaa00
01-01 09:51:42.531 0 0 I : x7 : ffffffa69a9826c0 x6 : 0000000000000000
01-01 09:51:42.531 0 0 I : x5 : 0000000000000080 x4 : 0000000000000001
01-01 09:51:42.531 0 0 I : x3 : ffffff8020b03868 x2 : ffffffa69a897b30
01-01 09:51:42.531 0 0 I : x1 : ffffffa69a982834 x0 : 0000000000000024
01-01 09:51:42.531 0 0 I Call trace:
01-01 09:51:42.531 0 0 I : snd_soc_runtime_deactivate+0x8c/0x148
01-01 09:51:42.531 0 0 I : soc_compr_free_fe+0x4c/0x190
01-01 09:51:42.531 0 0 I : snd_compr_free+0x70/0xa0
01-01 09:51:42.531 0 0 I : __fput+0xbc/0x1b0
01-01 09:51:42.531 0 0 I : ____fput+0x1c/0x28
01-01 09:51:42.531 0 0 I : task_work_run+0x88/0xa8
01-01 09:51:42.531 0 0 I : do_notify_resume+0x738/0x788
01-01 09:51:42.531 0 0 I : work_pending+0x8/0x14
01-01 09:51:42.531 0 0 I : irq event stamp: 1132
01-01 09:51:42.531 0 0 I : hardirqs last enabled at (1131): [] console_unlock+0x4bc/0x568
01-01 09:51:42.531 0 0 I : hardirqs last disabled at (1132): [] do_debug_exception+0x84/0x150
01-01 09:51:42.531 0 0 I : softirqs last enabled at (1088): [] local_bh_enable+0x0/0x20
01-01 09:51:42.531 0 0 I : softirqs last disabled at (1086): [] local_bh_disable+0x0/0x20
01-01 09:51:42.531 0 0 W : ---[ end trace ccbeeb27ca4ebf38 ]---
01-01 09:51:42.601 0 0 I binder : undelivered transaction 95854, process died.
01-01 09:51:42.603 0 0 I init : Service 'bootanim' (pid 1127) exited with status 0 oneshot service took 42.999001 seconds in background
01-01 09:51:42.603 0 0 I init : Sending signal 9 to service 'bootanim' (pid 1127) process group...
01-01 09:51:42.604 0 0 I libprocessgroup: Successfully killed process cgroup uid 1003 pid 1127 in 0ms
01-10 03:25:41.287 1136 1912 I input_interaction: Interaction with: b6c5ffd com.thundercomm.tcsetupwizard/com.thundercomm.tcsetupwizard.TcSetupStartActivity (server), edge-swipe (server), swipe-up (server), PointerEventDispatcher0 (server),
01-10 03:25:41.308 1136 3041 I thunderperf: PlatormCompat.setOverrides: Uid1=1000 Pid1=2782 Uid2=1000 Pid2=2782
01-10 03:25:41.308 1136 3041 I thunderperf: PlatormCompat.setOverrides: needCheck:false
01-10 03:25:41.309 1136 3041 I thunderperf: CompatConfig.addOverrideUnsafe: bef-state=0
01-10 03:25:41.309 1136 3041 I thunderperf: CompatConfig.addOverrideUnsafe: aft-state=0
01-10 03:25:41.314 1136 3041 I thunderperf: CompatConfig.addOverrideUnsafe: bef-state=0
01-10 03:25:41.314 1136 3041 I thunderperf: CompatConfig.addOverrideUnsafe: aft-state=0
01-10 03:25:41.316 1136 3041 I thunderperf: CompatConfig.addOverrideUnsafe: bef-state=0
01-10 03:25:41.316 1136 3041 I thunderperf: CompatConfig.addOverrideUnsafe: aft-state=0
01-10 03:25:41.317 1136 3041 I thunderperf: CompatConfig.addOverrideUnsafe: bef-state=0
01-10 03:25:41.317 1136 3041 I thunderperf: CompatConfig.addOverrideUnsafe: aft-state=0
01-10 03:25:41.318 1136 3041 I thunderperf: CompatConfig.addOverrideUnsafe: bef-state=0
01-10 03:25:41.319 1136 3041 I thunderperf: CompatConfig.addOverrideUnsafe: aft-state=0
01-10 03:25:41.319 1136 3041 I thunderperf: CompatConfig.addOverrideUnsafe: bef-state=0
01-10 03:25:41.319 1136 3041 I thunderperf: CompatConfig.addOverrideUnsafe: aft-state=0
01-10 03:25:41.320 1136 3041 I thunderperf: CompatConfig.addOverrideUnsafe: bef-state=0
01-10 03:25:41.320 1136 3041 I thunderperf: CompatConfig.addOverrideUnsafe: aft-state=0
01-10 03:25:41.322 1136 3041 I thunderperf: CompatConfig.addOverrideUnsafe: bef-state=0
01-10 03:25:41.322 1136 3041 I thunderperf: CompatConfig.addOverrideUnsafe: aft-state=0
01-10 03:25:41.323 1136 3041 I thunderperf: CompatConfig.addOverrideUnsafe: bef-state=0
01-10 03:25:41.323 1136 3041 I thunderperf: CompatConfig.addOverrideUnsafe: aft-state=0
01-10 03:25:41.324 1136 3041 I thunderperf: CompatConfig.addOverrideUnsafe: bef-state=0
01-10 03:25:41.324 1136 3041 I thunderperf: CompatConfig.addOverrideUnsafe: aft-state=0
01-10 03:25:41.325 1136 3041 I thunderperf: CompatConfig.addOverrideUnsafe: bef-state=0
01-10 03:25:41.325 1136 3041 I thunderperf: CompatConfig.addOverrideUnsafe: aft-state=0
01-10 03:25:41.327 1136 3041 I thunderperf: CompatConfig.addOverrideUnsafe: bef-state=0
01-10 03:25:41.327 1136 3041 I thunderperf: CompatConfig.addOverrideUnsafe: aft-state=0
01-10 03:25:41.327 1136 3041 I thunderperf: CompatConfig.addOverrideUnsafe: bef-state=0
01-10 03:25:41.328 1136 3041 I thunderperf: CompatConfig.addOverrideUnsafe: aft-state=0
01-10 03:25:41.329 1136 3041 I thunderperf: CompatConfig.addOverrideUnsafe: bef-state=0
01-10 03:25:41.329 1136 3041 I thunderperf: CompatConfig.addOverrideUnsafe: aft-state=0
01-10 03:25:41.339 1136 3041 I ActivityTaskManager: START u0 {cmp=com.thundercomm.tcsetupwizard/.TcSetupSecondActivity} from uid 1000
01-10 03:25:41.345 1136 3041 D CompatibilityChangeReporter: Compat change id reported: 174042980; UID 1000; state: DISABLED
01-10 03:25:41.346 1136 3041 I wm_task_moved: [1,1,5]
01-10 03:25:41.346 1136 3041 I wm_set_resumed_activity: [0,com.thundercomm.tcsetupwizard/.TcSetupStartActivity,positionChildAt]
01-10 03:25:41.346 1136 3041 I wm_task_moved: [9,1,2147483647]
01-10 03:25:41.346 1136 3041 I wm_create_activity: [0,111496472,9,com.thundercomm.tcsetupwizard/.TcSetupSecondActivity,NULL,NULL,NULL,0]
01-10 03:25:41.357 1136 3041 I wm_pause_activity: [0,9012169,com.thundercomm.tcsetupwizard/.TcSetupStartActivity,userLeaving=true,resumeTopActivityInnerLocked]
01-10 03:25:41.375 2782 2782 I wm_on_top_resumed_lost_called: [9012169,com.thundercomm.tcsetupwizard.TcSetupStartActivity,topStateChangedWhenResumed]
01-10 03:25:41.379 2782 2782 I wm_on_paused_called: [9012169,com.thundercomm.tcsetupwizard.TcSetupStartActivity,performPause]
01-10 03:25:41.380 1136 3041 I ActivityTaskManager: FOREGROUND_APPLICATION_CHANGED to com.thundercomm.tcsetupwizard.TcSetupSecondActivity
01-10 03:25:41.381 1136 3041 I ActivityTaskManager: The Process com.thundercomm.tcsetupwizard Already Exists in BG. So sending its PID: 2782
01-10 03:25:41.381 1136 3041 W ActivityTaskManager: Tried to set launchTime (0) < mLastActivityLaunchTime (82193)
01-10 03:25:41.381 1136 3041 I wm_add_to_stopping: [0,9012169,com.thundercomm.tcsetupwizard/.TcSetupStartActivity,makeInvisible]
01-10 03:25:41.389 1136 3041 I wm_restart_activity: [0,111496472,9,com.thundercomm.tcsetupwizard/.TcSetupSecondActivity]
01-10 03:25:41.391 1136 3041 I wm_set_resumed_activity: [0,com.thundercomm.tcsetupwizard/.TcSetupSecondActivity,minimalResumeActivityLocked]
01-10 03:25:41.396 1136 1636 I sysui_multi_action: [757,803,799,window_time_0,802,12]
01-10 03:25:41.419 1136 1912 I input_focus: [Focus leaving b6c5ffd com.thundercomm.tcsetupwizard/com.thundercomm.tcsetupwizard.TcSetupStartActivity (server),reason=NO_WINDOW]
01-10 03:25:41.541 504 504 I auditd : avc: denied { find } for interface=vendor.qti.qspmhal::IQspmhal sid=u:r:mediaserver:s0 pid=1271 scontext=u:r:mediaserver:s0 tcontext=u:object_r:vendor_hal_qspmhal_hwservice:s0 tclass=hwservice_manager permissive=0
01-01 09:51:43.831 0 0 I msm_vidc: high: 00000001: ....d: Opening video instance: ffffffcab8468000, 1
01-01 09:51:43.978 0 0 I : VideoDecMsgThre (4221) used greatest stack depth: 7968 bytes left
01-01 09:51:43.979 0 0 I msm_vidc: high: 00000001: h264d: Closed video instance: ffffffcab8468000
01-01 09:51:44.048 0 0 I msm_vidc: high: 00000001: ....d: Opening video instance: ffffffcaabe94000, 1
01-01 09:51:44.182 0 0 I : VideoDecMsgThre (4227) used greatest stack depth: 7584 bytes left
01-01 09:51:44.186 0 0 I msm_vidc: high: 00000001: h264d: Closed video instance: ffffffcaabe94000
01-01 09:51:44.254 0 0 I msm_vidc: high: 00000001: ....d: Opening video instance: ffffffca78098000, 1
01-10 03:25:42.098 1136 1912 I input_interaction: Interaction with: edge-swipe (server), swipe-up (server), PointerEventDispatcher0 (server),
01-01 09:51:44.422 0 0 I msm_vidc: high: 00000001: h264d: Closed video instance: ffffffca78098000
01-10 03:25:42.182 1136 3041 I commit_sys_config_file: [settings-0-0,4]
01-10 03:25:42.183 1136 1136 I LockSettingsService: Reporting device setup complete to IGateKeeperService
01-10 03:25:42.186 1136 3041 I commit_sys_config_file: [settings-2-0,2]
01-10 03:25:42.186 2782 2782 I wm_on_create_called: [111496472,com.thundercomm.tcsetupwizard.TcSetupSecondActivity,performCreate]
01-10 03:25:42.187 2782 2782 I wm_on_start_called: [111496472,com.thundercomm.tcsetupwizard.TcSetupSecondActivity,handleStartActivity]
01-10 03:25:42.187 2782 2782 I wm_on_resume_called: [111496472,com.thundercomm.tcsetupwizard.TcSetupSecondActivity,RESUME_ACTIVITY]
01-10 03:25:42.190 1136 2521 W WindowManager: Failed looking up window session=Session{c37f9bc 2782:1000} callers=com.android.server.wm.WindowManagerService.windowForClientLocked:5628 com.android.server.wm.Session.insetsModified:629 android.view.IWindowSession$Stub.onTransact:1151
01-10 03:25:42.196 2782 2782 I wm_on_top_resumed_gained_called: [111496472,com.thundercomm.tcsetupwizard.TcSetupSecondActivity,topStateChangedWhenResumed]
01-10 03:25:42.199 547 547 I auditd : type=1400 audit(0.0:161): avc: denied { read } for comm="qseecomd" name="/" dev="tmpfs" ino=27589 scontext=u:r:tee:s0 tcontext=u:object_r:tmpfs:s0 tclass=dir permissive=0
01-10 03:25:42.216 1136 1637 I input_focus: [Focus request bb699de com.thundercomm.tcsetupwizard/com.thundercomm.tcsetupwizard.TcSetupSecondActivity,reason=UpdateInputWindows]
01-10 03:25:42.258 1136 1136 I DevicePolicyManager: Set ro.organization_owned property to false
01-10 03:25:42.258 1136 1636 D ColorDisplayService: setUp: currentUser=0
01-10 03:25:42.277 1136 1636 I configuration_changed: 536871936
01-10 03:25:42.277 1136 1636 I ActivityTaskManager: Config changes=20000400 {1.0 ?mcc?mnc [zh_CN] ldltr sw720dp w1706dp h656dp 240dpi lrg long hdr land finger -keyb/v/h -nav/h winConfig={ mBounds=Rect(0, 0 - 2560, 1080) mAppBounds=Rect(0, 0 - 2560, 1056) mMaxBounds=Rect(0, 0 - 2560, 1080) mWindowingMode=fullscreen mDisplayWindowingMode=fullscreen mActivityType=undefined mAlwaysOnTop=undefined mRotation=ROTATION_0} s.15 fontWeightAdjustment=0}
01-10 03:25:42.280 1136 1636 W ActivityTaskManager: Current config: {1.0 ?mcc?mnc [zh_CN] ldltr sw720dp w1706dp h624dp 240dpi lrg long hdr land finger -keyb/v/h -nav/h winConfig={ mBounds=Rect(0, 0 - 2560, 1080) mAppBounds=Rect(0, 0 - 2560, 1008) mMaxBounds=Rect(0, 0 - 2560, 1080) mWindowingMode=fullscreen mDisplayWindowingMode=fullscreen mActivityType=undefined mAlwaysOnTop=undefined mRotation=ROTATION_0} s.15 fontWeightAdjustment=0} unchanged for IME proc com.baidu.input
01-10 03:25:42.288 1136 1636 I WindowManager: Override config changes=20000400 {1.0 ?mcc?mnc [zh_CN] ldltr sw720dp w1706dp h656dp 240dpi lrg long hdr land finger -keyb/v/h -nav/h winConfig={ mBounds=Rect(0, 0 - 2560, 1080) mAppBounds=Rect(0, 0 - 2560, 1056) mMaxBounds=Rect(0, 0 - 2560, 1080) mWindowingMode=fullscreen mDisplayWindowingMode=fullscreen mActivityType=undefined mAlwaysOnTop=undefined mRotation=ROTATION_0} s.15 fontWeightAdjustment=0} for displayId=0
01-10 03:25:42.288 1136 1636 V ActivityTaskManager: Sending to IME proc com.baidu.input new config {1.0 ?mcc?mnc [zh_CN] ldltr sw720dp w1706dp h656dp 240dpi lrg long hdr land finger -keyb/v/h -nav/h winConfig={ mBounds=Rect(0, 0 - 2560, 1080) mAppBounds=Rect(0, 0 - 2560, 1056) mMaxBounds=Rect(0, 0 - 2560, 1080) mWindowingMode=fullscreen mDisplayWindowingMode=fullscreen mActivityType=undefined mAlwaysOnTop=undefined mRotation=ROTATION_0} s.15 fontWeightAdjustment=0}
01-10 03:25:42.296 1136 1636 D ColorDisplayService: onNightDisplayAutoModeChanged: autoMode=0
01-10 03:25:42.296 1136 1636 I ColorDisplayService: Turning off night display
01-10 03:25:42.296 1136 1636 D ColorDisplayService: Setting bright color reduction level: 50
01-10 03:25:42.297 1136 1701 V DisplayPowerController[0]: Brightness [1.0] manual adjustment.
01-10 03:25:42.329 1136 1650 D PinnerService: pinRangeStream: null
01-10 03:25:42.342 1136 1650 D PinnerService: pinRangeStream: null
01-10 03:25:42.343 1136 1650 D PinnerService: pinRangeStream: null
01-10 03:25:42.347 1136 1634 D AutofillUI: destroySaveUiUiThread(): already destroyed
01-10 03:25:42.348 1136 1650 D AutofillManagerServiceImpl: Reset component for user 0:
01-10 03:25:42.350 1136 1634 D AutofillUI: destroySaveUiUiThread(): already destroyed
01-10 03:25:42.351 1136 1650 D AutofillManagerServiceImpl: Reset component for user 0:
01-10 03:25:42.352 1136 1650 D FieldClassificationStrategy: reset(): service is not bound. Do nothing.
01-10 03:25:42.439 1136 1637 I ActivityRecord: real home.....com.thundercomm.tcsetupwizard/.TcSetupSecondActivity
01-10 03:25:42.440 1136 1637 I WindowManager: ******* TELLING SURFACE FLINGER WE ARE BOOTED!
01-10 03:25:42.445 1136 1633 I wm_activity_launch_time: [0,111496472,com.thundercomm.tcsetupwizard/.TcSetupSecondActivity,1100]
01-10 03:25:42.456 1136 1912 I input_focus: [Focus entering bb699de com.thundercomm.tcsetupwizard/com.thundercomm.tcsetupwizard.TcSetupSecondActivity (server),reason=Window became focusable. Previous reason: NOT_VISIBLE]
01-01 09:51:44.770 0 0 I msm_vidc: high: 00000001: ....d: Opening video instance: ffffffcaabe94000, 1
01-01 09:51:44.837 0 0 I init : Sending signal 9 to service 'idmap2d' (pid 4150) process group...
01-01 09:51:44.862 0 0 I libprocessgroup: Successfully killed process cgroup uid 1000 pid 4150 in 25ms
01-10 03:25:42.595 1136 2439 W OverlayManager: service 'idmap' died
01-01 09:51:44.865 0 0 I init : Control message: Processed ctl.stop for 'idmap2d' from pid: 1136 (system_server)
01-01 09:51:44.866 0 0 I init : Service 'idmap2d' (pid 4150) received signal 9
01-10 03:25:42.602 1136 1912 I input_interaction: Interaction with: bb699de com.thundercomm.tcsetupwizard/com.thundercomm.tcsetupwizard.TcSetupSecondActivity (server), edge-swipe (server), swipe-up (server), PointerEventDispatcher0 (server),
01-10 03:25:42.626 1136 1714 I commit_sys_config_file: [package-user-0,12]
01-10 03:25:42.657 1136 1651 I ActivityManager: Waited long enough for: ServiceRecord{ba14e06 u0 com.qualcomm.location/.LocationService}
01-10 03:25:42.668 1136 1651 I ActivityManager: Waited long enough for: ServiceRecord{50e17de u0 com.qualcomm.location/.izat.IzatService}
01-01 09:51:44.977 0 0 I msm_vidc: high: 00000001: h264d: Closed video instance: ffffffcaabe94000
01-10 03:25:42.864 1136 1636 I wm_stop_activity: [0,9012169,com.thundercomm.tcsetupwizard/.TcSetupStartActivity]
01-10 03:25:42.909 1136 1650 I sysui_multi_action: [757,1717,758,1,759,0]
01-10 03:25:42.911 1136 1650 I sysui_multi_action: [757,1717,758,2,759,0]
01-10 03:25:42.913 1136 1650 I sysui_multi_action: [757,1717,758,3,759,0]
01-01 09:51:45.344 0 0 I msm_vidc: high: 00000002: h264d: Closed video instance: ffffffca33704000
01-10 03:25:43.111 2782 2782 I wm_on_stop_called: [9012169,com.thundercomm.tcsetupwizard.TcSetupStartActivity,STOP_ACTIVITY_ITEM]
01-01 09:51:45.497 0 0 W : ------------[ cut here ]------------
01-01 09:51:45.497 0 0 W : WARNING: CPU: 5 PID: 3883 at sound/soc/soc-pcm.c:124 snd_soc_runtime_deactivate+0x8c/0x148
01-01 09:51:45.497 0 0 I : Modules linked in: cyttsp7_device_access cyttsp7_i2c cyttsp7 wlan(O) atmel_mxt_ts tsnv(O) machine_dlkm(O) wcd938x_slave_dlkm(O) wcd938x_dlkm(O) wcd9xxx_dlkm(O) mbhc_dlkm(O) tx_macro_dlkm(O) rx_macro_dlkm(O) va_macro_dlkm(O) wsa_macro_dlkm(O) swr_ctrl_dlkm(O) bolero_cdc_dlkm(O) wsa881x_dlkm(O) wcd_core_dlkm(O) stub_dlkm(O) hdmi_dlkm(O) swr_dlkm(O) pinctrl_lpi_dlkm(O) pinctrl_wcd_dlkm(O) usf_dlkm(O) native_dlkm(O) platform_dlkm(O) q6_dlkm(O) adsp_loader_dlkm(O) apr_dlkm(O) snd_event_dlkm(O) q6_notifier_dlkm(O) q6_pdr_dlkm(O) msm_11ad_proxy
01-01 09:51:45.497 0 0 I : CPU: 5 PID: 3883 Comm: HwBinder:820_7 Tainted: G S W O 4.19.157+ #1
01-01 09:51:45.497 0 0 I Hardware name: Qualcomm Technologies, Inc. kona MTP-RmPM8150b. VC1(FSE) EVT3 (DT)
01-01 09:51:45.497 0 0 I pstate : 60400005 (nZCv daif +PAN -UAO)
01-01 09:51:45.497 0 0 I pc : snd_soc_runtime_deactivate+0x8c/0x148
01-01 09:51:45.497 0 0 I lr : snd_soc_runtime_deactivate+0x8c/0x148
01-01 09:51:45.497 0 0 I sp : ffffff8020b03bf0
01-01 09:51:45.497 0 0 I : x29: ffffff8020b03bf0 x28: ffffffca9eb99f40
01-01 09:51:45.497 0 0 I : x27: 0000000000000000 x26: 0000000000000000
01-01 09:51:45.497 0 0 I : x25: 0000000046000000 x24: ffffffc9c5aa8f50
01-01 09:51:45.501 0 0 I : x23: 0000000000000008 x22: 0000000000000000
01-01 09:51:45.501 0 0 I : x21: ffffffcabf4e8080 x20: 0000000000000000
01-01 09:51:45.501 0 0 I : x19: ffffffcab15c3680 x18: 0000000000000034
01-01 09:51:45.501 0 0 I : x17: ffffffa69e31c000 x16: 00000000fff80e04
01-01 09:51:45.501 0 0 I : x15: 0000000000080e04 x14: 0000000000000086
01-01 09:51:45.501 0 0 I : x13: 0000000000000004 x12: 000000006de088cc
01-01 09:51:45.501 0 0 I : x11: 0000000000000015 x10: 000000000682aaab
01-01 09:51:45.501 0 0 I : x9 : 46aed5ee0edaaa00 x8 : 46aed5ee0edaaa00
01-01 09:51:45.501 0 0 I : x7 : ffffffa69a9826c0 x6 : 0000000000000000
01-01 09:51:45.501 0 0 I : x5 : 0000000000000080 x4 : 0000000000000001
01-01 09:51:45.501 0 0 I : x3 : ffffff8020b03868 x2 : ffffffcaf8a341b0
01-01 09:51:45.501 0 0 I : x1 : ffffffa69a982834 x0 : 0000000000000024
01-01 09:51:45.501 0 0 I Call trace:
01-01 09:51:45.501 0 0 I : snd_soc_runtime_deactivate+0x8c/0x148
01-01 09:51:45.501 0 0 I : soc_compr_free_fe+0x4c/0x190
01-01 09:51:45.501 0 0 I : snd_compr_free+0x70/0xa0
01-01 09:51:45.501 0 0 I : __fput+0xbc/0x1b0
01-01 09:51:45.501 0 0 I : ____fput+0x1c/0x28
01-01 09:51:45.501 0 0 I : task_work_run+0x88/0xa8
01-01 09:51:45.501 0 0 I : do_notify_resume+0x738/0x788
01-01 09:51:45.501 0 0 I : work_pending+0x8/0x14
01-01 09:51:45.501 0 0 I : irq event stamp: 5552
01-01 09:51:45.501 0 0 I : hardirqs last enabled at (5551): [] console_unlock+0x4bc/0x568
01-01 09:51:45.501 0 0 I : hardirqs last disabled at (5552): [] do_debug_exception+0x84/0x150
01-01 09:51:45.501 0 0 I : softirqs last enabled at (5500): [] local_bh_enable+0x0/0x20
01-01 09:51:45.501 0 0 I : softirqs last disabled at (5498): [] local_bh_disable+0x0/0x20
01-01 09:51:45.501 0 0 W : ---[ end trace ccbeeb27ca4ebf39 ]---
01-01 09:51:45.501 0 0 I afe_close: port_id = 0x9000
01-01 09:51:45.755 0 0 I msm_vidc: high: 00000001: ....d: Opening video instance: ffffffca33704000, 1
01-01 09:51:45.994 0 0 W : ------------[ cut here ]------------
01-01 09:51:45.994 0 0 W : WARNING: CPU: 5 PID: 4319 at sound/soc/soc-pcm.c:89 snd_soc_runtime_activate+0x8c/0x148
01-01 09:51:45.994 0 0 I : Modules linked in: cyttsp7_device_access cyttsp7_i2c cyttsp7 wlan(O) atmel_mxt_ts tsnv(O) machine_dlkm(O) wcd938x_slave_dlkm(O) wcd938x_dlkm(O) wcd9xxx_dlkm(O) mbhc_dlkm(O) tx_macro_dlkm(O) rx_macro_dlkm(O) va_macro_dlkm(O) wsa_macro_dlkm(O) swr_ctrl_dlkm(O) bolero_cdc_dlkm(O) wsa881x_dlkm(O) wcd_core_dlkm(O) stub_dlkm(O) hdmi_dlkm(O) swr_dlkm(O) pinctrl_lpi_dlkm(O) pinctrl_wcd_dlkm(O) usf_dlkm(O) native_dlkm(O) platform_dlkm(O) q6_dlkm(O) adsp_loader_dlkm(O) apr_dlkm(O) snd_event_dlkm(O) q6_notifier_dlkm(O) q6_pdr_dlkm(O) msm_11ad_proxy
01-01 09:51:45.994 0 0 I : CPU: 5 PID: 4319 Comm: writer Tainted: G S W O 4.19.157+ #1
01-01 09:51:45.994 0 0 I Hardware name: Qualcomm Technologies, Inc. kona MTP-RmPM8150b. VC1(FSE) EVT3 (DT)
01-01 09:51:45.994 0 0 I pstate : 60400005 (nZCv daif +PAN -UAO)
01-01 09:51:45.994 0 0 I pc : snd_soc_runtime_activate+0x8c/0x148
01-01 09:51:45.994 0 0 I lr : snd_soc_runtime_activate+0x8c/0x148
01-01 09:51:45.994 0 0 I sp : ffffff8022ccb960
01-01 09:51:45.994 0 0 I : x29: ffffff8022ccb960 x28: ffffffcab15c3e88
01-01 09:51:45.994 0 0 I : x27: ffffffcab15c3e88 x26: ffffffcab15c3680
01-01 09:51:45.994 0 0 I : x25: ffffffcab15c3680 x24: ffffffcac0621300
01-01 09:51:45.994 0 0 I : x23: 0000000000000001 x22: ffffffcabf4e8080
01-01 09:51:45.994 0 0 I : x21: ffffffcabf4e8080 x20: 0000000000000000
01-01 09:51:45.994 0 0 I : x19: ffffffcab15c3680 x18: 0000000000000034
01-01 09:51:45.994 0 0 I : x17: ffffffa69e31c000 x16: 00000000fff8022c
01-01 09:51:45.994 0 0 I : x15: 000000000008022c x14: 0000000000000086
01-01 09:51:45.994 0 0 I : x13: 0000000000000004 x12: 000000006e72244e
01-01 09:51:45.995 0 0 I : x11: 0000000000000015 x10: 000000000682aaab
01-01 09:51:45.995 0 0 I : x9 : 46aed5ee0edaaa00 x8 : 46aed5ee0edaaa00
01-01 09:51:45.995 0 0 I : x7 : ffffffa69a9826c0 x6 : 0000000000000000
01-01 09:51:45.995 0 0 I : x5 : 0000000000000080 x4 : 0000000000000001
01-01 09:51:45.995 0 0 I : x3 : ffffff8022ccb5d8 x2 : ffffffcaf8a341b0
01-01 09:51:45.995 0 0 I : x1 : ffffffa69a982834 x0 : 0000000000000024
01-01 09:51:45.995 0 0 I Call trace:
01-01 09:51:45.995 0 0 I : snd_soc_runtime_activate+0x8c/0x148
01-01 09:51:45.995 0 0 I : soc_compr_open_fe+0x1e8/0x358
01-01 09:51:45.995 0 0 I : snd_compr_open+0x170/0x230
01-01 09:51:45.995 0 0 I : snd_open+0x148/0x178
01-01 09:51:45.995 0 0 I : chrdev_open+0x1c0/0x228
01-01 09:51:45.995 0 0 I : do_dentry_open+0x1ac/0x320
01-01 09:51:45.995 0 0 I : vfs_open+0x34/0x40
01-01 09:51:45.995 0 0 I : path_openat+0x964/0x14c0
01-01 09:51:45.995 0 0 I : do_filp_open+0x80/0x128
01-01 09:51:45.995 0 0 I : do_sys_open+0x140/0x250
01-01 09:51:45.995 0 0 I : __arm64_compat_sys_openat+0x28/0x38
01-01 09:51:45.995 0 0 I : el0_svc_common+0xa4/0x190
01-01 09:51:45.995 0 0 I : el0_svc_compat_handler+0x28/0x38
01-01 09:51:45.995 0 0 I : el0_svc_compat+0x8/0x34
01-01 09:51:45.995 0 0 I : irq event stamp: 1438
01-01 09:51:45.995 0 0 I : hardirqs last enabled at (1437): [] console_unlock+0x4bc/0x568
01-01 09:51:45.995 0 0 I : hardirqs last disabled at (1438): [] do_debug_exception+0x84/0x150
01-01 09:51:45.995 0 0 I : softirqs last enabled at (118): [] local_bh_enable+0x0/0x20
01-01 09:51:45.995 0 0 I : softirqs last disabled at (116): [] local_bh_disable+0x0/0x20
01-01 09:51:45.995 0 0 W : ---[ end trace ccbeeb27ca4ebf3a ]---
01-01 09:51:45.997 0 0 I afe_find_cal_topo_id_by_port: port id: 0x9000, dev_acdb_id: 0
01-01 09:51:45.997 0 0 I afe_find_cal_topo_id_by_port: top_id:112fc acdb_id:15 afe_port:0x9000
01-01 09:51:45.997 0 0 I afe_get_cal_topology_id: port_id = 0x9000 acdb_id = 15 topology_id = 0x112fc cal_type_index=8 ret=0
01-01 09:51:45.997 0 0 I afe_send_port_topology_id: AFE set topology id 0x112fc enable for port 0x9000 ret 0
01-01 09:51:45.997 0 0 I send_afe_cal_type: cal_index is 0
01-01 09:51:45.997 0 0 I send_afe_cal_type: dev_acdb_id[55] is 0
01-01 09:51:45.997 0 0 I send_afe_cal_type: Sending cal_index cal 0
01-01 09:51:45.997 0 0 E send_afe_cal_type: No cal sent for cal_index 0, port_id = 0x9000! ret -22
01-01 09:51:46.006 0 0 I afe_send_hw_delay: port_id 0x9000 rate 48000 delay_usec 474 status 0
01-01 09:51:46.269 0 0 I msm_vidc: high: 00000002: ....d: Opening video instance: ffffffcab8fa8000, 1
01-01 09:51:46.280 0 0 I msm_vidc: high: 00000001: h264d: Closed video instance: ffffffca33704000
01-01 09:51:46.342 0 0 I msm_vidc: high: 00000001: ....d: Opening video instance: ffffffc9ba0bc000, 1
01-01 09:51:46.446 0 0 W : ------------[ cut here ]------------
01-01 09:51:46.446 0 0 W : WARNING: CPU: 2 PID: 1858 at sound/soc/soc-pcm.c:124 snd_soc_runtime_deactivate+0x8c/0x148
01-01 09:51:46.446 0 0 I : Modules linked in: cyttsp7_device_access cyttsp7_i2c cyttsp7 wlan(O) atmel_mxt_ts tsnv(O) machine_dlkm(O) wcd938x_slave_dlkm(O) wcd938x_dlkm(O) wcd9xxx_dlkm(O) mbhc_dlkm(O) tx_macro_dlkm(O) rx_macro_dlkm(O) va_macro_dlkm(O) wsa_macro_dlkm(O) swr_ctrl_dlkm(O) bolero_cdc_dlkm(O) wsa881x_dlkm(O) wcd_core_dlkm(O) stub_dlkm(O) hdmi_dlkm(O) swr_dlkm(O) pinctrl_lpi_dlkm(O) pinctrl_wcd_dlkm(O) usf_dlkm(O) native_dlkm(O) platform_dlkm(O) q6_dlkm(O) adsp_loader_dlkm(O) apr_dlkm(O) snd_event_dlkm(O) q6_notifier_dlkm(O) q6_pdr_dlkm(O) msm_11ad_proxy
01-01 09:51:46.446 0 0 I : CPU: 2 PID: 1858 Comm: HwBinder:820_6 Tainted: G S W O 4.19.157+ #1
01-01 09:51:46.446 0 0 I Hardware name: Qualcomm Technologies, Inc. kona MTP-RmPM8150b. VC1(FSE) EVT3 (DT)
01-01 09:51:46.446 0 0 I pstate : 60400005 (nZCv daif +PAN -UAO)
01-01 09:51:46.446 0 0 I pc : snd_soc_runtime_deactivate+0x8c/0x148
01-01 09:51:46.446 0 0 I lr : snd_soc_runtime_deactivate+0x8c/0x148
01-01 09:51:46.446 0 0 I sp : ffffff8021eabbf0
01-01 09:51:46.446 0 0 I : x29: ffffff8021eabbf0 x28: ffffffca759b0040
01-01 09:51:46.446 0 0 I : x27: 0000000000000000 x26: 0000000000000000
01-01 09:51:46.446 0 0 I : x25: 0000000046000000 x24: ffffffcaa61c16d0
01-01 09:51:46.446 0 0 I : x23: 0000000000000008 x22: 0000000000000000
01-01 09:51:46.446 0 0 I : x21: ffffffcabf4e8080 x20: 0000000000000000
01-01 09:51:46.446 0 0 I : x19: ffffffcab15c3680 x18: 0000000000000034
01-01 09:51:46.446 0 0 I : x17: ffffffa69e31c000 x16: 00000000fff7f1f4
01-01 09:51:46.446 0 0 I : x15: 000000000007f1f4 x14: 0000000000000086
01-01 09:51:46.446 0 0 I : x13: 0000000000000004 x12: 000000006ef67a21
01-01 09:51:46.447 0 0 I : x11: 0000000000000015 x10: 000000000682aaab
01-01 09:51:46.447 0 0 I : x9 : 46aed5ee0edaaa00 x8 : 46aed5ee0edaaa00
01-01 09:51:46.447 0 0 I : x7 : ffffffa69a9826c0 x6 : 0000000000000000
01-01 09:51:46.447 0 0 I : x5 : 0000000000000080 x4 : 0000000000000001
01-01 09:51:46.447 0 0 I : x3 : ffffff8021eab868 x2 : ffffffcaf84a61b0
01-01 09:51:46.447 0 0 I : x1 : ffffffa69a982834 x0 : 0000000000000024
01-01 09:51:46.447 0 0 I Call trace:
01-01 09:51:46.447 0 0 I : snd_soc_runtime_deactivate+0x8c/0x148
01-01 09:51:46.447 0 0 I : soc_compr_free_fe+0x4c/0x190
01-01 09:51:46.447 0 0 I : snd_compr_free+0x70/0xa0
01-01 09:51:46.447 0 0 I : __fput+0xbc/0x1b0
01-01 09:51:46.447 0 0 I : ____fput+0x1c/0x28
01-01 09:51:46.447 0 0 I : task_work_run+0x88/0xa8
01-01 09:51:46.447 0 0 I : do_notify_resume+0x738/0x788
01-01 09:51:46.447 0 0 I : work_pending+0x8/0x14
01-01 09:51:46.447 0 0 I : irq event stamp: 12890
01-01 09:51:46.447 0 0 I : hardirqs last enabled at (12889): [] console_unlock+0x4bc/0x568
01-01 09:51:46.447 0 0 I : hardirqs last disabled at (12890): [] do_debug_exception+0x84/0x150
01-01 09:51:46.447 0 0 I : softirqs last enabled at (12834): [] local_bh_enable+0x0/0x20
01-01 09:51:46.447 0 0 I : softirqs last disabled at (12832): [] local_bh_disable+0x0/0x20
01-01 09:51:46.447 0 0 W : ---[ end trace ccbeeb27ca4ebf3b ]---
01-01 09:51:46.450 0 0 I afe_close: port_id = 0x9000
01-01 09:51:46.526 0 0 I afe_find_cal_topo_id_by_port: port id: 0x9000, dev_acdb_id: 0
01-01 09:51:46.526 0 0 I afe_find_cal_topo_id_by_port: top_id:112fc acdb_id:15 afe_port:0x9000
01-01 09:51:46.526 0 0 I afe_get_cal_topology_id: port_id = 0x9000 acdb_id = 15 topology_id = 0x112fc cal_type_index=8 ret=0
01-01 09:51:46.526 0 0 I afe_send_port_topology_id: AFE set topology id 0x112fc enable for port 0x9000 ret 0
01-01 09:51:46.526 0 0 I send_afe_cal_type: cal_index is 0
01-01 09:51:46.526 0 0 I send_afe_cal_type: dev_acdb_id[55] is 0
01-01 09:51:46.526 0 0 I send_afe_cal_type: Sending cal_index cal 0
01-01 09:51:46.526 0 0 E send_afe_cal_type: No cal sent for cal_index 0, port_id = 0x9000! ret -22
01-01 09:51:46.536 0 0 I afe_send_hw_delay: port_id 0x9000 rate 48000 delay_usec 474 status 0
01-01 09:51:46.557 0 0 D BUG : MAX_LOCKDEP_CHAINS too low!
01-01 09:51:46.561 0 0 D : turning off the locking correctness validator.
01-01 09:51:46.567 0 0 D : Please attach the output of /proc/lock_stat to the bug report
01-01 09:51:46.574 0 0 I : CPU: 7 PID: 4355 Comm: writer Tainted: G S W O 4.19.157+ #1
01-01 09:51:46.582 0 0 I Hardware name: Qualcomm Technologies, Inc. kona MTP-RmPM8150b. VC1(FSE) EVT3 (DT)
01-01 09:51:46.590 0 0 I Call trace:
01-01 09:51:46.593 0 0 I : dump_backtrace+0x0/0x258
01-01 09:51:46.597 0 0 I : show_stack+0x20/0x30
01-01 09:51:46.600 0 0 I : dump_stack+0xd8/0x12c
01-01 09:51:46.604 0 0 I : __lock_acquire+0x1df8/0x1e58
01-01 09:51:46.608 0 0 I : lock_acquire+0x1cc/0x218
01-01 09:51:46.612 0 0 I : _raw_spin_lock_irqsave+0x54/0x98
01-01 09:51:46.616 0 0 I : qcom_cpufreq_get_cpu_cycle_counter+0x48/0xe0
01-01 09:51:46.622 0 0 I : update_task_ravg+0x198/0x1ac0
01-01 09:51:46.626 0 0 I : __schedule+0x970/0x1160
01-01 09:51:46.629 0 0 I : schedule+0x70/0x90
01-01 09:51:46.633 0 0 I : schedule_timeout+0x598/0x6f8
01-01 09:51:46.637 0 0 I : adm_apr_send_pkt+0x184/0x2f0 [q6_dlkm]
01-01 09:51:46.642 0 0 I : adm_set_pp_params+0x128/0x1a8 [q6_dlkm]
01-01 09:51:46.647 0 0 I : adm_remap_and_send_cal_block+0x100/0x2a0 [q6_dlkm]
01-01 09:51:46.653 0 0 I : send_adm_cal_type+0xb8/0x148 [q6_dlkm]
01-01 09:51:46.658 0 0 I : adm_matrix_map+0x5cc/0x7b8 [q6_dlkm]
01-01 09:51:46.663 0 0 I : msm_pcm_routing_reg_phy_stream+0x5e0/0xbb0 [platform_dlkm]
01-01 09:51:46.670 0 0 I : msm_pcm_prepare+0x3a8/0x948 [platform_dlkm]
01-01 09:51:46.675 0 0 I : soc_pcm_prepare+0xc0/0x288
01-01 09:51:46.679 0 0 I : dpcm_fe_dai_prepare+0x11c/0x2f8
01-01 09:51:46.684 0 0 I : snd_pcm_common_ioctl+0x13fc/0x30e8
01-01 09:51:46.688 0 0 I : snd_pcm_ioctl_compat+0x2d0/0x34c8
01-01 09:51:46.693 0 0 I : __arm64_compat_sys_ioctl+0xf4/0x240
01-01 09:51:46.697 0 0 I : el0_svc_common+0xa4/0x190
01-01 09:51:46.701 0 0 I : el0_svc_compat_handler+0x28/0x38
01-01 09:51:46.706 0 0 I : el0_svc_compat+0x8/0x34
01-01 09:51:46.710 0 0 W irq_migrate_all_off_this_cpu: 112 callbacks suppressed
01-01 09:51:46.710 0 0 I IRQ 354 : no longer affine to CPU4
01-01 09:51:46.721 0 0 I IRQ 355 : no longer affine to CPU4
01-01 09:51:46.721 0 0 I IRQ 356 : no longer affine to CPU4
01-01 09:51:46.721 0 0 I IRQ 357 : no longer affine to CPU4
01-01 09:51:46.721 0 0 I IRQ 359 : no longer affine to CPU4
01-01 09:51:46.721 0 0 I IRQ 360 : no longer affine to CPU4
01-01 09:51:46.721 0 0 I IRQ 362 : no longer affine to CPU4
01-01 09:51:46.721 0 0 I IRQ 365 : no longer affine to CPU4
01-01 09:51:46.721 0 0 I IRQ 366 : no longer affine to CPU4
01-01 09:51:46.721 0 0 I IRQ 367 : no longer affine to CPU4
01-10 03:25:45.343 1136 1636 D ColorDisplayService: NightDisplayTintController Animation cancelled: false to matrix:
01-10 03:25:45.343 1136 1636 D ColorDisplayService: 1.000000 0.000000 0.000000 0.000000 0.000000 1.000000 0.000000 0.000000 0.000000 0.000000 1.000000 0.000000 0.000000 0.000000 0.000000 1.000000 min matrix coefficients:
01-10 03:25:45.343 1136 1636 D ColorDisplayService: 1.000000 0.000000 0.000000 0.000000 0.000000 1.000000 0.000000 0.000000 0.000000 0.000000 1.000000 0.000000 0.000000 0.000000 0.000000 1.000000 max matrix coefficients:
01-10 03:25:45.343 1136 1636 D ColorDisplayService: 1.000000 0.000000 0.000000 0.000000 0.000000 1.000000 0.000000 0.000000 0.000000 0.000000 1.000000 0.000000 0.000000 0.000000 0.000000 1.000000 --------- beginning of main
01-10 03:25:45.588 1271 1833 I CCodecBufferChannel: pipelineRoom(2) is <= numClientBuffers(2). Not signalling any more buffers to client
01-10 03:25:45.588 1271 1833 I CCodecBufferChannel: pipelineRoom(2) is <= numClientBuffers(2). Not signalling any more buffers to client
01-10 03:25:45.591 1271 4334 I CCodecBufferChannel: pipelineRoom(3) is <= numClientBuffers(3). Not signalling any more buffers to client
01-10 03:25:45.603 1271 3960 I CCodecBufferChannel: pipelineRoom(1) is <= numClientBuffers(1). Not signalling any more buffers to client
01-10 03:25:45.604 1271 4334 I CCodecBufferChannel: pipelineRoom(2) is <= numClientBuffers(2). Not signalling any more buffers to client
01-10 03:25:45.604 1271 3960 I CCodecBufferChannel: pipelineRoom(2) is <= numClientBuffers(2). Not signalling any more buffers to client
01-10 03:25:45.605 1271 1884 I CCodecBufferChannel: pipelineRoom(2) is <= numClientBuffers(3). Not signalling any more buffers to client
01-10 03:25:45.606 1271 4346 I CCodecBufferChannel: pipelineRoom(2) is <= numClientBuffers(2). Not signalling any more buffers to client
01-10 03:25:45.609 1271 3960 I CCodecBufferChannel: pipelineRoom(2) is <= numClientBuffers(2). Not signalling any more buffers to client
01-10 03:25:45.611 1271 3960 I CCodecBufferChannel: pipelineRoom(2) is <= numClientBuffers(2). Not signalling any more buffers to client
01-10 03:25:45.616 1271 3960 I CCodecBufferChannel: pipelineRoom(2) is <= numClientBuffers(2). Not signalling any more buffers to client
01-10 03:25:45.617 1271 1884 I CCodecBufferChannel: pipelineRoom(2) is <= numClientBuffers(2). Not signalling any more buffers to client
01-10 03:25:45.617 1136 1848 I commit_sys_config_file: [settings-2-0,6]
01-10 03:25:45.621 1271 1833 I CCodecBufferChannel: pipelineRoom(1) is <= numClientBuffers(1). Not signalling any more buffers to client
01-10 03:25:45.622 1136 1848 I commit_sys_config_file: [settings-1-0,5]
01-10 03:25:45.806 4177 4177 I MSP-JNI : JNI_OnLoad called
01-10 03:25:45.806 4177 4177 E MSP-JNI : Failed to get class in Jload
01-10 03:25:45.807 4177 4177 I MSP-JNI : FindClass - com/qualcomm/ltebc/LTEBroadcastService JNI EXCEPTION CLEARED
01-10 03:25:45.807 4177 4177 I MSP-JNI : JNI_OnLoad: Initializing File Delivery references
01-10 03:25:45.807 4177 4177 I MSP-JNI : FindClass CARRIER_SPECIFIC_CLASS_DEFINITION JNI EXCEPTION CLEARED
01-10 03:25:45.807 4177 4177 I MSP-JNI : JNI_OnLoad: Completed File Delivery initialization
01-10 03:25:45.810 4177 4177 I LTE Application: LTEApplicationCreate
01-10 03:25:45.811 4177 4177 I LTE Application: applicationContext : com.qualcomm.ltebc.LTEQTIApplication@cf22f42
01-10 03:25:45.817 4177 4177 I LTE QMI Link: Creating QMI Link
01-10 03:25:45.820 4177 4177 D LTE Application: packageName = com.qti.ltebc versionCode = 5401010 versionName = MSDC_LA_5.4.01.01.0
01-10 03:25:45.820 4177 4177 I LTE Application: LTE Broadcast Library Release Version = MSDC_LA_5.4.01.01.0
01-10 03:25:45.821 4177 4177 D LTE Application: IntentSender : Last intent Status NOT_SENT forcedBroadcast flag = true
01-10 03:25:45.821 4177 4177 D LTE Application: sendBroadcastIntent IntentAction : Sending com.qualcomm.intent.EMBMS_STATUS ACTIVE = false
01-10 03:25:45.826 4177 4177 W SOCKET : ConnectionManager constructor has been initialised
01-10 03:25:45.826 4177 4177 E System : Ignoring attempt to set property "java.net.preferIPv6Addresses" to value "false".
01-10 03:25:45.832 4177 4177 D LTE Application: Android API Version 31
01-10 03:25:45.832 4177 4177 I LTE Application: Package Name : com.qti.ltebc
01-10 03:25:45.832 657 669 I mpu_uart: [MSG-P:RECV]:No message received in 1000 ms
01-10 03:25:45.835 4177 4177 I LTE Application: app is not whitelisted
01-10 03:25:45.839 4177 4177 I LTE Broadcast Receiver: Broadcast Receiver Received intent : Intent { act=android.intent.action.MEDIA_MOUNTED dat=file:///storage/emulated/0 flg=0x5000010 cmp=com.qti.ltebc/com.qualcomm.ltebc.LTEBroadcastReceiver (has extras) }
01-10 03:25:45.840 4177 4177 I LTE Broadcast Receiver: Handled media mounted or unmounted event
01-10 03:25:45.840 4177 4177 E LTE Broadcast Receiver: Received media mounted event when MSP is not initialized
01-10 03:25:45.840 4177 4177 I LTE Application: getStartupReason - startup_reason: STARTUP_REASON_NOTSET
01-10 03:25:45.840 4177 4177 I LTE Broadcast Receiver: Middleware is started due to media event..exiting app
01-10 03:25:45.843 4177 4177 I com.qti.ltebc: System.exit called, status: 0
01-10 03:25:45.843 4177 4177 I AndroidRuntime: VM exiting with result code 0, cleanup skipped.
01-10 03:25:45.861 2782 2782 D TcSetupSecondActivity: do finishTcSetup
01-10 03:25:45.864 1136 2950 I wm_finish_activity: [0,111496472,9,com.thundercomm.tcsetupwizard/.TcSetupSecondActivity,app-request]
01-10 03:25:45.864 1136 2950 D ActivityTrigger: ActivityTrigger activityPauseTrigger
01-10 03:25:45.865 1136 2950 I wm_pause_activity: [0,111496472,com.thundercomm.tcsetupwizard/.TcSetupSecondActivity,userLeaving=false,finish]
01-10 03:25:45.869 2782 2782 I wm_on_top_resumed_lost_called: [111496472,com.thundercomm.tcsetupwizard.TcSetupSecondActivity,topStateChangedWhenResumed]
01-10 03:25:45.870 2782 2782 I wm_on_paused_called: [111496472,com.thundercomm.tcsetupwizard.TcSetupSecondActivity,performPause]
01-10 03:25:45.871 1136 1599 I wm_add_to_stopping: [0,111496472,com.thundercomm.tcsetupwizard/.TcSetupSecondActivity,completeFinishing]
01-10 03:25:45.872 1136 1599 I ActivityTaskManager: FOREGROUND_APPLICATION_CHANGED to com.thundercomm.tcsetupwizard.TcSetupStartActivity
01-10 03:25:45.875 1136 1599 I wm_set_resumed_activity: [0,com.thundercomm.tcsetupwizard/.TcSetupStartActivity,resumeTopActivityInnerLocked]
01-10 03:25:45.880 1136 1599 I wm_resume_activity: [0,9012169,9,com.thundercomm.tcsetupwizard/.TcSetupStartActivity]
01-10 03:25:45.883 1271 1868 I CCodecBufferChannel: pipelineRoom(3) is <= numClientBuffers(3). Not signalling any more buffers to client
01-10 03:25:45.884 1271 4334 I CCodecBufferChannel: pipelineRoom(2) is <= numClientBuffers(2). Not signalling any more buffers to client
01-10 03:25:45.885 1271 4160 I CCodecBufferChannel: pipelineRoom(3) is <= numClientBuffers(3). Not signalling any more buffers to client
01-10 03:25:45.888 1136 1636 I sysui_multi_action: [757,803,799,window_time_0,802,4]
01-10 03:25:45.888 2782 2782 D TcSetupStartActivity: onActivityResult() requestCode = 60 | resultCode = -1
01-10 03:25:45.888 2782 2782 D TcSetupStartActivity: do finishTCSetup
01-10 03:25:45.889 1136 1599 I wm_finish_activity: [0,9012169,9,com.thundercomm.tcsetupwizard/.TcSetupStartActivity,app-request]
01-10 03:25:45.889 1136 1599 D ActivityTrigger: ActivityTrigger activityPauseTrigger
01-10 03:25:45.890 1136 1599 I wm_pause_activity: [0,9012169,com.thundercomm.tcsetupwizard/.TcSetupStartActivity,userLeaving=false,finish]
01-10 03:25:45.890 1060 1060 I BpBinder: onLastStrongRef automatically unlinking death recipients:
01-10 03:25:45.891 1271 3942 I CCodecBufferChannel: pipelineRoom(1) is <= numClientBuffers(2). Not signalling any more buffers to client
01-10 03:25:45.892 1271 4334 I CCodecBufferChannel: pipelineRoom(1) is <= numClientBuffers(1). Not signalling any more buffers to client
01-10 03:25:45.893 1271 3942 I CCodecBufferChannel: pipelineRoom(1) is <= numClientBuffers(1). Not signalling any more buffers to client
01-10 03:25:45.893 1271 4334 I CCodecBufferChannel: pipelineRoom(2) is <= numClientBuffers(2). Not signalling any more buffers to client
01-10 03:25:45.894 1271 1833 I CCodecBufferChannel: pipelineRoom(2) is <= numClientBuffers(2). Not signalling any more buffers to client
01-10 03:25:45.895 1136 1912 I input_focus: [Focus leaving bb699de com.thundercomm.tcsetupwizard/com.thundercomm.tcsetupwizard.TcSetupSecondActivity (server),reason=NO_WINDOW]
01-10 03:25:45.897 1271 4160 I CCodecBufferChannel: pipelineRoom(2) is <= numClientBuffers(2). Not signalling any more buffers to client
01-10 03:25:45.898 1271 1884 I CCodecBufferChannel: pipelineRoom(3) is <= numClientBuffers(3). Not signalling any more buffers to client
01-10 03:25:45.900 2782 2782 I wm_on_activity_result_called: [9012169,com.thundercomm.tcsetupwizard.TcSetupStartActivity,ACTIVITY_RESULT]
01-10 03:25:45.901 2782 2782 I wm_on_restart_called: [9012169,com.thundercomm.tcsetupwizard.TcSetupStartActivity,performRestartActivity]
01-10 03:25:45.903 1271 1833 I CCodecBufferChannel: pipelineRoom(1) is <= numClientBuffers(1). Not signalling any more buffers to client
01-10 03:25:45.914 1136 1599 I wm_add_to_stopping: [0,9012169,com.thundercomm.tcsetupwizard/.TcSetupStartActivity,completeFinishing]
01-10 03:25:45.915 1136 1599 I ActivityTaskManager: FOREGROUND_APPLICATION_CHANGED to com.android.provision.DefaultActivity
01-10 03:25:45.916 1136 1599 I wm_set_resumed_activity: [0,com.android.provision/.DefaultActivity,resumeTopActivityInnerLocked]
01-10 03:25:45.921 1136 1599 I wm_resume_activity: [0,102151880,9,com.android.provision/.DefaultActivity]
01-10 03:25:45.926 1136 1636 I sysui_multi_action: [757,803,799,window_time_0,802,0]
01-10 03:25:45.935 3666 3666 D Provision: onActivityResult(): request=50, result=RESULT_OK(-1), data=null
01-10 03:25:45.935 3666 3666 D Provision: onTCSetupResult resultCode = -1
01-10 03:25:45.935 3666 3666 I Provision: Setting provisioning state
01-10 03:25:45.942 1136 4239 I commit_sys_config_file: [settings-0-0,6]
01-10 03:25:45.952 1136 2950 I commit_sys_config_file: [settings-2-0,8]
01-10 03:25:45.953 3666 3666 I Provision: Disabling itself (ComponentInfo{com.android.provision/com.android.provision.DefaultActivity})
01-10 03:25:45.954 2456 2456 D DeviceProvisionedControllerImpl: Setting change: content://settings/global/device_provisioned
01-10 03:25:45.955 1136 4239 D PackageManager: Instant App installer not found with android.intent.action.INSTALL_INSTANT_APP_PACKAGE
01-10 03:25:45.956 1136 4239 D PackageManager: Clear ephemeral installer activity
01-10 03:25:45.957 1136 4239 I wm_finish_activity: [0,102151880,9,com.android.provision/.DefaultActivity,app-request]
01-10 03:25:45.957 1136 4239 I wm_task_moved: [1,1,5]
01-10 03:25:45.957 1136 4239 I wm_set_resumed_activity: [0,com.android.provision/.DefaultActivity,positionChildAt]
01-10 03:25:45.957 1136 4239 I wm_task_moved: [9,1,2147483647]
01-10 03:25:45.957 1136 4239 D ActivityTrigger: ActivityTrigger activityPauseTrigger
01-10 03:25:45.959 1136 4239 I wm_pause_activity: [0,102151880,com.android.provision/.DefaultActivity,userLeaving=false,finish]
01-10 03:25:45.962 3666 3666 I wm_on_activity_result_called: [102151880,com.android.provision.DefaultActivity,ACTIVITY_RESULT]
01-10 03:25:45.963 3666 3666 I wm_on_restart_called: [102151880,com.android.provision.DefaultActivity,performRestartActivity]
01-10 03:25:45.971 2456 2456 D DeviceProvisionedControllerImpl: Setting change: content://settings/secure/user_setup_complete
01-10 03:25:45.971 2456 2456 D StatusBar: mUserSetupObserver - DeviceProvisionedListener called for user 0
01-10 03:25:45.972 1136 1650 D PinnerService: pinRangeStream: null
01-10 03:25:45.973 1136 4239 I ActivityTaskManager: START u0 {act=android.intent.action.MAIN cat=[android.intent.category.HOME] flg=0x10000100 cmp=com.android.launcher3/.uioverrides.QuickstepLauncher (has extras)} from uid 0
01-10 03:25:45.973 2456 2456 D NavigationModeController: getCurrentUserContext: contextUser=0 currentUser=0
01-10 03:25:45.973 1136 1636 I EventSequenceValidator: Transition from INTENT_FAILED to INTENT_STARTED
01-10 03:25:46.005 1136 4239 D CompatibilityChangeReporter: Compat change id reported: 184838306; UID 10080; state: DISABLED
01-10 03:25:46.005 1136 1650 D PinnerService: pinRangeStream: null
01-10 03:25:46.007 1136 1650 D PinnerService: pinRangeStream: null
01-10 03:25:46.008 1136 4239 D CompatibilityChangeReporter: Compat change id reported: 185004937; UID 10080; state: DISABLED
01-10 03:25:46.010 1136 4239 D CompatibilityChangeReporter: Compat change id reported: 181136395; UID 10080; state: DISABLED
01-10 03:25:46.010 1136 1634 D AutofillUI: destroySaveUiUiThread(): already destroyed
01-10 03:25:46.010 1136 1650 D AutofillManagerServiceImpl: Reset component for user 0:
01-10 03:25:46.011 1136 4239 D CompatibilityChangeReporter: Compat change id reported: 174042936; UID 10080; state: DISABLED
01-10 03:25:46.012 1136 1634 D AutofillUI: destroySaveUiUiThread(): already destroyed
01-10 03:25:46.012 1136 1650 D AutofillManagerServiceImpl: Reset component for user 0:
01-10 03:25:46.012 1136 4239 D CompatibilityChangeReporter: Compat change id reported: 174042980; UID 10080; state: DISABLED
01-10 03:25:46.013 1136 1650 D FieldClassificationStrategy: reset(): service is not bound. Do nothing.
01-10 03:25:46.017 1136 4239 E ANDR-PERF-JNI: com_qualcomm_qtiperformance_native_perf_io_prefetch_start
01-10 03:25:46.019 1136 4239 I wm_task_created: [10,-1]
01-10 03:25:46.020 1136 4239 I wm_task_moved: [10,1,2147483647]
01-10 03:25:46.020 966 3742 E ANDR-IOP: io prefetch is disabled
01-10 03:25:46.021 1136 4239 I wm_task_moved: [1,1,5]
01-10 03:25:46.021 1136 4239 I wm_create_task: [0,10]
01-10 03:25:46.021 1136 4239 I wm_create_activity: [0,244039928,10,com.android.launcher3/.uioverrides.QuickstepLauncher,android.intent.action.MAIN,NULL,NULL,268435712]
01-10 03:25:46.021 1136 4239 I wm_task_moved: [1,1,5]
01-10 03:25:46.021 1136 4239 I wm_task_moved: [10,1,2147483647]
01-10 03:25:46.022 1136 4239 I wm_task_to_front: [0,10]
01-10 03:25:46.023 1136 4239 D CompatibilityInfo: mCompatibilityFlags - 4
01-10 03:25:46.023 1136 4239 D CompatibilityInfo: applicationDensity - 240
01-10 03:25:46.023 1136 4239 D CompatibilityInfo: applicationScale - 1.0
01-10 03:25:46.023 1136 4239 I ActivityTaskManager: FOREGROUND_APPLICATION_CHANGED to com.android.launcher3.uioverrides.QuickstepLauncher
01-10 03:25:46.024 1136 4239 I ActivityTaskManager: The Process com.android.launcher3 Already Exists in BG. So sending its PID: 3016
01-10 03:25:46.025 1136 4239 I wm_restart_activity: [0,244039928,10,com.android.launcher3/.uioverrides.QuickstepLauncher]
01-10 03:25:46.025 1136 4239 D CompatibilityInfo: mCompatibilityFlags - 4
01-10 03:25:46.025 1136 4239 D CompatibilityInfo: applicationDensity - 240
01-10 03:25:46.025 1136 4239 D CompatibilityInfo: applicationScale - 1.0
01-10 03:25:46.026 1136 4239 I wm_set_resumed_activity: [0,com.android.launcher3/.uioverrides.QuickstepLauncher,minimalResumeActivityLocked]
01-10 03:25:46.033 1136 1636 I EventSequenceValidator: Transition from INTENT_STARTED to ACTIVITY_LAUNCHED
01-10 03:25:46.040 1136 1636 I sysui_multi_action: [757,803,799,window_time_0,802,0]
01-10 03:25:46.050 3016 4370 I AdrenoGLES-0: QUALCOMM build : 47421dbee6, I139f36ad46
01-10 03:25:46.050 3016 4370 I AdrenoGLES-0: Build Date : 02/18/22
01-10 03:25:46.050 3016 4370 I AdrenoGLES-0: OpenGL ES Shader Compiler Version: EV031.32.02.17
01-10 03:25:46.050 3016 4370 I AdrenoGLES-0: Local Branch :
01-10 03:25:46.050 3016 4370 I AdrenoGLES-0: Remote Branch :
01-10 03:25:46.050 3016 4370 I AdrenoGLES-0: Remote Branch :
01-10 03:25:46.050 3016 4370 I AdrenoGLES-0: Reconstruct Branch :
01-10 03:25:46.050 3016 4370 I AdrenoGLES-0: Build Config : S P 10.0.7 AArch64
01-10 03:25:46.050 3016 4370 I AdrenoGLES-0: Driver Path : /vendor/lib64/egl/libGLESv2_adreno.so
01-10 03:25:46.052 504 504 I hwservicemanager: getTransport: Cannot find entry android.hardware.graphics.mapper@4.0::IMapper/default in either framework or device VINTF manifest.
01-10 03:25:46.057 3016 4370 I AdrenoGLES-0: PFP: 0x016dd093, ME: 0x00000000
01-10 03:25:46.069 3016 4370 D libEGL : MSAA-->msaa:0 gamemode:0 4x_msaa:0
01-10 03:25:46.069 3016 4370 D libEGL : MSAA-->msaa:0 gamemode:0 4x_msaa:0
01-10 03:25:46.069 3016 4370 D libEGL : MSAA-->msaa:0 gamemode:0 4x_msaa:0
01-10 03:25:46.074 962 1007 I SDM : HWCDisplay::GetColorModeCount: Supported color mode count = 1
01-10 03:25:46.074 962 1007 I SDM : HWCDisplay::GetColorModes: Color mode = 0 is supported
01-10 03:25:46.074 1060 2538 E HWComposer: getSupportedContentTypes: getSupportedContentTypes failed for display 4630946816427681409: Unsupported (8)
01-10 03:25:46.082 3016 4370 D hw-ProcessState: Binder ioctl to enable oneway spam detection failed: Invalid argument
01-01 09:51:48.336 0 0 I binder : 3016:4370 ioctl 40046210 7504d8e254 returned -22
01-10 03:25:46.083 504 504 I hwservicemanager: getTransport: Cannot find entry android.hardware.graphics.mapper@4.0::IMapper/default in either framework or device VINTF manifest.
01-10 03:25:46.083 3016 4370 I Gralloc4: mapper 4.x is not supported
01-10 03:25:46.085 504 504 I hwservicemanager: getTransport: Cannot find entry android.hardware.graphics.allocator@4.0::IAllocator/default in either framework or device VINTF manifest.
01-10 03:25:46.086 3016 4370 W Gralloc4: allocator 4.x is not supported
01-10 03:25:46.087 1136 4239 I ActivityManager: Process com.qti.ltebc (pid 4177) has died: fg RCVR
01-10 03:25:46.087 1136 1654 I libprocessgroup: Successfully killed process cgroup uid 10082 pid 4177 in 0ms
01-10 03:25:46.087 1136 4239 I am_proc_died: [0,4177,com.qti.ltebc,0,11]
01-10 03:25:46.087 1136 4239 I am_broadcast_discard_app: [0,242641342,android.intent.action.MEDIA_MOUNTED,2,ResolveInfo{803343c com.qti.ltebc/com.qualcomm.ltebc.LTEBroadcastReceiver m=0x208000}]
01-10 03:25:46.088 1136 4239 I am_uid_stopped: 10082
01-10 03:25:46.090 1136 1651 I am_uid_running: 10035
01-10 03:25:46.090 1136 1651 D CompatibilityChangeReporter: Compat change id reported: 135634846; UID 10035; state: DISABLED
01-10 03:25:46.090 1136 1651 D CompatibilityChangeReporter: Compat change id reported: 177438394; UID 10035; state: DISABLED
01-10 03:25:46.090 1136 1651 D CompatibilityChangeReporter: Compat change id reported: 135772972; UID 10035; state: DISABLED
01-10 03:25:46.090 1136 1651 D CompatibilityChangeReporter: Compat change id reported: 135754954; UID 10035; state: ENABLED
01-10 03:25:46.090 1136 1652 D CompatibilityChangeReporter: Compat change id reported: 143937733; UID 10035; state: ENABLED
01-10 03:25:46.091 683 683 I Zygote : Process 4177 exited cleanly (0)
01-10 03:25:46.101 3016 4370 E FrameEvents: updateAcquireFence: Did not find frame.
01-10 03:25:46.109 3016 4370 E FrameEvents: updateAcquireFence: Did not find frame.
01-10 03:25:46.112 3016 4370 E FrameEvents: updateAcquireFence: Did not find frame.
01-10 03:25:46.114 3016 4370 E FrameEvents: updateAcquireFence: Did not find frame.
01-10 03:25:46.117 683 683 D Zygote : Forked child process 4379
