01-01 09:51:03.965 1136 1136 D CompatConfig: Adding: com.android.server.compat.config.Change@e6e42b0
01-01 09:51:03.966 1136 1640 I SystemConfig: Reading permissions from /vendor/etc/permissions/android.hardware.sensor.hifi_sensors.xml
01-01 09:51:03.966 1136 1136 D CompatConfig: Adding: com.android.server.compat.config.Change@69350ae
01-01 09:51:03.967 1136 1136 D CompatConfig: Adding: com.android.server.compat.config.Change@3e28e4f
01-01 09:51:03.967 1136 1640 I SystemConfig: Reading permissions from /vendor/etc/permissions/android.hardware.location.gps.xml
01-01 09:51:03.967 1136 1136 D CompatConfig: Adding: com.android.server.compat.config.Change@161fae5
01-01 09:51:03.968 1136 1136 D CompatConfig: Adding: com.android.server.compat.config.Change@347c9ba
01-01 09:51:03.969 1136 1136 D CompatConfig: Adding: com.android.server.compat.config.Change@4e3c06b
01-01 09:51:03.969 1136 1640 I SystemConfig: Reading permissions from /vendor/etc/permissions/android.hardware.vulkan.version-1_1.xml
01-01 09:51:03.970 1136 1136 D CompatConfig: Adding: com.android.server.compat.config.Change@bc6061
01-01 09:51:03.970 1136 1136 D CompatConfig: Adding: com.android.server.compat.config.Change@198c786
01-01 09:51:03.971 1136 1136 D CompatConfig: Adding: com.android.server.compat.config.Change@27bf847
01-01 09:51:03.971 1136 1640 I SystemConfig: Reading permissions from /vendor/etc/permissions/android.hardware.sensor.compass.xml
01-01 09:51:03.972 1136 1136 D CompatConfig: Adding: com.android.server.compat.config.Change@6fda19d
01-01 09:51:03.973 1136 1136 D CompatConfig: Adding: com.android.server.compat.config.Change@da9d612
01-01 09:51:03.973 1136 1640 I SystemConfig: Reading permissions from /vendor/etc/permissions/android.software.verified_boot.xml
01-01 09:51:03.973 1136 1136 D CompatConfig: Adding: com.android.server.compat.config.Change@4afb7e0
01-01 09:51:03.974 1136 1136 D CompatConfig: Found a config file: /system/etc/compatconfig/calendar-provider-compat-config.xml
01-01 09:51:03.974 1136 1640 I SystemConfig: Reading permissions from /vendor/etc/permissions/android.hardware.se.omapi.ese.xml
01-01 09:51:03.975 1136 1136 D CompatConfig: Adding: com.android.server.compat.config.Change@aa9a93f
01-01 09:51:03.975 1136 1640 I SystemConfig: Reading permissions from /vendor/etc/permissions/android.hardware.audio.low_latency.xml
01-01 09:51:03.970 0 0 I IPv6 : ADDRCONF(NETDEV_UP): vlan4: link is not ready
01-01 09:51:03.975 0 0 E kona-asoc-snd soc: qcom,msm-audio-apr:qcom,q6core-audio:sound: ASoC: no source widget found for ADC4_OUTPUT
01-01 09:51:03.976 1136 1136 D CompatConfig: Found a config file: /system/etc/compatconfig/icu4j-platform-compat-config.xml
01-01 09:51:03.976 1136 1640 I SystemConfig: Reading permissions from /vendor/etc/permissions/android.hardware.audio.pro.xml
01-01 09:51:03.977 1136 1136 D CompatConfig: Adding: com.android.server.compat.config.Change@199a5b
01-01 09:51:03.977 1136 1640 I SystemConfig: Reading permissions from /vendor/etc/permissions/vendor.qti.hardware.factory.xml
01-01 09:51:03.980 1136 1136 D CompatConfig: Found a config file: /system/system_ext/etc/compatconfig/settings-platform-compat-config.xml
01-01 09:51:03.981 1136 1640 I SystemConfig: Reading permissions from /vendor/etc/permissions/android.hardware.usb.host.xml
01-01 09:51:03.982 1136 1136 D CompatConfig: Adding: com.android.server.compat.config.Change@3cd8137
01-01 09:51:03.982 1136 1640 I SystemConfig: Reading permissions from /vendor/etc/permissions/android.software.midi.xml
01-01 09:51:03.983 1136 1640 I SystemConfig: Reading permissions from /vendor/etc/permissions/vendor-qti-hardware-sensorscalibrate.xml
01-01 09:51:03.984 1136 1136 D CompatConfig: No directory /apex/com.android.vndk.v30/etc/compatconfig, skipping
01-01 09:51:03.984 1136 1136 D CompatConfig: No directory /apex/com.android.wifi/etc/compatconfig, skipping
01-01 09:51:03.984 1136 1136 D CompatConfig: No directory /apex/com.android.vndk.v31/etc/compatconfig, skipping
01-01 09:51:03.984 1136 1136 D CompatConfig: No directory /apex/com.android.tzdata/etc/compatconfig, skipping
01-01 09:51:03.984 1136 1640 I SystemConfig: Reading permissions from /vendor/etc/permissions/android.hardware.wifi.xml
01-01 09:51:03.984 1136 1136 D CompatConfig: No directory /apex/com.android.tethering/etc/compatconfig, skipping
01-01 09:51:03.985 1136 1136 D CompatConfig: No directory /apex/com.android.sdkext/etc/compatconfig, skipping
01-01 09:51:03.985 1136 1136 D CompatConfig: No directory /apex/com.android.scheduling/etc/compatconfig, skipping
01-01 09:51:03.985 1136 1136 D CompatConfig: No directory /apex/com.android.runtime/etc/compatconfig, skipping
01-01 09:51:03.985 1136 1136 D CompatConfig: No directory /apex/com.android.resolv/etc/compatconfig, skipping
01-01 09:51:03.985 1136 1136 D CompatConfig: No directory /apex/com.android.permission/etc/compatconfig, skipping
01-01 09:51:03.985 1136 1640 I SystemConfig: Reading permissions from /vendor/etc/permissions/android.hardware.wifi.rtt.xml
01-01 09:51:03.985 1136 1136 D CompatConfig: No directory /apex/com.android.os.statsd/etc/compatconfig, skipping
01-01 09:51:03.985 1136 1136 D CompatConfig: No directory /apex/com.android.neuralnetworks/etc/compatconfig, skipping
01-01 09:51:03.986 1136 1640 I SystemConfig: Reading permissions from /vendor/etc/permissions/android.hardware.sensor.accelerometer.xml
01-01 09:51:03.986 1136 1136 D CompatConfig: Found a config file: /apex/com.android.mediaprovider/etc/compatconfig/media-provider-platform-compat-config.xml
01-01 09:51:03.987 1136 1640 I SystemConfig: Reading permissions from /vendor/etc/permissions/android.software.vulkan.deqp.level.xml
01-01 09:51:03.988 1136 1136 D CompatConfig: Adding: com.android.server.compat.config.Change@3a5602f
01-01 09:51:03.988 1136 1640 I SystemConfig: Reading permissions from /vendor/etc/permissions/android.hardware.touchscreen.multitouch.jazzhand.xml
01-01 09:51:03.989 1136 1136 D CompatConfig: Adding: com.android.server.compat.config.Change@a4acfc5
01-01 09:51:03.989 1136 1136 D CompatConfig: Adding: com.android.server.compat.config.Change@486ad1a
01-01 09:51:03.990 1136 1640 I SystemConfig: Reading permissions from /vendor/etc/permissions/android.hardware.sensor.barometer.xml
01-01 09:51:03.990 1136 1136 D CompatConfig: Adding: com.android.server.compat.config.Change@1aeba28
01-01 09:51:03.991 1136 1640 I SystemConfig: Reading permissions from /vendor/etc/permissions/android.hardware.sensor.ambient_temperature.xml
01-01 09:51:03.991 1136 1136 D CompatConfig: Adding: com.android.server.compat.config.Change@dd280e6
01-01 09:51:03.991 1136 1136 D CompatConfig: Adding: com.android.server.compat.config.Change@dcb2627
01-01 09:51:03.992 1136 1640 I SystemConfig: Reading permissions from /vendor/etc/permissions/android.hardware.fingerprint.xml
01-01 09:51:03.992 1136 1136 D CompatConfig: Adding: com.android.server.compat.config.Change@3d0327d
01-01 09:51:03.993 1136 1136 D CompatConfig: No directory /apex/com.android.media.swcodec/etc/compatconfig, skipping
01-01 09:51:03.993 1136 1136 D CompatConfig: No directory /apex/com.android.media/etc/compatconfig, skipping
01-01 09:51:03.993 1136 1136 D CompatConfig: No directory /apex/com.android.ipsec/etc/compatconfig, skipping
01-01 09:51:03.994 1136 1136 D CompatConfig: No directory /apex/com.android.i18n/etc/compatconfig, skipping
01-01 09:51:03.994 1136 1640 I SystemConfig: Reading permissions from /vendor/etc/permissions/android.hardware.wifi.aware.xml
01-01 09:51:03.994 1136 1136 D CompatConfig: No directory /apex/com.android.extservices/etc/compatconfig, skipping
01-01 09:51:03.994 1136 1136 D CompatConfig: No directory /apex/com.android.conscrypt/etc/compatconfig, skipping
01-01 09:51:03.995 1136 1136 D CompatConfig: Found a config file: /apex/com.android.art/etc/compatconfig/libcore-platform-compat-config.xml
01-01 09:51:03.996 1136 1136 D CompatConfig: Adding: com.android.server.compat.config.Change@554a640
01-01 09:51:03.996 1136 1640 I SystemConfig: Reading permissions from /product/etc/sysconfig/preinstalled-packages-platform-handheld-product.xml
01-01 09:51:03.996 1136 1136 D CompatConfig: Adding: com.android.server.compat.config.Change@416c6be
01-01 09:51:03.997 1136 1136 D CompatConfig: Adding: com.android.server.compat.config.Change@334b31f
01-01 09:51:03.998 1136 1640 I SystemConfig: Reading permissions from /product/etc/sysconfig/preinstalled-packages-platform-overlays.xml
01-01 09:51:03.998 1136 1136 D CompatConfig: Adding: com.android.server.compat.config.Change@fd83435
01-01 09:51:03.998 1136 1136 D CompatConfig: Adding: com.android.server.compat.config.Change@4f490ca
01-01 09:51:03.991 1645 1645 I auditd : type=1400 audit(0.0:46): avc: denied { read } for comm="ip" name="rt_tables" dev="dm-10" ino=353 scontext=u:r:ethernet:s0 tcontext=u:object_r:net_data_file:s0 tclass=file permissive=0
01-01 09:51:03.987 0 0 E kona-asoc-snd soc: qcom,msm-audio-apr:qcom,q6core-audio:sound: ASoC: Failed to add route ADC4_OUTPUT -> direct -> TX SWR_ADC3
01-01 09:51:03.999 1136 1136 D CompatConfig: No directory /apex/com.android.appsearch/etc/compatconfig, skipping
01-01 09:51:03.999 1136 1136 D CompatConfig: No directory /apex/com.android.adbd/etc/compatconfig, skipping
01-01 09:51:04.002 1136 1136 D SystemServerTiming: PlatformCompat took to complete: 129ms
01-01 09:51:04.002 1136 1136 I SystemServerTiming: StartFileIntegrityService
01-01 09:51:04.002 1136 1136 I SystemServiceManager: Starting com.android.server.security.FileIntegrityService
01-01 09:51:04.003 1136 1640 I SystemConfig: Reading permissions from /product/etc/permissions/com.qti.snapdragon.sdk.display.xml
01-01 09:51:04.004 1136 1640 I SystemConfig: Reading permissions from /product/etc/permissions/vendor.qti.hardware.data.connection-V1.0-java.xml
01-01 09:51:04.005 1136 1640 I SystemConfig: Reading permissions from /product/etc/permissions/com.android.settings.intelligence.xml
01-01 09:51:04.006 1136 1640 I SystemConfig: Reading permissions from /product/etc/permissions/telephony_product_privapp-permissions-qti.xml
01-01 09:51:04.008 1136 1640 I SystemConfig: Reading permissions from /product/etc/permissions/ims_ext_common.xml
01-01 09:51:04.009 1136 1640 I SystemConfig: Reading permissions from /product/etc/permissions/vendor.qti.hardware.data.connection-V1.1-java.xml
01-01 09:51:04.009 1136 1136 D SystemServerTiming: StartFileIntegrityService took to complete: 6ms
01-01 09:51:04.009 1136 1136 I SystemServerTiming: StartInstaller
01-01 09:51:04.009 1136 1136 I SystemServiceManager: Starting com.android.server.pm.Installer
01-01 09:51:04.010 1136 1640 I SystemConfig: Reading permissions from /product/etc/permissions/UimService.xml
01-01 09:51:04.012 1136 1640 I SystemConfig: Reading permissions from /system_ext/etc/sysconfig/qti_whitelist_system_ext.xml
01-01 09:51:04.014 1136 1640 I SystemConfig: Reading permissions from /system_ext/etc/sysconfig/qti_telephony_system_packages_config.xml
01-01 09:51:04.014 1136 1136 D SystemServerTiming: StartInstaller took to complete: 6ms
01-01 09:51:04.014 1136 1136 I SystemServerTiming: DeviceIdentifiersPolicyService
01-01 09:51:04.014 1136 1136 I SystemServiceManager: Starting com.android.server.os.DeviceIdentifiersPolicyService
01-01 09:51:04.015 1136 1136 D SystemServerTiming: DeviceIdentifiersPolicyService took to complete: 1ms
01-01 09:51:04.015 1136 1136 I SystemServerTiming: UriGrantsManagerService
01-01 09:51:04.015 1136 1136 I SystemServiceManager: Starting com.android.server.uri.UriGrantsManagerService$Lifecycle
01-01 09:51:04.016 1136 1640 I SystemConfig: Reading permissions from /system_ext/etc/permissions/com.android.provision.xml
01-01 09:51:04.016 1136 1136 D SystemServerTiming: UriGrantsManagerService took to complete: 1ms
01-01 09:51:04.016 1136 1136 I SystemServerTiming: StartPowerStatsService
01-01 09:51:04.016 1136 1136 I SystemServiceManager: Starting com.android.server.powerstats.PowerStatsService
01-01 09:51:04.018 1136 1640 I SystemConfig: Reading permissions from /system_ext/etc/permissions/qti_libpermissions.xml
01-01 09:51:04.019 1136 1640 I SystemConfig: Reading permissions from /system_ext/etc/permissions/izat.xt.srv.xml
01-01 09:51:04.020 1136 1640 I SystemConfig: Reading permissions from /system_ext/etc/permissions/embms.xml
01-01 09:51:04.022 1136 1640 I SystemConfig: Reading permissions from /system_ext/etc/permissions/privapp-permissions-com.qualcomm.location.xml
01-01 09:51:04.015 1646 1646 I auditd : type=1400 audit(0.0:47): avc: denied { read } for comm="ip" name="rt_tables" dev="dm-10" ino=353 scontext=u:r:ethernet:s0 tcontext=u:object_r:net_data_file:s0 tclass=file permissive=0
01-01 09:51:04.000 0 0 E kona-asoc-snd soc: qcom,msm-audio-apr:qcom,q6core-audio:sound: ASoC: no source widget found for DMIC1_OUTPUT
01-01 09:51:04.011 0 0 E kona-asoc-snd soc: qcom,msm-audio-apr:qcom,q6core-audio:sound: ASoC: Failed to add route DMIC1_OUTPUT -> direct -> TX SWR_DMIC0
01-01 09:51:04.018 0 0 I binder : 1136:1136 ioctl 40046210 7fe87a6bc4 returned -22
01-01 09:51:04.023 1136 1640 I SystemConfig: Reading permissions from /system_ext/etc/permissions/dpmapi.xml
01-01 09:51:04.025 1136 1640 I SystemConfig: Reading permissions from /system_ext/etc/permissions/qti_permissions.xml
01-01 09:51:04.025 0 0 E kona-asoc-snd soc: qcom,msm-audio-apr:qcom,q6core-audio:sound: ASoC: no source widget found for DMIC2_OUTPUT
01-01 09:51:04.026 1136 1136 D SystemServerTiming: StartPowerStatsService took to complete: 10ms
01-01 09:51:04.026 1136 1136 I SystemServerTiming: StartIStatsService
01-01 09:51:04.027 1136 1640 I SystemConfig: Reading permissions from /system_ext/etc/permissions/com.android.storagemanager.xml
01-01 09:51:04.029 1136 1136 D SystemServerTiming: StartIStatsService took to complete: 2ms
01-01 09:51:04.029 1136 1136 I SystemServerTiming: MemtrackProxyService
01-01 09:51:04.029 1136 1640 I SystemConfig: Reading permissions from /system_ext/etc/permissions/qti_supplicant_interface.xml
01-01 09:51:04.030 1136 1640 I SystemConfig: Reading permissions from /system_ext/etc/permissions/audiosphere.xml
01-01 09:51:04.031 1136 1640 I SystemConfig: Reading permissions from /system_ext/etc/permissions/privapp-permissions-qti-system-ext.xml
01-01 09:51:04.031 1136 1136 D SystemServerTiming: MemtrackProxyService took to complete: 3ms
01-01 09:51:04.031 1136 1136 I SystemServerTiming: StartActivityManager
01-01 09:51:04.031 1136 1136 I SystemServiceManager: Starting com.android.server.wm.ActivityTaskManagerService$Lifecycle
01-01 09:51:04.032 1136 1640 I SystemConfig: Reading permissions from /system_ext/etc/permissions/com.android.launcher3.xml
01-01 09:51:04.032 1136 1640 I SystemConfig: Reading permissions from /system_ext/etc/permissions/com.qti.dpmframework.xml
01-01 09:51:04.034 1136 1640 I SystemConfig: Reading permissions from /system_ext/etc/permissions/vendor.qti.ims.rcsservice.xml
01-01 09:51:04.034 1136 1640 I SystemConfig: Reading permissions from /system_ext/etc/permissions/com.android.settings.xml
01-01 09:51:04.036 1136 1640 I SystemConfig: Reading permissions from /system_ext/etc/permissions/com.thundercomm.microsettings.xml
01-01 09:51:04.037 1136 1640 I SystemConfig: Reading permissions from /system_ext/etc/permissions/com.qti.location.sdk.xml
01-01 09:51:04.039 1136 1640 I SystemConfig: Reading permissions from /system_ext/etc/permissions/com.qualcomm.qmapbridge.xml
01-01 09:51:04.040 1136 1640 I SystemConfig: Reading permissions from /system_ext/etc/permissions/wfd-system-ext-privapp-permissions-qti.xml
01-01 09:51:04.040 1136 1136 I SystemServiceManager: Starting com.android.server.am.ActivityManagerService$Lifecycle
01-01 09:51:04.041 1136 1640 I SystemConfig: Reading permissions from /system_ext/etc/permissions/embms-noship_product_privapp_permissions_qti.xml
01-01 09:51:04.042 1136 1640 I SystemConfig: Reading permissions from /system_ext/etc/permissions/telephony_system-ext_privapp-permissions-qti.xml
01-01 09:51:04.044 1136 1640 I SystemConfig: Reading permissions from /system_ext/etc/permissions/com.qti.media.secureprocessor.xml
01-01 09:51:04.045 1136 1640 I SystemConfig: Reading permissions from /system_ext/etc/permissions/com.nxp.nfc.nq.xml
01-01 09:51:04.046 1136 1640 I SystemConfig: Reading permissions from /system_ext/etc/permissions/com.qualcomm.qti.imscmservice-V2.0-java.xml
01-01 09:51:04.047 1136 1640 I SystemConfig: Reading permissions from /system_ext/etc/permissions/com.qualcomm.location.xml
01-01 09:51:04.049 1136 1640 I SystemConfig: Reading permissions from /system_ext/etc/permissions/com.qualcomm.qti.imscmservice-V2.1-java.xml
01-01 09:51:04.036 0 0 E kona-asoc-snd soc: qcom,msm-audio-apr:qcom,q6core-audio:sound: ASoC: Failed to add route DMIC2_OUTPUT -> direct -> TX SWR_DMIC1
01-01 09:51:04.049 1136 1136 I ActivityManager: Memory class: 512
01-01 09:51:04.050 1136 1640 I SystemConfig: Reading permissions from /system_ext/etc/permissions/com.android.emergency.xml
01-01 09:51:04.051 1136 1651 I Binder : Setting heavy hitter watcher config: false, 0, 0.0
01-01 09:51:04.052 1136 1640 I SystemConfig: Reading permissions from /system_ext/etc/permissions/com.qualcomm.qti.imscmservice-V2.2-java.xml
01-01 09:51:04.054 1136 1640 I SystemConfig: Reading permissions from /system_ext/etc/permissions/com.qualcomm.qti.izattools.xml
01-01 09:51:04.055 1136 1640 I SystemConfig: Reading permissions from /system_ext/etc/permissions/privapp-permissions-aptxals.xml
01-01 09:51:04.056 1136 1640 I SystemConfig: Reading permissions from /system_ext/etc/permissions/com.hht.lebocast.xml
01-01 09:51:04.057 1136 1640 I SystemConfig: Reading permissions from /system_ext/etc/permissions/android.software.verified_boot.xml
01-01 09:51:04.058 1136 1640 I SystemConfig: Reading permissions from /system_ext/etc/permissions/com.android.systemui.xml
01-01 09:51:04.060 1136 1640 I SystemConfig: Reading permissions from /system_ext/etc/permissions/com.qualcomm.qti.imscmservice.xml
01-01 09:51:04.064 1136 1640 I SystemConfig: Reading permissions from /apex/com.android.ipsec/etc/permissions/android.net.ipsec.ike.xml
01-01 09:51:04.068 1136 1640 D SystemConfig: readAllPermissions took to complete: 193ms
01-01 09:51:04.068 1136 1640 D SystemServerInitThreadPool: Finished executing ReadingSystemConfig
01-01 09:51:04.068 1136 1640 D SystemServerTimingAsync: InitThreadPoolExec:ReadingSystemConfig took to complete: 193ms
01-01 09:51:04.050 0 0 E kona-asoc-snd soc: qcom,msm-audio-apr:qcom,q6core-audio:sound: ASoC: no source widget found for DMIC3_OUTPUT
01-01 09:51:04.061 0 0 E kona-asoc-snd soc: qcom,msm-audio-apr:qcom,q6core-audio:sound: ASoC: Failed to add route DMIC3_OUTPUT -> direct -> TX SWR_DMIC2
01-01 09:51:04.093 1136 1136 D BatteryStatsImpl: Reading daily items from /data/system/batterystats-daily.xml
01-01 09:51:04.074 0 0 E kona-asoc-snd soc: qcom,msm-audio-apr:qcom,q6core-audio:sound: ASoC: no source widget found for DMIC4_OUTPUT
01-01 09:51:04.086 0 0 E kona-asoc-snd soc: qcom,msm-audio-apr:qcom,q6core-audio:sound: ASoC: Failed to add route DMIC4_OUTPUT -> direct -> TX SWR_DMIC3
01-01 09:51:04.099 0 0 E kona-asoc-snd soc: qcom,msm-audio-apr:qcom,q6core-audio:sound: ASoC: no source widget found for DMIC5_OUTPUT
01-01 09:51:04.099 1136 1660 I KernelCpuUidFreqTimeReader: mPerClusterTimesAvailable=false
01-01 09:51:04.109 1136 1660 E KernelCpuSpeedReader: Failed to read cpu-freq: /sys/devices/system/cpu/cpu4/cpufreq/stats/time_in_state: open failed: ENOENT (No such file or directory)
01-01 09:51:04.109 1136 1660 E KernelCpuSpeedReader: Failed to read cpu-freq: /sys/devices/system/cpu/cpu0/cpufreq/stats/time_in_state: open failed: ENOENT (No such file or directory)
01-01 09:51:04.110 0 0 E kona-asoc-snd soc: qcom,msm-audio-apr:qcom,q6core-audio:sound: ASoC: Failed to add route DMIC5_OUTPUT -> direct -> TX SWR_DMIC4
01-01 09:51:04.107 575 575 I auditd : type=1400 audit(0.0:48): avc: denied { read } for comm="Binder:575_2" name="wakeup58" dev="sysfs" ino=77267 scontext=u:r:system_suspend:s0 tcontext=u:object_r:sysfs:s0 tclass=dir permissive=0
01-01 09:51:04.107 575 575 I auditd : type=1400 audit(0.0:49): avc: denied { read } for comm="Binder:575_2" name="wakeup48" dev="sysfs" ino=72734 scontext=u:r:system_suspend:s0 tcontext=u:object_r:sysfs:s0 tclass=dir permissive=0
01-01 09:51:04.107 575 575 I auditd : type=1400 audit(0.0:50): avc: denied { read } for comm="Binder:575_2" name="wakeup4" dev="sysfs" ino=47132 scontext=u:r:system_suspend:s0 tcontext=u:object_r:sysfs:s0 tclass=dir permissive=0
01-01 09:51:04.107 575 575 I auditd : type=1400 audit(0.0:51): avc: denied { read } for comm="Binder:575_2" name="wakeup28" dev="sysfs" ino=56572 scontext=u:r:system_suspend:s0 tcontext=u:object_r:sysfs:s0 tclass=dir permissive=0
01-01 09:51:04.107 575 575 I auditd : type=1400 audit(0.0:52): avc: denied { read } for comm="Binder:575_2" name="wakeup56" dev="sysfs" ino=77195 scontext=u:r:system_suspend:s0 tcontext=u:object_r:sysfs:s0 tclass=dir permissive=0
01-01 09:51:04.111 575 575 I auditd : type=1400 audit(0.0:53): avc: denied { read } for comm="Binder:575_2" name="wakeup2" dev="sysfs" ino=46656 scontext=u:r:system_suspend:s0 tcontext=u:object_r:sysfs:s0 tclass=dir permissive=0
01-01 09:51:04.111 575 575 I auditd : type=1400 audit(0.0:54): avc: denied { read } for comm="Binder:575_2" name="wakeup36" dev="sysfs" ino=66887 scontext=u:r:system_suspend:s0 tcontext=u:object_r:sysfs:s0 tclass=dir permissive=0
01-01 09:51:04.124 0 0 E kona-asoc-snd soc: qcom,msm-audio-apr:qcom,q6core-audio:sound: ASoC: no source widget found for DMIC6_OUTPUT
01-01 09:51:04.135 0 0 E kona-asoc-snd soc: qcom,msm-audio-apr:qcom,q6core-audio:sound: ASoC: Failed to add route DMIC6_OUTPUT -> direct -> TX SWR_DMIC5
01-01 09:51:04.111 575 575 I auditd : type=1400 audit(0.0:55): avc: denied { read } for comm="Binder:575_2" name="wakeup54" dev="sysfs" ino=77123 scontext=u:r:system_suspend:s0 tcontext=u:object_r:sysfs:s0 tclass=dir permissive=0
01-01 09:51:04.147 1136 1660 W KernelMemoryBandwidthStats: No kernel memory bandwidth stats available
01-01 09:51:04.111 575 575 I auditd : type=1400 audit(0.0:56): avc: denied { read } for comm="Binder:575_2" name="wakeup44" dev="sysfs" ino=71517 scontext=u:r:system_suspend:s0 tcontext=u:object_r:sysfs:s0 tclass=dir permissive=0
01-01 09:51:04.115 575 575 I auditd : type=1400 audit(0.0:57): avc: denied { read } for comm="Binder:575_2" name="wakeup0" dev="sysfs" ino=43864 scontext=u:r:system_suspend:s0 tcontext=u:object_r:sysfs:s0 tclass=dir permissive=0
01-01 09:51:04.115 575 575 I auditd : type=1400 audit(0.0:58): avc: denied { read } for comm="Binder:575_2" name="wakeup62" dev="sysfs" ino=77423 scontext=u:r:system_suspend:s0 tcontext=u:object_r:sysfs:s0 tclass=dir permissive=0
01-01 09:51:04.115 575 575 I auditd : type=1400 audit(0.0:59): avc: denied { read } for comm="Binder:575_2" name="wakeup52" dev="sysfs" ino=77051 scontext=u:r:system_suspend:s0 tcontext=u:object_r:sysfs:s0 tclass=dir permissive=0
01-01 09:51:04.115 575 575 I auditd : type=1400 audit(0.0:60): avc: denied { read } for comm="Binder:575_2" name="wakeup9" dev="sysfs" ino=55556 scontext=u:r:system_suspend:s0 tcontext=u:object_r:sysfs:s0 tclass=dir permissive=0
01-01 09:51:04.119 575 575 I auditd : type=1400 audit(0.0:61): avc: denied { read } for comm="Binder:575_2" name="wakeup32" dev="sysfs" ino=57019 scontext=u:r:system_suspend:s0 tcontext=u:object_r:sysfs:s0 tclass=dir permissive=0
01-01 09:51:04.119 575 575 I auditd : type=1400 audit(0.0:62): avc: denied { read } for comm="Binder:575_2" name="wakeup60" dev="sysfs" ino=77351 scontext=u:r:system_suspend:s0 tcontext=u:object_r:sysfs:s0 tclass=dir permissive=0
01-01 09:51:04.119 575 575 I auditd : type=1400 audit(0.0:63): avc: denied { read } for comm="Binder:575_2" name="wakeup50" dev="sysfs" ino=76979 scontext=u:r:system_suspend:s0 tcontext=u:object_r:sysfs:s0 tclass=dir permissive=0
01-01 09:51:04.119 575 575 I auditd : type=1400 audit(0.0:64): avc: denied { read } for comm="Binder:575_2" name="wakeup7" dev="sysfs" ino=55452 scontext=u:r:system_suspend:s0 tcontext=u:object_r:sysfs:s0 tclass=dir permissive=0
01-01 09:51:04.119 575 575 I auditd : type=1400 audit(0.0:65): avc: denied { read } for comm="Binder:575_2" name="wakeup40" dev="sysfs" ino=67409 scontext=u:r:system_suspend:s0 tcontext=u:object_r:sysfs:s0 tclass=dir permissive=0
01-01 09:51:04.123 575 575 I auditd : type=1400 audit(0.0:66): avc: denied { read } for comm="Binder:575_2" name="wakeup30" dev="sysfs" ino=56787 scontext=u:r:system_suspend:s0 tcontext=u:object_r:sysfs:s0 tclass=dir permissive=0
01-01 09:51:04.123 575 575 I auditd : type=1400 audit(0.0:67): avc: denied { read } for comm="Binder:575_2" name="wakeup59" dev="sysfs" ino=77315 scontext=u:r:system_suspend:s0 tcontext=u:object_r:sysfs:s0 tclass=dir permissive=0
01-01 09:51:04.123 575 575 I auditd : type=1400 audit(0.0:68): avc: denied { read } for comm="Binder:575_2" name="wakeup5" dev="sysfs" ino=47164 scontext=u:r:system_suspend:s0 tcontext=u:object_r:sysfs:s0 tclass=dir permissive=0
01-01 09:51:04.123 575 575 I auditd : type=1400 audit(0.0:69): avc: denied { read } for comm="Binder:575_2" name="wakeup39" dev="sysfs" ino=67373 scontext=u:r:system_suspend:s0 tcontext=u:object_r:sysfs:s0 tclass=dir permissive=0
01-01 09:51:04.127 575 575 I auditd : type=1400 audit(0.0:70): avc: denied { read } for comm="Binder:575_2" name="wakeup29" dev="sysfs" ino=56681 scontext=u:r:system_suspend:s0 tcontext=u:object_r:sysfs:s0 tclass=dir permissive=0
01-01 09:51:04.127 575 575 I auditd : type=1400 audit(0.0:71): avc: denied { read } for comm="Binder:575_2" name="wakeup57" dev="sysfs" ino=77231 scontext=u:r:system_suspend:s0 tcontext=u:object_r:sysfs:s0 tclass=dir permissive=0
01-01 09:51:04.127 575 575 I auditd : type=1400 audit(0.0:72): avc: denied { read } for comm="Binder:575_2" name="wakeup19" dev="sysfs" ino=56001 scontext=u:r:system_suspend:s0 tcontext=u:object_r:sysfs:s0 tclass=dir permissive=0
01-01 09:51:04.127 575 575 I auditd : type=1400 audit(0.0:73): avc: denied { read } for comm="Binder:575_2" name="wakeup37" dev="sysfs" ino=66923 scontext=u:r:system_suspend:s0 tcontext=u:object_r:sysfs:s0 tclass=dir permissive=0
01-01 09:51:04.131 575 575 I auditd : type=1400 audit(0.0:74): avc: denied { read } for comm="Binder:575_2" name="wakeup27" dev="sysfs" ino=56538 scontext=u:r:system_suspend:s0 tcontext=u:object_r:sysfs:s0 tclass=dir permissive=0
01-01 09:51:04.131 575 575 I auditd : type=1400 audit(0.0:75): avc: denied { read } for comm="Binder:575_2" name="wakeup55" dev="sysfs" ino=77159 scontext=u:r:system_suspend:s0 tcontext=u:object_r:sysfs:s0 tclass=dir permissive=0
01-01 09:51:04.131 575 575 I auditd : type=1400 audit(0.0:76): avc: denied { read } for comm="Binder:575_2" name="wakeup17" dev="sysfs" ino=55925 scontext=u:r:system_suspend:s0 tcontext=u:object_r:sysfs:s0 tclass=dir permissive=0
01-01 09:51:04.131 575 575 I auditd : type=1400 audit(0.0:77): avc: denied { read } for comm="Binder:575_2" name="wakeup1" dev="sysfs" ino=43892 scontext=u:r:system_suspend:s0 tcontext=u:object_r:sysfs:s0 tclass=dir permissive=0
01-01 09:51:04.135 575 575 I auditd : type=1400 audit(0.0:78): avc: denied { read } for comm="Binder:575_2" name="wakeup63" dev="sysfs" ino=77459 scontext=u:r:system_suspend:s0 tcontext=u:object_r:sysfs:s0 tclass=dir permissive=0
01-01 09:51:04.135 575 575 I auditd : type=1400 audit(0.0:79): avc: denied { read } for comm="Binder:575_2" name="wakeup25" dev="sysfs" ino=56335 scontext=u:r:system_suspend:s0 tcontext=u:object_r:sysfs:s0 tclass=dir permissive=0
01-01 09:51:04.135 575 575 I auditd : type=1400 audit(0.0:80): avc: denied { read } for comm="Binder:575_2" name="wakeup53" dev="sysfs" ino=77087 scontext=u:r:system_suspend:s0 tcontext=u:object_r:sysfs:s0 tclass=dir permissive=0
01-01 09:51:04.135 575 575 I auditd : type=1400 audit(0.0:81): avc: denied { read } for comm="Binder:575_2" name="wakeup15" dev="sysfs" ino=55825 scontext=u:r:system_suspend:s0 tcontext=u:object_r:sysfs:s0 tclass=dir permissive=0
01-01 09:51:04.135 575 575 I auditd : type=1400 audit(0.0:82): avc: denied { read } for comm="Binder:575_2" name="wakeup43" dev="sysfs" ino=71499 scontext=u:r:system_suspend:s0 tcontext=u:object_r:sysfs:s0 tclass=dir permissive=0
01-01 09:51:04.139 575 575 I auditd : type=1400 audit(0.0:83): avc: denied { read } for comm="Binder:575_2" name="wakeup33" dev="sysfs" ino=60819 scontext=u:r:system_suspend:s0 tcontext=u:object_r:sysfs:s0 tclass=dir permissive=0
01-01 09:51:04.139 575 575 I auditd : type=1400 audit(0.0:84): avc: denied { read } for comm="Binder:575_2" name="wakeup61" dev="sysfs" ino=77387 scontext=u:r:system_suspend:s0 tcontext=u:object_r:sysfs:s0 tclass=dir permissive=0
01-01 09:51:04.139 575 575 I auditd : type=1400 audit(0.0:85): avc: denied { read } for comm="Binder:575_2" name="wakeup23" dev="sysfs" ino=56236 scontext=u:r:system_suspend:s0 tcontext=u:object_r:sysfs:s0 tclass=dir permissive=0
01-01 09:51:04.139 575 575 I auditd : type=1400 audit(0.0:86): avc: denied { read } for comm="Binder:575_2" name="wakeup51" dev="sysfs" ino=77015 scontext=u:r:system_suspend:s0 tcontext=u:object_r:sysfs:s0 tclass=dir permissive=0
01-01 09:51:04.139 575 575 I auditd : type=1400 audit(0.0:87): avc: denied { read } for comm="Binder:575_2" name="wakeup8" dev="sysfs" ino=55478 scontext=u:r:system_suspend:s0 tcontext=u:object_r:sysfs:s0 tclass=dir permissive=0
01-01 09:51:04.139 575 575 I auditd : type=1400 audit(0.0:88): avc: denied { read } for comm="Binder:575_2" name="wakeup13" dev="sysfs" ino=55717 scontext=u:r:system_suspend:s0 tcontext=u:object_r:sysfs:s0 tclass=dir permissive=0
01-01 09:51:04.139 575 575 I auditd : type=1400 audit(0.0:89): avc: denied { read } for comm="Binder:575_2" name="wakeup41" dev="sysfs" ino=68208 scontext=u:r:system_suspend:s0 tcontext=u:object_r:sysfs:s0 tclass=dir permissive=0
01-01 09:51:04.139 575 575 I auditd : type=1400 audit(0.0:90): avc: denied { read } for comm="Binder:575_2" name="wakeup31" dev="sysfs" ino=56885 scontext=u:r:system_suspend:s0 tcontext=u:object_r:sysfs:s0 tclass=dir permissive=0
01-01 09:51:04.139 575 575 I auditd : type=1400 audit(0.0:91): avc: denied { read } for comm="Binder:575_2" name="wakeup21" dev="sysfs" ino=56076 scontext=u:r:system_suspend:s0 tcontext=u:object_r:sysfs:s0 tclass=dir permissive=0
01-01 09:51:04.139 575 575 I auditd : type=1400 audit(0.0:92): avc: denied { read } for comm="Binder:575_2" name="wakeup6" dev="sysfs" ino=55426 scontext=u:r:system_suspend:s0 tcontext=u:object_r:sysfs:s0 tclass=dir permissive=0
01-01 09:51:04.139 575 575 I auditd : type=1400 audit(0.0:93): avc: denied { read } for comm="Binder:575_2" name="wakeup78" dev="sysfs" ino=82230 scontext=u:r:system_suspend:s0 tcontext=u:object_r:sysfs:s0 tclass=dir permissive=0
01-01 09:51:04.139 575 575 I auditd : type=1400 audit(0.0:94): avc: denied { read } for comm="Binder:575_2" name="wakeup11" dev="sysfs" ino=55632 scontext=u:r:system_suspend:s0 tcontext=u:object_r:sysfs:s0 tclass=dir permissive=0
01-01 09:51:04.149 1136 1650 I commit_sys_config_file: [batterystats,1]
01-01 09:51:04.148 0 0 E kona-asoc-snd soc: qcom,msm-audio-apr:qcom,q6core-audio:sound: ASoC: no source widget found for DMIC7_OUTPUT
01-01 09:51:04.150 1136 1650 I commit_sys_config_file: [batterystats,1]
01-01 09:51:04.160 0 0 E kona-asoc-snd soc: qcom,msm-audio-apr:qcom,q6core-audio:sound: ASoC: Failed to add route DMIC7_OUTPUT -> direct -> TX SWR_DMIC6
01-01 09:51:04.173 0 0 E kona-asoc-snd soc: qcom,msm-audio-apr:qcom,q6core-audio:sound: ASoC: no source widget found for DMIC8_OUTPUT
01-01 09:51:04.184 0 0 E kona-asoc-snd soc: qcom,msm-audio-apr:qcom,q6core-audio:sound: ASoC: Failed to add route DMIC8_OUTPUT -> direct -> TX SWR_DMIC7
01-01 09:51:04.198 0 0 E kona-asoc-snd soc: qcom,msm-audio-apr:qcom,q6core-audio:sound: ASoC: no sink widget found for SpkrLeft IN
01-01 09:51:04.209 0 0 E kona-asoc-snd soc: qcom,msm-audio-apr:qcom,q6core-audio:sound: ASoC: Failed to add route WSA_SPK1 OUT -> direct -> SpkrLeft IN
01-01 09:51:04.222 0 0 E kona-asoc-snd soc: qcom,msm-audio-apr:qcom,q6core-audio:sound: ASoC: no sink widget found for SpkrRight IN
01-01 09:51:04.233 0 0 E kona-asoc-snd soc: qcom,msm-audio-apr:qcom,q6core-audio:sound: ASoC: Failed to add route WSA_SPK2 OUT -> direct -> SpkrRight IN
01-01 09:51:04.247 0 0 E kona-asoc-snd soc: qcom,msm-audio-apr:qcom,q6core-audio:sound: ASoC: no sink widget found for VA MIC BIAS3
01-01 09:51:04.258 0 0 E kona-asoc-snd soc: qcom,msm-audio-apr:qcom,q6core-audio:sound: ASoC: Failed to add route Digital Mic0 -> direct -> VA MIC BIAS3
01-01 09:51:04.271 0 0 E kona-asoc-snd soc: qcom,msm-audio-apr:qcom,q6core-audio:sound: ASoC: no sink widget found for VA MIC BIAS3
01-01 09:51:04.282 0 0 E kona-asoc-snd soc: qcom,msm-audio-apr:qcom,q6core-audio:sound: ASoC: Failed to add route Digital Mic1 -> direct -> VA MIC BIAS3
01-01 09:51:04.296 0 0 E kona-asoc-snd soc: qcom,msm-audio-apr:qcom,q6core-audio:sound: ASoC: no sink widget found for VA MIC BIAS4
01-01 09:51:04.301 0 0 I IPv6 : ADDRCONF(NETDEV_UP): vlan8: link is not ready
01-01 09:51:04.307 0 0 E kona-asoc-snd soc: qcom,msm-audio-apr:qcom,q6core-audio:sound: ASoC: Failed to add route Digital Mic4 -> direct -> VA MIC BIAS4
01-01 09:51:04.319 1670 1670 I auditd : type=1400 audit(0.0:95): avc: denied { read } for comm="ip" name="rt_tables" dev="dm-10" ino=353 scontext=u:r:ethernet:s0 tcontext=u:object_r:net_data_file:s0 tclass=file permissive=0
01-01 09:51:04.320 0 0 E kona-asoc-snd soc: qcom,msm-audio-apr:qcom,q6core-audio:sound: ASoC: no sink widget found for VA MIC BIAS4
01-01 09:51:04.332 0 0 E kona-asoc-snd soc: qcom,msm-audio-apr:qcom,q6core-audio:sound: ASoC: Failed to add route Digital Mic5 -> direct -> VA MIC BIAS4
01-01 09:51:04.339 1671 1671 I auditd : type=1400 audit(0.0:96): avc: denied { read } for comm="ip" name="rt_tables" dev="dm-10" ino=353 scontext=u:r:ethernet:s0 tcontext=u:object_r:net_data_file:s0 tclass=file permissive=0
01-01 09:51:04.345 0 0 E kona-asoc-snd soc: qcom,msm-audio-apr:qcom,q6core-audio:sound: ASoC: no source widget found for VA MIC BIAS3
01-01 09:51:04.356 0 0 E kona-asoc-snd soc: qcom,msm-audio-apr:qcom,q6core-audio:sound: ASoC: Failed to add route VA MIC BIAS3 -> direct -> VA DMIC0
01-01 09:51:04.369 0 0 E kona-asoc-snd soc: qcom,msm-audio-apr:qcom,q6core-audio:sound: ASoC: no source widget found for VA MIC BIAS3
01-01 09:51:04.380 0 0 E kona-asoc-snd soc: qcom,msm-audio-apr:qcom,q6core-audio:sound: ASoC: Failed to add route VA MIC BIAS3 -> direct -> VA DMIC1
01-01 09:51:04.393 0 0 E kona-asoc-snd soc: qcom,msm-audio-apr:qcom,q6core-audio:sound: ASoC: no source widget found for VA MIC BIAS4
01-01 09:51:04.405 0 0 E kona-asoc-snd soc: qcom,msm-audio-apr:qcom,q6core-audio:sound: ASoC: Failed to add route VA MIC BIAS4 -> direct -> VA DMIC4
01-01 09:51:04.418 0 0 E kona-asoc-snd soc: qcom,msm-audio-apr:qcom,q6core-audio:sound: ASoC: no source widget found for VA MIC BIAS4
01-01 09:51:04.429 0 0 E kona-asoc-snd soc: qcom,msm-audio-apr:qcom,q6core-audio:sound: ASoC: Failed to add route VA MIC BIAS4 -> direct -> VA DMIC5
01-01 09:51:04.442 0 0 E kona-asoc-snd soc: qcom,msm-audio-apr:qcom,q6core-audio:sound: ASoC: no source widget found for ADC1_OUTPUT
01-01 09:51:04.453 0 0 E kona-asoc-snd soc: qcom,msm-audio-apr:qcom,q6core-audio:sound: ASoC: Failed to add route ADC1_OUTPUT -> direct -> VA SWR_ADC0
01-01 09:51:04.467 0 0 E kona-asoc-snd soc: qcom,msm-audio-apr:qcom,q6core-audio:sound: ASoC: no source widget found for ADC2_OUTPUT
01-01 09:51:04.475 0 0 E init : Control message: Could not find 'android.frameworks.sensorservice@1.0::ISensorManager/default' for ctl.interface_start from pid: 504 (/system/bin/hwservicemanager)
01-01 09:51:04.478 0 0 E kona-asoc-snd soc: qcom,msm-audio-apr:qcom,q6core-audio:sound: ASoC: Failed to add route ADC2_OUTPUT -> direct -> VA SWR_ADC1
01-01 09:51:04.495 0 0 E init : Control message: Could not find 'android.frameworks.sensorservice@1.0::ISensorManager/default' for ctl.interface_start from pid: 504 (/system/bin/hwservicemanager)
01-01 09:51:04.508 0 0 E kona-asoc-snd soc: qcom,msm-audio-apr:qcom,q6core-audio:sound: ASoC: no source widget found for ADC3_OUTPUT
01-01 09:51:04.535 0 0 E kona-asoc-snd soc: qcom,msm-audio-apr:qcom,q6core-audio:sound: ASoC: Failed to add route ADC3_OUTPUT -> direct -> VA SWR_ADC2
01-01 09:51:04.548 0 0 E kona-asoc-snd soc: qcom,msm-audio-apr:qcom,q6core-audio:sound: ASoC: no source widget found for ADC4_OUTPUT
01-01 09:51:04.559 0 0 E kona-asoc-snd soc: qcom,msm-audio-apr:qcom,q6core-audio:sound: ASoC: Failed to add route ADC4_OUTPUT -> direct -> VA SWR_ADC3
01-01 09:51:04.572 0 0 E kona-asoc-snd soc: qcom,msm-audio-apr:qcom,q6core-audio:sound: ASoC: no source widget found for DMIC1_OUTPUT
01-01 09:51:04.584 0 0 E kona-asoc-snd soc: qcom,msm-audio-apr:qcom,q6core-audio:sound: ASoC: Failed to add route DMIC1_OUTPUT -> direct -> VA SWR_MIC0
01-01 09:51:04.597 0 0 E kona-asoc-snd soc: qcom,msm-audio-apr:qcom,q6core-audio:sound: ASoC: no source widget found for DMIC2_OUTPUT
01-01 09:51:04.599 0 0 I IPv6 : ADDRCONF(NETDEV_UP): vlan11: link is not ready
01-01 09:51:04.608 0 0 E kona-asoc-snd soc: qcom,msm-audio-apr:qcom,q6core-audio:sound: ASoC: Failed to add route DMIC2_OUTPUT -> direct -> VA SWR_MIC1
01-01 09:51:04.623 1686 1686 I auditd : type=1400 audit(0.0:97): avc: denied { read } for comm="ip" name="rt_tables" dev="dm-10" ino=353 scontext=u:r:ethernet:s0 tcontext=u:object_r:net_data_file:s0 tclass=file permissive=0
01-01 09:51:04.622 0 0 E kona-asoc-snd soc: qcom,msm-audio-apr:qcom,q6core-audio:sound: ASoC: no source widget found for DMIC3_OUTPUT
01-01 09:51:04.633 0 0 E kona-asoc-snd soc: qcom,msm-audio-apr:qcom,q6core-audio:sound: ASoC: Failed to add route DMIC3_OUTPUT -> direct -> VA SWR_MIC2
01-01 09:51:04.643 1687 1687 I auditd : type=1400 audit(0.0:98): avc: denied { read } for comm="ip" name="rt_tables" dev="dm-10" ino=353 scontext=u:r:ethernet:s0 tcontext=u:object_r:net_data_file:s0 tclass=file permissive=0
01-01 09:51:04.643 1290 1290 I auditd : type=1400 audit(0.0:99): avc: denied { write } for comm="sh" name="ip_forward" dev="proc" ino=40259 scontext=u:r:ethernet:s0 tcontext=u:object_r:proc_net:s0 tclass=file permissive=0
01-01 09:51:04.643 1290 1290 I auditd : type=1400 audit(0.0:100): avc: denied { write } for comm="sh" name="ip_default_ttl" dev="proc" ino=52835 scontext=u:r:ethernet:s0 tcontext=u:object_r:proc_net:s0 tclass=file permissive=0
01-01 09:51:04.647 1290 1290 I auditd : type=1400 audit(0.0:101): avc: denied { write } for comm="sh" name="tcp_keepalive_probes" dev="proc" ino=52836 scontext=u:r:ethernet:s0 tcontext=u:object_r:proc_net:s0 tclass=file permissive=0
01-01 09:51:04.647 1290 1290 I auditd : type=1400 audit(0.0:102): avc: denied { write } for comm="sh" name="tcp_keepalive_intvl" dev="proc" ino=52837 scontext=u:r:ethernet:s0 tcontext=u:object_r:proc_net:s0 tclass=file permissive=0
01-01 09:51:04.647 1290 1290 I auditd : type=1400 audit(0.0:103): avc: denied { write } for comm="sh" name="tcp_keepalive_time" dev="proc" ino=52838 scontext=u:r:ethernet:s0 tcontext=u:object_r:proc_net:s0 tclass=file permissive=0
01-01 09:51:04.647 1290 1290 I auditd : type=1400 audit(0.0:104): avc: denied { write } for comm="sh" name="tcp_rmem" dev="proc" ino=52839 scontext=u:r:ethernet:s0 tcontext=u:object_r:proc_net:s0 tclass=file permissive=0
01-01 09:51:04.647 1290 1290 I auditd : type=1400 audit(0.0:105): avc: denied { write } for comm="sh" name="tcp_wmem" dev="proc" ino=52840 scontext=u:r:ethernet:s0 tcontext=u:object_r:proc_net:s0 tclass=file permissive=0
01-01 09:51:04.647 1290 1290 I auditd : type=1400 audit(0.0:106): avc: denied { write } for comm="sh" name="tcp_synack_retries" dev="proc" ino=43863 scontext=u:r:ethernet:s0 tcontext=u:object_r:proc_net:s0 tclass=file permissive=0
01-01 09:51:04.647 1290 1290 I auditd : type=1400 audit(0.0:107): avc: denied { write } for comm="sh" name="tcp_syn_retries" dev="proc" ino=43862 scontext=u:r:ethernet:s0 tcontext=u:object_r:proc_net:s0 tclass=file permissive=0
01-01 09:51:04.647 1290 1290 I auditd : type=1400 audit(0.0:108): avc: denied { write } for comm="sh" name="tcp_max_tw_buckets" dev="proc" ino=52841 scontext=u:r:ethernet:s0 tcontext=u:object_r:proc_net:s0 tclass=file permissive=0
01-01 09:51:04.647 1290 1290 I auditd : type=1400 audit(0.0:109): avc: denied { write } for comm="sh" name="tcp_retries2" dev="proc" ino=43865 scontext=u:r:ethernet:s0 tcontext=u:object_r:proc_net:s0 tclass=file permissive=0
01-01 09:51:04.647 1290 1290 I auditd : type=1400 audit(0.0:110): avc: denied { write } for comm="sh" name="icmp_echo_ignore_all" dev="proc" ino=52842 scontext=u:r:ethernet:s0 tcontext=u:object_r:proc_net:s0 tclass=file permissive=0
01-01 09:51:04.647 1290 1290 I auditd : type=1400 audit(0.0:111): avc: denied { write } for comm="sh" name="icmp_echo_ignore_broadcasts" dev="proc" ino=52843 scontext=u:r:ethernet:s0 tcontext=u:object_r:proc_net:s0 tclass=file permissive=0
01-01 09:51:04.647 1290 1290 I auditd : type=1400 audit(0.0:112): avc: denied { write } for comm="sh" name="tcp_window_scaling" dev="proc" ino=52844 scontext=u:r:ethernet:s0 tcontext=u:object_r:proc_net:s0 tclass=file permissive=0
01-01 09:51:04.647 1290 1290 I auditd : type=1400 audit(0.0:113): avc: denied { write } for comm="sh" name="drop_gratuitous_arp" dev="proc" ino=52845 scontext=u:r:ethernet:s0 tcontext=u:object_r:proc_net:s0 tclass=file permissive=0
01-01 09:51:04.647 1290 1290 I auditd : type=1400 audit(0.0:114): avc: denied { write } for comm="sh" name="arp_accept" dev="proc" ino=52846 scontext=u:r:ethernet:s0 tcontext=u:object_r:proc_net:s0 tclass=file permissive=0
01-01 09:51:04.647 1290 1290 I auditd : type=1400 audit(0.0:115): avc: denied { write } for comm="sh" name="arp_notify" dev="proc" ino=52847 scontext=u:r:ethernet:s0 tcontext=u:object_r:proc_net:s0 tclass=file permissive=0
01-01 09:51:04.647 1290 1290 I auditd : type=1400 audit(0.0:116): avc: denied { write } for comm="sh" name="arp_ignore" dev="proc" ino=52848 scontext=u:r:ethernet:s0 tcontext=u:object_r:proc_net:s0 tclass=file permissive=0
01-01 09:51:04.646 0 0 E kona-asoc-snd soc: qcom,msm-audio-apr:qcom,q6core-audio:sound: ASoC: no source widget found for DMIC4_OUTPUT
01-01 09:51:04.656 0 0 I init : Service 'ethernet' (pid 1290) exited with status 1 oneshot service took 3.378000 seconds in background
01-01 09:51:04.657 0 0 I init : Sending signal 9 to service 'ethernet' (pid 1290) process group...
01-01 09:51:04.657 0 0 E kona-asoc-snd soc: qcom,msm-audio-apr:qcom,q6core-audio:sound: ASoC: Failed to add route DMIC4_OUTPUT -> direct -> VA SWR_MIC3
01-01 09:51:04.657 0 0 I libprocessgroup: Successfully killed process cgroup uid 0 pid 1290 in 0ms
01-01 09:51:04.670 0 0 E kona-asoc-snd soc: qcom,msm-audio-apr:qcom,q6core-audio:sound: ASoC: no source widget found for DMIC5_OUTPUT
01-01 09:51:04.682 0 0 E kona-asoc-snd soc: qcom,msm-audio-apr:qcom,q6core-audio:sound: ASoC: Failed to add route DMIC5_OUTPUT -> direct -> VA SWR_MIC4
01-01 09:51:04.695 0 0 E kona-asoc-snd soc: qcom,msm-audio-apr:qcom,q6core-audio:sound: ASoC: no source widget found for DMIC6_OUTPUT
01-01 09:51:04.706 0 0 E kona-asoc-snd soc: qcom,msm-audio-apr:qcom,q6core-audio:sound: ASoC: Failed to add route DMIC6_OUTPUT -> direct -> VA SWR_MIC5
01-01 09:51:04.719 0 0 E kona-asoc-snd soc: qcom,msm-audio-apr:qcom,q6core-audio:sound: ASoC: no source widget found for DMIC7_OUTPUT
01-01 09:51:04.730 0 0 E kona-asoc-snd soc: qcom,msm-audio-apr:qcom,q6core-audio:sound: ASoC: Failed to add route DMIC7_OUTPUT -> direct -> VA SWR_MIC6
01-01 09:51:04.743 0 0 E kona-asoc-snd soc: qcom,msm-audio-apr:qcom,q6core-audio:sound: ASoC: no source widget found for DMIC8_OUTPUT
01-01 09:51:04.754 0 0 E kona-asoc-snd soc: qcom,msm-audio-apr:qcom,q6core-audio:sound: ASoC: Failed to add route DMIC8_OUTPUT -> direct -> VA SWR_MIC7
01-01 09:51:04.767 0 0 W kona-asoc-snd soc: qcom,msm-audio-apr:qcom,q6core-audio:sound: ASoC: no DMI vendor name!
01-01 09:51:04.950 0 0 I kona-asoc-snd soc: qcom,msm-audio-apr:qcom,q6core-audio:sound: msm_asoc_machine_probe: Sound card kona-mtp-snd-card registered
01-01 09:51:04.971 0 0 W swr-wcd rx_swr_ctrl: DMA mask not set
01-01 09:51:04.979 0 0 E register_client_adhoc: find path.src 1 dest 589
01-01 09:51:04.980 0 0 E register_client_adhoc: Failed to find path.src 1 dest 589
01-01 09:51:05.001 0 0 E : [drm:dp_display_init_aux_switch][msm-dp-err][85 ]failed to register notifier (-22)
01-01 09:51:05.032 0 0 E swr-wcd rx_swr_ctrl: swrm_get_logical_dev_num: device 0xd01170224 is not ready
01-01 09:51:05.045 0 0 W swr-wcd wsa_swr_ctrl: DMA mask not set
01-01 09:51:05.048 0 0 E swr_get_logical_dev_num: Error -22 to get logical addr for device d01170224
01-01 09:51:05.068 0 0 E swr-wcd rx_swr_ctrl: swrm_get_logical_dev_num: device 0xd01170224 is not ready
01-01 09:51:05.079 0 0 E swr_get_logical_dev_num: Error -22 to get logical addr for device d01170224
01-01 09:51:05.090 0 0 E swr-wcd rx_swr_ctrl: swrm_get_logical_dev_num: device 0xd01170224 is not ready
01-01 09:51:05.099 0 0 E swr_get_logical_dev_num: Error -22 to get logical addr for device d01170224
01-01 09:51:05.101 0 0 E diag : In diag_ioctl_set_buffering_mode, invalid peripheral = -22
01-01 09:51:05.108 0 0 E swr-wcd rx_swr_ctrl: swrm_get_logical_dev_num: device 0xd01170224 is not ready
01-01 09:51:05.131 0 0 E swr_get_logical_dev_num: Error -22 to get logical addr for device d01170224
01-01 09:51:05.139 0 0 E swr-wcd wsa_swr_ctrl: swrm_get_logical_dev_num: device 0x1020170211 is not ready
01-01 09:51:05.149 0 0 E swr_get_logical_dev_num: Error -22 to get logical addr for device 1020170211
01-01 09:51:05.157 0 0 E swr-wcd rx_swr_ctrl: swrm_get_logical_dev_num: device 0xd01170224 is not ready
01-01 09:51:05.167 0 0 W wsa881x : probe of wsa881x.1020170211 failed with error -22
01-01 09:51:05.172 0 0 E swr_get_logical_dev_num: Error -22 to get logical addr for device d01170224
01-01 09:51:05.181 0 0 E wcd938x_codec wcd938x-codec: wcd938x_bind: Slave bind failed, ret = -517
01-01 09:51:05.189 0 0 E swr-wcd wsa_swr_ctrl: swrm_get_logical_dev_num: device 0x1020170212 is not ready
01-01 09:51:05.205 0 0 E swr_get_logical_dev_num: Error -22 to get logical addr for device 1020170212
01-01 09:51:05.215 0 0 W wsa881x : probe of wsa881x.1020170212 failed with error -22
01-01 09:51:05.229 0 0 E swr-wcd wsa_swr_ctrl: swrm_get_logical_dev_num: device 0x1021170213 is not ready
01-01 09:51:05.237 0 0 E swr_get_logical_dev_num: Error -22 to get logical addr for device 1021170213
01-01 09:51:05.247 0 0 W wsa881x : probe of wsa881x.1021170213 failed with error -22
01-01 09:51:05.259 0 0 E register_client_adhoc: find path.src 1 dest 589
01-01 09:51:05.259 0 0 E swr-wcd wsa_swr_ctrl: swrm_get_logical_dev_num: device 0x1021170214 is not ready
01-01 09:51:05.275 0 0 D cnss : Sending respond memory message, state: 0x9
01-01 09:51:05.275 0 0 D cnss : Memory for FW, va: 0xffffff8025303000, pa: 0x00000000a1000000, size: 0x5e0000, type: 1
01-01 09:51:05.275 0 0 D cnss : Memory for FW, va: 0xffffff8020efa000, pa: 0x00000000a1600000, size: 0xd8000, type: 4
01-01 09:51:05.275 0 0 E register_client_adhoc: Failed to find path.src 1 dest 589
01-01 09:51:05.281 0 0 E : [drm:dp_display_init_aux_switch][msm-dp-err][488 ]failed to register notifier (-22)
01-01 09:51:05.284 0 0 D cnss : PM relax, state: 0x9, count: 0
01-01 09:51:05.288 0 0 E swr_get_logical_dev_num: Error -22 to get logical addr for device 1021170214
01-01 09:51:05.290 0 0 D cnss : Received QMI WLFW FW memory ready indication
01-01 09:51:05.290 0 0 D cnss : Posting event: FW_MEM_READY(3), state: 0x9 flags: 0x0
01-01 09:51:05.290 0 0 D cnss : PM stay awake, state: 0x9, count: 1
01-01 09:51:05.290 0 0 D cnss : PM relax, state: 0x9, count: 0
01-01 09:51:05.302 1136 1136 I AppOps : No existing app ops /data/system/appops.xml; starting empty
01-01 09:51:05.303 1136 1136 I IntentFirewall: Read new rules (A:0 B:0 S:0)
01-01 09:51:05.299 0 0 W QSEECOM : qseecom_load_app: App (featenabler) does'nt exist, loading apps for first time
01-01 09:51:05.306 0 0 D cnss : PM stay awake, state: 0x9, count: 1
01-01 09:51:05.306 0 0 D cnss : Processing driver event: FW_MEM_READY(3), state: 0x9
01-01 09:51:05.306 0 0 D cnss : Sending target capability message, state: 0xb
01-01 09:51:05.313 0 0 W wsa881x : probe of wsa881x.1021170214 failed with error -22
01-01 09:51:05.319 0 0 E swr-wcd rx_swr_ctrl: swrm_get_logical_dev_num: device 0xd01170224 is not ready
01-01 09:51:05.320 0 0 D cnss : Voltage for CPR: 948mV
01-01 09:51:05.322 1136 1136 D AppOps : AppOpsService published
01-01 09:51:05.324 1136 1136 D SystemServerTiming: StartActivityManager took to complete: 1292ms
01-01 09:51:05.324 1136 1136 I SystemServerTiming: StartDataLoaderManagerService
01-01 09:51:05.324 1136 1136 I SystemServiceManager: Starting com.android.server.pm.DataLoaderManagerService
01-01 09:51:05.327 0 0 W QSEECOM : qseecom_load_app: App with id 5 (featenabler) now loaded
01-01 09:51:05.328 1136 1136 D SystemServerTiming: StartDataLoaderManagerService took to complete: 5ms
01-01 09:51:05.329 1136 1136 I SystemServerTiming: StartIncrementalService
01-01 09:51:05.329 0 0 D cnss : Got voltage 800mV from i: 0, j: 0
01-01 09:51:05.329 0 0 D cnss : Got voltage 1012mV from i: 4, j: 1
01-01 09:51:05.329 0 0 D cnss : Update TCS CMD data address 0x000000000b2e5844 with voltage 950mV
01-01 09:51:05.329 0 0 D cnss : Device frequency is 24000000 HZ
01-01 09:51:05.329 0 0 D cnss : Target capability: chip_id: 0x0, chip_family: 0xb, board_id: 0xff, soc_id: 0xffffffff, fw_version: 0x101a0521, fw_build_timestamp: 2021-12-20 07:54, fw_build_id: QC_IMAGE_VERSION_STRING=WLAN.HST.1.0.1.r1-01313-QCAHSTSWPL_SILICONZ-1, otp_version: 0x0
01-01 09:51:05.329 0 0 D cnss : Sending BDF download message, state: 0xb, type: 4
01-01 09:51:05.329 0 0 D cnss : FW name added with prefix: qca6390/regdb.bin
