01-10 03:25:48.323 3066 3066 W SelectableSubscriptions: at androidx.fragment.app.SpecialEffectsController.executePendingOperations(SpecialEffectsController.java:294)
01-10 03:25:48.323 3066 3066 W SelectableSubscriptions: at androidx.fragment.app.FragmentManager.executeOpsTogether(FragmentManager.java:2222)
01-10 03:25:48.323 3066 3066 W SelectableSubscriptions: at androidx.fragment.app.FragmentManager.removeRedundantOperationsAndExecute(FragmentManager.java:2120)
01-10 03:25:48.323 3066 3066 W SelectableSubscriptions: at androidx.fragment.app.FragmentManager.execPendingActions(FragmentManager.java:2022)
01-10 03:25:48.323 3066 3066 W SelectableSubscriptions: at androidx.fragment.app.FragmentManager.executePendingTransactions(FragmentManager.java:603)
01-10 03:25:48.323 3066 3066 W SelectableSubscriptions: at com.android.settings.homepage.SettingsHomepageActivity.addFragment(SettingsHomepageActivity.java:418)
01-10 03:25:48.323 3066 3066 W SelectableSubscriptions: at com.android.settings.homepage.SettingsHomepageActivity.lambda$changeSettingsDetailsFragment$4(SettingsHomepageActivity.java:389)
01-10 03:25:48.323 3066 3066 W SelectableSubscriptions: at com.android.settings.homepage.SettingsHomepageActivity.$r8$lambda$CqOfnAceDxvOR2buhHdxOyMQieE(Unknown Source:0)
01-10 03:25:48.323 3066 3066 W SelectableSubscriptions: at com.android.settings.homepage.SettingsHomepageActivity$$ExternalSyntheticLambda3.run(Unknown Source:10)
01-10 03:25:48.323 3066 3066 W SelectableSubscriptions: at android.os.Handler.handleCallback(Handler.java:938)
01-10 03:25:48.323 3066 3066 W SelectableSubscriptions: at android.os.Handler.dispatchMessage(Handler.java:99)
01-10 03:25:48.323 3066 3066 W SelectableSubscriptions: at android.os.Looper.loopOnce(Looper.java:201)
01-10 03:25:48.323 3066 3066 W SelectableSubscriptions: at android.os.Looper.loop(Looper.java:288)
01-10 03:25:48.323 3066 3066 W SelectableSubscriptions: at android.app.ActivityThread.main(ActivityThread.java:7880)
01-10 03:25:48.323 3066 3066 W SelectableSubscriptions: at java.lang.reflect.Method.invoke(Native Method)
01-10 03:25:48.323 3066 3066 W SelectableSubscriptions: at com.android.internal.os.RuntimeInit$MethodAndArgsCaller.run(RuntimeInit.java:548)
01-10 03:25:48.323 3066 3066 W SelectableSubscriptions: at com.android.internal.os.ZygoteInit.main(ZygoteInit.java:1009)
01-10 03:25:48.324 3066 3066 D MobileNetworkSummaryStatus: network summary query ignored
01-10 03:25:48.324 3066 4654 W MobileNetworkUtils: EuiccManager is not enabled.
01-10 03:25:48.324 1136 1822 I WifiService: startScan uid=1000
01-10 03:25:48.324 3066 3066 D SubscriptionsChangeListener: Start
01-10 03:25:48.325 1136 2439 D TelephonyRegistry: listen oscl: mHasNotifySubscriptionInfoChangedOccurred==false no callback
01-10 03:25:48.328 1136 2392 D ConnectivityService: NetReassign [no changes]
01-10 03:25:48.328 1136 4249 W ScanResultUtil: Empty or null ScanResult list
01-10 03:25:48.328 1136 4249 W WifiService: Attempt to retrieve WifiConfiguration with invalid scanResult List
01-10 03:25:48.330 1431 3502 D LOWI-9.0.0.87.a: [LOWI-Scan] wait_event:Wait done with Cmd 33
01-10 03:25:48.330 1431 3502 D LOWI-9.0.0.87.a: [LOWI-Scan] do_listen_events: Rcvd valid Netlink Cmd 0 Err 0
01-10 03:25:48.331 1136 2439 W ScanResultUtil: Empty or null ScanResult list
01-10 03:25:48.331 1136 2439 E WifiService: Attempt to retrieve passpoint with invalid scanResult List
01-10 03:25:48.331 1136 4249 W ScanResultUtil: Empty or null ScanResult list
01-10 03:25:48.331 1136 4249 W WifiService: Attempt to retrieve OsuProviders with invalid scanResult List
01-10 03:25:48.348 3066 3066 I service_manager_slow: [13,isub]
01-10 03:25:48.349 3066 3066 I sysui_multi_action: [757,1729,758,4,854,isParalleledControllers:false,1089,110]
01-10 03:25:48.371 4633 4633 I Perf : Connecting to perf service.
01-10 03:25:48.389 4633 4633 V GraphicsEnvironment: ANGLE Developer option for 'com.android.nfc' set to: 'default'
01-10 03:25:48.391 4633 4633 V GraphicsEnvironment: ANGLE GameManagerService for com.android.nfc: false
01-10 03:25:48.391 3066 3066 D BluetoothPan: Proxy object connected
01-01 09:51:50.637 0 0 I [schedu][0x8d6147d4][03:25:48.376377] wlan: [3172:I:OSIF] scan start scan id 40962
01-10 03:25:48.400 3066 3066 D BluetoothPan: Proxy object connected
01-10 03:25:48.402 4633 4633 D NetworkSecurityConfig: No Network Security Config specified, using platform default
01-10 03:25:48.403 4633 4633 D NetworkSecurityConfig: No Network Security Config specified, using platform default
01-10 03:25:48.436 1136 2439 I wm_stop_activity: [0,244039928,com.android.launcher3/.uioverrides.QuickstepLauncher]
01-10 03:25:48.438 3016 3016 D StateManager: goToState: Normal
01-10 03:25:48.439 3016 3016 I wm_on_stop_called: [244039928,com.android.launcher3.uioverrides.QuickstepLauncher,STOP_ACTIVITY_ITEM]
01-10 03:25:48.441 1136 2439 D PackageManager: Instant App installer not found with android.intent.action.INSTALL_INSTANT_APP_PACKAGE
01-10 03:25:48.441 1136 2439 D PackageManager: Clear ephemeral installer activity
01-10 03:25:48.442 1136 1714 I am_uid_stopped: 1027
01-10 03:25:48.442 1136 1714 I ActivityManager: Killing 4633:com.android.nfc/1027 (adj 0): change com.android.nfc
01-10 03:25:48.442 1136 1714 I am_kill : [0,4633,com.android.nfc,0,change com.android.nfc]
01-10 03:25:48.443 1136 1714 I am_broadcast_discard_app: [0,111584811,android.intent.action.BOOT_COMPLETED,25,ResolveInfo{7970f6f com.android.nfc/.NfcBootCompletedReceiver m=0x108000}]
01-10 03:25:48.444 1136 1136 I notification_cancel_all: [1000,1136,com.android.nfc,0,0,0,5,NULL]
01-10 03:25:48.444 1136 1633 D CompanionDeviceManagerService: onPackageModified(packageName = com.android.nfc)
01-10 03:25:48.445 1136 1136 D WifiService: Remove settings for package:com.android.nfc
01-10 03:25:48.446 1136 1651 I am_uid_running: 10063
01-10 03:25:48.446 1136 1136 I Telecom : DefaultDialerCache: Refreshing default dialer for user 0: now null: DDC.oR@ABc
01-10 03:25:48.446 1136 1651 D CompatibilityChangeReporter: Compat change id reported: 135634846; UID 10063; state: DISABLED
01-10 03:25:48.446 1136 1651 D CompatibilityChangeReporter: Compat change id reported: 177438394; UID 10063; state: DISABLED
01-10 03:25:48.446 1136 1651 D CompatibilityChangeReporter: Compat change id reported: 135772972; UID 10063; state: DISABLED
01-10 03:25:48.446 1136 1651 D CompatibilityChangeReporter: Compat change id reported: 135754954; UID 10063; state: ENABLED
01-10 03:25:48.446 1136 2385 D WifiConfigManager: Remove all networks for app ApplicationInfo{790b25f com.android.nfc}
01-10 03:25:48.447 1136 1913 I InputReader: Reconfiguring input devices, changes=KEYBOARD_LAYOUTS |
01-10 03:25:48.447 1136 1652 D CompatibilityChangeReporter: Compat change id reported: 143937733; UID 10063; state: ENABLED
01-10 03:25:48.449 2437 2437 D Avrcp_ext: AvrcpServiceBroadcastReceiver-> Action: android.intent.action.PACKAGE_CHANGED
01-10 03:25:48.449 2437 2437 D Avrcp_ext: AvrcpServiceBroadcastReceiver-> packageName: com.android.nfc
01-10 03:25:48.449 2437 2437 D Avrcp_ext: packageName: com.android.nfc removed: false
01-10 03:25:48.449 3016 4400 W FrameTracker: Missed SF frame:66
01-10 03:25:48.449 3016 4400 W FrameTracker: Missed SF frame:66
01-10 03:25:48.449 3016 4400 W FrameTracker: Missed SF frame:66
01-10 03:25:48.449 3016 4400 W FrameTracker: Missed SF frame:66
01-10 03:25:48.449 3016 4400 W FrameTracker: Missed SF frame:66
01-10 03:25:48.449 3016 4400 W FrameTracker: Missed SF frame:66
01-10 03:25:48.449 3016 4400 W FrameTracker: Missed SF frame:66
01-10 03:25:48.449 3016 4400 W FrameTracker: Missed SF frame:66
01-10 03:25:48.449 3016 4400 W FrameTracker: Missed SF frame:66
01-10 03:25:48.449 3016 4400 W FrameTracker: Missed SF frame:66
01-10 03:25:48.449 3016 4400 W FrameTracker: Missed SF frame:66
01-10 03:25:48.449 3016 4400 W FrameTracker: Missed SF frame:66
01-10 03:25:48.449 3016 4400 W FrameTracker: Missing HWUI jank callback for vsyncId: 2682
01-10 03:25:48.450 1136 1873 I RoleService: Granting default roles...
01-10 03:25:48.450 2437 2437 D Avrcp_ext: isBrowsableListUpdated: browsable list size mismatch, true
01-10 03:25:48.450 2437 2437 D Avrcp_ext: buildBrowsablePlayerList
01-10 03:25:48.451 1332 1839 D BufferPoolAccessor2.0: bufferpool2 0xb40000734dc30378 : 0(0 size) total buffers - 0(0 size) used buffers - 31/35 (recycle/alloc) - 4/35 (fetch/transfer)
01-10 03:25:48.451 1332 1839 D BufferPoolAccessor2.0: evictor expired: 1, evicted: 1
01-10 03:25:48.451 2437 2437 V Avrcp_ext: getMediaPlayerInfo: Found com.android.bluetooth
01-10 03:25:48.451 2437 2437 V Avrcp_ext: isBrowseSupported for com.android.bluetooth: false
01-10 03:25:48.452 3016 4400 V PerfettoTrigger: Triggering /system/bin/trigger_perfetto com.android.telemetry.interaction-jank-monitor-8
01-10 03:25:48.452 2437 2437 D Avrcp_ext: Adding media player info for com.android.bluetooth with id 1
01-10 03:25:48.452 2437 2437 D Avrcp_ext: update #1:MediaPlayerInfo com.android.bluetooth (as '蓝牙') Type = 1, SubType = 0, Status = 0 Feature Bits [40 41 42 44 45 47 48 58] Controller: null
01-10 03:25:48.453 2437 2437 D Avrcp_ext: Added MediaPlayerController/MediaPlayerPackage
01-10 03:25:48.453 2437 2437 V Avrcp_ext: getMediaPlayerInfo: Found com.microsoft.emmx
01-10 03:25:48.453 2437 2437 V Avrcp_ext: isBrowseSupported for com.microsoft.emmx: false
01-10 03:25:48.453 2437 2437 D Avrcp_ext: Adding media player info for com.microsoft.emmx with id 2
01-10 03:25:48.454 2437 2437 D Avrcp_ext: update #2:MediaPlayerInfo com.microsoft.emmx (as 'Edge') Type = 1, SubType = 0, Status = 0 Feature Bits [40 41 42 44 45 47 48 58] Controller: null
01-10 03:25:48.454 2437 2437 D Avrcp_ext: Added MediaPlayerController/MediaPlayerPackage
01-10 03:25:48.454 1136 2385 D WifiConfigStore: Writing to stores completed in 7 ms.
01-10 03:25:48.454 2437 2437 V Avrcp_ext: updateCurrentMediaState: mMediaController: null
01-10 03:25:48.454 2437 2437 W Avrcp_ext: isMusicActive: false getBluetoothPlayState: 2 A2dp State: 11 mAudioPlaybackIsActive: false
01-10 03:25:48.455 2437 2437 W Avrcp_ext: updateCurrentMediaState: isPlaying = false
01-10 03:25:48.455 2437 2437 V Avrcp_ext: Media update: id -1➡-1? [MediaAttributes: none] : [MediaAttributes: none]
01-10 03:25:48.455 2437 2437 D Avrcp_ext: isPackageNameValid: browsedPackage = isValid = false
01-10 03:25:48.455 2437 2437 V Avrcp_ext: updatePlaybackState, state: PlaybackState {state=2, position=-1, buffered position=0, speed=0.0, updated=101232, actions=0, custom actions=[], active item id=-1, error=null} device: null
01-10 03:25:48.454 1136 2385 I PasspointManager: No app ops listener found for com.android.nfc
01-10 03:25:48.455 2437 2437 V Avrcp_ext: Device: no name:
01-10 03:25:48.455 2437 2437 V Avrcp_ext: Device: no name:
01-10 03:25:48.455 2437 2437 V Avrcp_ext: Device: no name:
01-10 03:25:48.455 2437 2437 V Avrcp_ext: Device: no name:
01-10 03:25:48.455 2437 2437 V Avrcp_ext: Device: no name:
01-10 03:25:48.455 2437 2437 V Avrcp_ext: updatePlayerStateAndPosition, old=PlaybackState {state=2, position=-1, buffered position=0, speed=0.0, updated=99541, actions=0, custom actions=[], active item id=-1, error=null}, state=PlaybackState {state=2, position=-1, buffered position=0, speed=0.0, updated=101232, actions=0, custom actions=[], active item id=-1, error=null}
01-10 03:25:48.455 2437 2437 V Avrcp_ext: old state = PlaybackState {state=2, position=-1, buffered position=0, speed=0.0, updated=99541, actions=0, custom actions=[], active item id=-1, error=null}, new state= PlaybackState {state=2, position=-1, buffered position=0, speed=0.0, updated=101232, actions=0, custom actions=[], active item id=-1, error=null}
01-10 03:25:48.455 1136 1633 D CompatibilityChangeReporter: Compat change id reported: 168419799; UID 10099; state: DISABLED
01-10 03:25:48.455 2437 2437 D HeadsetService: getHeadsetService(): returning com.android.bluetooth.hfp.HeadsetService@9badd6f
01-10 03:25:48.455 1136 1633 D CompatibilityInfo: mCompatibilityFlags - 4
01-10 03:25:48.455 2437 2437 D HeadsetService: isAudioOn: The number of audio connected devices 0
01-10 03:25:48.455 1136 1633 D CompatibilityInfo: applicationDensity - 240
01-10 03:25:48.455 2437 2437 D HeadsetService: isScoOrCallActive(): Call Active:falseCall is Ringing:falseSCO is Active:false
01-10 03:25:48.455 1136 1633 D CompatibilityInfo: applicationScale - 1.0
01-10 03:25:48.455 2437 2437 D HeadsetService: isAudioOn: The number of audio connected devices 0
01-10 03:25:48.455 2437 2437 I Avrcp_ext: updatePlayStatusForDevice: device: null
01-10 03:25:48.455 2437 2437 V Avrcp_ext: updatePlaybackState (1): old=PlaybackState {state=2, position=-1, buffered position=0, speed=0.0, updated=99541, actions=0, custom actions=[], active item id=-1, error=null}(2), new=PlaybackState {state=2, position=-1, buffered position=0, speed=0.0, updated=101232, actions=0, custom actions=[], active item id=-1, error=null}(2)
01-10 03:25:48.455 2437 2437 I Avrcp_ext: Exit updatePlayStatusForDevice
01-10 03:25:48.455 2437 2437 D HeadsetService: isAudioOn: The number of audio connected devices 0
01-10 03:25:48.455 2437 2437 D HeadsetService: isScoOrCallActive(): Call Active:falseCall is Ringing:falseSCO is Active:false
01-10 03:25:48.455 2437 2437 D HeadsetService: isAudioOn: The number of audio connected devices 0
01-10 03:25:48.455 2437 2437 I Avrcp_ext: updatePlayStatusForDevice: device: null
01-10 03:25:48.455 2437 2437 V Avrcp_ext: updatePlaybackState (1): old=PlaybackState {state=2, position=-1, buffered position=0, speed=0.0, updated=99541, actions=0, custom actions=[], active item id=-1, error=null}(2), new=PlaybackState {state=2, position=-1, buffered position=0, speed=0.0, updated=101232, actions=0, custom actions=[], active item id=-1, error=null}(2)
01-10 03:25:48.455 2437 2437 I Avrcp_ext: Exit updatePlayStatusForDevice
01-10 03:25:48.456 2437 2437 D HeadsetService: isAudioOn: The number of audio connected devices 0
01-10 03:25:48.456 2437 2437 D HeadsetService: isScoOrCallActive(): Call Active:falseCall is Ringing:falseSCO is Active:false
01-10 03:25:48.456 2437 2437 D HeadsetService: isAudioOn: The number of audio connected devices 0
01-10 03:25:48.456 2437 2437 I Avrcp_ext: updatePlayStatusForDevice: device: null
01-10 03:25:48.456 2437 2437 V Avrcp_ext: updatePlaybackState (1): old=PlaybackState {state=2, position=-1, buffered position=0, speed=0.0, updated=99541, actions=0, custom actions=[], active item id=-1, error=null}(2), new=PlaybackState {state=2, position=-1, buffered position=0, speed=0.0, updated=101232, actions=0, custom actions=[], active item id=-1, error=null}(2)
01-10 03:25:48.456 2437 2437 I Avrcp_ext: Exit updatePlayStatusForDevice
01-10 03:25:48.456 2437 2437 D HeadsetService: isAudioOn: The number of audio connected devices 0
01-10 03:25:48.456 2437 2437 D HeadsetService: isScoOrCallActive(): Call Active:falseCall is Ringing:falseSCO is Active:false
01-10 03:25:48.456 2437 2437 D HeadsetService: isAudioOn: The number of audio connected devices 0
01-10 03:25:48.456 2437 2437 I Avrcp_ext: updatePlayStatusForDevice: device: null
01-10 03:25:48.456 2437 2437 V Avrcp_ext: updatePlaybackState (1): old=PlaybackState {state=2, position=-1, buffered position=0, speed=0.0, updated=99541, actions=0, custom actions=[], active item id=-1, error=null}(2), new=PlaybackState {state=2, position=-1, buffered position=0, speed=0.0, updated=101232, actions=0, custom actions=[], active item id=-1, error=null}(2)
01-10 03:25:48.456 2437 2437 I Avrcp_ext: Exit updatePlayStatusForDevice
01-10 03:25:48.456 2437 2437 D HeadsetService: isAudioOn: The number of audio connected devices 0
01-10 03:25:48.456 2437 2437 D HeadsetService: isScoOrCallActive(): Call Active:falseCall is Ringing:falseSCO is Active:false
01-10 03:25:48.456 2437 2437 D HeadsetService: isAudioOn: The number of audio connected devices 0
01-10 03:25:48.456 2437 2437 I Avrcp_ext: updatePlayStatusForDevice: device: null
01-10 03:25:48.456 2437 2437 V Avrcp_ext: updatePlaybackState (1): old=PlaybackState {state=2, position=-1, buffered position=0, speed=0.0, updated=99541, actions=0, custom actions=[], active item id=-1, error=null}(2), new=PlaybackState {state=2, position=-1, buffered position=0, speed=0.0, updated=101232, actions=0, custom actions=[], active item id=-1, error=null}(2)
01-10 03:25:48.456 2437 2437 I Avrcp_ext: Exit updatePlayStatusForDevice
01-10 03:25:48.456 2437 2437 D Avrcp_ext: Enter sendPlayPosNotificationRsp
01-10 03:25:48.456 2437 2437 D Avrcp_ext: sendPlayPosNotificationRsp: Not registered or requesting.
01-10 03:25:48.456 2437 2437 D Avrcp_ext: Enter sendPlayPosNotificationRsp
01-10 03:25:48.456 2437 2437 D Avrcp_ext: sendPlayPosNotificationRsp: Not registered or requesting.
01-10 03:25:48.456 2437 2437 D Avrcp_ext: Enter sendPlayPosNotificationRsp
01-10 03:25:48.456 2437 2437 D Avrcp_ext: sendPlayPosNotificationRsp: Not registered or requesting.
01-10 03:25:48.456 2437 2437 D Avrcp_ext: Enter sendPlayPosNotificationRsp
01-10 03:25:48.456 2437 2437 D Avrcp_ext: sendPlayPosNotificationRsp: Not registered or requesting.
01-10 03:25:48.456 2437 2437 D Avrcp_ext: Enter sendPlayPosNotificationRsp
01-10 03:25:48.456 2437 2437 D Avrcp_ext: sendPlayPosNotificationRsp: Not registered or requesting.
01-10 03:25:48.456 2437 2437 V Avrcp_ext: Exit updatePlayerStateAndPosition
01-10 03:25:48.456 2437 2437 D Avrcp_ext: Exit handlePackageModified
01-10 03:25:48.459 1136 1873 D CompatibilityInfo: mCompatibilityFlags - 4
01-10 03:25:48.459 1136 1873 D CompatibilityInfo: applicationDensity - 240
01-10 03:25:48.459 1136 1873 D CompatibilityInfo: applicationScale - 1.0
01-10 03:25:48.461 1136 4239 I am_uid_active: 10063
01-10 03:25:48.462 1136 1654 I libprocessgroup: Successfully killed process cgroup uid 1027 pid 4633 in 19ms
01-10 03:25:48.467 2479 2503 I PermissionControllerServiceImpl: Updating user sensitive for uid 1002
01-10 03:25:48.472 2479 2503 I PermissionControllerServiceImpl: Updating user sensitive for uid 10099
01-10 03:25:48.473 2479 2503 I PermissionControllerServiceImpl: Updating user sensitive for uid 10087
01-10 03:25:48.474 2479 2503 I PermissionControllerServiceImpl: Updating user sensitive for uid 1000
01-10 03:25:48.475 2479 2503 I PermissionControllerServiceImpl: Updating user sensitive for uid 1027
01-10 03:25:48.483 683 683 D Zygote : Forked child process 4666
01-10 03:25:48.484 1136 1652 I am_proc_start: [0,4666,10063,com.android.onetimeinitializer,broadcast,{com.android.onetimeinitializer/com.android.onetimeinitializer.OneTimeInitializerReceiver}]
01-10 03:25:48.484 1136 1652 I ActivityManager: Start proc 4666:com.android.onetimeinitializer/u0a63 for broadcast {com.android.onetimeinitializer/com.android.onetimeinitializer.OneTimeInitializerReceiver}
01-10 03:25:48.499 1136 1650 W Searchables: No global search activity found
01-10 03:25:48.511 2479 4663 W Role : Cannot get ApplicationInfo for default holder: com.android.contacts
01-10 03:25:48.512 1136 1650 W Searchables: No global search activity found
01-10 03:25:48.517 3016 3016 D BaseModelUpdateTask: BaseModelUpdateTask constructor
01-10 03:25:48.517 3016 3016 D BaseModelUpdateTask: java.lang.Exception
01-10 03:25:48.517 3016 3016 D BaseModelUpdateTask: at com.android.launcher3.model.BaseModelUpdateTask.(BaseModelUpdateTask.java:57)
01-10 03:25:48.517 3016 3016 D BaseModelUpdateTask: at com.android.launcher3.model.PackageUpdatedTask.(PackageUpdatedTask.java:88)
01-10 03:25:48.517 3016 3016 D BaseModelUpdateTask: at com.android.launcher3.LauncherModel.onPackageChanged(LauncherModel.java:156)
01-10 03:25:48.517 3016 3016 D BaseModelUpdateTask: at android.content.pm.LauncherApps$CallbackMessageHandler.handleMessage(LauncherApps.java:1805)
01-10 03:25:48.517 3016 3016 D BaseModelUpdateTask: at android.os.Handler.dispatchMessage(Handler.java:106)
01-10 03:25:48.517 3016 3016 D BaseModelUpdateTask: at android.os.Looper.loopOnce(Looper.java:201)
01-10 03:25:48.517 3016 3016 D BaseModelUpdateTask: at android.os.Looper.loop(Looper.java:288)
01-10 03:25:48.517 3016 3016 D BaseModelUpdateTask: at android.app.ActivityThread.main(ActivityThread.java:7880)
01-10 03:25:48.517 3016 3016 D BaseModelUpdateTask: at java.lang.reflect.Method.invoke(Native Method)
01-10 03:25:48.517 3016 3016 D BaseModelUpdateTask: at com.android.internal.os.RuntimeInit$MethodAndArgsCaller.run(RuntimeInit.java:548)
01-10 03:25:48.517 3016 3016 D BaseModelUpdateTask: at com.android.internal.os.ZygoteInit.main(ZygoteInit.java:1009)
01-10 03:25:48.517 1136 1650 W VoiceInteractionManager: no available voice recognition services found for user 0
01-10 03:25:48.518 3016 3016 D PackageUpdatedTask: PackageUpdatedTask constructor: op=2,user=UserHandle{0},packages=[com.android.nfc]
01-10 03:25:48.518 3016 3016 D PackageUpdatedTask: java.lang.Exception
01-10 03:25:48.518 3016 3016 D PackageUpdatedTask: at com.android.launcher3.model.PackageUpdatedTask.(PackageUpdatedTask.java:93)
01-10 03:25:48.518 3016 3016 D PackageUpdatedTask: at com.android.launcher3.LauncherModel.onPackageChanged(LauncherModel.java:156)
01-10 03:25:48.518 3016 3016 D PackageUpdatedTask: at android.content.pm.LauncherApps$CallbackMessageHandler.handleMessage(LauncherApps.java:1805)
01-10 03:25:48.518 3016 3016 D PackageUpdatedTask: at android.os.Handler.dispatchMessage(Handler.java:106)
01-10 03:25:48.518 3016 3016 D PackageUpdatedTask: at android.os.Looper.loopOnce(Looper.java:201)
01-10 03:25:48.518 3016 3016 D PackageUpdatedTask: at android.os.Looper.loop(Looper.java:288)
01-10 03:25:48.518 3016 3016 D PackageUpdatedTask: at android.app.ActivityThread.main(ActivityThread.java:7880)
01-10 03:25:48.518 3016 3016 D PackageUpdatedTask: at java.lang.reflect.Method.invoke(Native Method)
01-10 03:25:48.518 3016 3016 D PackageUpdatedTask: at com.android.internal.os.RuntimeInit$MethodAndArgsCaller.run(RuntimeInit.java:548)
01-10 03:25:48.518 3016 3016 D PackageUpdatedTask: at com.android.internal.os.ZygoteInit.main(ZygoteInit.java:1009)
01-10 03:25:48.521 3016 3063 D BaseModelUpdateTask: BaseModelUpdateTask constructor
01-10 03:25:48.521 3016 3063 D BaseModelUpdateTask: java.lang.Exception
01-10 03:25:48.521 3016 3063 D BaseModelUpdateTask: at com.android.launcher3.model.BaseModelUpdateTask.(BaseModelUpdateTask.java:57)
01-10 03:25:48.521 3016 3063 D BaseModelUpdateTask: at com.android.launcher3.LauncherModel$6.(LauncherModel.java:605)
01-10 03:25:48.521 3016 3063 D BaseModelUpdateTask: at com.android.launcher3.LauncherModel.refreshAndBindWidgetsAndShortcuts(LauncherModel.java:605)
01-10 03:25:48.521 3016 3063 D BaseModelUpdateTask: at com.android.launcher3.Launcher.refreshAndBindWidgetsForPackageUser(Launcher.java:2853)
01-10 03:25:48.521 3016 3063 D BaseModelUpdateTask: at com.android.launcher3.model.PackageUpdatedTask.execute(PackageUpdatedTask.java:139)
01-10 03:25:48.521 3016 3063 D BaseModelUpdateTask: at com.android.launcher3.model.BaseModelUpdateTask.run(BaseModelUpdateTask.java:80)
01-10 03:25:48.521 3016 3063 D BaseModelUpdateTask: at android.os.Handler.handleCallback(Handler.java:938)
01-10 03:25:48.521 3016 3063 D BaseModelUpdateTask: at android.os.Handler.dispatchMessage(Handler.java:99)
01-10 03:25:48.521 3016 3063 D BaseModelUpdateTask: at android.os.Looper.loopOnce(Looper.java:201)
01-10 03:25:48.521 3016 3063 D BaseModelUpdateTask: at android.os.Looper.loop(Looper.java:288)
01-10 03:25:48.521 3016 3063 D BaseModelUpdateTask: at android.os.HandlerThread.run(HandlerThread.java:67)
01-10 03:25:48.524 3016 3063 D BaseIconFactory: normalizeAndWrapToAdaptiveIcon: scale=0.80950594
01-10 03:25:48.540 3016 3063 I WidgetsModel: found whitelist widget: com.android.systemui, label: 对话, sectionName:D
01-10 03:25:48.544 3016 3063 D ModelWriter: removing items from db
01-10 03:25:48.544 3016 3063 D ModelWriter: java.lang.Exception
01-10 03:25:48.544 3016 3063 D ModelWriter: at com.android.launcher3.model.ModelWriter.deleteItemsFromDatabase(ModelWriter.java:280)
01-10 03:25:48.544 3016 3063 D ModelWriter: at com.android.launcher3.model.ModelWriter.deleteItemsFromDatabase(ModelWriter.java:268)
01-10 03:25:48.544 3016 3063 D ModelWriter: at com.android.launcher3.model.BaseModelUpdateTask.deleteAndBindComponentsRemoved(BaseModelUpdateTask.java:140)
01-10 03:25:48.544 3016 3063 D ModelWriter: at com.android.launcher3.model.PackageUpdatedTask.execute(PackageUpdatedTask.java:353)
01-10 03:25:48.544 3016 3063 D ModelWriter: at com.android.launcher3.model.BaseModelUpdateTask.run(BaseModelUpdateTask.java:80)
01-10 03:25:48.544 3016 3063 D ModelWriter: at android.os.Handler.handleCallback(Handler.java:938)
01-10 03:25:48.544 3016 3063 D ModelWriter: at android.os.Handler.dispatchMessage(Handler.java:99)
01-10 03:25:48.544 3016 3063 D ModelWriter: at android.os.Looper.loopOnce(Looper.java:201)
01-10 03:25:48.544 3016 3063 D ModelWriter: at android.os.Looper.loop(Looper.java:288)
01-10 03:25:48.544 3016 3063 D ModelWriter: at android.os.HandlerThread.run(HandlerThread.java:67)
01-10 03:25:48.544 3269 3287 I adbd : jdwp connection from 4666
01-10 03:25:48.549 4666 4666 D ProcessState: Binder ioctl to enable oneway spam detection failed: Invalid argument
01-01 09:51:50.804 0 0 I binder : 4666:4666 ioctl 40046210 7fe87a7184 returned -22
01-10 03:25:48.555 1136 2502 I am_proc_bound: [0,4666,com.android.onetimeinitializer]
01-10 03:25:48.556 1136 2502 D CompatibilityChangeReporter: Compat change id reported: 168419799; UID 10063; state: DISABLED
01-10 03:25:48.556 1136 2502 D CompatibilityInfo: mCompatibilityFlags - 4
01-10 03:25:48.556 1136 2502 D CompatibilityInfo: applicationDensity - 240
01-10 03:25:48.556 1136 2502 D CompatibilityInfo: applicationScale - 1.0
01-10 03:25:48.559 1136 2502 D CompatibilityInfo: mCompatibilityFlags - 4
01-10 03:25:48.559 1136 2502 D CompatibilityInfo: applicationDensity - 240
01-10 03:25:48.559 1136 2502 D CompatibilityInfo: applicationScale - 1.0
01-10 03:25:48.561 3016 3063 D BaseModelUpdateTask: BaseModelUpdateTask constructor
01-10 03:25:48.561 3016 3063 D BaseModelUpdateTask: java.lang.Exception
01-10 03:25:48.561 3016 3063 D BaseModelUpdateTask: at com.android.launcher3.model.BaseModelUpdateTask.(BaseModelUpdateTask.java:57)
01-10 03:25:48.561 3016 3063 D BaseModelUpdateTask: at com.android.launcher3.model.AddWorkspaceItemsTask.(AddWorkspaceItemsTask.java:58)
01-10 03:25:48.561 3016 3063 D BaseModelUpdateTask: at com.android.launcher3.LauncherModel.addAndBindAddedWorkspaceItems(LauncherModel.java:145)
01-10 03:25:48.561 3016 3063 D BaseModelUpdateTask: at com.android.launcher3.model.PackageUpdatedTask.updateToWorkSpace(PackageUpdatedTask.java:406)
01-10 03:25:48.561 3016 3063 D BaseModelUpdateTask: at com.android.launcher3.model.PackageUpdatedTask.execute(PackageUpdatedTask.java:370)
01-10 03:25:48.561 3016 3063 D BaseModelUpdateTask: at com.android.launcher3.model.BaseModelUpdateTask.run(BaseModelUpdateTask.java:80)
01-10 03:25:48.561 3016 3063 D BaseModelUpdateTask: at android.os.Handler.handleCallback(Handler.java:938)
01-10 03:25:48.561 3016 3063 D BaseModelUpdateTask: at android.os.Handler.dispatchMessage(Handler.java:99)
01-10 03:25:48.561 3016 3063 D BaseModelUpdateTask: at android.os.Looper.loopOnce(Looper.java:201)
01-10 03:25:48.561 3016 3063 D BaseModelUpdateTask: at android.os.Looper.loop(Looper.java:288)
01-10 03:25:48.561 3016 3063 D BaseModelUpdateTask: at android.os.HandlerThread.run(HandlerThread.java:67)
01-10 03:25:48.569 2479 4663 W Role : Cannot get ApplicationInfo for default holder: com.android.messaging
01-10 03:25:48.570 4666 4666 D CompatibilityChangeReporter: Compat change id reported: 171979766; UID 10063; state: ENABLED
01-10 03:25:48.575 2479 4663 I Role : com.android.provision not qualified for android.app.role.HOME due to missing RequiredComponent{mIntentFilterData=IntentFilterData{mAction='android.intent.action.MAIN', mCategories='[android.intent.category.HOME]', mDataScheme='null', mDataType='null'}, mPermission='null'}
01-10 03:25:48.575 2479 4663 I RoleControllerServiceImpl: Removing package that no longer qualifies for the role, package: com.android.provision, role: android.app.role.HOME
01-10 03:25:48.578 1136 1136 W CarrierConfigManager: Error getting config for subId -1 ICarrierConfigLoader is null
01-10 03:25:48.578 1136 1136 I Telecom : PhoneAccountRegistrar: getSimCallManager: SimCallManager for subId -1 queried, returning: null: TSI.gSCMFU@ABg
01-10 03:25:48.578 2479 4663 I RoleControllerServiceImpl: Adding package as default/fallback role holder, package: com.android.launcher3, role: android.app.role.HOME
01-10 03:25:48.586 1136 1136 W CarrierConfigManager: Error getting config for subId -1 ICarrierConfigLoader is null
01-10 03:25:48.586 1136 1136 I Telecom : PhoneAccountRegistrar: getSimCallManager: SimCallManager for subId -1 queried, returning: null: TSI.gSCMFU@ABk
01-10 03:25:48.589 1136 1650 I am_pss : [3463,10089,com.qualcomm.qtil.aptxui,7250944,5783552,0,91271168,0,19,13]
01-10 03:25:48.602 1136 1650 I am_pss : [3231,10070,com.android.deskclock,9649152,7024640,0,103223296,0,19,12]
01-10 03:25:48.607 4666 4666 D nativeloader: classloader namespace configured for unbundled product apk. library_path=/product/priv-app/OneTimeInitializer/lib/arm64:/product/lib64:/system/product/lib64
01-10 03:25:48.616 1136 1650 I am_pss : [3228,10101,android.ext.services,12877824,5713920,0,124518400,0,5,12]
01-10 03:25:48.618 1136 2502 W InputManager-JNI: Input channel object '83351c3 Splash Screen com.android.settings (client)' was disposed without first being removed with the input manager!
01-10 03:25:48.641 1136 1650 I am_pss : [2947,1000,com.android.settings:CryptKeeper,13531136,4927488,0,124194816,0,19,12]
01-10 03:25:48.644 4666 4666 I Perf : Connecting to perf service.
01-10 03:25:48.653 4666 4666 V GraphicsEnvironment: ANGLE Developer option for 'com.android.onetimeinitializer' set to: 'default'
01-10 03:25:48.653 4666 4666 V GraphicsEnvironment: ANGLE GameManagerService for com.android.onetimeinitializer: false
01-10 03:25:48.656 4666 4666 D NetworkSecurityConfig: No Network Security Config specified, using platform default
01-10 03:25:48.656 4666 4666 D NetworkSecurityConfig: No Network Security Config specified, using platform default
01-10 03:25:48.660 4666 4666 V OneTimeInitializerReceiver: OneTimeInitializerReceiver.onReceive
01-10 03:25:48.662 1136 1650 I am_pss : [2976,1000,com.thundercomm.gamemode,8712192,7041024,0,96628736,0,10,11]
01-10 03:25:48.669 4666 4683 I OneTimeInitializer: Updating to version 1.
01-10 03:25:48.673 4666 4683 E ActivityThread: Failed to find provider info for com.android.launcher2.settings
01-10 03:25:48.688 1136 1822 I am_uid_running: 10027
01-10 03:25:48.689 1136 1822 I ActivityManager: com.android.packageinstaller is exempt from freezer
01-10 03:25:48.689 1136 1822 D CompatibilityChangeReporter: Compat change id reported: 135634846; UID 10027; state: DISABLED
01-10 03:25:48.689 1136 1822 D CompatibilityChangeReporter: Compat change id reported: 177438394; UID 10027; state: DISABLED
01-10 03:25:48.689 1136 1822 D CompatibilityChangeReporter: Compat change id reported: 135772972; UID 10027; state: DISABLED
01-10 03:25:48.689 1136 1822 D CompatibilityChangeReporter: Compat change id reported: 135754954; UID 10027; state: ENABLED
01-10 03:25:48.689 1136 1652 D CompatibilityChangeReporter: Compat change id reported: 143937733; UID 10027; state: ENABLED
01-01 09:51:50.956 0 0 I binder : undelivered TRANSACTION_COMPLETE
01-01 09:51:50.962 0 0 I binder : undelivered transaction 136829, process died.
01-10 03:25:48.707 1136 1822 V ActivityManager: Got obituary of 4633:com.android.nfc
01-10 03:25:48.716 683 683 D Zygote : Forked child process 4685
01-10 03:25:48.716 683 683 I Zygote : Process 4633 exited due to signal 9 (Killed)
01-10 03:25:48.717 1136 1652 I am_proc_start: [0,4685,10027,com.android.packageinstaller,broadcast,{com.android.packageinstaller/com.android.packageinstaller.TemporaryFileManager}]
01-10 03:25:48.717 1136 1652 I ActivityManager: Start proc 4685:com.android.packageinstaller/u0a27 for broadcast {com.android.packageinstaller/com.android.packageinstaller.TemporaryFileManager}
01-10 03:25:48.744 3269 3287 I adbd : jdwp connection from 4685
01-10 03:25:48.752 4685 4685 D ProcessState: Binder ioctl to enable oneway spam detection failed: Invalid argument
01-01 09:51:51.007 0 0 I binder : 4685:4685 ioctl 40046210 7fe87a7184 returned -22
01-10 03:25:48.756 1136 1822 I am_proc_bound: [0,4685,com.android.packageinstaller]
01-10 03:25:48.757 1136 1822 D CompatibilityChangeReporter: Compat change id reported: 168419799; UID 10027; state: DISABLED
01-10 03:25:48.757 1136 1822 D CompatibilityInfo: mCompatibilityFlags - 4
01-10 03:25:48.757 1136 1822 D CompatibilityInfo: applicationDensity - 240
01-10 03:25:48.757 1136 1822 D CompatibilityInfo: applicationScale - 1.0
01-10 03:25:48.758 1136 1822 I am_uid_active: 10027
01-10 03:25:48.762 1136 1822 D CompatibilityInfo: mCompatibilityFlags - 4
01-10 03:25:48.762 1136 1822 D CompatibilityInfo: applicationDensity - 240
01-10 03:25:48.762 1136 1822 D CompatibilityInfo: applicationScale - 1.0
01-10 03:25:48.765 4685 4685 D CompatibilityChangeReporter: Compat change id reported: 171979766; UID 10027; state: ENABLED
01-10 03:25:48.815 4685 4685 I Perf : Connecting to perf service.
01-10 03:25:48.824 4685 4685 V GraphicsEnvironment: ANGLE Developer option for 'com.android.packageinstaller' set to: 'default'
01-10 03:25:48.826 4685 4685 V GraphicsEnvironment: ANGLE GameManagerService for com.android.packageinstaller: false
01-10 03:25:48.828 4685 4685 D NetworkSecurityConfig: No Network Security Config specified, using platform default
01-10 03:25:48.828 4685 4685 D NetworkSecurityConfig: No Network Security Config specified, using platform default
01-10 03:25:48.833 657 669 I mpu_uart: [MSG-P:RECV]:No message received in 1000 ms
01-10 03:25:48.837 1136 1822 D CompatibilityInfo: mCompatibilityFlags - 4
01-10 03:25:48.837 1136 1822 D CompatibilityInfo: applicationDensity - 240
01-10 03:25:48.837 1136 1822 D CompatibilityInfo: applicationScale - 1.0
01-10 03:25:48.848 1136 2502 D CompatibilityInfo: mCompatibilityFlags - 4
01-10 03:25:48.848 1136 2502 D CompatibilityInfo: applicationDensity - 240
01-10 03:25:48.848 1136 2502 D CompatibilityInfo: applicationScale - 1.0
01-10 03:25:48.850 2479 2479 I HibernationPolicy: scheduleHibernationJob with frequency 1296000000ms and threshold 7776000000ms
01-10 03:25:48.851 2479 2479 I HibernationPolicy: user 0 is a profileowner. Running hibernation job.
01-10 03:25:48.851 2479 2479 I HibernationPolicy: No existing job, scheduling a new one
01-10 03:25:48.853 1136 2502 D CompatibilityInfo: mCompatibilityFlags - 4
01-10 03:25:48.853 1136 2502 D CompatibilityInfo: applicationDensity - 240
01-10 03:25:48.853 1136 2502 D CompatibilityInfo: applicationScale - 1.0
01-10 03:25:48.855 1136 2502 D CompatibilityChangeReporter: Compat change id reported: 168419799; UID 10018; state: DISABLED
01-10 03:25:48.855 1136 2502 D CompatibilityInfo: mCompatibilityFlags - 4
01-10 03:25:48.855 1136 2502 D CompatibilityInfo: applicationDensity - 240
01-10 03:25:48.855 1136 2502 D CompatibilityInfo: applicationScale - 1.0
01-10 03:25:48.856 2479 2479 I HibernationPolicy: onStartJob
01-10 03:25:48.856 2479 2479 I HibernationPolicy: Skipping auto revoke first run when scheduled by system
01-10 03:25:48.864 3965 4701 D CompatibilityChangeReporter: Compat change id reported: 160794467; UID 10018; state: ENABLED
01-10 03:25:48.871 1136 2502 D CompatibilityChangeReporter: Compat change id reported: 171306433; UID 10018; state: ENABLED
01-10 03:25:48.873 1136 2502 D CompatibilityInfo: mCompatibilityFlags - 4
01-10 03:25:48.873 1136 2502 D CompatibilityInfo: applicationDensity - 240
01-10 03:25:48.873 1136 2502 D CompatibilityInfo: applicationScale - 1.0
01-10 03:25:48.878 1136 2502 D CompatibilityInfo: mCompatibilityFlags - 4
01-10 03:25:48.878 1136 2502 D CompatibilityInfo: applicationDensity - 240
01-10 03:25:48.878 1136 2502 D CompatibilityInfo: applicationScale - 1.0
01-10 03:25:48.881 1136 2502 D CompatibilityInfo: mCompatibilityFlags - 4
01-10 03:25:48.881 1136 2502 D CompatibilityInfo: applicationDensity - 240
01-10 03:25:48.881 1136 2502 D CompatibilityInfo: applicationScale - 1.0
01-10 03:25:48.884 3066 3066 D CompatibilityChangeReporter: Compat change id reported: 160794467; UID 1000; state: ENABLED
01-10 03:25:48.887 1136 1822 D CompatibilityInfo: mCompatibilityFlags - 4
01-10 03:25:48.888 1136 1822 D CompatibilityInfo: applicationDensity - 240
01-10 03:25:48.888 1136 1822 D CompatibilityInfo: applicationScale - 1.0
01-10 03:25:48.890 1136 1822 D CompatibilityInfo: mCompatibilityFlags - 4
01-10 03:25:48.890 1136 1822 D CompatibilityInfo: applicationDensity - 240
01-10 03:25:48.890 1136 1822 D CompatibilityInfo: applicationScale - 1.0
01-10 03:25:48.898 1136 4239 D CompatibilityInfo: mCompatibilityFlags - 4
01-10 03:25:48.898 1136 4239 D CompatibilityInfo: applicationDensity - 240
01-10 03:25:48.898 1136 4239 D CompatibilityInfo: applicationScale - 1.0
01-10 03:25:48.901 3066 3066 I HibernationPolicy: scheduleHibernationJob with frequency 1296000000ms and threshold 7776000000ms
01-10 03:25:48.901 3066 3066 I HibernationPolicy: user 0 is a profileowner. Running hibernation job.
01-10 03:25:48.902 3066 3066 I HibernationPolicy: No existing job, scheduling a new one
01-10 03:25:48.903 1136 2502 D CompatibilityInfo: mCompatibilityFlags - 4
01-10 03:25:48.903 1136 2502 D CompatibilityInfo: applicationDensity - 240
01-10 03:25:48.903 1136 2502 D CompatibilityInfo: applicationScale - 1.0
01-10 03:25:48.904 1136 4239 I am_uid_running: 2000
01-10 03:25:48.904 1136 4239 I ActivityManager: com.android.shell is exempt from freezer
01-10 03:25:48.904 1136 4239 D CompatibilityChangeReporter: Compat change id reported: 135634846; UID 2000; state: DISABLED
01-10 03:25:48.904 1136 4239 D CompatibilityChangeReporter: Compat change id reported: 177438394; UID 2000; state: DISABLED
01-10 03:25:48.904 1136 4239 D CompatibilityChangeReporter: Compat change id reported: 135772972; UID 2000; state: DISABLED
01-10 03:25:48.905 1136 4239 D CompatibilityChangeReporter: Compat change id reported: 135754954; UID 2000; state: ENABLED
01-10 03:25:48.906 3066 3066 I HibernationPolicy: onStartJob
01-10 03:25:48.906 3066 3066 I HibernationPolicy: Skipping auto revoke first run when scheduled by system
01-10 03:25:48.935 683 683 D Zygote : Forked child process 4704
01-10 03:25:48.936 1136 1652 I am_proc_start: [0,4704,2000,com.android.shell,broadcast,{com.android.shell/com.android.shell.HeapDumpReceiver}]
01-10 03:25:48.936 1136 1652 I ActivityManager: Start proc 4704:com.android.shell/2000 for broadcast {com.android.shell/com.android.shell.HeapDumpReceiver}
01-10 03:25:48.961 3269 3287 I adbd : jdwp connection from 4704
01-10 03:25:48.969 4704 4704 D ProcessState: Binder ioctl to enable oneway spam detection failed: Invalid argument
01-01 09:51:51.224 0 0 I binder : 4704:4704 ioctl 40046210 7fe87a7184 returned -22
01-10 03:25:48.973 1136 4239 I am_proc_bound: [0,4704,com.android.shell]
01-10 03:25:48.974 1136 4239 D CompatibilityChangeReporter: Compat change id reported: 168419799; UID 2000; state: DISABLED
01-10 03:25:48.974 1136 4239 D CompatibilityInfo: mCompatibilityFlags - 4
01-10 03:25:48.974 1136 4239 D CompatibilityInfo: applicationDensity - 240
01-10 03:25:48.974 1136 4239 D CompatibilityInfo: applicationScale - 1.0
01-10 03:25:48.975 1136 4239 I am_uid_active: 2000
01-10 03:25:48.977 1136 4239 D CompatibilityInfo: mCompatibilityFlags - 4
01-10 03:25:48.977 1136 4239 D CompatibilityInfo: applicationDensity - 240
01-10 03:25:48.977 1136 4239 D CompatibilityInfo: applicationScale - 1.0
01-10 03:25:48.979 4704 4704 D CompatibilityChangeReporter: Compat change id reported: 171979766; UID 2000; state: ENABLED
01-10 03:25:49.004 1271 3871 D BufferPoolAccessor2.0: bufferpool2 0xe85021e8 : 0(0 size) total buffers - 0(0 size) used buffers - 50/58 (recycle/alloc) - 8/58 (fetch/transfer)
01-10 03:25:49.004 1271 3871 D BufferPoolAccessor2.0: evictor expired: 1, evicted: 1
01-10 03:25:49.017 4704 4704 I Perf : Connecting to perf service.
01-10 03:25:49.025 4704 4704 V GraphicsEnvironment: ANGLE Developer option for 'com.android.shell' set to: 'default'
01-10 03:25:49.027 4704 4704 V GraphicsEnvironment: ANGLE GameManagerService for com.android.shell: false
01-10 03:25:49.029 4704 4704 D NetworkSecurityConfig: No Network Security Config specified, using platform default
01-10 03:25:49.030 4704 4704 D NetworkSecurityConfig: No Network Security Config specified, using platform default
01-10 03:25:49.047 4704 4704 D HeapDumpReceiver: onReceive(): Intent { act=android.intent.action.BOOT_COMPLETED flg=0x89000010 cmp=com.android.shell/.HeapDumpReceiver (has extras) }
01-10 03:25:49.050 4704 4720 D HeapDumpReceiver: Deleting from /data/user_de/0/com.android.shell/files/heapdumps
01-10 03:25:49.051 1136 2521 W BroadcastQueue: Permission Denial: receiving Intent { act=android.intent.action.BOOT_COMPLETED flg=0x89000010 (has extras) } to com.baidu.input/.directboot.DirectBootReceiver requires android.permission.RECEIVE_BOOT_COMPLETED due to sender null (uid 1000)
01-10 03:25:49.051 1136 1651 W BroadcastQueue: Permission Denial: receiving Intent { act=android.intent.action.BOOT_COMPLETED flg=0x89000010 (has extras) } to com.baidu.input/.switchguide.InputMethodChangedReceiver requires android.permission.RECEIVE_BOOT_COMPLETED due to sender null (uid 1000)
01-10 03:25:49.053 1136 1651 D CompatibilityChangeReporter: Compat change id reported: 168419799; UID 10088; state: DISABLED
01-10 03:25:49.053 1136 1651 D CompatibilityInfo: mCompatibilityFlags - 4
01-10 03:25:49.053 1136 1651 D CompatibilityInfo: applicationDensity - 240
01-10 03:25:49.053 1136 1651 D CompatibilityInfo: applicationScale - 1.0
01-10 03:25:49.054 3514 3514 I hpplay : [main]:BootReceiver:onReceive android.intent.action.BOOT_COMPLETED
01-10 03:25:49.055 1136 2521 D CompatibilityInfo: mCompatibilityFlags - 4
01-10 03:25:49.055 1136 2521 D CompatibilityInfo: applicationDensity - 240
01-10 03:25:49.055 1136 2521 D CompatibilityInfo: applicationScale - 1.0
01-10 03:25:49.055 1136 4239 I am_uid_running: 10082
01-10 03:25:49.056 3514 3514 I hpplay : [main]:CastService:onCreate
01-10 03:25:49.056 1136 4239 D CompatibilityChangeReporter: Compat change id reported: 135634846; UID 10082; state: DISABLED
01-10 03:25:49.056 1136 4239 D CompatibilityChangeReporter: Compat change id reported: 177438394; UID 10082; state: DISABLED
01-10 03:25:49.056 1136 4239 D CompatibilityChangeReporter: Compat change id reported: 135772972; UID 10082; state: DISABLED
01-10 03:25:49.056 1136 4239 D CompatibilityChangeReporter: Compat change id reported: 135754954; UID 10082; state: ENABLED
01-10 03:25:49.056 1136 1652 D CompatibilityChangeReporter: Compat change id reported: 143937733; UID 10082; state: ENABLED
01-10 03:25:49.057 3514 3514 I hpplay-java: [main]:LelinkCastWrapper:LelinkCastImpl context/key: com.hht.lebocast.CastApplication@c17e18d/21409,soPath:null,sdcardDataDir:null
01-10 03:25:49.062 3514 3514 I hpplay-java: [main]:ContextPath:initDirs,appPath:/system_ext/app/TCCast
01-10 03:25:49.073 1136 4239 D CompatibilityChangeReporter: Compat change id reported: 149924527; UID 10088; state: ENABLED
01-10 03:25:49.073 1136 4239 D CompatibilityChangeReporter: Compat change id reported: 132649864; UID 10088; state: DISABLED
01-10 03:25:49.075 3706 3798 E MediaProvider: Creating a non-default top level directory or deleting an existing one is not allowed!
01-10 03:25:49.076 3706 3798 E MediaProvider: Creating a non-default top level directory or deleting an existing one is not allowed!
01-10 03:25:49.084 3706 3797 E MediaProvider: Creating a non-default top level directory or deleting an existing one is not allowed!
01-10 03:25:49.086 3706 3797 E MediaProvider: Creating a non-default top level directory or deleting an existing one is not allowed!
01-10 03:25:49.089 683 683 D Zygote : Forked child process 4721
01-10 03:25:49.090 1136 1652 I am_proc_start: [0,4721,10082,com.qti.ltebc,broadcast,{com.qti.ltebc/com.qualcomm.ltebc.LTEBroadcastBootReceiver}]
01-10 03:25:49.090 1136 1652 I ActivityManager: Start proc 4721:com.qti.ltebc/u0a82 for broadcast {com.qti.ltebc/com.qualcomm.ltebc.LTEBroadcastBootReceiver}
01-10 03:25:49.095 3706 3963 E MediaProvider: Creating a non-default top level directory or deleting an existing one is not allowed!
01-10 03:25:49.096 3706 3963 E MediaProvider: Creating a non-default top level directory or deleting an existing one is not allowed!
01-10 03:25:49.105 3706 3798 E MediaProvider: Creating a non-default top level directory or deleting an existing one is not allowed!
01-10 03:25:49.107 3706 3798 E MediaProvider: Creating a non-default top level directory or deleting an existing one is not allowed!
01-10 03:25:49.116 3706 3797 E MediaProvider: Creating a non-default top level directory or deleting an existing one is not allowed!
01-10 03:25:49.118 3706 3797 E MediaProvider: Creating a non-default top level directory or deleting an existing one is not allowed!
01-10 03:25:49.119 3269 3287 I adbd : jdwp connection from 4721
01-10 03:25:49.125 3706 3963 E MediaProvider: Creating a non-default top level directory or deleting an existing one is not allowed!
01-10 03:25:49.127 3706 3963 E MediaProvider: Creating a non-default top level directory or deleting an existing one is not allowed!
01-01 09:51:51.382 0 0 I binder : 4721:4721 ioctl 40046210 7fe87a7184 returned -22
01-10 03:25:49.127 4721 4721 D ProcessState: Binder ioctl to enable oneway spam detection failed: Invalid argument
01-10 03:25:49.129 3514 3514 I hpplay-java: [main]:ContextPath:initDirs,libPathParent:/data/user/0/com.hht.lebocast
01-10 03:25:49.131 3514 3514 I hpplay-java: [main]:ModuleLoader:loadClass
01-10 03:25:49.132 1136 4239 I am_proc_bound: [0,4721,com.qti.ltebc]
01-10 03:25:49.132 3514 4737 I hpplay-java: [AsyncTask #1]:ModuleLoader:checkDex API_VERSION:60146, BU_VERSION:25915
01-10 03:25:49.133 3514 4737 I hpplay-java: [AsyncTask #1]:ModuleLoader:getVersionCode version:1
01-10 03:25:49.133 1136 4239 D CompatibilityChangeReporter: Compat change id reported: 168419799; UID 10082; state: DISABLED
01-10 03:25:49.133 1136 4239 D CompatibilityInfo: mCompatibilityFlags - 4
01-10 03:25:49.133 1136 4239 D CompatibilityInfo: applicationDensity - 240
01-10 03:25:49.133 1136 4239 D CompatibilityInfo: applicationScale - 1.0
01-10 03:25:49.134 1136 4239 I am_uid_active: 10082
01-10 03:25:49.135 1136 4239 D CompatibilityInfo: mCompatibilityFlags - 4
01-10 03:25:49.135 1136 4239 D CompatibilityInfo: applicationDensity - 240
01-10 03:25:49.135 1136 4239 D CompatibilityInfo: applicationScale - 1.0
01-10 03:25:49.136 3514 3514 I hpplay : [main]:Utils:getIPAddress: 192.168.4.16
01-10 03:25:49.136 3514 3514 I hpplay : [main]:Utils:getIPAddress: 192.168.8.16
01-10 03:25:49.136 3514 3514 I hpplay : [main]:Utils:getIPAddress: 192.168.11.16
01-10 03:25:49.136 3514 3514 I hpplay : [main]:Utils:getIPAddress: 192.168.0.16
01-10 03:25:49.136 3514 3514 I hpplay : [main]:Utils:getIPAddress: 192.168.2.16
01-10 03:25:49.136 3514 3514 I hpplay : [main]:Utils:getIPAddress: 192.168.1.16
01-10 03:25:49.136 3514 3514 I hpplay : [main]:Utils:ip: 16
01-10 03:25:49.136 3514 3514 I hpplay : [main]:Utils:createDeviceName: 高合娱乐副屏
01-10 03:25:49.136 3514 3514 I hpplay : [main]:LelinkHelper:startServer mCurrentName: newName: 高合娱乐副屏
01-10 03:25:49.136 3514 3514 I hpplay-java: [main]:LelinkCastWrapper:startServer mSDKLoadState: 0
01-10 03:25:49.136 3514 3514 I hpplay-java: [main]:LelinkCastWrapper:startServer will do later because of load SDK STATE_IDLE
01-10 03:25:49.138 4721 4721 D CompatibilityChangeReporter: Compat change id reported: 171979766; UID 10082; state: ENABLED
01-10 03:25:49.143 3514 4737 I hpplay-java: [AsyncTask #1]:ModuleLoader:checkDex isFirstLoadSDK:true
01-10 03:25:49.143 3514 4737 I hpplay-java: [AsyncTask #1]:ModuleLoader:checkDex isSameVersion:true
01-10 03:25:49.143 3514 4737 I hpplay-java: [AsyncTask #1]:APIFileUtil:delete dir: /storage/emulated/0/com.hht.lebocast/sink/sdk/hpdata
01-10 03:25:49.144 3514 4737 I hpplay-java: [AsyncTask #1]:APIFileUtil:delete dir: /data/user/0/com.hht.lebocast/files/hpplay/hpdata
01-10 03:25:49.154 3706 3797 E MediaProvider: Creating a non-default top level directory or deleting an existing one is not allowed!
01-10 03:25:49.156 3706 3797 E MediaProvider: Creating a non-default top level directory or deleting an existing one is not allowed!
01-10 03:25:49.158 3514 4737 I hpplay-java: [AsyncTask #1]:ModuleLoader:checkDex cleanedFolders size:0
01-10 03:25:49.184 4721 4721 I Perf : Connecting to perf service.
01-10 03:25:49.191 3514 4737 I hpplay-java: [AsyncTask #1]:ModuleLoader:checkDex preparedFolder:/data/user/0/com.hht.lebocast/files/hpplay/hpdata/60146/25915
01-10 03:25:49.191 3514 3514 I hpplay-java: [main]:ModuleLoader:handleMessage what: 1
01-10 03:25:49.191 3514 3514 I hpplay-java: [main]:ModuleLoader:loadBu,isFirstLoadBuDex:true
01-10 03:25:49.192 4721 4721 V GraphicsEnvironment: ANGLE Developer option for 'com.qti.ltebc' set to: 'default'
01-10 03:25:49.193 4721 4721 V GraphicsEnvironment: ANGLE GameManagerService for com.qti.ltebc: false
01-10 03:25:49.196 4721 4721 D NetworkSecurityConfig: Using Network Security Config from resource network_security_config debugBuild: false
01-10 03:25:49.198 4721 4721 D NetworkSecurityConfig: Using Network Security Config from resource network_security_config debugBuild: false
01-10 03:25:49.199 3514 4740 I hpplay-java: [AsyncTask #2]:ModuleLoader:loadDex path: /data/user/0/com.hht.lebocast/files/hpplay/hpdata/60146/25915/bu.dex library: /data/user/0/com.hht.lebocast/lib
01-10 03:25:49.200 4721 4721 D LTE Application: getLibraryName = msp
01-10 03:25:49.211 3514 4740 I PatchUtils: system abis -----> arm64-v8a,armeabi-v7a,armeabi,
