01-10 03:25:22.157 1136 1635 D BluetoothManagerService: binding Bluetooth service
01-10 03:25:22.158 1136 1635 I am_uid_running: 1002
01-10 03:25:22.159 1136 1635 D CompatibilityChangeReporter: Compat change id reported: 135634846; UID 1002; state: DISABLED
01-10 03:25:22.159 1136 1635 D CompatibilityChangeReporter: Compat change id reported: 177438394; UID 1002; state: DISABLED
01-10 03:25:22.159 1136 1635 D CompatibilityChangeReporter: Compat change id reported: 135772972; UID 1002; state: DISABLED
01-10 03:25:22.159 1136 1635 D CompatibilityChangeReporter: Compat change id reported: 135754954; UID 1002; state: ENABLED
01-10 03:25:22.159 1136 1652 W ActivityManager: com.android.bluetooth inode == 0 (b/152760674)
01-10 03:25:22.160 1136 1635 D BluetoothManagerService: Binding BT service. Current user: 0
01-10 03:25:22.161 1136 1136 D SystemServerTiming: OnBootPhase_550_com.android.server.BluetoothService took to complete: 4ms
01-10 03:25:22.161 1136 1136 I SystemServerTiming: OnBootPhase_550_com.android.server.connectivity.IpConnectivityMetrics
01-10 03:25:22.161 1136 1136 D SystemServerTiming: OnBootPhase_550_com.android.server.connectivity.IpConnectivityMetrics took to complete: 0ms
01-10 03:25:22.161 1136 1136 I SystemServerTiming: OnBootPhase_550_com.android.server.net.watchlist.NetworkWatchlistService$Lifecycle
01-10 03:25:22.162 1136 1136 D SystemServerTiming: OnBootPhase_550_com.android.server.net.watchlist.NetworkWatchlistService$Lifecycle took to complete: 1ms
01-10 03:25:22.162 1136 1136 I SystemServerTiming: OnBootPhase_550_com.android.server.PinnerService
01-10 03:25:22.162 1136 1136 D SystemServerTiming: OnBootPhase_550_com.android.server.PinnerService took to complete: 0ms
01-10 03:25:22.162 1136 1136 I SystemServerTiming: OnBootPhase_550_com.google.android.startop.iorap.IorapForwardingService
01-10 03:25:22.163 1136 1136 D SystemServerTiming: OnBootPhase_550_com.google.android.startop.iorap.IorapForwardingService took to complete: 0ms
01-10 03:25:22.163 1136 1136 I SystemServerTiming: OnBootPhase_550_com.android.server.ActivityTriggerService
01-10 03:25:22.163 1136 1136 D SystemServerTiming: OnBootPhase_550_com.android.server.ActivityTriggerService took to complete: 0ms
01-10 03:25:22.163 1136 1136 I SystemServerTiming: OnBootPhase_550_com.android.server.integrity.AppIntegrityManagerService
01-10 03:25:22.163 1136 1136 D SystemServerTiming: OnBootPhase_550_com.android.server.integrity.AppIntegrityManagerService took to complete: 0ms
01-10 03:25:22.163 1136 1136 I SystemServerTiming: OnBootPhase_550_com.android.server.inputmethod.InputMethodManagerService$Lifecycle
01-10 03:25:22.167 1136 1136 W InputMethodManagerService: Default IME is uninstalled. Choose new default IME.
01-10 03:25:22.185 1136 1136 W InputMethodManagerService: Illegal subtype state: old subtype = null, new subtype = android.view.inputmethod.InputMethodSubtype@c9194f98
01-10 03:25:22.186 1136 1136 D SystemServerTiming: OnBootPhase_550_com.android.server.inputmethod.InputMethodManagerService$Lifecycle took to complete: 22ms
01-10 03:25:22.186 1136 1136 I SystemServerTiming: OnBootPhase_550_com.android.server.accessibility.AccessibilityManagerService$Lifecycle
01-10 03:25:22.186 1136 1136 D SystemServerTiming: OnBootPhase_550_com.android.server.accessibility.AccessibilityManagerService$Lifecycle took to complete: 0ms
01-10 03:25:22.186 1136 1136 I SystemServerTiming: OnBootPhase_550_com.android.server.StorageManagerService$Lifecycle
01-10 03:25:22.186 1136 1136 D SystemServerTiming: OnBootPhase_550_com.android.server.StorageManagerService$Lifecycle took to complete: 0ms
01-10 03:25:22.186 1136 1136 I SystemServerTiming: OnBootPhase_550_com.android.server.usage.StorageStatsService$Lifecycle
01-10 03:25:22.186 1136 1136 D SystemServerTiming: OnBootPhase_550_com.android.server.usage.StorageStatsService$Lifecycle took to complete: 0ms
01-10 03:25:22.186 1136 1136 I SystemServerTiming: OnBootPhase_550_com.android.server.UiModeManagerService
01-10 03:25:22.186 1136 1136 D SystemServerTiming: OnBootPhase_550_com.android.server.UiModeManagerService took to complete: 0ms
01-10 03:25:22.186 1136 1136 I SystemServerTiming: OnBootPhase_550_com.android.server.locksettings.LockSettingsService$Lifecycle
01-10 03:25:22.194 1136 1652 I am_proc_start: [0,2437,1002,com.android.bluetooth,service,{com.android.bluetooth/com.android.bluetooth.btservice.AdapterService}]
01-10 03:25:22.194 1136 1652 I ActivityManager: Start proc 2437:com.android.bluetooth/1002 for service {com.android.bluetooth/com.android.bluetooth.btservice.AdapterService}
01-10 03:25:22.200 1136 1136 I LockSettingsService: Migrated migrated_frp.
01-10 03:25:22.200 1136 1136 I RebootEscrowManager: No reboot escrow data found for users, skipping loading escrow data
01-10 03:25:22.202 1136 1136 D SystemServerTiming: OnBootPhase_550_com.android.server.locksettings.LockSettingsService$Lifecycle took to complete: 16ms
01-10 03:25:22.202 1136 1136 I SystemServerTiming: OnBootPhase_550_com.android.server.PersistentDataBlockService
01-10 03:25:22.202 1136 1136 D SystemServerTiming: OnBootPhase_550_com.android.server.PersistentDataBlockService took to complete: 0ms
01-10 03:25:22.203 1136 1136 I SystemServerTiming: OnBootPhase_550_com.android.server.testharness.TestHarnessModeService
01-10 03:25:22.203 1136 1136 D SystemServerTiming: OnBootPhase_550_com.android.server.testharness.TestHarnessModeService took to complete: 0ms
01-10 03:25:22.203 1136 1136 I SystemServerTiming: OnBootPhase_550_com.android.server.oemlock.OemLockService
01-10 03:25:22.203 1136 1136 D SystemServerTiming: OnBootPhase_550_com.android.server.oemlock.OemLockService took to complete: 0ms
01-10 03:25:22.203 1136 1136 I SystemServerTiming: OnBootPhase_550_com.android.server.DeviceIdleController
01-10 03:25:22.203 1136 1136 D SystemServerTiming: OnBootPhase_550_com.android.server.DeviceIdleController took to complete: 0ms
01-10 03:25:22.203 1136 1136 I SystemServerTiming: OnBootPhase_550_com.android.server.devicepolicy.DevicePolicyManagerService$Lifecycle
01-10 03:25:22.203 1136 1136 D SystemServerTiming: OnBootPhase_550_com.android.server.devicepolicy.DevicePolicyManagerService$Lifecycle took to complete: 0ms
01-10 03:25:22.203 1136 1136 I SystemServerTiming: OnBootPhase_550_com.android.server.texttospeech.TextToSpeechManagerService
01-10 03:25:22.203 1136 1136 D SystemServerTiming: OnBootPhase_550_com.android.server.texttospeech.TextToSpeechManagerService took to complete: 0ms
01-10 03:25:22.203 1136 1136 I SystemServerTiming: OnBootPhase_550_com.android.server.speech.SpeechRecognitionManagerService
01-10 03:25:22.203 1136 1136 D SystemServerTiming: OnBootPhase_550_com.android.server.speech.SpeechRecognitionManagerService took to complete: 0ms
01-10 03:25:22.203 1136 1136 I SystemServerTiming: OnBootPhase_550_com.android.server.searchui.SearchUiManagerService
01-10 03:25:22.203 1136 1136 D SystemServerTiming: OnBootPhase_550_com.android.server.searchui.SearchUiManagerService took to complete: 0ms
01-10 03:25:22.203 1136 1136 I SystemServerTiming: OnBootPhase_550_com.android.server.smartspace.SmartspaceManagerService
01-10 03:25:22.203 1136 1136 D SystemServerTiming: OnBootPhase_550_com.android.server.smartspace.SmartspaceManagerService took to complete: 0ms
01-10 03:25:22.203 1136 1136 I SystemServerTiming: OnBootPhase_550_com.android.server.graphics.fonts.FontManagerService$Lifecycle
01-10 03:25:22.203 1136 1136 D SystemServerTiming: OnBootPhase_550_com.android.server.graphics.fonts.FontManagerService$Lifecycle took to complete: 0ms
01-10 03:25:22.203 1136 1136 I SystemServerTiming: OnBootPhase_550_com.android.server.textservices.TextServicesManagerService$Lifecycle
01-10 03:25:22.203 1136 1136 D SystemServerTiming: OnBootPhase_550_com.android.server.textservices.TextServicesManagerService$Lifecycle took to complete: 0ms
01-10 03:25:22.203 1136 1136 I SystemServerTiming: OnBootPhase_550_com.android.server.textclassifier.TextClassificationManagerService$Lifecycle
01-10 03:25:22.203 1136 1136 D SystemServerTiming: OnBootPhase_550_com.android.server.textclassifier.TextClassificationManagerService$Lifecycle took to complete: 0ms
01-10 03:25:22.204 1136 1136 I SystemServerTiming: OnBootPhase_550_com.android.server.NetworkScoreService$Lifecycle
01-10 03:25:22.204 1136 1136 D SystemServerTiming: OnBootPhase_550_com.android.server.NetworkScoreService$Lifecycle took to complete: 0ms
01-10 03:25:22.204 1136 1136 I SystemServerTiming: OnBootPhase_550_com.android.server.wifi.WifiService
01-10 03:25:22.204 1136 1136 D SystemServerTiming: OnBootPhase_550_com.android.server.wifi.WifiService took to complete: 0ms
01-10 03:25:22.204 1136 1136 I SystemServerTiming: OnBootPhase_550_com.android.server.wifi.scanner.WifiScanningService
01-10 03:25:22.204 1136 1136 D SystemServerTiming: OnBootPhase_550_com.android.server.wifi.scanner.WifiScanningService took to complete: 0ms
01-10 03:25:22.204 1136 1136 I SystemServerTiming: OnBootPhase_550_com.android.server.wifi.rtt.RttService
01-10 03:25:22.204 1136 1136 D SystemServerTiming: OnBootPhase_550_com.android.server.wifi.rtt.RttService took to complete: 0ms
01-10 03:25:22.204 1136 1136 I SystemServerTiming: OnBootPhase_550_com.android.server.wifi.aware.WifiAwareService
01-10 03:25:22.204 1136 1136 D SystemServerTiming: OnBootPhase_550_com.android.server.wifi.aware.WifiAwareService took to complete: 0ms
01-10 03:25:22.204 1136 1136 I SystemServerTiming: OnBootPhase_550_com.android.server.wifi.p2p.WifiP2pService
01-10 03:25:22.204 1136 1136 D SystemServerTiming: OnBootPhase_550_com.android.server.wifi.p2p.WifiP2pService took to complete: 0ms
01-10 03:25:22.204 1136 1136 I SystemServerTiming: OnBootPhase_550_com.android.server.ethernet.EthernetService
01-10 03:25:22.204 1136 1136 D SystemServerTiming: OnBootPhase_550_com.android.server.ethernet.EthernetService took to complete: 0ms
01-10 03:25:22.204 1136 1136 I SystemServerTiming: OnBootPhase_550_com.android.server.ConnectivityServiceInitializer
01-10 03:25:22.204 1136 1136 D SystemServerTiming: OnBootPhase_550_com.android.server.ConnectivityServiceInitializer took to complete: 0ms
01-10 03:25:22.204 1136 1136 I SystemServerTiming: OnBootPhase_550_com.android.server.notification.NotificationManagerService
01-10 03:25:22.204 1136 1136 D SystemServerTiming: OnBootPhase_550_com.android.server.notification.NotificationManagerService took to complete: 0ms
01-10 03:25:22.204 1136 1136 I SystemServerTiming: OnBootPhase_550_com.android.server.storage.DeviceStorageMonitorService
01-10 03:25:22.204 1136 1136 D SystemServerTiming: OnBootPhase_550_com.android.server.storage.DeviceStorageMonitorService took to complete: 0ms
01-10 03:25:22.204 1136 1136 I SystemServerTiming: OnBootPhase_550_com.android.server.location.LocationManagerService$Lifecycle
01-10 03:25:22.204 1136 1136 D SystemServerTiming: OnBootPhase_550_com.android.server.location.LocationManagerService$Lifecycle took to complete: 0ms
01-10 03:25:22.205 1136 1136 I SystemServerTiming: OnBootPhase_550_com.android.server.timedetector.TimeDetectorService$Lifecycle
01-10 03:25:22.205 1136 1136 D SystemServerTiming: OnBootPhase_550_com.android.server.timedetector.TimeDetectorService$Lifecycle took to complete: 0ms
01-10 03:25:22.205 1136 1136 I SystemServerTiming: OnBootPhase_550_com.android.server.timezonedetector.TimeZoneDetectorService$Lifecycle
01-10 03:25:22.205 1136 1136 D SystemServerTiming: OnBootPhase_550_com.android.server.timezonedetector.TimeZoneDetectorService$Lifecycle took to complete: 0ms
01-10 03:25:22.205 1136 1136 I SystemServerTiming: OnBootPhase_550_com.android.server.timezonedetector.location.LocationTimeZoneManagerService$Lifecycle
01-10 03:25:22.205 1136 1136 D SystemServerTiming: OnBootPhase_550_com.android.server.timezonedetector.location.LocationTimeZoneManagerService$Lifecycle took to complete: 0ms
01-10 03:25:22.205 1136 1136 I SystemServerTiming: OnBootPhase_550_com.android.server.search.SearchManagerService$Lifecycle
01-10 03:25:22.205 1136 1136 D SystemServerTiming: OnBootPhase_550_com.android.server.search.SearchManagerService$Lifecycle took to complete: 0ms
01-10 03:25:22.205 1136 1136 I SystemServerTiming: OnBootPhase_550_com.android.server.wallpaper.WallpaperManagerService$Lifecycle
01-10 03:25:22.206 1136 1136 I WallpaperManagerService: No static wallpaper imagery; defaults will be shown
01-10 03:25:22.206 1136 1136 V WallpaperManagerService: bindWallpaperComponentLocked: componentName=ComponentInfo{com.android.systemui/com.android.systemui.ImageWallpaper}
01-10 03:25:22.208 1136 1136 I am_uid_running: 10087
01-10 03:25:22.208 1136 1136 D CompatibilityChangeReporter: Compat change id reported: 135634846; UID 10087; state: DISABLED
01-10 03:25:22.208 1136 1136 D CompatibilityChangeReporter: Compat change id reported: 177438394; UID 10087; state: DISABLED
01-10 03:25:22.208 1136 1136 D CompatibilityChangeReporter: Compat change id reported: 135772972; UID 10087; state: DISABLED
01-10 03:25:22.209 1136 1136 D CompatibilityChangeReporter: Compat change id reported: 135754954; UID 10087; state: ENABLED
01-10 03:25:22.209 1136 1652 D CompatibilityChangeReporter: Compat change id reported: 143937733; UID 10087; state: ENABLED
01-10 03:25:22.209 1136 1652 W ActivityManager: com.android.systemui inode == 0 (b/152760674)
01-10 03:25:22.209 1136 1136 W WallpaperManagerService: no current wallpaper -- first boot?
01-10 03:25:22.210 1136 1136 D SystemServerTiming: OnBootPhase_550_com.android.server.wallpaper.WallpaperManagerService$Lifecycle took to complete: 4ms
01-10 03:25:22.210 1136 1136 I SystemServerTiming: OnBootPhase_550_com.android.server.audio.AudioService$Lifecycle
01-10 03:25:22.210 1136 1136 D SystemServerTiming: OnBootPhase_550_com.android.server.audio.AudioService$Lifecycle took to complete: 1ms
01-10 03:25:22.210 1136 1136 I SystemServerTiming: OnBootPhase_550_com.android.server.soundtrigger_middleware.SoundTriggerMiddlewareService$Lifecycle
01-10 03:25:22.210 1136 1136 D SystemServerTiming: OnBootPhase_550_com.android.server.soundtrigger_middleware.SoundTriggerMiddlewareService$Lifecycle took to complete: 0ms
01-10 03:25:22.211 1136 1136 I SystemServerTiming: OnBootPhase_550_com.android.server.DockObserver
01-10 03:25:22.211 1136 1136 D SystemServerTiming: OnBootPhase_550_com.android.server.DockObserver took to complete: 0ms
01-10 03:25:22.211 1136 2401 W BluetoothManagerService: bindBluetoothProfileService:Trying to bind to profile: 1, while Bluetooth is disabled
01-10 03:25:22.211 1136 1136 I SystemServerTiming: OnBootPhase_550_com.android.server.midi.MidiService$Lifecycle
01-10 03:25:22.211 1136 1848 I commit_sys_config_file: [settings-2-0,1]
01-10 03:25:22.211 1136 1136 D SystemServerTiming: OnBootPhase_550_com.android.server.midi.MidiService$Lifecycle took to complete: 0ms
01-10 03:25:22.211 1136 1136 I SystemServerTiming: OnBootPhase_550_com.android.server.adb.AdbService$Lifecycle
01-10 03:25:22.212 1136 1136 D SystemServerTiming: OnBootPhase_550_com.android.server.adb.AdbService$Lifecycle took to complete: 1ms
01-10 03:25:22.212 1136 1136 I SystemServerTiming: OnBootPhase_550_com.android.server.usb.UsbService$Lifecycle
01-10 03:25:22.212 1136 1136 D SystemServerTiming: OnBootPhase_550_com.android.server.usb.UsbService$Lifecycle took to complete: 0ms
01-10 03:25:22.212 1136 1136 I SystemServerTiming: OnBootPhase_550_com.android.server.twilight.TwilightService
01-10 03:25:22.212 1136 1136 D SystemServerTiming: OnBootPhase_550_com.android.server.twilight.TwilightService took to complete: 0ms
01-10 03:25:22.212 1136 1136 I SystemServerTiming: OnBootPhase_550_com.android.server.display.color.ColorDisplayService
01-10 03:25:22.212 1136 1136 D SystemServerTiming: OnBootPhase_550_com.android.server.display.color.ColorDisplayService took to complete: 0ms
01-10 03:25:22.212 1136 1136 I SystemServerTiming: OnBootPhase_550_com.android.server.job.JobSchedulerService
01-10 03:25:22.212 1136 1136 D SystemServerTiming: OnBootPhase_550_com.android.server.job.JobSchedulerService took to complete: 0ms
01-10 03:25:22.212 1136 1136 I SystemServerTiming: OnBootPhase_550_com.android.server.soundtrigger.SoundTriggerService
01-10 03:25:22.212 1136 1810 I SystemServerTimingAsync: InitThreadPoolExec:UsbService$Lifecycle#onBootPhase
01-10 03:25:22.213 1136 1810 D SystemServerInitThreadPool: Started executing UsbService$Lifecycle#onBootPhase
01-10 03:25:22.213 1136 1136 D SoundTriggerService: onBootPhase: 550 : false
01-10 03:25:22.213 1136 1136 D SystemServerTiming: OnBootPhase_550_com.android.server.soundtrigger.SoundTriggerService took to complete: 1ms
01-10 03:25:22.214 1136 1136 I SystemServerTiming: OnBootPhase_550_com.android.server.trust.TrustManagerService
01-10 03:25:22.214 1136 1136 D SystemServerTiming: OnBootPhase_550_com.android.server.trust.TrustManagerService took to complete: 0ms
01-10 03:25:22.214 1136 1136 I SystemServerTiming: OnBootPhase_550_com.android.server.backup.BackupManagerService$Lifecycle
01-10 03:25:22.214 1136 1136 D SystemServerTiming: OnBootPhase_550_com.android.server.backup.BackupManagerService$Lifecycle took to complete: 0ms
01-10 03:25:22.214 1136 1136 I SystemServerTiming: OnBootPhase_550_com.android.server.appwidget.AppWidgetService
01-10 03:25:22.214 1136 1136 D SystemServerTiming: OnBootPhase_550_com.android.server.appwidget.AppWidgetService took to complete: 0ms
01-10 03:25:22.214 1136 1136 I SystemServerTiming: OnBootPhase_550_com.android.server.voiceinteraction.VoiceInteractionManagerService
01-10 03:25:22.214 1136 1136 D SystemServerTiming: OnBootPhase_550_com.android.server.voiceinteraction.VoiceInteractionManagerService took to complete: 0ms
01-10 03:25:22.214 1136 1136 I SystemServerTiming: OnBootPhase_550_com.android.server.apphibernation.AppHibernationService
01-10 03:25:22.214 1136 1136 D SystemServerTiming: OnBootPhase_550_com.android.server.apphibernation.AppHibernationService took to complete: 0ms
01-10 03:25:22.214 1136 1136 I SystemServerTiming: OnBootPhase_550_com.android.server.GestureLauncherService
01-10 03:25:22.214 1136 1136 D SystemServerTiming: OnBootPhase_550_com.android.server.GestureLauncherService took to complete: 0ms
01-10 03:25:22.215 1136 1136 I SystemServerTiming: OnBootPhase_550_com.android.server.SensorNotificationService
01-10 03:25:22.215 1136 1136 D SystemServerTiming: OnBootPhase_550_com.android.server.SensorNotificationService took to complete: 0ms
01-10 03:25:22.215 1136 1136 I SystemServerTiming: OnBootPhase_550_com.android.server.emergency.EmergencyAffordanceService
01-10 03:25:22.215 1136 1136 D SystemServerTiming: OnBootPhase_550_com.android.server.emergency.EmergencyAffordanceService took to complete: 0ms
01-10 03:25:22.215 1136 1136 I SystemServerTiming: OnBootPhase_550_com.android.server.blob.BlobStoreManagerService
01-10 03:25:22.216 1136 1136 D SystemServerTiming: OnBootPhase_550_com.android.server.blob.BlobStoreManagerService took to complete: 1ms
01-10 03:25:22.216 1136 1136 I SystemServerTiming: OnBootPhase_550_com.android.server.dreams.DreamManagerService
01-10 03:25:22.216 1136 1136 D SystemServerTiming: OnBootPhase_550_com.android.server.dreams.DreamManagerService took to complete: 0ms
01-10 03:25:22.216 1136 1136 I SystemServerTiming: OnBootPhase_550_com.android.server.companion.CompanionDeviceManagerService
01-10 03:25:22.216 1136 1136 D SystemServerTiming: OnBootPhase_550_com.android.server.companion.CompanionDeviceManagerService took to complete: 0ms
01-10 03:25:22.216 1136 1136 I SystemServerTiming: OnBootPhase_550_com.android.server.restrictions.RestrictionsManagerService
01-10 03:25:22.216 1136 1136 D SystemServerTiming: OnBootPhase_550_com.android.server.restrictions.RestrictionsManagerService took to complete: 0ms
01-10 03:25:22.216 1136 1136 I SystemServerTiming: OnBootPhase_550_com.android.server.media.MediaSessionService
01-10 03:25:22.217 1136 1810 D SystemServerInitThreadPool: Finished executing UsbService$Lifecycle#onBootPhase
01-10 03:25:22.217 1136 1810 D SystemServerTimingAsync: InitThreadPoolExec:UsbService$Lifecycle#onBootPhase took to complete: 3ms
01-10 03:25:22.217 1136 1136 D SystemServerTiming: OnBootPhase_550_com.android.server.media.MediaSessionService took to complete: 1ms
01-10 03:25:22.217 1136 1136 I SystemServerTiming: OnBootPhase_550_com.android.server.media.MediaResourceMonitorService
01-10 03:25:22.217 1136 1136 D SystemServerTiming: OnBootPhase_550_com.android.server.media.MediaResourceMonitorService took to complete: 0ms
01-10 03:25:22.217 1136 1136 I SystemServerTiming: OnBootPhase_550_com.android.server.biometrics.sensors.fingerprint.FingerprintService
01-10 03:25:22.217 1136 1136 D SystemServerTiming: OnBootPhase_550_com.android.server.biometrics.sensors.fingerprint.FingerprintService took to complete: 0ms
01-10 03:25:22.217 1136 1136 I SystemServerTiming: OnBootPhase_550_com.android.server.biometrics.BiometricService
01-10 03:25:22.217 1136 1136 D SystemServerTiming: OnBootPhase_550_com.android.server.biometrics.BiometricService took to complete: 0ms
01-10 03:25:22.217 1136 1136 I SystemServerTiming: OnBootPhase_550_com.android.server.biometrics.AuthService
01-10 03:25:22.217 1136 1136 D SystemServerTiming: OnBootPhase_550_com.android.server.biometrics.AuthService took to complete: 0ms
01-10 03:25:22.217 1136 1136 I SystemServerTiming: OnBootPhase_550_com.android.server.pm.ShortcutService$Lifecycle
01-10 03:25:22.217 1136 1136 D SystemServerTiming: OnBootPhase_550_com.android.server.pm.ShortcutService$Lifecycle took to complete: 0ms
01-10 03:25:22.217 1136 1136 I SystemServerTiming: OnBootPhase_550_com.android.server.pm.LauncherAppsService
01-10 03:25:22.218 1136 1136 D SystemServerTiming: OnBootPhase_550_com.android.server.pm.LauncherAppsService took to complete: 0ms
01-10 03:25:22.218 1136 1136 I SystemServerTiming: OnBootPhase_550_com.android.server.pm.CrossProfileAppsService
01-10 03:25:22.218 1136 1136 D SystemServerTiming: OnBootPhase_550_com.android.server.pm.CrossProfileAppsService took to complete: 0ms
01-10 03:25:22.218 1136 1136 I SystemServerTiming: OnBootPhase_550_com.android.server.people.PeopleService
01-10 03:25:22.218 1136 1136 D SystemServerTiming: OnBootPhase_550_com.android.server.people.PeopleService took to complete: 0ms
01-10 03:25:22.218 1136 1917 I UsbPortManager: ClientCallback V1_2:
01-10 03:25:22.219 1136 1136 I SystemServerTiming: OnBootPhase_550_com.android.server.media.metrics.MediaMetricsManagerService
01-10 03:25:22.219 1136 1136 D SystemServerTiming: OnBootPhase_550_com.android.server.media.metrics.MediaMetricsManagerService took to complete: 0ms
01-10 03:25:22.219 1136 1136 I SystemServerTiming: OnBootPhase_550_com.android.server.media.projection.MediaProjectionManagerService
01-10 03:25:22.219 1136 1136 D SystemServerTiming: OnBootPhase_550_com.android.server.media.projection.MediaProjectionManagerService took to complete: 0ms
01-10 03:25:22.219 1136 1136 I SystemServerTiming: OnBootPhase_550_com.android.server.slice.SliceManagerService$Lifecycle
01-10 03:25:22.219 1136 1136 D SystemServerTiming: OnBootPhase_550_com.android.server.slice.SliceManagerService$Lifecycle took to complete: 0ms
01-10 03:25:22.219 1136 1136 I SystemServerTiming: OnBootPhase_550_com.android.server.stats.StatsCompanion$Lifecycle
01-10 03:25:22.219 1136 1136 D SystemServerTiming: OnBootPhase_550_com.android.server.stats.StatsCompanion$Lifecycle took to complete: 0ms
01-10 03:25:22.219 1136 1136 I SystemServerTiming: OnBootPhase_550_com.android.server.scheduling.RebootReadinessManagerService$Lifecycle
01-10 03:25:22.219 1136 1633 I UsbPortManager: USB port added: port=UsbPort{id=, supportedModes=nonesupportedContaminantProtectionModes=0supportsEnableContaminantPresenceProtection=falsesupportsEnableContaminantPresenceDetection=false, status=UsbPortStatus{connected=false, currentMode=none, currentPowerRole=no-power, currentDataRole=no-data, supportedRoleCombinations=[no-power:no-data], contaminantDetectionStatus=0, contaminantProtectionStatus=0}, canChangeMode=false, canChangePowerRole=false, canChangeDataRole=false, connectedAtMillis=0, lastConnectDurationMillis=0
01-10 03:25:22.220 1136 1136 D SystemServerTiming: OnBootPhase_550_com.android.server.scheduling.RebootReadinessManagerService$Lifecycle took to complete: 0ms
01-10 03:25:22.220 1136 1136 I SystemServerTiming: OnBootPhase_550_com.android.server.stats.pull.StatsPullAtomService
01-10 03:25:22.220 1136 1136 D SystemServerTiming: OnBootPhase_550_com.android.server.stats.pull.StatsPullAtomService took to complete: 0ms
01-10 03:25:22.220 1136 1136 I SystemServerTiming: OnBootPhase_550_com.android.server.incident.IncidentCompanionService
01-10 03:25:22.220 1136 1136 D SystemServerTiming: OnBootPhase_550_com.android.server.incident.IncidentCompanionService took to complete: 0ms
01-10 03:25:22.221 1136 1136 I SystemServerTiming: OnBootPhase_550_com.android.server.MmsServiceBroker
01-10 03:25:22.221 1136 1136 D SystemServerTiming: OnBootPhase_550_com.android.server.MmsServiceBroker took to complete: 0ms
01-10 03:25:22.221 1136 1136 I SystemServerTiming: OnBootPhase_550_com.android.server.autofill.AutofillManagerService
01-10 03:25:22.221 1136 1136 D SystemServerTiming: OnBootPhase_550_com.android.server.autofill.AutofillManagerService took to complete: 0ms
01-10 03:25:22.221 1136 1136 I SystemServerTiming: OnBootPhase_550_com.android.server.clipboard.ClipboardService
01-10 03:25:22.221 1136 1136 D SystemServerTiming: OnBootPhase_550_com.android.server.clipboard.ClipboardService took to complete: 0ms
01-10 03:25:22.221 1136 1136 I SystemServerTiming: OnBootPhase_550_com.android.server.appbinding.AppBindingService$Lifecycle
01-10 03:25:22.222 1136 1136 I AppBindingService: Updating constants with: null
01-10 03:25:22.222 1136 1136 D SystemServerTiming: OnBootPhase_550_com.android.server.appbinding.AppBindingService$Lifecycle took to complete: 1ms
01-10 03:25:22.222 1136 1136 I SystemServerTiming: OnBootPhase_550_com.android.server.tracing.TracingServiceProxy
01-10 03:25:22.222 1136 1136 D SystemServerTiming: OnBootPhase_550_com.android.server.tracing.TracingServiceProxy took to complete: 0ms
01-10 03:25:22.222 1136 1136 I SystemServerTiming: OnBootPhase_550_com.android.server.policy.PermissionPolicyService
01-10 03:25:22.226 1136 1633 I am_uid_running: 10099
01-10 03:25:22.227 1136 1633 D CompatibilityChangeReporter: Compat change id reported: 135634846; UID 10099; state: DISABLED
01-10 03:25:22.227 1136 1633 D CompatibilityChangeReporter: Compat change id reported: 177438394; UID 10099; state: DISABLED
01-10 03:25:22.227 1136 1633 D CompatibilityChangeReporter: Compat change id reported: 135772972; UID 10099; state: DISABLED
01-10 03:25:22.227 1136 1633 D CompatibilityChangeReporter: Compat change id reported: 135754954; UID 10099; state: DISABLED
01-01 09:51:24.504 0 0 I binder : 2437:2437 ioctl 40046210 7fe87a7184 returned -22
01-10 03:25:22.247 1136 2439 I am_proc_bound: [0,2437,com.android.bluetooth]
01-10 03:25:22.249 1136 2439 D CompatibilityChangeReporter: Compat change id reported: 168419799; UID 1002; state: DISABLED
01-10 03:25:22.257 1136 2439 I am_uid_active: 1002
01-10 03:25:22.260 1136 1652 W ActivityManager: Slow operation: 51ms so far, now at startProcess: done updating battery stats
01-10 03:25:22.260 1136 1652 I am_proc_start: [0,2456,10087,com.android.systemui,service,{com.android.systemui/com.android.systemui.ImageWallpaper}]
01-10 03:25:22.260 1136 1652 W ActivityManager: Slow operation: 51ms so far, now at startProcess: building log message
01-10 03:25:22.260 1136 1652 I ActivityManager: Start proc 2456:com.android.systemui/u0a87 for service {com.android.systemui/com.android.systemui.ImageWallpaper}
01-10 03:25:22.260 1136 1652 W ActivityManager: Slow operation: 51ms so far, now at startProcess: starting to update pids map
01-10 03:25:22.260 1136 1652 W ActivityManager: Slow operation: 52ms so far, now at startProcess: done updating pids map
01-10 03:25:22.260 1136 1652 D CompatibilityChangeReporter: Compat change id reported: 143937733; UID 10099; state: DISABLED
01-10 03:25:22.260 1136 1652 W ActivityManager: com.android.permissioncontroller inode == 0 (b/152760674)
01-10 03:25:22.301 1136 1652 W ActivityManager: Slow operation: 75ms so far, now at startProcess: returned from zygote!
01-10 03:25:22.302 1136 1652 W ActivityManager: Slow operation: 75ms so far, now at startProcess: done updating battery stats
01-10 03:25:22.302 1136 1652 I am_proc_start: [0,2479,10099,com.android.permissioncontroller,service,{com.android.permissioncontroller/com.android.permissioncontroller.permission.service.PermissionControllerServiceImpl}]
01-10 03:25:22.302 1136 1652 W ActivityManager: Slow operation: 75ms so far, now at startProcess: building log message
01-10 03:25:22.302 1136 1652 I ActivityManager: Start proc 2479:com.android.permissioncontroller/u0a99 for service {com.android.permissioncontroller/com.android.permissioncontroller.permission.service.PermissionControllerServiceImpl}
01-10 03:25:22.302 1136 1652 W ActivityManager: Slow operation: 76ms so far, now at startProcess: starting to update pids map
01-10 03:25:22.302 1136 1652 W ActivityManager: Slow operation: 76ms so far, now at startProcess: done updating pids map
01-01 09:51:24.564 0 0 I binder : 2456:2456 ioctl 40046210 7fe87a7184 returned -22
01-10 03:25:22.309 1136 2439 I am_proc_bound: [0,2456,com.android.systemui]
01-10 03:25:22.313 1136 1848 I commit_sys_config_file: [settings-0-0,3]
01-10 03:25:22.315 1136 2439 D CompatibilityChangeReporter: Compat change id reported: 168419799; UID 10087; state: DISABLED
01-10 03:25:22.316 1136 2439 I am_uid_active: 10087
01-01 09:51:24.647 0 0 I binder : 2479:2479 ioctl 40046210 7fe87a7184 returned -22
01-10 03:25:22.387 1136 2439 W StorageManagerService: No primary storage defined yet; hacking together a stub
01-10 03:25:22.401 1136 2439 I am_proc_bound: [0,2479,com.android.permissioncontroller]
01-10 03:25:22.402 1136 2439 D CompatibilityChangeReporter: Compat change id reported: 168419799; UID 10099; state: DISABLED
01-10 03:25:22.404 1136 2439 I am_uid_active: 10099
01-10 03:25:22.445 1136 2439 I wm_task_created: [2,-1]
01-10 03:25:22.450 1136 2439 I wm_task_created: [3,-1]
01-10 03:25:22.455 1136 1598 D PackageManager: Instant App installer not found with android.intent.action.INSTALL_INSTANT_APP_PACKAGE
01-10 03:25:22.455 1136 1598 D PackageManager: Clear ephemeral installer activity
01-01 09:51:24.718 0 0 I binder : 1278:1278 ioctl 40046210 7fdf0ce384 returned -22
01-01 09:51:24.734 0 0 E init : Control message: Could not find 'vendor.qti.hardware.iop@2.0::IIop/default' for ctl.interface_start from pid: 504 (/system/bin/hwservicemanager)
01-10 03:25:22.493 1136 2439 I wm_task_created: [4,-1]
01-01 09:51:24.755 0 0 E init : Control message: Could not find 'vendor.qti.hardware.iop@2.0::IIop/default' for ctl.interface_start from pid: 504 (/system/bin/hwservicemanager)
01-10 03:25:22.515 1136 1599 I wm_task_created: [5,-1]
01-10 03:25:22.530 1136 2521 I wm_task_created: [6,-1]
01-10 03:25:22.554 2437 2537 I bt_config_source: 4
01-10 03:25:22.555 2437 2537 I bt_config_source: 3
01-10 03:25:22.585 1136 2521 D CompatibilityChangeReporter: Compat change id reported: 171306433; UID 1000; state: ENABLED
01-10 03:25:22.631 2456 2456 W OneHandedController: Device doesn't support OneHanded feature
01-10 03:25:22.694 1136 2502 D PackageManager: Instant App installer not found with android.intent.action.INSTALL_INSTANT_APP_PACKAGE
01-10 03:25:22.694 1136 2502 D PackageManager: Clear ephemeral installer activity
01-10 03:25:22.712 1136 2502 D TelephonyRegistry: listen oscl: mHasNotifySubscriptionInfoChangedOccurred==false no callback
01-10 03:25:22.747 1136 1136 V StorageManagerService: Package null has legacy storage
01-10 03:25:22.749 1136 1136 V StorageManagerService: Package null has legacy storage
01-10 03:25:22.750 1136 1598 D CompatibilityChangeReporter: Compat change id reported: 157233955; UID 10087; state: ENABLED
01-10 03:25:22.755 1136 1136 V StorageManagerService: Package null does not have legacy storage
01-10 03:25:22.755 1136 1136 V StorageManagerService: Package null does not have legacy storage
01-10 03:25:22.755 1136 1136 V StorageManagerService: Package null does not have legacy storage
01-10 03:25:22.755 1136 1136 V StorageManagerService: Package null does not have legacy storage
01-10 03:25:22.756 1136 1136 V StorageManagerService: Package null does not have legacy storage
01-10 03:25:22.756 1136 1136 V StorageManagerService: Package null does not have legacy storage
01-10 03:25:22.756 1136 1136 V StorageManagerService: Package null does not have legacy storage
01-10 03:25:22.756 1136 1136 V StorageManagerService: Package null does not have legacy storage
01-10 03:25:22.756 1136 1136 V StorageManagerService: Package null does not have legacy storage
01-10 03:25:22.757 1136 1136 V StorageManagerService: Package null does not have legacy storage
01-10 03:25:22.757 1136 1136 V StorageManagerService: Package null does not have legacy storage
01-10 03:25:22.758 1136 1136 V StorageManagerService: Package null does not have legacy storage
01-10 03:25:22.758 1136 1136 V StorageManagerService: Package null does not have legacy storage
01-10 03:25:22.758 1136 1136 V StorageManagerService: Package null does not have legacy storage
01-10 03:25:22.758 1136 1136 V StorageManagerService: Package null does not have legacy storage
01-10 03:25:22.758 1136 1136 V StorageManagerService: Package null does not have legacy storage
01-10 03:25:22.758 1136 1136 V StorageManagerService: Package null does not have legacy storage
01-10 03:25:22.759 1136 1136 V StorageManagerService: Package null does not have legacy storage
01-10 03:25:22.759 1136 1136 V StorageManagerService: Package null does not have legacy storage
01-10 03:25:22.759 1136 1136 V StorageManagerService: Package null does not have legacy storage
01-10 03:25:22.759 1136 1136 V StorageManagerService: Package null does not have legacy storage
01-10 03:25:22.759 1136 1136 V StorageManagerService: Package null does not have legacy storage
01-10 03:25:22.759 1136 1136 V StorageManagerService: Package null does not have legacy storage
01-10 03:25:22.759 1136 1136 I PackageManager: Permission ownership changed. Updating all permissions.
01-10 03:25:22.776 1136 1136 W SystemServiceManager: Service com.android.server.policy.PermissionPolicyService took 554 ms in onBootPhase
01-10 03:25:22.777 1136 1136 D SystemServerTiming: OnBootPhase_550_com.android.server.policy.PermissionPolicyService took to complete: 554ms
01-10 03:25:22.777 1136 1136 I SystemServerTiming: OnBootPhase_550_com.android.server.pm.StagingManager$Lifecycle
01-10 03:25:22.777 1136 1136 D SystemServerTiming: OnBootPhase_550_com.android.server.pm.StagingManager$Lifecycle took to complete: 0ms
01-10 03:25:22.777 1136 1136 I SystemServerTiming: OnBootPhase_550_com.android.server.app.GameManagerService$Lifecycle
01-10 03:25:22.777 1136 1136 D SystemServerTiming: OnBootPhase_550_com.android.server.app.GameManagerService$Lifecycle took to complete: 0ms
01-10 03:25:22.777 1136 1136 I SystemServerTiming: OnBootPhase_550_com.android.server.appsearch.AppSearchManagerService
01-10 03:25:22.777 1136 1136 D SystemServerTiming: OnBootPhase_550_com.android.server.appsearch.AppSearchManagerService took to complete: 0ms
01-10 03:25:22.777 1136 1136 I SystemServerTiming: OnBootPhase_550_com.android.server.media.MediaCommunicationService
01-10 03:25:22.777 1136 1136 D SystemServerTiming: OnBootPhase_550_com.android.server.media.MediaCommunicationService took to complete: 0ms
01-10 03:25:22.777 1136 1136 D SystemServerTiming: OnBootPhase_550 took to complete: 631ms
01-10 03:25:22.777 1136 1136 D SystemServerTiming: StartActivityManagerReadyPhase took to complete: 631ms
01-10 03:25:22.777 1136 1136 I SystemServerTiming: StartObservingNativeCrashes
01-10 03:25:22.777 1136 1136 D SystemServerTiming: StartObservingNativeCrashes took to complete: 0ms
01-10 03:25:22.778 1136 1136 I SystemServerTiming: RegisterAppOpsPolicy
01-10 03:25:22.779 1136 1136 D SystemServerTiming: RegisterAppOpsPolicy took to complete: 2ms
01-10 03:25:22.779 1136 1136 I SystemServerTiming: MakeNetworkManagementServiceReady
01-10 03:25:22.779 1136 1911 I SystemServerTimingAsync: InitThreadPoolExec:WebViewFactoryPreparation
01-10 03:25:22.779 1136 1911 D SystemServerInitThreadPool: Started executing WebViewFactoryPreparation
01-10 03:25:22.779 1136 1911 I SystemServer: WebViewFactoryPreparation
01-10 03:25:22.779 1136 1911 I SystemServerTimingAsync: WebViewFactoryPreparation
01-10 03:25:22.780 1136 1911 I am_uid_running: 1037
01-10 03:25:22.780 1136 1911 D CompatibilityChangeReporter: Compat change id reported: 135634846; UID 1000; state: DISABLED
01-10 03:25:22.781 1136 1911 D CompatibilityChangeReporter: Compat change id reported: 177438394; UID 1000; state: DISABLED
01-10 03:25:22.781 1136 1911 D CompatibilityChangeReporter: Compat change id reported: 135772972; UID 1000; state: DISABLED
01-10 03:25:22.781 1136 1911 D CompatibilityChangeReporter: Compat change id reported: 178038272; UID 1000; state: DISABLED
01-10 03:25:22.781 1136 1652 W ActivityManager: com.android.server.telecom inode == 0 (b/152760674)
01-10 03:25:22.784 1136 1136 D SystemServerTiming: MakeNetworkManagementServiceReady took to complete: 5ms
01-10 03:25:22.784 1136 1136 I SystemServerTiming: MakeIpSecServiceReady
01-10 03:25:22.787 1136 1136 D IpSecService: IpSecService is ready
01-10 03:25:22.787 1136 1136 D SystemServerTiming: MakeIpSecServiceReady took to complete: 2ms
01-10 03:25:22.787 1136 1911 D SystemServerTimingAsync: WebViewFactoryPreparation took to complete: 8ms
01-10 03:25:22.788 1136 1911 D SystemServerInitThreadPool: Finished executing WebViewFactoryPreparation
01-10 03:25:22.788 1136 1911 D SystemServerTimingAsync: InitThreadPoolExec:WebViewFactoryPreparation took to complete: 9ms
01-10 03:25:22.788 1136 1136 I SystemServerTiming: MakeNetworkStatsServiceReady
01-10 03:25:22.789 1136 2382 I commit_sys_config_file: [net-policy,1]
01-10 03:25:22.789 1136 2382 W NetworkPolicy: setRestrictBackgroundUL: already false
01-10 03:25:22.792 1136 1660 W BatteryExternalStatsWorker: error reading modem stats:ERROR_PHONE_NOT_AVAILABLE
01-10 03:25:22.807 1136 2382 D TelephonyRegistry: listen oscl: mHasNotifySubscriptionInfoChangedOccurred==false no callback
01-10 03:25:22.821 1136 2381 D TelephonyRegistry: listen oscl: mHasNotifySubscriptionInfoChangedOccurred==false no callback
01-10 03:25:22.824 1136 1136 D SystemServerTiming: MakeNetworkStatsServiceReady took to complete: 36ms
01-10 03:25:22.824 1136 1136 I SystemServerTiming: MakeConnectivityServiceReady
01-10 03:25:22.844 1136 1136 D SystemServerTiming: MakeConnectivityServiceReady took to complete: 20ms
01-10 03:25:22.845 1136 1136 I SystemServerTiming: MakeVpnManagerServiceReady
01-10 03:25:22.860 1136 1136 D SystemServerTiming: MakeVpnManagerServiceReady took to complete: 16ms
01-10 03:25:22.860 1136 1136 I SystemServerTiming: MakeVcnManagementServiceReady
01-10 03:25:22.861 1136 1136 D TelephonyRegistry: listen oscl: mHasNotifySubscriptionInfoChangedOccurred==false no callback
01-10 03:25:22.863 1136 1136 D SystemServerTiming: MakeVcnManagementServiceReady took to complete: 3ms
01-10 03:25:22.863 1136 1136 I SystemServerTiming: MakeNetworkPolicyServiceReady
01-10 03:25:22.864 1136 1136 D SystemServerTiming: MakeNetworkPolicyServiceReady took to complete: 0ms
01-10 03:25:22.864 1136 1136 I SystemServerTiming: PhaseThirdPartyAppsCanStart
01-10 03:25:22.864 1136 1136 I SystemServiceManager: Starting phase 600
01-10 03:25:22.864 1136 1136 I SystemServerTiming: OnBootPhase_600
01-10 03:25:22.864 1136 1136 I SystemServerTiming: OnBootPhase_600_com.android.server.security.FileIntegrityService
01-10 03:25:22.864 1136 1136 D SystemServerTiming: OnBootPhase_600_com.android.server.security.FileIntegrityService took to complete: 0ms
01-10 03:25:22.864 1136 1136 I SystemServerTiming: OnBootPhase_600_com.android.server.pm.Installer
01-10 03:25:22.864 1136 1136 D SystemServerTiming: OnBootPhase_600_com.android.server.pm.Installer took to complete: 0ms
01-10 03:25:22.864 1136 1136 I SystemServerTiming: OnBootPhase_600_com.android.server.os.DeviceIdentifiersPolicyService
01-10 03:25:22.864 1136 1136 D SystemServerTiming: OnBootPhase_600_com.android.server.os.DeviceIdentifiersPolicyService took to complete: 0ms
01-10 03:25:22.864 1136 1136 I SystemServerTiming: OnBootPhase_600_com.android.server.uri.UriGrantsManagerService$Lifecycle
01-10 03:25:22.864 1136 1136 D SystemServerTiming: OnBootPhase_600_com.android.server.uri.UriGrantsManagerService$Lifecycle took to complete: 0ms
01-10 03:25:22.864 1136 1136 I SystemServerTiming: OnBootPhase_600_com.android.server.powerstats.PowerStatsService
01-10 03:25:22.864 1136 1136 D SystemServerTiming: OnBootPhase_600_com.android.server.powerstats.PowerStatsService took to complete: 0ms
01-10 03:25:22.864 1136 1136 I SystemServerTiming: OnBootPhase_600_com.android.server.wm.ActivityTaskManagerService$Lifecycle
01-10 03:25:22.864 1136 1136 D SystemServerTiming: OnBootPhase_600_com.android.server.wm.ActivityTaskManagerService$Lifecycle took to complete: 0ms
01-10 03:25:22.865 1136 1136 I SystemServerTiming: OnBootPhase_600_com.android.server.am.ActivityManagerService$Lifecycle
01-10 03:25:22.865 1136 1136 I ExplicitHealthCheckController: Explicit health checks enabled.
01-10 03:25:22.865 1136 1136 I PackageWatchdog: Syncing state, reason: health check state enabled
01-10 03:25:22.865 1136 1136 I PackageWatchdog: Not pruning observers, elapsed time: 0ms
01-10 03:25:22.865 1136 1136 I PackageWatchdog: Cancelling state sync, nothing to sync
01-10 03:25:22.866 1136 1136 D SystemServerTiming: OnBootPhase_600_com.android.server.am.ActivityManagerService$Lifecycle took to complete: 1ms
01-10 03:25:22.866 1136 1136 I SystemServerTiming: OnBootPhase_600_com.android.server.pm.DataLoaderManagerService
01-10 03:25:22.866 1136 1136 D SystemServerTiming: OnBootPhase_600_com.android.server.pm.DataLoaderManagerService took to complete: 0ms
01-10 03:25:22.866 1136 1136 I SystemServerTiming: OnBootPhase_600_com.android.server.power.PowerManagerService
01-10 03:25:22.866 1136 1136 D SystemServerTiming: OnBootPhase_600_com.android.server.power.PowerManagerService took to complete: 0ms
01-10 03:25:22.867 1136 1136 I SystemServerTiming: OnBootPhase_600_com.android.server.power.ThermalManagerService
01-10 03:25:22.867 1136 1136 D SystemServerTiming: OnBootPhase_600_com.android.server.power.ThermalManagerService took to complete: 0ms
01-10 03:25:22.867 1136 1136 I SystemServerTiming: OnBootPhase_600_com.android.server.power.hint.HintManagerService
01-10 03:25:22.867 1136 1136 D SystemServerTiming: OnBootPhase_600_com.android.server.power.hint.HintManagerService took to complete: 0ms
01-10 03:25:22.867 1136 1136 I SystemServerTiming: OnBootPhase_600_com.android.server.recoverysystem.RecoverySystemService$Lifecycle
01-10 03:25:22.867 1136 1136 D SystemServerTiming: OnBootPhase_600_com.android.server.recoverysystem.RecoverySystemService$Lifecycle took to complete: 0ms
01-10 03:25:22.867 1136 1136 I SystemServerTiming: OnBootPhase_600_com.android.server.lights.LightsService
01-10 03:25:22.867 1136 1136 D SystemServerTiming: OnBootPhase_600_com.android.server.lights.LightsService took to complete: 0ms
01-10 03:25:22.867 1136 1136 I SystemServerTiming: OnBootPhase_600_com.android.server.display.DisplayManagerService
01-10 03:25:22.867 1136 1136 D SystemServerTiming: OnBootPhase_600_com.android.server.display.DisplayManagerService took to complete: 0ms
01-10 03:25:22.867 1136 1136 I SystemServerTiming: OnBootPhase_600_com.android.server.pm.verify.domain.DomainVerificationService
01-10 03:25:22.867 1136 1136 D SystemServerTiming: OnBootPhase_600_com.android.server.pm.verify.domain.DomainVerificationService took to complete: 0ms
01-10 03:25:22.867 1136 1136 I SystemServerTiming: OnBootPhase_600_com.android.server.pm.PackageInstallerService$Lifecycle
01-10 03:25:22.867 1136 1136 D SystemServerTiming: OnBootPhase_600_com.android.server.pm.PackageInstallerService$Lifecycle took to complete: 0ms
01-10 03:25:22.867 1136 1136 I SystemServerTiming: OnBootPhase_600_com.android.server.pm.UserManagerService$LifeCycle
01-10 03:25:22.867 1136 1136 D SystemServerTiming: OnBootPhase_600_com.android.server.pm.UserManagerService$LifeCycle took to complete: 0ms
01-10 03:25:22.867 1136 1136 I SystemServerTiming: OnBootPhase_600_com.android.server.om.OverlayManagerService
01-10 03:25:22.867 1136 1136 D SystemServerTiming: OnBootPhase_600_com.android.server.om.OverlayManagerService took to complete: 0ms
01-10 03:25:22.867 1136 1136 I SystemServerTiming: OnBootPhase_600_com.android.server.SensorPrivacyService
01-10 03:25:22.867 1136 1136 D SystemServerTiming: OnBootPhase_600_com.android.server.SensorPrivacyService took to complete: 0ms
01-10 03:25:22.867 1136 1136 I SystemServerTiming: OnBootPhase_600_com.android.server.thunderperf.ThunderBoostPerfService
01-10 03:25:22.868 1136 1136 D SystemServerTiming: OnBootPhase_600_com.android.server.thunderperf.ThunderBoostPerfService took to complete: 0ms
01-10 03:25:22.868 1136 1136 I SystemServerTiming: OnBootPhase_600_com.android.server.sensors.SensorService
01-10 03:25:22.868 1136 1136 D SystemServerTiming: OnBootPhase_600_com.android.server.sensors.SensorService took to complete: 0ms
01-10 03:25:22.868 1136 1136 I SystemServerTiming: OnBootPhase_600_com.android.server.SystemConfigService
01-10 03:25:22.868 1136 1136 D SystemServerTiming: OnBootPhase_600_com.android.server.SystemConfigService took to complete: 0ms
01-10 03:25:22.868 1136 1136 I SystemServerTiming: OnBootPhase_600_com.android.server.BatteryService
01-10 03:25:22.868 1136 1136 D SystemServerTiming: OnBootPhase_600_com.android.server.BatteryService took to complete: 0ms
01-10 03:25:22.868 1136 1136 I SystemServerTiming: OnBootPhase_600_com.android.server.usage.UsageStatsService
01-10 03:25:22.868 1136 1136 D SystemServerTiming: OnBootPhase_600_com.android.server.usage.UsageStatsService took to complete: 0ms
01-10 03:25:22.868 1136 1136 I SystemServerTiming: OnBootPhase_600_com.android.server.webkit.WebViewUpdateService
01-10 03:25:22.868 1136 1136 D SystemServerTiming: OnBootPhase_600_com.android.server.webkit.WebViewUpdateService took to complete: 0ms
01-10 03:25:22.868 1136 1136 I SystemServerTiming: OnBootPhase_600_com.android.server.CachedDeviceStateService
01-10 03:25:22.868 1136 1136 D SystemServerTiming: OnBootPhase_600_com.android.server.CachedDeviceStateService took to complete: 0ms
01-10 03:25:22.868 1136 1136 I SystemServerTiming: OnBootPhase_600_com.android.server.BinderCallsStatsService$LifeCycle
01-10 03:25:22.868 1136 1136 D SystemServerTiming: OnBootPhase_600_com.android.server.BinderCallsStatsService$LifeCycle took to complete: 0ms
01-10 03:25:22.868 1136 1136 I SystemServerTiming: OnBootPhase_600_com.android.server.LooperStatsService$Lifecycle
01-10 03:25:22.868 1136 1136 D SystemServerTiming: OnBootPhase_600_com.android.server.LooperStatsService$Lifecycle took to complete: 0ms
01-10 03:25:22.868 1136 1136 I SystemServerTiming: OnBootPhase_600_com.android.server.rollback.RollbackManagerService
01-10 03:25:22.869 1136 1136 D SystemServerTiming: OnBootPhase_600_com.android.server.rollback.RollbackManagerService took to complete: 0ms
01-10 03:25:22.869 1136 1136 I SystemServerTiming: OnBootPhase_600_com.android.server.os.NativeTombstoneManagerService
01-10 03:25:22.869 1136 1136 D SystemServerTiming: OnBootPhase_600_com.android.server.os.NativeTombstoneManagerService took to complete: 0ms
01-10 03:25:22.869 1136 1136 I SystemServerTiming: OnBootPhase_600_com.android.server.os.BugreportManagerService
01-10 03:25:22.869 1136 1136 D SystemServerTiming: OnBootPhase_600_com.android.server.os.BugreportManagerService took to complete: 0ms
01-10 03:25:22.869 1136 1136 I SystemServerTiming: OnBootPhase_600_com.android.server.gpu.GpuService
01-10 03:25:22.869 1136 1136 D SystemServerTiming: OnBootPhase_600_com.android.server.gpu.GpuService took to complete: 0ms
01-10 03:25:22.869 1136 1136 I SystemServerTiming: OnBootPhase_600_com.android.server.security.KeyChainSystemService
01-10 03:25:22.869 1136 1136 D SystemServerTiming: OnBootPhase_600_com.android.server.security.KeyChainSystemService took to complete: 0ms
01-10 03:25:22.869 1136 1136 I SystemServerTiming: OnBootPhase_600_com.android.server.telecom.TelecomLoaderService
01-10 03:25:22.869 1136 1136 D SystemServerTiming: OnBootPhase_600_com.android.server.telecom.TelecomLoaderService took to complete: 0ms
01-10 03:25:22.869 1136 1136 I SystemServerTiming: OnBootPhase_600_com.android.server.accounts.AccountManagerService$Lifecycle
01-10 03:25:22.869 1136 1136 D SystemServerTiming: OnBootPhase_600_com.android.server.accounts.AccountManagerService$Lifecycle took to complete: 0ms
01-10 03:25:22.869 1136 1136 I SystemServerTiming: OnBootPhase_600_com.android.server.content.ContentService$Lifecycle
01-10 03:25:22.869 1136 1136 D SystemServerTiming: OnBootPhase_600_com.android.server.content.ContentService$Lifecycle took to complete: 0ms
01-10 03:25:22.869 1136 1136 I SystemServerTiming: OnBootPhase_600_com.android.server.DropBoxManagerService
01-10 03:25:22.869 1136 1136 D SystemServerTiming: OnBootPhase_600_com.android.server.DropBoxManagerService took to complete: 0ms
01-10 03:25:22.869 1136 1136 I SystemServerTiming: OnBootPhase_600_com.android.role.RoleService
01-10 03:25:22.869 1136 1136 D SystemServerTiming: OnBootPhase_600_com.android.role.RoleService took to complete: 0ms
01-10 03:25:22.869 1136 1136 I SystemServerTiming: OnBootPhase_600_com.android.server.vibrator.VibratorManagerService$Lifecycle
01-10 03:25:22.869 1136 1136 D SystemServerTiming: OnBootPhase_600_com.android.server.vibrator.VibratorManagerService$Lifecycle took to complete: 0ms
01-10 03:25:22.869 1136 1136 I SystemServerTiming: OnBootPhase_600_com.android.server.alarm.AlarmManagerService
