01-01 09:51:07.962 1136 1136 I PackageManager: /system_ext/priv-app/EmergencyInfo changed; collecting certs
01-01 09:51:07.965 1136 1136 W PackageManager: Adding duplicate app id: 10081 name=com.android.emergency
01-01 09:51:07.965 1136 1136 I pm_critical_info: Adding duplicate app id: 10081 name=com.android.emergency
01-01 09:51:07.969 1136 1136 I PackageManager: /system_ext/priv-app/QAS_DVC_MSP changed; collecting certs
01-01 09:51:07.972 1136 1136 I PackageManager: /system_ext/priv-app/WallpaperCropper changed; collecting certs
01-01 09:51:07.980 1136 1136 I PackageManager: /system_ext/priv-app/WfdService changed; collecting certs
01-01 09:51:07.984 1136 1136 I PackageManager: /system_ext/priv-app/Provision changed; collecting certs
01-01 09:51:07.988 1136 1136 W PackageManager: Adding duplicate shared id: 1000 name=com.android.provision
01-01 09:51:07.988 1136 1136 I pm_critical_info: Adding duplicate shared id: 1000 name=com.android.provision
01-01 09:51:07.989 1136 1136 I PackageManager: /system_ext/priv-app/GameMode changed; collecting certs
01-01 09:51:07.991 1136 1136 W PackageManager: Adding duplicate shared id: 1000 name=com.thundercomm.gamemode
01-01 09:51:07.991 1136 1136 I pm_critical_info: Adding duplicate shared id: 1000 name=com.thundercomm.gamemode
01-01 09:51:07.992 1136 1136 I PackageManager: /system_ext/priv-app/xrcbservice changed; collecting certs
01-01 09:51:08.001 1136 1136 I PackageManager: /system_ext/priv-app/xrvdservice changed; collecting certs
01-01 09:51:08.004 1136 1136 W PackageManager: Adding duplicate shared id: 1000 name=com.qualcomm.qti.xrvd.service
01-01 09:51:08.005 1136 1136 I pm_critical_info: Adding duplicate shared id: 1000 name=com.qualcomm.qti.xrvd.service
01-01 09:51:08.030 1136 1136 I PackageManager: /system_ext/priv-app/StorageManager changed; collecting certs
01-01 09:51:08.054 1136 1722 W PackageParsing: Ignoring duplicate uses-permissions/uses-permissions-sdk-m: android.permission.CONFIGURE_WIFI_DISPLAY in package: com.android.systemui at: Binary XML file line #160
01-01 09:51:08.069 1136 1722 I PackageParsing: Parse times for '/system_ext/priv-app/SystemUI': parse=122ms, update_cache=1 ms
01-01 09:51:08.069 1136 1136 I PackageManager: /system_ext/priv-app/SystemUI changed; collecting certs
01-01 09:51:08.072 1136 1136 W PackageManager: Adding duplicate app id: 10087 name=com.android.systemui
01-01 09:51:08.072 1136 1136 I pm_critical_info: Adding duplicate app id: 10087 name=com.android.systemui
01-01 09:51:08.346 1136 1716 I PackageParsing: Parse times for '/system_ext/priv-app/Settings': parse=410ms, update_cache=3 ms
01-01 09:51:08.346 1136 1136 I PackageManager: /system_ext/priv-app/Settings changed; collecting certs
01-01 09:51:08.349 1136 1136 W PackageManager: Adding duplicate shared id: 1000 name=com.android.settings
01-01 09:51:08.349 1136 1136 I pm_critical_info: Adding duplicate shared id: 1000 name=com.android.settings
01-01 09:51:08.358 1136 1136 I PackageManager: /system_ext/app/QdcmFF changed; collecting certs
01-01 09:51:08.362 1136 1136 W PackageManager: Adding duplicate shared id: 1000 name=com.qti.snapdragon.qdcm_ff
01-01 09:51:08.362 1136 1136 I pm_critical_info: Adding duplicate shared id: 1000 name=com.qti.snapdragon.qdcm_ff
01-01 09:51:08.363 1136 1136 I PackageManager: /system_ext/app/DynamicDDSService changed; collecting certs
01-01 09:51:08.366 1136 1136 W PackageManager: Adding duplicate shared id: 1001 name=com.qualcomm.qti.dynamicddsservice
01-01 09:51:08.366 1136 1136 I pm_critical_info: Adding duplicate shared id: 1001 name=com.qualcomm.qti.dynamicddsservice
01-01 09:51:08.367 1136 1136 I PackageManager: /system_ext/app/QCC changed; collecting certs
01-01 09:51:08.369 1136 1136 W PackageManager: Adding duplicate shared id: 1000 name=com.qualcomm.qti.qdma
01-01 09:51:08.369 1136 1136 I pm_critical_info: Adding duplicate shared id: 1000 name=com.qualcomm.qti.qdma
01-01 09:51:08.370 1136 1136 I PackageManager: /system_ext/app/uceShimService changed; collecting certs
01-01 09:51:08.373 1136 1136 W PackageManager: Adding duplicate shared id: 1001 name=com.qualcomm.qti.uceShimService
01-01 09:51:08.374 1136 1136 I pm_critical_info: Adding duplicate shared id: 1001 name=com.qualcomm.qti.uceShimService
01-01 09:51:08.375 1136 1136 I PackageManager: /system_ext/app/TCCast changed; collecting certs
01-01 09:51:08.388 1136 1136 I PackageManager: /system_ext/app/aptxui changed; collecting certs
01-01 09:51:08.394 1136 1722 W PackageParsing: No actions in intent-filter at /system_ext/app/SnapdragonMusic/SnapdragonMusic.apk Binary XML file line #83
01-01 09:51:08.394 1136 1715 W PackageParsing: Ignoring duplicate uses-permissions/uses-permissions-sdk-m: android.permission.INTERACT_ACROSS_USERS in package: com.thundercomm.microsettings at: Binary XML file line #13
01-01 09:51:08.395 1136 1715 W PackageParsing: Ignoring duplicate uses-permissions/uses-permissions-sdk-m: android.permission.SET_TIME_ZONE in package: com.thundercomm.microsettings at: Binary XML file line #31
01-01 09:51:08.395 1136 1715 W PackageParsing: Ignoring duplicate uses-permissions/uses-permissions-sdk-m: android.permission.WRITE_EXTERNAL_STORAGE in package: com.thundercomm.microsettings at: Binary XML file line #37
01-01 09:51:08.395 1136 1136 I PackageManager: /system_ext/app/TCSetupWizard changed; collecting certs
01-01 09:51:08.395 1136 1722 W PackageParsing: No actions in intent-filter at /system_ext/app/SnapdragonMusic/SnapdragonMusic.apk Binary XML file line #206
01-01 09:51:08.399 1136 1136 W PackageManager: Adding duplicate shared id: 1000 name=com.thundercomm.tcsetupwizard
01-01 09:51:08.399 1136 1136 I pm_critical_info: Adding duplicate shared id: 1000 name=com.thundercomm.tcsetupwizard
01-01 09:51:08.400 1136 1136 I PackageManager: /system_ext/app/QTIDiagServices changed; collecting certs
01-01 09:51:08.403 1136 1136 W PackageManager: Adding duplicate shared id: 1000 name=com.qti.diagservices
01-01 09:51:08.403 1136 1136 I pm_critical_info: Adding duplicate shared id: 1000 name=com.qti.diagservices
01-01 09:51:08.404 1136 1136 I PackageManager: /system_ext/app/Qmmi changed; collecting certs
01-01 09:51:08.408 1136 1136 W PackageManager: Adding duplicate shared id: 1000 name=com.qualcomm.qti.qmmi
01-01 09:51:08.408 1136 1136 I pm_critical_info: Adding duplicate shared id: 1000 name=com.qualcomm.qti.qmmi
01-01 09:51:08.409 1136 1136 I PackageManager: /system_ext/app/workloadclassifier changed; collecting certs
01-01 09:51:08.411 1136 1136 I PackageManager: /system_ext/app/QCC-Netstat changed; collecting certs
01-01 09:51:08.414 1136 1136 I PackageManager: /system_ext/app/RemoteControlServer changed; collecting certs
01-01 09:51:08.416 1136 1136 W PackageManager: Adding duplicate shared id: 1000 name=com.thundercomm.remotecontrolservice
01-01 09:51:08.416 1136 1136 I pm_critical_info: Adding duplicate shared id: 1000 name=com.thundercomm.remotecontrolservice
01-01 09:51:08.417 1136 1136 I PackageManager: /system_ext/app/SnapdragonMusic changed; collecting certs
01-01 09:51:08.419 1136 1136 I PackageManager: /system_ext/app/embms changed; collecting certs
01-01 09:51:08.421 1136 1136 I PackageManager: /system_ext/app/QesdkSysService changed; collecting certs
01-01 09:51:08.423 1136 1136 W PackageManager: Adding duplicate shared id: 1000 name=vendor.qti.qesdk.sysservice
01-01 09:51:08.424 1136 1136 I pm_critical_info: Adding duplicate shared id: 1000 name=vendor.qti.qesdk.sysservice
01-01 09:51:08.424 1136 1136 I PackageManager: /system_ext/app/MicroSettings changed; collecting certs
01-01 09:51:08.427 1136 1136 W PackageManager: Adding duplicate shared id: 1000 name=com.thundercomm.microsettings
01-01 09:51:08.427 1136 1136 I pm_critical_info: Adding duplicate shared id: 1000 name=com.thundercomm.microsettings
01-01 09:51:08.428 1136 1136 I PackageManager: /system_ext/app/MStatsSystemService changed; collecting certs
01-01 09:51:08.430 1136 1136 I PackageManager: /system_ext/app/QCC-AUTHMGR changed; collecting certs
01-01 09:51:08.432 1136 1136 I PackageManager: /system_ext/app/NQNfcNci changed; collecting certs
01-01 09:51:08.435 1136 1136 W PackageManager: Adding duplicate shared id: 1027 name=com.android.nfc
01-01 09:51:08.435 1136 1136 I pm_critical_info: Adding duplicate shared id: 1027 name=com.android.nfc
01-01 09:51:08.436 1136 1136 I PackageManager: /system_ext/app/MircoService changed; collecting certs
01-01 09:51:08.438 1136 1136 W PackageManager: Adding duplicate shared id: 1000 name=com.thundercomm.microservice
01-01 09:51:08.438 1136 1136 I pm_critical_info: Adding duplicate shared id: 1000 name=com.thundercomm.microservice
01-01 09:51:08.450 1136 1136 I PackageManager: /apex/com.android.wifi/priv-app/ServiceWifiResources changed; collecting certs
01-01 09:51:08.460 1136 1136 I PackageManager: /apex/com.android.wifi/app/OsuLogin changed; collecting certs
01-01 09:51:08.471 1136 1136 I PackageManager: /apex/com.android.tethering/priv-app/ServiceConnectivityResources changed; collecting certs
01-01 09:51:08.474 1136 1136 I PackageManager: /apex/com.android.tethering/priv-app/Tethering changed; collecting certs
01-01 09:51:08.478 1136 1136 W PackageManager: Adding duplicate shared id: 1073 name=com.android.networkstack.tethering
01-01 09:51:08.478 1136 1136 I pm_critical_info: Adding duplicate shared id: 1073 name=com.android.networkstack.tethering
01-01 09:51:08.510 1136 1136 I PackageManager: /apex/com.android.permission/priv-app/PermissionController changed; collecting certs
01-01 09:51:08.513 1136 1136 W PackageManager: Skipping provider name com.android.permissioncontroller (in package com.android.permissioncontroller): name already used by com.android.settings
01-01 09:51:08.513 1136 1136 W PackageManager: Skipping provider name com.android.permissioncontroller.role (in package com.android.permissioncontroller): name already used by com.android.settings
01-01 09:51:08.529 1136 1136 I PackageManager: /apex/com.android.mediaprovider/priv-app/MediaProvider changed; collecting certs
01-01 09:51:08.542 1136 1136 I PackageManager: /apex/com.android.extservices/priv-app/ExtServices changed; collecting certs
01-01 09:51:08.564 1136 1136 I PackageManager: Finished scanning system apps. Time: 3009 ms, packageCount: 144 , timePerPackage: 20 , cached: 0
01-01 09:51:08.564 1136 1136 I boot_progress_pms_data_scan_start: 59081
01-01 09:51:08.565 1136 1136 I PackageManager: Finished scanning non-system apps. Time: 1 ms, packageCount: 0 , timePerPackage: 0 , cached: 0
01-01 09:51:08.566 1136 1136 E PackageManager: updateAllSharedLibrariesLPw failed: Package com.qualcomm.embms requires unavailable shared library com.qualcomm.qcrilhook; failing!
01-01 09:51:08.566 1136 1136 E PackageManager: updateAllSharedLibrariesLPw failed: Package com.android.systemui requires unavailable shared library com.qti.extphone.extphonelib; failing!
01-01 09:51:08.566 1136 1136 E PackageManager: updateAllSharedLibrariesLPw failed: Package com.android.settings requires unavailable shared library com.qti.extphone.extphonelib; failing!
01-01 09:51:08.566 1136 1136 E PackageManager: updateAllSharedLibrariesLPw failed: Package com.qualcomm.qti.devicestatisticsservice requires unavailable shared library qti-telephony-hidl-wrapper-prd; failing!
01-01 09:51:08.566 1136 1136 E PackageManager: updateAllSharedLibrariesLPw failed: Package com.qti.snapdragon.qdcm_ff requires unavailable shared library vendor.display.color.V1_0.IDisplayColor; failing!
01-01 09:51:08.566 1136 1136 E PackageManager: updateAllSharedLibrariesLPw failed: Package com.qti.pasrservice requires unavailable shared library vendor.qti.power.pasrmanager.V1_0.IPasrManager; failing!
01-01 09:51:08.567 1136 1136 E PackageManager: updateAllSharedLibrariesLPw failed: Package com.qualcomm.wfd.service requires unavailable shared library .WfdService; failing!
01-01 09:51:08.567 1136 1136 E PackageManager: updateAllSharedLibrariesLPw failed: Package com.qualcomm.uimremoteserver requires unavailable shared library qti-telephony-hidl-wrapper-prd; failing!
01-01 09:51:08.567 1136 1136 E PackageManager: updateAllSharedLibrariesLPw failed: Package com.qualcomm.uimremoteclient requires unavailable shared library qti-telephony-hidl-wrapper-prd; failing!
01-01 09:51:08.576 1136 1136 I boot_progress_pms_scan_end: 59093
01-01 09:51:08.576 1136 1136 I PackageManager: Time to scan packages: 3.022 seconds
01-01 09:51:08.576 1136 1136 I PackageManager: Permission ownership changed. Updating all permissions.
01-01 09:51:08.593 1136 1136 V PackageManager: reconcileAppsData for null u0 0x1 migrateAppData=true
01-01 09:51:08.715 1136 1136 V PackageManager: reconcileAppsData finished 27 packages
01-01 09:51:08.715 1136 1136 I PackageManagerTiming: write settings
01-01 09:51:08.715 1136 1810 I SystemServerTimingAsync: InitThreadPoolExec:prepareAppData
01-01 09:51:08.715 1136 1810 D SystemServerInitThreadPool: Started executing prepareAppData
01-01 09:51:08.721 1136 1810 D SystemServerTimingAsync: AppDataFixup took to complete: 6ms
01-01 09:51:08.772 1136 1136 I commit_sys_config_file: [package-user-0,1]
01-01 09:51:08.773 1136 1136 I commit_sys_config_file: [package,57]
01-01 09:51:08.773 1136 1136 D PackageManagerTiming: write settings took to complete: 57ms
01-01 09:51:08.773 1136 1136 I boot_progress_pms_ready: 59289
01-01 09:51:08.773 1136 1136 W PackageManager: Intent filter verifier not found
01-01 09:51:08.773 1136 1136 W PackageManager: Domain verification agent not found
01-01 09:51:08.775 1136 1136 D PackageManager: Ephemeral resolver NOT found; no matching intent filters
01-01 09:51:08.775 1136 1136 D PackageManager: Instant App installer not found with android.intent.action.INSTALL_INSTANT_APP_PACKAGE
01-01 09:51:08.775 1136 1136 D PackageManager: Clear ephemeral installer activity
01-01 09:51:08.777 1136 1136 I PackageManagerTiming: GC
01-01 09:51:08.777 1136 1136 D PackageManagerTiming: GC took to complete: 0ms
01-01 09:51:08.777 1136 1136 I PackageManager: Fix for b/169414761 is applied
01-01 09:51:08.777 1136 1136 D PackageManagerTiming: create package manager took to complete: 3303ms
01-01 09:51:08.778 1136 1136 V UserManagerService: Checking that all system packages are whitelisted.
01-01 09:51:08.780 1136 1136 W UserManagerService: checkWhitelistedSystemPackages(mode=ENFORCE|IMPLICIT_WHITELIST|IMPLICIT_WHITELIST_SYSTEM) has 68 warnings:
01-01 09:51:08.780 1136 1136 W UserManagerService: com.android.internal.display.cutout.emulation.corner is allowlisted but not present.
01-01 09:51:08.780 1136 1136 W UserManagerService: com.android.internal.display.cutout.emulation.double is allowlisted but not present.
01-01 09:51:08.780 1136 1136 W UserManagerService: com.android.theme.color.amethyst is allowlisted but not present.
01-01 09:51:08.780 1136 1136 W UserManagerService: com.android.theme.icon.pebble is allowlisted but not present.
01-01 09:51:08.780 1136 1136 W UserManagerService: com.android.theme.color.sand is allowlisted but not present.
01-01 09:51:08.780 1136 1136 W UserManagerService: com.android.theme.icon.vessel is allowlisted but not present.
01-01 09:51:08.780 1136 1136 W UserManagerService: com.android.theme.color.cinnamon is allowlisted but not present.
01-01 09:51:08.780 1136 1136 W UserManagerService: com.android.theme.icon_pack.victor.settings is allowlisted but not present.
01-01 09:51:08.780 1136 1136 W UserManagerService: com.android.theme.icon_pack.rounded.systemui is allowlisted but not present.
01-01 09:51:08.780 1136 1136 W UserManagerService: com.android.theme.icon.taperedrect is allowlisted but not present.
01-01 09:51:08.780 1136 1136 W UserManagerService: com.android.theme.icon_pack.rounded.android is allowlisted but not present.
01-01 09:51:08.780 1136 1136 W UserManagerService: com.qualcomm.qti.euiccresource is allowlisted but not present.
01-01 09:51:08.780 1136 1136 W UserManagerService: com.qualcomm.qti.telephonyservice is allowlisted but not present.
01-01 09:51:08.780 1136 1136 W UserManagerService: com.android.theme.icon_pack.victor.systemui is allowlisted but not present.
01-01 09:51:08.780 1136 1136 W UserManagerService: com.android.theme.icon_pack.circular.themepicker is allowlisted but not present.
01-01 09:51:08.780 1136 1136 W UserManagerService: com.android.theme.color.tangerine is allowlisted but not present.
01-01 09:51:08.780 1136 1136 W UserManagerService: com.android.theme.color.aquamarine is allowlisted but not present.
01-01 09:51:08.780 1136 1136 W UserManagerService: com.android.internal.display.cutout.emulation.hole is allowlisted but not present.
01-01 09:51:08.780 1136 1136 W UserManagerService: com.android.internal.display.cutout.emulation.tall is allowlisted but not present.
01-01 09:51:08.780 1136 1136 W UserManagerService: com.android.theme.color.black is allowlisted but not present.
01-01 09:51:08.780 1136 1136 W UserManagerService: com.android.theme.color.green is allowlisted but not present.
01-01 09:51:08.780 1136 1136 W UserManagerService: com.android.theme.color.ocean is allowlisted but not present.
01-01 09:51:08.780 1136 1136 W UserManagerService: com.android.theme.color.space is allowlisted but not present.
01-01 09:51:08.781 1136 1136 W UserManagerService: com.android.internal.systemui.navbar.threebutton is allowlisted but not present.
01-01 09:51:08.781 1136 1136 W UserManagerService: com.qti.qualcomm.datastatusnotification is allowlisted but not present.
01-01 09:51:08.781 1136 1136 W UserManagerService: com.qualcomm.qti.callfeaturessetting is allowlisted but not present.
01-01 09:51:08.781 1136 1136 W UserManagerService: com.android.theme.icon_pack.rounded.launcher is allowlisted but not present.
01-01 09:51:08.781 1136 1136 W UserManagerService: com.qti.qualcomm.deviceinfo is allowlisted but not present.
01-01 09:51:08.781 1136 1136 W UserManagerService: com.android.theme.icon_pack.kai.settings is allowlisted but not present.
01-01 09:51:08.781 1136 1136 W UserManagerService: com.android.internal.systemui.navbar.twobutton is allowlisted but not present.
01-01 09:51:08.781 1136 1136 W UserManagerService: org.codeaurora.ims is allowlisted but not present.
01-01 09:51:08.781 1136 1136 W UserManagerService: com.android.theme.icon_pack.sam.settings is allowlisted but not present.
01-01 09:51:08.781 1136 1136 W UserManagerService: com.android.theme.icon_pack.kai.themepicker is allowlisted but not present.
01-01 09:51:08.781 1136 1136 W UserManagerService: com.qualcomm.qcrilmsgtunnel is allowlisted but not present.
01-01 09:51:08.781 1136 1136 W UserManagerService: com.android.theme.icon_pack.victor.launcher is allowlisted but not present.
01-01 09:51:08.781 1136 1136 W UserManagerService: com.android.theme.icon_pack.filled.settings is allowlisted but not present.
01-01 09:51:08.781 1136 1136 W UserManagerService: com.android.theme.icon_pack.kai.systemui is allowlisted but not present.
01-01 09:51:08.781 1136 1136 W UserManagerService: com.android.theme.icon_pack.circular.settings is allowlisted but not present.
01-01 09:51:08.781 1136 1136 W UserManagerService: com.qti.xdivert is allowlisted but not present.
01-01 09:51:08.781 1136 1136 W UserManagerService: com.android.theme.icon_pack.sam.systemui is allowlisted but not present.
01-01 09:51:08.781 1136 1136 W UserManagerService: com.android.theme.icon.teardrop is allowlisted but not present.
01-01 09:51:08.781 1136 1136 W UserManagerService: com.android.theme.icon_pack.rounded.themepicker is allowlisted but not present.
01-01 09:51:08.781 1136 1136 W UserManagerService: com.android.theme.icon_pack.filled.systemui is allowlisted but not present.
01-01 09:51:08.781 1136 1136 W UserManagerService: com.qualcomm.qti.imsiprivacy.tests is allowlisted but not present.
01-01 09:51:08.781 1136 1136 W UserManagerService: com.android.theme.icon_pack.sam.android is allowlisted but not present.
01-01 09:51:08.781 1136 1136 W UserManagerService: com.android.theme.icon_pack.filled.android is allowlisted but not present.
01-01 09:51:08.781 1136 1136 W UserManagerService: com.android.theme.icon_pack.circular.systemui is allowlisted but not present.
01-01 09:51:08.781 1136 1136 W UserManagerService: com.android.theme.icon_pack.kai.android is allowlisted but not present.
01-01 09:51:08.781 1136 1136 W UserManagerService: com.android.theme.icon_pack.kai.launcher is allowlisted but not present.
01-01 09:51:08.781 1136 1136 W UserManagerService: com.qualcomm.qti.sam.service is allowlisted but not present.
01-01 09:51:08.781 1136 1136 W UserManagerService: com.android.theme.icon_pack.sam.launcher is allowlisted but not present.
01-01 09:51:08.781 1136 1136 W UserManagerService: com.android.theme.icon.squircle is allowlisted but not present.
01-01 09:51:08.781 1136 1136 W UserManagerService: com.android.theme.icon_pack.victor.android is allowlisted but not present.
01-01 09:51:08.782 1136 1136 W UserManagerService: com.android.theme.color.palette is allowlisted but not present.
01-01 09:51:08.782 1136 1136 W UserManagerService: com.android.theme.icon_pack.filled.launcher is allowlisted but not present.
01-01 09:51:08.782 1136 1136 W UserManagerService: com.android.theme.color.carbon is allowlisted but not present.
01-01 09:51:08.782 1136 1136 W UserManagerService: com.android.theme.icon_pack.circular.launcher is allowlisted but not present.
01-01 09:51:08.782 1136 1136 W UserManagerService: com.android.theme.icon_pack.filled.themepicker is allowlisted but not present.
01-01 09:51:08.782 1136 1136 W UserManagerService: com.android.theme.icon_pack.victor.themepicker is allowlisted but not present.
01-01 09:51:08.782 1136 1136 W UserManagerService: com.android.theme.color.orchid is allowlisted but not present.
01-01 09:51:08.782 1136 1136 W UserManagerService: com.android.theme.color.purple is allowlisted but not present.
01-01 09:51:08.782 1136 1136 W UserManagerService: com.qualcomm.qti.confdialer is allowlisted but not present.
01-01 09:51:08.782 1136 1136 W UserManagerService: com.android.theme.icon_pack.sam.themepicker is allowlisted but not present.
01-01 09:51:08.782 1136 1136 W UserManagerService: com.qualcomm.atfwd is allowlisted but not present.
01-01 09:51:08.782 1136 1136 W UserManagerService: com.android.theme.icon.roundedrect is allowlisted but not present.
01-01 09:51:08.782 1136 1136 W UserManagerService: com.android.theme.icon_pack.rounded.settings is allowlisted but not present.
01-01 09:51:08.782 1136 1136 W UserManagerService: org.codeaurora.qti.nrNetworkSettingApp is allowlisted but not present.
01-01 09:51:08.782 1136 1136 W UserManagerService: com.android.theme.icon_pack.circular.android is allowlisted but not present.
01-01 09:51:08.782 1136 1136 I UserManagerService: Reviewing whitelisted packages due to [firstBoot]
01-01 09:51:08.792 1136 1136 I Watchdog: Resuming HandlerChecker: main thread for reason: packagemanagermain. Pause count: 0
01-01 09:51:08.792 1136 1136 I SystemServerDexLoadReporter: Configuring system server dex reporter
01-01 09:51:08.800 1136 1136 D SystemServerTiming: StartPackageManagerService took to complete: 3331ms
01-01 09:51:08.800 1136 1136 I SystemServerTiming: StartOtaDexOptService
01-01 09:51:08.800 1136 1136 I Watchdog: Pausing HandlerChecker: main thread for reason: moveab. Pause count: 1
01-01 09:51:08.801 1136 1136 D OTADexopt: No upgrade, skipping A/B artifacts check.
01-01 09:51:08.801 1136 1136 I Watchdog: Resuming HandlerChecker: main thread for reason: moveab. Pause count: 0
01-01 09:51:08.801 1136 1136 D SystemServerTiming: StartOtaDexOptService took to complete: 1ms
01-01 09:51:08.801 1136 1136 I SystemServerTiming: StartUserManagerService
01-01 09:51:08.801 1136 1136 I SystemServiceManager: Starting com.android.server.pm.UserManagerService$LifeCycle
01-01 09:51:08.802 1136 1136 D SystemServerTiming: StartUserManagerService took to complete: 1ms
01-01 09:51:08.802 1136 1136 I SystemServerTiming: InitAttributerCache
01-01 09:51:08.802 1136 1136 D SystemServerTiming: InitAttributerCache took to complete: 0ms
01-01 09:51:08.802 1136 1136 I SystemServerTiming: SetSystemProcess
01-01 09:51:08.809 1136 1136 I am_uid_running: 1000
01-01 09:51:08.810 1136 1654 I ActivityManager: Connection with lmkd established
01-01 09:51:08.812 1136 1136 I am_uid_active: 1000
01-01 09:51:08.812 1136 1599 V HistoricalRegistry: Interaction before persistence initialized
01-01 09:51:08.814 1136 1136 D SystemServerTiming: SetSystemProcess took to complete: 11ms
01-01 09:51:08.814 1136 1136 I SystemServerTiming: InitWatchdog
01-01 09:51:08.814 1136 1136 D SystemServerTiming: InitWatchdog took to complete: 0ms
01-01 09:51:08.815 1136 1136 I SystemServerTiming: StartOverlayManagerService
01-01 09:51:08.822 1136 1599 V HistoricalRegistry: Interaction before persistence initialized
01-01 09:51:08.900 1136 1136 I commit_sys_config_file: [overlays,1]
01-01 09:51:08.903 1136 1136 D SystemServerTiming: StartOverlayManagerService took to complete: 87ms
01-01 09:51:08.903 1136 1136 I SystemServerTiming: StartSensorPrivacyService
01-01 09:51:08.905 1136 1136 D SystemServerTiming: StartSensorPrivacyService took to complete: 3ms
01-01 09:51:08.905 1136 1136 I SystemServerTiming: StartThunderBoostPerfService
01-01 09:51:08.906 1136 1136 D SystemServerTiming: StartThunderBoostPerfService took to complete: 1ms
01-01 09:51:08.906 1136 1136 I SystemServerTiming: StartSensorService
01-01 09:51:08.907 1136 1136 I SystemServiceManager: Starting com.android.server.sensors.SensorService
01-01 09:51:08.907 1136 1136 D SystemServerTiming: StartSensorService took to complete: 0ms
01-01 09:51:08.907 1136 1136 D SystemServerTiming: startBootstrapServices took to complete: 5044ms
01-01 09:51:08.907 1136 1136 I SystemServerTiming: startCoreServices
01-01 09:51:08.907 1136 1136 I SystemServerTiming: StartSystemConfigService
01-01 09:51:08.907 1136 1136 I SystemServiceManager: Starting com.android.server.SystemConfigService
01-01 09:51:08.908 1136 1817 I SystemServerTimingAsync: InitThreadPoolExec:StartNativeSensorService
01-01 09:51:08.908 1136 1817 D SystemServerInitThreadPool: Started executing StartNativeSensorService
01-01 09:51:08.908 1136 1817 I SystemServerTimingAsync: StartNativeSensorService
01-01 09:51:08.908 1136 1136 D SystemServerTiming: StartSystemConfigService took to complete: 0ms
01-01 09:51:08.908 1136 1136 I SystemServerTiming: StartBatteryService
01-01 09:51:08.908 1136 1136 I SystemServiceManager: Starting com.android.server.BatteryService
01-01 09:51:08.759 0 0 I cnss-daemon: wlfw_qmi_ind_cb: Receive Ind : 0x2a
01-01 09:51:08.913 0 0 W healthd : battery none chg=
01-01 09:51:08.914 1136 1649 I battery_status: [1,1,0,0,]
01-01 09:51:08.917 1136 1136 I HealthServiceWrapper: health: HealthServiceWrapper listening to instance default
01-01 09:51:08.917 1136 1136 I BatteryService: health: Waited 0ms and received the update.
01-01 09:51:08.919 1136 1136 D SystemServerTiming: StartBatteryService took to complete: 11ms
01-01 09:51:08.919 1136 1136 I SystemServerTiming: StartUsageService
01-01 09:51:08.919 1136 1136 I SystemServiceManager: Starting com.android.server.usage.UsageStatsService
01-01 09:51:08.924 1136 1817 D SystemServerTimingAsync: StartNativeSensorService took to complete: 16ms
01-01 09:51:08.924 1136 1817 D SystemServerInitThreadPool: Finished executing StartNativeSensorService
01-01 09:51:08.924 1136 1817 D SystemServerTimingAsync: InitThreadPoolExec:StartNativeSensorService took to complete: 16ms
01-01 09:51:08.926 1136 1136 D SystemServerTiming: StartUsageService took to complete: 7ms
01-01 09:51:08.926 1136 1136 I SystemServerTiming: StartWebViewUpdateService
01-01 09:51:08.926 1136 1136 I SystemServiceManager: Starting com.android.server.webkit.WebViewUpdateService
01-01 09:51:08.927 1136 1136 D SystemServerTiming: StartWebViewUpdateService took to complete: 2ms
01-01 09:51:08.927 1136 1136 I SystemServerTiming: StartCachedDeviceStateService
01-01 09:51:08.927 1136 1136 I SystemServiceManager: Starting com.android.server.CachedDeviceStateService
01-01 09:51:08.928 1136 1136 D SystemServerTiming: StartCachedDeviceStateService took to complete: 0ms
01-01 09:51:08.928 1136 1136 I SystemServerTiming: StartBinderCallsStatsService
01-01 09:51:08.928 1136 1136 I SystemServiceManager: Starting com.android.server.BinderCallsStatsService$LifeCycle
01-01 09:51:08.929 1136 1136 D SystemServerTiming: StartBinderCallsStatsService took to complete: 1ms
01-01 09:51:08.929 1136 1136 I SystemServerTiming: StartLooperStatsService
01-01 09:51:08.929 1136 1136 I SystemServiceManager: Starting com.android.server.LooperStatsService$Lifecycle
01-01 09:51:08.930 1136 1136 D SystemServerTiming: StartLooperStatsService took to complete: 1ms
01-01 09:51:08.930 1136 1136 I SystemServerTiming: StartRollbackManagerService
01-01 09:51:08.930 1136 1136 I SystemServiceManager: Starting com.android.server.rollback.RollbackManagerService
01-01 09:51:08.936 1136 1136 I PackageWatchdog: Syncing state, reason: added new observer
01-01 09:51:08.936 1136 1136 I PackageWatchdog: Not pruning observers, elapsed time: 0ms
01-01 09:51:08.936 1136 1136 I PackageWatchdog: Cancelling state sync, nothing to sync
01-01 09:51:08.936 1136 1650 I PackageWatchdog: Saving observer state to file
01-01 09:51:08.939 1136 1136 D SystemServerTiming: StartRollbackManagerService took to complete: 10ms
01-01 09:51:08.939 1136 1136 I SystemServerTiming: StartNativeTombstoneManagerService
01-01 09:51:08.939 1136 1136 I SystemServiceManager: Starting com.android.server.os.NativeTombstoneManagerService
01-01 09:51:08.941 1136 1136 D SystemServerTiming: StartNativeTombstoneManagerService took to complete: 1ms
01-01 09:51:08.941 1136 1136 I SystemServerTiming: StartBugreportManagerService
01-01 09:51:08.941 1136 1136 I SystemServiceManager: Starting com.android.server.os.BugreportManagerService
01-01 09:51:08.942 1136 1136 D SystemServerTiming: StartBugreportManagerService took to complete: 1ms
01-01 09:51:08.942 1136 1136 I SystemServerTiming: GpuService
01-01 09:51:08.942 1136 1136 I SystemServiceManager: Starting com.android.server.gpu.GpuService
01-01 09:51:08.942 1136 1136 D SystemServerTiming: GpuService took to complete: 0ms
01-01 09:51:08.942 1136 1136 D SystemServerTiming: startCoreServices took to complete: 34ms
01-01 09:51:08.942 1136 1136 I SystemServerTiming: startOtherServices
01-01 09:51:08.943 1136 1136 I SystemServerTiming: StartKeyAttestationApplicationIdProviderService
01-01 09:51:08.944 1136 1136 D SystemServerTiming: StartKeyAttestationApplicationIdProviderService took to complete: 1ms
01-01 09:51:08.944 1136 1136 I SystemServerTiming: StartKeyChainSystemService
01-01 09:51:08.944 1136 1136 I SystemServiceManager: Starting com.android.server.security.KeyChainSystemService
01-01 09:51:08.944 1136 1136 D SystemServerTiming: StartKeyChainSystemService took to complete: 0ms
01-01 09:51:08.944 1136 1136 I SystemServerTiming: StartSchedulingPolicyService
01-01 09:51:08.945 1136 1835 I SystemServerTimingAsync: InitThreadPoolExec:SecondaryZygotePreload
01-01 09:51:08.945 1136 1835 D SystemServerInitThreadPool: Started executing SecondaryZygotePreload
01-01 09:51:08.946 1136 1835 I SystemServer: SecondaryZygotePreload
01-01 09:51:08.946 1136 1835 I SystemServerTimingAsync: SecondaryZygotePreload
01-01 09:51:08.949 1136 1136 D SystemServerTiming: StartSchedulingPolicyService took to complete: 5ms
01-01 09:51:08.949 1136 1136 I SystemServerTiming: StartTelecomLoaderService
01-01 09:51:08.949 1136 1136 I SystemServiceManager: Starting com.android.server.telecom.TelecomLoaderService
01-01 09:51:08.949 1136 1836 I SystemServerTimingAsync: InitThreadPoolExec:SchedulingPolicyService.
01-01 09:51:08.949 1136 1836 D SystemServerInitThreadPool: Started executing SchedulingPolicyService.
01-01 09:51:08.949 1136 1136 D SystemServerTiming: StartTelecomLoaderService took to complete: 1ms
01-01 09:51:08.949 1136 1136 I SystemServerTiming: StartTelephonyRegistry
01-01 09:51:08.951 1136 1136 D SystemServerTiming: StartTelephonyRegistry took to complete: 2ms
01-01 09:51:08.951 1136 1136 I SystemServerTiming: StartEntropyMixer
01-01 09:51:08.952 1136 1136 W EntropyMixer: No existing entropy file -- first boot?
01-01 09:51:08.953 1136 1136 I EntropyMixer: Writing entropy...
01-01 09:51:08.954 1136 1136 D SystemServerTiming: StartEntropyMixer took to complete: 3ms
01-01 09:51:08.954 1136 1136 I SystemServerTiming: StartAccountManagerService
01-01 09:51:08.954 1136 1136 I SystemServiceManager: Starting com.android.server.accounts.AccountManagerService$Lifecycle
01-01 09:51:08.961 1136 1136 D SystemServerTiming: StartAccountManagerService took to complete: 6ms
01-01 09:51:08.961 1136 1136 I SystemServerTiming: StartContentService
01-01 09:51:08.961 1136 1136 I SystemServiceManager: Starting com.android.server.content.ContentService$Lifecycle
01-01 09:51:08.962 1136 1136 D SystemServerTiming: StartContentService took to complete: 1ms
01-01 09:51:08.962 1136 1136 I SystemServerTiming: InstallSystemProviders
01-01 09:51:08.999 686 686 D ZygoteInitTiming_lazy: BeginPreload took to complete: 45ms
01-01 09:51:09.026 0 0 W F2FS-fs (dm-10): Unexpected flush for atomic writes: ino=1087, npages=3
01-01 09:51:09.042 1136 1136 W SettingsState: No settings state /data/system/users/0/settings_system.xml
01-01 09:51:09.058 1136 1136 I SettingsState: directory info for directory/file /data/system/users/0/settings_system.xml with stacktrace
01-01 09:51:09.058 1136 1136 I SettingsState: java.lang.Exception
01-01 09:51:09.058 1136 1136 I SettingsState: at com.android.providers.settings.SettingsState.logSettingsDirectoryInformation(SettingsState.java:877)
01-01 09:51:09.058 1136 1136 I SettingsState: at com.android.providers.settings.SettingsState.readStateSyncLocked(SettingsState.java:1008)
01-01 09:51:09.058 1136 1136 I SettingsState: at com.android.providers.settings.SettingsState.(SettingsState.java:283)
01-01 09:51:09.058 1136 1136 I SettingsState: at com.android.providers.settings.SettingsProvider$SettingsRegistry.ensureSettingsStateLocked(SettingsProvider.java:2883)
01-01 09:51:09.058 1136 1136 I SettingsState: at com.android.providers.settings.SettingsProvider$SettingsRegistry.migrateLegacySettingsForUserLocked(SettingsProvider.java:3250)
01-01 09:51:09.058 1136 1136 I SettingsState: at com.android.providers.settings.SettingsProvider$SettingsRegistry.migrateAllLegacySettingsIfNeededLocked(SettingsProvider.java:3216)
01-01 09:51:09.058 1136 1136 I SettingsState: at com.android.providers.settings.SettingsProvider$SettingsRegistry.access$000(SettingsProvider.java:2666)
01-01 09:51:09.058 1136 1136 I SettingsState: at com.android.providers.settings.SettingsProvider.onCreate(SettingsProvider.java:395)
01-01 09:51:09.058 1136 1136 I SettingsState: at android.content.ContentProvider.attachInfo(ContentProvider.java:2404)
01-01 09:51:09.058 1136 1136 I SettingsState: at android.content.ContentProvider.attachInfo(ContentProvider.java:2374)
01-01 09:51:09.058 1136 1136 I SettingsState: at android.app.ActivityThread.installProvider(ActivityThread.java:7463)
01-01 09:51:09.058 1136 1136 I SettingsState: at android.app.ActivityThread.installContentProviders(ActivityThread.java:6980)
01-01 09:51:09.058 1136 1136 I SettingsState: at android.app.ActivityThread.installSystemProviders(ActivityThread.java:7650)
01-01 09:51:09.058 1136 1136 I SettingsState: at com.android.server.am.ContentProviderHelper.installSystemProviders(ContentProviderHelper.java:1247)
01-01 09:51:09.058 1136 1136 I SettingsState: at com.android.server.SystemServer.startOtherServices(SystemServer.java:1445)
01-01 09:51:09.058 1136 1136 I SettingsState: at com.android.server.SystemServer.run(SystemServer.java:885)
01-01 09:51:09.058 1136 1136 I SettingsState: at com.android.server.SystemServer.main(SystemServer.java:616)
01-01 09:51:09.058 1136 1136 I SettingsState: at java.lang.reflect.Method.invoke(Native Method)
01-01 09:51:09.058 1136 1136 I SettingsState: at com.android.internal.os.RuntimeInit$MethodAndArgsCaller.run(RuntimeInit.java:548)
01-01 09:51:09.058 1136 1136 I SettingsState: at com.android.internal.os.ZygoteInit.main(ZygoteInit.java:987)
01-01 09:51:09.059 1136 1136 I SettingsState: ancestor directory /data/system/users/0 exists
01-01 09:51:09.059 1136 1136 I SettingsState: ancestor directory /data/system/users/0 permissions: r: true w: true x: true
01-01 09:51:09.059 1136 1136 I SettingsState: ancestor's parent directory /data/system/users permissions: r: true w: true x: true
01-01 09:51:09.067 1136 1136 I commit_sys_config_file: [settings-1-0,1]
01-01 09:51:09.067 1136 1136 W SettingsState: No settings state /data/system/users/0/settings_secure.xml
01-01 09:51:09.068 1136 1136 I SettingsState: directory info for directory/file /data/system/users/0/settings_secure.xml with stacktrace
01-01 09:51:09.068 1136 1136 I SettingsState: java.lang.Exception
01-01 09:51:09.068 1136 1136 I SettingsState: at com.android.providers.settings.SettingsState.logSettingsDirectoryInformation(SettingsState.java:877)
01-01 09:51:09.068 1136 1136 I SettingsState: at com.android.providers.settings.SettingsState.readStateSyncLocked(SettingsState.java:1008)
01-01 09:51:09.068 1136 1136 I SettingsState: at com.android.providers.settings.SettingsState.(SettingsState.java:283)
01-01 09:51:09.068 1136 1136 I SettingsState: at com.android.providers.settings.SettingsProvider$SettingsRegistry.ensureSettingsStateLocked(SettingsProvider.java:2883)
01-01 09:51:09.068 1136 1136 I SettingsState: at com.android.providers.settings.SettingsProvider$SettingsRegistry.migrateLegacySettingsForUserLocked(SettingsProvider.java:3259)
01-01 09:51:09.068 1136 1136 I SettingsState: at com.android.providers.settings.SettingsProvider$SettingsRegistry.migrateAllLegacySettingsIfNeededLocked(SettingsProvider.java:3216)
01-01 09:51:09.068 1136 1136 I SettingsState: at com.android.providers.settings.SettingsProvider$SettingsRegistry.access$000(SettingsProvider.java:2666)
01-01 09:51:09.068 1136 1136 I SettingsState: at com.android.providers.settings.SettingsProvider.onCreate(SettingsProvider.java:395)
01-01 09:51:09.068 1136 1136 I SettingsState: at android.content.ContentProvider.attachInfo(ContentProvider.java:2404)
01-01 09:51:09.068 1136 1136 I SettingsState: at android.content.ContentProvider.attachInfo(ContentProvider.java:2374)
01-01 09:51:09.068 1136 1136 I SettingsState: at android.app.ActivityThread.installProvider(ActivityThread.java:7463)
01-01 09:51:09.068 1136 1136 I SettingsState: at android.app.ActivityThread.installContentProviders(ActivityThread.java:6980)
01-01 09:51:09.068 1136 1136 I SettingsState: at android.app.ActivityThread.installSystemProviders(ActivityThread.java:7650)
01-01 09:51:09.068 1136 1136 I SettingsState: at com.android.server.am.ContentProviderHelper.installSystemProviders(ContentProviderHelper.java:1247)
01-01 09:51:09.068 1136 1136 I SettingsState: at com.android.server.SystemServer.startOtherServices(SystemServer.java:1445)
01-01 09:51:09.068 1136 1136 I SettingsState: at com.android.server.SystemServer.run(SystemServer.java:885)
01-01 09:51:09.068 1136 1136 I SettingsState: at com.android.server.SystemServer.main(SystemServer.java:616)
01-01 09:51:09.068 1136 1136 I SettingsState: at java.lang.reflect.Method.invoke(Native Method)
01-01 09:51:09.068 1136 1136 I SettingsState: at com.android.internal.os.RuntimeInit$MethodAndArgsCaller.run(RuntimeInit.java:548)
01-01 09:51:09.068 1136 1136 I SettingsState: at com.android.internal.os.ZygoteInit.main(ZygoteInit.java:987)
01-01 09:51:09.068 1136 1136 I SettingsState: ancestor directory /data/system/users/0 exists
01-01 09:51:09.068 1136 1136 I SettingsState: ancestor directory /data/system/users/0 permissions: r: true w: true x: true
01-01 09:51:09.068 1136 1136 I SettingsState: ancestor's parent directory /data/system/users permissions: r: true w: true x: true
01-01 09:51:09.076 1136 1136 D SettingsProvider: Generated and saved new ANDROID_ID [6901a71a1fa1dd05] for user 0
01-01 09:51:09.077 1136 1836 D SystemServerInitThreadPool: Finished executing SchedulingPolicyService.
01-01 09:51:09.077 1136 1836 D SystemServerTimingAsync: InitThreadPoolExec:SchedulingPolicyService. took to complete: 127ms
01-01 09:51:09.078 1136 1136 I commit_sys_config_file: [settings-2-0,1]
01-01 09:51:09.078 1136 1136 W SettingsState: No settings state /data/system/users/0/settings_global.xml
01-01 09:51:09.078 1136 1136 I SettingsState: directory info for directory/file /data/system/users/0/settings_global.xml with stacktrace
01-01 09:51:09.078 1136 1136 I SettingsState: java.lang.Exception
01-01 09:51:09.078 1136 1136 I SettingsState: at com.android.providers.settings.SettingsState.logSettingsDirectoryInformation(SettingsState.java:877)
01-01 09:51:09.078 1136 1136 I SettingsState: at com.android.providers.settings.SettingsState.readStateSyncLocked(SettingsState.java:1008)
01-01 09:51:09.078 1136 1136 I SettingsState: at com.android.providers.settings.SettingsState.(SettingsState.java:283)
01-01 09:51:09.078 1136 1136 I SettingsState: at com.android.providers.settings.SettingsProvider$SettingsRegistry.ensureSettingsStateLocked(SettingsProvider.java:2883)
01-01 09:51:09.078 1136 1136 I SettingsState: at com.android.providers.settings.SettingsProvider$SettingsRegistry.migrateLegacySettingsForUserLocked(SettingsProvider.java:3270)
01-01 09:51:09.078 1136 1136 I SettingsState: at com.android.providers.settings.SettingsProvider$SettingsRegistry.migrateAllLegacySettingsIfNeededLocked(SettingsProvider.java:3216)
01-01 09:51:09.078 1136 1136 I SettingsState: at com.android.providers.settings.SettingsProvider$SettingsRegistry.access$000(SettingsProvider.java:2666)
01-01 09:51:09.078 1136 1136 I SettingsState: at com.android.providers.settings.SettingsProvider.onCreate(SettingsProvider.java:395)
01-01 09:51:09.078 1136 1136 I SettingsState: at android.content.ContentProvider.attachInfo(ContentProvider.java:2404)
01-01 09:51:09.078 1136 1136 I SettingsState: at android.content.ContentProvider.attachInfo(ContentProvider.java:2374)
01-01 09:51:09.078 1136 1136 I SettingsState: at android.app.ActivityThread.installProvider(ActivityThread.java:7463)
01-01 09:51:09.078 1136 1136 I SettingsState: at android.app.ActivityThread.installContentProviders(ActivityThread.java:6980)
01-01 09:51:09.078 1136 1136 I SettingsState: at android.app.ActivityThread.installSystemProviders(ActivityThread.java:7650)
01-01 09:51:09.078 1136 1136 I SettingsState: at com.android.server.am.ContentProviderHelper.installSystemProviders(ContentProviderHelper.java:1247)
01-01 09:51:09.078 1136 1136 I SettingsState: at com.android.server.SystemServer.startOtherServices(SystemServer.java:1445)
01-01 09:51:09.078 1136 1136 I SettingsState: at com.android.server.SystemServer.run(SystemServer.java:885)
01-01 09:51:09.078 1136 1136 I SettingsState: at com.android.server.SystemServer.main(SystemServer.java:616)
01-01 09:51:09.078 1136 1136 I SettingsState: at java.lang.reflect.Method.invoke(Native Method)
01-01 09:51:09.078 1136 1136 I SettingsState: at com.android.internal.os.RuntimeInit$MethodAndArgsCaller.run(RuntimeInit.java:548)
01-01 09:51:09.078 1136 1136 I SettingsState: at com.android.internal.os.ZygoteInit.main(ZygoteInit.java:987)
01-01 09:51:09.079 1136 1136 I SettingsState: ancestor directory /data/system/users/0 exists
01-01 09:51:09.079 1136 1136 I SettingsState: ancestor directory /data/system/users/0 permissions: r: true w: true x: true
01-01 09:51:09.079 1136 1136 I SettingsState: ancestor's parent directory /data/system/users permissions: r: true w: true x: true
01-01 09:51:09.089 1136 1136 I commit_sys_config_file: [settings-0-0,2]
01-01 09:51:09.094 1136 1136 D SettingsProvider: Setting [] as Autofill Service for user 0
01-01 09:51:09.097 1136 1136 I commit_sys_config_file: [settings-0-0,2]
01-01 09:51:09.098 1136 1136 I commit_sys_config_file: [settings-2-0,1]
01-01 09:51:09.098 1136 1136 I commit_sys_config_file: [settings-1-0,1]
01-01 09:51:09.115 1136 1136 I commit_sys_config_file: [overlays,216]
01-01 09:51:09.122 1136 1633 W ActivityTaskManager: Skip updateConfiguration because mWindowManager isn't set
01-01 09:51:09.123 1136 1136 W SettingsState: No settings state /data/system/users/0/settings_config.xml
01-01 09:51:09.124 1136 1136 I SettingsState: directory info for directory/file /data/system/users/0/settings_config.xml with stacktrace
01-01 09:51:09.124 1136 1136 I SettingsState: java.lang.Exception
01-01 09:51:09.124 1136 1136 I SettingsState: at com.android.providers.settings.SettingsState.logSettingsDirectoryInformation(SettingsState.java:877)
01-01 09:51:09.124 1136 1136 I SettingsState: at com.android.providers.settings.SettingsState.readStateSyncLocked(SettingsState.java:1008)
01-01 09:51:09.124 1136 1136 I SettingsState: at com.android.providers.settings.SettingsState.(SettingsState.java:283)
01-01 09:51:09.124 1136 1136 I SettingsState: at com.android.providers.settings.SettingsProvider$SettingsRegistry.ensureSettingsStateLocked(SettingsProvider.java:2883)
01-01 09:51:09.124 1136 1136 I SettingsState: at com.android.providers.settings.SettingsProvider$SettingsRegistry.ensureSettingsForUserLocked(SettingsProvider.java:2848)
01-01 09:51:09.124 1136 1136 I SettingsState: at com.android.providers.settings.SettingsProvider$SettingsRegistry.peekSettingsStateLocked(SettingsProvider.java:3191)
01-01 09:51:09.124 1136 1136 I SettingsState: at com.android.providers.settings.SettingsProvider$SettingsRegistry.getSettingsNamesLocked(SettingsProvider.java:2813)
01-01 09:51:09.124 1136 1136 I SettingsState: at com.android.providers.settings.SettingsProvider$SettingsRegistry.syncSsaidTableOnStartLocked(SettingsProvider.java:2796)
01-01 09:51:09.124 1136 1136 I SettingsState: at com.android.providers.settings.SettingsProvider$SettingsRegistry.access$100(SettingsProvider.java:2666)
01-01 09:51:09.124 1136 1136 I SettingsState: at com.android.providers.settings.SettingsProvider.onCreate(SettingsProvider.java:396)
01-01 09:51:09.124 1136 1136 I SettingsState: at android.content.ContentProvider.attachInfo(ContentProvider.java:2404)
01-01 09:51:09.124 1136 1136 I SettingsState: at android.content.ContentProvider.attachInfo(ContentProvider.java:2374)
01-01 09:51:09.124 1136 1136 I SettingsState: at android.app.ActivityThread.installProvider(ActivityThread.java:7463)
01-01 09:51:09.124 1136 1136 I SettingsState: at android.app.ActivityThread.installContentProviders(ActivityThread.java:6980)
01-01 09:51:09.124 1136 1136 I SettingsState: at android.app.ActivityThread.installSystemProviders(ActivityThread.java:7650)
01-01 09:51:09.124 1136 1136 I SettingsState: at com.android.server.am.ContentProviderHelper.installSystemProviders(ContentProviderHelper.java:1247)
01-01 09:51:09.124 1136 1136 I SettingsState: at com.android.server.SystemServer.startOtherServices(SystemServer.java:1445)
01-01 09:51:09.124 1136 1136 I SettingsState: at com.android.server.SystemServer.run(SystemServer.java:885)
01-01 09:51:09.124 1136 1136 I SettingsState: at com.android.server.SystemServer.main(SystemServer.java:616)
01-01 09:51:09.124 1136 1136 I SettingsState: at java.lang.reflect.Method.invoke(Native Method)
01-01 09:51:09.124 1136 1136 I SettingsState: at com.android.internal.os.RuntimeInit$MethodAndArgsCaller.run(RuntimeInit.java:548)
01-01 09:51:09.124 1136 1136 I SettingsState: at com.android.internal.os.ZygoteInit.main(ZygoteInit.java:987)
01-01 09:51:09.124 1136 1136 I SettingsState: ancestor directory /data/system/users/0 exists
01-01 09:51:09.128 1136 1136 I SettingsState: ancestor directory /data/system/users/0 permissions: r: true w: true x: true
01-01 09:51:09.128 1136 1136 I SettingsState: ancestor's parent directory /data/system/users permissions: r: true w: true x: true
01-01 09:51:09.129 1136 1136 W SettingsState: No settings state /data/system/users/0/settings_ssaid.xml
01-01 09:51:09.129 1136 1136 I SettingsState: directory info for directory/file /data/system/users/0/settings_ssaid.xml with stacktrace
01-01 09:51:09.129 1136 1136 I SettingsState: java.lang.Exception
01-01 09:51:09.129 1136 1136 I SettingsState: at com.android.providers.settings.SettingsState.logSettingsDirectoryInformation(SettingsState.java:877)
01-01 09:51:09.129 1136 1136 I SettingsState: at com.android.providers.settings.SettingsState.readStateSyncLocked(SettingsState.java:1008)
01-01 09:51:09.129 1136 1136 I SettingsState: at com.android.providers.settings.SettingsState.(SettingsState.java:283)
01-01 09:51:09.129 1136 1136 I SettingsState: at com.android.providers.settings.SettingsProvider$SettingsRegistry.ensureSettingsStateLocked(SettingsProvider.java:2883)
01-01 09:51:09.129 1136 1136 I SettingsState: at com.android.providers.settings.SettingsProvider$SettingsRegistry.ensureSettingsForUserLocked(SettingsProvider.java:2871)
01-01 09:51:09.129 1136 1136 I SettingsState: at com.android.providers.settings.SettingsProvider$SettingsRegistry.peekSettingsStateLocked(SettingsProvider.java:3191)
01-01 09:51:09.129 1136 1136 I SettingsState: at com.android.providers.settings.SettingsProvider$SettingsRegistry.getSettingsNamesLocked(SettingsProvider.java:2813)
01-01 09:51:09.129 1136 1136 I SettingsState: at com.android.providers.settings.SettingsProvider$SettingsRegistry.syncSsaidTableOnStartLocked(SettingsProvider.java:2796)
01-01 09:51:09.129 1136 1136 I SettingsState: at com.android.providers.settings.SettingsProvider$SettingsRegistry.access$100(SettingsProvider.java:2666)
01-01 09:51:09.129 1136 1136 I SettingsState: at com.android.providers.settings.SettingsProvider.onCreate(SettingsProvider.java:396)
01-01 09:51:09.129 1136 1136 I SettingsState: at android.content.ContentProvider.attachInfo(ContentProvider.java:2404)
01-01 09:51:09.129 1136 1136 I SettingsState: at android.content.ContentProvider.attachInfo(ContentProvider.java:2374)
01-01 09:51:09.129 1136 1136 I SettingsState: at android.app.ActivityThread.installProvider(ActivityThread.java:7463)
