01-10 03:25:32.477 1136 1633 D CompanionDeviceManagerService: onPackageModified(packageName = com.android.permissioncontroller)
01-10 03:25:32.481 1136 1136 I Telecom : DefaultDialerCache: Refreshing default dialer for user 0: now null: DDC.oR@AAc
01-10 03:25:32.484 1136 1136 I Telecom : DefaultDialerCache: Refreshing default dialer for user 0: now null: DDC.oR@AAg
01-10 03:25:32.489 1136 1633 D CompanionDeviceManagerService: onPackageModified(packageName = com.android.bluetooth)
01-10 03:25:32.493 1136 1136 I Telecom : DefaultDialerCache: Refreshing default dialer for user 0: now null: DDC.oR@AAk
01-10 03:25:32.510 1136 1812 I service_manager_stats: [100,495,6329]
01-10 03:25:32.615 3877 4049 I dvm_lock_sample: [com.baidu.input,0,pool-3-thread-1,9,AssetManager.java,879,java.io.InputStream android.content.res.AssetManager.open(java.lang.String, int),-,887,java.io.InputStream android.content.res.AssetManager.open(java.lang.String, int),1]
01-10 03:25:32.849 1136 1650 I am_meminfo: [2336571392,2412466176,12288,934699008,718717952]
01-01 09:51:35.166 0 0 I : Thread-2 (4070) used greatest stack depth: 9160 bytes left
01-10 03:25:33.013 1136 1650 I am_pss : [2437,1002,com.android.bluetooth,33570816,29073408,0,140873728,2,0,17]
01-10 03:25:33.054 1136 1650 I am_pss : [3067,10095,com.qualcomm.qti.qccauthmgr,6509568,4448256,0,95727616,2,5,12]
01-10 03:25:33.081 1136 1650 I am_pss : [3228,10101,android.ext.services,13133824,5660672,0,124354560,2,5,12]
01-10 03:25:33.102 1136 1650 I am_pss : [3231,10070,com.android.deskclock,11076608,8843264,0,102301696,2,19,12]
01-10 03:25:33.120 1136 1650 I am_pss : [3058,10073,com.thundercomm.gamemode.provider,7959552,5914624,0,96731136,2,5,11]
01-10 03:25:33.148 1136 1650 I am_pss : [2947,1000,com.android.settings:CryptKeeper,16514048,5074944,0,124178432,2,19,14]
01-10 03:25:33.170 1136 1650 I am_pss : [3016,10080,com.android.launcher3,14937088,11821056,0,107831296,2,5,13]
01-10 03:25:33.189 1136 1650 I am_pss : [2976,1000,com.thundercomm.gamemode,8908800,6950912,0,96423936,2,10,12]
01-10 03:25:33.213 1136 1650 I am_pss : [2904,1000,com.qualcomm.qti.qdma,10245120,7008256,0,107073536,2,0,13]
01-10 03:25:33.225 4125 4149 I dvm_lock_sample: [android.process.acore,0,Worker-1,731,SQLiteOpenHelper.java,315,android.database.sqlite.SQLiteDatabase android.database.sqlite.SQLiteOpenHelper.getWritableDatabase(),-,340,android.database.sqlite.SQLiteDatabase android.database.sqlite.SQLiteOpenHelper.getReadableDatabase(),100]
01-10 03:25:33.225 4125 4141 I dvm_lock_sample: [android.process.acore,0,Worker-1,720,SQLiteOpenHelper.java,315,android.database.sqlite.SQLiteDatabase android.database.sqlite.SQLiteOpenHelper.getWritableDatabase(),-,340,android.database.sqlite.SQLiteDatabase android.database.sqlite.SQLiteOpenHelper.getReadableDatabase(),100]
01-10 03:25:33.232 1136 1650 I am_pss : [2892,10071,com.qualcomm.qti.devicestatisticsservice,5275648,3506176,0,89391104,2,0,12]
01-10 03:25:33.240 4125 4142 I dvm_lock_sample: [android.process.acore,0,Worker-1,907,SQLiteOpenHelper.java,339,android.database.sqlite.SQLiteDatabase android.database.sqlite.SQLiteOpenHelper.getReadableDatabase(),-,340,android.database.sqlite.SQLiteDatabase android.database.sqlite.SQLiteOpenHelper.getReadableDatabase(),100]
01-10 03:25:33.264 1136 1650 I am_pss : [2875,1000,com.thundercomm.remotecontrolservice,9340928,6864896,0,101310464,2,0,12]
01-10 03:25:33.282 1136 1650 I am_pss : [2883,1000,com.thundercomm.tcservice,8082432,6123520,0,95399936,2,0,12]
01-10 03:25:33.301 1136 1650 I am_pss : [2864,1068,com.android.se,5827584,4009984,0,91553792,2,0,12]
01-10 03:25:33.347 1136 1650 I am_pss : [2856,10094,com.qti.qualcomm.mstatssystemservice,5460992,3706880,0,89731072,2,0,12]
01-10 03:25:33.367 1136 1650 I am_pss : [2820,1000,vendor.qti.qesdk.sysservice,5537792,3719168,0,91078656,2,0,11]
01-10 03:25:33.385 1136 1650 I am_pss : [2764,1000,com.tc.logclient,6410240,4673536,0,90632192,2,0,11]
01-10 03:25:33.436 1136 1650 I am_pss : [2697,1000,com.thundercomm.microsettings,35373056,32043008,0,128864256,2,0,13]
01-10 03:25:33.486 1136 1650 I am_pss : [2731,1000,com.thundercomm.tchttpserver,7236608,5500928,0,91447296,2,0,12]
01-10 03:25:33.506 1136 1650 I am_pss : [2720,10054,.qtidataservices,5921792,4128768,0,91176960,2,0,12]
01-10 03:25:33.525 1136 1650 I am_pss : [2706,1001,.dataservices,6733824,4890624,0,92233728,2,0,12]
01-10 03:25:33.545 1136 1650 I am_pss : [2661,1000,com.thundercomm.microservice,8903680,6995968,0,95449088,2,0,12]
01-10 03:25:33.565 2437 2437 I liblog : 21
01-10 03:25:33.568 1136 1650 I am_pss : [2605,1073,com.android.networkstack.process,11353088,8712192,0,105308160,2,0,13]
01-01 09:51:35.899 0 0 I perfetto: disabled ftrace
01-10 03:25:33.822 1136 1650 I am_pss : [2479,10099,com.android.permissioncontroller,15056896,12505088,0,105955328,2,6,14]
01-10 03:25:33.925 1136 1650 I am_pss : [2456,10087,com.android.systemui,176504832,153145344,0,339415040,2,0,21]
01-10 03:25:34.087 1216 3515 I iorapd : Perfetto TraceBuffer saved to file: /data/misc/iorapd/com.android.provision/31/com.android.provision.DefaultActivity/raw_traces/1673292333840905041.perfetto_trace.pb
01-10 03:25:34.244 1136 1650 I am_pss : [1136,1000,system,194848768,104968192,0,506208256,2,0,28]
01-10 03:25:34.280 1136 1635 I DropBoxManagerService: add tag=system_server_strictmode isTagEnabled=true flags=0x2
01-10 03:25:34.871 1136 1650 I sysui_multi_action: [757,1717,758,1,759,0]
01-10 03:25:34.872 1136 1650 I sysui_multi_action: [757,1717,758,2,759,0]
01-10 03:25:34.873 1136 1650 I sysui_multi_action: [757,1717,758,3,759,0]
01-10 03:25:35.749 1136 1650 W VoiceInteractionManager: no available voice recognition services found for user 0
01-10 03:25:35.779 1136 1650 W VoiceInteractionManager: no available voice recognition services found for user 0
01-10 03:25:35.813 1136 1650 W VoiceInteractionManager: no available voice recognition services found for user 0
01-10 03:25:35.870 1136 1650 W VoiceInteractionManager: no available voice recognition services found for user 0
01-10 03:25:35.870 1136 2397 I GameModeConfig: isGameModeOn = false
01-01 09:51:38.258 0 0 I IRQ 5 : no longer affine to CPU7
01-10 03:25:36.346 1136 2397 I GameModeConfig: isGameModeOn = false
01-01 09:51:38.864 0 0 I IRQ 5 : no longer affine to CPU7
01-01 09:51:38.865 0 0 I IRQ 354 : no longer affine to CPU6
01-01 09:51:38.865 0 0 I IRQ 355 : no longer affine to CPU6
01-01 09:51:38.865 0 0 I IRQ 356 : no longer affine to CPU6
01-01 09:51:38.865 0 0 I IRQ 357 : no longer affine to CPU6
01-01 09:51:38.865 0 0 I IRQ 359 : no longer affine to CPU6
01-01 09:51:38.865 0 0 I IRQ 360 : no longer affine to CPU6
01-01 09:51:38.865 0 0 I IRQ 362 : no longer affine to CPU6
01-01 09:51:38.865 0 0 I IRQ 365 : no longer affine to CPU6
01-10 03:25:39.450 1136 2950 I ActivityManager: Process com.qti.ltebc (pid 4109) has died: fg RCVR
01-10 03:25:39.452 1136 2950 I am_proc_died: [0,4109,com.qti.ltebc,0,11]
01-10 03:25:39.454 1136 2950 I am_broadcast_discard_app: [0,2490810,android.intent.action.MEDIA_MOUNTED,2,ResolveInfo{f3f4c3 com.qti.ltebc/com.qualcomm.ltebc.LTEBroadcastReceiver m=0x208000}]
01-10 03:25:39.456 1136 2950 I am_uid_stopped: 10082
01-10 03:25:39.473 1136 1651 D CompatibilityChangeReporter: Compat change id reported: 168419799; UID 10028; state: DISABLED
01-10 03:25:39.597 1136 2439 D CompatibilityChangeReporter: Compat change id reported: 168419799; UID 10100; state: DISABLED
01-10 03:25:39.635 4125 4125 I [4100] : 27
01-10 03:25:39.637 1136 2439 I PreBootBroadcaster: Pre-boot of {com.android.providers.media.module/com.android.providers.media.MediaUpgradeReceiver} for user 0
01-10 03:25:39.637 1136 2439 I am_pre_boot: [0,com.android.providers.media.module]
01-10 03:25:39.645 1136 2439 I PreBootBroadcaster: Pre-boot of {com.android.settings/com.android.settings.SettingsInitialize} for user 0
01-10 03:25:39.646 1136 2439 I am_pre_boot: [0,com.android.settings]
01-10 03:25:39.646 1136 1136 I notification_enqueue: [1000,1136,android,13,PreBootBroadcaster,0,Notification(channel=UPDATES shortcut=null contentView=null vibrate=null sound=null tick defaults=0x0 flags=0x2 color=0x00000000 vis=PUBLIC),1]
01-10 03:25:39.653 1136 2439 D CompatibilityChangeReporter: Compat change id reported: 168419799; UID 1000; state: DISABLED
01-10 03:25:39.661 1136 1136 I notification_enqueue: [1000,1136,android,13,PreBootBroadcaster,0,Notification(channel=UPDATES shortcut=null contentView=null vibrate=null sound=null tick defaults=0x0 flags=0x2 color=0x00000000 vis=PUBLIC),1]
01-10 03:25:39.672 1136 2950 D PackageManager: Instant App installer not found with android.intent.action.INSTALL_INSTANT_APP_PACKAGE
01-10 03:25:39.673 1136 2950 D PackageManager: Clear ephemeral installer activity
01-10 03:25:39.688 1136 2950 I uc_finish_user_unlocked_completed: 0
01-10 03:25:39.690 1136 1633 I AppWidgetServiceImpl: Processing of handleUserUnlocked u0 took 0 ms
01-10 03:25:39.691 1136 2950 I ActivityManager: Posting BOOT_COMPLETED user #0
01-10 03:25:39.691 1136 1651 I ssm_user_unlocked: 0
01-10 03:25:39.691 1136 1651 I SystemServerTimingAsync: ssm.UnlockedUser-0
01-10 03:25:39.691 1136 1651 I SystemServiceManager: Calling onUnlockedUser 0
01-10 03:25:39.691 1136 1651 I SystemServerTimingAsync: ssm.onUnlockedUser-0_com.android.server.security.FileIntegrityService
01-10 03:25:39.691 1136 1651 D SystemServerTimingAsync: ssm.onUnlockedUser-0_com.android.server.security.FileIntegrityService took to complete: 0ms
01-10 03:25:39.693 1136 1651 I SystemServerTimingAsync: ssm.onUnlockedUser-0_com.android.server.pm.Installer
01-10 03:25:39.693 1136 1136 I sysui_multi_action: [757,128,758,5,759,8,793,11380,794,0,795,7647,796,13,797,PreBootBroadcaster,806,android,857,UPDATES,858,2,947,0,1500,7647,1688,1]
01-10 03:25:39.693 1136 2950 I am_uid_running: 10082
01-10 03:25:39.693 1136 1651 D SystemServerTimingAsync: ssm.onUnlockedUser-0_com.android.server.pm.Installer took to complete: 0ms
01-10 03:25:39.693 1136 1651 I SystemServerTimingAsync: ssm.onUnlockedUser-0_com.android.server.os.DeviceIdentifiersPolicyService
01-10 03:25:39.693 1136 1651 D SystemServerTimingAsync: ssm.onUnlockedUser-0_com.android.server.os.DeviceIdentifiersPolicyService took to complete: 0ms
01-10 03:25:39.693 1136 1651 I SystemServerTimingAsync: ssm.onUnlockedUser-0_com.android.server.uri.UriGrantsManagerService$Lifecycle
01-10 03:25:39.693 1136 1651 D SystemServerTimingAsync: ssm.onUnlockedUser-0_com.android.server.uri.UriGrantsManagerService$Lifecycle took to complete: 0ms
01-10 03:25:39.693 1136 2950 D CompatibilityChangeReporter: Compat change id reported: 135634846; UID 10082; state: DISABLED
01-10 03:25:39.694 1136 2950 D CompatibilityChangeReporter: Compat change id reported: 177438394; UID 10082; state: DISABLED
01-10 03:25:39.693 1136 1136 I notification_canceled: [0|android|13|PreBootBroadcaster|1000,8,11380,7647,0,-1,-1,NULL]
01-10 03:25:39.694 1136 2950 D CompatibilityChangeReporter: Compat change id reported: 135772972; UID 10082; state: DISABLED
01-10 03:25:39.694 1136 1633 I uc_send_user_broadcast: [0,android.intent.action.BOOT_COMPLETED]
01-10 03:25:39.694 1136 2950 D CompatibilityChangeReporter: Compat change id reported: 135754954; UID 10082; state: ENABLED
01-10 03:25:39.694 1136 1651 I SystemServerTimingAsync: ssm.onUnlockedUser-0_com.android.server.powerstats.PowerStatsService
01-10 03:25:39.694 1136 1651 D SystemServerTimingAsync: ssm.onUnlockedUser-0_com.android.server.powerstats.PowerStatsService took to complete: 0ms
01-10 03:25:39.694 1136 1651 I SystemServerTimingAsync: ssm.onUnlockedUser-0_com.android.server.wm.ActivityTaskManagerService$Lifecycle
01-10 03:25:39.696 1136 1652 D CompatibilityChangeReporter: Compat change id reported: 143937733; UID 10082; state: ENABLED
01-10 03:25:39.696 1136 1651 I LaunchParamsPersister: Didn't find launch param folder for user 0
01-10 03:25:39.697 1136 1651 D SystemServerTimingAsync: ssm.onUnlockedUser-0_com.android.server.wm.ActivityTaskManagerService$Lifecycle took to complete: 2ms
01-10 03:25:39.697 1136 1651 I SystemServerTimingAsync: ssm.onUnlockedUser-0_com.android.server.am.ActivityManagerService$Lifecycle
01-10 03:25:39.697 1136 1651 D SystemServerTimingAsync: ssm.onUnlockedUser-0_com.android.server.am.ActivityManagerService$Lifecycle took to complete: 0ms
01-10 03:25:39.697 1136 1651 I SystemServerTimingAsync: ssm.onUnlockedUser-0_com.android.server.pm.DataLoaderManagerService
01-10 03:25:39.697 1136 1651 D SystemServerTimingAsync: ssm.onUnlockedUser-0_com.android.server.pm.DataLoaderManagerService took to complete: 1ms
01-10 03:25:39.697 1136 1651 I SystemServerTimingAsync: ssm.onUnlockedUser-0_com.android.server.power.PowerManagerService
01-10 03:25:39.697 1136 1651 D SystemServerTimingAsync: ssm.onUnlockedUser-0_com.android.server.power.PowerManagerService took to complete: 0ms
01-10 03:25:39.697 1136 1651 I SystemServerTimingAsync: ssm.onUnlockedUser-0_com.android.server.power.ThermalManagerService
01-10 03:25:39.697 1136 1651 D SystemServerTimingAsync: ssm.onUnlockedUser-0_com.android.server.power.ThermalManagerService took to complete: 0ms
01-10 03:25:39.697 1136 1651 I SystemServerTimingAsync: ssm.onUnlockedUser-0_com.android.server.power.hint.HintManagerService
01-10 03:25:39.697 1136 1651 D SystemServerTimingAsync: ssm.onUnlockedUser-0_com.android.server.power.hint.HintManagerService took to complete: 0ms
01-10 03:25:39.697 1136 1651 I SystemServerTimingAsync: ssm.onUnlockedUser-0_com.android.server.recoverysystem.RecoverySystemService$Lifecycle
01-10 03:25:39.697 1136 1651 D SystemServerTimingAsync: ssm.onUnlockedUser-0_com.android.server.recoverysystem.RecoverySystemService$Lifecycle took to complete: 0ms
01-10 03:25:39.697 1136 1651 I SystemServerTimingAsync: ssm.onUnlockedUser-0_com.android.server.lights.LightsService
01-10 03:25:39.697 1136 1651 D SystemServerTimingAsync: ssm.onUnlockedUser-0_com.android.server.lights.LightsService took to complete: 0ms
01-10 03:25:39.697 1136 1651 I SystemServerTimingAsync: ssm.onUnlockedUser-0_com.android.server.display.DisplayManagerService
01-10 03:25:39.697 1136 1651 D SystemServerTimingAsync: ssm.onUnlockedUser-0_com.android.server.display.DisplayManagerService took to complete: 0ms
01-10 03:25:39.697 1136 1651 I SystemServerTimingAsync: ssm.onUnlockedUser-0_com.android.server.pm.verify.domain.DomainVerificationService
01-10 03:25:39.697 1136 1651 D SystemServerTimingAsync: ssm.onUnlockedUser-0_com.android.server.pm.verify.domain.DomainVerificationService took to complete: 0ms
01-10 03:25:39.697 1136 1651 I SystemServerTimingAsync: ssm.onUnlockedUser-0_com.android.server.pm.PackageInstallerService$Lifecycle
01-10 03:25:39.697 1136 1651 D SystemServerTimingAsync: ssm.onUnlockedUser-0_com.android.server.pm.PackageInstallerService$Lifecycle took to complete: 0ms
01-10 03:25:39.697 1136 1651 I SystemServerTimingAsync: ssm.onUnlockedUser-0_com.android.server.pm.UserManagerService$LifeCycle
01-10 03:25:39.697 1136 1651 D SystemServerTimingAsync: ssm.onUnlockedUser-0_com.android.server.pm.UserManagerService$LifeCycle took to complete: 0ms
01-10 03:25:39.698 1136 1651 I SystemServerTimingAsync: ssm.onUnlockedUser-0_com.android.server.om.OverlayManagerService
01-10 03:25:39.698 1136 1651 D SystemServerTimingAsync: ssm.onUnlockedUser-0_com.android.server.om.OverlayManagerService took to complete: 0ms
01-10 03:25:39.698 1136 1651 I SystemServerTimingAsync: ssm.onUnlockedUser-0_com.android.server.SensorPrivacyService
01-10 03:25:39.698 1136 1651 D SystemServerTimingAsync: ssm.onUnlockedUser-0_com.android.server.SensorPrivacyService took to complete: 0ms
01-10 03:25:39.698 1136 1651 I SystemServerTimingAsync: ssm.onUnlockedUser-0_com.android.server.thunderperf.ThunderBoostPerfService
01-10 03:25:39.698 1136 1651 D SystemServerTimingAsync: ssm.onUnlockedUser-0_com.android.server.thunderperf.ThunderBoostPerfService took to complete: 0ms
01-10 03:25:39.698 1136 1651 I SystemServerTimingAsync: ssm.onUnlockedUser-0_com.android.server.sensors.SensorService
01-10 03:25:39.698 1136 1651 D SystemServerTimingAsync: ssm.onUnlockedUser-0_com.android.server.sensors.SensorService took to complete: 0ms
01-10 03:25:39.698 1136 1651 I SystemServerTimingAsync: ssm.onUnlockedUser-0_com.android.server.SystemConfigService
01-10 03:25:39.698 1136 1651 D SystemServerTimingAsync: ssm.onUnlockedUser-0_com.android.server.SystemConfigService took to complete: 0ms
01-10 03:25:39.698 1136 1651 I SystemServerTimingAsync: ssm.onUnlockedUser-0_com.android.server.BatteryService
01-10 03:25:39.698 1136 1651 D SystemServerTimingAsync: ssm.onUnlockedUser-0_com.android.server.BatteryService took to complete: 0ms
01-10 03:25:39.698 1136 1651 I SystemServerTimingAsync: ssm.onUnlockedUser-0_com.android.server.usage.UsageStatsService
01-10 03:25:39.698 1136 1651 D SystemServerTimingAsync: ssm.onUnlockedUser-0_com.android.server.usage.UsageStatsService took to complete: 0ms
01-10 03:25:39.698 1136 1651 I SystemServerTimingAsync: ssm.onUnlockedUser-0_com.android.server.webkit.WebViewUpdateService
01-10 03:25:39.698 1136 1651 D SystemServerTimingAsync: ssm.onUnlockedUser-0_com.android.server.webkit.WebViewUpdateService took to complete: 0ms
01-10 03:25:39.698 1136 1651 I SystemServerTimingAsync: ssm.onUnlockedUser-0_com.android.server.CachedDeviceStateService
01-10 03:25:39.698 1136 1651 D SystemServerTimingAsync: ssm.onUnlockedUser-0_com.android.server.CachedDeviceStateService took to complete: 0ms
01-10 03:25:39.698 1136 1651 I SystemServerTimingAsync: ssm.onUnlockedUser-0_com.android.server.BinderCallsStatsService$LifeCycle
01-10 03:25:39.698 1136 1651 D SystemServerTimingAsync: ssm.onUnlockedUser-0_com.android.server.BinderCallsStatsService$LifeCycle took to complete: 0ms
01-10 03:25:39.698 1136 1651 I SystemServerTimingAsync: ssm.onUnlockedUser-0_com.android.server.LooperStatsService$Lifecycle
01-10 03:25:39.698 1136 1651 D SystemServerTimingAsync: ssm.onUnlockedUser-0_com.android.server.LooperStatsService$Lifecycle took to complete: 0ms
01-10 03:25:39.699 1136 1651 I SystemServerTimingAsync: ssm.onUnlockedUser-0_com.android.server.rollback.RollbackManagerService
01-10 03:25:39.699 1136 1651 D SystemServerTimingAsync: ssm.onUnlockedUser-0_com.android.server.rollback.RollbackManagerService took to complete: 0ms
01-10 03:25:39.699 1136 1651 I SystemServerTimingAsync: ssm.onUnlockedUser-0_com.android.server.os.NativeTombstoneManagerService
01-10 03:25:39.699 1136 1651 D SystemServerTimingAsync: ssm.onUnlockedUser-0_com.android.server.os.NativeTombstoneManagerService took to complete: 0ms
01-10 03:25:39.699 1136 1651 I SystemServerTimingAsync: ssm.onUnlockedUser-0_com.android.server.os.BugreportManagerService
01-10 03:25:39.699 1136 1651 D SystemServerTimingAsync: ssm.onUnlockedUser-0_com.android.server.os.BugreportManagerService took to complete: 0ms
01-10 03:25:39.699 1136 1651 I SystemServerTimingAsync: ssm.onUnlockedUser-0_com.android.server.gpu.GpuService
01-10 03:25:39.699 1136 1651 D SystemServerTimingAsync: ssm.onUnlockedUser-0_com.android.server.gpu.GpuService took to complete: 0ms
01-10 03:25:39.699 1136 1651 I SystemServerTimingAsync: ssm.onUnlockedUser-0_com.android.server.security.KeyChainSystemService
01-10 03:25:39.699 1136 1651 D SystemServerTimingAsync: ssm.onUnlockedUser-0_com.android.server.security.KeyChainSystemService took to complete: 0ms
01-10 03:25:39.699 1136 1651 I SystemServerTimingAsync: ssm.onUnlockedUser-0_com.android.server.telecom.TelecomLoaderService
01-10 03:25:39.699 1136 1651 D SystemServerTimingAsync: ssm.onUnlockedUser-0_com.android.server.telecom.TelecomLoaderService took to complete: 0ms
01-10 03:25:39.699 1136 1651 I SystemServerTimingAsync: ssm.onUnlockedUser-0_com.android.server.accounts.AccountManagerService$Lifecycle
01-10 03:25:39.699 1136 1651 D SystemServerTimingAsync: ssm.onUnlockedUser-0_com.android.server.accounts.AccountManagerService$Lifecycle took to complete: 0ms
01-10 03:25:39.699 1136 1651 I SystemServerTimingAsync: ssm.onUnlockedUser-0_com.android.server.content.ContentService$Lifecycle
01-10 03:25:39.699 1136 1651 D SystemServerTimingAsync: ssm.onUnlockedUser-0_com.android.server.content.ContentService$Lifecycle took to complete: 0ms
01-10 03:25:39.699 1136 1651 I SystemServerTimingAsync: ssm.onUnlockedUser-0_com.android.server.DropBoxManagerService
01-10 03:25:39.699 1136 1651 D SystemServerTimingAsync: ssm.onUnlockedUser-0_com.android.server.DropBoxManagerService took to complete: 0ms
01-10 03:25:39.699 1136 1651 I SystemServerTimingAsync: ssm.onUnlockedUser-0_com.android.role.RoleService
01-10 03:25:39.700 1136 1651 D SystemServerTimingAsync: ssm.onUnlockedUser-0_com.android.role.RoleService took to complete: 0ms
01-10 03:25:39.700 1136 1651 I SystemServerTimingAsync: ssm.onUnlockedUser-0_com.android.server.vibrator.VibratorManagerService$Lifecycle
01-10 03:25:39.700 1136 1651 D SystemServerTimingAsync: ssm.onUnlockedUser-0_com.android.server.vibrator.VibratorManagerService$Lifecycle took to complete: 0ms
01-10 03:25:39.700 1136 1651 I SystemServerTimingAsync: ssm.onUnlockedUser-0_com.android.server.alarm.AlarmManagerService
01-10 03:25:39.700 1136 1651 D SystemServerTimingAsync: ssm.onUnlockedUser-0_com.android.server.alarm.AlarmManagerService took to complete: 0ms
01-10 03:25:39.700 1136 1651 I SystemServerTimingAsync: ssm.onUnlockedUser-0_com.android.server.devicestate.DeviceStateManagerService
01-10 03:25:39.700 1136 1651 D SystemServerTimingAsync: ssm.onUnlockedUser-0_com.android.server.devicestate.DeviceStateManagerService took to complete: 0ms
01-10 03:25:39.700 1136 1651 I SystemServerTimingAsync: ssm.onUnlockedUser-0_com.android.server.camera.CameraServiceProxy
01-10 03:25:39.700 1136 1651 D SystemServerTimingAsync: ssm.onUnlockedUser-0_com.android.server.camera.CameraServiceProxy took to complete: 0ms
01-10 03:25:39.700 1136 1651 I SystemServerTimingAsync: ssm.onUnlockedUser-0_com.android.server.BluetoothService
01-10 03:25:39.700 1136 1651 D SystemServerTimingAsync: ssm.onUnlockedUser-0_com.android.server.BluetoothService took to complete: 0ms
01-10 03:25:39.700 1136 1651 I SystemServerTimingAsync: ssm.onUnlockedUser-0_com.android.server.connectivity.IpConnectivityMetrics
01-10 03:25:39.700 1136 1651 D SystemServerTimingAsync: ssm.onUnlockedUser-0_com.android.server.connectivity.IpConnectivityMetrics took to complete: 0ms
01-10 03:25:39.700 1136 1651 I SystemServerTimingAsync: ssm.onUnlockedUser-0_com.android.server.net.watchlist.NetworkWatchlistService$Lifecycle
01-10 03:25:39.700 1136 1651 D SystemServerTimingAsync: ssm.onUnlockedUser-0_com.android.server.net.watchlist.NetworkWatchlistService$Lifecycle took to complete: 0ms
01-10 03:25:39.700 1136 1651 I SystemServerTimingAsync: ssm.onUnlockedUser-0_com.android.server.PinnerService
01-10 03:25:39.700 1136 1651 D SystemServerTimingAsync: ssm.onUnlockedUser-0_com.android.server.PinnerService took to complete: 0ms
01-10 03:25:39.700 1136 1651 I SystemServerTimingAsync: ssm.onUnlockedUser-0_com.google.android.startop.iorap.IorapForwardingService
01-10 03:25:39.700 1136 1651 D SystemServerTimingAsync: ssm.onUnlockedUser-0_com.google.android.startop.iorap.IorapForwardingService took to complete: 0ms
01-10 03:25:39.700 1136 1651 I SystemServerTimingAsync: ssm.onUnlockedUser-0_com.android.server.ActivityTriggerService
01-10 03:25:39.700 1136 1651 D SystemServerTimingAsync: ssm.onUnlockedUser-0_com.android.server.ActivityTriggerService took to complete: 0ms
01-10 03:25:39.700 1136 1651 I SystemServerTimingAsync: ssm.onUnlockedUser-0_com.android.server.integrity.AppIntegrityManagerService
01-10 03:25:39.700 1136 1651 D SystemServerTimingAsync: ssm.onUnlockedUser-0_com.android.server.integrity.AppIntegrityManagerService took to complete: 0ms
01-10 03:25:39.701 1136 1651 I SystemServerTimingAsync: ssm.onUnlockedUser-0_com.android.server.inputmethod.InputMethodManagerService$Lifecycle
01-10 03:25:39.701 1136 1651 D SystemServerTimingAsync: ssm.onUnlockedUser-0_com.android.server.inputmethod.InputMethodManagerService$Lifecycle took to complete: 0ms
01-10 03:25:39.701 1136 1651 I SystemServerTimingAsync: ssm.onUnlockedUser-0_com.android.server.accessibility.AccessibilityManagerService$Lifecycle
01-10 03:25:39.701 1136 1651 D SystemServerTimingAsync: ssm.onUnlockedUser-0_com.android.server.accessibility.AccessibilityManagerService$Lifecycle took to complete: 0ms
01-10 03:25:39.701 1136 1651 I SystemServerTimingAsync: ssm.onUnlockedUser-0_com.android.server.StorageManagerService$Lifecycle
01-10 03:25:39.701 1136 1651 D SystemServerTimingAsync: ssm.onUnlockedUser-0_com.android.server.StorageManagerService$Lifecycle took to complete: 0ms
01-10 03:25:39.701 1136 1651 I SystemServerTimingAsync: ssm.onUnlockedUser-0_com.android.server.usage.StorageStatsService$Lifecycle
01-10 03:25:39.701 1136 1651 D SystemServerTimingAsync: ssm.onUnlockedUser-0_com.android.server.usage.StorageStatsService$Lifecycle took to complete: 0ms
01-10 03:25:39.701 1136 1651 I SystemServerTimingAsync: ssm.onUnlockedUser-0_com.android.server.UiModeManagerService
01-10 03:25:39.701 1136 1651 D SystemServerTimingAsync: ssm.onUnlockedUser-0_com.android.server.UiModeManagerService took to complete: 0ms
01-10 03:25:39.701 1136 1651 I SystemServerTimingAsync: ssm.onUnlockedUser-0_com.android.server.locksettings.LockSettingsService$Lifecycle
01-10 03:25:39.701 1136 1651 D SystemServerTimingAsync: ssm.onUnlockedUser-0_com.android.server.locksettings.LockSettingsService$Lifecycle took to complete: 0ms
01-10 03:25:39.701 1136 1651 I SystemServerTimingAsync: ssm.onUnlockedUser-0_com.android.server.PersistentDataBlockService
01-10 03:25:39.701 1136 1651 D SystemServerTimingAsync: ssm.onUnlockedUser-0_com.android.server.PersistentDataBlockService took to complete: 0ms
01-10 03:25:39.701 1136 1651 I SystemServerTimingAsync: ssm.onUnlockedUser-0_com.android.server.testharness.TestHarnessModeService
01-10 03:25:39.701 1136 1651 D SystemServerTimingAsync: ssm.onUnlockedUser-0_com.android.server.testharness.TestHarnessModeService took to complete: 0ms
01-10 03:25:39.701 1136 1651 I SystemServerTimingAsync: ssm.onUnlockedUser-0_com.android.server.oemlock.OemLockService
01-10 03:25:39.701 1136 1651 D SystemServerTimingAsync: ssm.onUnlockedUser-0_com.android.server.oemlock.OemLockService took to complete: 0ms
01-10 03:25:39.701 1136 1651 I SystemServerTimingAsync: ssm.onUnlockedUser-0_com.android.server.DeviceIdleController
01-10 03:25:39.701 1136 1651 D SystemServerTimingAsync: ssm.onUnlockedUser-0_com.android.server.DeviceIdleController took to complete: 0ms
01-10 03:25:39.701 1136 1651 I SystemServerTimingAsync: ssm.onUnlockedUser-0_com.android.server.devicepolicy.DevicePolicyManagerService$Lifecycle
01-10 03:25:39.702 1136 1651 D SystemServerTimingAsync: ssm.onUnlockedUser-0_com.android.server.devicepolicy.DevicePolicyManagerService$Lifecycle took to complete: 0ms
01-10 03:25:39.702 1136 1651 I SystemServerTimingAsync: ssm.onUnlockedUser-0_com.android.server.texttospeech.TextToSpeechManagerService
01-10 03:25:39.702 1136 1651 D SystemServerTimingAsync: ssm.onUnlockedUser-0_com.android.server.texttospeech.TextToSpeechManagerService took to complete: 0ms
01-10 03:25:39.702 1136 1651 I SystemServerTimingAsync: ssm.onUnlockedUser-0_com.android.server.speech.SpeechRecognitionManagerService
01-10 03:25:39.702 1136 1651 D SystemServerTimingAsync: ssm.onUnlockedUser-0_com.android.server.speech.SpeechRecognitionManagerService took to complete: 0ms
01-10 03:25:39.702 1136 1651 I SystemServerTimingAsync: ssm.onUnlockedUser-0_com.android.server.searchui.SearchUiManagerService
01-10 03:25:39.702 1136 1651 D SystemServerTimingAsync: ssm.onUnlockedUser-0_com.android.server.searchui.SearchUiManagerService took to complete: 0ms
01-10 03:25:39.702 1136 1651 I SystemServerTimingAsync: ssm.onUnlockedUser-0_com.android.server.smartspace.SmartspaceManagerService
01-10 03:25:39.702 1136 1651 D SystemServerTimingAsync: ssm.onUnlockedUser-0_com.android.server.smartspace.SmartspaceManagerService took to complete: 0ms
01-10 03:25:39.702 1136 1651 I SystemServerTimingAsync: ssm.onUnlockedUser-0_com.android.server.graphics.fonts.FontManagerService$Lifecycle
01-10 03:25:39.702 1136 1651 D SystemServerTimingAsync: ssm.onUnlockedUser-0_com.android.server.graphics.fonts.FontManagerService$Lifecycle took to complete: 0ms
01-10 03:25:39.702 1136 1651 I SystemServerTimingAsync: ssm.onUnlockedUser-0_com.android.server.textservices.TextServicesManagerService$Lifecycle
01-10 03:25:39.702 1136 1651 D SystemServerTimingAsync: ssm.onUnlockedUser-0_com.android.server.textservices.TextServicesManagerService$Lifecycle took to complete: 0ms
01-10 03:25:39.702 1136 1651 I SystemServerTimingAsync: ssm.onUnlockedUser-0_com.android.server.textclassifier.TextClassificationManagerService$Lifecycle
01-10 03:25:39.702 1136 1651 D SystemServerTimingAsync: ssm.onUnlockedUser-0_com.android.server.textclassifier.TextClassificationManagerService$Lifecycle took to complete: 0ms
01-10 03:25:39.702 1136 1651 I SystemServerTimingAsync: ssm.onUnlockedUser-0_com.android.server.NetworkScoreService$Lifecycle
01-10 03:25:39.702 1136 1651 D SystemServerTimingAsync: ssm.onUnlockedUser-0_com.android.server.NetworkScoreService$Lifecycle took to complete: 0ms
01-10 03:25:39.702 1136 1651 I SystemServerTimingAsync: ssm.onUnlockedUser-0_com.android.server.wifi.WifiService
01-10 03:25:39.702 1136 1651 D SystemServerTimingAsync: ssm.onUnlockedUser-0_com.android.server.wifi.WifiService took to complete: 0ms
01-10 03:25:39.702 1136 1651 I SystemServerTimingAsync: ssm.onUnlockedUser-0_com.android.server.wifi.scanner.WifiScanningService
01-10 03:25:39.702 1136 1651 D SystemServerTimingAsync: ssm.onUnlockedUser-0_com.android.server.wifi.scanner.WifiScanningService took to complete: 0ms
01-10 03:25:39.702 1136 1651 I SystemServerTimingAsync: ssm.onUnlockedUser-0_com.android.server.wifi.rtt.RttService
01-10 03:25:39.703 1136 1651 D SystemServerTimingAsync: ssm.onUnlockedUser-0_com.android.server.wifi.rtt.RttService took to complete: 0ms
01-10 03:25:39.703 1136 1651 I SystemServerTimingAsync: ssm.onUnlockedUser-0_com.android.server.wifi.aware.WifiAwareService
01-10 03:25:39.703 1136 1651 D SystemServerTimingAsync: ssm.onUnlockedUser-0_com.android.server.wifi.aware.WifiAwareService took to complete: 0ms
01-10 03:25:39.703 1136 1651 I SystemServerTimingAsync: ssm.onUnlockedUser-0_com.android.server.wifi.p2p.WifiP2pService
01-10 03:25:39.703 1136 1651 D SystemServerTimingAsync: ssm.onUnlockedUser-0_com.android.server.wifi.p2p.WifiP2pService took to complete: 0ms
01-10 03:25:39.703 1136 1651 I SystemServerTimingAsync: ssm.onUnlockedUser-0_com.android.server.ethernet.EthernetService
01-10 03:25:39.703 1136 1651 D SystemServerTimingAsync: ssm.onUnlockedUser-0_com.android.server.ethernet.EthernetService took to complete: 0ms
01-10 03:25:39.703 1136 1651 I SystemServerTimingAsync: ssm.onUnlockedUser-0_com.android.server.ConnectivityServiceInitializer
01-10 03:25:39.703 1136 1651 D SystemServerTimingAsync: ssm.onUnlockedUser-0_com.android.server.ConnectivityServiceInitializer took to complete: 0ms
01-10 03:25:39.703 1136 1651 I SystemServerTimingAsync: ssm.onUnlockedUser-0_com.android.server.notification.NotificationManagerService
01-10 03:25:39.703 1136 1651 D SystemServerTimingAsync: ssm.onUnlockedUser-0_com.android.server.notification.NotificationManagerService took to complete: 0ms
01-10 03:25:39.703 1136 1651 I SystemServerTimingAsync: ssm.onUnlockedUser-0_com.android.server.storage.DeviceStorageMonitorService
01-10 03:25:39.703 1136 1651 D SystemServerTimingAsync: ssm.onUnlockedUser-0_com.android.server.storage.DeviceStorageMonitorService took to complete: 0ms
01-10 03:25:39.703 1136 1651 I SystemServerTimingAsync: ssm.onUnlockedUser-0_com.android.server.location.LocationManagerService$Lifecycle
01-10 03:25:39.703 1136 1651 D SystemServerTimingAsync: ssm.onUnlockedUser-0_com.android.server.location.LocationManagerService$Lifecycle took to complete: 0ms
01-10 03:25:39.703 1136 1651 I SystemServerTimingAsync: ssm.onUnlockedUser-0_com.android.server.timedetector.TimeDetectorService$Lifecycle
01-10 03:25:39.703 1136 1651 D SystemServerTimingAsync: ssm.onUnlockedUser-0_com.android.server.timedetector.TimeDetectorService$Lifecycle took to complete: 0ms
01-10 03:25:39.703 1136 1651 I SystemServerTimingAsync: ssm.onUnlockedUser-0_com.android.server.timezonedetector.TimeZoneDetectorService$Lifecycle
01-10 03:25:39.703 1136 1651 D SystemServerTimingAsync: ssm.onUnlockedUser-0_com.android.server.timezonedetector.TimeZoneDetectorService$Lifecycle took to complete: 0ms
01-10 03:25:39.703 1136 1651 I SystemServerTimingAsync: ssm.onUnlockedUser-0_com.android.server.timezonedetector.location.LocationTimeZoneManagerService$Lifecycle
01-10 03:25:39.703 1136 1651 D SystemServerTimingAsync: ssm.onUnlockedUser-0_com.android.server.timezonedetector.location.LocationTimeZoneManagerService$Lifecycle took to complete: 0ms
01-10 03:25:39.703 1136 1651 I SystemServerTimingAsync: ssm.onUnlockedUser-0_com.android.server.search.SearchManagerService$Lifecycle
01-10 03:25:39.704 1136 1651 D SystemServerTimingAsync: ssm.onUnlockedUser-0_com.android.server.search.SearchManagerService$Lifecycle took to complete: 0ms
01-10 03:25:39.704 1136 1651 I SystemServerTimingAsync: ssm.onUnlockedUser-0_com.android.server.wallpaper.WallpaperManagerService$Lifecycle
01-10 03:25:39.704 1136 1651 D SystemServerTimingAsync: ssm.onUnlockedUser-0_com.android.server.wallpaper.WallpaperManagerService$Lifecycle took to complete: 0ms
01-10 03:25:39.704 1136 1651 I SystemServerTimingAsync: ssm.onUnlockedUser-0_com.android.server.audio.AudioService$Lifecycle
01-10 03:25:39.704 1136 1651 D SystemServerTimingAsync: ssm.onUnlockedUser-0_com.android.server.audio.AudioService$Lifecycle took to complete: 0ms
01-10 03:25:39.704 1136 1651 I SystemServerTimingAsync: ssm.onUnlockedUser-0_com.android.server.soundtrigger_middleware.SoundTriggerMiddlewareService$Lifecycle
01-10 03:25:39.704 1136 1651 D SystemServerTimingAsync: ssm.onUnlockedUser-0_com.android.server.soundtrigger_middleware.SoundTriggerMiddlewareService$Lifecycle took to complete: 0ms
01-10 03:25:39.704 1136 1651 I SystemServerTimingAsync: ssm.onUnlockedUser-0_com.android.server.DockObserver
01-10 03:25:39.704 1136 1651 D SystemServerTimingAsync: ssm.onUnlockedUser-0_com.android.server.DockObserver took to complete: 0ms
01-10 03:25:39.704 1136 1651 I SystemServerTimingAsync: ssm.onUnlockedUser-0_com.android.server.midi.MidiService$Lifecycle
01-10 03:25:39.704 1136 1651 D SystemServerTimingAsync: ssm.onUnlockedUser-0_com.android.server.midi.MidiService$Lifecycle took to complete: 0ms
01-10 03:25:39.704 1136 1651 I SystemServerTimingAsync: ssm.onUnlockedUser-0_com.android.server.adb.AdbService$Lifecycle
01-10 03:25:39.704 1136 1651 D SystemServerTimingAsync: ssm.onUnlockedUser-0_com.android.server.adb.AdbService$Lifecycle took to complete: 0ms
01-10 03:25:39.704 1136 1651 I SystemServerTimingAsync: ssm.onUnlockedUser-0_com.android.server.usb.UsbService$Lifecycle
01-10 03:25:39.704 1136 1651 D SystemServerTimingAsync: ssm.onUnlockedUser-0_com.android.server.usb.UsbService$Lifecycle took to complete: 0ms
01-10 03:25:39.704 1136 1651 I SystemServerTimingAsync: ssm.onUnlockedUser-0_com.android.server.twilight.TwilightService
01-10 03:25:39.704 1136 1651 D SystemServerTimingAsync: ssm.onUnlockedUser-0_com.android.server.twilight.TwilightService took to complete: 0ms
01-10 03:25:39.704 1136 1651 I SystemServerTimingAsync: ssm.onUnlockedUser-0_com.android.server.display.color.ColorDisplayService
01-10 03:25:39.704 1136 1651 D SystemServerTimingAsync: ssm.onUnlockedUser-0_com.android.server.display.color.ColorDisplayService took to complete: 0ms
01-10 03:25:39.704 1136 1651 I SystemServerTimingAsync: ssm.onUnlockedUser-0_com.android.server.job.JobSchedulerService
01-10 03:25:39.704 1136 1651 D SystemServerTimingAsync: ssm.onUnlockedUser-0_com.android.server.job.JobSchedulerService took to complete: 0ms
01-10 03:25:39.704 1136 1651 I SystemServerTimingAsync: ssm.onUnlockedUser-0_com.android.server.soundtrigger.SoundTriggerService
01-10 03:25:39.705 1136 1651 D SystemServerTimingAsync: ssm.onUnlockedUser-0_com.android.server.soundtrigger.SoundTriggerService took to complete: 0ms
01-10 03:25:39.705 1136 1651 I SystemServerTimingAsync: ssm.onUnlockedUser-0_com.android.server.trust.TrustManagerService
01-10 03:25:39.705 1136 1651 D SystemServerTimingAsync: ssm.onUnlockedUser-0_com.android.server.trust.TrustManagerService took to complete: 0ms
01-10 03:25:39.705 1136 1651 I SystemServerTimingAsync: ssm.onUnlockedUser-0_com.android.server.backup.BackupManagerService$Lifecycle
01-10 03:25:39.705 1136 1651 D SystemServerTimingAsync: ssm.onUnlockedUser-0_com.android.server.backup.BackupManagerService$Lifecycle took to complete: 0ms
01-10 03:25:39.705 1136 1651 I SystemServerTimingAsync: ssm.onUnlockedUser-0_com.android.server.appwidget.AppWidgetService
01-10 03:25:39.705 1136 1651 D SystemServerTimingAsync: ssm.onUnlockedUser-0_com.android.server.appwidget.AppWidgetService took to complete: 0ms
01-10 03:25:39.705 1136 1651 I SystemServerTimingAsync: ssm.onUnlockedUser-0_com.android.server.voiceinteraction.VoiceInteractionManagerService
01-10 03:25:39.705 1136 1651 D SystemServerTimingAsync: ssm.onUnlockedUser-0_com.android.server.voiceinteraction.VoiceInteractionManagerService took to complete: 0ms
01-10 03:25:39.705 1136 1651 I SystemServerTimingAsync: ssm.onUnlockedUser-0_com.android.server.apphibernation.AppHibernationService
01-10 03:25:39.705 1136 1136 I service_manager_slow: [10,platform_compat]
01-10 03:25:39.705 1136 1651 D SystemServerTimingAsync: ssm.onUnlockedUser-0_com.android.server.apphibernation.AppHibernationService took to complete: 0ms
01-10 03:25:39.705 1136 1651 I SystemServerTimingAsync: ssm.onUnlockedUser-0_com.android.server.GestureLauncherService
01-10 03:25:39.705 1136 1651 D SystemServerTimingAsync: ssm.onUnlockedUser-0_com.android.server.GestureLauncherService took to complete: 0ms
01-10 03:25:39.705 1136 1651 I SystemServerTimingAsync: ssm.onUnlockedUser-0_com.android.server.SensorNotificationService
01-10 03:25:39.705 1136 1651 D SystemServerTimingAsync: ssm.onUnlockedUser-0_com.android.server.SensorNotificationService took to complete: 0ms
01-10 03:25:39.705 1136 1651 I SystemServerTimingAsync: ssm.onUnlockedUser-0_com.android.server.emergency.EmergencyAffordanceService
01-10 03:25:39.705 1136 1651 D SystemServerTimingAsync: ssm.onUnlockedUser-0_com.android.server.emergency.EmergencyAffordanceService took to complete: 0ms
01-10 03:25:39.705 1136 1651 I SystemServerTimingAsync: ssm.onUnlockedUser-0_com.android.server.blob.BlobStoreManagerService
01-10 03:25:39.705 1136 1651 D SystemServerTimingAsync: ssm.onUnlockedUser-0_com.android.server.blob.BlobStoreManagerService took to complete: 0ms
01-10 03:25:39.705 1136 1651 I SystemServerTimingAsync: ssm.onUnlockedUser-0_com.android.server.dreams.DreamManagerService
01-10 03:25:39.706 1136 1651 D SystemServerTimingAsync: ssm.onUnlockedUser-0_com.android.server.dreams.DreamManagerService took to complete: 0ms
01-10 03:25:39.706 1136 1651 I SystemServerTimingAsync: ssm.onUnlockedUser-0_com.android.server.companion.CompanionDeviceManagerService
01-10 03:25:39.706 1136 1651 D SystemServerTimingAsync: ssm.onUnlockedUser-0_com.android.server.companion.CompanionDeviceManagerService took to complete: 0ms
01-10 03:25:39.706 1136 1651 I SystemServerTimingAsync: ssm.onUnlockedUser-0_com.android.server.restrictions.RestrictionsManagerService
01-10 03:25:39.706 1136 1651 D SystemServerTimingAsync: ssm.onUnlockedUser-0_com.android.server.restrictions.RestrictionsManagerService took to complete: 0ms
01-10 03:25:39.706 1136 1651 I SystemServerTimingAsync: ssm.onUnlockedUser-0_com.android.server.media.MediaSessionService
01-10 03:25:39.706 1136 1651 D SystemServerTimingAsync: ssm.onUnlockedUser-0_com.android.server.media.MediaSessionService took to complete: 0ms
01-10 03:25:39.706 1136 1651 I SystemServerTimingAsync: ssm.onUnlockedUser-0_com.android.server.media.MediaResourceMonitorService
01-10 03:25:39.706 1136 1651 D SystemServerTimingAsync: ssm.onUnlockedUser-0_com.android.server.media.MediaResourceMonitorService took to complete: 0ms
01-10 03:25:39.706 1136 1651 I SystemServerTimingAsync: ssm.onUnlockedUser-0_com.android.server.biometrics.sensors.fingerprint.FingerprintService
01-10 03:25:39.706 1136 1651 D SystemServerTimingAsync: ssm.onUnlockedUser-0_com.android.server.biometrics.sensors.fingerprint.FingerprintService took to complete: 0ms
01-10 03:25:39.706 1136 1651 I SystemServerTimingAsync: ssm.onUnlockedUser-0_com.android.server.biometrics.BiometricService
01-10 03:25:39.706 1136 1651 D SystemServerTimingAsync: ssm.onUnlockedUser-0_com.android.server.biometrics.BiometricService took to complete: 0ms
01-10 03:25:39.706 1136 1651 I SystemServerTimingAsync: ssm.onUnlockedUser-0_com.android.server.biometrics.AuthService
01-10 03:25:39.706 1136 1651 D SystemServerTimingAsync: ssm.onUnlockedUser-0_com.android.server.biometrics.AuthService took to complete: 0ms
01-10 03:25:39.706 1136 1651 I SystemServerTimingAsync: ssm.onUnlockedUser-0_com.android.server.pm.ShortcutService$Lifecycle
01-10 03:25:39.707 1136 1651 D SystemServerTimingAsync: ssm.onUnlockedUser-0_com.android.server.pm.ShortcutService$Lifecycle took to complete: 0ms
01-10 03:25:39.707 1136 1651 I SystemServerTimingAsync: ssm.onUnlockedUser-0_com.android.server.pm.LauncherAppsService
01-10 03:25:39.707 1136 1651 D SystemServerTimingAsync: ssm.onUnlockedUser-0_com.android.server.pm.LauncherAppsService took to complete: 0ms
01-10 03:25:39.707 1136 1651 I SystemServerTimingAsync: ssm.onUnlockedUser-0_com.android.server.pm.CrossProfileAppsService
01-10 03:25:39.707 1136 1651 D SystemServerTimingAsync: ssm.onUnlockedUser-0_com.android.server.pm.CrossProfileAppsService took to complete: 0ms
01-10 03:25:39.707 1136 1651 I SystemServerTimingAsync: ssm.onUnlockedUser-0_com.android.server.people.PeopleService
01-10 03:25:39.707 1136 1651 D SystemServerTimingAsync: ssm.onUnlockedUser-0_com.android.server.people.PeopleService took to complete: 0ms
01-10 03:25:39.707 1136 1651 I SystemServerTimingAsync: ssm.onUnlockedUser-0_com.android.server.media.metrics.MediaMetricsManagerService
01-10 03:25:39.707 1136 1651 D SystemServerTimingAsync: ssm.onUnlockedUser-0_com.android.server.media.metrics.MediaMetricsManagerService took to complete: 0ms
01-10 03:25:39.707 1136 1651 I SystemServerTimingAsync: ssm.onUnlockedUser-0_com.android.server.media.projection.MediaProjectionManagerService
01-10 03:25:39.707 1136 1651 D SystemServerTimingAsync: ssm.onUnlockedUser-0_com.android.server.media.projection.MediaProjectionManagerService took to complete: 0ms
01-10 03:25:39.707 1136 1651 I SystemServerTimingAsync: ssm.onUnlockedUser-0_com.android.server.slice.SliceManagerService$Lifecycle
01-10 03:25:39.707 1136 1651 D SystemServerTimingAsync: ssm.onUnlockedUser-0_com.android.server.slice.SliceManagerService$Lifecycle took to complete: 0ms
01-10 03:25:39.707 1136 1651 I SystemServerTimingAsync: ssm.onUnlockedUser-0_com.android.server.stats.StatsCompanion$Lifecycle
01-10 03:25:39.708 1136 1651 D SystemServerTimingAsync: ssm.onUnlockedUser-0_com.android.server.stats.StatsCompanion$Lifecycle took to complete: 0ms
01-10 03:25:39.708 1136 1651 I SystemServerTimingAsync: ssm.onUnlockedUser-0_com.android.server.scheduling.RebootReadinessManagerService$Lifecycle
01-10 03:25:39.708 1136 1651 D SystemServerTimingAsync: ssm.onUnlockedUser-0_com.android.server.scheduling.RebootReadinessManagerService$Lifecycle took to complete: 0ms
01-10 03:25:39.708 1136 1651 I SystemServerTimingAsync: ssm.onUnlockedUser-0_com.android.server.stats.pull.StatsPullAtomService
01-10 03:25:39.708 1136 1651 D SystemServerTimingAsync: ssm.onUnlockedUser-0_com.android.server.stats.pull.StatsPullAtomService took to complete: 0ms
01-10 03:25:39.708 1136 1651 I SystemServerTimingAsync: ssm.onUnlockedUser-0_com.android.server.incident.IncidentCompanionService
01-10 03:25:39.708 1136 1651 D SystemServerTimingAsync: ssm.onUnlockedUser-0_com.android.server.incident.IncidentCompanionService took to complete: 0ms
01-10 03:25:39.708 1136 1651 I SystemServerTimingAsync: ssm.onUnlockedUser-0_com.android.server.MmsServiceBroker
01-10 03:25:39.708 1136 1651 D SystemServerTimingAsync: ssm.onUnlockedUser-0_com.android.server.MmsServiceBroker took to complete: 0ms
01-10 03:25:39.708 1136 1651 I SystemServerTimingAsync: ssm.onUnlockedUser-0_com.android.server.autofill.AutofillManagerService
01-10 03:25:39.708 1136 1651 D SystemServerTimingAsync: ssm.onUnlockedUser-0_com.android.server.autofill.AutofillManagerService took to complete: 0ms
01-10 03:25:39.708 1136 1651 I SystemServerTimingAsync: ssm.onUnlockedUser-0_com.android.server.clipboard.ClipboardService
01-10 03:25:39.708 1136 1651 D SystemServerTimingAsync: ssm.onUnlockedUser-0_com.android.server.clipboard.ClipboardService took to complete: 0ms
01-10 03:25:39.708 1136 1651 I SystemServerTimingAsync: ssm.onUnlockedUser-0_com.android.server.appbinding.AppBindingService$Lifecycle
01-10 03:25:39.708 1136 1651 D SystemServerTimingAsync: ssm.onUnlockedUser-0_com.android.server.appbinding.AppBindingService$Lifecycle took to complete: 0ms
01-10 03:25:39.708 1136 1651 I SystemServerTimingAsync: ssm.onUnlockedUser-0_com.android.server.tracing.TracingServiceProxy
01-10 03:25:39.708 1136 1651 D SystemServerTimingAsync: ssm.onUnlockedUser-0_com.android.server.tracing.TracingServiceProxy took to complete: 0ms
01-10 03:25:39.708 1136 1651 I SystemServerTimingAsync: ssm.onUnlockedUser-0_com.android.server.policy.PermissionPolicyService
01-10 03:25:39.708 1136 1651 D SystemServerTimingAsync: ssm.onUnlockedUser-0_com.android.server.policy.PermissionPolicyService took to complete: 0ms
01-10 03:25:39.708 1136 1651 I SystemServerTimingAsync: ssm.onUnlockedUser-0_com.android.server.pm.StagingManager$Lifecycle
01-10 03:25:39.708 1136 1651 D SystemServerTimingAsync: ssm.onUnlockedUser-0_com.android.server.pm.StagingManager$Lifecycle took to complete: 0ms
01-10 03:25:39.709 1136 1651 I SystemServerTimingAsync: ssm.onUnlockedUser-0_com.android.server.app.GameManagerService$Lifecycle
01-10 03:25:39.709 1136 1651 D SystemServerTimingAsync: ssm.onUnlockedUser-0_com.android.server.app.GameManagerService$Lifecycle took to complete: 0ms
01-10 03:25:39.709 1136 1651 I SystemServerTimingAsync: ssm.onUnlockedUser-0_com.android.server.appsearch.AppSearchManagerService
01-10 03:25:39.709 1136 1651 D SystemServerTimingAsync: ssm.onUnlockedUser-0_com.android.server.appsearch.AppSearchManagerService took to complete: 0ms
01-10 03:25:39.709 1136 1651 I SystemServerTimingAsync: ssm.onUnlockedUser-0_com.android.server.media.MediaCommunicationService
01-10 03:25:39.709 1136 1651 D SystemServerTimingAsync: ssm.onUnlockedUser-0_com.android.server.media.MediaCommunicationService took to complete: 0ms
01-10 03:25:39.709 1136 1651 D SystemServerTimingAsync: ssm.UnlockedUser-0 took to complete: 18ms
01-10 03:25:39.709 1136 1651 W ActivityManager: UserLifecycleEvent 6 received without an active userJourneySession.
01-10 03:25:39.710 1136 1635 I DropBoxManagerService: add tag=system_server_strictmode isTagEnabled=true flags=0x2
01-10 03:25:39.713 1136 4175 E TaskPersister: File error accessing recents directory (directory doesn't exist?).
01-10 03:25:39.714 1136 4175 E TaskPersister: File error accessing recents directory (directory doesn't exist?).
01-10 03:25:39.714 1136 1136 D CompatibilityChangeReporter: Compat change id reported: 175319604; UID 1000; state: ENABLED
01-10 03:25:39.715 1136 1136 D CompatibilityChangeReporter: Compat change id reported: 175319604; UID 1000; state: DISABLED
01-10 03:25:39.722 1136 1136 D CompatibilityChangeReporter: Compat change id reported: 175319604; UID 10087; state: ENABLED
01-10 03:25:39.727 1136 1136 D CompatibilityChangeReporter: Compat change id reported: 175319604; UID 10101; state: DISABLED
01-10 03:25:39.732 1136 1652 I am_proc_start: [0,4177,10082,com.qti.ltebc,broadcast,{com.qti.ltebc/com.qualcomm.ltebc.LTEBroadcastReceiver}]
01-10 03:25:39.732 1136 1652 I ActivityManager: Start proc 4177:com.qti.ltebc/u0a82 for broadcast {com.qti.ltebc/com.qualcomm.ltebc.LTEBroadcastReceiver}
01-01 09:51:42.048 0 0 I binder : 4177:4177 ioctl 40046210 7fe87a7184 returned -22
01-10 03:25:39.796 1136 2950 I am_proc_bound: [0,4177,com.qti.ltebc]
01-10 03:25:39.849 1136 1136 I NotificationService: Cannot find enqueued record for key: 0|android|13|PreBootBroadcaster|1000
01-10 03:25:39.862 1136 1136 I NotificationService: Cannot find enqueued record for key: 0|android|13|PreBootBroadcaster|1000
01-10 03:25:40.119 1136 2439 I snet_event_log: [172655291,-1,]
01-01 09:51:42.463 0 0 I : VideoDecMsgThre (2067) used greatest stack depth: 8384 bytes left
01-01 09:51:42.466 0 0 I msm_vidc: high: 00000001: h264d: Closed video instance: ffffffca764a0000
01-01 09:51:42.513 0 0 E q6asm_callback: cmd = 0x10bce returned error = 0xa
01-01 09:51:42.520 0 0 E __q6asm_cmd: DSP returned error[ADSP_ENOTREADY] opcode 68558
01-01 09:51:42.531 0 0 W : ------------[ cut here ]------------
01-01 09:51:42.531 0 0 W : WARNING: CPU: 4 PID: 3883 at sound/soc/soc-pcm.c:124 snd_soc_runtime_deactivate+0x8c/0x148
01-01 09:51:42.531 0 0 I : Modules linked in: cyttsp7_device_access cyttsp7_i2c cyttsp7 wlan(O) atmel_mxt_ts tsnv(O) machine_dlkm(O) wcd938x_slave_dlkm(O) wcd938x_dlkm(O) wcd9xxx_dlkm(O) mbhc_dlkm(O) tx_macro_dlkm(O) rx_macro_dlkm(O) va_macro_dlkm(O) wsa_macro_dlkm(O) swr_ctrl_dlkm(O) bolero_cdc_dlkm(O) wsa881x_dlkm(O) wcd_core_dlkm(O) stub_dlkm(O) hdmi_dlkm(O) swr_dlkm(O) pinctrl_lpi_dlkm(O) pinctrl_wcd_dlkm(O) usf_dlkm(O) native_dlkm(O) platform_dlkm(O) q6_dlkm(O) adsp_loader_dlkm(O) apr_dlkm(O) snd_event_dlkm(O) q6_notifier_dlkm(O) q6_pdr_dlkm(O) msm_11ad_proxy
01-01 09:51:42.531 0 0 I : CPU: 4 PID: 3883 Comm: HwBinder:820_7 Tainted: G S W O 4.19.157+ #1
