01-01 09:51:28.719 0 0 E [kworke][0x744bf8b3][03:25:26.458309] wlan: [280:E:WMI] send_action_oui_cmd_tlv: 220: Invalid action id
01-01 09:51:28.730 0 0 E [kworke][0x744f213c][03:25:26.469089] wlan: [280:E:action_oui] ucfg_action_oui_send: 160: Failed to send: 9
01-01 09:51:28.743 0 0 E [kworke][0x7452d5aa][03:25:26.481735] wlan: [280:E:HDD] hdd_action_oui_send: 13281: Failed to send one or all action_ouis
01-10 03:25:26.481 1136 1652 W ActivityManager: Slow operation: 109ms so far, now at startProcess: done updating battery stats
01-10 03:25:26.481 1136 1652 I am_proc_start: [0,3228,10101,android.ext.services,on-hold,]
01-10 03:25:26.481 1136 1652 W ActivityManager: Slow operation: 109ms so far, now at startProcess: building log message
01-10 03:25:26.481 1136 1652 I ActivityManager: Start proc 3228:android.ext.services/u0a101 for on-hold
01-10 03:25:26.481 1136 1652 W ActivityManager: Slow operation: 109ms so far, now at startProcess: starting to update pids map
01-10 03:25:26.482 1136 1652 W ActivityManager: Slow operation: 110ms so far, now at startProcess: done updating pids map
01-10 03:25:26.482 1136 1652 W ActivityManager: Slow operation: 59ms so far, now at startProcess: asking zygote to start proc
01-10 03:25:26.482 1136 1652 D CompatibilityChangeReporter: Compat change id reported: 143937733; UID 10070; state: DISABLED
01-10 03:25:26.482 1136 1652 W ActivityManager: com.android.deskclock inode == 0 (b/152760674)
01-10 03:25:26.506 549 549 D vold : Finished restorecon of /data/system_ce/0
01-01 09:51:28.778 0 0 D cnss : dma-coherent is enabled
01-01 09:51:28.778 0 0 D cnss : IOMMU map: iova b0000000, len 4096
01-01 09:51:28.778 0 0 D cnss : IOMMU map: iova_addr b0000040
01-01 09:51:28.778 0 0 D cnss : dma-coherent is enabled
01-01 09:51:28.778 0 0 D cnss : IOMMU map: iova b0001000, len 4096
01-01 09:51:28.778 0 0 D cnss : IOMMU map: iova_addr b0001018
01-10 03:25:26.506 549 549 D vold : Starting restorecon of /data/vendor_ce/0
01-10 03:25:26.512 549 549 D vold : Finished restorecon of /data/vendor_ce/0
01-10 03:25:26.512 549 549 D vold : Starting restorecon of /data/misc_ce/0
01-10 03:25:26.520 1136 1652 W ActivityManager: Slow operation: 96ms so far, now at startProcess: returned from zygote!
01-10 03:25:26.520 1136 1652 W ActivityManager: Slow operation: 97ms so far, now at startProcess: done updating battery stats
01-10 03:25:26.520 1136 1652 I am_proc_start: [0,3231,10070,com.android.deskclock,broadcast,{com.android.deskclock/com.android.deskclock.AlarmInitReceiver}]
01-10 03:25:26.520 1136 1652 W ActivityManager: Slow operation: 97ms so far, now at startProcess: building log message
01-10 03:25:26.520 1136 1652 I ActivityManager: Start proc 3231:com.android.deskclock/u0a70 for broadcast {com.android.deskclock/com.android.deskclock.AlarmInitReceiver}
01-10 03:25:26.520 1136 1652 W ActivityManager: Slow operation: 97ms so far, now at startProcess: starting to update pids map
01-10 03:25:26.521 1136 1652 W ActivityManager: Slow operation: 98ms so far, now at startProcess: done updating pids map
01-01 09:51:28.781 0 0 E [kworke][0x745e3323][03:25:26.520528] wlan: [280:E:TXRX] dp_rxdma_ring_config: 5022: DBS enabled max_mac_rings 2
01-01 09:51:28.798 0 0 E [kworke][0x7462fd5e][03:25:26.536878] wlan: [280:E:TXRX] dp_rxdma_ring_config: 5033: pdev_id 0 max_mac_rings 2
01-01 09:51:28.811 0 0 E [kworke][0x7466c189][03:25:26.549734] wlan: [280:E:TXRX] dp_rxdma_ring_config: 5050: mac_id 0
01-01 09:51:28.835 0 0 E [kworke][0x746e03ca][03:25:26.574510] wlan: [280:E:TXRX] dp_rxdma_ring_config: 5050: mac_id 1
01-01 09:51:28.853 0 0 W QSEECOM : __qseecom_unload_app: App (9) is unloaded
01-10 03:25:26.597 1136 1136 D Fingerprint21: handleError, client: FingerprintInternalCleanupClient, error: 2, vendorCode: 0
01-10 03:25:26.597 1136 1136 E Fingerprint21: onError for non-error consumer: FingerprintInternalCleanupClient
01-01 09:51:28.854 0 0 I [kworke][0x74736684][03:25:26.592893] wlan: [280:I:POLICY_MGR] policy_mgr_update_5g_scc_prefer: 398: overwrite pm_second_connection_pcl_dbs_2x2_table, index 2 mode 3 system prefer 0 new pcl 6
01-01 09:51:28.854 0 0 I [kworke][0x74736731][03:25:26.592902] wlan: [280:I:POLICY_MGR] policy_mgr_update_5g_scc_prefer: 404: overwrite pm_second_connection_pcl_dbs_2x2_table, index 3 mode 3 system prefer 0 new pcl 6
01-01 09:51:28.854 0 0 D qbt : qbt_release: entry minor_no=0 fd_available=0
01-01 09:51:28.854 0 0 D qbt : qbt_release: Releasing wakelock
01-01 09:51:28.854 0 0 D qbt : qbt_release: exit : fd_available=1
01-01 09:51:28.854 0 0 D qbt : qbt_release: entry minor_no=1 fd_available=1
01-01 09:51:28.854 0 0 D qbt : qbt_release: exit : fd_available=1
01-01 09:51:28.859 0 0 E [kworke][0x7474d3a3][03:25:26.597761] wlan: [280:E:REGULATORY] reg_freq_width_to_chan_op_class: 512: no op class for frequency 5745
01-10 03:25:26.608 1136 1848 I commit_sys_config_file: [settings-0-0,203]
01-10 03:25:26.611 549 549 D vold : Finished restorecon of /data/misc_ce/0
01-10 03:25:26.611 549 549 D vold : /system/bin/vold_prepare_subdirs
01-10 03:25:26.611 549 549 D vold : prepare
01-10 03:25:26.611 549 549 D vold :
01-10 03:25:26.611 549 549 D vold : 0
01-10 03:25:26.611 549 549 D vold : 2
01-01 09:51:28.879 0 0 I [kworke][0x747aba89][03:25:26.617906] wlan: [280:I:HIF] hif_pm_runtime_start: Enabling RUNTIME PM, Delay: 500 ms
01-01 09:51:28.879 0 0 D cnss : Host time = 101781500 us, device time = 1875240 us, offset = 99906260 us
01-01 09:51:28.879 0 0 D cnss : Updated time sync regs [0x984] = 0x5f472d4, [0x988] = 0x0
01-01 09:51:28.879 0 0 D cnss : Removing vote for Regulator vdd-wlan-rfa2
01-01 09:51:28.879 0 0 D cnss : Removing vote for Regulator vdd-wlan-rfa1
01-01 09:51:28.879 0 0 D cnss : Removing vote for Regulator vdd-wlan-dig
01-01 09:51:28.879 0 0 D cnss : Removing vote for Regulator vdd-wlan-aon
01-01 09:51:28.879 0 0 D cnss : Removing vote for Regulator vdd-wlan-io
01-01 09:51:28.879 0 0 D cnss : PM relax, state: 0x107, count: 0
01-01 09:51:28.881 0 0 I [wifi@1][0x747b7fc8][03:25:26.620538] wlan: [949:I:DP] dp_vdev_attach_wifi3: wlan_cfg_ap_bridge_enabled 0
01-01 09:51:28.882 0 0 I [wifi@1][0x747b9e99][03:25:26.620949] wlan: [949:I:DP] 00000000: 96 4e 79 28 23 5f dc 60 b4 5f b9 55 73 ab b8 cc
01-01 09:51:28.882 0 0 I [wifi@1][0x747ba08e][03:25:26.620975] wlan: [949:I:DP] 00000010: bc 7a ec 0b
01-01 09:51:28.882 0 0 I [wifi@1][0x747ba32a][03:25:26.621010] wlan: [949:I:DP] 00000000: cd 3a 22 76 af 3e 8d be 34 01 2d 9b d4 f3 45 08
01-01 09:51:28.882 0 0 I [wifi@1][0x747ba50f][03:25:26.621035] wlan: [949:I:DP] 00000010: ee c1 65 3a 4a 01 c4 5d 78 3d bd 06 1b 90 c4 60
01-01 09:51:28.882 0 0 I [wifi@1][0x747ba6f2][03:25:26.621060] wlan: [949:I:DP] 00000020: 96 8f dc e9 e2 b3 73 39 0b 86 47 83
01-01 09:51:28.886 0 0 I binder : 3231:3231 ioctl 40046210 7fe87a7184 returned -22
01-10 03:25:26.645 1136 1635 I commit_sys_config_file: [notification-policy,4941]
01-10 03:25:26.649 1136 2551 I am_proc_bound: [0,3231,com.android.deskclock]
01-10 03:25:26.651 1136 2551 D CompatibilityChangeReporter: Compat change id reported: 168419799; UID 10070; state: DISABLED
01-10 03:25:26.654 1136 2551 I am_uid_active: 10070
01-10 03:25:26.659 1136 3219 W AdbDebuggingManager: Read failed with count -1
01-01 09:51:28.932 0 0 I IPv6 : ADDRCONF(NETDEV_UP): wlan0: link is not ready
01-01 09:51:28.932 0 0 I binder : 3228:3228 ioctl 40046210 7fe87a7184 returned -22
01-10 03:25:26.724 1136 1848 I commit_sys_config_file: [settings-2-0,114]
01-10 03:25:26.738 1136 2551 I am_proc_bound: [0,3228,android.ext.services]
01-10 03:25:26.742 1136 2551 D CompatibilityChangeReporter: Compat change id reported: 168419799; UID 10101; state: DISABLED
01-01 09:51:29.010 0 0 I [lowi-s][0x74a12b36][03:25:26.749117] wlan: [1462:I:wifipos] wifi_pos_get_ch_info: 461: num channels: 26
01-10 03:25:26.744 1136 2551 I am_uid_active: 10101
01-10 03:25:26.768 1136 1633 V UserDataPreparer: Found /data/user/0 with serial number 0
01-10 03:25:26.768 1136 1633 V UserDataPreparer: Found /data/system_ce/0 with serial number -1
01-10 03:25:26.768 1136 1633 D UserDataPreparer: Serial number missing on /data/system_ce/0; assuming current is valid
01-10 03:25:26.769 1136 1633 D UserDataPreparer: Setting property: sys.user.0.ce_available=true
01-10 03:25:26.771 949 949 I android.hardware.wifi@1.0-service: Adding interface handle for wifi-aware0
01-10 03:25:26.771 949 949 I android.hardware.wifi@1.0-service: Adding interface handle for wlan0
01-10 03:25:26.771 949 949 I android.hardware.wifi@1.0-service: Adding interface handle for p2p0
01-10 03:25:26.771 949 949 W android.hardware.wifi@1.0-service: No active wlan interfaces in use! Using default
01-10 03:25:26.775 949 949 W android.hardware.wifi@1.0-service: No active wlan interfaces in use! Using default
01-10 03:25:26.776 1136 1633 V PackageManager: reconcileAppsData for null u0 0x2 migrateAppData=true
01-10 03:25:26.791 949 949 I android.hardware.wifi@1.0-service: Configured chip in mode 3
01-10 03:25:26.791 949 949 W android.hardware.wifi@1.0-service: No active wlan interfaces in use! Using default
01-01 09:51:29.065 0 0 I : read descriptors
01-01 09:51:29.065 0 0 I : read strings
01-01 09:51:29.069 0 0 E [wifi@1][0x74b26429][03:25:26.807901] wlan: [3271:E:wifipos] wifi_pos_process_app_reg_req: 608: Received App Req Req pid(578814901), len(16)
01-01 09:51:29.087 0 0 I [wifi@1][0x74b79f0b][03:25:26.825753] wlan: [3271:I:wifipos] wifi_pos_get_ch_info: 461: num channels: 26
01-01 09:51:29.089 0 0 I [wifi@1][0x74b85da5][03:25:26.828294] wlan: [3271:I:wifipos] wifi_pos_get_ch_info: 461: num channels: 26
01-10 03:25:26.846 1136 2439 I dvm_lock_sample: [system_server,1,Binder:1136_4,40,PackageManagerService.java,6035,com.android.server.pm.PackageManagerService$Computer com.android.server.pm.PackageManagerService.snapshotComputer(),-,27895,void com.android.server.pm.PackageManagerService$PackageManagerInternalImpl.grantImplicitAccess(int, android.content.Intent, int, int, boolean),8]
01-10 03:25:26.850 1136 2421 I dvm_lock_sample: [system_server,0,wifiRttService,2259,HalDeviceManager.java,1368,boolean com.android.server.wifi.HalDeviceManager.isWifiStarted(),-,2618,void com.android.server.wifi.HalDeviceManager.updateRttControllerOnModeChange(),100]
01-10 03:25:26.861 1136 2553 W UsageStatsService: Failed to query usage stats for locked user 0
01-10 03:25:26.874 1136 2422 I dvm_lock_sample: [system_server,0,wifiAwareService,538,HalDeviceManager.java,816,void com.android.server.wifi.HalDeviceManager.initIServiceManagerIfNecessary(),,0,null,100]
01-01 09:51:29.146 0 0 I [wifi@1][0x74c9202c][03:25:26.885501] wlan: [949:I:DP] dp_vdev_attach_wifi3: wlan_cfg_ap_bridge_enabled 1
01-01 09:51:29.147 0 0 E [wifi@1][0x74c93f09][03:25:26.885913] wlan: [949:E:PMO] pmo_register_wow_wakeup_events: 88: Skipping wake event configuration for vdev_opmode 16
01-01 09:51:29.163 0 0 E [wifi@1][0x74cdea79][03:25:26.901852] wlan: [949:E:SME] sme_get_nss_chain_shift: 4045: Device mode 16 invalid
01-01 09:51:29.175 0 0 E [wifi@1][0x74d15e7d][03:25:26.913639] wlan: [949:E:SME] sme_get_nss_chain_shift: 4045: Device mode 16 invalid
01-10 03:25:26.916 1136 1136 V NotificationAssistants: 0 notification assistant service connected: ComponentInfo{android.ext.services/android.ext.services.notification.Assistant}
01-01 09:51:29.195 0 0 I IPv6 : ADDRCONF(NETDEV_UP): wifi-aware0: link is not ready
01-10 03:25:26.931 1136 1136 I ExplicitHealthCheckController: Explicit health check service is connected ComponentInfo{android.ext.services/android.ext.services.watchdog.ExplicitHealthCheckServiceImpl}
01-10 03:25:26.932 1136 1136 I ExplicitHealthCheckController: Service initialized, syncing requests
01-10 03:25:26.932 1136 1136 I PackageWatchdog: Syncing health check requests for packages: {}
01-10 03:25:26.933 1136 1136 D ExplicitHealthCheckController: Getting health check supported packages
01-10 03:25:26.942 1136 2551 I ExplicitHealthCheckController: Explicit health check supported packages [PackageConfig{com.android.networkstack, 86400000}]
01-10 03:25:26.942 1136 2551 D PackageWatchdog: Received supported packages [PackageConfig{com.android.networkstack, 86400000}]
01-10 03:25:26.943 1136 2551 D ExplicitHealthCheckController: Getting health check requested packages
01-10 03:25:26.948 1136 2551 I ExplicitHealthCheckController: Explicit health check requested packages []
01-10 03:25:26.948 1136 2551 I ExplicitHealthCheckController: No more health check requests, unbinding...
01-10 03:25:26.953 1136 2551 I ExplicitHealthCheckController: Explicit health check service is unbound
01-10 03:25:26.964 1136 2385 I dvm_lock_sample: [system_server,0,WifiHandlerThread,110,HalDeviceManager.java,370,com.android.wifi.x.android.hardware.wifi.V1_0.IWifiChip com.android.server.wifi.HalDeviceManager.getChip(com.android.wifi.x.android.hardware.wifi.V1_0.IWifiIface),-,2768,long com.android.server.wifi.HalDeviceManager.getChipCapabilities(com.android.wifi.x.android.hardware.wifi.V1_0.IWifiChip),22]
01-10 03:25:26.975 1276 1276 I wificond: createClientInterface: wiphy_index 0 iface_name wlan0
01-10 03:25:26.975 1276 1276 I wificond: create scanner for interface with index: 17
01-10 03:25:26.975 1276 1276 I wificond: subscribe scan result for interface with index: 17
01-10 03:25:26.976 1276 1276 I wificond: add channel type 0 support at wiphy index: 0
01-10 03:25:26.976 1276 1276 I wificond: add channel type 1 support at wiphy index: 0
01-10 03:25:27.083 1136 2551 D CompatibilityChangeReporter: Compat change id reported: 168419799; UID 10094; state: DISABLED
01-10 03:25:27.091 1136 2551 I am_uid_running: 10078
01-10 03:25:27.093 1136 2551 D CompatibilityChangeReporter: Compat change id reported: 135634846; UID 10078; state: DISABLED
01-10 03:25:27.094 1136 2551 D CompatibilityChangeReporter: Compat change id reported: 177438394; UID 10078; state: DISABLED
01-10 03:25:27.094 1136 2551 D CompatibilityChangeReporter: Compat change id reported: 135772972; UID 10078; state: DISABLED
01-10 03:25:27.095 1136 2551 D CompatibilityChangeReporter: Compat change id reported: 135754954; UID 10078; state: ENABLED
01-10 03:25:27.097 1136 1652 D CompatibilityChangeReporter: Compat change id reported: 143937733; UID 10078; state: ENABLED
01-10 03:25:27.097 1136 1652 W ActivityManager: com.qualcomm.location inode == 0 (b/152760674)
01-10 03:25:27.160 1136 1652 W ActivityManager: Slow operation: 68ms so far, now at startProcess: returned from zygote!
01-10 03:25:27.161 1136 1652 W ActivityManager: Slow operation: 69ms so far, now at startProcess: done updating battery stats
01-10 03:25:27.161 1136 1652 I am_proc_start: [0,3302,10078,com.qualcomm.location,broadcast,{com.qualcomm.location/com.qualcomm.location.LocationServiceReceiver}]
01-10 03:25:27.161 1136 1652 W ActivityManager: Slow operation: 69ms so far, now at startProcess: building log message
01-10 03:25:27.161 1136 1652 I ActivityManager: Start proc 3302:com.qualcomm.location/u0a78 for broadcast {com.qualcomm.location/com.qualcomm.location.LocationServiceReceiver}
01-10 03:25:27.161 1136 1652 W ActivityManager: Slow operation: 69ms so far, now at startProcess: starting to update pids map
01-01 09:51:29.430 0 0 E bt_ioctl: BT_CMD_PWR_CTRL pwr_cntrl:2
01-10 03:25:27.172 1136 1652 W ActivityManager: Slow operation: 80ms so far, now at startProcess: done updating pids map
01-01 09:51:29.436 0 0 E bt_vreg_unvote: vreg_unvote successful for : qca,bt-vdd-rfa2
01-01 09:51:29.443 0 0 E bt_vreg_unvote: vreg_unvote successful for : qca,bt-vdd-rfa1
01-01 09:51:29.443 0 0 I [schedu][0x751ffa4b][03:25:27.181958] wlan: [3172:I:HIF] Deinitializing Runtime PM wakelock &vdev->vdev_set_key_runtime_wakelock
01-01 09:51:29.451 0 0 E bt_vreg_unvote: vreg_unvote successful for : qca,bt-vdd-dig
01-01 09:51:29.451 0 0 E bt_vreg_unvote: vreg_unvote successful for : qca,bt-vdd-aon
01-01 09:51:29.476 0 0 I [schedu][0x75299653][03:25:27.214757] wlan: [3172:I:HIF] Initializing Runtime PM wakelock &vdev->vdev_set_key_runtime_wakelock
01-01 09:51:29.585 0 0 I binder : 3302:3302 ioctl 40046210 7fe87a7184 returned -22
01-10 03:25:27.348 1136 2950 I am_proc_bound: [0,3302,com.qualcomm.location]
01-10 03:25:27.349 1136 2950 D CompatibilityChangeReporter: Compat change id reported: 168419799; UID 10078; state: DISABLED
01-10 03:25:27.352 1136 2950 I am_uid_active: 10078
01-01 09:51:29.702 0 0 I binder : 3341:3341 ioctl 40046210 7fdaf66ba4 returned -22
01-10 03:25:27.419 3302 3302 I auditd : type=1400 audit(0.0:119): avc: denied { search } for comm="alcomm.location" name="data" dev="dm-10" ino=107 scontext=u:r:vendor_location_app:s0 tcontext=u:object_r:system_data_file:s0:c512,c768 tclass=dir permissive=0 app=com.qualcomm.location
01-10 03:25:27.443 1136 1136 D BluetoothManagerService: Bluetooth Adapter address changed to F0:74:E4:41:12:FD
01-10 03:25:27.445 1136 1136 D BluetoothManagerService: Stored Bluetoothaddress: F0:74:E4:41:12:FD
01-01 09:51:29.740 0 0 I init : starting service 'thermal-engine'...
01-01 09:51:29.741 0 0 I init : Created socket '/dev/socket/thermal-send-client', mode 660, user 1000, group 2907
01-01 09:51:29.742 0 0 I init : Created socket '/dev/socket/thermal-recv-client', mode 660, user 1000, group 2907
01-01 09:51:29.743 0 0 I init : Created socket '/dev/socket/thermal-recv-passive-client', mode 660, user 1000, group 2907
01-10 03:25:27.454 1136 1136 D BluetoothManagerService: Bluetooth Adapter name changed to QCOM-BTD by android
01-01 09:51:29.748 0 0 I init : Created socket '/dev/socket/thermal-send-rule', mode 660, user 1000, group 2907
01-10 03:25:27.419 3302 3302 I auditd : type=1400 audit(0.0:120): avc: denied { search } for comm="alcomm.location" name="data" dev="dm-10" ino=107 scontext=u:r:vendor_location_app:s0 tcontext=u:object_r:system_data_file:s0:c512,c768 tclass=dir permissive=0 app=com.qualcomm.location
01-10 03:25:27.443 3302 3302 I auditd : type=1400 audit(0.0:121): avc: denied { search } for comm="alcomm.location" name="data" dev="dm-10" ino=107 scontext=u:r:vendor_location_app:s0 tcontext=u:object_r:system_data_file:s0:c512,c768 tclass=dir permissive=0 app=com.qualcomm.location
01-01 09:51:29.753 0 0 I logd : start watching /data/system/packages.list ...
01-01 09:51:29.755 0 0 I logd : ReadPackageList, total packages: 109
01-10 03:25:27.443 3302 3302 I auditd : type=1400 audit(0.0:122): avc: denied { search } for comm="alcomm.location" name="data" dev="dm-10" ino=107 scontext=u:r:vendor_location_app:s0 tcontext=u:object_r:system_data_file:s0:c512,c768 tclass=dir permissive=0 app=com.qualcomm.location
01-10 03:25:27.475 3302 3302 I auditd : type=1400 audit(0.0:123): avc: denied { search } for comm="alcomm.location" name="data" dev="dm-10" ino=107 scontext=u:r:vendor_location_app:s0 tcontext=u:object_r:system_data_file:s0:c512,c768 tclass=dir permissive=0 app=com.qualcomm.location
01-10 03:25:27.479 3302 3302 I auditd : type=1400 audit(0.0:124): avc: denied { search } for comm="alcomm.location" name="data" dev="dm-10" ino=107 scontext=u:r:vendor_location_app:s0 tcontext=u:object_r:system_data_file:s0:c512,c768 tclass=dir permissive=0 app=com.qualcomm.location
01-10 03:25:27.460 1136 1136 D BluetoothManagerService: Stored Bluetooth name: QCOM-BTD
01-10 03:25:27.460 1136 1136 D BluetoothManagerService: Bluetooth Adapter address changed to F0:74:E4:41:12:FD
01-10 03:25:27.460 1136 1136 D BluetoothManagerService: Stored Bluetoothaddress: F0:74:E4:41:12:FD
01-10 03:25:27.503 3302 3302 I auditd : type=1400 audit(0.0:125): avc: denied { search } for comm="alcomm.location" name="data" dev="dm-10" ino=107 scontext=u:r:vendor_location_app:s0 tcontext=u:object_r:system_data_file:s0:c512,c768 tclass=dir permissive=0 app=com.qualcomm.location
01-10 03:25:27.503 3302 3302 I auditd : type=1400 audit(0.0:126): avc: denied { search } for comm="alcomm.location" name="data" dev="dm-10" ino=107 scontext=u:r:vendor_location_app:s0 tcontext=u:object_r:system_data_file:s0:c512,c768 tclass=dir permissive=0 app=com.qualcomm.location
01-10 03:25:27.494 1136 1635 D BluetoothManagerService: MESSAGE_BLUETOOTH_STATE_CHANGE: BLE_TURNING_ON > BLE_ON
01-10 03:25:27.494 1136 1635 D BluetoothManagerService: Bluetooth is in LE only mode
01-10 03:25:27.494 1136 1635 D BluetoothManagerService: Binding Bluetooth GATT service
01-10 03:25:27.497 1136 1635 D BluetoothManagerService: Sending BLE State Change: BLE_TURNING_ON > BLE_ON
01-01 09:51:29.779 0 0 I init : processing action (init.svc.adbd=stopped) from (/system/etc/init/hw/init.usb.configfs.rc:14)
01-10 03:25:27.503 1136 1136 D CompanionDeviceManagerService: Received BT state transition broadcast: BLE_TURNING_ON -> BLE_ON
01-10 03:25:27.503 1136 1136 I CompanionDeviceManagerService: startBleScan()
01-10 03:25:27.504 1136 1136 I CompanionDeviceManagerService: Read associations from disk: {0=[]}
01-10 03:25:27.506 1136 1136 D BluetoothManagerService: BluetoothServiceConnection: com.android.bluetooth.gatt.GattService
01-01 09:51:29.784 0 0 I init : processing action (sys.user.0.ce_available=true) from (/system/etc/init/wifi.rc:21)
01-10 03:25:27.506 1136 1635 D BluetoothManagerService: MESSAGE_BLUETOOTH_SERVICE_CONNECTED: 2
01-01 09:51:29.792 0 0 I init : processing action (sys.usb.config=diag,adb && sys.usb.configfs=1 && sys.usb.ffs.ready=1) from (/vendor/etc/init/hw/init.qcom.usb.rc:194)
01-10 03:25:27.506 1136 1635 D BluetoothManagerService: continueFromBleOnState()
01-10 03:25:27.511 1136 1635 D BluetoothManagerService: Persisting Bluetooth Setting: 1
01-01 09:51:29.794 0 0 I init : Command 'rm /config/usb_gadget/g1/configs/b.1/f3' action=sys.usb.config=diag,adb && sys.usb.configfs=1 && sys.usb.ffs.ready=1 (/vendor/etc/init/hw/init.qcom.usb.rc:198) took 0ms and failed: unlink() failed: No such file or directory
01-01 09:51:29.794 0 0 I init : Command 'rm /config/usb_gadget/g1/configs/b.1/f4' action=sys.usb.config=diag,adb && sys.usb.configfs=1 && sys.usb.ffs.ready=1 (/vendor/etc/init/hw/init.qcom.usb.rc:199) took 0ms and failed: unlink() failed: No such file or directory
01-10 03:25:27.521 1136 1635 D BluetoothManagerService: MESSAGE_BLUETOOTH_STATE_CHANGE: BLE_ON > TURNING_ON
01-10 03:25:27.521 1136 1635 D BluetoothManagerService: Sending BLE State Change: BLE_ON > TURNING_ON
01-10 03:25:27.521 1136 1635 D BluetoothManagerService: Sending State Change: OFF > TURNING_ON
01-10 03:25:27.524 1136 1136 D CompanionDeviceManagerService: Received BT state transition broadcast: BLE_ON -> TURNING_ON
01-10 03:25:27.547 3302 3302 I auditd : type=1400 audit(0.0:127): avc: denied { search } for comm="alcomm.location" name="data" dev="dm-10" ino=107 scontext=u:r:vendor_location_app:s0 tcontext=u:object_r:system_data_file:s0:c512,c768 tclass=dir permissive=0 app=com.qualcomm.location
01-01 09:51:29.817 0 0 W audit : audit_lost=1 audit_rate_limit=5 audit_backlog_limit=64
01-01 09:51:29.817 0 0 E audit : rate limit exceeded
01-01 09:51:29.864 0 0 I android_work: sent uevent USB_STATE=DISCONNECTED
01-10 03:25:27.650 1136 1599 D TelephonyRegistry: listen oscl: mHasNotifySubscriptionInfoChangedOccurred==false no callback
01-10 03:25:27.684 1136 1848 I commit_sys_config_file: [settings-2-0,38]
01-01 09:51:29.976 0 0 E msm-dwc3 a600000.ssusb: Could not get usb psy
01-01 09:51:30.017 0 0 I devfreq-qcom-fw 18590000.qcom,devfreq-l3: qcom,cdsp-cdsp-l3-lat: Successfully started CDSP L3 governor
01-01 09:51:30.018 0 0 I binder : 3302:3378 ioctl 40046210 74fdd16934 returned -22
01-10 03:25:27.762 1136 2521 I sysui_multi_action: [757,856,758,1,806,com.android.bluetooth,857,avrcp_notification,858,3]
01-10 03:25:27.799 2437 2437 I liblog : 44
01-10 03:25:27.800 2437 2437 I liblog : 3
01-10 03:25:27.800 2437 2437 I liblog : 1
01-10 03:25:27.800 2437 2437 I liblog : 3
01-10 03:25:27.800 2437 2437 I liblog : 2
01-10 03:25:27.800 2437 2437 I liblog : 2
01-10 03:25:27.800 2437 2437 I liblog : 2
01-10 03:25:27.800 2437 3401 I liblog : 3
01-10 03:25:27.800 2437 3401 I liblog : 1
01-10 03:25:27.801 2437 2437 I liblog : 50
01-10 03:25:27.802 2437 2437 I liblog : 13
01-10 03:25:27.802 2437 2437 I liblog : 2
01-10 03:25:27.810 2437 2437 I liblog : 23
01-10 03:25:27.815 2437 2437 I liblog : 84
01-01 09:51:30.087 0 0 E msm-dwc3 a600000.ssusb: Could not get usb psy
01-01 09:51:30.111 0 0 I android_work: did not send uevent (0 0 0000000000000000)
01-10 03:25:27.828 1136 1650 I service_manager_slow: [59,companiondevice]
01-10 03:25:27.835 2437 2559 I liblog : 52
01-10 03:25:27.875 1136 2521 D TelephonyRegistry: listen oscl: mHasNotifySubscriptionInfoChangedOccurred==false no callback
01-01 09:51:30.181 0 0 I android_work: sent uevent USB_STATE=CONNECTED
01-01 09:51:30.185 0 0 E msm-dwc3 a600000.ssusb: Could not get usb psy
01-01 09:51:30.193 0 0 I android_work: sent uevent USB_STATE=DISCONNECTED
01-10 03:25:27.956 1136 1848 I commit_sys_config_file: [settings-0-0,55]
01-10 03:25:28.008 2904 2904 W ContextImpl: Calling a method in the system process without a qualified user: android.app.ContextImpl.startService:1816 android.content.ContextWrapper.startService:774 android.content.ContextWrapper.startService:774 com.qualcomm.qti.qdma.app.BootReceiver.onBootReceived:115 com.qualcomm.qti.innodme.InnoBootReceiver.onReceive:22
01-01 09:51:30.282 0 0 I zram0 : detected capacity change from 0 to 4294967296
01-01 09:51:30.294 0 0 I android_work: sent uevent USB_STATE=CONNECTED
01-10 03:25:28.043 2904 3437 W ContextImpl: Calling a method in the system process without a qualified user: android.app.ContextImpl.startService:1816 android.content.ContextWrapper.startService:774 com.qualcomm.qti.qdma.util.PeriodicCI.run:477 com.qualcomm.qti.qdma.util.PeriodicCI.start:390 com.qualcomm.qti.qdma.app.ActiveCareService$ProcessSessionRequest.run:457
01-10 03:25:28.047 1136 3041 I am_uid_running: 10089
01-10 03:25:28.047 1136 3041 D CompatibilityChangeReporter: Compat change id reported: 135634846; UID 10089; state: DISABLED
01-10 03:25:28.047 1136 3041 D CompatibilityChangeReporter: Compat change id reported: 177438394; UID 10089; state: DISABLED
01-10 03:25:28.047 1136 3041 D CompatibilityChangeReporter: Compat change id reported: 135772972; UID 10089; state: DISABLED
01-10 03:25:28.047 1136 3041 D CompatibilityChangeReporter: Compat change id reported: 135754954; UID 10089; state: ENABLED
01-01 09:51:30.322 0 0 W bimc-bwmon: Zone thres larger than hw limit: hi:72090 med:19661 lo:0
01-10 03:25:28.048 1136 1652 D CompatibilityChangeReporter: Compat change id reported: 143937733; UID 10089; state: ENABLED
01-10 03:25:28.048 1136 1652 W ActivityManager: com.qualcomm.qtil.aptxui inode == 0 (b/152760674)
01-01 09:51:30.338 0 0 I configfs-gadget gadget: high-speed config #1: b
01-01 09:51:30.340 0 0 E msm-dwc3 a600000.ssusb: Could not get usb psy
01-10 03:25:28.083 1136 3041 D CompatibilityChangeReporter: Compat change id reported: 182478738; UID 1001; state: DISABLED
01-01 09:51:30.395 0 0 I android_work: sent uevent USB_STATE=CONFIGURED
01-01 09:51:30.407 0 0 I : Adding 4194300k swap on /dev/block/zram0. Priority:32758 extents:1 across:4194300k SS
01-01 09:51:30.463 0 0 I [schedu][0x764af0b4][03:25:28.202415] wlan: [3172:I:HIF] Deinitializing Runtime PM wakelock &vdev->vdev_set_key_runtime_wakelock
01-01 09:51:30.468 0 0 I binder : 3463:3463 ioctl 40046210 7fe87a7184 returned -22
01-01 09:51:30.478 0 0 I [schedu][0x764f5669][03:25:28.217427] wlan: [3172:I:HIF] Initializing Runtime PM wakelock &vdev->vdev_set_key_runtime_wakelock
01-10 03:25:28.121 1136 1652 W ActivityManager: Slow operation: 74ms so far, now at startProcess: returned from zygote!
01-10 03:25:28.121 1136 1652 W ActivityManager: Slow operation: 74ms so far, now at startProcess: done updating battery stats
01-10 03:25:28.121 1136 1652 I am_proc_start: [0,3463,10089,com.qualcomm.qtil.aptxui,broadcast,{com.qualcomm.qtil.aptxui/com.qualcomm.qtil.aptxui.aptxuiBootReceiver}]
01-10 03:25:28.122 1136 1652 W ActivityManager: Slow operation: 74ms so far, now at startProcess: building log message
01-10 03:25:28.122 1136 1652 I ActivityManager: Start proc 3463:com.qualcomm.qtil.aptxui/u0a89 for broadcast {com.qualcomm.qtil.aptxui/com.qualcomm.qtil.aptxui.aptxuiBootReceiver}
01-10 03:25:28.122 1136 1652 W ActivityManager: Slow operation: 74ms so far, now at startProcess: starting to update pids map
01-10 03:25:28.122 1136 1652 W ActivityManager: Slow operation: 75ms so far, now at startProcess: done updating pids map
01-10 03:25:28.123 2437 3457 W ActivityThread: Failed to find provider info for com.android.contacts (user not unlocked)
01-10 03:25:28.128 1136 2521 D PackageManager: Instant App installer not found with android.intent.action.INSTALL_INSTANT_APP_PACKAGE
01-10 03:25:28.128 1136 2521 D PackageManager: Clear ephemeral installer activity
01-10 03:25:28.150 1136 1848 I commit_sys_config_file: [settings-2-0,194]
01-10 03:25:28.150 1136 1635 I commit_sys_config_file: [notification-policy,6446]
01-10 03:25:28.150 1136 1635 D BluetoothManagerService: MESSAGE_BLUETOOTH_STATE_CHANGE: TURNING_ON > ON
01-10 03:25:28.150 1136 1635 D BluetoothManagerService: Broadcasting onBluetoothStateChange(true) to 10 receivers.
01-10 03:25:28.159 1136 1635 D BluetoothManagerService: Creating new ProfileServiceConnections object for profile: 1
01-10 03:25:28.185 1136 1635 W BluetoothManagerService: psc is not null in bindBluetoothProfileService
01-10 03:25:28.193 1136 1635 D BluetoothManagerService: Sending BLE State Change: TURNING_ON > ON
01-10 03:25:28.194 1136 1635 D BluetoothManagerService: Sending State Change: TURNING_ON > ON
01-10 03:25:28.223 1136 1633 V PackageManager: reconcileAppsData finished 144 packages
01-10 03:25:28.223 1136 1633 I ActivityManager: User 0 state changed from RUNNING_LOCKED to RUNNING_UNLOCKING
01-10 03:25:28.224 1136 1633 I am_user_state_changed: [0,2]
01-10 03:25:28.226 1136 1633 D ActivityManager: Unlocking user 0 progress 20
01-10 03:25:28.228 1136 1651 I ssm_user_unlocking: 0
01-10 03:25:28.228 1136 1651 I SystemServerTimingAsync: ssm.UnlockingUser-0
01-10 03:25:28.228 1136 1651 I SystemServiceManager: Calling onUnlockingUser 0
01-10 03:25:28.228 1136 1651 I SystemServerTimingAsync: ssm.onUnlockingUser-0_com.android.server.security.FileIntegrityService
01-10 03:25:28.228 1136 1651 D SystemServerTimingAsync: ssm.onUnlockingUser-0_com.android.server.security.FileIntegrityService took to complete: 0ms
01-10 03:25:28.228 1136 1651 I SystemServerTimingAsync: ssm.onUnlockingUser-0_com.android.server.pm.Installer
01-10 03:25:28.228 1136 1651 D SystemServerTimingAsync: ssm.onUnlockingUser-0_com.android.server.pm.Installer took to complete: 0ms
01-10 03:25:28.228 1136 1651 I SystemServerTimingAsync: ssm.onUnlockingUser-0_com.android.server.os.DeviceIdentifiersPolicyService
01-10 03:25:28.228 1136 1651 D SystemServerTimingAsync: ssm.onUnlockingUser-0_com.android.server.os.DeviceIdentifiersPolicyService took to complete: 0ms
01-10 03:25:28.228 1136 1651 I SystemServerTimingAsync: ssm.onUnlockingUser-0_com.android.server.uri.UriGrantsManagerService$Lifecycle
01-10 03:25:28.228 1136 1651 D SystemServerTimingAsync: ssm.onUnlockingUser-0_com.android.server.uri.UriGrantsManagerService$Lifecycle took to complete: 0ms
01-10 03:25:28.228 1136 1651 I SystemServerTimingAsync: ssm.onUnlockingUser-0_com.android.server.powerstats.PowerStatsService
01-10 03:25:28.228 1136 1651 D SystemServerTimingAsync: ssm.onUnlockingUser-0_com.android.server.powerstats.PowerStatsService took to complete: 0ms
01-10 03:25:28.228 1136 1651 I SystemServerTimingAsync: ssm.onUnlockingUser-0_com.android.server.wm.ActivityTaskManagerService$Lifecycle
01-10 03:25:28.228 1136 1651 D SystemServerTimingAsync: ssm.onUnlockingUser-0_com.android.server.wm.ActivityTaskManagerService$Lifecycle took to complete: 0ms
01-10 03:25:28.229 1136 1651 I SystemServerTimingAsync: ssm.onUnlockingUser-0_com.android.server.am.ActivityManagerService$Lifecycle
01-10 03:25:28.229 1136 1651 D SystemServerTimingAsync: ssm.onUnlockingUser-0_com.android.server.am.ActivityManagerService$Lifecycle took to complete: 0ms
01-10 03:25:28.229 1136 1651 I SystemServerTimingAsync: ssm.onUnlockingUser-0_com.android.server.pm.DataLoaderManagerService
01-10 03:25:28.229 1136 1651 D SystemServerTimingAsync: ssm.onUnlockingUser-0_com.android.server.pm.DataLoaderManagerService took to complete: 0ms
01-10 03:25:28.229 1136 1651 I SystemServerTimingAsync: ssm.onUnlockingUser-0_com.android.server.power.PowerManagerService
01-10 03:25:28.229 1136 1651 D SystemServerTimingAsync: ssm.onUnlockingUser-0_com.android.server.power.PowerManagerService took to complete: 0ms
01-10 03:25:28.229 1136 1651 I SystemServerTimingAsync: ssm.onUnlockingUser-0_com.android.server.power.ThermalManagerService
01-10 03:25:28.229 1136 1651 D SystemServerTimingAsync: ssm.onUnlockingUser-0_com.android.server.power.ThermalManagerService took to complete: 0ms
01-10 03:25:28.229 1136 1651 I SystemServerTimingAsync: ssm.onUnlockingUser-0_com.android.server.power.hint.HintManagerService
01-10 03:25:28.229 1136 3041 I am_proc_bound: [0,3463,com.qualcomm.qtil.aptxui]
01-10 03:25:28.229 1136 1651 D SystemServerTimingAsync: ssm.onUnlockingUser-0_com.android.server.power.hint.HintManagerService took to complete: 0ms
01-10 03:25:28.229 1136 1651 I SystemServerTimingAsync: ssm.onUnlockingUser-0_com.android.server.recoverysystem.RecoverySystemService$Lifecycle
01-10 03:25:28.229 1136 1651 D SystemServerTimingAsync: ssm.onUnlockingUser-0_com.android.server.recoverysystem.RecoverySystemService$Lifecycle took to complete: 0ms
01-10 03:25:28.229 1136 1651 I SystemServerTimingAsync: ssm.onUnlockingUser-0_com.android.server.lights.LightsService
01-10 03:25:28.229 1136 1651 D SystemServerTimingAsync: ssm.onUnlockingUser-0_com.android.server.lights.LightsService took to complete: 0ms
01-10 03:25:28.229 1136 1651 I SystemServerTimingAsync: ssm.onUnlockingUser-0_com.android.server.display.DisplayManagerService
01-10 03:25:28.229 1136 1651 D SystemServerTimingAsync: ssm.onUnlockingUser-0_com.android.server.display.DisplayManagerService took to complete: 0ms
01-10 03:25:28.229 1136 1651 I SystemServerTimingAsync: ssm.onUnlockingUser-0_com.android.server.pm.verify.domain.DomainVerificationService
01-10 03:25:28.229 1136 1651 D SystemServerTimingAsync: ssm.onUnlockingUser-0_com.android.server.pm.verify.domain.DomainVerificationService took to complete: 0ms
01-10 03:25:28.229 1136 1651 I SystemServerTimingAsync: ssm.onUnlockingUser-0_com.android.server.pm.PackageInstallerService$Lifecycle
01-10 03:25:28.229 1136 1651 D SystemServerTimingAsync: ssm.onUnlockingUser-0_com.android.server.pm.PackageInstallerService$Lifecycle took to complete: 0ms
01-10 03:25:28.229 1136 1651 I SystemServerTimingAsync: ssm.onUnlockingUser-0_com.android.server.pm.UserManagerService$LifeCycle
01-10 03:25:28.229 1136 1651 D SystemServerTimingAsync: ssm.onUnlockingUser-0_com.android.server.pm.UserManagerService$LifeCycle took to complete: 0ms
01-10 03:25:28.230 1136 1651 I SystemServerTimingAsync: ssm.onUnlockingUser-0_com.android.server.om.OverlayManagerService
01-10 03:25:28.230 1136 1651 D SystemServerTimingAsync: ssm.onUnlockingUser-0_com.android.server.om.OverlayManagerService took to complete: 0ms
01-10 03:25:28.230 1136 1651 I SystemServerTimingAsync: ssm.onUnlockingUser-0_com.android.server.SensorPrivacyService
01-10 03:25:28.230 1136 1651 D SystemServerTimingAsync: ssm.onUnlockingUser-0_com.android.server.SensorPrivacyService took to complete: 0ms
01-10 03:25:28.230 1136 1651 I SystemServerTimingAsync: ssm.onUnlockingUser-0_com.android.server.thunderperf.ThunderBoostPerfService
01-10 03:25:28.230 1136 1651 D SystemServerTimingAsync: ssm.onUnlockingUser-0_com.android.server.thunderperf.ThunderBoostPerfService took to complete: 0ms
01-10 03:25:28.230 1136 1651 I SystemServerTimingAsync: ssm.onUnlockingUser-0_com.android.server.sensors.SensorService
01-10 03:25:28.230 1136 1651 D SystemServerTimingAsync: ssm.onUnlockingUser-0_com.android.server.sensors.SensorService took to complete: 0ms
01-10 03:25:28.230 1136 1651 I SystemServerTimingAsync: ssm.onUnlockingUser-0_com.android.server.SystemConfigService
01-10 03:25:28.230 1136 1651 D SystemServerTimingAsync: ssm.onUnlockingUser-0_com.android.server.SystemConfigService took to complete: 0ms
01-10 03:25:28.230 1136 1651 I SystemServerTimingAsync: ssm.onUnlockingUser-0_com.android.server.BatteryService
01-10 03:25:28.230 1136 1651 D SystemServerTimingAsync: ssm.onUnlockingUser-0_com.android.server.BatteryService took to complete: 0ms
01-10 03:25:28.230 1136 1651 I SystemServerTimingAsync: ssm.onUnlockingUser-0_com.android.server.usage.UsageStatsService
01-10 03:25:28.230 1136 1651 D SystemServerTimingAsync: ssm.onUnlockingUser-0_com.android.server.usage.UsageStatsService took to complete: 0ms
01-10 03:25:28.230 1136 1651 I SystemServerTimingAsync: ssm.onUnlockingUser-0_com.android.server.webkit.WebViewUpdateService
01-10 03:25:28.230 1136 1651 D SystemServerTimingAsync: ssm.onUnlockingUser-0_com.android.server.webkit.WebViewUpdateService took to complete: 0ms
01-10 03:25:28.231 1136 1651 I SystemServerTimingAsync: ssm.onUnlockingUser-0_com.android.server.CachedDeviceStateService
01-10 03:25:28.231 1136 1651 D SystemServerTimingAsync: ssm.onUnlockingUser-0_com.android.server.CachedDeviceStateService took to complete: 0ms
01-10 03:25:28.231 1136 1651 I SystemServerTimingAsync: ssm.onUnlockingUser-0_com.android.server.BinderCallsStatsService$LifeCycle
01-10 03:25:28.231 1136 1651 D SystemServerTimingAsync: ssm.onUnlockingUser-0_com.android.server.BinderCallsStatsService$LifeCycle took to complete: 0ms
01-10 03:25:28.231 1136 1651 I SystemServerTimingAsync: ssm.onUnlockingUser-0_com.android.server.LooperStatsService$Lifecycle
01-10 03:25:28.231 1136 1651 D SystemServerTimingAsync: ssm.onUnlockingUser-0_com.android.server.LooperStatsService$Lifecycle took to complete: 0ms
01-10 03:25:28.231 1136 1651 I SystemServerTimingAsync: ssm.onUnlockingUser-0_com.android.server.rollback.RollbackManagerService
01-10 03:25:28.231 1136 1651 D SystemServerTimingAsync: ssm.onUnlockingUser-0_com.android.server.rollback.RollbackManagerService took to complete: 0ms
01-10 03:25:28.231 1136 1651 I SystemServerTimingAsync: ssm.onUnlockingUser-0_com.android.server.os.NativeTombstoneManagerService
01-10 03:25:28.231 1136 1651 D SystemServerTimingAsync: ssm.onUnlockingUser-0_com.android.server.os.NativeTombstoneManagerService took to complete: 0ms
01-10 03:25:28.232 1136 1651 I SystemServerTimingAsync: ssm.onUnlockingUser-0_com.android.server.os.BugreportManagerService
01-10 03:25:28.232 1136 1651 D SystemServerTimingAsync: ssm.onUnlockingUser-0_com.android.server.os.BugreportManagerService took to complete: 0ms
01-10 03:25:28.232 1136 1651 I SystemServerTimingAsync: ssm.onUnlockingUser-0_com.android.server.gpu.GpuService
01-10 03:25:28.232 1136 1651 D SystemServerTimingAsync: ssm.onUnlockingUser-0_com.android.server.gpu.GpuService took to complete: 0ms
01-10 03:25:28.232 1136 1651 I SystemServerTimingAsync: ssm.onUnlockingUser-0_com.android.server.security.KeyChainSystemService
01-10 03:25:28.232 1136 1651 D SystemServerTimingAsync: ssm.onUnlockingUser-0_com.android.server.security.KeyChainSystemService took to complete: 0ms
01-10 03:25:28.232 1136 1651 I SystemServerTimingAsync: ssm.onUnlockingUser-0_com.android.server.telecom.TelecomLoaderService
01-10 03:25:28.232 1136 1651 D SystemServerTimingAsync: ssm.onUnlockingUser-0_com.android.server.telecom.TelecomLoaderService took to complete: 0ms
01-10 03:25:28.232 1136 1651 I SystemServerTimingAsync: ssm.onUnlockingUser-0_com.android.server.accounts.AccountManagerService$Lifecycle
01-10 03:25:28.232 1136 1651 D SystemServerTimingAsync: ssm.onUnlockingUser-0_com.android.server.accounts.AccountManagerService$Lifecycle took to complete: 0ms
01-10 03:25:28.232 1136 1651 I SystemServerTimingAsync: ssm.onUnlockingUser-0_com.android.server.content.ContentService$Lifecycle
01-10 03:25:28.232 1136 1651 D SystemServerTimingAsync: ssm.onUnlockingUser-0_com.android.server.content.ContentService$Lifecycle took to complete: 0ms
01-10 03:25:28.232 1136 1651 I SystemServerTimingAsync: ssm.onUnlockingUser-0_com.android.server.DropBoxManagerService
01-10 03:25:28.232 1136 1651 D SystemServerTimingAsync: ssm.onUnlockingUser-0_com.android.server.DropBoxManagerService took to complete: 0ms
01-10 03:25:28.232 1136 1651 I SystemServerTimingAsync: ssm.onUnlockingUser-0_com.android.role.RoleService
01-10 03:25:28.233 1136 1651 D SystemServerTimingAsync: ssm.onUnlockingUser-0_com.android.role.RoleService took to complete: 0ms
01-10 03:25:28.233 1136 1651 I SystemServerTimingAsync: ssm.onUnlockingUser-0_com.android.server.vibrator.VibratorManagerService$Lifecycle
01-10 03:25:28.233 1136 1651 D SystemServerTimingAsync: ssm.onUnlockingUser-0_com.android.server.vibrator.VibratorManagerService$Lifecycle took to complete: 0ms
01-10 03:25:28.233 1136 1651 I SystemServerTimingAsync: ssm.onUnlockingUser-0_com.android.server.alarm.AlarmManagerService
01-10 03:25:28.233 1136 1651 D SystemServerTimingAsync: ssm.onUnlockingUser-0_com.android.server.alarm.AlarmManagerService took to complete: 0ms
01-10 03:25:28.233 1136 1651 I SystemServerTimingAsync: ssm.onUnlockingUser-0_com.android.server.devicestate.DeviceStateManagerService
01-10 03:25:28.233 1136 1651 D SystemServerTimingAsync: ssm.onUnlockingUser-0_com.android.server.devicestate.DeviceStateManagerService took to complete: 0ms
01-10 03:25:28.233 1136 1651 I SystemServerTimingAsync: ssm.onUnlockingUser-0_com.android.server.camera.CameraServiceProxy
01-10 03:25:28.233 1136 1651 D SystemServerTimingAsync: ssm.onUnlockingUser-0_com.android.server.camera.CameraServiceProxy took to complete: 0ms
01-10 03:25:28.233 1136 1651 I SystemServerTimingAsync: ssm.onUnlockingUser-0_com.android.server.BluetoothService
01-10 03:25:28.233 1136 1651 D BluetoothManagerService: User 0 unlocked
01-10 03:25:28.233 1136 1651 D SystemServerTimingAsync: ssm.onUnlockingUser-0_com.android.server.BluetoothService took to complete: 0ms
01-10 03:25:28.233 1136 1651 I SystemServerTimingAsync: ssm.onUnlockingUser-0_com.android.server.connectivity.IpConnectivityMetrics
01-10 03:25:28.233 1136 1651 D SystemServerTimingAsync: ssm.onUnlockingUser-0_com.android.server.connectivity.IpConnectivityMetrics took to complete: 0ms
01-10 03:25:28.233 1136 1651 I SystemServerTimingAsync: ssm.onUnlockingUser-0_com.android.server.net.watchlist.NetworkWatchlistService$Lifecycle
01-10 03:25:28.233 1136 1651 D SystemServerTimingAsync: ssm.onUnlockingUser-0_com.android.server.net.watchlist.NetworkWatchlistService$Lifecycle took to complete: 0ms
01-10 03:25:28.233 1136 1651 I SystemServerTimingAsync: ssm.onUnlockingUser-0_com.android.server.PinnerService
01-10 03:25:28.233 1136 1651 D SystemServerTimingAsync: ssm.onUnlockingUser-0_com.android.server.PinnerService took to complete: 0ms
01-10 03:25:28.233 1136 1651 I SystemServerTimingAsync: ssm.onUnlockingUser-0_com.google.android.startop.iorap.IorapForwardingService
01-10 03:25:28.233 1136 1651 D SystemServerTimingAsync: ssm.onUnlockingUser-0_com.google.android.startop.iorap.IorapForwardingService took to complete: 0ms
01-10 03:25:28.233 1136 1651 I SystemServerTimingAsync: ssm.onUnlockingUser-0_com.android.server.ActivityTriggerService
01-10 03:25:28.234 1136 1651 D SystemServerTimingAsync: ssm.onUnlockingUser-0_com.android.server.ActivityTriggerService took to complete: 0ms
01-10 03:25:28.234 1136 1651 I SystemServerTimingAsync: ssm.onUnlockingUser-0_com.android.server.integrity.AppIntegrityManagerService
01-10 03:25:28.234 1136 1651 D SystemServerTimingAsync: ssm.onUnlockingUser-0_com.android.server.integrity.AppIntegrityManagerService took to complete: 0ms
01-10 03:25:28.234 1136 1633 W Looper : Slow dispatch took 1813ms android.fg h=android.os.Handler c=com.android.server.am.UserController$$ExternalSyntheticLambda3@f355173 m=0
01-10 03:25:28.234 1136 1633 W Looper : Slow delivery took 1815ms android.fg h=android.os.Handler c=com.android.server.am.UserController$$ExternalSyntheticLambda1@4ae322e m=0
01-10 03:25:28.235 1136 1651 I SystemServerTimingAsync: ssm.onUnlockingUser-0_com.android.server.inputmethod.InputMethodManagerService$Lifecycle
01-10 03:25:28.235 1136 1651 D SystemServerTimingAsync: ssm.onUnlockingUser-0_com.android.server.inputmethod.InputMethodManagerService$Lifecycle took to complete: 0ms
01-10 03:25:28.235 1136 1651 I SystemServerTimingAsync: ssm.onUnlockingUser-0_com.android.server.accessibility.AccessibilityManagerService$Lifecycle
01-10 03:25:28.235 1136 1651 D SystemServerTimingAsync: ssm.onUnlockingUser-0_com.android.server.accessibility.AccessibilityManagerService$Lifecycle took to complete: 0ms
01-10 03:25:28.235 1136 1651 I SystemServerTimingAsync: ssm.onUnlockingUser-0_com.android.server.StorageManagerService$Lifecycle
01-10 03:25:28.235 1136 1651 D StorageManagerService: onUnlockUser 0
01-10 03:25:28.236 1136 1651 I StorageSessionController: On user unlock 0
01-10 03:25:28.236 1136 1651 I StorageSessionController: Initialialising...
01-10 03:25:28.246 1136 3041 D CompatibilityChangeReporter: Compat change id reported: 168419799; UID 10089; state: DISABLED
01-10 03:25:28.256 549 549 I vold : onUserStarted: 0
01-10 03:25:28.249 1136 3041 I am_uid_active: 10089
01-10 03:25:28.257 1136 2521 V StorageManagerService: Found primary storage at VolumeInfo{emulated;0}:
01-10 03:25:28.257 1136 2521 V StorageManagerService: type=EMULATED diskId=null partGuid= mountFlags=0 mountUserId=0
01-10 03:25:28.257 1136 2521 V StorageManagerService: state=UNMOUNTED
01-10 03:25:28.257 1136 2521 V StorageManagerService: fsType=null fsUuid=null fsLabel=null
01-10 03:25:28.257 1136 2521 V StorageManagerService: path=null internalPath=null
01-10 03:25:28.262 1136 1635 I commit_sys_config_file: [jobs,59]
01-10 03:25:28.262 1136 1635 D BluetoothManagerService: MESSAGE_USER_UNLOCKED
01-10 03:25:28.264 1136 1633 W Looper : Drained
01-10 03:25:28.270 1136 1932 I StorageManagerService: Mounting volume VolumeInfo{emulated;0}:
01-10 03:25:28.270 1136 1932 I StorageManagerService: type=EMULATED diskId=null partGuid= mountFlags=PRIMARY|VISIBLE
01-10 03:25:28.270 1136 1932 I StorageManagerService: mountUserId=0 state=UNMOUNTED
01-10 03:25:28.270 1136 1932 I StorageManagerService: fsType=null fsUuid=null fsLabel=null
01-10 03:25:28.270 1136 1932 I StorageManagerService: path=null internalPath=null
01-10 03:25:28.270 1136 1651 D SystemServerTimingAsync: ssm.onUnlockingUser-0_com.android.server.StorageManagerService$Lifecycle took to complete: 35ms
01-10 03:25:28.270 1136 1651 I SystemServerTimingAsync: ssm.onUnlockingUser-0_com.android.server.usage.StorageStatsService$Lifecycle
01-10 03:25:28.270 1136 1651 D SystemServerTimingAsync: ssm.onUnlockingUser-0_com.android.server.usage.StorageStatsService$Lifecycle took to complete: 0ms
01-10 03:25:28.270 1136 1651 I SystemServerTimingAsync: ssm.onUnlockingUser-0_com.android.server.UiModeManagerService
01-10 03:25:28.271 1136 1651 D SystemServerTimingAsync: ssm.onUnlockingUser-0_com.android.server.UiModeManagerService took to complete: 0ms
01-10 03:25:28.271 1136 1651 I SystemServerTimingAsync: ssm.onUnlockingUser-0_com.android.server.locksettings.LockSettingsService$Lifecycle
01-10 03:25:28.271 1136 1651 D SystemServerTimingAsync: ssm.onUnlockingUser-0_com.android.server.locksettings.LockSettingsService$Lifecycle took to complete: 1ms
01-10 03:25:28.271 1136 1651 I SystemServerTimingAsync: ssm.onUnlockingUser-0_com.android.server.PersistentDataBlockService
01-10 03:25:28.271 1136 1651 D SystemServerTimingAsync: ssm.onUnlockingUser-0_com.android.server.PersistentDataBlockService took to complete: 0ms
01-10 03:25:28.271 1136 1651 I SystemServerTimingAsync: ssm.onUnlockingUser-0_com.android.server.testharness.TestHarnessModeService
01-10 03:25:28.271 1136 1651 D SystemServerTimingAsync: ssm.onUnlockingUser-0_com.android.server.testharness.TestHarnessModeService took to complete: 0ms
01-10 03:25:28.271 1136 1651 I SystemServerTimingAsync: ssm.onUnlockingUser-0_com.android.server.oemlock.OemLockService
01-10 03:25:28.271 1136 1651 D SystemServerTimingAsync: ssm.onUnlockingUser-0_com.android.server.oemlock.OemLockService took to complete: 0ms
01-10 03:25:28.271 1136 1651 I SystemServerTimingAsync: ssm.onUnlockingUser-0_com.android.server.DeviceIdleController
01-10 03:25:28.271 1136 1651 D SystemServerTimingAsync: ssm.onUnlockingUser-0_com.android.server.DeviceIdleController took to complete: 0ms
01-10 03:25:28.271 549 549 I vold : Executing sdcardfs
01-10 03:25:28.271 1136 1651 I SystemServerTimingAsync: ssm.onUnlockingUser-0_com.android.server.devicepolicy.DevicePolicyManagerService$Lifecycle
01-10 03:25:28.271 1136 1651 D SystemServerTimingAsync: ssm.onUnlockingUser-0_com.android.server.devicepolicy.DevicePolicyManagerService$Lifecycle took to complete: 0ms
01-10 03:25:28.271 1136 1651 I SystemServerTimingAsync: ssm.onUnlockingUser-0_com.android.server.texttospeech.TextToSpeechManagerService
01-10 03:25:28.272 1136 1651 D SystemServerTimingAsync: ssm.onUnlockingUser-0_com.android.server.texttospeech.TextToSpeechManagerService took to complete: 0ms
01-10 03:25:28.272 1136 1651 I SystemServerTimingAsync: ssm.onUnlockingUser-0_com.android.server.speech.SpeechRecognitionManagerService
01-10 03:25:28.272 1136 1651 D SystemServerTimingAsync: ssm.onUnlockingUser-0_com.android.server.speech.SpeechRecognitionManagerService took to complete: 1ms
01-10 03:25:28.272 1136 1651 I SystemServerTimingAsync: ssm.onUnlockingUser-0_com.android.server.searchui.SearchUiManagerService
01-10 03:25:28.272 1136 1651 D SystemServerTimingAsync: ssm.onUnlockingUser-0_com.android.server.searchui.SearchUiManagerService took to complete: 0ms
01-10 03:25:28.272 1136 1651 I SystemServerTimingAsync: ssm.onUnlockingUser-0_com.android.server.smartspace.SmartspaceManagerService
01-10 03:25:28.272 1136 1651 D SystemServerTimingAsync: ssm.onUnlockingUser-0_com.android.server.smartspace.SmartspaceManagerService took to complete: 0ms
