01-10 03:25:46.117 1136 1652 I am_proc_start: [0,4379,10035,com.android.traceur,broadcast,{com.android.traceur/com.android.traceur.Receiver}]
01-10 03:25:46.117 1136 1652 I ActivityManager: Start proc 4379:com.android.traceur/u0a35 for broadcast {com.android.traceur/com.android.traceur.Receiver}
01-10 03:25:46.126 3016 3016 V Launcher: LauncherAppState initiated
01-10 03:25:46.139 3016 3016 D DeviceProfile: updateIconDrawableOffset: folderIconSizePx=68
01-10 03:25:46.140 1136 1635 I DropBoxManagerService: add tag=system_server_strictmode isTagEnabled=true flags=0x2
01-10 03:25:46.150 3269 3287 I adbd : jdwp connection from 4379
01-10 03:25:46.154 3016 3016 D CompatibilityChangeReporter: Compat change id reported: 171228096; UID 10080; state: ENABLED
01-10 03:25:46.156 1136 2950 I AdrenoGLES-0: QUALCOMM build : 47421dbee6, I139f36ad46
01-10 03:25:46.156 1136 2950 I AdrenoGLES-0: Build Date : 02/18/22
01-10 03:25:46.156 1136 2950 I AdrenoGLES-0: OpenGL ES Shader Compiler Version: EV031.32.02.17
01-10 03:25:46.156 1136 2950 I AdrenoGLES-0: Local Branch :
01-10 03:25:46.156 1136 2950 I AdrenoGLES-0: Remote Branch :
01-10 03:25:46.156 1136 2950 I AdrenoGLES-0: Remote Branch :
01-10 03:25:46.156 1136 2950 I AdrenoGLES-0: Reconstruct Branch :
01-10 03:25:46.156 1136 2950 I AdrenoGLES-0: Build Config : S P 10.0.7 AArch64
01-10 03:25:46.156 1136 2950 I AdrenoGLES-0: Driver Path : /vendor/lib64/egl/libGLESv2_adreno.so
01-01 09:51:48.412 0 0 I binder : 4379:4379 ioctl 40046210 7fe87a7184 returned -22
01-10 03:25:46.158 4379 4379 D ProcessState: Binder ioctl to enable oneway spam detection failed: Invalid argument
01-10 03:25:46.158 504 504 I hwservicemanager: getTransport: Cannot find entry android.hardware.graphics.mapper@4.0::IMapper/default in either framework or device VINTF manifest.
01-10 03:25:46.164 1136 1599 I am_proc_bound: [0,4379,com.android.traceur]
01-10 03:25:46.165 1136 1599 D CompatibilityChangeReporter: Compat change id reported: 168419799; UID 10035; state: DISABLED
01-10 03:25:46.166 1136 1599 D CompatibilityInfo: mCompatibilityFlags - 4
01-10 03:25:46.167 1136 1599 D CompatibilityInfo: applicationDensity - 240
01-10 03:25:46.167 1136 1599 D CompatibilityInfo: applicationScale - 1.0
01-10 03:25:46.168 1271 4160 I CCodecBufferChannel: pipelineRoom(1) is <= numClientBuffers(2). Not signalling any more buffers to client
01-10 03:25:46.168 1271 4334 I CCodecBufferChannel: pipelineRoom(1) is <= numClientBuffers(1). Not signalling any more buffers to client
01-10 03:25:46.169 1271 1833 I CCodecBufferChannel: pipelineRoom(1) is <= numClientBuffers(1). Not signalling any more buffers to client
01-10 03:25:46.169 1271 1868 I CCodecBufferChannel: pipelineRoom(1) is <= numClientBuffers(1). Not signalling any more buffers to client
01-10 03:25:46.170 1271 1868 I CCodecBufferChannel: pipelineRoom(1) is <= numClientBuffers(1). Not signalling any more buffers to client
01-10 03:25:46.170 1136 1599 I am_uid_active: 10035
01-10 03:25:46.170 1271 4346 I CCodecBufferChannel: pipelineRoom(2) is <= numClientBuffers(2). Not signalling any more buffers to client
01-10 03:25:46.170 1136 1599 D CompatibilityInfo: mCompatibilityFlags - 4
01-10 03:25:46.170 1136 1599 D CompatibilityInfo: applicationDensity - 240
01-10 03:25:46.169 1271 4160 I CCodecBufferChannel: pipelineRoom(2) is <= numClientBuffers(2). Not signalling any more buffers to client
01-10 03:25:46.171 1136 1599 D CompatibilityInfo: applicationScale - 1.0
01-10 03:25:46.171 1136 2950 I AdrenoGLES-0: PFP: 0x016dd093, ME: 0x00000000
01-10 03:25:46.171 1271 4160 I CCodecBufferChannel: pipelineRoom(2) is <= numClientBuffers(2). Not signalling any more buffers to client
01-10 03:25:46.174 1271 1833 I CCodecBufferChannel: pipelineRoom(1) is <= numClientBuffers(2). Not signalling any more buffers to client
01-10 03:25:46.174 1271 4160 I CCodecBufferChannel: pipelineRoom(1) is <= numClientBuffers(2). Not signalling any more buffers to client
01-10 03:25:46.174 1271 4160 I CCodecBufferChannel: pipelineRoom(1) is <= numClientBuffers(2). Not signalling any more buffers to client
01-10 03:25:46.174 1271 4346 I CCodecBufferChannel: pipelineRoom(1) is <= numClientBuffers(1). Not signalling any more buffers to client
01-10 03:25:46.175 1271 4346 I CCodecBufferChannel: pipelineRoom(2) is <= numClientBuffers(2). Not signalling any more buffers to client
01-10 03:25:46.175 1271 4346 I CCodecBufferChannel: pipelineRoom(3) is <= numClientBuffers(3). Not signalling any more buffers to client
01-10 03:25:46.179 1271 1833 I CCodecBufferChannel: pipelineRoom(1) is <= numClientBuffers(1). Not signalling any more buffers to client
01-10 03:25:46.179 1271 1833 I CCodecBufferChannel: pipelineRoom(1) is <= numClientBuffers(1). Not signalling any more buffers to client
01-10 03:25:46.185 4379 4379 D CompatibilityChangeReporter: Compat change id reported: 171979766; UID 10035; state: ENABLED
01-10 03:25:46.186 1136 2950 D libEGL : MSAA-->msaa:0 gamemode:0 4x_msaa:0
01-10 03:25:46.193 2456 2456 I ThemeOverlayController: Allowing color events again
01-10 03:25:46.229 4379 4379 I Perf : Connecting to perf service.
01-10 03:25:46.238 4379 4379 V GraphicsEnvironment: ANGLE Developer option for 'com.android.traceur' set to: 'default'
01-10 03:25:46.239 4379 4379 V GraphicsEnvironment: ANGLE GameManagerService for com.android.traceur: false
01-10 03:25:46.241 4379 4379 D NetworkSecurityConfig: No Network Security Config specified, using platform default
01-10 03:25:46.242 4379 4379 D NetworkSecurityConfig: No Network Security Config specified, using platform default
01-10 03:25:46.248 1136 1599 W FreeFormWindowHelper: Current Display FreeFormTask is null
01-10 03:25:46.251 3016 3016 E ThemeUtils: View class com.android.quickstep.views.ClearAllImageView is an AppCompat widget that can only be used with a Theme.AppCompat theme (or descendant).
01-10 03:25:46.258 4379 4379 I Traceur : Received BOOT_COMPLETE
01-10 03:25:46.259 1136 2950 I sysui_multi_action: [757,856,758,1,806,com.android.traceur,857,trace-is-being-recorded,858,4]
01-10 03:25:46.260 1136 1599 I sysui_multi_action: [757,856,758,1,806,com.android.traceur,857,system-tracing,858,4]
01-10 03:25:46.264 3016 3016 D EditModeHelper: setHotseatVisibility: 0
01-10 03:25:46.266 3016 3016 D Launcher.Model: startLoader
01-10 03:25:46.266 3016 3016 D Launcher.Model: java.lang.Exception
01-10 03:25:46.266 3016 3016 D Launcher.Model: at com.android.launcher3.LauncherModel.startLoader(LauncherModel.java:353)
01-10 03:25:46.266 3016 3016 D Launcher.Model: at com.android.launcher3.LauncherModel.addCallbacksAndLoad(LauncherModel.java:333)
01-10 03:25:46.266 3016 3016 D Launcher.Model: at com.android.launcher3.Launcher.onCreate(Launcher.java:526)
01-10 03:25:46.266 3016 3016 D Launcher.Model: at com.android.launcher3.BaseQuickstepLauncher.onCreate(BaseQuickstepLauncher.java:146)
01-10 03:25:46.266 3016 3016 D Launcher.Model: at android.app.Activity.performCreate(Activity.java:8076)
01-10 03:25:46.266 3016 3016 D Launcher.Model: at android.app.Activity.performCreate(Activity.java:8056)
01-10 03:25:46.266 3016 3016 D Launcher.Model: at android.app.Instrumentation.callActivityOnCreate(Instrumentation.java:1330)
01-10 03:25:46.266 3016 3016 D Launcher.Model: at android.app.ActivityThread.performLaunchActivity(ActivityThread.java:3609)
01-10 03:25:46.266 3016 3016 D Launcher.Model: at android.app.ActivityThread.handleLaunchActivity(ActivityThread.java:3793)
01-10 03:25:46.266 3016 3016 D Launcher.Model: at android.app.servertransaction.LaunchActivityItem.execute(LaunchActivityItem.java:103)
01-10 03:25:46.266 3016 3016 D Launcher.Model: at android.app.servertransaction.TransactionExecutor.executeCallbacks(TransactionExecutor.java:135)
01-10 03:25:46.266 3016 3016 D Launcher.Model: at android.app.servertransaction.TransactionExecutor.execute(TransactionExecutor.java:95)
01-10 03:25:46.266 3016 3016 D Launcher.Model: at android.app.ActivityThread$H.handleMessage(ActivityThread.java:2211)
01-10 03:25:46.266 3016 3016 D Launcher.Model: at android.os.Handler.dispatchMessage(Handler.java:106)
01-10 03:25:46.266 3016 3016 D Launcher.Model: at android.os.Looper.loopOnce(Looper.java:201)
01-10 03:25:46.266 3016 3016 D Launcher.Model: at android.os.Looper.loop(Looper.java:288)
01-10 03:25:46.266 3016 3016 D Launcher.Model: at android.app.ActivityThread.main(ActivityThread.java:7880)
01-10 03:25:46.266 3016 3016 D Launcher.Model: at java.lang.reflect.Method.invoke(Native Method)
01-10 03:25:46.266 3016 3016 D Launcher.Model: at com.android.internal.os.RuntimeInit$MethodAndArgsCaller.run(RuntimeInit.java:548)
01-10 03:25:46.266 3016 3016 D Launcher.Model: at com.android.internal.os.ZygoteInit.main(ZygoteInit.java:1009)
01-10 03:25:46.267 1136 4239 D PackageManager: Instant App installer not found with android.intent.action.INSTALL_INSTANT_APP_PACKAGE
01-10 03:25:46.267 1136 4239 D PackageManager: Clear ephemeral installer activity
01-10 03:25:46.269 3016 3063 D LoaderTask: loadWorkspace: loading default favorites
01-10 03:25:46.270 3016 3063 D ActivityThread: Loading provider com.android.launcher3.settings: com.android.launcher3.LauncherProvider
01-10 03:25:46.272 3016 3016 D TCServiceManager: add linkToDeath
01-10 03:25:46.273 3016 3016 D TCServiceManager: TCServiceManager bind TcService, status=success
01-10 03:25:46.273 2883 2934 D ProtectUartService: received RegisterListener token:LAUNCHER_VOLTAGE_PROTECT
01-10 03:25:46.274 3016 3016 I wm_on_create_called: [244039928,com.android.launcher3.uioverrides.QuickstepLauncher,performCreate]
01-10 03:25:46.275 3016 3016 I wm_on_start_called: [244039928,com.android.launcher3.uioverrides.QuickstepLauncher,handleStartActivity]
01-10 03:25:46.275 3016 3016 I wm_on_resume_called: [244039928,com.android.launcher3.uioverrides.QuickstepLauncher,RESUME_ACTIVITY]
01-10 03:25:46.281 3016 3016 I wm_on_top_resumed_gained_called: [244039928,com.android.launcher3.uioverrides.QuickstepLauncher,topStateChangedWhenResumed]
01-10 03:25:46.285 3016 3016 D TouchInteractionService: Touch service connected: user=0
01-10 03:25:46.287 1136 2950 D PackageManager: Instant App installer not found with android.intent.action.INSTALL_INSTANT_APP_PACKAGE
01-10 03:25:46.287 1136 2950 D PackageManager: Clear ephemeral installer activity
01-10 03:25:46.289 1136 4239 W FreeFormWindowHelper: Current Display FreeFormTask is null
01-10 03:25:46.289 3016 3016 D FreeWindowContainer: reloadTask: null
01-10 03:25:46.291 3016 3016 D EditModeHelper: setHotseatVisibility: 0
01-10 03:25:46.294 1136 2439 D CompatibilityChangeReporter: Compat change id reported: 135634846; UID 1000; state: DISABLED
01-10 03:25:46.294 1136 2439 D CompatibilityChangeReporter: Compat change id reported: 177438394; UID 1000; state: DISABLED
01-10 03:25:46.294 1136 2439 D CompatibilityChangeReporter: Compat change id reported: 135772972; UID 1000; state: DISABLED
01-10 03:25:46.295 1136 2439 D CompatibilityChangeReporter: Compat change id reported: 135754954; UID 1000; state: DISABLED
01-10 03:25:46.296 3016 3063 D LauncherProvider: call: method=load_default_favorites,arg=null,extras=null
01-10 03:25:46.297 2456 2456 D QSTileHost: Recreating tiles
01-10 03:25:46.301 1136 1637 I input_focus: [Focus request 3bc3f01 com.android.launcher3/com.android.launcher3.uioverrides.QuickstepLauncher,reason=UpdateInputWindows]
01-10 03:25:46.302 1060 2602 W ServiceManager: Permission failure: android.permission.ACCESS_SURFACE_FLINGER from uid=10080 pid=3016
01-10 03:25:46.302 1060 2602 D PermissionCache: checking android.permission.ACCESS_SURFACE_FLINGER for uid=10080 => denied (435 us)
01-10 03:25:46.303 1060 2602 D PermissionCache: checking android.permission.ROTATE_SURFACE_FLINGER for uid=10080 => granted (322 us)
01-10 03:25:46.305 1136 4249 W FreeFormWindowHelper: Current Display FreeFormTask is null
01-10 03:25:46.314 3016 3016 W View : requestLayout() improperly called by com.android.launcher3.views.NoInsetView{ac7010b V.ED..... ......ID 0,0-342,1080 #7f09007c app:id/bg_hotseat} during layout: running second layout pass
01-10 03:25:46.325 3016 3063 D LauncherProvider: loading default workspace
01-10 03:25:46.328 683 683 D Zygote : Forked child process 4406
01-10 03:25:46.328 1136 1652 I am_proc_start: [0,4406,1000,com.qualcomm.qti.qmmi,broadcast,{com.qualcomm.qti.qmmi/com.qualcomm.qti.qmmi.framework.QmmiReceiver}]
01-10 03:25:46.328 1136 1652 I ActivityManager: Start proc 4406:com.qualcomm.qti.qmmi/1000 for broadcast {com.qualcomm.qti.qmmi/com.qualcomm.qti.qmmi.framework.QmmiReceiver}
01-10 03:25:46.334 3016 3016 W UnsafeUtil: platform method missing - proto runtime falling back to safer methods: java.lang.NoSuchMethodException: sun.misc.Unsafe.copyMemory [class java.lang.Object, long, class java.lang.Object, long, long]
01-10 03:25:46.337 1136 1637 I ActivityRecord: real home.....com.android.launcher3/.uioverrides.QuickstepLauncher
01-10 03:25:46.338 1136 1637 I WindowManager: ******* TELLING SURFACE FLINGER WE ARE BOOTED!
01-10 03:25:46.338 1060 2602 E SurfaceFlinger: Extra call to bootFinished
01-10 03:25:46.339 4406 4406 I libc : SetHeapTaggingLevel: tag level set to 0
01-10 03:25:46.343 1136 1912 I input_focus: [Focus entering 3bc3f01 com.android.launcher3/com.android.launcher3.uioverrides.QuickstepLauncher (server),reason=Window became focusable. Previous reason: NOT_VISIBLE]
01-10 03:25:46.345 1136 1633 I sysui_multi_action: [319,365,322,363,325,98,757,761,758,8,759,2,806,com.android.launcher3,871,com.android.launcher3.uioverrides.QuickstepLauncher,905,0,1320,4,1321,1]
01-10 03:25:46.345 1136 1633 I wm_activity_launch_time: [0,244039928,com.android.launcher3/.uioverrides.QuickstepLauncher,363]
01-10 03:25:46.346 1136 1633 I ActivityTaskManager: Displayed com.android.launcher3/.uioverrides.QuickstepLauncher: +363ms
01-10 03:25:46.349 1136 1636 I EventSequenceValidator: Transition from ACTIVITY_LAUNCHED to ACTIVITY_FINISHED
01-10 03:25:46.352 1136 1599 I wm_destroy_activity: [0,102151880,9,com.android.provision/.DefaultActivity,finish-idle]
01-10 03:25:46.353 3666 3666 I wm_on_destroy_called: [102151880,com.android.provision.DefaultActivity,performDestroy]
01-10 03:25:46.357 1136 1599 W InputManager-JNI: Input channel object '8b5437e com.android.provision/com.android.provision.DefaultActivity (client)' was disposed without first being removed with the input manager!
01-10 03:25:46.366 3269 3287 I adbd : jdwp connection from 4406
01-10 03:25:46.376 3016 3063 W DefaultLayoutParser: No preference or single system activity found for Intent { act=android.intent.action.MAIN cat=[android.intent.category.APP_EMAIL] }
01-10 03:25:46.376 4406 4406 D ProcessState: Binder ioctl to enable oneway spam detection failed: Invalid argument
01-01 09:51:48.630 0 0 I binder : 4406:4406 ioctl 40046210 7fe87a7184 returned -22
01-10 03:25:46.377 3016 3063 W DefaultLayoutParser: No preference or single system activity found for Intent { act=android.intent.action.VIEW dat=mailto: }
01-10 03:25:46.377 3016 3063 W DefaultLayoutParser: No preference or single system activity found for Intent { act=android.intent.action.MAIN cat=[android.intent.category.APP_MARKET] }
01-10 03:25:46.378 3016 3063 W DefaultLayoutParser: No preference or single system activity found for Intent { act=android.intent.action.VIEW dat=market://details?id=com.android.launcher }
01-10 03:25:46.382 1136 2950 I am_proc_bound: [0,4406,com.qualcomm.qti.qmmi]
01-10 03:25:46.382 1136 2950 D CompatibilityInfo: mCompatibilityFlags - 4
01-10 03:25:46.382 1136 2950 D CompatibilityInfo: applicationDensity - 240
01-10 03:25:46.383 1136 2950 D CompatibilityInfo: applicationScale - 1.0
01-10 03:25:46.384 1136 2950 D CompatibilityInfo: mCompatibilityFlags - 4
01-10 03:25:46.384 1136 2950 D CompatibilityInfo: applicationDensity - 240
01-10 03:25:46.384 1136 2950 D CompatibilityInfo: applicationScale - 1.0
01-10 03:25:46.385 3016 3063 E ShortcutRequest: Failed to query for shortcuts
01-10 03:25:46.385 3016 3063 E ShortcutRequest: java.lang.SecurityException: Caller can't access shortcut information
01-10 03:25:46.385 3016 3063 E ShortcutRequest: at android.os.Parcel.createExceptionOrNull(Parcel.java:2425)
01-10 03:25:46.385 3016 3063 E ShortcutRequest: at android.os.Parcel.createException(Parcel.java:2409)
01-10 03:25:46.385 3016 3063 E ShortcutRequest: at android.os.Parcel.readException(Parcel.java:2392)
01-10 03:25:46.385 3016 3063 E ShortcutRequest: at android.os.Parcel.readException(Parcel.java:2334)
01-10 03:25:46.385 3016 3063 E ShortcutRequest: at android.content.pm.ILauncherApps$Stub$Proxy.getShortcuts(ILauncherApps.java:1554)
01-10 03:25:46.385 3016 3063 E ShortcutRequest: at android.content.pm.LauncherApps.getShortcuts(LauncherApps.java:1146)
01-10 03:25:46.385 3016 3063 E ShortcutRequest: at com.android.launcher3.shortcuts.ShortcutRequest.query(ShortcutRequest.java:102)
01-10 03:25:46.385 3016 3063 E ShortcutRequest: at com.android.launcher3.model.LoaderTask.loadWorkspace(LoaderTask.java:400)
01-10 03:25:46.385 3016 3063 E ShortcutRequest: at com.android.launcher3.model.LoaderTask.loadWorkspace(LoaderTask.java:317)
01-10 03:25:46.385 3016 3063 E ShortcutRequest: at com.android.launcher3.model.LoaderTask.run(LoaderTask.java:198)
01-10 03:25:46.385 3016 3063 E ShortcutRequest: at android.os.Handler.handleCallback(Handler.java:938)
01-10 03:25:46.385 3016 3063 E ShortcutRequest: at android.os.Handler.dispatchMessage(Handler.java:99)
01-10 03:25:46.385 3016 3063 E ShortcutRequest: at android.os.Looper.loopOnce(Looper.java:201)
01-10 03:25:46.385 3016 3063 E ShortcutRequest: at android.os.Looper.loop(Looper.java:288)
01-10 03:25:46.385 3016 3063 E ShortcutRequest: at android.os.HandlerThread.run(HandlerThread.java:67)
01-10 03:25:46.385 3016 3063 E ShortcutRequest: Caused by: android.os.RemoteException: Remote stack trace:
01-10 03:25:46.385 3016 3063 E ShortcutRequest: at com.android.server.pm.LauncherAppsService$LauncherAppsImpl.ensureShortcutPermission(LauncherAppsService.java:784)
01-10 03:25:46.385 3016 3063 E ShortcutRequest: at com.android.server.pm.LauncherAppsService$LauncherAppsImpl.getShortcuts(LauncherAppsService.java:824)
01-10 03:25:46.385 3016 3063 E ShortcutRequest: at android.content.pm.ILauncherApps$Stub.onTransact(ILauncherApps.java:674)
01-10 03:25:46.385 3016 3063 E ShortcutRequest: at android.os.Binder.execTransactInternal(Binder.java:1179)
01-10 03:25:46.385 3016 3063 E ShortcutRequest: at android.os.Binder.execTransact(Binder.java:1143)
01-10 03:25:46.385 3016 3063 E ShortcutRequest:
01-10 03:25:46.390 4406 4406 D CompatibilityChangeReporter: Compat change id reported: 171979766; UID 1000; state: DISABLED
01-10 03:25:46.401 3016 3063 D BaseIconFactory: normalizeAndWrapToAdaptiveIcon: scale=0.80950594
01-10 03:25:46.404 3016 3063 D BaseIconFactory: normalizeAndWrapToAdaptiveIcon: scale=0.80950594
01-10 03:25:46.404 4406 4406 D ApplicationLoaders: Returning zygote-cached class loader: /system/framework/android.test.base.jar
01-10 03:25:46.405 4406 4406 D ApplicationLoaders: Returning zygote-cached class loader: /system/framework/android.hidl.manager-V1.0-java.jar
01-10 03:25:46.405 4406 4406 D ApplicationLoaders: Returning zygote-cached class loader: /system/framework/android.hidl.base-V1.0-java.jar
01-10 03:25:46.407 3016 3063 D BaseIconFactory: normalizeAndWrapToAdaptiveIcon: scale=0.80950594
01-10 03:25:46.410 3016 3063 D BaseIconFactory: normalizeAndWrapToAdaptiveIcon: scale=0.80950594
01-10 03:25:46.413 3016 3063 D BaseIconFactory: normalizeAndWrapToAdaptiveIcon: scale=0.80950594
01-10 03:25:46.416 3016 3063 D BaseIconFactory: normalizeAndWrapToAdaptiveIcon: scale=0.80950594
01-10 03:25:46.418 3016 3063 D BaseIconFactory: normalizeAndWrapToAdaptiveIcon: scale=0.80950594
01-10 03:25:46.421 3016 3063 D BaseIconFactory: normalizeAndWrapToAdaptiveIcon: scale=0.80950594
01-10 03:25:46.423 3016 3063 D LoaderTask: loadWorkspace
01-10 03:25:46.423 3016 3063 D LauncherProvider: call: method=remove_ghost_widgets,arg=null,extras=null
01-10 03:25:46.425 3016 3063 E ShortcutRequest: Failed to query for shortcuts
01-10 03:25:46.425 3016 3063 E ShortcutRequest: java.lang.SecurityException: Caller can't access shortcut information
01-10 03:25:46.425 3016 3063 E ShortcutRequest: at android.os.Parcel.createExceptionOrNull(Parcel.java:2425)
01-10 03:25:46.425 3016 3063 E ShortcutRequest: at android.os.Parcel.createException(Parcel.java:2409)
01-10 03:25:46.425 3016 3063 E ShortcutRequest: at android.os.Parcel.readException(Parcel.java:2392)
01-10 03:25:46.425 3016 3063 E ShortcutRequest: at android.os.Parcel.readException(Parcel.java:2334)
01-10 03:25:46.425 3016 3063 E ShortcutRequest: at android.content.pm.ILauncherApps$Stub$Proxy.getShortcuts(ILauncherApps.java:1554)
01-10 03:25:46.425 3016 3063 E ShortcutRequest: at android.content.pm.LauncherApps.getShortcuts(LauncherApps.java:1146)
01-10 03:25:46.425 3016 3063 E ShortcutRequest: at com.android.launcher3.shortcuts.ShortcutRequest.query(ShortcutRequest.java:102)
01-10 03:25:46.425 3016 3063 E ShortcutRequest: at com.android.launcher3.model.BgDataModel.updateShortcutPinnedState(BgDataModel.java:275)
01-10 03:25:46.425 3016 3063 E ShortcutRequest: at com.android.launcher3.model.BgDataModel.updateShortcutPinnedState(BgDataModel.java:260)
01-10 03:25:46.425 3016 3063 E ShortcutRequest: at com.android.launcher3.model.LoaderTask.sanitizeData(LoaderTask.java:899)
01-10 03:25:46.425 3016 3063 E ShortcutRequest: at com.android.launcher3.model.LoaderTask.run(LoaderTask.java:207)
01-10 03:25:46.425 3016 3063 E ShortcutRequest: at android.os.Handler.handleCallback(Handler.java:938)
01-10 03:25:46.425 3016 3063 E ShortcutRequest: at android.os.Handler.dispatchMessage(Handler.java:99)
01-10 03:25:46.425 3016 3063 E ShortcutRequest: at android.os.Looper.loopOnce(Looper.java:201)
01-10 03:25:46.425 3016 3063 E ShortcutRequest: at android.os.Looper.loop(Looper.java:288)
01-10 03:25:46.425 3016 3063 E ShortcutRequest: at android.os.HandlerThread.run(HandlerThread.java:67)
01-10 03:25:46.425 3016 3063 D LoaderTask: sanitizeData
01-10 03:25:46.426 3016 3063 D LoaderTask: bindWorkspace
01-10 03:25:46.430 3016 3016 D HotseatController: adjustPadding: height=800,size=1
01-10 03:25:46.430 3016 3016 D HotseatController: adjustPadding: height=800,size=2
01-10 03:25:46.431 3016 3016 D HotseatController: adjustPadding: height=800,size=3
01-10 03:25:46.431 3016 3016 D HotseatController: adjustPadding: height=800,size=4
01-10 03:25:46.434 3016 3016 D ModelWriter: moveItemsInDatabase: container=2
01-10 03:25:46.435 3016 3016 D HotseatController: clearEmptyGrid: size=4
01-10 03:25:46.435 3016 3016 D HotseatController: adjustPadding: height=800,size=4
01-10 03:25:46.438 1271 3960 I CCodecBufferChannel: pipelineRoom(1) is <= numClientBuffers(2). Not signalling any more buffers to client
01-10 03:25:46.438 3016 3063 D LoaderTask: sendFirstScreenActiveInstallsBroadcast
01-10 03:25:46.439 1271 4334 I CCodecBufferChannel: pipelineRoom(1) is <= numClientBuffers(1). Not signalling any more buffers to client
01-10 03:25:46.439 1271 1868 I CCodecBufferChannel: pipelineRoom(1) is <= numClientBuffers(1). Not signalling any more buffers to client
01-10 03:25:46.439 1271 4334 I CCodecBufferChannel: pipelineRoom(2) is <= numClientBuffers(2). Not signalling any more buffers to client
01-10 03:25:46.440 3016 3016 W System : ClassLoader referenced unknown path:
01-10 03:25:46.441 1271 1884 I CCodecBufferChannel: pipelineRoom(1) is <= numClientBuffers(2). Not signalling any more buffers to client
01-10 03:25:46.441 1271 4346 I CCodecBufferChannel: pipelineRoom(1) is <= numClientBuffers(1). Not signalling any more buffers to client
01-10 03:25:46.442 1271 3942 I CCodecBufferChannel: pipelineRoom(2) is <= numClientBuffers(2). Not signalling any more buffers to client
01-10 03:25:46.445 1271 1884 I CCodecBufferChannel: pipelineRoom(1) is <= numClientBuffers(1). Not signalling any more buffers to client
01-10 03:25:46.445 1271 4346 I CCodecBufferChannel: pipelineRoom(1) is <= numClientBuffers(1). Not signalling any more buffers to client
01-10 03:25:46.446 1271 1884 I CCodecBufferChannel: pipelineRoom(1) is <= numClientBuffers(1). Not signalling any more buffers to client
01-10 03:25:46.446 1271 4346 I CCodecBufferChannel: pipelineRoom(2) is <= numClientBuffers(2). Not signalling any more buffers to client
01-10 03:25:46.446 1271 1884 I CCodecBufferChannel: pipelineRoom(3) is <= numClientBuffers(3). Not signalling any more buffers to client
01-10 03:25:46.447 1271 1833 I CCodecBufferChannel: pipelineRoom(2) is <= numClientBuffers(3). Not signalling any more buffers to client
01-10 03:25:46.449 1271 4346 I CCodecBufferChannel: pipelineRoom(2) is <= numClientBuffers(2). Not signalling any more buffers to client
01-10 03:25:46.452 3016 3016 D HotseatController: clearEmptyGrid: size=4
01-10 03:25:46.452 3016 3016 D HotseatController: adjustPadding: height=800,size=4
01-10 03:25:46.454 1271 1834 I CCodecBufferChannel: pipelineRoom(2) is <= numClientBuffers(2). Not signalling any more buffers to client
01-10 03:25:46.455 1271 1833 I CCodecBufferChannel: pipelineRoom(3) is <= numClientBuffers(3). Not signalling any more buffers to client
01-10 03:25:46.458 1271 1884 I CCodecBufferChannel: pipelineRoom(2) is <= numClientBuffers(2). Not signalling any more buffers to client
01-10 03:25:46.460 3016 3016 W View : requestLayout() improperly called by com.android.launcher3.views.NoInsetView{ac7010b V.ED..... ......I. 2218,0-2560,1080 #7f09007c app:id/bg_hotseat} during layout: running second layout pass
01-10 03:25:46.463 1136 1912 W InputDispatcher: Untrusted touch due to occlusion by /1000
01-10 03:25:46.463 1136 1912 D InputDispatcher: Stack of obscuring windows during untrusted touch (1266, 1044):
01-10 03:25:46.463 1136 1912 D InputDispatcher: * type=FIRST_APPLICATION_WINDOW, package=com.thundercomm.tcsetupwizard/1000, id=120, mode=USE_OPACITY, alpha=1.00, frame=[0,311][2560,1080], touchableRegion=, window={com.thundercomm.tcsetupwizard/com.thundercomm.tcsetupwizard.TcSetupSecondActivity#0}, flags={NOT_TOUCH_MODAL}, inputFeatures={NO_INPUT_CHANNEL}, hasToken=false, applicationInfo.name=ActivityRecord{6a54d18 u0 com.thundercomm.tcsetupwizard/.TcSetupSecondActivity t9}, applicationInfo.token=0xb40000756a4e5530
01-10 03:25:46.463 1136 1912 D InputDispatcher: * type=UNKNOWN, package=/1000, id=138, mode=BLOCK_UNTRUSTED, alpha=1.00, frame=[320,311][2240,1080], touchableRegion=, window={SurfaceView[com.thundercomm.tcsetupwizard/com.thundercomm.tcsetupwizard.TcSetupSecondActivity](BLAST)#2}, flags={NOT_TOUCH_MODAL}, inputFeatures={NO_INPUT_CHANNEL}, hasToken=false, applicationInfo.name=, applicationInfo.token=
01-10 03:25:46.463 1136 1912 D InputDispatcher: * [TOUCHED] type=FIRST_APPLICATION_WINDOW, package=com.android.launcher3/10080, id=143, mode=USE_OPACITY, alpha=1.00, frame=[0,0][2560,1080], touchableRegion=[0,0][2560,1080], window={3bc3f01 com.android.launcher3/com.android.launcher3.uioverrides.QuickstepLauncher}, flags={NOT_TOUCH_MODAL | LAYOUT_IN_SCREEN | LAYOUT_INSET_DECOR | SHOW_WALLPAPER | SPLIT_TOUCH | HARDWARE_ACCELERATED | DRAWS_SYSTEM_BAR_BACKGROUNDS}, inputFeatures={0x0}, hasToken=true, applicationInfo.name=ActivityRecord{e8bc0f8 u0 com.android.launcher3/.uioverrides.QuickstepLauncher t10}, applicationInfo.token=0xb40000756a554770
01-10 03:25:46.463 1136 1912 W InputDispatcher: Dropping untrusted touch event due to /1000
01-10 03:25:46.463 1136 1912 I input_interaction: Interaction with: edge-swipe (server), swipe-up (server), PointerEventDispatcher0 (server),
01-10 03:25:46.464 1136 1912 I InputManager: Suppressing untrusted touch toast for
01-10 03:25:46.468 1136 1848 I commit_sys_config_file: [settings-1-0,3]
01-10 03:25:46.476 3016 3063 D LoaderTask: step 1 complete
01-10 03:25:46.486 4406 4406 I Perf : Connecting to perf service.
01-10 03:25:46.487 3016 3063 D BaseIconFactory: normalizeAndWrapToAdaptiveIcon: scale=0.80950594
01-10 03:25:46.491 3016 3063 D BaseIconFactory: normalizeAndWrapToAdaptiveIcon: scale=0.80950594
01-10 03:25:46.495 4406 4406 V GraphicsEnvironment: ANGLE Developer option for 'com.qualcomm.qti.qmmi' set to: 'default'
01-10 03:25:46.495 3016 3063 D BaseIconFactory: normalizeAndWrapToAdaptiveIcon: scale=0.80950594
01-10 03:25:46.496 1136 1848 I commit_sys_config_file: [settings-2-0,4]
01-10 03:25:46.496 4406 4406 V GraphicsEnvironment: ANGLE GameManagerService for com.qualcomm.qti.qmmi: false
01-10 03:25:46.500 4406 4406 D NetworkSecurityConfig: No Network Security Config specified, using platform default
01-10 03:25:46.500 3016 3063 D BaseIconFactory: normalizeAndWrapToAdaptiveIcon: scale=0.80950594
01-10 03:25:46.501 4406 4406 D NetworkSecurityConfig: No Network Security Config specified, using platform default
01-10 03:25:46.504 3016 3063 D BaseIconFactory: normalizeAndWrapToAdaptiveIcon: scale=0.80950594
01-10 03:25:46.508 3016 3063 D BaseIconFactory: normalizeAndWrapToAdaptiveIcon: scale=0.80950594
01-10 03:25:46.512 3016 3063 D BaseIconFactory: normalizeAndWrapToAdaptiveIcon: scale=0.80950594
01-10 03:25:46.513 1136 1635 I commit_sys_config_file: [notification-policy,24809]
01-10 03:25:46.514 3016 3063 D BaseIconFactory: normalizeAndWrapToAdaptiveIcon: scale=0.80950594
01-10 03:25:46.514 4406 4406 I Qmmi : [Utils.java] [getSystemProperties] ro.bootmode=unknown
01-10 03:25:46.514 4406 4406 I Qmmi : [QmmiReceiver.java] [onReceive] bootmode:unknown
01-10 03:25:46.516 3016 3063 D LoaderTask: loadAllApps
01-10 03:25:46.518 1136 4249 D CompatibilityChangeReporter: Compat change id reported: 168419799; UID 10071; state: DISABLED
01-10 03:25:46.518 1136 4249 D CompatibilityInfo: mCompatibilityFlags - 4
01-10 03:25:46.518 1136 4249 D CompatibilityInfo: applicationDensity - 240
01-10 03:25:46.518 1136 4249 D CompatibilityInfo: applicationScale - 1.0
01-10 03:25:46.518 3016 3063 D LoaderTask: apps.size 15
01-10 03:25:46.519 3016 3063 D LoaderTask: app pkg com.android.calendar
01-10 03:25:46.519 3016 3063 D LoaderTask: app pkg com.android.deskclock
01-10 03:25:46.520 2892 2892 D DeviceStatisticsBootReceiver: Boot complete received. Start DeviceStatisticsService
01-10 03:25:46.521 3016 3063 D LoaderTask: app pkg com.android.gallery3d
01-10 03:25:46.521 3016 3063 D LoaderTask: app pkg com.android.music
01-10 03:25:46.521 1136 2950 D CompatibilityInfo: mCompatibilityFlags - 4
01-10 03:25:46.521 1136 2950 D CompatibilityInfo: applicationDensity - 240
01-10 03:25:46.521 1136 2950 D CompatibilityInfo: applicationScale - 1.0
01-10 03:25:46.522 3016 3063 D LoaderTask: app pkg com.android.music
01-10 03:25:46.522 3016 3063 D LoaderTask: app pkg com.android.settings
01-10 03:25:46.523 2892 2892 D DeviceStatisticsService: Service started
01-10 03:25:46.523 3016 3063 D LoaderTask: app pkg com.microsoft.emmx
01-10 03:25:46.523 3016 3063 D LoaderTask: app pkg com.android.documentsui
01-10 03:25:46.523 2892 2892 D AndroidRuntime: Shutting down VM
01-10 03:25:46.524 3016 3063 D LoaderTask: app pkg com.android.inputmethod.latin --------- beginning of crash
01-10 03:25:46.524 2892 2892 E AndroidRuntime: FATAL EXCEPTION: main
01-10 03:25:46.524 2892 2892 E AndroidRuntime: Process: com.qualcomm.qti.devicestatisticsservice, PID: 2892
01-10 03:25:46.524 2892 2892 E AndroidRuntime: java.lang.NoClassDefFoundError: Failed resolution of: Landroid/hidl/manager/V1_0/IServiceNotification$Stub;
01-10 03:25:46.524 2892 2892 E AndroidRuntime: at com.qualcomm.qti.devicestatisticsservice.DeviceStatisticsService.onStartCommand(DeviceStatisticsService.java:83)
01-10 03:25:46.524 2892 2892 E AndroidRuntime: at android.app.ActivityThread.handleServiceArgs(ActivityThread.java:4640)
01-10 03:25:46.524 2892 2892 E AndroidRuntime: at android.app.ActivityThread.access$2000(ActivityThread.java:248)
01-10 03:25:46.524 2892 2892 E AndroidRuntime: at android.app.ActivityThread$H.handleMessage(ActivityThread.java:2092)
01-10 03:25:46.524 2892 2892 E AndroidRuntime: at android.os.Handler.dispatchMessage(Handler.java:106)
01-10 03:25:46.524 2892 2892 E AndroidRuntime: at android.os.Looper.loopOnce(Looper.java:201)
01-10 03:25:46.524 2892 2892 E AndroidRuntime: at android.os.Looper.loop(Looper.java:288)
01-10 03:25:46.524 2892 2892 E AndroidRuntime: at android.app.ActivityThread.main(ActivityThread.java:7880)
01-10 03:25:46.524 2892 2892 E AndroidRuntime: at java.lang.reflect.Method.invoke(Native Method)
01-10 03:25:46.524 2892 2892 E AndroidRuntime: at com.android.internal.os.RuntimeInit$MethodAndArgsCaller.run(RuntimeInit.java:548)
01-10 03:25:46.524 2892 2892 E AndroidRuntime: at com.android.internal.os.ZygoteInit.main(ZygoteInit.java:1009)
01-10 03:25:46.524 2892 2892 E AndroidRuntime: Caused by: java.lang.ClassNotFoundException: android.hidl.manager.V1_0.IServiceNotification$Stub
01-10 03:25:46.524 2892 2892 E AndroidRuntime: ... 11 more
01-10 03:25:46.524 3016 3063 D LoaderTask: app pkg com.example.android.locationattribution
01-10 03:25:46.525 3016 3063 D LoaderTask: app pkg com.hht.lebocast
01-10 03:25:46.525 3016 3063 D LoaderTask: app pkg com.hryt.hiphishowfsecontrol
01-10 03:25:46.526 3016 3063 D LoaderTask: app pkg com.qualcomm.qti.sensors.qsensortest
01-10 03:25:46.526 3016 3063 D LoaderTask: app pkg com.qualcomm.qti.usta
01-10 03:25:46.527 3016 3063 D LoaderTask: app pkg com.sohu.inputmethod.sogou.car
01-10 03:25:46.527 3016 3063 D LoaderTask: installQueue.size 15
01-10 03:25:46.527 3016 3063 D BaseModelUpdateTask: BaseModelUpdateTask constructor
01-10 03:25:46.527 3016 3063 D BaseModelUpdateTask: java.lang.Exception
01-10 03:25:46.527 3016 3063 D BaseModelUpdateTask: at com.android.launcher3.model.BaseModelUpdateTask.(BaseModelUpdateTask.java:57)
01-10 03:25:46.527 3016 3063 D BaseModelUpdateTask: at com.android.launcher3.model.AddWorkspaceItemsTask.(AddWorkspaceItemsTask.java:58)
01-10 03:25:46.527 3016 3063 D BaseModelUpdateTask: at com.android.launcher3.LauncherModel.addAndBindAddedWorkspaceItems(LauncherModel.java:145)
01-10 03:25:46.527 3016 3063 D BaseModelUpdateTask: at com.android.launcher3.model.LoaderTask.verifyApplications(LoaderTask.java:1061)
01-10 03:25:46.527 3016 3063 D BaseModelUpdateTask: at com.android.launcher3.model.LoaderTask.run(LoaderTask.java:229)
01-10 03:25:46.527 3016 3063 D BaseModelUpdateTask: at android.os.Handler.handleCallback(Handler.java:938)
01-10 03:25:46.527 3016 3063 D BaseModelUpdateTask: at android.os.Handler.dispatchMessage(Handler.java:99)
01-10 03:25:46.527 3016 3063 D BaseModelUpdateTask: at android.os.Looper.loopOnce(Looper.java:201)
01-10 03:25:46.527 3016 3063 D BaseModelUpdateTask: at android.os.Looper.loop(Looper.java:288)
01-10 03:25:46.527 3016 3063 D BaseModelUpdateTask: at android.os.HandlerThread.run(HandlerThread.java:67)
01-10 03:25:46.528 1136 4249 I am_crash: [2892,0,com.qualcomm.qti.devicestatisticsservice,814235213,java.lang.ClassNotFoundException,android.hidl.manager.V1_0.IServiceNotification$Stub,DeviceStatisticsService.java,83]
01-10 03:25:46.528 3016 3063 D LauncherProvider: call: method=generate_new_item_id,arg=null,extras=null
01-10 03:25:46.529 2456 2456 D KeyguardViewMediator: adjustStatusBarLocked: mShowing=false mOccluded=false isSecure=false force=false --> flags=0x0
01-10 03:25:46.531 3016 3063 D ModelWriter: addItemToDatabase: WorkspaceItemInfo(id=10 type=APP container=# com.android.launcher3.logger.LauncherAtom$ContainerInfo@1a64a84
01-10 03:25:46.531 3016 3063 D ModelWriter: workspace {
01-10 03:25:46.531 3016 3063 D ModelWriter: grid_x: 2
01-10 03:25:46.531 3016 3063 D ModelWriter: grid_y: 0
01-10 03:25:46.531 3016 3063 D ModelWriter: page_index: 0
01-10 03:25:46.531 3016 3063 D ModelWriter: }(-100) targetComponent=ComponentInfo{com.microsoft.emmx/com.microsoft.ruby.Main} screen=0 cell(2,0) span(1,1) minSpan(1,1) rank=0 user=UserHandle{0} title=Edge)
01-10 03:25:46.531 1136 3041 D CompatibilityChangeReporter: Compat change id reported: 168419799; UID 1000; state: DISABLED
01-10 03:25:46.531 1136 3041 D CompatibilityInfo: mCompatibilityFlags - 4
01-10 03:25:46.531 1136 3041 D CompatibilityInfo: applicationDensity - 240
01-10 03:25:46.531 1136 3041 D CompatibilityInfo: applicationScale - 1.0
01-10 03:25:46.532 1136 1136 D NetworkSecurityConfig: No Network Security Config specified, using platform default
01-10 03:25:46.534 1136 4249 I sysui_multi_action: [757,316,758,4,759,-1]
01-10 03:25:46.535 2892 2892 I Process : Sending signal. PID: 2892 SIG: 9
01-10 03:25:46.535 1136 1136 E BootReceiver: Could not open /sys/kernel/tracing/instances/bootreceiver/trace_pipe
01-10 03:25:46.535 1136 1136 E BootReceiver: android.system.ErrnoException: open failed: ENOENT (No such file or directory)
01-10 03:25:46.535 1136 1136 E BootReceiver: at libcore.io.Linux.open(Native Method)
01-10 03:25:46.535 1136 1136 E BootReceiver: at libcore.io.ForwardingOs.open(ForwardingOs.java:567)
01-10 03:25:46.535 1136 1136 E BootReceiver: at libcore.io.BlockGuardOs.open(BlockGuardOs.java:273)
01-10 03:25:46.535 1136 1136 E BootReceiver: at android.system.Os.open(Os.java:501)
01-10 03:25:46.535 1136 1136 E BootReceiver: at com.android.server.BootReceiver.onReceive(BootReceiver.java:167)
01-10 03:25:46.535 1136 1136 E BootReceiver: at android.app.ActivityThread.handleReceiver(ActivityThread.java:4309)
01-10 03:25:46.535 1136 1136 E BootReceiver: at android.app.ActivityThread.access$1600(ActivityThread.java:248)
01-10 03:25:46.535 1136 1136 E BootReceiver: at android.app.ActivityThread$H.handleMessage(ActivityThread.java:2065)
01-10 03:25:46.535 1136 1136 E BootReceiver: at android.os.Handler.dispatchMessage(Handler.java:106)
01-10 03:25:46.535 1136 1136 E BootReceiver: at android.os.Looper.loopOnce(Looper.java:201)
01-10 03:25:46.535 1136 1136 E BootReceiver: at android.os.Looper.loop(Looper.java:288)
01-10 03:25:46.535 1136 1136 E BootReceiver: at com.android.server.SystemServer.run(SystemServer.java:909)
01-10 03:25:46.535 1136 1136 E BootReceiver: at com.android.server.SystemServer.main(SystemServer.java:616)
01-10 03:25:46.535 1136 1136 E BootReceiver: at java.lang.reflect.Method.invoke(Native Method)
01-10 03:25:46.535 1136 1136 E BootReceiver: at com.android.internal.os.RuntimeInit$MethodAndArgsCaller.run(RuntimeInit.java:548)
01-10 03:25:46.535 1136 1136 E BootReceiver: at com.android.internal.os.ZygoteInit.main(ZygoteInit.java:987)
01-10 03:25:46.536 3016 3063 D AddWorkspaceItemsTask: Adding item info to workspace: WorkspaceItemInfo(id=10 type=APP container=# com.android.launcher3.logger.LauncherAtom$ContainerInfo@1a64a84
01-10 03:25:46.536 3016 3063 D AddWorkspaceItemsTask: workspace {
01-10 03:25:46.536 3016 3063 D AddWorkspaceItemsTask: grid_x: 2
01-10 03:25:46.536 3016 3063 D AddWorkspaceItemsTask: grid_y: 0
01-10 03:25:46.536 3016 3063 D AddWorkspaceItemsTask: page_index: 0
01-10 03:25:46.536 3016 3063 D AddWorkspaceItemsTask: }(-100) targetComponent=ComponentInfo{com.microsoft.emmx/com.microsoft.ruby.Main} screen=0 cell(2,0) span(1,1) minSpan(1,1) rank=0 user=UserHandle{0} title=Edge)
01-10 03:25:46.536 1136 1651 I am_wtf : [0,1136,system_server,-1,BootReceiver,open failed: ENOENT (No such file or directory)]
01-10 03:25:46.536 3016 3063 D LauncherProvider: call: method=generate_new_item_id,arg=null,extras=null
01-10 03:25:46.537 1136 1651 I DropBoxManagerService: add tag=system_server_wtf isTagEnabled=true flags=0x2
01-10 03:25:46.537 3016 3063 D ModelWriter: addItemToDatabase: WorkspaceItemInfo(id=11 type=APP container=# com.android.launcher3.logger.LauncherAtom$ContainerInfo@1a89011
01-10 03:25:46.537 3016 3063 D ModelWriter: workspace {
01-10 03:25:46.537 3016 3063 D ModelWriter: grid_x: 3
01-10 03:25:46.537 3016 3063 D ModelWriter: grid_y: 0
01-10 03:25:46.537 3016 3063 D ModelWriter: page_index: 0
01-10 03:25:46.537 3016 3063 D ModelWriter: }(-100) targetComponent=ComponentInfo{com.android.inputmethod.latin/com.android.inputmethod.latin.setup.SetupActivity} screen=0 cell(3,0) span(1,1) minSpan(1,1) rank=0 user=UserHandle{0} title=Android 键盘 (AOSP))
01-10 03:25:46.538 1136 4428 I DropBoxManagerService: add tag=system_app_crash isTagEnabled=true flags=0x2
01-10 03:25:46.540 1136 1136 D CompatibilityInfo: mCompatibilityFlags - 4
01-10 03:25:46.540 1136 1136 D CompatibilityInfo: applicationDensity - 240
01-10 03:25:46.540 1136 1136 D CompatibilityInfo: applicationScale - 1.0
01-10 03:25:46.542 3016 3063 D AddWorkspaceItemsTask: Adding item info to workspace: WorkspaceItemInfo(id=11 type=APP container=# com.android.launcher3.logger.LauncherAtom$ContainerInfo@1a89011
01-10 03:25:46.542 3016 3063 D AddWorkspaceItemsTask: workspace {
01-10 03:25:46.542 3016 3063 D AddWorkspaceItemsTask: grid_x: 3
01-10 03:25:46.542 3016 3063 D AddWorkspaceItemsTask: grid_y: 0
01-10 03:25:46.542 3016 3063 D AddWorkspaceItemsTask: page_index: 0
01-10 03:25:46.542 3016 3063 D AddWorkspaceItemsTask: }(-100) targetComponent=ComponentInfo{com.android.inputmethod.latin/com.android.inputmethod.latin.setup.SetupActivity} screen=0 cell(3,0) span(1,1) minSpan(1,1) rank=0 user=UserHandle{0} title=Android 键盘 (AOSP))
01-10 03:25:46.542 3016 3063 D LauncherProvider: call: method=generate_new_item_id,arg=null,extras=null
01-10 03:25:46.544 3016 3063 D ModelWriter: addItemToDatabase: WorkspaceItemInfo(id=12 type=APP container=# com.android.launcher3.logger.LauncherAtom$ContainerInfo@1aad59e
01-10 03:25:46.544 3016 3063 D ModelWriter: workspace {
01-10 03:25:46.544 3016 3063 D ModelWriter: grid_x: 4
01-10 03:25:46.544 3016 3063 D ModelWriter: grid_y: 0
01-10 03:25:46.544 3016 3063 D ModelWriter: page_index: 0
01-10 03:25:46.544 3016 3063 D ModelWriter: }(-100) targetComponent=ComponentInfo{com.example.android.locationattribution/com.example.android.locationattribution.MainActivity} screen=0 cell(4,0) span(1,1) minSpan(1,1) rank=0 user=UserHandle{0} title=Sample Location Attribution)
01-10 03:25:46.545 1136 4429 I RecoverySystem: No recovery log file
01-10 03:25:46.545 1136 4429 I BootReceiver: No existing last log timestamp file /data/system/log-files.xml; starting empty
01-10 03:25:46.547 1136 4429 I DropBoxManagerService: add tag=SYSTEM_BOOT isTagEnabled=true flags=0x2
01-10 03:25:46.549 1136 4429 I BootReceiver: Copying audit failures to DropBox
01-10 03:25:46.549 3016 3063 D AddWorkspaceItemsTask: Adding item info to workspace: WorkspaceItemInfo(id=12 type=APP container=# com.android.launcher3.logger.LauncherAtom$ContainerInfo@1aad59e
01-10 03:25:46.549 3016 3063 D AddWorkspaceItemsTask: workspace {
01-10 03:25:46.549 3016 3063 D AddWorkspaceItemsTask: grid_x: 4
01-10 03:25:46.549 3016 3063 D AddWorkspaceItemsTask: grid_y: 0
01-10 03:25:46.549 3016 3063 D AddWorkspaceItemsTask: page_index: 0
01-10 03:25:46.549 3016 3063 D AddWorkspaceItemsTask: }(-100) targetComponent=ComponentInfo{com.example.android.locationattribution/com.example.android.locationattribution.MainActivity} screen=0 cell(4,0) span(1,1) minSpan(1,1) rank=0 user=UserHandle{0} title=Sample Location Attribution)
01-10 03:25:46.549 3016 3063 D LauncherProvider: call: method=generate_new_item_id,arg=null,extras=null
01-10 03:25:46.549 1136 4429 I BootReceiver: Checking for fsck errors
01-10 03:25:46.550 1136 4429 I BootReceiver: fs_stat, partition:persist stat:0x3
01-10 03:25:46.550 1136 4429 I BootReceiver: fs_stat, partition:dsp_a stat:0x3
01-10 03:25:46.551 3016 3063 D ModelWriter: addItemToDatabase: WorkspaceItemInfo(id=13 type=APP container=# com.android.launcher3.logger.LauncherAtom$ContainerInfo@1ad1b2b
01-10 03:25:46.551 3016 3063 D ModelWriter: workspace {
01-10 03:25:46.551 3016 3063 D ModelWriter: grid_x: 5
01-10 03:25:46.551 3016 3063 D ModelWriter: grid_y: 0
01-10 03:25:46.551 3016 3063 D ModelWriter: page_index: 0
01-10 03:25:46.551 3016 3063 D ModelWriter: }(-100) targetComponent=ComponentInfo{com.hht.lebocast/com.hht.lebocast.GuidanceActivity} screen=0 cell(5,0) span(1,1) minSpan(1,1) rank=0 user=UserHandle{0} title=智联投屏)
01-10 03:25:46.552 2706 2706 W .dataservices: ClassLoaderContext shared library size mismatch. Expected=0, found=2 (PCL[] | PCL[]{PCL[/system/system_ext/framework/com.qti.dpmframework.jar*681974938]#PCL[/system/system_ext/framework/dpmapi.jar*405663546]})
01-10 03:25:46.554 3016 3063 D AddWorkspaceItemsTask: Adding item info to workspace: WorkspaceItemInfo(id=13 type=APP container=# com.android.launcher3.logger.LauncherAtom$ContainerInfo@1ad1b2b
01-10 03:25:46.554 3016 3063 D AddWorkspaceItemsTask: workspace {
01-10 03:25:46.554 3016 3063 D AddWorkspaceItemsTask: grid_x: 5
01-10 03:25:46.554 3016 3063 D AddWorkspaceItemsTask: grid_y: 0
01-10 03:25:46.554 3016 3063 D AddWorkspaceItemsTask: page_index: 0
01-10 03:25:46.554 3016 3063 D AddWorkspaceItemsTask: }(-100) targetComponent=ComponentInfo{com.hht.lebocast/com.hht.lebocast.GuidanceActivity} screen=0 cell(5,0) span(1,1) minSpan(1,1) rank=0 user=UserHandle{0} title=智联投屏)
01-10 03:25:46.554 1136 4429 I commit_sys_config_file: [log-files,4]
01-10 03:25:46.554 3016 3063 D LauncherProvider: call: method=generate_new_item_id,arg=null,extras=null
01-10 03:25:46.555 3016 3063 D ModelWriter: addItemToDatabase: WorkspaceItemInfo(id=14 type=APP container=# com.android.launcher3.logger.LauncherAtom$ContainerInfo@1af60b8
01-10 03:25:46.555 3016 3063 D ModelWriter: workspace {
01-10 03:25:46.555 3016 3063 D ModelWriter: grid_x: 6
01-10 03:25:46.555 3016 3063 D ModelWriter: grid_y: 0
01-10 03:25:46.555 3016 3063 D ModelWriter: page_index: 0
01-10 03:25:46.555 3016 3063 D ModelWriter: }(-100) targetComponent=ComponentInfo{com.hryt.hiphishowfsecontrol/com.hryt.hiphishowfsecontrol.mce_app.MainActivity} screen=0 cell(6,0) span(1,1) minSpan(1,1) rank=0 user=UserHandle{0} title=HiPhiShowFSEControl)
01-10 03:25:46.559 3016 3063 D AddWorkspaceItemsTask: Adding item info to workspace: WorkspaceItemInfo(id=14 type=APP container=# com.android.launcher3.logger.LauncherAtom$ContainerInfo@1af60b8
01-10 03:25:46.559 3016 3063 D AddWorkspaceItemsTask: workspace {
01-10 03:25:46.559 3016 3063 D AddWorkspaceItemsTask: grid_x: 6
01-10 03:25:46.559 3016 3063 D AddWorkspaceItemsTask: grid_y: 0
01-10 03:25:46.559 3016 3063 D AddWorkspaceItemsTask: page_index: 0
01-10 03:25:46.559 3016 3063 D AddWorkspaceItemsTask: }(-100) targetComponent=ComponentInfo{com.hryt.hiphishowfsecontrol/com.hryt.hiphishowfsecontrol.mce_app.MainActivity} screen=0 cell(6,0) span(1,1) minSpan(1,1) rank=0 user=UserHandle{0} title=HiPhiShowFSEControl)
01-10 03:25:46.560 3016 3063 D LauncherProvider: call: method=generate_new_item_id,arg=null,extras=null
01-10 03:25:46.561 3016 3063 D ModelWriter: addItemToDatabase: WorkspaceItemInfo(id=15 type=APP container=# com.android.launcher3.logger.LauncherAtom$ContainerInfo@1a6557d
01-10 03:25:46.561 3016 3063 D ModelWriter: workspace {
01-10 03:25:46.561 3016 3063 D ModelWriter: grid_x: 2
01-10 03:25:46.561 3016 3063 D ModelWriter: grid_y: 1
01-10 03:25:46.561 3016 3063 D ModelWriter: page_index: 0
01-10 03:25:46.561 3016 3063 D ModelWriter: }(-100) targetComponent=ComponentInfo{com.qualcomm.qti.sensors.qsensortest/com.qualcomm.qti.sensors.ui.qsensortest.TabControl} screen=0 cell(2,1) span(1,1) minSpan(1,1) rank=0 user=UserHandle{0} title=QSensorTest)
01-10 03:25:46.562 2706 2706 D NetworkSecurityConfig: No Network Security Config specified, using platform default
01-10 03:25:46.562 2706 2706 W nsconfig: .dataservices: New config does not match the previously set config.
01-10 03:25:46.562 2706 2706 D DpmServiceAppReceiver: Received Intent Intent { act=android.intent.action.BOOT_COMPLETED flg=0x89000010 cmp=com.qti.dpmserviceapp/.DpmServiceAppReceiver (has extras) }
01-10 03:25:46.563 1136 2950 D CompatibilityInfo: mCompatibilityFlags - 4
01-10 03:25:46.563 1136 2950 D CompatibilityInfo: applicationDensity - 240
01-10 03:25:46.563 1136 2950 D CompatibilityInfo: applicationScale - 1.0
01-10 03:25:46.564 2706 2706 D DpmServiceAppReceiver: DpmService Auto Boot Started Successfully
01-10 03:25:46.565 2706 2706 D DpmServiceApp: Mwqem feature is disabled
01-10 03:25:46.565 2706 2706 D DpmServiceApp: dpmd system daemon is enabled
01-10 03:25:46.565 2706 2706 D DpmServiceApp: start dpm system service
01-10 03:25:46.565 3016 3063 D AddWorkspaceItemsTask: Adding item info to workspace: WorkspaceItemInfo(id=15 type=APP container=# com.android.launcher3.logger.LauncherAtom$ContainerInfo@1a6557d
01-10 03:25:46.565 3016 3063 D AddWorkspaceItemsTask: workspace {
01-10 03:25:46.565 3016 3063 D AddWorkspaceItemsTask: grid_x: 2
01-10 03:25:46.565 3016 3063 D AddWorkspaceItemsTask: grid_y: 1
01-10 03:25:46.565 3016 3063 D AddWorkspaceItemsTask: page_index: 0
01-10 03:25:46.565 3016 3063 D AddWorkspaceItemsTask: }(-100) targetComponent=ComponentInfo{com.qualcomm.qti.sensors.qsensortest/com.qualcomm.qti.sensors.ui.qsensortest.TabControl} screen=0 cell(2,1) span(1,1) minSpan(1,1) rank=0 user=UserHandle{0} title=QSensorTest)
01-10 03:25:46.565 3016 3063 D LauncherProvider: call: method=generate_new_item_id,arg=null,extras=null
01-10 03:25:46.566 3016 3063 D ModelWriter: addItemToDatabase: WorkspaceItemInfo(id=16 type=APP container=# com.android.launcher3.logger.LauncherAtom$ContainerInfo@1a89b0a
01-10 03:25:46.566 3016 3063 D ModelWriter: workspace {
01-10 03:25:46.566 3016 3063 D ModelWriter: grid_x: 3
01-10 03:25:46.566 3016 3063 D ModelWriter: grid_y: 1
01-10 03:25:46.566 3016 3063 D ModelWriter: page_index: 0
01-10 03:25:46.566 3016 3063 D ModelWriter: }(-100) targetComponent=ComponentInfo{com.qualcomm.qti.usta/com.qualcomm.qti.usta.ui.UnifiedSensorTestActivity} screen=0 cell(3,1) span(1,1) minSpan(1,1) rank=0 user=UserHandle{0} title=Unified Sensor Test App)
01-10 03:25:46.567 1136 2950 D CompatibilityChangeReporter: Compat change id reported: 168419799; UID 10077; state: DISABLED
01-10 03:25:46.568 1136 2950 D CompatibilityInfo: mCompatibilityFlags - 4
01-10 03:25:46.568 1136 2950 D CompatibilityInfo: applicationDensity - 240
01-10 03:25:46.568 1136 2950 D CompatibilityInfo: applicationScale - 1.0
01-10 03:25:46.569 2706 2706 E DPMJ : |SERVICE| DPM SERVICE REGISTER SERVICE FOR NETWORK CHANGE.
