01-10 03:25:53.337 4721 4721 E System : Ignoring attempt to set property "java.net.preferIPv6Addresses" to value "false".
01-10 03:25:53.340 4721 4721 D LTE Application: Android API Version 31
01-10 03:25:53.340 4721 4721 I LTE Application: Package Name : com.qti.ltebc
01-10 03:25:53.343 4721 4721 I LTE Application: app is not whitelisted
01-10 03:25:53.346 4721 4721 I LTE Broadcast Receiver: Broadcast Receiver Received intent : Intent { act=android.intent.action.BOOT_COMPLETED flg=0x89000010 cmp=com.qti.ltebc/com.qualcomm.ltebc.LTEBroadcastBootReceiver (has extras) }
01-10 03:25:53.346 4721 4721 I LTE Broadcast Receiver: Received intent : android.intent.action.BOOT_COMPLETED isBindCalled = false
01-10 03:25:53.347 4721 4721 I LTE Application: startRootServiceASync true
01-10 03:25:53.351 4721 4835 I LTE Application: startRootServiceSync true
01-10 03:25:53.351 4721 4835 I LTE Application: startRootServiceSync initState LTEBC_MSP_NOT_INITIALIZED
01-10 03:25:53.351 4721 4835 I LTE Application: setWakeupMode - mode :WAKEUP_MODE_BG
01-10 03:25:53.351 4721 4835 I LTE Application: startRootServiceSync(): Started from BOOT
01-10 03:25:53.351 4721 4835 I LTE Application: startRootServiceSync(): setting alarm wake up and exit from BOOT 1673292353851
01-10 03:25:53.351 4721 4835 I LTE Application: scheduleNextWakeup appName: null wakeupInFg: false
01-10 03:25:53.351 4721 4835 I LTE Application: wakeupTime is 1673292353851
01-10 03:25:53.351 4721 4835 I LTE Application: Next wakeup will be due to boot
01-10 03:25:53.353 4721 4835 D CompatibilityChangeReporter: Compat change id reported: 160794467; UID 10082; state: ENABLED
01-10 03:25:53.359 1136 2502 D CompatibilityChangeReporter: Compat change id reported: 171306433; UID 10082; state: ENABLED
01-10 03:25:53.360 1136 2551 D CompatibilityChangeReporter: Compat change id reported: 168419799; UID 10059; state: DISABLED
01-10 03:25:53.360 1136 2551 D CompatibilityInfo: mCompatibilityFlags - 4
01-10 03:25:53.360 1136 2551 D CompatibilityInfo: applicationDensity - 240
01-10 03:25:53.360 1136 2551 D CompatibilityInfo: applicationScale - 1.0
01-10 03:25:53.362 3562 3562 D PASRReceiver: Received Intent Intent { act=android.intent.action.BOOT_COMPLETED flg=0x89000010 cmp=com.qti.pasrservice/.PASRReceiver (has extras) }
01-10 03:25:53.362 4721 4835 I LTE Application: Alarm Set to 1673292353851
01-10 03:25:53.363 1136 2502 D CompatibilityInfo: mCompatibilityFlags - 4
01-10 03:25:53.363 1136 2502 D CompatibilityInfo: applicationDensity - 240
01-10 03:25:53.363 1136 2502 D CompatibilityInfo: applicationScale - 1.0
01-10 03:25:53.365 1136 1650 I am_pss : [3965,10018,com.android.providers.calendar,6796288,5042176,0,97714176,0,19,11]
01-10 03:25:53.365 3562 3562 D PASRReceiver: PASRService Auto Boot Started Successfully
01-10 03:25:53.366 3562 3562 E PASRService: onCreate
01-10 03:25:53.367 1136 2502 D CompatibilityInfo: mCompatibilityFlags - 4
01-10 03:25:53.367 1136 2502 D CompatibilityInfo: applicationDensity - 240
01-10 03:25:53.368 1136 2502 D CompatibilityInfo: applicationScale - 1.0
01-10 03:25:53.368 4721 4835 I com.qti.ltebc: System.exit called, status: 0
01-10 03:25:53.368 4721 4835 I AndroidRuntime: VM exiting with result code 0, cleanup skipped.
01-10 03:25:53.371 3562 3562 D PASRService: PASRService started
01-10 03:25:53.371 2856 2856 I MStatsReceiver: prop ==
01-10 03:25:53.371 2856 2856 I MStatsReceiver: Received intent but prop is not set.
01-10 03:25:53.374 1136 2551 D CompatibilityChangeReporter: Compat change id reported: 168419799; UID 10078; state: DISABLED
01-10 03:25:53.374 1136 2551 D CompatibilityInfo: mCompatibilityFlags - 4
01-10 03:25:53.374 1136 2551 D CompatibilityInfo: applicationDensity - 240
01-10 03:25:53.374 1136 2551 D CompatibilityInfo: applicationScale - 1.0
01-10 03:25:53.380 1136 2551 D CompatibilityChangeReporter: Compat change id reported: 168419799; UID 10079; state: DISABLED
01-10 03:25:53.380 1136 2551 D CompatibilityInfo: mCompatibilityFlags - 4
01-10 03:25:53.380 1136 2551 D CompatibilityInfo: applicationDensity - 240
01-10 03:25:53.380 1136 2551 D CompatibilityInfo: applicationScale - 1.0
01-10 03:25:53.382 1136 1650 I am_pss : [3899,10032,com.android.managedprovisioning,9162752,7655424,0,96161792,0,19,10]
01-10 03:25:53.386 1136 2502 D CompatibilityChangeReporter: Compat change id reported: 168419799; UID 10095; state: DISABLED
01-10 03:25:53.386 1136 2502 D CompatibilityInfo: mCompatibilityFlags - 4
01-10 03:25:53.386 1136 2502 D CompatibilityInfo: applicationDensity - 240
01-10 03:25:53.386 1136 2502 D CompatibilityInfo: applicationScale - 1.0
01-10 03:25:53.387 3067 3067 I QCCAuthMgr: BootReceiver - onReceive
01-10 03:25:53.387 3067 3067 I QCCAuthMgr: android.intent.action.BOOT_COMPLETED intent received
01-10 03:25:53.388 3067 3067 D QCCAuthMgr: SMQContentProvider query uri: content://com.qti.smq.Feedback.provider/smq_settings, selection: key=?, uri_matcher: 1
01-10 03:25:53.388 3067 3067 D QCCAuthMgr: SMQContentProvider query tableName: smq_settings
01-10 03:25:53.388 3067 3067 I QCCAuthMgr: BootReceiver - db is not initial
01-10 03:25:53.390 1136 2502 D CompatibilityChangeReporter: Compat change id reported: 168419799; UID 10091; state: DISABLED
01-10 03:25:53.391 1136 2502 D CompatibilityInfo: mCompatibilityFlags - 4
01-10 03:25:53.391 1136 2502 D CompatibilityInfo: applicationDensity - 240
01-10 03:25:53.391 1136 2502 D CompatibilityInfo: applicationScale - 1.0
01-10 03:25:53.392 3596 3596 I QCC-Netstat:BootReceiver: android.intent.action.BOOT_COMPLETED received
01-10 03:25:53.393 1136 2502 D CompatibilityInfo: mCompatibilityFlags - 4
01-10 03:25:53.393 1136 2502 D CompatibilityInfo: applicationDensity - 240
01-10 03:25:53.393 1136 2502 D CompatibilityInfo: applicationScale - 1.0
01-10 03:25:53.395 1136 2502 I am_uid_running: 10056
01-10 03:25:53.395 1136 2502 D CompatibilityChangeReporter: Compat change id reported: 135634846; UID 10056; state: DISABLED
01-10 03:25:53.395 1136 1652 D CompatibilityChangeReporter: Compat change id reported: 143937733; UID 10056; state: DISABLED
01-10 03:25:53.396 1136 1650 I am_pss : [3820,10028,com.android.externalstorage,5509120,3936256,0,93179904,0,19,9]
01-10 03:25:53.411 1136 1650 I am_pss : [4069,1000,com.android.localtransport,5209088,3715072,0,91357184,0,19,10]
01-10 03:25:53.425 1136 1650 I am_pss : [3740,1000,com.android.keychain,7969792,6483968,0,93589504,0,19,10]
01-10 03:25:53.426 686 686 D Zygote : Forked child process 4839
01-10 03:25:53.427 1136 1652 I am_proc_start: [0,4839,10056,com.qualcomm.qti.qms.service.connectionsecurity,broadcast,{com.qualcomm.qti.qms.service.connectionsecurity/com.qualcomm.qti.qms.service.connectionsecurity.ConnSecBroadcastReceiver}]
01-10 03:25:53.427 1136 1652 I ActivityManager: Start proc 4839:com.qualcomm.qti.qms.service.connectionsecurity/u0a56 for broadcast {com.qualcomm.qti.qms.service.connectionsecurity/com.qualcomm.qti.qms.service.connectionsecurity.ConnSecBroadcastReceiver}
01-10 03:25:53.441 1136 1650 I am_pss : [3697,10021,com.android.documentsui,13509632,11079680,0,110825472,0,19,11]
01-10 03:25:53.467 4839 4839 W nectionsecurit: Using default instruction set features for ARM CPU variant (cortex-a9) using conservative defaults
01-10 03:25:53.470 1136 2502 I ActivityManager: Process com.qti.ltebc (pid 4721) has died: cch+5 CEM
01-10 03:25:53.471 1136 2502 I am_proc_died: [0,4721,com.qti.ltebc,905,19]
01-10 03:25:53.471 1136 1654 I libprocessgroup: Successfully killed process cgroup uid 10082 pid 4721 in 1ms
01-10 03:25:53.472 1136 2502 I am_uid_stopped: 10082
01-10 03:25:53.473 683 683 I Zygote : Process 4721 exited cleanly (0)
01-10 03:25:53.475 4793 4801 I adbd : jdwp connection from 4839
01-10 03:25:53.476 1136 2502 I am_uid_active: 10056
01-10 03:25:53.480 4839 4839 D ProcessState: Binder ioctl to enable oneway spam detection failed: Invalid argument
01-01 09:51:55.735 0 0 I binder : 4839:4839 ioctl 40046210 ffae1a18 returned -22
01-10 03:25:53.489 1136 2551 I am_proc_bound: [0,4839,com.qualcomm.qti.qms.service.connectionsecurity]
01-10 03:25:53.490 1136 2551 D CompatibilityChangeReporter: Compat change id reported: 168419799; UID 10056; state: DISABLED
01-10 03:25:53.490 1136 2551 D CompatibilityInfo: mCompatibilityFlags - 4
01-10 03:25:53.490 1136 2551 D CompatibilityInfo: applicationDensity - 240
01-10 03:25:53.490 1136 2551 D CompatibilityInfo: applicationScale - 1.0
01-10 03:25:53.495 1136 2551 D CompatibilityInfo: mCompatibilityFlags - 4
01-10 03:25:53.495 1136 2551 D CompatibilityInfo: applicationDensity - 240
01-10 03:25:53.495 1136 2551 D CompatibilityInfo: applicationScale - 1.0
01-10 03:25:53.500 4839 4839 D CompatibilityChangeReporter: Compat change id reported: 171979766; UID 10056; state: DISABLED
01-10 03:25:53.520 4839 4839 D ApplicationLoaders: Returning zygote-cached class loader: /system/framework/android.test.base.jar
01-10 03:25:53.530 4839 4839 D nativeloader: classloader namespace configured for unbundled vendor apk. library_path=/vendor/app/ConnectionSecurityService/lib/arm:/vendor/app/ConnectionSecurityService/ConnectionSecurityService.apk!/lib/armeabi-v7a:/vendor/lib
01-10 03:25:53.550 4839 4839 I Perf : Connecting to perf service.
01-10 03:25:53.559 4839 4839 V GraphicsEnvironment: ANGLE Developer option for 'com.qualcomm.qti.qms.service.connectionsecurity' set to: 'default'
01-10 03:25:53.561 4839 4839 V GraphicsEnvironment: ANGLE GameManagerService for com.qualcomm.qti.qms.service.connectionsecurity: false
01-10 03:25:53.563 4839 4839 D NetworkSecurityConfig: No Network Security Config specified, using platform default
01-10 03:25:53.563 4839 4839 D NetworkSecurityConfig: No Network Security Config specified, using platform default
01-10 03:25:53.570 1136 2551 D CompatibilityInfo: mCompatibilityFlags - 4
01-10 03:25:53.570 1136 2551 D CompatibilityInfo: applicationDensity - 240
01-10 03:25:53.571 1136 2551 D CompatibilityInfo: applicationScale - 1.0
01-10 03:25:53.572 2706 2706 D RCSService BC-Receiver: Boot Complete Event Received. Is IMS RCS Single Reg enabled0
01-10 03:25:53.572 2706 2706 D RCSService BC-Receiver: START RCS SERVICE ON BOOTUP
01-10 03:25:53.573 2706 2706 I QRCSService: onStartCommand- Call
01-10 03:25:53.574 2706 4855 I QRCSService: Already HIDL-IUceService is Started
01-10 03:25:53.578 1136 2551 D CompatibilityChangeReporter: Compat change id reported: 168419799; UID 10090; state: DISABLED
01-10 03:25:53.578 1136 2551 D CompatibilityInfo: mCompatibilityFlags - 4
01-10 03:25:53.579 1136 2551 D CompatibilityInfo: applicationDensity - 240
01-10 03:25:53.579 1136 2551 D CompatibilityInfo: applicationScale - 1.0
01-01 09:51:55.843 0 0 I binder : 3624:3624 ioctl 40046210 7fe87a6834 returned -22
01-10 03:25:53.589 3624 3624 D hw-ProcessState: Binder ioctl to enable oneway spam detection failed: Invalid argument
01-10 03:25:53.595 1136 2551 D CompatibilityChangeReporter: Compat change id reported: 168419799; UID 10089; state: DISABLED
01-10 03:25:53.596 1136 2551 D CompatibilityInfo: mCompatibilityFlags - 4
01-10 03:25:53.596 1136 2551 D CompatibilityInfo: applicationDensity - 240
01-10 03:25:53.596 1136 2551 D CompatibilityInfo: applicationScale - 1.0
01-10 03:25:53.597 1136 2502 D CompatibilityInfo: mCompatibilityFlags - 4
01-10 03:25:53.597 1136 2502 D CompatibilityInfo: applicationDensity - 240
01-10 03:25:53.597 1136 2502 D CompatibilityInfo: applicationScale - 1.0
01-10 03:25:53.609 1136 2502 D CompatibilityInfo: mCompatibilityFlags - 4
01-10 03:25:53.609 1136 2502 D CompatibilityInfo: applicationDensity - 240
01-10 03:25:53.609 1136 2502 D CompatibilityInfo: applicationScale - 1.0
01-10 03:25:53.611 2764 2764 D TlogClient_BootCompletedReceiver: Receive device boot completed broadcast.
01-10 03:25:53.614 2764 2764 D TlogClient_BootCompletedReceiver: starting LogCollectService
01-10 03:25:53.615 1136 2502 D CompatibilityInfo: mCompatibilityFlags - 4
01-10 03:25:53.615 1136 2502 D CompatibilityInfo: applicationDensity - 240
01-10 03:25:53.615 1136 2502 D CompatibilityInfo: applicationScale - 1.0
01-10 03:25:53.616 2764 2764 D TlogClient_BootCompletedReceiver: starting LogCollectService completed.
01-10 03:25:53.624 1136 2502 D CompatibilityInfo: mCompatibilityFlags - 4
01-10 03:25:53.624 1136 2502 D CompatibilityInfo: applicationDensity - 240
01-10 03:25:53.625 1136 2502 D CompatibilityInfo: applicationScale - 1.0
01-10 03:25:53.626 2976 2976 D GameMode_BootCompletedReceiver: Receive device boot completed broadcast.
01-10 03:25:53.627 2976 2976 D GameMode_BootCompletedReceiver: starting ActivityMonitoringService
01-10 03:25:53.629 1136 2551 D CompatibilityInfo: mCompatibilityFlags - 4
01-10 03:25:53.629 1136 2551 D CompatibilityInfo: applicationDensity - 240
01-10 03:25:53.629 1136 2551 D CompatibilityInfo: applicationScale - 1.0
01-10 03:25:53.631 2976 2976 D GameMode_BootCompletedReceiver: starting ActivityMonitoringService completed.
01-10 03:25:53.633 1136 2551 D CompatibilityInfo: mCompatibilityFlags - 4
01-10 03:25:53.633 1136 2551 D CompatibilityInfo: applicationDensity - 240
01-10 03:25:53.634 1136 2551 D CompatibilityInfo: applicationScale - 1.0
01-10 03:25:53.635 2731 2731 D TlogServer_DeviceBootReceiver: Receive device boot completed broadcast.
01-10 03:25:53.635 2731 2731 D TlogServer_DeviceBootReceiver: starting CoreService
01-10 03:25:53.639 1136 2502 D CompatibilityInfo: mCompatibilityFlags - 4
01-10 03:25:53.639 1136 2502 D CompatibilityInfo: applicationDensity - 240
01-10 03:25:53.639 1136 2502 D CompatibilityInfo: applicationScale - 1.0
01-10 03:25:53.641 2731 2731 D TlogServer_DeviceBootReceiver: starting CoreService completed.
01-10 03:25:53.643 2731 2731 D TlogServer_CoreService: start Ap Ip Listener
01-10 03:25:53.643 2976 2976 I GameMode_ActivityMonitoringService: Updating top task to: TaskInfoContainer [topActivity=ComponentInfo{com.android.settings/com.android.settings.Settings}, taskId=11, stackId=11, userId=0, displayId=0, position=6
01-10 03:25:53.643 2976 2976 I GameMode_ActivityMonitoringService: Notifying about top task: TaskInfoContainer [topActivity=ComponentInfo{com.android.settings/com.android.settings.Settings}, taskId=11, stackId=11, userId=0, displayId=0, position=6
01-10 03:25:53.644 2976 2976 I GameMode_ActivityMonitoringService: WindowMode: 1
01-10 03:25:53.644 2976 2976 E GameMode_ActivityMonitoringService: onActivityLaunch:com.android.settings
01-10 03:25:53.644 2976 2976 V GameMode_GameTypeUtils: judge isGame:com.android.settings
01-10 03:25:53.645 2976 2976 V GameMode_GpuUtils: fps:60
01-10 03:25:53.646 1136 2502 D CompatibilityInfo: mCompatibilityFlags - 4
01-10 03:25:53.646 1136 2502 D CompatibilityInfo: applicationDensity - 240
01-10 03:25:53.646 1136 2502 D CompatibilityInfo: applicationScale - 1.0
01-10 03:25:53.647 4793 4793 I adbd : UsbFfs: already offline
01-10 03:25:53.648 4793 4793 I adbd : authentication not required
01-10 03:25:53.648 1136 2551 D CompatibilityInfo: mCompatibilityFlags - 4
01-10 03:25:53.648 1136 2551 D CompatibilityInfo: applicationDensity - 240
01-10 03:25:53.648 1136 2551 D CompatibilityInfo: applicationScale - 1.0
01-10 03:25:53.650 1136 2521 I ActivityManager: Finished processing BOOT_COMPLETED for u0
01-10 03:25:53.650 1136 2521 W BroadcastQueue: Background execution not allowed: receiving Intent { act=android.intent.action.USER_PRESENT flg=0x24200010 } to com.microsoft.emmx/org.chromium.chrome.browser.sharing.click_to_call.ClickToCallMessageHandler$PhoneUnlockedReceiver
01-10 03:25:53.655 1136 1651 D CompatibilityInfo: mCompatibilityFlags - 4
01-10 03:25:53.656 1136 1651 D CompatibilityInfo: applicationDensity - 240
01-10 03:25:53.656 1136 1651 D CompatibilityInfo: applicationScale - 1.0
01-10 03:25:53.659 2976 2976 D GameMode_GameModeActionUtils: Show GameMode entry by service!
01-10 03:25:53.660 2976 2976 W ContextImpl: Calling a method in the system process without a qualified user: android.app.ContextImpl.startService:1816 android.content.ContextWrapper.startService:774 com.thundercomm.gamemode.ingame.services.GameModeActionUtils.startGameModeService:111 com.thundercomm.gamemode.ingame.services.GameModeActionUtils.startGameModeEntry:22 com.thundercomm.gamemode.ingame.services.ActivityMonitoringService$1.onActivityLaunch:129
01-10 03:25:53.662 1136 2521 D CompatibilityInfo: mCompatibilityFlags - 4
01-10 03:25:53.662 1136 2521 D CompatibilityInfo: applicationDensity - 240
01-10 03:25:53.662 1136 2521 D CompatibilityInfo: applicationScale - 1.0
01-10 03:25:53.665 2976 2976 D GameModeIF_GameModeSettings: getUriFor setting_content_uri_root = content://com.thundercomm.gamemode.api/gamemode_settings , name = gamemode_isgaming
01-10 03:25:53.670 3624 3624 I tflite : Initialized TensorFlow Lite runtime.
01-10 03:25:53.674 1136 1136 I GameModeConfig: Current uri is uri = content://com.thundercomm.gamemode.api/gamemode_settings/gamemode_isgaming
01-10 03:25:53.675 2976 2976 D GameModeIF_GameModeSettings: gamemode_isgaming set to 0
01-10 03:25:53.675 1136 1136 D GameModeIF_GameModeSettings: getUriFor setting_content_uri_root = content://com.thundercomm.gamemode.api/gamemode_settings , name = gamemode_isgaming
01-10 03:25:53.676 3231 3231 D Events : [Analog Widget] [Create]
01-10 03:25:53.681 1136 1136 I GameModeConfig: isGameModeOn = false
01-10 03:25:53.681 2976 2976 D GameMode_GameModeService: onCreate
01-10 03:25:53.681 1136 1136 I GameModeConfig: isGameModeOn = false
01-10 03:25:53.681 1136 1136 I GameModeConfig: isDisableVoice = true
01-10 03:25:53.682 1136 2397 I GameModeConfig: isGameModeOn = false
01-10 03:25:53.682 1136 2397 I GameModeConfig: isGameModeOn = false
01-10 03:25:53.683 1136 2397 I GameModeConfig: isGameModeOn = false
01-10 03:25:53.683 1136 2397 I GameModeConfig: isGameModeOn = false
01-10 03:25:53.686 1136 2521 D CompatibilityInfo: mCompatibilityFlags - 4
01-10 03:25:53.687 1136 2521 D CompatibilityInfo: applicationDensity - 240
01-10 03:25:53.687 1136 2521 D CompatibilityInfo: applicationScale - 1.0
01-10 03:25:53.691 3624 4863 D WLC-Service: Deferred Scan Disabled
01-10 03:25:53.694 1136 2551 D CompatibilityInfo: mCompatibilityFlags - 4
01-10 03:25:53.694 1136 2551 D CompatibilityInfo: applicationDensity - 240
01-10 03:25:53.694 1136 2551 D CompatibilityInfo: applicationScale - 1.0
01-10 03:25:53.698 1136 2551 D CompatibilityChangeReporter: Compat change id reported: 168419799; UID 10072; state: DISABLED
01-10 03:25:53.698 1136 2551 D CompatibilityInfo: mCompatibilityFlags - 4
01-10 03:25:53.698 1136 2551 D CompatibilityInfo: applicationDensity - 240
01-10 03:25:53.698 1136 2551 D CompatibilityInfo: applicationScale - 1.0
01-10 03:25:53.709 1136 2521 D CompatibilityInfo: mCompatibilityFlags - 4
01-10 03:25:53.709 1136 2521 D CompatibilityInfo: applicationDensity - 240
01-10 03:25:53.709 1136 2521 D CompatibilityInfo: applicationScale - 1.0
01-10 03:25:53.712 3624 4863 W SQLiteLog: (28) double-quoted string literal: "com.sohu.inputmethod.sogou.car"
01-10 03:25:53.738 3624 4863 W SQLiteLog: (28) double-quoted string literal: "com.hht.lebocast"
01-10 03:25:53.769 3624 4863 W SQLiteLog: (28) double-quoted string literal: "com.android.documentsui"
01-10 03:25:53.817 3624 4863 W SQLiteLog: (28) double-quoted string literal: "com.hryt.hiphishowfsecontrol"
01-10 03:25:53.836 657 669 I mpu_uart: [MSG-P:RECV]:No message received in 1000 ms
01-10 03:25:53.856 1136 1848 I commit_sys_config_file: [settings-1-0,6]
01-10 03:25:53.874 1136 1651 D CompatibilityInfo: mCompatibilityFlags - 4
01-10 03:25:53.874 1136 1651 D CompatibilityInfo: applicationDensity - 240
01-10 03:25:53.874 1136 1651 D CompatibilityInfo: applicationScale - 1.0
01-10 03:25:53.886 1136 2551 D CompatibilityInfo: mCompatibilityFlags - 4
01-10 03:25:53.886 1136 2551 D CompatibilityInfo: applicationDensity - 240
01-10 03:25:53.886 1136 2551 D CompatibilityInfo: applicationScale - 1.0
01-10 03:25:53.930 3624 4863 W SQLiteLog: (28) double-quoted string literal: "com.microsoft.emmx"
01-10 03:25:53.955 3624 4863 W SQLiteLog: (28) double-quoted string literal: "com.android.calendar"
01-10 03:25:53.980 3514 3514 W hpplay-java: [main]:IPManager:getActiveNets invalid networkInfo:null
01-10 03:25:53.980 3514 3514 I hpplay-java: [main]:IPManager:getActiveNets eth0:false wifi:false mobile:false ap:false
01-10 03:25:53.980 3514 3514 I hpplay-java: [main]:ServerTaskManager:get local ip:null
01-10 03:25:53.983 3624 4863 W SQLiteLog: (28) double-quoted string literal: "com.example.android.locationattribution"
01-10 03:25:54.014 3624 4863 W SQLiteLog: (28) double-quoted string literal: "com.android.gallery3d"
01-10 03:25:54.098 3624 4863 W SQLiteLog: (28) double-quoted string literal: "com.android.settings"
01-10 03:25:54.151 3624 4863 W SQLiteLog: (28) double-quoted string literal: "com.android.music"
01-10 03:25:54.174 3624 4863 W SQLiteLog: (28) double-quoted string literal: "com.qualcomm.qti.usta"
01-10 03:25:54.202 3624 4863 W SQLiteLog: (28) double-quoted string literal: "com.android.deskclock"
01-10 03:25:54.240 3624 4863 W SQLiteLog: (28) double-quoted string literal: "com.android.traceur"
01-10 03:25:54.258 2976 2976 D GameMode_FloatingBarView: Show float view location - x: -1280, y: -228
01-10 03:25:54.271 3624 4863 W SQLiteLog: (28) double-quoted string literal: "com.qualcomm.qti.sensors.qsensortest"
01-10 03:25:54.290 3016 3016 E Launcher: Check mcu protect state
01-10 03:25:54.303 2976 2976 E ThemeUtils: View class androidx.appcompat.widget.SwitchCompat is an AppCompat widget that can only be used with a Theme.AppCompat theme (or descendant).
01-10 03:25:54.342 2976 2976 E ThemeUtils: View class androidx.appcompat.widget.SwitchCompat is an AppCompat widget that can only be used with a Theme.AppCompat theme (or descendant).
01-10 03:25:54.362 2976 2976 E ThemeUtils: View class androidx.appcompat.widget.SwitchCompat is an AppCompat widget that can only be used with a Theme.AppCompat theme (or descendant).
01-10 03:25:54.429 2976 2976 D GameMode_GameModeService: type=hide_entry
01-10 03:25:54.439 1261 4439 I MMParserExtractor: Created(0xb4000072b3c3b350)
01-10 03:25:54.452 2976 4872 D MediaCodecList: codecHandlesFormat: no format, so no extra checks
01-10 03:25:54.453 2976 4872 D MediaCodecList: codecHandlesFormat: no format, so no extra checks
01-01 09:51:56.721 0 0 I binder : 2976:4873 ioctl 40046210 7504897124 returned -22
01-10 03:25:54.458 2976 4873 D CCodec : allocate(c2.android.vorbis.decoder)
01-10 03:25:54.466 2976 4873 D hw-ProcessState: Binder ioctl to enable oneway spam detection failed: Invalid argument
01-10 03:25:54.472 2976 4873 I Codec2Client: Available Codec2 services: "default" "software"
01-10 03:25:54.477 2976 4873 I CCodec : setting up 'default' as default (vendor) store
01-10 03:25:54.489 1332 2721 V C2Store : in init
01-10 03:25:54.489 1332 2721 V C2Store : loading dll
01-10 03:25:54.495 2976 4873 I CCodec : Created component [c2.android.vorbis.decoder]
01-10 03:25:54.496 2976 4873 D CCodecConfig: read media type: audio/vorbis
01-10 03:25:54.504 2976 4873 D ReflectedParamUpdater: extent() != 1 for single value type: algo.buffers.max-count.values
01-10 03:25:54.505 2976 4873 D ReflectedParamUpdater: extent() != 1 for single value type: output.subscribed-indices.values
01-10 03:25:54.506 2976 4873 D ReflectedParamUpdater: extent() != 1 for single value type: input.buffers.allocator-ids.values
01-10 03:25:54.507 2976 4873 D ReflectedParamUpdater: extent() != 1 for single value type: output.buffers.allocator-ids.values
01-10 03:25:54.507 2976 4873 D ReflectedParamUpdater: extent() != 1 for single value type: algo.buffers.allocator-ids.values
01-10 03:25:54.507 2976 4873 D ReflectedParamUpdater: extent() != 1 for single value type: output.buffers.pool-ids.values
01-10 03:25:54.508 2976 4873 D ReflectedParamUpdater: extent() != 1 for single value type: algo.buffers.pool-ids.values
01-10 03:25:54.511 2976 4873 I CCodecConfig: query failed after returning 7 values (BAD_INDEX)
01-10 03:25:54.511 2976 4873 D CCodecConfig: c2 config diff is Dict {
01-10 03:25:54.511 2976 4873 D CCodecConfig: c2::u32 coded.bitrate.value = 64000
01-10 03:25:54.511 2976 4873 D CCodecConfig: c2::u32 input.buffers.max-size.value = 32768
01-10 03:25:54.511 2976 4873 D CCodecConfig: c2::u32 input.delay.value = 0
01-10 03:25:54.511 2976 4873 D CCodecConfig: string input.media-type.value = "audio/vorbis"
01-10 03:25:54.511 2976 4873 D CCodecConfig: string output.media-type.value = "audio/raw"
01-10 03:25:54.511 2976 4873 D CCodecConfig: c2::u32 raw.channel-count.value = 1
01-10 03:25:54.511 2976 4873 D CCodecConfig: c2::u32 raw.sample-rate.value = 48000
01-10 03:25:54.511 2976 4873 D CCodecConfig: }
01-10 03:25:54.512 2976 4873 D CCodec : [c2.android.vorbis.decoder] buffers are bound to CCodec for this session
01-10 03:25:54.512 2976 4873 D CCodecConfig: no c2 equivalents for durationUs
01-10 03:25:54.512 2976 4873 D CCodecConfig: no c2 equivalents for track-id
01-10 03:25:54.512 2976 4873 D CCodecConfig: no c2 equivalents for csd-1
01-10 03:25:54.512 2976 4873 D CCodecConfig: no c2 equivalents for language
01-10 03:25:54.513 2976 4873 D CCodecConfig: no c2 equivalents for file-format
01-10 03:25:54.513 2976 4873 D CCodecConfig: no c2 equivalents for flags
01-10 03:25:54.514 2976 4873 D CCodecConfig: config failed => CORRUPTED
01-10 03:25:54.514 2976 4873 D CCodecConfig: c2 config diff is c2::u32 coded.bitrate.value = 48000
01-10 03:25:54.515 2976 4873 W Codec2Client: query -- param skipped: index = 1107298332.
01-10 03:25:54.515 2976 4873 D CCodec : setup formats input: AMessage(what = 0x00000000) = {
01-10 03:25:54.515 2976 4873 D CCodec : int32_t bitrate = 48000
01-10 03:25:54.515 2976 4873 D CCodec : int32_t channel-count = 1
01-10 03:25:54.515 2976 4873 D CCodec : int32_t max-input-size = 65307
01-10 03:25:54.515 2976 4873 D CCodec : string mime = "audio/vorbis"
01-10 03:25:54.515 2976 4873 D CCodec : int32_t sample-rate = 48000
01-10 03:25:54.515 2976 4873 D CCodec : }
01-10 03:25:54.516 2976 4873 D CCodec : setup formats output: AMessage(what = 0x00000000) = {
01-10 03:25:54.516 2976 4873 D CCodec : int32_t channel-count = 1
01-10 03:25:54.516 2976 4873 D CCodec : string mime = "audio/raw"
01-10 03:25:54.516 2976 4873 D CCodec : int32_t sample-rate = 48000
01-10 03:25:54.516 2976 4873 D CCodec : int32_t android._config-pcm-encoding = 2
01-10 03:25:54.516 2976 4873 D CCodec : }
01-10 03:25:54.516 2976 4873 I CCodecConfig: query failed after returning 7 values (BAD_INDEX)
01-10 03:25:54.517 2976 4873 W Codec2Client: query -- param skipped: index = 1342179345.
01-10 03:25:54.518 2976 4873 W Codec2Client: query -- param skipped: index = 2415921170.
01-10 03:25:54.518 2976 4873 D C2Store : Using ION
01-10 03:25:54.523 2976 4873 D CCodecBufferChannel: [c2.android.vorbis.decoder#587] Created input block pool with allocatorID 16 => poolID 17 - OK (0)
01-10 03:25:54.531 1271 1833 D BufferPoolAccessor2.0: bufferpool2 0xe8501e88 : 0(0 size) total buffers - 0(0 size) used buffers - 618/631 (recycle/alloc) - 19/629 (fetch/transfer)
01-10 03:25:54.532 1271 1833 D BufferPoolAccessor2.0: Destruction - bufferpool2 0xe8501e88 cached: 0/0M, 0/0% in use; allocs: 631, 98% recycled; transfers: 629, 97% unfetched
01-10 03:25:54.532 1271 1868 D BufferPoolAccessor2.0: bufferpool2 0xe8502ae8 : 0(0 size) total buffers - 0(0 size) used buffers - 31/39 (recycle/alloc) - 8/39 (fetch/transfer)
01-10 03:25:54.533 1271 1868 D BufferPoolAccessor2.0: Destruction - bufferpool2 0xe8502ae8 cached: 0/0M, 0/0% in use; allocs: 39, 79% recycled; transfers: 39, 79% unfetched
01-10 03:25:54.533 1271 1833 D BufferPoolAccessor2.0: bufferpool2 0xe85021e8 : 0(0 size) total buffers - 0(0 size) used buffers - 50/58 (recycle/alloc) - 8/58 (fetch/transfer)
01-10 03:25:54.534 1271 1868 D BufferPoolAccessor2.0: Destruction - bufferpool2 0xe85021e8 cached: 0/0M, 0/0% in use; allocs: 58, 86% recycled; transfers: 58, 86% unfetched
01-10 03:25:54.534 1271 1868 D BufferPoolAccessor2.0: Destruction - bufferpool2 0xe8500da8 cached: 0/0M, 0/0% in use; allocs: 138, 92% recycled; transfers: 138, 88% unfetched
01-10 03:25:54.535 1271 1833 D BufferPoolAccessor2.0: Destruction - bufferpool2 0xe8503e08 cached: 0/0M, 0/0% in use; allocs: 133, 94% recycled; transfers: 133, 94% unfetched
01-10 03:25:54.535 2976 4873 I CCodecBufferChannel: [c2.android.vorbis.decoder#587] Created output block pool with allocatorID 16 => poolID 31 - OK
01-10 03:25:54.536 2976 4873 D CCodecBufferChannel: [c2.android.vorbis.decoder#587] Configured output block pool ids 31 => OK
01-10 03:25:54.537 2976 4873 D CCodecBufferChannel: [c2.android.vorbis.decoder#587] start: updating output delay 0
01-10 03:25:54.540 2976 4873 E ion : ioctl c0044901 failed with code -1: Inappropriate ioctl for device
01-10 03:25:54.543 2976 4873 I CCodecBufferChannel: pipelineRoom(3) is <= numClientBuffers(3). Not signalling any more buffers to client
01-10 03:25:54.543 1332 4878 D SimpleC2Component: Using output block pool with poolID 31 => got 31 - 0
01-10 03:25:54.545 1261 4439 D MediaBufferGroup: creating MemoryDealer
01-10 03:25:54.549 2976 4873 I CCodecBufferChannel: pipelineRoom(2) is <= numClientBuffers(2). Not signalling any more buffers to client
01-10 03:25:54.551 2976 4873 I CCodecBufferChannel: pipelineRoom(1) is <= numClientBuffers(1). Not signalling any more buffers to client
01-10 03:25:54.621 2875 2875 D RemoteControlService: startVlanDispatchThread
01-10 03:25:54.639 2976 4873 I hw-BpHwBinder: onLastStrongRef automatically unlinking death recipients
01-10 03:25:54.640 1332 2721 I hw-BpHwBinder: onLastStrongRef automatically unlinking death recipients
01-10 03:25:54.641 1332 2721 V C2Store : in ~ComponentModule
01-10 03:25:54.641 1332 2721 V C2Store : unloading dll
01-10 03:25:54.836 657 669 I mpu_uart: [MSG-P:RECV]:No message received in 1000 ms
01-10 03:25:54.984 3514 3514 W hpplay-java: [main]:IPManager:getActiveNets invalid networkInfo:null
01-10 03:25:54.984 3514 3514 I hpplay-java: [main]:IPManager:getActiveNets eth0:false wifi:false mobile:false ap:false
01-10 03:25:54.985 3514 3514 I hpplay-java: [main]:ServerTaskManager:get local ip:null
01-10 03:25:55.444 3231 3231 D CompatibilityChangeReporter: Compat change id reported: 150939131; UID 10070; state: DISABLED
01-10 03:25:55.452 3697 3697 I ProvidersCache: Updating roots due to change on user 0at content://com.android.providers.media.documents/root
01-10 03:25:55.837 657 669 I mpu_uart: [MSG-P:RECV]:No message received in 1000 ms
01-10 03:25:55.862 657 668 I mpu_uart: [MSG-P:R]:recv sync frame timeout
01-10 03:25:55.988 3514 3514 W hpplay-java: [main]:IPManager:getActiveNets invalid networkInfo:null
01-10 03:25:55.988 3514 3514 I hpplay-java: [main]:IPManager:getActiveNets eth0:false wifi:false mobile:false ap:false
01-10 03:25:55.988 3514 3514 I hpplay-java: [main]:ServerTaskManager:get local ip:null
01-10 03:25:56.003 1136 1714 I commit_sys_config_file: [package-user-0,11]
01-10 03:25:56.837 657 669 I mpu_uart: [MSG-P:RECV]:No message received in 1000 ms
01-10 03:25:56.854 2883 2983 D MCUUpdate: find 2 mcu version:figureAPP_V0.0.6_a.bin figureAPP_V0.0.6_b.bin
01-10 03:25:56.855 657 657 I mpu_uart: [TIME-:1]:create
01-10 03:25:56.866 657 667 V mpu_uart: send data buf:[0x3c, 0x7, 0x0, 0x11, 0xff, 0x82, 0x57, ], send_res=7
01-10 03:25:56.869 657 668 V mpu_uart: [MSG-P:SYNC]:sync resp:62
01-10 03:25:56.869 657 657 I mpu_uart: [TIME-:1]:delete
01-10 03:25:56.870 2883 2983 D MCUUpdate: Check MCU current version :res = 0
01-10 03:25:56.900 657 668 D mpu_uart: [MSG-P:R-M]:recved H:13, L:0
01-10 03:25:56.900 657 668 V mpu_uart: recv data buf:[0x3c, 0xd, 0x0, 0x0, 0xff, 0x82, 0x4f, 0x72, 0x69, 0x67, 0x69, 0x6e, 0x78, ]
01-10 03:25:56.901 657 669 D mpu_uart: [SESSION-Distribute]:Message en queue:ff
01-10 03:25:56.903 2883 2979 D MCUUpdate: MCU version: 79 length: 7
01-10 03:25:56.992 3514 3514 W hpplay-java: [main]:IPManager:getActiveNets invalid networkInfo:null
01-10 03:25:56.992 3514 3514 I hpplay-java: [main]:IPManager:getActiveNets eth0:false wifi:false mobile:false ap:false
01-10 03:25:56.993 3514 3514 I hpplay-java: [main]:ServerTaskManager:get local ip:null
01-10 03:25:57.901 657 669 I mpu_uart: [MSG-P:RECV]:No message received in 1000 ms
01-10 03:25:57.995 3514 3514 W hpplay-java: [main]:IPManager:getActiveNets invalid networkInfo:null
01-10 03:25:57.996 3514 3514 I hpplay-java: [main]:IPManager:getActiveNets eth0:false wifi:false mobile:false ap:false
01-10 03:25:57.996 3514 3514 I hpplay-java: [main]:ServerTaskManager:get local ip:null
01-10 03:25:58.362 1136 1651 I am_uid_running: 10082
01-10 03:25:58.364 1136 1651 D CompatibilityChangeReporter: Compat change id reported: 135634846; UID 10082; state: DISABLED
01-10 03:25:58.364 1136 1651 D CompatibilityChangeReporter: Compat change id reported: 177438394; UID 10082; state: DISABLED
01-10 03:25:58.365 1136 1651 D CompatibilityChangeReporter: Compat change id reported: 135772972; UID 10082; state: DISABLED
01-10 03:25:58.365 1136 1651 D CompatibilityChangeReporter: Compat change id reported: 135754954; UID 10082; state: ENABLED
01-10 03:25:58.369 1136 4249 I WifiService: startScan uid=1000
01-10 03:25:58.371 1136 1652 D CompatibilityChangeReporter: Compat change id reported: 143937733; UID 10082; state: ENABLED
01-10 03:25:58.388 1431 3502 D LOWI-9.0.0.87.a: [LOWI-Scan] wait_event:Wait done with Cmd 33
01-10 03:25:58.388 1431 3502 D LOWI-9.0.0.87.a: [LOWI-Scan] do_listen_events: Rcvd valid Netlink Cmd 0 Err 0
01-10 03:25:58.415 683 683 D Zygote : Forked child process 4887
01-10 03:25:58.416 1136 1652 W ActivityManager: Slow operation: 52ms so far, now at startProcess: returned from zygote!
01-10 03:25:58.416 1136 1652 W ActivityManager: Slow operation: 53ms so far, now at startProcess: done updating battery stats
01-10 03:25:58.416 1136 1652 I am_proc_start: [0,4887,10082,com.qti.ltebc,broadcast,{com.qti.ltebc/com.qualcomm.ltebc.LTEBroadcastAlarmReceiver}]
01-10 03:25:58.416 1136 1652 W ActivityManager: Slow operation: 53ms so far, now at startProcess: building log message
01-10 03:25:58.416 1136 1652 I ActivityManager: Start proc 4887:com.qti.ltebc/u0a82 for broadcast {com.qti.ltebc/com.qualcomm.ltebc.LTEBroadcastAlarmReceiver}
01-10 03:25:58.416 1136 1652 W ActivityManager: Slow operation: 53ms so far, now at startProcess: starting to update pids map
01-10 03:25:58.416 1136 1652 W ActivityManager: Slow operation: 53ms so far, now at startProcess: done updating pids map
01-01 09:52:00.697 0 0 I [schedu][0x98e460e0][03:25:58.435805] wlan: [3172:I:OSIF] scan start scan id 40963
01-10 03:25:58.465 4793 4801 I adbd : jdwp connection from 4887
01-10 03:25:58.472 4887 4887 D ProcessState: Binder ioctl to enable oneway spam detection failed: Invalid argument
01-01 09:52:00.727 0 0 I binder : 4887:4887 ioctl 40046210 7fe87a7184 returned -22
01-10 03:25:58.477 1136 4249 I am_proc_bound: [0,4887,com.qti.ltebc]
01-10 03:25:58.479 1136 4249 D CompatibilityChangeReporter: Compat change id reported: 168419799; UID 10082; state: DISABLED
01-10 03:25:58.479 1136 4249 D CompatibilityInfo: mCompatibilityFlags - 4
01-10 03:25:58.480 1136 4249 D CompatibilityInfo: applicationDensity - 240
01-10 03:25:58.480 1136 4249 D CompatibilityInfo: applicationScale - 1.0
01-10 03:25:58.488 1136 4249 I am_uid_active: 10082
01-10 03:25:58.491 1136 4249 D CompatibilityInfo: mCompatibilityFlags - 4
01-10 03:25:58.491 1136 4249 D CompatibilityInfo: applicationDensity - 240
01-10 03:25:58.491 1136 4249 D CompatibilityInfo: applicationScale - 1.0
01-10 03:25:58.497 4887 4887 D CompatibilityChangeReporter: Compat change id reported: 171979766; UID 10082; state: ENABLED
01-10 03:25:58.554 4887 4887 I Perf : Connecting to perf service.
01-10 03:25:58.563 4887 4887 V GraphicsEnvironment: ANGLE Developer option for 'com.qti.ltebc' set to: 'default'
01-10 03:25:58.566 4887 4887 V GraphicsEnvironment: ANGLE GameManagerService for com.qti.ltebc: false
01-10 03:25:58.570 4887 4887 D NetworkSecurityConfig: Using Network Security Config from resource network_security_config debugBuild: false
01-10 03:25:58.574 4887 4887 D NetworkSecurityConfig: Using Network Security Config from resource network_security_config debugBuild: false
01-10 03:25:58.577 4887 4887 D LTE Application: getLibraryName = msp
01-10 03:25:58.631 2764 4903 D TlogClient_LogCollectService: === START to package logs ===
01-10 03:25:58.646 2764 4903 D hw-ProcessState: Binder ioctl to enable oneway spam detection failed: Invalid argument
01-01 09:52:00.900 0 0 I binder : 2764:4903 ioctl 40046210 75048c7ef4 returned -22
01-10 03:25:58.658 2764 4903 I tsnv.hidl.wrapper: TsnvWrapper: tsnv_get:Link to death notification successful!
01-10 03:25:58.662 2764 4903 D TlogClient_LogCollectService: mCommand: [/system/bin/sh, /data/user_de/0/com.tc.logclient/files/package_log.sh, 001, 0000, 0]
01-01 09:52:00.987 0 0 I init : processing action (sys.tlog.pstore.active=1) from (/system/etc/init/tlogd.rc:122)
01-01 09:52:01.004 0 0 I init : Command 'start pstore_save' action=sys.tlog.pstore.active=1 (/system/etc/init/tlogd.rc:124) took 2ms and failed: Could not start service: Could not get process context
01-10 03:25:58.739 501 512 I auditd : type=1401 audit(0.0:168): op=security_compute_sid invalid_context=u:r:np_thundercomm_tlog_pstore:s0 scontext=u:r:init:s0 tcontext=u:object_r:np_thundercomm_tlog_pstore_exec:s0 tclass=process
01-10 03:25:58.739 512 512 W auditd : type=1401 audit(0.0:168): op=security_compute_sid invalid_context=u:r:np_thundercomm_tlog_pstore:s0 scontext=u:r:init:s0 tcontext=u:object_r:np_thundercomm_tlog_pstore_exec:s0 tclass=process
01-10 03:25:58.902 657 669 I mpu_uart: [MSG-P:RECV]:No message received in 1000 ms
01-10 03:25:59.000 3514 3514 W hpplay-java: [main]:IPManager:getActiveNets invalid networkInfo:null
01-10 03:25:59.000 3514 3514 I hpplay-java: [main]:IPManager:getActiveNets eth0:false wifi:false mobile:false ap:false
01-10 03:25:59.000 3514 3514 I hpplay-java: [main]:ServerTaskManager:get local ip:null
01-10 03:25:59.213 1272 1302 I selfinstaller: create socket failed: Network is unreachable 101
01-10 03:25:59.529 1332 1839 D BufferPoolAccessor2.0: bufferpool2 0xb40000734dc2fc88 : 0(0 size) total buffers - 0(0 size) used buffers - 32/35 (recycle/alloc) - 3/34 (fetch/transfer)
01-10 03:25:59.529 1332 1839 D BufferPoolAccessor2.0: evictor expired: 1, evicted: 1
01-10 03:25:59.533 1271 3871 D BufferPoolAccessor2.0: evictor expired: 2, evicted: 0
01-10 03:25:59.606 2976 4876 D BufferPoolAccessor2.0: bufferpool2 0xb4000075fa4d9808 : 0(0 size) total buffers - 0(0 size) used buffers - 2/7 (recycle/alloc) - 5/74 (fetch/transfer)
01-10 03:25:59.606 2976 4876 D BufferPoolAccessor2.0: evictor expired: 1, evicted: 1
01-10 03:25:59.631 1431 3502 D LOWI-9.0.0.87.a: [LOWI-Scan] wait_event:Wait done with Cmd 34
01-10 03:25:59.631 1431 3502 D LOWI-9.0.0.87.a: [LOWI-Scan] do_listen_events: Rcvd valid Netlink Cmd 34 Err 0
01-10 03:25:59.632 1431 3502 D LOWI-9.0.0.87.a: [LOWI-Scan]
01-10 03:25:59.632 1431 3502 D LOWI-9.0.0.87.a: [LOWI-Scan] print_bss_handler: Report Probe TSF 111265925 as it greater than Beacon TSF 111250631
01-10 03:25:59.632 1431 3502 D LOWI-9.0.0.87.a: [LOWI-Scan] is_qcom_ie, bss_age: 0
01-10 03:25:59.632 1431 3502 D LOWI-9.0.0.87.a: [LOWI-Scan] BSS 38:a9:1c:35:03:6f LOWI_PHY_MODE_11AC_VHT80(10), Beacon Interval: 100, LOWI_ENCRYPTION_TYPE_OPEN 11mcRanging: No, ANQP: No, LCI: No, Civic: No, capability(0x0501): ESS SpectrumMgmt ShortSlotTime
01-10 03:25:59.632 1431 3502 D LOWI-9.0.0.87.a: [LOWI-Scan] BSS 38:a9:1c:35:03:6f FREQ: 5180, cFreq1[40:80:160] = [5190:5210:0] cFreq2 = 0 Country Code = US
01-10 03:25:59.632 1431 3502 D LOWI-9.0.0.87.a: [LOWI-Scan] BSS 38:a9:1c:35:03:6f (wlan0) ASSO: NO AddInfo: 0x0, TSF 0, 00:01:51.265, RSSI: -150, CPL: 127, AGE: 1144, SSID , TSFDelta: 0xb28138bf, TXRate: 0
01-10 03:25:59.632 1431 3502 D LOWI-9.0.0.87.a: [LOWI-Scan]
01-10 03:25:59.632 1431 3502 D LOWI-9.0.0.87.a: [LOWI-Scan] print_bss_handler: Report Probe TSF 111266830 as it greater than Beacon TSF 101185091
01-10 03:25:59.632 1431 3502 D LOWI-9.0.0.87.a: [LOWI-Scan] is_qcom_ie, bss_age: 0
01-10 03:25:59.632 1431 3502 D LOWI-9.0.0.87.a: [LOWI-Scan] BSS 7c:de:78:ab:ce:0d LOWI_PHY_MODE_11AC_VHT80(10), Beacon Interval: 100, LOWI_ENCRYPTION_TYPE_OPEN 11mcRanging: No, ANQP: No, LCI: No, Civic: No, capability(0x0501): ESS SpectrumMgmt ShortSlotTime
01-10 03:25:59.632 1136 4249 D WifiNl80211Manager: Scan result ready event
01-10 03:25:59.632 1431 3502 D LOWI-9.0.0.87.a: [LOWI-Scan] BSS 7c:de:78:ab:ce:0d FREQ: 5180, cFreq1[40:80:160] = [5190:5210:0] cFreq2 = 0 Country Code = US
01-10 03:25:59.632 1431 3502 D LOWI-9.0.0.87.a: [LOWI-Scan] BSS 7c:de:78:ab:ce:0d (wlan0) ASSO: NO AddInfo: 0x0, TSF 0, 00:01:51.266, RSSI: -144, CPL: 127, AGE: 1144, SSID , TSFDelta: 0xb17da35d, TXRate: 0
01-10 03:25:59.633 1136 4249 D WifiNative: Scan result ready event
01-01 09:52:01.882 0 0 I [schedu][0x9a3fbec3][03:25:59.621484] wlan: [3172:I:OSIF] vdev 0, scan id 40963 type COMPLETED(1) reason COMPLETED(1) scan found 38 bss
01-10 03:25:59.633 1431 3502 D LOWI-9.0.0.87.a: [LOWI-Scan]
01-10 03:25:59.633 1431 3502 D LOWI-9.0.0.87.a: [LOWI-Scan] print_bss_handler: Report Probe TSF 111268984 as it greater than Beacon TSF 0
01-10 03:25:59.633 1431 3502 D LOWI-9.0.0.87.a: [LOWI-Scan] is_qcom_ie, bss_age: 0
01-10 03:25:59.633 1431 3502 D LOWI-9.0.0.87.a: [LOWI-Scan] BSS 7c:de:78:ab:ce:0b LOWI_PHY_MODE_11AC_VHT80(10), Beacon Interval: 100, LOWI_ENCRYPTION_TYPE_OPEN 11mcRanging: No, ANQP: No, LCI: No, Civic: No, capability(0x0511): ESS Privacy SpectrumMgmt ShortSlotTime
01-10 03:25:59.633 1431 3502 D LOWI-9.0.0.87.a: [LOWI-Scan] BSS 7c:de:78:ab:ce:0b FREQ: 5180, cFreq1[40:80:160] = [5190:5210:0] cFreq2 = 0 Country Code = US
01-10 03:25:59.633 1431 3502 D LOWI-9.0.0.87.a: [LOWI-Scan] BSS 7c:de:78:ab:ce:0b (wlan0) ASSO: NO AddInfo: 0x0, TSF 0, 00:01:51.268, RSSI: -144, CPL: 127, AGE: 1140, SSID Perceiveeyes_5G, TSFDelta: 0xb183a381, TXRate: 0
01-10 03:25:59.633 1431 3502 D LOWI-9.0.0.87.a: [LOWI-Scan]
01-10 03:25:59.633 1431 3502 D LOWI-9.0.0.87.a: [LOWI-Scan] print_bss_handler: Report Probe TSF 111280109 as it greater than Beacon TSF 81400449
01-10 03:25:59.633 1431 3502 D LOWI-9.0.0.87.a: [LOWI-Scan] decode_rsn_wpa_ie: LOWI_ENCRYPTION_TYPE_WPA_PSK
01-10 03:25:59.633 1431 3502 D LOWI-9.0.0.87.a: [LOWI-Scan] is_qcom_ie, bss_age: 1
01-10 03:25:59.633 1431 3502 D LOWI-9.0.0.87.a: [LOWI-Scan] BSS 38:a9:1c:35:03:6d LOWI_PHY_MODE_11AC_VHT80(10), Beacon Interval: 100, LOWI_ENCRYPTION_TYPE_WPA_PSK 11mcRanging: No, ANQP: No, LCI: No, Civic: No, capability(0x0511): ESS Privacy SpectrumMgmt ShortSlotTime
01-10 03:25:59.633 1431 3502 D LOWI-9.0.0.87.a: [LOWI-Scan] BSS 38:a9:1c:35:03:6d FREQ: 5180, cFreq1[40:80:160] = [5190:5210:0] cFreq2 = 0 Country Code = US
01-10 03:25:59.633 1431 3502 D LOWI-9.0.0.87.a: [LOWI-Scan] BSS 38:a9:1c:35:03:6d (wlan0) ASSO: NO AddInfo: 0x0, TSF 0, 00:01:51.280, RSSI: -150, CPL: 127, AGE: 1128, SSID H3C_v2x_wifi_5G, TSFDelta: 0xb29107d8, TXRate: 0
01-10 03:25:59.633 1431 3502 D LOWI-9.0.0.87.a: [LOWI-Scan]
01-10 03:25:59.633 1431 3502 D LOWI-9.0.0.87.a: [LOWI-Scan] print_bss_handler: Report Probe TSF 111305499 as it greater than Beacon TSF 101183279
01-10 03:25:59.633 1431 3502 D LOWI-9.0.0.87.a: [LOWI-Scan] is_qcom_ie, bss_age: 0
01-10 03:25:59.634 1431 3502 D LOWI-9.0.0.87.a: [LOWI-Scan] BSS 7c:de:78:ab:ce:06 LOWI_PHY_MODE_11NG_HT20(5), Beacon Interval: 100, LOWI_ENCRYPTION_TYPE_OPEN 11mcRanging: No, ANQP: No, LCI: No, Civic: No, capability(0x0401): ESS ShortSlotTime
01-10 03:25:59.634 1431 3502 D LOWI-9.0.0.87.a: [LOWI-Scan] BSS 7c:de:78:ab:ce:06 FREQ: 2412, cFreq1[40:80:160] = [0:0:0] cFreq2 = 0 Country Code =
01-10 03:25:59.634 1431 3502 D LOWI-9.0.0.87.a: [LOWI-Scan] BSS 7c:de:78:ab:ce:06 (wlan0) ASSO: NO AddInfo: 0x0, TSF 0, 00:01:51.305, RSSI: -138, CPL: 127, AGE: 1104, SSID , TSFDelta: 0xb4513ca9, TXRate: 0
01-10 03:25:59.634 1431 3502 D LOWI-9.0.0.87.a: [LOWI-Scan]
01-10 03:25:59.634 1431 3502 D LOWI-9.0.0.87.a: [LOWI-Scan] print_bss_handler: Report beacon TSF 111281092 as it greater than probe TSF 111245749
01-10 03:25:59.634 1431 3502 D LOWI-9.0.0.87.a: [LOWI-Scan] is_qcom_ie, bss_age: 0
01-10 03:25:59.634 1431 3502 D LOWI-9.0.0.87.a: [LOWI-Scan] BSS 7c:de:78:ab:ce:08 LOWI_PHY_MODE_11NG_HT20(5), Beacon Interval: 100, LOWI_ENCRYPTION_TYPE_OPEN 11mcRanging: No, ANQP: No, LCI: No, Civic: No, capability(0x0411): ESS Privacy ShortSlotTime
01-10 03:25:59.634 1431 3502 D LOWI-9.0.0.87.a: [LOWI-Scan] BSS 7c:de:78:ab:ce:08 FREQ: 2412, cFreq1[40:80:160] = [0:0:0] cFreq2 = 0 Country Code =
01-10 03:25:59.634 1431 3502 D LOWI-9.0.0.87.a: [LOWI-Scan] BSS 7c:de:78:ab:ce:08 (wlan0) ASSO: NO AddInfo: 0x1, TSF 0, 00:01:51.281, RSSI: -136, CPL: 127, AGE: 1128, SSID Perceiveeyes, TSFDelta: 0xb297bc2c, TXRate: 0
01-10 03:25:59.635 1431 3502 D LOWI-9.0.0.87.a: [LOWI-Scan]
01-10 03:25:59.635 1431 3502 D LOWI-9.0.0.87.a: [LOWI-Scan] print_bss_handler: Report beacon TSF 111292202 as it greater than probe TSF 111254799
01-10 03:25:59.635 1431 3502 D LOWI-9.0.0.87.a: [LOWI-Scan] is_qcom_ie, bss_age: 0
01-10 03:25:59.635 1431 3502 D LOWI-9.0.0.87.a: [LOWI-Scan] BSS 18:6f:2d:81:1e:61 LOWI_PHY_MODE_11NG_HT20(5), Beacon Interval: 100, LOWI_ENCRYPTION_TYPE_OPEN 11mcRanging: No, ANQP: No, LCI: No, Civic: No, capability(0x0521): ESS ShortPreamble SpectrumMgmt ShortSlotTime
01-10 03:25:59.635 1431 3502 D LOWI-9.0.0.87.a: [LOWI-Scan] BSS 18:6f:2d:81:1e:61 FREQ: 2412, cFreq1[40:80:160] = [2412:0:0] cFreq2 = 0 Country Code = CN
01-10 03:25:59.635 1431 3502 D LOWI-9.0.0.87.a: [LOWI-Scan] BSS 18:6f:2d:81:1e:61 (wlan0) ASSO: NO AddInfo: 0x1, TSF 0, 00:01:51.292, RSSI: -168, CPL: 127, AGE: 1116, SSID Guest, TSFDelta: 0x6b0194a7, TXRate: 0
01-10 03:25:59.635 1431 3502 D LOWI-9.0.0.87.a: [LOWI-Scan]
01-10 03:25:59.635 1431 3502 D LOWI-9.0.0.87.a: [LOWI-Scan] print_bss_handler: Report beacon TSF 111295994 as it greater than probe TSF 111255347
01-10 03:25:59.635 1431 3502 D LOWI-9.0.0.87.a: [LOWI-Scan] decode_rsn_wpa_ie: LOWI_ENCRYPTION_TYPE_WPA_PSK
01-10 03:25:59.635 1431 3502 D LOWI-9.0.0.87.a: [LOWI-Scan] is_qcom_ie, bss_age: 0
01-10 03:25:59.635 1431 3502 D LOWI-9.0.0.87.a: [LOWI-Scan] BSS 18:6f:2d:81:1e:62 LOWI_PHY_MODE_11NG_HT20(5), Beacon Interval: 100, LOWI_ENCRYPTION_TYPE_WPA_PSK 11mcRanging: No, ANQP: No, LCI: No, Civic: No, capability(0x0531): ESS Privacy ShortPreamble SpectrumMgmt ShortSlotTime
01-10 03:25:59.635 1431 3502 D LOWI-9.0.0.87.a: [LOWI-Scan] BSS 18:6f:2d:81:1e:62 FREQ: 2412, cFreq1[40:80:160] = [2412:0:0] cFreq2 = 0 Country Code = CN
01-10 03:25:59.635 1431 3502 D LOWI-9.0.0.87.a: [LOWI-Scan] BSS 18:6f:2d:81:1e:62 (wlan0) ASSO: NO AddInfo: 0x1, TSF 0, 00:01:51.295, RSSI: -162, CPL: 127, AGE: 1116, SSID ThunderSoft_2.4G, TSFDelta: 0x6b075975, TXRate: 0
01-10 03:25:59.636 1431 3502 D LOWI-9.0.0.87.a: [LOWI-Scan]
01-10 03:25:59.636 1431 3502 D LOWI-9.0.0.87.a: [LOWI-Scan] print_bss_handler: Report beacon TSF 111296842 as it greater than probe TSF 111262802
01-10 03:25:59.636 1431 3502 D LOWI-9.0.0.87.a: [LOWI-Scan] decode_rsn_wpa_ie: LOWI_ENCRYPTION_TYPE_WPA_PSK
01-10 03:25:59.636 1431 3502 D LOWI-9.0.0.87.a: [LOWI-Scan] is_qcom_ie, bss_age: 0
01-10 03:25:59.636 1431 3502 D LOWI-9.0.0.87.a: [LOWI-Scan] BSS 18:6f:2d:81:1e:63 LOWI_PHY_MODE_11NG_HT20(5), Beacon Interval: 100, LOWI_ENCRYPTION_TYPE_WPA_PSK 11mcRanging: No, ANQP: No, LCI: No, Civic: No, capability(0x0531): ESS Privacy ShortPreamble SpectrumMgmt ShortSlotTime
01-10 03:25:59.636 1431 3502 D LOWI-9.0.0.87.a: [LOWI-Scan] BSS 18:6f:2d:81:1e:63 FREQ: 2412, cFreq1[40:80:160] = [2412:0:0] cFreq2 = 0 Country Code = CN
01-10 03:25:59.636 1431 3502 D LOWI-9.0.0.87.a: [LOWI-Scan] BSS 18:6f:2d:81:1e:63 (wlan0) ASSO: NO AddInfo: 0x1, TSF 0, 00:01:51.296, RSSI: -164, CPL: 127, AGE: 1112, SSID ZXHY, TSFDelta: 0x6b0c7c0f, TXRate: 0
01-10 03:25:59.636 1431 3502 D LOWI-9.0.0.87.a: [LOWI-Scan]
01-10 03:25:59.636 1431 3502 D LOWI-9.0.0.87.a: [LOWI-Scan] print_bss_handler: Report Probe TSF 111326442 as it greater than Beacon TSF 0
01-10 03:25:59.637 1431 3502 D LOWI-9.0.0.87.a: [LOWI-Scan] decode_rsn_wpa_ie: LOWI_ENCRYPTION_TYPE_WPA_PSK
01-10 03:25:59.637 1431 3502 D LOWI-9.0.0.87.a: [LOWI-Scan] is_qcom_ie, bss_age: 0
01-10 03:25:59.637 1431 3502 D LOWI-9.0.0.87.a: [LOWI-Scan] BSS 1a:51:7e:52:1a:24 LOWI_PHY_MODE_11AC_VHT40(9), Beacon Interval: 100, LOWI_ENCRYPTION_TYPE_WPA_PSK 11mcRanging: No, ANQP: Yes, LCI: No, Civic: No, capability(0x0131): ESS Privacy ShortPreamble SpectrumMgmt
01-10 03:25:59.637 1431 3502 D LOWI-9.0.0.87.a: [LOWI-Scan] BSS 1a:51:7e:52:1a:24 FREQ: 5200, cFreq1[40:80:160] = [5190:0:0] cFreq2 = 0 Country Code = CN
01-10 03:25:59.637 1431 3502 D LOWI-9.0.0.87.a: [LOWI-Scan] BSS 1a:51:7e:52:1a:24 (wlan0) ASSO: NO AddInfo: 0x0, TSF 0, 00:01:51.326, RSSI: -140, CPL: 127, AGE: 1084, SSID H3C_EPOCH, TSFDelta: 0xb3ea07f0, TXRate: 0
01-10 03:25:59.637 1431 3502 D LOWI-9.0.0.87.a: [LOWI-Scan]
01-10 03:25:59.637 1431 3502 D LOWI-9.0.0.87.a: [LOWI-Scan] print_bss_handler: Report Probe TSF 111355772 as it greater than Beacon TSF 111341985
01-10 03:25:59.637 1431 3502 D LOWI-9.0.0.87.a: [LOWI-Scan] decode_rsn_wpa_ie: LOWI_ENCRYPTION_TYPE_WPA_PSK
01-10 03:25:59.637 1431 3502 D LOWI-9.0.0.87.a: [LOWI-Scan] is_qcom_ie, bss_age: 0
01-10 03:25:59.637 1431 3502 D LOWI-9.0.0.87.a: [LOWI-Scan] BSS 70:8b:cd:5c:19:2c LOWI_PHY_MODE_11AC_VHT80(10), Beacon Interval: 100, LOWI_ENCRYPTION_TYPE_WPA_PSK 11mcRanging: No, ANQP: No, LCI: No, Civic: No, capability(0x0831): ESS Privacy ShortPreamble APSD
01-10 03:25:59.638 1431 3502 D LOWI-9.0.0.87.a: [LOWI-Scan] BSS 70:8b:cd:5c:19:2c FREQ: 5220, cFreq1[40:80:160] = [5230:5210:0] cFreq2 = 0 Country Code = FR
01-10 03:25:59.638 1431 3502 D LOWI-9.0.0.87.a: [LOWI-Scan] BSS 70:8b:cd:5c:19:2c (wlan0) ASSO: NO AddInfo: 0x0, TSF 0, 00:01:51.355, RSSI: -146, CPL: 127, AGE: 1056, SSID ASUS_5G, TSFDelta: 0xb444bdf9, TXRate: 0
01-10 03:25:59.640 1431 3502 D LOWI-9.0.0.87.a: [LOWI-Scan]
