01-10 03:25:47.483 1136 2950 I am_proc_bound: [0,4529,com.android.dynsystem:dynsystem]
01-10 03:25:47.483 1136 2950 D CompatibilityInfo: mCompatibilityFlags - 4
01-10 03:25:47.483 1136 2950 D CompatibilityInfo: applicationDensity - 240
01-10 03:25:47.483 1136 2950 D CompatibilityInfo: applicationScale - 1.0
01-10 03:25:47.485 4542 4542 I libc : SetHeapTaggingLevel: tag level set to 0
01-10 03:25:47.489 1136 2950 D CompatibilityInfo: mCompatibilityFlags - 4
01-10 03:25:47.489 1136 2950 D CompatibilityInfo: applicationDensity - 240
01-10 03:25:47.489 1136 2950 D CompatibilityInfo: applicationScale - 1.0
01-10 03:25:47.494 4529 4529 D CompatibilityChangeReporter: Compat change id reported: 171979766; UID 1000; state: ENABLED
01-10 03:25:47.503 3269 3287 I adbd : jdwp connection from 4542
01-10 03:25:47.508 1136 1912 I input_interaction: Interaction with: 3bc3f01 com.android.launcher3/com.android.launcher3.uioverrides.QuickstepLauncher (server), 4b76c40 com.android.systemui.ImageWallpaper (server), edge-swipe (server), swipe-up (server), PointerEventDispatcher0 (server),
01-01 09:51:49.766 0 0 I binder : 4542:4542 ioctl 40046210 7fe87a7184 returned -22
01-10 03:25:47.514 4542 4542 D ProcessState: Binder ioctl to enable oneway spam detection failed: Invalid argument
01-10 03:25:47.520 1136 2950 I am_proc_bound: [0,4542,com.android.gallery3d]
01-10 03:25:47.520 1136 2950 D CompatibilityChangeReporter: Compat change id reported: 168419799; UID 10072; state: DISABLED
01-10 03:25:47.520 1136 2950 D CompatibilityInfo: mCompatibilityFlags - 4
01-10 03:25:47.521 1136 2950 D CompatibilityInfo: applicationDensity - 240
01-10 03:25:47.521 1136 2950 D CompatibilityInfo: applicationScale - 1.0
01-10 03:25:47.523 1136 2950 I am_uid_active: 10072
01-10 03:25:47.524 1136 2950 D CompatibilityInfo: mCompatibilityFlags - 4
01-10 03:25:47.524 1136 2950 D CompatibilityInfo: applicationDensity - 240
01-10 03:25:47.524 1136 2950 D CompatibilityInfo: applicationScale - 1.0
01-10 03:25:47.527 4542 4542 D CompatibilityChangeReporter: Compat change id reported: 171979766; UID 10072; state: DISABLED
01-10 03:25:47.539 4542 4542 D ApplicationLoaders: Returning zygote-cached class loader: /system/framework/android.test.base.jar
01-10 03:25:47.542 4529 4529 I Perf : Connecting to perf service.
01-10 03:25:47.552 4529 4529 V GraphicsEnvironment: ANGLE Developer option for 'com.android.dynsystem' set to: 'default'
01-10 03:25:47.554 4529 4529 V GraphicsEnvironment: ANGLE GameManagerService for com.android.dynsystem: false
01-10 03:25:47.557 4529 4529 D NetworkSecurityConfig: No Network Security Config specified, using platform default
01-10 03:25:47.557 4529 4529 D NetworkSecurityConfig: No Network Security Config specified, using platform default
01-10 03:25:47.566 1136 4249 I sysui_multi_action: [757,856,758,1,806,com.android.dynsystem,857,com.android.dynsystem,858,2]
01-10 03:25:47.569 4542 4542 D nativeloader: classloader namespace configured for unbundled product apk. library_path=/product/app/Gallery2/lib/arm64:/product/app/Gallery2/Gallery2.apk!/lib/arm64-v8a:/product/lib64:/system/product/lib64
01-10 03:25:47.577 4529 4529 D DynamicSystemInstallationService: onStartCommand(): action=android.os.image.action.NOTIFY_IF_IN_USE
01-10 03:25:47.578 1136 4249 I DynamicSystemService: isInstalled(): false
01-10 03:25:47.591 4542 4542 I Perf : Connecting to perf service.
01-10 03:25:47.601 4542 4542 V GraphicsEnvironment: ANGLE Developer option for 'com.android.gallery3d' set to: 'default'
01-10 03:25:47.603 4542 4542 V GraphicsEnvironment: ANGLE GameManagerService for com.android.gallery3d: false
01-10 03:25:47.605 4542 4542 D NetworkSecurityConfig: No Network Security Config specified, using platform default
01-10 03:25:47.606 4542 4542 D NetworkSecurityConfig: No Network Security Config specified, using platform default
01-10 03:25:47.622 4542 4542 W libc : Access denied finding property "vendor.camera.aux.packagelist"
01-10 03:25:47.625 1252 2656 W ServiceManager: Permission failure: android.permission.SYSTEM_CAMERA from uid=10072 pid=4542
01-10 03:25:47.625 4542 4542 I G:DisableCameraReceiver: no back camera
01-10 03:25:47.625 4542 4542 I G:DisableCameraReceiver: disable all camera activities
01-10 03:25:47.626 1136 1599 D PackageManager: Instant App installer not found with android.intent.action.INSTALL_INSTANT_APP_PACKAGE
01-10 03:25:47.627 1136 1599 D PackageManager: Clear ephemeral installer activity
01-10 03:25:47.627 1136 1599 D PackageManager: Instant App installer not found with android.intent.action.INSTALL_INSTANT_APP_PACKAGE
01-10 03:25:47.627 1136 1599 D PackageManager: Clear ephemeral installer activity
01-10 03:25:47.628 1136 1599 I am_uid_running: 10076
01-10 03:25:47.628 1136 1599 D CompatibilityChangeReporter: Compat change id reported: 135634846; UID 10076; state: DISABLED
01-10 03:25:47.628 1136 1599 D CompatibilityChangeReporter: Compat change id reported: 177438394; UID 10076; state: DISABLED
01-10 03:25:47.628 1136 1599 D CompatibilityChangeReporter: Compat change id reported: 135772972; UID 10076; state: DISABLED
01-10 03:25:47.628 1136 1599 D CompatibilityChangeReporter: Compat change id reported: 135754954; UID 10076; state: ENABLED
01-10 03:25:47.629 1136 1652 D CompatibilityChangeReporter: Compat change id reported: 143937733; UID 10076; state: ENABLED
01-10 03:25:47.659 683 683 D Zygote : Forked child process 4562
01-10 03:25:47.659 1136 1652 I am_proc_start: [0,4562,10076,com.android.inputmethod.latin,broadcast,{com.android.inputmethod.latin/com.android.inputmethod.latin.SystemBroadcastReceiver}]
01-10 03:25:47.659 1136 1652 I ActivityManager: Start proc 4562:com.android.inputmethod.latin/u0a76 for broadcast {com.android.inputmethod.latin/com.android.inputmethod.latin.SystemBroadcastReceiver}
01-10 03:25:47.672 1136 1821 I am_uid_active: 10076
01-10 03:25:47.678 1136 4249 I thunderperf: Maybe need boostperf for current app!
01-10 03:25:47.678 2976 3012 D FgBoostPerfService: [FgBoostPerfService.perfBoostAcq]start: stat=true pkgName=com.android.settings
01-10 03:25:47.678 2976 3012 I FgBoostPerfService: [FgBoostPerfService.perfBoostAcq] not game-mode or game app!
01-10 03:25:47.679 1136 4249 I ThunderPerfManager: PerfAcq error : state=true pkgName=com.android.settings
01-10 03:25:47.679 2976 3012 V GameMode_GameTypeUtils: judge isGame:com.android.settings
01-10 03:25:47.680 1136 1635 I DropBoxManagerService: add tag=system_app_strictmode isTagEnabled=true flags=0x2
01-10 03:25:47.680 2976 3012 I FgBoostPerfService: [GetGpuMode] isMode=0 isGame=false mGpuMode=0
01-10 03:25:47.681 2976 3297 V GameMode_GameTypeUtils: judge isGame:com.android.settings
01-10 03:25:47.681 2976 3297 I FgBoostPerfService: [GetGpuDpiType] isMode=0 isGame=false mGpuDpiType=0
01-10 03:25:47.681 1136 4249 I thunderperf: Current app pkgName=com.android.settings bm:com.thundercomm.perf.BoostPerfManager@72c3e2a gpuMode=-1 gpuType=-1
01-10 03:25:47.681 1136 4249 I ThunderBoostPerfService: Resolution: Uid=10080 Pid=3016 gMode=-1 dType=-1
01-10 03:25:47.683 1136 4249 I thunderperf: PlatormCompat.setOverrides: Uid1=10080 Pid1=3016 Uid2=10080 Pid2=3016
01-10 03:25:47.683 1136 4249 I thunderperf: PlatormCompat.setOverrides: needCheck:false
01-10 03:25:47.683 1136 4249 I thunderperf: CompatConfig.addOverrideUnsafe: bef-state=0
01-10 03:25:47.683 1136 4249 I thunderperf: CompatConfig.addOverrideUnsafe: aft-state=0
01-10 03:25:47.684 1136 4249 I thunderperf: CompatConfig.addOverrideUnsafe: bef-state=0
01-10 03:25:47.684 1136 4249 I thunderperf: CompatConfig.addOverrideUnsafe: aft-state=0
01-10 03:25:47.684 1136 4249 I thunderperf: CompatConfig.addOverrideUnsafe: bef-state=0
01-10 03:25:47.684 1136 4249 I thunderperf: CompatConfig.addOverrideUnsafe: aft-state=0
01-10 03:25:47.685 1136 4249 I thunderperf: CompatConfig.addOverrideUnsafe: bef-state=0
01-10 03:25:47.685 1136 4249 I thunderperf: CompatConfig.addOverrideUnsafe: aft-state=0
01-10 03:25:47.685 1136 4249 I thunderperf: CompatConfig.addOverrideUnsafe: bef-state=0
01-10 03:25:47.685 1136 4249 I thunderperf: CompatConfig.addOverrideUnsafe: aft-state=0
01-10 03:25:47.686 1136 4249 I thunderperf: CompatConfig.addOverrideUnsafe: bef-state=0
01-10 03:25:47.686 1136 4249 I thunderperf: CompatConfig.addOverrideUnsafe: aft-state=0
01-10 03:25:47.686 1136 4249 I thunderperf: CompatConfig.addOverrideUnsafe: bef-state=0
01-10 03:25:47.686 1136 4249 I thunderperf: CompatConfig.addOverrideUnsafe: aft-state=0
01-10 03:25:47.687 1136 4249 I thunderperf: CompatConfig.addOverrideUnsafe: bef-state=0
01-10 03:25:47.687 1136 4249 I thunderperf: CompatConfig.addOverrideUnsafe: aft-state=0
01-10 03:25:47.687 1136 4249 I thunderperf: CompatConfig.addOverrideUnsafe: bef-state=0
01-10 03:25:47.688 1136 4249 I thunderperf: CompatConfig.addOverrideUnsafe: aft-state=0
01-10 03:25:47.688 1136 4249 I thunderperf: CompatConfig.addOverrideUnsafe: bef-state=0
01-10 03:25:47.688 1136 4249 I thunderperf: CompatConfig.addOverrideUnsafe: aft-state=0
01-10 03:25:47.689 1136 4249 I thunderperf: CompatConfig.addOverrideUnsafe: bef-state=0
01-10 03:25:47.689 1136 4249 I thunderperf: CompatConfig.addOverrideUnsafe: aft-state=0
01-10 03:25:47.689 1136 4249 I thunderperf: CompatConfig.addOverrideUnsafe: bef-state=0
01-10 03:25:47.689 1136 4249 I thunderperf: CompatConfig.addOverrideUnsafe: aft-state=0
01-10 03:25:47.690 1136 4249 I thunderperf: CompatConfig.addOverrideUnsafe: bef-state=0
01-10 03:25:47.690 1136 4249 I thunderperf: CompatConfig.addOverrideUnsafe: aft-state=0
01-10 03:25:47.690 1136 4249 I thunderperf: CompatConfig.addOverrideUnsafe: bef-state=0
01-10 03:25:47.690 1136 4249 I thunderperf: CompatConfig.addOverrideUnsafe: aft-state=0
01-10 03:25:47.692 3269 3287 I adbd : jdwp connection from 4562
01-10 03:25:47.692 1136 4249 I ThunderBoostPerfService: Disable downscaling com.android.settings to 2380x1020
01-10 03:25:47.693 1136 4249 I ActivityTaskManager: START u0 {act=android.intent.action.MAIN cat=[android.intent.category.LAUNCHER] flg=0x10200000 cmp=com.android.settings/.Settings bnds=[2308,740][2494,940]} from uid 10080
01-10 03:25:47.693 1136 1636 I EventSequenceValidator: Transition from ACTIVITY_FINISHED to INTENT_STARTED
01-10 03:25:47.697 1136 4249 E ANDR-PERF-JNI: com_qualcomm_qtiperformance_native_perf_io_prefetch_start
01-10 03:25:47.697 1136 4249 I wm_task_created: [11,-1]
01-10 03:25:47.697 1136 4249 W ActivityTaskManager: Can't find TaskDisplayArea to determine support for multi window. Task id=11 attached=false
01-10 03:25:47.700 966 3742 E ANDR-IOP: io prefetch is disabled
01-10 03:25:47.700 1136 4249 D CompatibilityChangeReporter: Compat change id reported: 174042980; UID 1000; state: DISABLED
01-10 03:25:47.701 1136 4249 I wm_task_moved: [11,1,6]
01-10 03:25:47.701 1136 4249 I wm_task_to_front: [0,11]
01-10 03:25:47.701 4562 4562 D ProcessState: Binder ioctl to enable oneway spam detection failed: Invalid argument
01-01 09:51:49.956 0 0 I binder : 4562:4562 ioctl 40046210 7fe87a7184 returned -22
01-10 03:25:47.701 1136 4249 I wm_create_task: [0,11]
01-10 03:25:47.701 1136 4249 I wm_create_activity: [0,9201277,11,com.android.settings/.Settings,android.intent.action.MAIN,NULL,NULL,270532608]
01-10 03:25:47.701 1136 4249 I wm_task_moved: [11,1,6]
01-10 03:25:47.703 1136 4249 D CompatibilityChangeReporter: Compat change id reported: 168419799; UID 1000; state: DISABLED
01-10 03:25:47.703 1136 4249 D CompatibilityInfo: mCompatibilityFlags - 4
01-10 03:25:47.703 1136 4249 D CompatibilityInfo: applicationDensity - 240
01-10 03:25:47.703 1136 4249 D CompatibilityInfo: applicationScale - 1.0
01-10 03:25:47.703 1136 4249 D ActivityTrigger: ActivityTrigger activityPauseTrigger
01-10 03:25:47.704 1136 4249 I wm_pause_activity: [0,244039928,com.android.launcher3/.uioverrides.QuickstepLauncher,userLeaving=true,pauseBackTasks]
01-10 03:25:47.704 2456 2514 D PhoneStartingWindowTypeAlgorithm: preferredStartingWindowType newTask:true taskSwitch:true processRunning:true allowTaskSnapshot:true activityCreated:false useEmptySplashScreen:false legacySplashScreen:false topIsHome:false
01-10 03:25:47.704 2456 2514 D StartingSurfaceDrawer: addSplashScreen com.android.settings theme=7f14046b task=11 suggestType=1
01-10 03:25:47.706 1136 1599 I am_proc_bound: [0,4562,com.android.inputmethod.latin]
01-10 03:25:47.707 3016 3016 I wm_on_top_resumed_lost_called: [244039928,com.android.launcher3.uioverrides.QuickstepLauncher,topStateChangedWhenResumed]
01-10 03:25:47.707 3016 3016 I wm_on_paused_called: [244039928,com.android.launcher3.uioverrides.QuickstepLauncher,performPause]
01-10 03:25:47.708 1136 2950 I ActivityTaskManager: FOREGROUND_APPLICATION_CHANGED to com.android.settings.homepage.SettingsHomepageActivity
01-10 03:25:47.709 1136 2950 I ActivityTaskManager: The Process com.android.settings Already Exists in BG. So sending its PID: 3066
01-10 03:25:47.709 2456 2515 D StartingSurfaceDrawer: window attributes color: 0 icon null duration 0 brandImage null
01-10 03:25:47.709 1136 2950 W ActivityTaskManager: Tried to set launchTime (0) < mLastActivityLaunchTime (77796)
01-10 03:25:47.710 1136 2950 I wm_add_to_stopping: [0,244039928,com.android.launcher3/.uioverrides.QuickstepLauncher,makeInvisible]
01-10 03:25:47.710 2456 2515 W StartingSurfaceDrawer: Window background is transparent, fill background with black color
01-10 03:25:47.711 1136 2950 D CompatibilityChangeReporter: Compat change id reported: 181136395; UID 1000; state: DISABLED
01-10 03:25:47.713 2456 2515 D StartingSurfaceDrawer: quantize: this is pure transparent image
01-10 03:25:47.717 2456 2515 D StartingSurfaceDrawer: FgMainColor=ff000000 BgMainColor=0 IsBgComplex=false FromCache=false ThemeColor=ffffffff
01-10 03:25:47.717 2456 2515 D StartingSurfaceDrawer: isRgbSimilarInHsv a: ffffffff b 0 contrast ratio: 20.999998
01-10 03:25:47.717 2456 2515 D StartingSurfaceDrawer: hsvDiff 0 ah 0.0 bh 0.0 as 0.0 bs 0.0 av 1.0 bv 0.0 sqH 0.0 sqS 0.0 sqV 1.0 root 0.5773502691896257
01-10 03:25:47.717 2456 2515 D StartingSurfaceDrawer: isRgbSimilarInHsv a: ffffffff b ff000000 contrast ratio: 20.999998
01-10 03:25:47.717 2456 2515 D StartingSurfaceDrawer: hsvDiff 0 ah 0.0 bh 0.0 as 0.0 bs 0.0 av 1.0 bv 0.0 sqH 0.0 sqS 0.0 sqV 1.0 root 0.5773502691896257
01-10 03:25:47.717 2456 2515 D StartingSurfaceDrawer: makeSplashScreenContentView: choose fg icon
01-10 03:25:47.718 1136 2950 D CompatibilityChangeReporter: Compat change id reported: 174042936; UID 1000; state: DISABLED
01-10 03:25:47.718 1136 2950 I wm_restart_activity: [0,9201277,11,com.android.settings/.Settings]
01-10 03:25:47.718 1136 2950 D CompatibilityInfo: mCompatibilityFlags - 4
01-10 03:25:47.718 1136 2950 D CompatibilityInfo: applicationDensity - 240
01-10 03:25:47.718 1136 2950 D CompatibilityInfo: applicationScale - 1.0
01-10 03:25:47.719 1136 2950 I wm_set_resumed_activity: [0,com.android.settings/.Settings,minimalResumeActivityLocked]
01-10 03:25:47.722 2456 2515 D SplashScreenView: Build android.window.SplashScreenView{8c6e1e9 V.E...... ......ID 0,0-0,0}
01-10 03:25:47.722 2456 2515 D SplashScreenView: Icon: view: android.widget.ImageView{8b95e6e V.ED..... ......I. 0,0-0,0 #10204a9 android:id/splashscreen_icon_view} drawable: com.android.wm.shell.startingsurface.SplashscreenIconDrawableFactory$ImmobileIconDrawable@8c6e90f size: 288
01-10 03:25:47.722 2456 2515 D SplashScreenView: Branding: view: android.view.View{84dfd9c G.ED..... ......I. 0,0-0,0 #10204a8 android:id/splashscreen_branding_view} drawable: null size w: 0 h: 0
01-10 03:25:47.722 2456 2515 D StartingSurfaceDrawer: fillViewWithIcon surfaceWindowView android.window.SplashScreenView{8c6e1e9 V.E...... ......ID 0,0-0,0}
01-10 03:25:47.722 1136 1599 D CompatibilityChangeReporter: Compat change id reported: 168419799; UID 10076; state: DISABLED
01-10 03:25:47.722 1136 1599 D CompatibilityInfo: mCompatibilityFlags - 4
01-10 03:25:47.722 1136 1599 D CompatibilityInfo: applicationDensity - 240
01-10 03:25:47.722 1136 1599 D CompatibilityInfo: applicationScale - 1.0
01-10 03:25:47.728 1060 1060 I BpBinder: onLastStrongRef automatically unlinking death recipients:
01-10 03:25:47.729 1136 1599 D CompatibilityInfo: mCompatibilityFlags - 4
01-10 03:25:47.730 1136 1599 D CompatibilityInfo: applicationDensity - 240
01-10 03:25:47.730 1136 1599 D CompatibilityInfo: applicationScale - 1.0
01-10 03:25:47.730 1136 1912 I input_focus: [Focus leaving 3bc3f01 com.android.launcher3/com.android.launcher3.uioverrides.QuickstepLauncher (server),reason=NO_WINDOW]
01-10 03:25:47.735 1136 1636 I EventSequenceValidator: Transition from INTENT_STARTED to ACTIVITY_LAUNCHED
01-10 03:25:47.737 1136 1636 I sysui_multi_action: [757,803,799,window_time_0,802,2]
01-10 03:25:47.740 3016 3055 I OpenGLRenderer: Davey! duration=9223371936365ms; Flags=0, FrameTimelineVsyncId=2585, IntendedVsync=100489292512, Vsync=100489292512, InputEventId=0, HandleInputStart=100499380167, AnimationStart=100499381053, PerformTraversalsStart=100499539282, DrawStart=100499581938, FrameDeadline=100505959178, FrameInterval=100499376626, FrameStartTime=16666666, SyncQueued=100499680115, SyncStart=100499751365, IssueDrawCommandsStart=100499831782, SwapBuffers=100504660532, FrameCompleted=9223372036854775807, DequeueBufferDuration=10208, QueueBufferDuration=478386, GpuCompleted=9223372036854775807, SwapBuffersCompleted=100505682928, DisplayPresentTime=0,
01-10 03:25:47.740 3066 3066 I SettingsHomepageActivity: SettingsHomepageActivity: onCreate
01-10 03:25:47.741 4562 4562 D CompatibilityChangeReporter: Compat change id reported: 171979766; UID 10076; state: DISABLED
01-10 03:25:47.767 4562 4562 D nativeloader: classloader namespace configured for unbundled product apk. library_path=/product/app/LatinIME/lib/arm64:/product/app/LatinIME/LatinIME.apk!/lib/arm64-v8a:/product/lib64:/system/product/lib64
01-10 03:25:47.796 4562 4562 I Perf : Connecting to perf service.
01-10 03:25:47.808 4562 4562 V GraphicsEnvironment: ANGLE Developer option for 'com.android.inputmethod.latin' set to: 'default'
01-10 03:25:47.810 4562 4562 V GraphicsEnvironment: ANGLE GameManagerService for com.android.inputmethod.latin: false
01-10 03:25:47.813 4562 4562 D NetworkSecurityConfig: No Network Security Config specified, using platform default
01-10 03:25:47.814 4562 4562 D NetworkSecurityConfig: No Network Security Config specified, using platform default
01-10 03:25:47.819 1136 1635 I commit_sys_config_file: [notification-policy,26115]
01-10 03:25:47.821 1136 4249 W FreeFormWindowHelper: Current Display FreeFormTask is null
01-10 03:25:47.821 4562 4562 I SystemBroadcastReceiver: Boot has been completed
01-10 03:25:47.821 4562 4562 I SystemBroadcastReceiver: toggleAppIcon() : FLAG_SYSTEM = true
01-10 03:25:47.827 1136 4249 D PackageManager: Instant App installer not found with android.intent.action.INSTALL_INSTANT_APP_PACKAGE
01-10 03:25:47.827 1136 4249 D PackageManager: Clear ephemeral installer activity
01-10 03:25:47.833 657 669 I mpu_uart: [MSG-P:RECV]:No message received in 1000 ms
01-10 03:25:47.837 4562 4562 I SystemBroadcastReceiver: Killing my process: pid=4562
01-10 03:25:47.837 4562 4562 I Process : Sending signal. PID: 4562 SIG: 9
01-10 03:25:47.934 1136 4249 I ActivityManager: Process com.android.inputmethod.latin (pid 4562) has died: fg RCVR
01-10 03:25:47.935 1136 1654 I libprocessgroup: Successfully killed process cgroup uid 10076 pid 4562 in 0ms
01-10 03:25:47.935 1136 4249 I am_proc_died: [0,4562,com.android.inputmethod.latin,0,11]
01-10 03:25:47.935 1136 4249 I am_broadcast_discard_app: [0,111584811,android.intent.action.BOOT_COMPLETED,21,ResolveInfo{9fe360f com.android.inputmethod.latin/.SystemBroadcastReceiver m=0x108000}]
01-10 03:25:47.936 1136 4249 I am_uid_stopped: 10076
01-10 03:25:47.939 683 683 I Zygote : Process 4562 exited due to signal 9 (Killed)
01-10 03:25:47.940 1136 1651 D CompatibilityChangeReporter: Compat change id reported: 168419799; UID 10032; state: DISABLED
01-10 03:25:47.940 1136 1651 D CompatibilityInfo: mCompatibilityFlags - 4
01-10 03:25:47.940 1136 1651 D CompatibilityInfo: applicationDensity - 240
01-10 03:25:47.940 1136 1651 D CompatibilityInfo: applicationScale - 1.0
01-10 03:25:47.955 3066 3066 D CompatibilityChangeReporter: Compat change id reported: 171228096; UID 1000; state: ENABLED
01-10 03:25:47.955 1136 4249 D CompatibilityInfo: mCompatibilityFlags - 4
01-10 03:25:47.955 1136 4249 D CompatibilityInfo: applicationDensity - 240
01-10 03:25:47.955 1136 4249 D CompatibilityInfo: applicationScale - 1.0
01-10 03:25:47.957 3846 3846 D NetworkSecurityConfig: No Network Security Config specified, using platform default
01-10 03:25:47.959 1136 4239 I am_uid_running: 10092
01-10 03:25:47.959 1136 4239 D CompatibilityChangeReporter: Compat change id reported: 135634846; UID 10092; state: DISABLED
01-10 03:25:47.959 1136 4239 D CompatibilityChangeReporter: Compat change id reported: 177438394; UID 10092; state: DISABLED
01-10 03:25:47.959 1136 4239 D CompatibilityChangeReporter: Compat change id reported: 135772972; UID 10092; state: DISABLED
01-10 03:25:47.959 1136 4239 D CompatibilityChangeReporter: Compat change id reported: 135754954; UID 10092; state: ENABLED
01-10 03:25:47.961 1136 1652 D CompatibilityChangeReporter: Compat change id reported: 143937733; UID 10092; state: ENABLED
01-10 03:25:47.964 3066 3066 D AvatarViewMixin: Feature disabled by config. Skipping
01-10 03:25:47.966 3067 3118 D QCCAuthMgr: SMQContentProvider query uri: content://com.qti.smq.Feedback.provider/smq_settings, selection: key=?, uri_matcher: 1
01-10 03:25:47.966 3067 3118 D QCCAuthMgr: SMQContentProvider query tableName: smq_settings
01-10 03:25:47.967 3066 3066 I wm_on_create_called: [9201277,com.android.settings.Settings,performCreate]
01-10 03:25:47.971 3066 3066 D PrefCtrlListHelper: Could not find Context-only controller for pref: com.android.settings.network.TopLevelNetworkEntryPreferenceController
01-10 03:25:47.972 3066 3066 D PrefCtrlListHelper: Could not find Context-only controller for pref: com.android.settings.connecteddevice.TopLevelConnectedDevicesPreferenceController
01-10 03:25:47.972 3066 3066 D PrefCtrlListHelper: Could not find Context-only controller for pref: com.android.settings.fuelgauge.TopLevelBatteryPreferenceController
01-10 03:25:47.973 3066 3066 D PrefCtrlListHelper: Could not find Context-only controller for pref: com.android.settings.deviceinfo.TopLevelStoragePreferenceController
01-10 03:25:47.973 3066 3066 D PrefCtrlListHelper: Could not find Context-only controller for pref: com.android.settings.display.TopLevelDisplayPreferenceController
01-10 03:25:47.974 3066 3066 D PrefCtrlListHelper: Could not find Context-only controller for pref: com.android.settings.display.TopLevelWallpaperPreferenceController
01-10 03:25:47.974 3066 3066 D PrefCtrlListHelper: Could not find Context-only controller for pref: com.android.settings.accessibility.TopLevelAccessibilityPreferenceController
01-10 03:25:47.974 3066 3066 D PrefCtrlListHelper: Could not find Context-only controller for pref: com.android.settings.security.TopLevelSecurityEntryPreferenceController
01-10 03:25:47.974 3066 3066 D PrefCtrlListHelper: Could not find Context-only controller for pref: com.android.settings.location.TopLevelLocationPreferenceController
01-10 03:25:47.976 3066 3066 D PrefCtrlListHelper: Could not find Context-only controller for pref: com.android.settings.accounts.TopLevelAccountEntryPreferenceController
01-10 03:25:47.976 3066 3066 D PrefCtrlListHelper: Could not find Context-only controller for pref: com.android.settings.deviceinfo.aboutphone.TopLevelAboutDevicePreferenceController
01-10 03:25:47.976 3066 3066 D PrefCtrlListHelper: Could not find Context-only controller for pref: com.android.settings.support.SupportPreferenceController
01-10 03:25:47.979 1136 3041 E UserRestrictionsUtils: Unknown restriction queried by uid 1000 (com.android.server.telecom et al): null
01-10 03:25:47.980 1136 4239 E UserRestrictionsUtils: Unknown restriction queried by uid 1000 (com.android.server.telecom et al): null
01-10 03:25:47.981 1136 4249 E UserRestrictionsUtils: Unknown restriction queried by uid 1000 (com.android.server.telecom et al): null
01-10 03:25:47.981 1136 4249 E UserRestrictionsUtils: Unknown restriction queried by uid 1000 (com.android.server.telecom et al): null
01-10 03:25:47.981 1136 4239 E UserRestrictionsUtils: Unknown restriction queried by uid 1000 (com.android.server.telecom et al): null
01-10 03:25:47.982 1136 4249 E UserRestrictionsUtils: Unknown restriction queried by uid 1000 (com.android.server.telecom et al): null
01-10 03:25:47.982 1136 4239 E UserRestrictionsUtils: Unknown restriction queried by uid 1000 (com.android.server.telecom et al): null
01-10 03:25:47.982 1136 4239 E UserRestrictionsUtils: Unknown restriction queried by uid 1000 (com.android.server.telecom et al): null
01-10 03:25:47.983 1136 4249 E UserRestrictionsUtils: Unknown restriction queried by uid 1000 (com.android.server.telecom et al): null
01-10 03:25:47.983 1136 3041 E UserRestrictionsUtils: Unknown restriction queried by uid 1000 (com.android.server.telecom et al): null
01-10 03:25:47.983 1136 3041 E UserRestrictionsUtils: Unknown restriction queried by uid 1000 (com.android.server.telecom et al): null
01-10 03:25:47.984 1136 4249 E UserRestrictionsUtils: Unknown restriction queried by uid 1000 (com.android.server.telecom et al): null
01-10 03:25:47.984 1136 3041 E UserRestrictionsUtils: Unknown restriction queried by uid 1000 (com.android.server.telecom et al): null
01-10 03:25:47.984 1136 4239 E UserRestrictionsUtils: Unknown restriction queried by uid 1000 (com.android.server.telecom et al): null
01-10 03:25:47.985 1136 4249 E UserRestrictionsUtils: Unknown restriction queried by uid 1000 (com.android.server.telecom et al): null
01-10 03:25:47.985 1136 3041 E UserRestrictionsUtils: Unknown restriction queried by uid 1000 (com.android.server.telecom et al): null
01-10 03:25:47.985 1136 3041 E UserRestrictionsUtils: Unknown restriction queried by uid 1000 (com.android.server.telecom et al): null
01-10 03:25:47.986 1136 4249 E UserRestrictionsUtils: Unknown restriction queried by uid 1000 (com.android.server.telecom et al): null
01-10 03:25:47.986 3066 3066 W InstrumentedPrefFrag: Screen title missing for fragment com.android.settings.homepage.TopLevelSettings
01-10 03:25:47.993 683 683 D Zygote : Forked child process 4593
01-10 03:25:47.993 1136 1652 I am_proc_start: [0,4593,10092,com.android.music,broadcast,{com.android.music/com.android.music.MediaPlaybackReceiver}]
01-10 03:25:47.993 1136 1652 I ActivityManager: Start proc 4593:com.android.music/u0a92 for broadcast {com.android.music/com.android.music.MediaPlaybackReceiver}
01-10 03:25:47.994 3066 3066 D TopLevelSettings: NO dashboard tiles for TopLevelSettings
01-10 03:25:47.994 3066 3066 D TopLevelSettings: All preferences added, reporting fully drawn
01-10 03:25:48.004 1271 3871 D BufferPoolAccessor2.0: bufferpool2 0xe8501e88 : 0(0 size) total buffers - 0(0 size) used buffers - 618/631 (recycle/alloc) - 19/629 (fetch/transfer)
01-10 03:25:48.004 1271 3871 D BufferPoolAccessor2.0: bufferpool2 0xe8502ae8 : 0(0 size) total buffers - 0(0 size) used buffers - 31/39 (recycle/alloc) - 8/39 (fetch/transfer)
01-10 03:25:48.004 1271 3871 D BufferPoolAccessor2.0: evictor expired: 2, evicted: 2
01-10 03:25:48.019 3066 3066 W BatteryBroadcastRcvr: Problem reading the battery meter.
01-10 03:25:48.022 3066 3066 I wm_on_start_called: [9201277,com.android.settings.Settings,handleStartActivity]
01-10 03:25:48.024 3066 3066 I snet_event_log: [120484087,-1,]
01-10 03:25:48.025 3066 3066 I TopLevelSettings: TopLevelSettings: TopLevelSettings::com.android.settings.network.NetworkDashboardFragment
01-10 03:25:48.026 3066 3129 D BatteryInfo: time for getStats: 0ms
01-10 03:25:48.026 3066 3066 I wm_on_resume_called: [9201277,com.android.settings.Settings,RESUME_ACTIVITY]
01-10 03:25:48.032 3066 3066 I sysui_multi_action: [757,35,758,1,833,0,1089,60]
01-10 03:25:48.032 3269 3287 I adbd : jdwp connection from 4593
01-10 03:25:48.034 1136 3041 D PackageManager: Instant App installer not found with android.intent.action.INSTALL_INSTANT_APP_PACKAGE
01-10 03:25:48.034 1136 3041 D PackageManager: Clear ephemeral installer activity
01-10 03:25:48.035 3066 3129 D BatteryInfo: time for regular BatteryInfo: 9ms
01-10 03:25:48.036 1136 4249 D PackageManager: Instant App installer not found with android.intent.action.INSTALL_INSTANT_APP_PACKAGE
01-10 03:25:48.036 1136 4249 D PackageManager: Clear ephemeral installer activity
01-10 03:25:48.037 3066 3129 D BatteryInfo: time for getBatteryInfo: 2ms
01-10 03:25:48.039 3066 4594 D BatteryTipLoader: BatteryInfoLoader post query: 6ms
01-10 03:25:48.040 3066 4594 D BatteryInfo: time for getBatteryInfo: 1ms
01-10 03:25:48.040 3066 4594 D BatteryTipLoader: BatteryInfoLoader.loadInBackground: 7ms
01-10 03:25:48.040 3066 3066 W UnsafeUtil: platform method missing - proto runtime falling back to safer methods: java.lang.NoSuchMethodException: sun.misc.Unsafe.copyMemory [class java.lang.Object, long, class java.lang.Object, long, long]
01-10 03:25:48.040 1136 4249 D PackageManager: Instant App installer not found with android.intent.action.INSTALL_INSTANT_APP_PACKAGE
01-10 03:25:48.040 1136 4249 D PackageManager: Clear ephemeral installer activity
01-10 03:25:48.041 1136 4249 D PackageManager: Instant App installer not found with android.intent.action.INSTALL_INSTANT_APP_PACKAGE
01-10 03:25:48.041 1136 4249 D PackageManager: Clear ephemeral installer activity
01-10 03:25:48.042 1136 4249 D PackageManager: Instant App installer not found with android.intent.action.INSTALL_INSTANT_APP_PACKAGE
01-10 03:25:48.042 1136 4249 D PackageManager: Clear ephemeral installer activity
01-10 03:25:48.043 1136 4239 D PackageManager: Instant App installer not found with android.intent.action.INSTALL_INSTANT_APP_PACKAGE
01-10 03:25:48.043 1136 4239 D PackageManager: Clear ephemeral installer activity
01-10 03:25:48.044 4593 4593 D ProcessState: Binder ioctl to enable oneway spam detection failed: Invalid argument
01-01 09:51:50.298 0 0 I binder : 4593:4593 ioctl 40046210 7fe87a7184 returned -22
01-10 03:25:48.045 1136 4239 D PackageManager: Instant App installer not found with android.intent.action.INSTALL_INSTANT_APP_PACKAGE
01-10 03:25:48.045 1136 4239 D PackageManager: Clear ephemeral installer activity
01-10 03:25:48.049 1136 4249 D PackageManager: Instant App installer not found with android.intent.action.INSTALL_INSTANT_APP_PACKAGE
01-10 03:25:48.049 1136 4249 D PackageManager: Clear ephemeral installer activity
01-10 03:25:48.049 3066 4600 D UsageGraph: Enabled state changed for some tiles, reloading all categories {com.android.settings/com.android.settings.Settings$WifiSettingsActivity},{com.android.settings/com.android.settings.Settings$BluetoothSettingsActivity},{com.android.settings/com.android.settings.Settings$DataUsageSummaryActivity},{com.android.settings/com.android.settings.Settings$ConnectedDeviceDashboardActivity},{com.android.settings/com.android.settings.Settings$PowerUsageSummaryActivity},{com.android.settings/com.android.settings.Settings$UserSettingsActivity},{com.android.settings/com.android.settings.Settings$DevelopmentSettingsDashboardActivity},{com.android.settings/com.android.settings.Settings$WifiDisplaySettingsActivity},
01-10 03:25:48.052 3066 3066 I sysui_multi_action: [757,1729,758,4,854,isParalleledControllers:false,1089,82]
01-10 03:25:48.054 1136 1821 I am_uid_active: 10092
01-10 03:25:48.057 1136 1822 I am_proc_bound: [0,4593,com.android.music]
01-10 03:25:48.058 3066 3066 I wm_on_top_resumed_gained_called: [9201277,com.android.settings.Settings,topStateChangedWhenResumed]
01-10 03:25:48.058 1136 1822 D CompatibilityChangeReporter: Compat change id reported: 168419799; UID 10092; state: DISABLED
01-10 03:25:48.058 1136 1822 D CompatibilityInfo: mCompatibilityFlags - 4
01-10 03:25:48.058 1136 1822 D CompatibilityInfo: applicationDensity - 240
01-10 03:25:48.058 1136 1822 D CompatibilityInfo: applicationScale - 1.0
01-10 03:25:48.058 3066 3066 W BatteryBroadcastRcvr: Problem reading the battery meter.
01-10 03:25:48.059 3066 3066 D BatteryInfo: time for callback: 0ms
01-10 03:25:48.061 1136 1822 D CompatibilityInfo: mCompatibilityFlags - 4
01-10 03:25:48.061 1136 1822 D CompatibilityInfo: applicationDensity - 240
01-10 03:25:48.061 1136 1822 D CompatibilityInfo: applicationScale - 1.0
01-10 03:25:48.063 3066 4600 D BatteryInfo: time for getStats: 0ms
01-10 03:25:48.064 3066 4600 D BatteryInfo: time for regular BatteryInfo: 1ms
01-10 03:25:48.065 4593 4593 D CompatibilityChangeReporter: Compat change id reported: 171979766; UID 10092; state: ENABLED
01-10 03:25:48.065 3066 4600 D BatteryInfo: time for getBatteryInfo: 0ms
01-10 03:25:48.067 3066 4614 D BatteryTipLoader: BatteryInfoLoader post query: 1ms
01-10 03:25:48.067 3066 4614 D BatteryInfo: time for getBatteryInfo: 0ms
01-10 03:25:48.067 3066 4614 D BatteryTipLoader: BatteryInfoLoader.loadInBackground: 1ms
01-10 03:25:48.107 1136 1637 I input_focus: [Focus request 945fd85 com.android.settings/com.android.settings.Settings,reason=UpdateInputWindows]
01-10 03:25:48.118 4593 4593 I Perf : Connecting to perf service.
01-10 03:25:48.129 4593 4593 V GraphicsEnvironment: ANGLE Developer option for 'com.android.music' set to: 'default'
01-10 03:25:48.130 1136 4239 I AppSearchUserInstanceMa: Creating new AppSearch instance at: /data/system_ce/0/appsearch/icing
01-10 03:25:48.130 4593 4593 V GraphicsEnvironment: ANGLE GameManagerService for com.android.music: false
01-10 03:25:48.134 4593 4593 D NetworkSecurityConfig: No Network Security Config specified, using platform default
01-10 03:25:48.134 4593 4593 D NetworkSecurityConfig: No Network Security Config specified, using platform default
01-10 03:25:48.150 1136 4239 W UnsafeUtil: platform method missing - proto runtime falling back to safer methods: java.lang.NoSuchMethodException: sun.misc.Unsafe.copyMemory [class java.lang.Object, long, class java.lang.Object, long, long]
01-10 03:25:48.153 1136 4249 I am_uid_running: 1027
01-10 03:25:48.154 1136 4249 D CompatibilityChangeReporter: Compat change id reported: 135634846; UID 1027; state: DISABLED
01-10 03:25:48.202 683 683 D Zygote : Forked child process 4633
01-10 03:25:48.203 1136 1652 I am_proc_start: [0,4633,1027,com.android.nfc,broadcast,{com.android.nfc/com.android.nfc.NfcBootCompletedReceiver}]
01-10 03:25:48.203 1136 1652 I ActivityManager: Start proc 4633:com.android.nfc/1027 for broadcast {com.android.nfc/com.android.nfc.NfcBootCompletedReceiver}
01-10 03:25:48.227 1136 1637 I sysui_multi_action: [324,1,757,1090,758,12,806,com.android.settings,871,com.android.settings.Settings,1091,534]
01-10 03:25:48.229 2456 2514 D StartingSurfaceDrawer: Task start finish, remove starting surface for task 11
01-10 03:25:48.229 2456 2514 V StartingSurfaceDrawer: Removing splash screen window for task: 11
01-10 03:25:48.235 1136 1636 I EventSequenceValidator: Transition from ACTIVITY_LAUNCHED to ACTIVITY_FINISHED
01-10 03:25:48.235 1136 1636 I EventSequenceValidator: Transition from ACTIVITY_FINISHED to REPORT_FULLY_DRAWN
01-10 03:25:48.236 1136 1633 I sysui_multi_action: [319,62,321,50,322,534,325,100,757,761,758,8,759,1,806,com.android.settings,871,com.android.settings.Settings,904,com.android.launcher3,905,0,1320,4,1321,1]
01-10 03:25:48.236 3066 3066 D BatteryInfo: time for callback: 0ms
01-10 03:25:48.239 1136 1633 I wm_activity_launch_time: [0,9201277,com.android.settings/.Settings,534]
01-10 03:25:48.240 1136 1633 I ActivityTaskManager: Displayed com.android.settings/.Settings: +534ms
01-10 03:25:48.240 1136 1633 I ActivityTaskManager: Fully drawn com.android.settings/.Settings: +534ms
01-10 03:25:48.242 3269 3287 I adbd : jdwp connection from 4633
01-01 09:51:50.498 0 0 I binder : 4633:4633 ioctl 40046210 7fe87a7184 returned -22
01-10 03:25:48.243 4633 4633 D ProcessState: Binder ioctl to enable oneway spam detection failed: Invalid argument
01-10 03:25:48.249 1136 4249 I am_proc_bound: [0,4633,com.android.nfc]
01-10 03:25:48.249 3066 3066 I TetheringManager: registerTetheringEventCallback:com.android.settings
01-10 03:25:48.251 1136 4249 I service_manager_stats: [100,215,15740]
01-10 03:25:48.251 3066 3066 D PrefCtrlListHelper: Could not find Context-only controller for pref: com.android.settings.network.MultiNetworkHeaderController
01-10 03:25:48.251 1136 4249 D CompatibilityChangeReporter: Compat change id reported: 168419799; UID 1027; state: DISABLED
01-10 03:25:48.251 1136 4249 D CompatibilityInfo: mCompatibilityFlags - 4
01-10 03:25:48.251 1136 4249 D CompatibilityInfo: applicationDensity - 240
01-10 03:25:48.251 1136 4249 D CompatibilityInfo: applicationScale - 1.0
01-10 03:25:48.251 3066 3066 D PrefCtrlListHelper: Could not find Context-only controller for pref: com.android.settings.network.AirplaneModePreferenceController
01-10 03:25:48.251 3066 3066 D PrefCtrlListHelper: Could not find Context-only controller for pref: com.android.settings.network.AllInOneTetherPreferenceController
01-10 03:25:48.251 3066 3066 D PrefCtrlListHelper: Could not find Context-only controller for pref: com.android.settings.network.AdaptiveConnectivityPreferenceController
01-10 03:25:48.253 1136 4249 I am_uid_active: 1027
01-10 03:25:48.253 1136 4249 D CompatibilityInfo: mCompatibilityFlags - 4
01-10 03:25:48.253 1136 4249 D CompatibilityInfo: applicationDensity - 240
01-10 03:25:48.253 1136 4249 D CompatibilityInfo: applicationScale - 1.0
01-10 03:25:48.261 4633 4633 D CompatibilityChangeReporter: Compat change id reported: 171979766; UID 1027; state: ENABLED
01-10 03:25:48.261 3066 3066 W CarrierConfigManager: Error getting config for subId -1 ICarrierConfigLoader is null
01-10 03:25:48.261 3066 3066 D MobilePlanPrefContr: onCreate: mMobilePlanDialogMessage=null
01-10 03:25:48.263 3066 3066 D BluetoothPan: Binding service...
01-10 03:25:48.265 1136 1912 I input_focus: [Focus entering 945fd85 com.android.settings/com.android.settings.Settings (server),reason=Window became focusable. Previous reason: NOT_VISIBLE]
01-10 03:25:48.266 1136 1822 E UserRestrictionsUtils: Unknown restriction queried by uid 1000 (com.android.server.telecom et al): null
01-10 03:25:48.282 3066 3066 D NetworkDashboardFrag: NO dashboard tiles for NetworkDashboardFrag
01-10 03:25:48.282 3066 3066 D NetworkDashboardFrag: All preferences added, reporting fully drawn
01-10 03:25:48.295 1136 2950 D ConnectivityService: requestNetwork for uid/pid:1000/3066 activeRequest: null callbackRequest: 32 [NetworkRequest [ REQUEST id=33, [ Capabilities: INTERNET&NOT_RESTRICTED&TRUSTED&NOT_VCN_MANAGED Uid: 1000 RequestorUid: 1000 RequestorPkg: com.android.settings] ]] callback flags: 0 priority: 2147483647
01-10 03:25:48.295 1136 2392 D ConnectivityService: NetReassign [no changes]
01-10 03:25:48.296 1136 2385 D WifiNetworkFactory: got request NetworkRequest [ REQUEST id=33, [ Capabilities: INTERNET&NOT_RESTRICTED&TRUSTED&NOT_VCN_MANAGED Uid: 1000 RequestorUid: 1000 RequestorPkg: com.android.settings] ]
01-10 03:25:48.296 1136 2385 D UntrustedWifiNetworkFactory: got request NetworkRequest [ REQUEST id=33, [ Capabilities: INTERNET&NOT_RESTRICTED&TRUSTED&NOT_VCN_MANAGED Uid: 1000 RequestorUid: 1000 RequestorPkg: com.android.settings] ]
01-10 03:25:48.296 1136 2385 D OemPaidWifiNetworkFactory: got request NetworkRequest [ REQUEST id=33, [ Capabilities: INTERNET&NOT_RESTRICTED&TRUSTED&NOT_VCN_MANAGED Uid: 1000 RequestorUid: 1000 RequestorPkg: com.android.settings] ]
01-10 03:25:48.296 1136 2423 D Ethernet: got request NetworkRequest [ REQUEST id=33, [ Capabilities: INTERNET&NOT_RESTRICTED&TRUSTED&NOT_VCN_MANAGED Uid: 1000 RequestorUid: 1000 RequestorPkg: com.android.settings] ]
01-10 03:25:48.296 1136 2423 D EthernetNetworkFactory: acceptRequest, request: NetworkRequest [ REQUEST id=33, [ Capabilities: INTERNET&NOT_RESTRICTED&TRUSTED&NOT_VCN_MANAGED Uid: 1000 RequestorUid: 1000 RequestorPkg: com.android.settings] ]
01-10 03:25:48.296 1136 2423 I EthernetNetworkFactory: networkForRequest, request: NetworkRequest [ REQUEST id=33, [ Capabilities: INTERNET&NOT_RESTRICTED&TRUSTED&NOT_VCN_MANAGED Uid: 1000 RequestorUid: 1000 RequestorPkg: com.android.settings] ], network: null
01-10 03:25:48.297 1136 2392 D ConnectivityService: NetReassign [no changes]
01-10 03:25:48.297 1136 2535 D ConnectivityService: requestNetwork for uid/pid:1000/3066 activeRequest: null callbackRequest: 35 [NetworkRequest [ REQUEST id=36, [ Capabilities: INTERNET&NOT_RESTRICTED&TRUSTED&NOT_VCN_MANAGED Uid: 1000 RequestorUid: 1000 RequestorPkg: com.android.settings] ]] callback flags: 0 priority: 2147483647
01-10 03:25:48.298 1136 2392 D ConnectivityService: NetReassign [no changes]
01-10 03:25:48.298 1136 2423 D Ethernet: got request NetworkRequest [ REQUEST id=36, [ Capabilities: INTERNET&NOT_RESTRICTED&TRUSTED&NOT_VCN_MANAGED Uid: 1000 RequestorUid: 1000 RequestorPkg: com.android.settings] ]
01-10 03:25:48.298 1136 2423 D EthernetNetworkFactory: acceptRequest, request: NetworkRequest [ REQUEST id=36, [ Capabilities: INTERNET&NOT_RESTRICTED&TRUSTED&NOT_VCN_MANAGED Uid: 1000 RequestorUid: 1000 RequestorPkg: com.android.settings] ]
01-10 03:25:48.298 1136 2423 I EthernetNetworkFactory: networkForRequest, request: NetworkRequest [ REQUEST id=36, [ Capabilities: INTERNET&NOT_RESTRICTED&TRUSTED&NOT_VCN_MANAGED Uid: 1000 RequestorUid: 1000 RequestorPkg: com.android.settings] ], network: null
01-10 03:25:48.300 1136 2385 D WifiNetworkFactory: got request NetworkRequest [ REQUEST id=36, [ Capabilities: INTERNET&NOT_RESTRICTED&TRUSTED&NOT_VCN_MANAGED Uid: 1000 RequestorUid: 1000 RequestorPkg: com.android.settings] ]
01-10 03:25:48.300 1136 2385 D UntrustedWifiNetworkFactory: got request NetworkRequest [ REQUEST id=36, [ Capabilities: INTERNET&NOT_RESTRICTED&TRUSTED&NOT_VCN_MANAGED Uid: 1000 RequestorUid: 1000 RequestorPkg: com.android.settings] ]
01-10 03:25:48.300 1136 2385 D OemPaidWifiNetworkFactory: got request NetworkRequest [ REQUEST id=36, [ Capabilities: INTERNET&NOT_RESTRICTED&TRUSTED&NOT_VCN_MANAGED Uid: 1000 RequestorUid: 1000 RequestorPkg: com.android.settings] ]
01-10 03:25:48.300 3066 3066 I TetheringManager: registerTetheringEventCallback caller:com.android.settings
01-10 03:25:48.307 1136 2535 D ConnectivityService: requestNetwork for uid/pid:1000/3066 activeRequest: null callbackRequest: 38 [NetworkRequest [ REQUEST id=39, [ Capabilities: INTERNET&NOT_RESTRICTED&TRUSTED&NOT_VCN_MANAGED Uid: 1000 RequestorUid: 1000 RequestorPkg: com.android.settings] ]] callback flags: 1 priority: 2147483647
01-10 03:25:48.308 1136 2392 D ConnectivityService: NetReassign [no changes]
01-10 03:25:48.309 1136 2392 D ConnectivityService: NetReassign [no changes]
01-10 03:25:48.309 1136 2423 D Ethernet: got request NetworkRequest [ REQUEST id=39, [ Capabilities: INTERNET&NOT_RESTRICTED&TRUSTED&NOT_VCN_MANAGED Uid: 1000 RequestorUid: 1000 RequestorPkg: com.android.settings] ]
01-10 03:25:48.309 1136 2423 D EthernetNetworkFactory: acceptRequest, request: NetworkRequest [ REQUEST id=39, [ Capabilities: INTERNET&NOT_RESTRICTED&TRUSTED&NOT_VCN_MANAGED Uid: 1000 RequestorUid: 1000 RequestorPkg: com.android.settings] ]
01-10 03:25:48.309 1136 2423 I EthernetNetworkFactory: networkForRequest, request: NetworkRequest [ REQUEST id=39, [ Capabilities: INTERNET&NOT_RESTRICTED&TRUSTED&NOT_VCN_MANAGED Uid: 1000 RequestorUid: 1000 RequestorPkg: com.android.settings] ], network: null
01-10 03:25:48.309 1136 2385 D WifiNetworkFactory: got request NetworkRequest [ REQUEST id=39, [ Capabilities: INTERNET&NOT_RESTRICTED&TRUSTED&NOT_VCN_MANAGED Uid: 1000 RequestorUid: 1000 RequestorPkg: com.android.settings] ]
01-10 03:25:48.309 1136 2385 D UntrustedWifiNetworkFactory: got request NetworkRequest [ REQUEST id=39, [ Capabilities: INTERNET&NOT_RESTRICTED&TRUSTED&NOT_VCN_MANAGED Uid: 1000 RequestorUid: 1000 RequestorPkg: com.android.settings] ]
01-10 03:25:48.310 1136 2385 D OemPaidWifiNetworkFactory: got request NetworkRequest [ REQUEST id=39, [ Capabilities: INTERNET&NOT_RESTRICTED&TRUSTED&NOT_VCN_MANAGED Uid: 1000 RequestorUid: 1000 RequestorPkg: com.android.settings] ]
01-10 03:25:48.310 3066 3066 D BluetoothPan: Binding service...
01-10 03:25:48.310 1136 2392 D ConnectivityService: NetReassign [no changes]
01-10 03:25:48.311 1136 4249 W ScanResultUtil: Empty or null ScanResult list
01-10 03:25:48.311 1136 4249 W WifiService: Attempt to retrieve WifiConfiguration with invalid scanResult List
01-10 03:25:48.312 1136 4249 W ScanResultUtil: Empty or null ScanResult list
01-10 03:25:48.312 1136 4249 E WifiService: Attempt to retrieve passpoint with invalid scanResult List
01-10 03:25:48.313 1136 1822 W ScanResultUtil: Empty or null ScanResult list
01-10 03:25:48.313 1136 1822 W WifiService: Attempt to retrieve OsuProviders with invalid scanResult List
01-10 03:25:48.313 3066 3066 I sysui_multi_action: [757,746,758,1,833,0,1089,75]
01-10 03:25:48.314 3066 3066 D SubscriptionsChangeListener: Start
01-10 03:25:48.319 1136 1822 D TelephonyRegistry: listen oscl: mHasNotifySubscriptionInfoChangedOccurred==false no callback
01-10 03:25:48.320 3066 3066 D MobileNetworkSummaryStatus: network summary query
01-10 03:25:48.322 3066 4657 E TelephonyManager: Error in getUiccCardsInfo: unable to connect to Telephony service.
01-10 03:25:48.323 3066 3066 W SelectableSubscriptions: Fail to request subIdList
01-10 03:25:48.323 3066 3066 W SelectableSubscriptions: java.lang.NullPointerException: Attempt to invoke interface method 'int java.util.List.size()' on a null object reference
01-10 03:25:48.323 3066 3066 W SelectableSubscriptions: at com.android.settings.network.helper.SelectableSubscriptions.call(SelectableSubscriptions.java:128)
01-10 03:25:48.323 3066 3066 W SelectableSubscriptions: at com.android.settings.network.MobileNetworkSummaryStatus.getSubscriptions(MobileNetworkSummaryStatus.java:158)
01-10 03:25:48.323 3066 3066 W SelectableSubscriptions: at com.android.settings.network.MobileNetworkSummaryStatus.update(MobileNetworkSummaryStatus.java:88)
01-10 03:25:48.323 3066 3066 W SelectableSubscriptions: at com.android.settings.network.MobileNetworkSummaryController.update(MobileNetworkSummaryController.java:170)
01-10 03:25:48.323 3066 3066 W SelectableSubscriptions: at com.android.settings.network.MobileNetworkSummaryController.onResume(MobileNetworkSummaryController.java:95)
01-10 03:25:48.323 3066 3066 W SelectableSubscriptions: at java.lang.reflect.Method.invoke(Native Method)
01-10 03:25:48.323 3066 3066 W SelectableSubscriptions: at androidx.lifecycle.ClassesInfoCache$MethodReference.invokeCallback(ClassesInfoCache.java:216)
01-10 03:25:48.323 3066 3066 W SelectableSubscriptions: at androidx.lifecycle.ClassesInfoCache$CallbackInfo.invokeMethodsForEvent(ClassesInfoCache.java:194)
01-10 03:25:48.323 3066 3066 W SelectableSubscriptions: at androidx.lifecycle.ClassesInfoCache$CallbackInfo.invokeCallbacks(ClassesInfoCache.java:185)
01-10 03:25:48.323 3066 3066 W SelectableSubscriptions: at androidx.lifecycle.ReflectiveGenericLifecycleObserver.onStateChanged(ReflectiveGenericLifecycleObserver.java:37)
01-10 03:25:48.323 3066 3066 W SelectableSubscriptions: at androidx.lifecycle.LifecycleRegistry$ObserverWithState.dispatchEvent(LifecycleRegistry.java:354)
01-10 03:25:48.323 3066 3066 W SelectableSubscriptions: at androidx.lifecycle.LifecycleRegistry.forwardPass(LifecycleRegistry.java:265)
01-10 03:25:48.323 3066 3066 W SelectableSubscriptions: at androidx.lifecycle.LifecycleRegistry.sync(LifecycleRegistry.java:307)
01-10 03:25:48.323 3066 3066 W SelectableSubscriptions: at androidx.lifecycle.LifecycleRegistry.moveToState(LifecycleRegistry.java:148)
01-10 03:25:48.323 3066 3066 W SelectableSubscriptions: at androidx.lifecycle.LifecycleRegistry.handleLifecycleEvent(LifecycleRegistry.java:134)
01-10 03:25:48.323 3066 3066 W SelectableSubscriptions: at com.android.settingslib.core.lifecycle.ObservablePreferenceFragment.onResume(ObservablePreferenceFragment.java:87)
01-10 03:25:48.323 3066 3066 W SelectableSubscriptions: at com.android.settings.core.InstrumentedPreferenceFragment.onResume(InstrumentedPreferenceFragment.java:77)
01-10 03:25:48.323 3066 3066 W SelectableSubscriptions: at com.android.settings.SettingsPreferenceFragment.onResume(SettingsPreferenceFragment.java:198)
01-10 03:25:48.323 3066 3066 W SelectableSubscriptions: at com.android.settings.dashboard.DashboardFragment.onResume(DashboardFragment.java:219)
01-10 03:25:48.323 3066 3066 W SelectableSubscriptions: at androidx.fragment.app.Fragment.performResume(Fragment.java:3029)
01-10 03:25:48.323 3066 3066 W SelectableSubscriptions: at androidx.fragment.app.FragmentStateManager.resume(FragmentStateManager.java:583)
01-10 03:25:48.323 3066 3066 W SelectableSubscriptions: at androidx.fragment.app.FragmentStateManager.moveToExpectedState(FragmentStateManager.java:282)
01-10 03:25:48.323 3066 3066 W SelectableSubscriptions: at androidx.fragment.app.SpecialEffectsController$FragmentStateManagerOperation.complete(SpecialEffectsController.java:742)
01-10 03:25:48.323 3066 3066 W SelectableSubscriptions: at androidx.fragment.app.SpecialEffectsController$Operation.completeSpecialEffect(SpecialEffectsController.java:669)
01-10 03:25:48.323 3066 3066 W SelectableSubscriptions: at androidx.fragment.app.DefaultSpecialEffectsController$SpecialEffectsInfo.completeSpecialEffect(DefaultSpecialEffectsController.java:755)
01-10 03:25:48.323 3066 3066 W SelectableSubscriptions: at androidx.fragment.app.DefaultSpecialEffectsController.startAnimations(DefaultSpecialEffectsController.java:147)
01-10 03:25:48.323 3066 3066 W SelectableSubscriptions: at androidx.fragment.app.DefaultSpecialEffectsController.executeOperations(DefaultSpecialEffectsController.java:120)
