01-11 07:30:02.942 I/GameModeConfig( 1487): isGameModeOn = false
01-11 07:30:02.942 I/GameModeConfig( 1487): isDisableVoice = true
01-11 07:30:03.139 I/auditd ( 0): type=1400 audit(0.0:14231): avc: denied { kill } for comm="swapper/2" capability=5 scontext=u:r:kernel:s0 tcontext=u:r:kernel:s0 tclass=capability permissive=0
01-01 11:30:16.849 I/ ( 0): read descriptors
01-01 11:30:16.849 I/ ( 0): read strings
01-11 07:30:04.139 I/auditd ( 0): type=1400 audit(0.0:14232): avc: denied { kill } for comm="swapper/2" capability=5 scontext=u:r:kernel:s0 tcontext=u:r:kernel:s0 tclass=capability permissive=0
01-01 11:30:17.865 I/ ( 0): read descriptors
01-01 11:30:17.865 I/ ( 0): read strings
01-11 07:30:05.143 I/auditd ( 0): type=1400 audit(0.0:14233): avc: denied { kill } for comm="swapper/2" capability=5 scontext=u:r:kernel:s0 tcontext=u:r:kernel:s0 tclass=capability permissive=0
01-01 11:30:18.881 I/ ( 0): read descriptors
01-01 11:30:18.881 I/ ( 0): read strings
01-11 07:30:06.143 I/auditd ( 0): type=1400 audit(0.0:14234): avc: denied { kill } for comm="swapper/2" capability=5 scontext=u:r:kernel:s0 tcontext=u:r:kernel:s0 tclass=capability permissive=0
01-01 11:30:19.901 I/ ( 0): read descriptors
01-01 11:30:19.901 I/ ( 0): read strings
01-11 07:30:07.143 I/auditd ( 0): type=1400 audit(0.0:14235): avc: denied { kill } for comm="swapper/2" capability=5 scontext=u:r:kernel:s0 tcontext=u:r:kernel:s0 tclass=capability permissive=0
01-01 11:30:20.917 I/ ( 0): read descriptors
01-01 11:30:20.917 I/ ( 0): read strings
01-11 07:30:07.960 I/input_interaction( 1487): Interaction with: 76b7596 com.android.launcher3/com.android.launcher3.uioverrides.QuickstepLauncher (server), c9f455c com.android.systemui.ImageWallpaper (server), edge-swipe (server), swipe-up (server), PointerEventDispatcher0 (server),
01-11 07:30:08.084 I/thunderperf( 1487): PlatormCompat.setOverrides: Uid1=10071 Pid1=25108 Uid2=10071 Pid2=25108
01-11 07:30:08.085 I/thunderperf( 1487): PlatormCompat.setOverrides: needCheck:false
01-11 07:30:08.085 I/thunderperf( 1487): CompatConfig.addOverrideUnsafe: bef-state=1
01-11 07:30:08.085 E/thunderperf( 1487): CompatConfig.addOverrideUnsafe: exception:java.lang.SecurityException: Cannot override a change on a non-debuggable app and user build.
01-11 07:30:08.085 I/thunderperf( 1487): CompatConfig.addOverrideUnsafe: aft-state=1
01-11 07:30:08.087 I/thunderperf( 1487): CompatConfig.addOverrideUnsafe: bef-state=1
01-11 07:30:08.087 E/thunderperf( 1487): CompatConfig.addOverrideUnsafe: exception:java.lang.SecurityException: Cannot override a change on a non-debuggable app and user build.
01-11 07:30:08.087 I/thunderperf( 1487): CompatConfig.addOverrideUnsafe: aft-state=1
01-11 07:30:08.088 I/thunderperf( 1487): CompatConfig.addOverrideUnsafe: bef-state=1
01-11 07:30:08.088 E/thunderperf( 1487): CompatConfig.addOverrideUnsafe: exception:java.lang.SecurityException: Cannot override a change on a non-debuggable app and user build.
01-11 07:30:08.088 I/thunderperf( 1487): CompatConfig.addOverrideUnsafe: aft-state=1
01-11 07:30:08.089 I/thunderperf( 1487): CompatConfig.addOverrideUnsafe: bef-state=1
01-11 07:30:08.089 E/thunderperf( 1487): CompatConfig.addOverrideUnsafe: exception:java.lang.SecurityException: Cannot override a change on a non-debuggable app and user build.
01-11 07:30:08.090 I/thunderperf( 1487): CompatConfig.addOverrideUnsafe: aft-state=1
01-11 07:30:08.090 I/thunderperf( 1487): CompatConfig.addOverrideUnsafe: bef-state=1
01-11 07:30:08.090 E/thunderperf( 1487): CompatConfig.addOverrideUnsafe: exception:java.lang.SecurityException: Cannot override a change on a non-debuggable app and user build.
01-11 07:30:08.090 I/thunderperf( 1487): CompatConfig.addOverrideUnsafe: aft-state=1
01-11 07:30:08.091 I/thunderperf( 1487): CompatConfig.addOverrideUnsafe: bef-state=1
01-11 07:30:08.091 E/thunderperf( 1487): CompatConfig.addOverrideUnsafe: exception:java.lang.SecurityException: Cannot override a change on a non-debuggable app and user build.
01-11 07:30:08.091 I/thunderperf( 1487): CompatConfig.addOverrideUnsafe: aft-state=1
01-11 07:30:08.091 I/thunderperf( 1487): CompatConfig.addOverrideUnsafe: bef-state=1
01-11 07:30:08.092 E/thunderperf( 1487): CompatConfig.addOverrideUnsafe: exception:java.lang.SecurityException: Cannot override a change on a non-debuggable app and user build.
01-11 07:30:08.092 I/thunderperf( 1487): CompatConfig.addOverrideUnsafe: aft-state=1
01-11 07:30:08.092 I/thunderperf( 1487): CompatConfig.addOverrideUnsafe: bef-state=1
01-11 07:30:08.092 E/thunderperf( 1487): CompatConfig.addOverrideUnsafe: exception:java.lang.SecurityException: Cannot override a change on a non-debuggable app and user build.
01-11 07:30:08.092 I/thunderperf( 1487): CompatConfig.addOverrideUnsafe: aft-state=1
01-11 07:30:08.093 I/thunderperf( 1487): CompatConfig.addOverrideUnsafe: bef-state=1
01-11 07:30:08.093 E/thunderperf( 1487): CompatConfig.addOverrideUnsafe: exception:java.lang.SecurityException: Cannot override a change on a non-debuggable app and user build.
01-11 07:30:08.093 I/thunderperf( 1487): CompatConfig.addOverrideUnsafe: aft-state=1
01-11 07:30:08.094 I/thunderperf( 1487): CompatConfig.addOverrideUnsafe: bef-state=1
01-11 07:30:08.094 E/thunderperf( 1487): CompatConfig.addOverrideUnsafe: exception:java.lang.SecurityException: Cannot override a change on a non-debuggable app and user build.
01-11 07:30:08.094 I/thunderperf( 1487): CompatConfig.addOverrideUnsafe: aft-state=1
01-11 07:30:08.095 I/thunderperf( 1487): CompatConfig.addOverrideUnsafe: bef-state=1
01-11 07:30:08.095 E/thunderperf( 1487): CompatConfig.addOverrideUnsafe: exception:java.lang.SecurityException: Cannot override a change on a non-debuggable app and user build.
01-11 07:30:08.095 I/thunderperf( 1487): CompatConfig.addOverrideUnsafe: aft-state=1
01-11 07:30:08.096 I/thunderperf( 1487): CompatConfig.addOverrideUnsafe: bef-state=1
01-11 07:30:08.096 E/thunderperf( 1487): CompatConfig.addOverrideUnsafe: exception:java.lang.SecurityException: Cannot override a change on a non-debuggable app and user build.
01-11 07:30:08.096 I/thunderperf( 1487): CompatConfig.addOverrideUnsafe: aft-state=1
01-11 07:30:08.096 I/thunderperf( 1487): CompatConfig.addOverrideUnsafe: bef-state=1
01-11 07:30:08.096 E/thunderperf( 1487): CompatConfig.addOverrideUnsafe: exception:java.lang.SecurityException: Cannot override a change on a non-debuggable app and user build.
01-11 07:30:08.096 I/thunderperf( 1487): CompatConfig.addOverrideUnsafe: aft-state=1
01-11 07:30:08.099 I/thunderperf( 1487): CompatConfig.addOverrideUnsafe: bef-state=1
01-11 07:30:08.099 E/thunderperf( 1487): CompatConfig.addOverrideUnsafe: exception:java.lang.SecurityException: Cannot override a change on a non-debuggable app and user build.
01-11 07:30:08.099 I/thunderperf( 1487): CompatConfig.addOverrideUnsafe: aft-state=1
01-11 07:30:08.104 I/ActivityTaskManager( 1487): START u0 {act=android.intent.action.MAIN cat=[android.intent.category.LAUNCHER] flg=0x10200000 cmp=com.microsoft.emmx/com.microsoft.ruby.Main bnds=[664,120][940,396]} from uid 10071
01-11 07:30:08.113 I/wm_task_created( 1487): [96,-1]
01-11 07:30:08.113 W/ActivityTaskManager( 1487): Can't find TaskDisplayArea to determine support for multi window. Task id=96 attached=false
01-11 07:30:08.114 D/CompatibilityChangeReporter( 1487): Compat change id reported: 174042980; UID 10032; state: DISABLED
01-11 07:30:08.114 D/CompatibilityChangeReporter( 1487): Compat change id reported: 184838306; UID 10032; state: DISABLED
01-11 07:30:08.114 D/CompatibilityChangeReporter( 1487): Compat change id reported: 185004937; UID 10032; state: DISABLED
01-11 07:30:08.114 D/CompatibilityChangeReporter( 1487): Compat change id reported: 181136395; UID 10032; state: DISABLED
01-11 07:30:08.115 D/CompatibilityChangeReporter( 1487): Compat change id reported: 174042936; UID 10032; state: DISABLED
01-11 07:30:08.115 I/wm_task_moved( 1487): [96,1,13]
01-11 07:30:08.115 I/wm_task_to_front( 1487): [0,96]
01-11 07:30:08.115 I/wm_create_task( 1487): [0,96]
01-11 07:30:08.115 I/wm_create_activity( 1487): [0,81773213,96,com.microsoft.emmx/com.microsoft.ruby.Main,android.intent.action.MAIN,NULL,NULL,270532608]
01-11 07:30:08.115 I/wm_task_moved( 1487): [96,1,13]
01-11 07:30:08.116 D/CompatibilityChangeReporter( 1487): Compat change id reported: 168419799; UID 10032; state: DISABLED
01-11 07:30:08.116 I/wm_pause_activity( 1487): [0,124244050,com.android.launcher3/.uioverrides.QuickstepLauncher,userLeaving=true,pauseBackTasks]
01-11 07:30:08.118 I/wm_on_top_resumed_lost_called(25108): [124244050,com.android.launcher3.uioverrides.QuickstepLauncher,topStateChangedWhenResumed]
01-11 07:30:08.120 I/wm_on_paused_called(25108): [124244050,com.android.launcher3.uioverrides.QuickstepLauncher,performPause]
01-11 07:30:08.120 I/ActivityTaskManager( 1487): FOREGROUND_APPLICATION_CHANGED to org.chromium.chrome.browser.ChromeTabbedActivity
01-11 07:30:08.121 I/ActivityTaskManager( 1487): The Process com.microsoft.emmx Already Exists in BG. So sending its PID: 24923
01-11 07:30:08.121 I/wm_add_to_stopping( 1487): [0,124244050,com.android.launcher3/.uioverrides.QuickstepLauncher,makeInvisible]
01-11 07:30:08.121 I/wm_restart_activity( 1487): [0,81773213,96,com.microsoft.emmx/com.microsoft.ruby.Main]
01-11 07:30:08.122 I/wm_set_resumed_activity( 1487): [0,com.microsoft.emmx/com.microsoft.ruby.Main,minimalResumeActivityLocked]
01-11 07:30:08.124 I/am_uid_active( 1487): 10032
01-11 07:30:08.125 I/sysui_multi_action( 1487): [757,803,799,window_time_0,802,6]
01-11 07:30:08.130 W/ContextImpl(19692): Calling a method in the system process without a qualified user: android.app.ContextImpl.startService:1816 android.content.ContextWrapper.startService:774 com.thundercomm.gamemode.ingame.services.GameModeActionUtils.startGameModeService:111 com.thundercomm.gamemode.ingame.services.GameModeActionUtils.startGameModeEntry:22 com.thundercomm.gamemode.ingame.services.ActivityMonitoringService$1.onActivityLaunch:129
01-11 07:30:08.132 I/GameModeConfig( 1487): Current uri is uri = content://com.thundercomm.gamemode.api/gamemode_settings/gamemode_isgaming
01-11 07:30:08.134 I/GameModeConfig( 1487): isGameModeOn = false
01-11 07:30:08.134 I/GameModeConfig( 1487): isGameModeOn = false
01-11 07:30:08.134 I/GameModeConfig( 1487): isDisableVoice = true
01-11 07:30:08.144 I/input_focus( 1487): [Focus leaving 76b7596 com.android.launcher3/com.android.launcher3.uioverrides.QuickstepLauncher (server),reason=NO_WINDOW]
01-11 07:30:08.146 I/thunderperf( 1487): PlatormCompat.setOverrides: Uid1=10032 Pid1=24923 Uid2=10032 Pid2=24923
01-11 07:30:08.146 I/thunderperf( 1487): PlatormCompat.setOverrides: needCheck:false
01-11 07:30:08.146 W/PackageManager( 1487): MATCH_ANY_USER flag requires INTERACT_ACROSS_USERS permission: UID 10032 requires android.permission.INTERACT_ACROSS_USERS_FULL or android.permission.INTERACT_ACROSS_USERS to access user 0.
01-11 07:30:08.146 I/ActivityTaskManager( 1487): START u0 {cmp=com.microsoft.emmx/com.microsoft.edge.fre.MicrosoftFirstRunActivity (has extras)} from uid 10032
01-11 07:30:08.147 I/wm_task_created( 1487): [97,-1]
01-11 07:30:08.147 W/ActivityTaskManager( 1487): Can't find TaskDisplayArea to determine support for multi window. Task id=97 attached=false
01-11 07:30:08.148 I/wm_task_moved( 1487): [97,1,14]
01-11 07:30:08.148 I/wm_task_to_front( 1487): [0,97]
01-11 07:30:08.148 I/wm_create_task( 1487): [0,97]
01-11 07:30:08.148 I/wm_create_activity( 1487): [0,14727735,97,com.microsoft.emmx/com.microsoft.edge.fre.MicrosoftFirstRunActivity,NULL,NULL,NULL,276824064]
01-11 07:30:08.148 I/wm_task_moved( 1487): [97,1,14]
01-11 07:30:08.139 I/auditd ( 0): type=1400 audit(0.0:14236): avc: denied { kill } for comm="swapper/2" capability=5 scontext=u:r:kernel:s0 tcontext=u:r:kernel:s0 tclass=capability permissive=0
01-11 07:30:08.149 I/wm_pause_activity( 1487): [0,81773213,com.microsoft.emmx/com.microsoft.ruby.Main,userLeaving=true,pauseBackTasks]
01-11 07:30:08.149 I/ActivityTaskManager( 1487): Add Task{d2c23f #96 type=standard A=10032:com.microsoft.emmx U=0 visible=true mode=fullscreen translucent=false sz=1} to hidden list because adding Task{5f63ba4 #97 type=standard A=10032:com.microsoft.emmx U=0 visible=true mode=fullscreen translucent=true sz=1}
01-11 07:30:08.163 I/wm_finish_activity( 1487): [0,81773213,96,com.microsoft.emmx/com.microsoft.ruby.Main,app-request]
01-11 07:30:08.163 I/wm_on_create_called(24923): [81773213,com.microsoft.ruby.Main,performCreate]
01-11 07:30:08.166 I/wm_add_to_stopping( 1487): [0,81773213,com.microsoft.emmx/com.microsoft.ruby.Main,completeFinishing]
01-11 07:30:08.167 I/ActivityTaskManager( 1487): FOREGROUND_APPLICATION_CHANGED to com.microsoft.edge.fre.MicrosoftFirstRunActivity
01-11 07:30:08.167 I/ActivityTaskManager( 1487): The Process com.microsoft.emmx Already Exists in BG. So sending its PID: 24923
01-11 07:30:08.167 W/ActivityTaskManager( 1487): Tried to set launchTime (0) < mLastActivityLaunchTime (12619000)
01-11 07:30:08.167 I/wm_restart_activity( 1487): [0,14727735,97,com.microsoft.emmx/com.microsoft.edge.fre.MicrosoftFirstRunActivity]
01-11 07:30:08.168 I/wm_set_resumed_activity( 1487): [0,com.microsoft.emmx/com.microsoft.edge.fre.MicrosoftFirstRunActivity,minimalResumeActivityLocked]
01-11 07:30:08.179 I/sysui_multi_action( 1487): [757,803,799,window_time_0,802,0]
01-11 07:30:08.202 I/wm_on_create_called(24923): [14727735,com.microsoft.edge.fre.MicrosoftFirstRunActivity,performCreate]
01-11 07:30:08.203 I/wm_on_start_called(24923): [14727735,com.microsoft.edge.fre.MicrosoftFirstRunActivity,handleStartActivity]
01-11 07:30:08.205 I/wm_on_resume_called(24923): [14727735,com.microsoft.edge.fre.MicrosoftFirstRunActivity,RESUME_ACTIVITY]
01-11 07:30:08.209 I/wm_on_top_resumed_gained_called(24923): [14727735,com.microsoft.edge.fre.MicrosoftFirstRunActivity,topStateChangedWhenResumed]
01-01 11:30:21.360 I/binder ( 0): 24923:25541 ioctl 40046210 78a732f1f4 returned -22
01-11 07:30:08.253 I/input_focus( 1487): [Focus request 72b2188 com.microsoft.emmx/com.microsoft.edge.fre.MicrosoftFirstRunActivity,reason=UpdateInputWindows]
01-11 07:30:08.262 I/sysui_multi_action( 1487): [319,30,321,28,322,155,325,12618,757,761,758,8,759,1,806,com.microsoft.emmx,871,com.microsoft.edge.fre.MicrosoftFirstRunActivity,904,com.microsoft.emmx,905,0,1320,4,1321,2]
01-11 07:30:08.262 I/wm_activity_launch_time( 1487): [0,14727735,com.microsoft.emmx/com.microsoft.edge.fre.MicrosoftFirstRunActivity,155]
01-11 07:30:08.265 I/am_uid_running( 1487): 90000
01-11 07:30:08.265 D/CompatibilityChangeReporter( 1487): Compat change id reported: 135634846; UID 10032; state: DISABLED
01-11 07:30:08.265 D/CompatibilityChangeReporter( 1487): Compat change id reported: 177438394; UID 10032; state: DISABLED
01-11 07:30:08.265 D/CompatibilityChangeReporter( 1487): Compat change id reported: 135772972; UID 10032; state: DISABLED
01-11 07:30:08.265 D/CompatibilityChangeReporter( 1487): Compat change id reported: 135754954; UID 10032; state: ENABLED
01-11 07:30:08.265 D/CompatibilityChangeReporter( 1487): Compat change id reported: 143937733; UID 10032; state: ENABLED
01-11 07:30:08.270 W/FreeFormWindowHelper( 1487): Current Display FreeFormTask is null
01-11 07:30:08.270 W/FreeFormWindowHelper( 1487): Current Display FreeFormTask is null
01-11 07:30:08.270 W/FreeFormWindowHelper( 1487): Current Display FreeFormTask is null
01-11 07:30:08.274 W/ContextImpl(19692): Calling a method in the system process without a qualified user: android.app.ContextImpl.startService:1816 android.content.ContextWrapper.startService:774 com.thundercomm.gamemode.ingame.services.GameModeActionUtils.startGameModeService:111 com.thundercomm.gamemode.ingame.services.GameModeActionUtils.startGameModeEntry:22 com.thundercomm.gamemode.ingame.services.ActivityMonitoringService$1.onActivityLaunch:129
01-11 07:30:08.276 I/GameModeConfig( 1487): Current uri is uri = content://com.thundercomm.gamemode.api/gamemode_settings/gamemode_isgaming
01-11 07:30:08.278 I/input_focus( 1487): [Focus entering 72b2188 com.microsoft.emmx/com.microsoft.edge.fre.MicrosoftFirstRunActivity (server),reason=Window became focusable. Previous reason: NOT_VISIBLE]
01-11 07:30:08.278 I/GameModeConfig( 1487): isGameModeOn = false
01-11 07:30:08.279 I/GameModeConfig( 1487): isGameModeOn = false
01-11 07:30:08.279 I/GameModeConfig( 1487): isDisableVoice = true
01-11 07:30:08.353 W/ActivityManager( 1487): Slow operation: 89ms so far, now at startProcess: returned from zygote!
01-11 07:30:08.354 W/ActivityManager( 1487): Slow operation: 89ms so far, now at startProcess: done updating battery stats
01-11 07:30:08.354 I/am_proc_start( 1487): [0,25579,90000,com.microsoft.emmx:sandboxed_process0:org.chromium.content.app.SandboxedProcessService0:0,,{com.microsoft.emmx/org.chromium.content.app.SandboxedProcessService0:0}]
01-11 07:30:08.354 W/ActivityManager( 1487): Slow operation: 89ms so far, now at startProcess: building log message
01-11 07:30:08.354 I/ActivityManager( 1487): Start proc 25579:com.microsoft.emmx:sandboxed_process0:org.chromium.content.app.SandboxedProcessService0:0/u0ai0 for {com.microsoft.emmx/org.chromium.content.app.SandboxedProcessService0:0}
01-11 07:30:08.354 W/ActivityManager( 1487): Slow operation: 89ms so far, now at startProcess: starting to update pids map
01-11 07:30:08.354 W/ActivityManager( 1487): Slow operation: 89ms so far, now at startProcess: done updating pids map
01-01 11:30:21.477 I/binder ( 0): 25579:25579 ioctl 40046210 7ffca75804 returned -22
01-11 07:30:08.360 I/am_proc_bound( 1487): [0,25579,com.microsoft.emmx:sandboxed_process0:org.chromium.content.app.SandboxedProcessService0:0]
01-11 07:30:08.362 I/am_uid_active( 1487): 90000
01-11 07:30:08.372 I/auditd ( 500): avc: denied { find } for pid=25579 uid=90000 name=content_capture scontext=u:r:isolated_app:s0:c512,c768 tcontext=u:object_r:content_capture_service:s0 tclass=service_manager permissive=0
01-11 07:30:08.662 I/wm_destroy_activity( 1487): [0,81773213,96,com.microsoft.emmx/com.microsoft.ruby.Main,finish-imm:idle]
01-11 07:30:08.663 I/wm_stop_activity( 1487): [0,124244050,com.android.launcher3/.uioverrides.QuickstepLauncher]
01-11 07:30:08.665 I/wm_on_destroy_called(24923): [81773213,com.microsoft.ruby.Main,performDestroy]
01-11 07:30:08.665 I/wm_task_removed( 1487): [96,removeChild:removeChild last r=ActivityRecord{4dfc29d u0 com.microsoft.emmx/com.microsoft.ruby.Main t-1 f}} in t=Task{d2c23f #96 type=standard A=10032:com.microsoft.emmx U=0 visible=false mode=fullscreen translucent=true sz=0}]
01-11 07:30:08.665 I/wm_task_removed( 1487): [96,removeChild]
01-11 07:30:08.667 W/ActivityTaskManager( 1487): Can't find TaskDisplayArea to determine support for multi window. Task id=96 attached=false
01-11 07:30:08.667 W/ActivityTaskManager( 1487): Can't find TaskDisplayArea to determine support for multi window. Task id=96 attached=false
01-11 07:30:08.680 I/wm_on_stop_called(25108): [124244050,com.android.launcher3.uioverrides.QuickstepLauncher,STOP_ACTIVITY_ITEM]
01-11 07:30:08.701 W/ContextImpl(19692): Calling a method in the system process without a qualified user: android.app.ContextImpl.startService:1816 android.content.ContextWrapper.startService:774 com.thundercomm.gamemode.ingame.services.GameModeActionUtils.startGameModeService:111 com.thundercomm.gamemode.ingame.services.GameModeActionUtils.startGameModeEntry:22 com.thundercomm.gamemode.ingame.services.ActivityMonitoringService$1.onActivityLaunch:129
01-11 07:30:08.702 I/GameModeConfig( 1487): Current uri is uri = content://com.thundercomm.gamemode.api/gamemode_settings/gamemode_isgaming
01-11 07:30:08.703 I/GameModeConfig( 1487): isGameModeOn = false
01-11 07:30:08.703 I/GameModeConfig( 1487): isGameModeOn = false
01-11 07:30:08.703 I/GameModeConfig( 1487): isDisableVoice = true
01-01 11:30:21.936 I/ ( 0): read descriptors
01-01 11:30:21.936 I/ ( 0): read strings
01-01 11:30:21.961 I/init ( 0): processing action (sys.tlog.pstore.active=1) from (/system/etc/init/tlogd.rc:122)
01-01 11:30:21.962 I/init ( 0): Command 'start pstore_save' action=sys.tlog.pstore.active=1 (/system/etc/init/tlogd.rc:124) took 0ms and failed: Could not start service: Could not get process context
01-11 07:30:08.839 I/auditd ( 498): type=1401 audit(0.0:14237): op=security_compute_sid invalid_context=u:r:np_thundercomm_tlog_pstore:s0 scontext=u:r:init:s0 tcontext=u:object_r:np_thundercomm_tlog_pstore_exec:s0 tclass=process
01-11 07:30:08.892 I/input_interaction( 1487): Interaction with: 72b2188 com.microsoft.emmx/com.microsoft.edge.fre.MicrosoftFirstRunActivity (server), edge-swipe (server), swipe-up (server), PointerEventDispatcher0 (server),
01-11 07:30:08.962 W/FreeFormWindowHelper( 1487): Current Display FreeFormTask is null
01-11 07:30:08.962 W/FreeFormWindowHelper( 1487): Current Display FreeFormTask is null
01-11 07:30:08.962 W/FreeFormWindowHelper( 1487): Current Display FreeFormTask is null
01-11 07:30:08.962 W/FreeFormWindowHelper( 1487): Current Display FreeFormTask is null
01-11 07:30:08.962 W/FreeFormWindowHelper( 1487): Current Display FreeFormTask is null
01-11 07:30:08.962 W/FreeFormWindowHelper( 1487): Current Display FreeFormTask is null
01-11 07:30:08.962 W/FreeFormWindowHelper( 1487): Current Display FreeFormTask is null
01-11 07:30:08.962 W/FreeFormWindowHelper( 1487): Current Display FreeFormTask is null
01-11 07:30:08.963 W/FreeFormWindowHelper( 1487): Current Display FreeFormTask is null
01-11 07:30:08.964 I/wm_task_moved( 1487): [83,0,0]
01-11 07:30:08.964 I/wm_task_moved( 1487): [83,0,12]
01-11 07:30:08.972 W/ContextImpl(19692): Calling a method in the system process without a qualified user: android.app.ContextImpl.startService:1816 android.content.ContextWrapper.startService:774 com.thundercomm.gamemode.ingame.services.GameModeActionUtils.startGameModeService:111 com.thundercomm.gamemode.ingame.services.GameModeActionUtils.startGameModeEntry:22 com.thundercomm.gamemode.ingame.services.ActivityMonitoringService$1.onActivityLaunch:129
01-11 07:30:08.973 I/GameModeConfig( 1487): Current uri is uri = content://com.thundercomm.gamemode.api/gamemode_settings/gamemode_isgaming
01-11 07:30:08.974 I/GameModeConfig( 1487): isGameModeOn = false
01-11 07:30:08.974 I/GameModeConfig( 1487): isGameModeOn = false
01-11 07:30:08.974 I/GameModeConfig( 1487): isDisableVoice = true
01-11 07:30:08.979 I/wm_on_restart_called(25108): [124244050,com.android.launcher3.uioverrides.QuickstepLauncher,performRestartActivity]
01-11 07:30:08.979 W/FreeFormWindowHelper( 1487): Current Display FreeFormTask is null
01-11 07:30:08.989 I/wm_on_start_called(25108): [124244050,com.android.launcher3.uioverrides.QuickstepLauncher,handleStartActivity]
01-11 07:30:08.998 W/FreeFormWindowHelper( 1487): Current Display FreeFormTask is null
01-11 07:30:09.004 I/sysui_multi_action( 1487): [319,2,322,37,325,12619,757,761,758,9,759,5,806,com.android.launcher3,871,com.android.launcher3.uioverrides.QuickstepLauncher,904,com.android.launcher3,905,0,1320,8,1321,5]
01-11 07:30:09.013 W/FreeFormWindowHelper( 1487): Current Display FreeFormTask is null
01-11 07:30:09.043 I/view_enqueue_input_event(24923): [Motion - Cancel,com.microsoft.emmx/com.microsoft.edge.fre.MicrosoftFirstRunActivity]
01-11 07:30:09.055 I/sysui_latency(25108): [1,38]
01-11 07:30:09.057 I/input_interaction( 1487): Interaction with: edge-swipe (server), swipe-up (server), PointerEventDispatcher0 (server),
01-11 07:30:09.067 I/input_focus( 1487): [Focus request recents_animation_input_consumer,reason=UpdateInputWindows]
01-11 07:30:09.068 W/FreeFormWindowHelper( 1487): Current Display FreeFormTask is null
01-11 07:30:09.079 W/FreeFormWindowHelper( 1487): Current Display FreeFormTask is null
01-11 07:30:09.096 W/FreeFormWindowHelper( 1487): Current Display FreeFormTask is null
01-11 07:30:09.096 I/input_focus( 1487): [Focus leaving 72b2188 com.microsoft.emmx/com.microsoft.edge.fre.MicrosoftFirstRunActivity (server),reason=NOT_FOCUSABLE]
01-11 07:30:09.096 I/input_focus( 1487): [Focus entering recents_animation_input_consumer (server),reason=setFocusedWindow]
01-11 07:30:09.139 I/auditd ( 0): type=1400 audit(0.0:14238): avc: denied { kill } for comm="swapper/2" capability=5 scontext=u:r:kernel:s0 tcontext=u:r:kernel:s0 tclass=capability permissive=0
01-11 07:30:09.190 I/commit_sys_config_file( 1487): [settings-1-0,1]
01-11 07:30:09.302 I/sysui_latency( 1487): [8,40]
01-11 07:30:09.344 I/wm_task_moved( 1487): [83,0,12]
01-11 07:30:09.344 I/wm_add_to_stopping( 1487): [0,124244050,com.android.launcher3/.uioverrides.QuickstepLauncher,makeInvisible]
01-11 07:30:09.347 I/wm_stop_activity( 1487): [0,124244050,com.android.launcher3/.uioverrides.QuickstepLauncher]
01-11 07:30:09.348 I/input_focus( 1487): [Focus request 72b2188 com.microsoft.emmx/com.microsoft.edge.fre.MicrosoftFirstRunActivity,reason=UpdateInputWindows]
01-11 07:30:09.364 I/input_focus( 1487): [Focus leaving recents_animation_input_consumer (server),reason=NOT_VISIBLE]
01-11 07:30:09.364 I/input_focus( 1487): [Focus entering 72b2188 com.microsoft.emmx/com.microsoft.edge.fre.MicrosoftFirstRunActivity (server),reason=setFocusedWindow]
01-11 07:30:09.367 W/FreeFormWindowHelper( 1487): Current Display FreeFormTask is null
01-11 07:30:09.381 I/wm_on_stop_called(25108): [124244050,com.android.launcher3.uioverrides.QuickstepLauncher,STOP_ACTIVITY_ITEM]
01-11 07:30:09.384 W/UsageStatsService( 1487): Unexpected activity event reported! (com.android.launcher3/com.android.launcher3.uioverrides.QuickstepLauncher event : 23 instanceId : 199892189)
01-11 07:30:09.388 W/ContextImpl(19692): Calling a method in the system process without a qualified user: android.app.ContextImpl.startService:1816 android.content.ContextWrapper.startService:774 com.thundercomm.gamemode.ingame.services.GameModeActionUtils.startGameModeService:111 com.thundercomm.gamemode.ingame.services.GameModeActionUtils.startGameModeEntry:22 com.thundercomm.gamemode.ingame.services.ActivityMonitoringService$1.onActivityLaunch:129
01-11 07:30:09.389 I/GameModeConfig( 1487): Current uri is uri = content://com.thundercomm.gamemode.api/gamemode_settings/gamemode_isgaming
01-11 07:30:09.389 I/GameModeConfig( 1487): isGameModeOn = false
01-11 07:30:09.390 I/GameModeConfig( 1487): isGameModeOn = false
01-11 07:30:09.390 I/GameModeConfig( 1487): isDisableVoice = true
01-11 07:30:09.572 I/commit_sys_config_file( 1487): [settings-1-0,2]
01-01 11:30:22.952 I/ ( 0): read descriptors
01-01 11:30:22.952 I/ ( 0): read strings
01-11 07:30:09.840 I/input_interaction( 1487): Interaction with: 72b2188 com.microsoft.emmx/com.microsoft.edge.fre.MicrosoftFirstRunActivity (server), edge-swipe (server), swipe-up (server), PointerEventDispatcher0 (server),
01-11 07:30:09.884 I/wm_task_moved( 1487): [83,0,0]
01-11 07:30:09.884 I/wm_task_moved( 1487): [83,0,12]
01-11 07:30:09.894 W/ContextImpl(19692): Calling a method in the system process without a qualified user: android.app.ContextImpl.startService:1816 android.content.ContextWrapper.startService:774 com.thundercomm.gamemode.ingame.services.GameModeActionUtils.startGameModeService:111 com.thundercomm.gamemode.ingame.services.GameModeActionUtils.startGameModeEntry:22 com.thundercomm.gamemode.ingame.services.ActivityMonitoringService$1.onActivityLaunch:129
01-11 07:30:09.896 I/GameModeConfig( 1487): Current uri is uri = content://com.thundercomm.gamemode.api/gamemode_settings/gamemode_isgaming
01-11 07:30:09.897 I/GameModeConfig( 1487): isGameModeOn = false
01-11 07:30:09.897 I/GameModeConfig( 1487): isGameModeOn = false
01-11 07:30:09.897 I/GameModeConfig( 1487): isDisableVoice = true
01-11 07:30:09.898 I/wm_on_restart_called(25108): [124244050,com.android.launcher3.uioverrides.QuickstepLauncher,performRestartActivity]
01-11 07:30:09.898 W/FreeFormWindowHelper( 1487): Current Display FreeFormTask is null
01-11 07:30:09.903 I/wm_on_start_called(25108): [124244050,com.android.launcher3.uioverrides.QuickstepLauncher,handleStartActivity]
01-11 07:30:09.918 W/FreeFormWindowHelper( 1487): Current Display FreeFormTask is null
01-11 07:30:09.924 I/sysui_multi_action( 1487): [319,3,322,37,325,12620,757,761,758,9,759,5,806,com.android.launcher3,871,com.android.launcher3.uioverrides.QuickstepLauncher,904,com.android.launcher3,905,0,1320,8,1321,5]
01-11 07:30:09.925 I/view_enqueue_input_event(24923): [Motion - Cancel,com.microsoft.emmx/com.microsoft.edge.fre.MicrosoftFirstRunActivity]
01-11 07:30:09.929 I/sysui_latency(25108): [1,37]
01-11 07:30:09.933 W/FreeFormWindowHelper( 1487): Current Display FreeFormTask is null
01-11 07:30:09.933 I/input_focus( 1487): [Focus request recents_animation_input_consumer,reason=UpdateInputWindows]
01-11 07:30:09.936 I/input_interaction( 1487): Interaction with: edge-swipe (server), swipe-up (server), PointerEventDispatcher0 (server),
01-11 07:30:09.948 W/FreeFormWindowHelper( 1487): Current Display FreeFormTask is null
01-11 07:30:09.964 W/FreeFormWindowHelper( 1487): Current Display FreeFormTask is null
01-11 07:30:09.965 I/input_focus( 1487): [Focus leaving 72b2188 com.microsoft.emmx/com.microsoft.edge.fre.MicrosoftFirstRunActivity (server),reason=NOT_FOCUSABLE]
01-11 07:30:09.966 I/input_focus( 1487): [Focus entering recents_animation_input_consumer (server),reason=setFocusedWindow]
01-11 07:30:10.028 I/am_uid_idle( 1487): 10064
01-11 07:30:10.028 I/am_uid_idle( 1487): 10034
01-11 07:30:10.098 W/FreeFormWindowHelper( 1487): Current Display FreeFormTask is null
01-11 07:30:10.105 I/commit_sys_config_file( 1487): [settings-1-0,1]
01-11 07:30:10.139 I/auditd ( 0): type=1400 audit(0.0:14239): avc: denied { kill } for comm="swapper/2" capability=5 scontext=u:r:kernel:s0 tcontext=u:r:kernel:s0 tclass=capability permissive=0
01-01 11:30:23.269 I/init ( 0): Untracked pid 25618 exited with status 0
01-11 07:30:10.222 I/sysui_latency( 1487): [8,38]
01-01 11:30:23.977 I/ ( 0): read descriptors
01-01 11:30:23.977 I/ ( 0): read strings
01-11 07:30:11.139 I/auditd ( 0): type=1400 audit(0.0:14240): avc: denied { kill } for comm="swapper/2" capability=5 scontext=u:r:kernel:s0 tcontext=u:r:kernel:s0 tclass=capability permissive=0
01-11 07:30:11.190 I/input_interaction( 1487): Interaction with: recents_animation_input_consumer (server), edge-swipe (server), swipe-up (server), PointerEventDispatcher0 (server),
01-11 07:30:11.218 W/FreeFormWindowHelper( 1487): Current Display FreeFormTask is null
01-11 07:30:11.218 I/wm_task_moved( 1487): [83,1,13]
01-11 07:30:11.224 I/wm_task_moved( 1487): [84,1,2147483647]
01-11 07:30:11.224 I/wm_task_to_front( 1487): [0,84]
01-11 07:30:11.224 I/wm_focused_root_task( 1487): [0,0,83,97,RecentsAnimation.onAnimationFinished()]
01-11 07:30:11.224 I/wm_on_top_resumed_lost_called(24923): [14727735,com.microsoft.edge.fre.MicrosoftFirstRunActivity,topStateChangedWhenResumed]
01-11 07:30:11.225 I/wm_set_resumed_activity( 1487): [0,com.android.launcher3/.uioverrides.QuickstepLauncher,RecentsAnimation.onAnimationFinished()]
01-11 07:30:11.226 I/wm_pause_activity( 1487): [0,14727735,com.microsoft.emmx/com.microsoft.edge.fre.MicrosoftFirstRunActivity,userLeaving=true,pauseBackTasks]
01-11 07:30:11.228 I/wm_add_to_stopping( 1487): [0,14727735,com.microsoft.emmx/com.microsoft.edge.fre.MicrosoftFirstRunActivity,makeInvisible]
01-11 07:30:11.229 I/ActivityTaskManager( 1487): FOREGROUND_APPLICATION_CHANGED to com.android.launcher3.uioverrides.QuickstepLauncher
01-11 07:30:11.229 I/wm_set_resumed_activity( 1487): [0,com.android.launcher3/.uioverrides.QuickstepLauncher,resumeTopActivityInnerLocked]
01-11 07:30:11.232 I/wm_resume_activity( 1487): [0,124244050,84,com.android.launcher3/.uioverrides.QuickstepLauncher]
01-11 07:30:11.233 I/wm_on_resume_called(25108): [124244050,com.android.launcher3.uioverrides.QuickstepLauncher,RESUME_ACTIVITY]
01-11 07:30:11.249 I/wm_stop_activity( 1487): [0,14727735,com.microsoft.emmx/com.microsoft.edge.fre.MicrosoftFirstRunActivity]
01-11 07:30:11.250 I/input_focus( 1487): [Focus request 76b7596 com.android.launcher3/com.android.launcher3.uioverrides.QuickstepLauncher,reason=UpdateInputWindows]
01-11 07:30:11.252 I/wm_on_paused_called(24923): [14727735,com.microsoft.edge.fre.MicrosoftFirstRunActivity,performPause]
01-11 07:30:11.253 I/input_focus( 1487): [Focus leaving recents_animation_input_consumer (server),reason=NOT_VISIBLE]
01-11 07:30:11.254 I/sysui_multi_action( 1487): [757,803,799,window_time_0,802,3]
01-11 07:30:11.257 I/wm_on_stop_called(24923): [14727735,com.microsoft.edge.fre.MicrosoftFirstRunActivity,STOP_ACTIVITY_ITEM]
01-11 07:30:11.257 I/wm_on_top_resumed_gained_called(25108): [124244050,com.android.launcher3.uioverrides.QuickstepLauncher,topStateChangedWhenResumed]
01-11 07:30:11.257 I/sysui_multi_action( 1487): [757,803,799,window_time_0,802,0]
01-11 07:30:11.270 I/input_focus( 1487): [Focus entering 76b7596 com.android.launcher3/com.android.launcher3.uioverrides.QuickstepLauncher (server),reason=setFocusedWindow]
01-11 07:30:11.294 W/ContextImpl(19692): Calling a method in the system process without a qualified user: android.app.ContextImpl.startService:1816 android.content.ContextWrapper.startService:774 com.thundercomm.gamemode.ingame.services.GameModeActionUtils.startGameModeService:111 com.thundercomm.gamemode.ingame.services.GameModeActionUtils.startGameModeEntry:22 com.thundercomm.gamemode.ingame.services.ActivityMonitoringService$1.onActivityLaunch:129
01-11 07:30:11.298 I/GameModeConfig( 1487): Current uri is uri = content://com.thundercomm.gamemode.api/gamemode_settings/gamemode_isgaming
01-11 07:30:11.300 I/GameModeConfig( 1487): isGameModeOn = false
01-11 07:30:11.300 I/GameModeConfig( 1487): isGameModeOn = false
01-11 07:30:11.300 I/GameModeConfig( 1487): isDisableVoice = true
01-11 07:30:11.345 I/thunderperf( 1487): PlatormCompat.setOverrides: Uid1=10071 Pid1=25108 Uid2=10071 Pid2=25108
01-11 07:30:11.345 I/thunderperf( 1487): PlatormCompat.setOverrides: needCheck:false
01-11 07:30:11.345 I/thunderperf( 1487): CompatConfig.addOverrideUnsafe: bef-state=1
01-11 07:30:11.345 E/thunderperf( 1487): CompatConfig.addOverrideUnsafe: exception:java.lang.SecurityException: Cannot override a change on a non-debuggable app and user build.
01-11 07:30:11.345 I/thunderperf( 1487): CompatConfig.addOverrideUnsafe: aft-state=1
01-11 07:30:11.346 I/thunderperf( 1487): CompatConfig.addOverrideUnsafe: bef-state=1
01-11 07:30:11.346 E/thunderperf( 1487): CompatConfig.addOverrideUnsafe: exception:java.lang.SecurityException: Cannot override a change on a non-debuggable app and user build.
01-11 07:30:11.346 I/thunderperf( 1487): CompatConfig.addOverrideUnsafe: aft-state=1
01-11 07:30:11.348 I/thunderperf( 1487): CompatConfig.addOverrideUnsafe: bef-state=1
01-11 07:30:11.348 W/FreeFormWindowHelper( 1487): Current Display FreeFormTask is null
01-11 07:30:11.348 W/FreeFormWindowHelper( 1487): Current Display FreeFormTask is null
01-11 07:30:11.348 W/FreeFormWindowHelper( 1487): Current Display FreeFormTask is null
01-11 07:30:11.348 E/thunderperf( 1487): CompatConfig.addOverrideUnsafe: exception:java.lang.SecurityException: Cannot override a change on a non-debuggable app and user build.
01-11 07:30:11.348 I/thunderperf( 1487): CompatConfig.addOverrideUnsafe: aft-state=1
01-11 07:30:11.348 I/thunderperf( 1487): CompatConfig.addOverrideUnsafe: bef-state=1
01-11 07:30:11.348 E/thunderperf( 1487): CompatConfig.addOverrideUnsafe: exception:java.lang.SecurityException: Cannot override a change on a non-debuggable app and user build.
01-11 07:30:11.348 I/thunderperf( 1487): CompatConfig.addOverrideUnsafe: aft-state=1
01-11 07:30:11.349 I/thunderperf( 1487): CompatConfig.addOverrideUnsafe: bef-state=1
01-11 07:30:11.349 E/thunderperf( 1487): CompatConfig.addOverrideUnsafe: exception:java.lang.SecurityException: Cannot override a change on a non-debuggable app and user build.
01-11 07:30:11.349 I/thunderperf( 1487): CompatConfig.addOverrideUnsafe: aft-state=1
01-11 07:30:11.349 I/thunderperf( 1487): CompatConfig.addOverrideUnsafe: bef-state=1
01-11 07:30:11.350 E/thunderperf( 1487): CompatConfig.addOverrideUnsafe: exception:java.lang.SecurityException: Cannot override a change on a non-debuggable app and user build.
01-11 07:30:11.350 I/thunderperf( 1487): CompatConfig.addOverrideUnsafe: aft-state=1
01-11 07:30:11.350 I/thunderperf( 1487): CompatConfig.addOverrideUnsafe: bef-state=1
01-11 07:30:11.350 E/thunderperf( 1487): CompatConfig.addOverrideUnsafe: exception:java.lang.SecurityException: Cannot override a change on a non-debuggable app and user build.
01-11 07:30:11.350 I/thunderperf( 1487): CompatConfig.addOverrideUnsafe: aft-state=1
01-11 07:30:11.352 I/thunderperf( 1487): CompatConfig.addOverrideUnsafe: bef-state=1
01-11 07:30:11.352 E/thunderperf( 1487): CompatConfig.addOverrideUnsafe: exception:java.lang.SecurityException: Cannot override a change on a non-debuggable app and user build.
01-11 07:30:11.352 I/thunderperf( 1487): CompatConfig.addOverrideUnsafe: aft-state=1
01-11 07:30:11.352 I/thunderperf( 1487): CompatConfig.addOverrideUnsafe: bef-state=1
01-11 07:30:11.353 E/thunderperf( 1487): CompatConfig.addOverrideUnsafe: exception:java.lang.SecurityException: Cannot override a change on a non-debuggable app and user build.
01-11 07:30:11.353 I/thunderperf( 1487): CompatConfig.addOverrideUnsafe: aft-state=1
01-11 07:30:11.353 I/thunderperf( 1487): CompatConfig.addOverrideUnsafe: bef-state=1
01-11 07:30:11.353 E/thunderperf( 1487): CompatConfig.addOverrideUnsafe: exception:java.lang.SecurityException: Cannot override a change on a non-debuggable app and user build.
01-11 07:30:11.353 I/thunderperf( 1487): CompatConfig.addOverrideUnsafe: aft-state=1
01-11 07:30:11.354 I/thunderperf( 1487): CompatConfig.addOverrideUnsafe: bef-state=1
01-11 07:30:11.354 E/thunderperf( 1487): CompatConfig.addOverrideUnsafe: exception:java.lang.SecurityException: Cannot override a change on a non-debuggable app and user build.
01-11 07:30:11.354 I/thunderperf( 1487): CompatConfig.addOverrideUnsafe: aft-state=1
01-11 07:30:11.354 I/thunderperf( 1487): CompatConfig.addOverrideUnsafe: bef-state=1
01-11 07:30:11.354 W/ContextImpl(19692): Calling a method in the system process without a qualified user: android.app.ContextImpl.startService:1816 android.content.ContextWrapper.startService:774 com.thundercomm.gamemode.ingame.services.GameModeActionUtils.startGameModeService:111 com.thundercomm.gamemode.ingame.services.GameModeActionUtils.startGameModeEntry:22 com.thundercomm.gamemode.ingame.services.ActivityMonitoringService$1.onActivityLaunch:129
01-11 07:30:11.354 E/thunderperf( 1487): CompatConfig.addOverrideUnsafe: exception:java.lang.SecurityException: Cannot override a change on a non-debuggable app and user build.
01-11 07:30:11.354 I/thunderperf( 1487): CompatConfig.addOverrideUnsafe: aft-state=1
01-11 07:30:11.355 I/thunderperf( 1487): CompatConfig.addOverrideUnsafe: bef-state=1
01-11 07:30:11.355 E/thunderperf( 1487): CompatConfig.addOverrideUnsafe: exception:java.lang.SecurityException: Cannot override a change on a non-debuggable app and user build.
01-11 07:30:11.355 I/thunderperf( 1487): CompatConfig.addOverrideUnsafe: aft-state=1
01-11 07:30:11.355 I/thunderperf( 1487): CompatConfig.addOverrideUnsafe: bef-state=1
01-11 07:30:11.355 E/thunderperf( 1487): CompatConfig.addOverrideUnsafe: exception:java.lang.SecurityException: Cannot override a change on a non-debuggable app and user build.
01-11 07:30:11.355 I/thunderperf( 1487): CompatConfig.addOverrideUnsafe: aft-state=1
01-11 07:30:11.357 I/GameModeConfig( 1487): Current uri is uri = content://com.thundercomm.gamemode.api/gamemode_settings/gamemode_isgaming
01-11 07:30:11.358 I/GameModeConfig( 1487): isGameModeOn = false
01-11 07:30:11.359 I/GameModeConfig( 1487): isGameModeOn = false
01-11 07:30:11.359 I/GameModeConfig( 1487): isDisableVoice = true
01-11 07:30:11.360 I/ActivityTaskManager( 1487): START u0 {act=android.intent.action.MAIN cat=[android.intent.category.LAUNCHER] flg=0x10200000 cmp=com.hht.lebocast/.GuidanceActivity bnds=[940,120][1216,396]} from uid 10071
01-11 07:30:11.366 I/wm_task_created( 1487): [98,-1]
01-11 07:30:11.366 W/ActivityTaskManager( 1487): Can't find TaskDisplayArea to determine support for multi window. Task id=98 attached=false
01-11 07:30:11.368 I/wm_task_moved( 1487): [98,1,14]
01-11 07:30:11.368 I/wm_task_to_front( 1487): [0,98]
01-11 07:30:11.368 I/wm_create_task( 1487): [0,98]
01-11 07:30:11.368 I/wm_create_activity( 1487): [0,103291245,98,com.hht.lebocast/.GuidanceActivity,android.intent.action.MAIN,NULL,NULL,270532608]
01-11 07:30:11.368 I/wm_task_moved( 1487): [98,1,14]
01-11 07:30:11.370 I/wm_pause_activity( 1487): [0,124244050,com.android.launcher3/.uioverrides.QuickstepLauncher,userLeaving=true,pauseBackTasks]
01-11 07:30:11.372 I/wm_on_top_resumed_lost_called(25108): [124244050,com.android.launcher3.uioverrides.QuickstepLauncher,topStateChangedWhenResumed]
01-11 07:30:11.372 I/wm_on_paused_called(25108): [124244050,com.android.launcher3.uioverrides.QuickstepLauncher,performPause]
01-11 07:30:11.373 I/ActivityTaskManager( 1487): FOREGROUND_APPLICATION_CHANGED to com.hht.lebocast.GuidanceActivity
01-11 07:30:11.377 I/ActivityTaskManager( 1487): The Process com.hht.lebocast Already Exists in BG. So sending its PID: 2771
01-11 07:30:11.377 W/ActivityTaskManager( 1487): Tried to set launchTime (0) < mLastActivityLaunchTime (11889618)
01-11 07:30:11.377 I/wm_add_to_stopping( 1487): [0,124244050,com.android.launcher3/.uioverrides.QuickstepLauncher,makeInvisible]
01-11 07:30:11.378 I/wm_restart_activity( 1487): [0,103291245,98,com.hht.lebocast/.GuidanceActivity]
01-11 07:30:11.378 I/wm_set_resumed_activity( 1487): [0,com.hht.lebocast/.GuidanceActivity,minimalResumeActivityLocked]
01-11 07:30:11.385 I/input_focus( 1487): [Focus leaving 76b7596 com.android.launcher3/com.android.launcher3.uioverrides.QuickstepLauncher (server),reason=NO_WINDOW]
01-11 07:30:11.391 I/wm_on_create_called( 2771): [103291245,com.hht.lebocast.GuidanceActivity,performCreate]
01-11 07:30:11.391 I/wm_on_start_called( 2771): [103291245,com.hht.lebocast.GuidanceActivity,handleStartActivity]
01-11 07:30:11.392 I/wm_on_resume_called( 2771): [103291245,com.hht.lebocast.GuidanceActivity,RESUME_ACTIVITY]
01-11 07:30:11.392 I/sysui_multi_action( 1487): [757,803,799,window_time_0,802,0]
01-11 07:30:11.394 I/wm_on_top_resumed_gained_called( 2771): [103291245,com.hht.lebocast.GuidanceActivity,topStateChangedWhenResumed]
01-11 07:30:11.407 I/input_focus( 1487): [Focus request 4d512a1 com.hht.lebocast/com.hht.lebocast.GuidanceActivity,reason=UpdateInputWindows]
01-11 07:30:11.480 W/FreeFormWindowHelper( 1487): Current Display FreeFormTask is null
01-11 07:30:11.480 W/FreeFormWindowHelper( 1487): Current Display FreeFormTask is null
01-11 07:30:11.480 W/FreeFormWindowHelper( 1487): Current Display FreeFormTask is null
01-11 07:30:11.484 W/ContextImpl(19692): Calling a method in the system process without a qualified user: android.app.ContextImpl.startService:1816 android.content.ContextWrapper.startService:774 com.thundercomm.gamemode.ingame.services.GameModeActionUtils.startGameModeService:111 com.thundercomm.gamemode.ingame.services.GameModeActionUtils.startGameModeEntry:22 com.thundercomm.gamemode.ingame.services.ActivityMonitoringService$1.onActivityLaunch:129
01-11 07:30:11.486 I/GameModeConfig( 1487): Current uri is uri = content://com.thundercomm.gamemode.api/gamemode_settings/gamemode_isgaming
01-11 07:30:11.487 I/GameModeConfig( 1487): isGameModeOn = false
01-11 07:30:11.487 I/GameModeConfig( 1487): isGameModeOn = false
01-11 07:30:11.487 I/GameModeConfig( 1487): isDisableVoice = true
01-11 07:30:11.488 I/sysui_multi_action( 1487): [319,39,321,37,322,126,325,12622,757,761,758,8,759,1,806,com.hht.lebocast,871,com.hht.lebocast.GuidanceActivity,904,com.android.launcher3,905,0,1320,8,1321,5]
01-11 07:30:11.488 I/wm_finish_activity( 1487): [0,14727735,97,com.microsoft.emmx/com.microsoft.edge.fre.MicrosoftFirstRunActivity,recent-task-trimmed]
01-11 07:30:11.488 I/wm_activity_launch_time( 1487): [0,103291245,com.hht.lebocast/.GuidanceActivity,126]
01-11 07:30:11.488 I/wm_destroy_activity( 1487): [0,14727735,97,com.microsoft.emmx/com.microsoft.edge.fre.MicrosoftFirstRunActivity,finish-imm:finishIfPossible]
01-11 07:30:11.489 I/sysui_multi_action( 1487): [757,803,799,window_time_0,802,0]
01-11 07:30:11.490 I/wm_on_destroy_called(24923): [14727735,com.microsoft.edge.fre.MicrosoftFirstRunActivity,performDestroy]
01-11 07:30:11.493 W/UsageStatsService( 1487): Unexpected activity event reported! (com.microsoft.emmx/com.microsoft.edge.fre.MicrosoftFirstRunActivity event : 23 instanceId : 64002870)
01-11 07:30:11.494 I/wm_task_removed( 1487): [97,removeChild:removeChild last r=ActivityRecord{e0ba37 u0 com.microsoft.emmx/com.microsoft.edge.fre.MicrosoftFirstRunActivity t-1 f}} in t=Task{5f63ba4 #97 type=standard A=10032:com.microsoft.emmx U=0 visible=false mode=fullscreen translucent=true sz=0}]
01-11 07:30:11.494 I/wm_task_removed( 1487): [97,removeChild]
01-11 07:30:11.495 W/WindowManager( 1487): Failed looking up window session=Session{b8df86e 24923:u0a10032} callers=com.android.server.wm.WindowManagerService.windowForClientLocked:5628 com.android.server.wm.WindowManagerService.removeWindow:2033 com.android.server.wm.Session.remove:218
01-11 07:30:11.495 W/ActivityTaskManager( 1487): Can't find TaskDisplayArea to determine support for multi window. Task id=97 attached=false
01-11 07:30:11.495 W/ActivityTaskManager( 1487): Can't find TaskDisplayArea to determine support for multi window. Task id=97 attached=false
01-11 07:30:11.502 I/input_focus( 1487): [Focus entering 4d512a1 com.hht.lebocast/com.hht.lebocast.GuidanceActivity (server),reason=Window became focusable. Previous reason: NOT_VISIBLE]
01-11 07:30:11.590 W/FreeFormWindowHelper( 1487): Current Display FreeFormTask is null
01-11 07:30:11.590 W/FreeFormWindowHelper( 1487): Current Display FreeFormTask is null
01-11 07:30:11.590 W/FreeFormWindowHelper( 1487): Current Display FreeFormTask is null
01-11 07:30:11.593 W/ContextImpl(19692): Calling a method in the system process without a qualified user: android.app.ContextImpl.startService:1816 android.content.ContextWrapper.startService:774 com.thundercomm.gamemode.ingame.services.GameModeActionUtils.startGameModeService:111 com.thundercomm.gamemode.ingame.services.GameModeActionUtils.startGameModeEntry:22 com.thundercomm.gamemode.ingame.services.ActivityMonitoringService$1.onActivityLaunch:129
01-11 07:30:11.594 I/GameModeConfig( 1487): Current uri is uri = content://com.thundercomm.gamemode.api/gamemode_settings/gamemode_isgaming
01-11 07:30:11.594 I/GameModeConfig( 1487): isGameModeOn = false
01-11 07:30:11.595 I/GameModeConfig( 1487): isGameModeOn = false
01-11 07:30:11.595 I/GameModeConfig( 1487): isDisableVoice = true
01-01 11:30:24.996 I/ ( 0): read descriptors
01-01 11:30:24.996 I/ ( 0): read strings
01-11 07:30:11.920 I/wm_stop_activity( 1487): [0,124244050,com.android.launcher3/.uioverrides.QuickstepLauncher]
01-11 07:30:11.922 I/wm_on_stop_called(25108): [124244050,com.android.launcher3.uioverrides.QuickstepLauncher,STOP_ACTIVITY_ITEM]
01-11 07:30:11.942 W/ContextImpl(19692): Calling a method in the system process without a qualified user: android.app.ContextImpl.startService:1816 android.content.ContextWrapper.startService:774 com.thundercomm.gamemode.ingame.services.GameModeActionUtils.startGameModeService:111 com.thundercomm.gamemode.ingame.services.GameModeActionUtils.startGameModeEntry:22 com.thundercomm.gamemode.ingame.services.ActivityMonitoringService$1.onActivityLaunch:129
01-11 07:30:11.943 I/GameModeConfig( 1487): Current uri is uri = content://com.thundercomm.gamemode.api/gamemode_settings/gamemode_isgaming
01-11 07:30:11.944 I/GameModeConfig( 1487): isGameModeOn = false
01-11 07:30:11.944 I/GameModeConfig( 1487): isGameModeOn = false
01-11 07:30:11.944 I/GameModeConfig( 1487): isDisableVoice = true
01-11 07:30:12.074 I/input_interaction( 1487): Interaction with: 4d512a1 com.hht.lebocast/com.hht.lebocast.GuidanceActivity (server), edge-swipe (server), swipe-up (server), PointerEventDispatcher0 (server),
01-11 07:30:12.123 E/TaskPersister( 1487): File error accessing recents directory (directory doesn't exist?).
01-11 07:30:12.130 W/FreeFormWindowHelper( 1487): Current Display FreeFormTask is null
01-11 07:30:12.130 W/FreeFormWindowHelper( 1487): Current Display FreeFormTask is null
01-11 07:30:12.130 W/FreeFormWindowHelper( 1487): Current Display FreeFormTask is null
01-11 07:30:12.130 W/FreeFormWindowHelper( 1487): Current Display FreeFormTask is null
01-11 07:30:12.130 W/FreeFormWindowHelper( 1487): Current Display FreeFormTask is null
01-11 07:30:12.130 W/FreeFormWindowHelper( 1487): Current Display FreeFormTask is null
01-11 07:30:12.130 W/FreeFormWindowHelper( 1487): Current Display FreeFormTask is null
01-11 07:30:12.130 W/FreeFormWindowHelper( 1487): Current Display FreeFormTask is null
01-11 07:30:12.131 W/FreeFormWindowHelper( 1487): Current Display FreeFormTask is null
01-11 07:30:12.131 I/wm_task_moved( 1487): [83,0,0]
01-11 07:30:12.132 I/wm_task_moved( 1487): [83,0,12]
01-11 07:30:12.137 I/wm_on_restart_called(25108): [124244050,com.android.launcher3.uioverrides.QuickstepLauncher,performRestartActivity]
01-11 07:30:12.137 W/FreeFormWindowHelper( 1487): Current Display FreeFormTask is null
01-11 07:30:12.139 W/ContextImpl(19692): Calling a method in the system process without a qualified user: android.app.ContextImpl.startService:1816 android.content.ContextWrapper.startService:774 com.thundercomm.gamemode.ingame.services.GameModeActionUtils.startGameModeService:111 com.thundercomm.gamemode.ingame.services.GameModeActionUtils.startGameModeEntry:22 com.thundercomm.gamemode.ingame.services.ActivityMonitoringService$1.onActivityLaunch:129
