01-11 07:29:21.333 I/wm_on_restart_called(25108): [124244050,com.android.launcher3.uioverrides.QuickstepLauncher,performRestartActivity]
01-11 07:29:21.334 W/FreeFormWindowHelper( 1487): Current Display FreeFormTask is null
01-11 07:29:21.342 W/ContextImpl(19692): Calling a method in the system process without a qualified user: android.app.ContextImpl.startService:1816 android.content.ContextWrapper.startService:774 com.thundercomm.gamemode.ingame.services.GameModeActionUtils.startGameModeService:111 com.thundercomm.gamemode.ingame.services.GameModeActionUtils.startGameModeEntry:22 com.thundercomm.gamemode.ingame.services.ActivityMonitoringService$1.onActivityLaunch:129
01-11 07:29:21.346 I/GameModeConfig( 1487): Current uri is uri = content://com.thundercomm.gamemode.api/gamemode_settings/gamemode_isgaming
01-11 07:29:21.349 I/GameModeConfig( 1487): isGameModeOn = false
01-11 07:29:21.349 I/GameModeConfig( 1487): isGameModeOn = false
01-11 07:29:21.349 I/GameModeConfig( 1487): isDisableVoice = true
01-11 07:29:21.361 I/wm_on_start_called(25108): [124244050,com.android.launcher3.uioverrides.QuickstepLauncher,handleStartActivity]
01-11 07:29:21.369 W/FreeFormWindowHelper( 1487): Current Display FreeFormTask is null
01-11 07:29:21.373 I/view_enqueue_input_event(22944): [Motion - Cancel,com.android.settings/com.android.settings.Settings]
01-11 07:29:21.373 I/sysui_latency(25108): [1,56]
01-11 07:29:21.374 I/view_enqueue_input_event( 2006): [Motion - Cancel,StatusBar]
01-11 07:29:21.374 I/input_focus( 1487): [Focus request recents_animation_input_consumer,reason=UpdateInputWindows]
01-11 07:29:21.374 W/FreeFormWindowHelper( 1487): Current Display FreeFormTask is null
01-11 07:29:21.379 I/sysui_multi_action( 1487): [319,9,322,52,325,12572,757,761,758,9,759,5,806,com.android.launcher3,871,com.android.launcher3.uioverrides.QuickstepLauncher,904,com.android.launcher3,905,0,1320,8,1321,5]
01-11 07:29:21.381 W/FreeFormWindowHelper( 1487): Current Display FreeFormTask is null
01-11 07:29:21.383 I/input_focus( 1487): [Focus leaving c6452e2 com.android.settings/com.android.settings.Settings (server),reason=NOT_FOCUSABLE]
01-11 07:29:21.383 I/input_focus( 1487): [Focus entering recents_animation_input_consumer (server),reason=setFocusedWindow]
01-11 07:29:21.384 I/input_interaction( 1487): Interaction with: edge-swipe (server), swipe-up (server), PointerEventDispatcher0 (server),
01-11 07:29:21.398 W/FreeFormWindowHelper( 1487): Current Display FreeFormTask is null
01-11 07:29:21.414 W/FreeFormWindowHelper( 1487): Current Display FreeFormTask is null
01-11 07:29:21.514 W/FreeFormWindowHelper( 1487): Current Display FreeFormTask is null
01-11 07:29:21.574 I/commit_sys_config_file( 1487): [settings-1-0,12]
01-11 07:29:21.676 I/sysui_latency( 1487): [8,59]
01-01 11:29:34.911 I/[schedu][0x3836d83994][07:29:21.792176] wlan( 0): [3487:I:OSIF] vdev 0, scan id 41050 type COMPLETED(1) reason COMPLETED(1) scan found 82 bss
01-11 07:29:21.806 I/liblog ( 1370): 57
01-01 11:29:35.133 I/ ( 0): read descriptors
01-01 11:29:35.133 I/ ( 0): read strings
01-11 07:29:22.618 W/FreeFormWindowHelper( 1487): Current Display FreeFormTask is null
01-11 07:29:22.622 I/wm_task_moved( 1487): [83,1,12]
01-11 07:29:22.624 I/wm_task_moved( 1487): [84,1,2147483647]
01-11 07:29:22.624 I/wm_task_to_front( 1487): [0,84]
01-11 07:29:22.625 I/wm_on_top_resumed_lost_called(22944): [112333459,com.android.settings.Settings,topStateChangedWhenResumed]
01-11 07:29:22.625 I/wm_focused_root_task( 1487): [0,0,83,80,RecentsAnimation.onAnimationFinished()]
01-11 07:29:22.625 I/wm_set_resumed_activity( 1487): [0,com.android.launcher3/.uioverrides.QuickstepLauncher,RecentsAnimation.onAnimationFinished()]
01-11 07:29:22.627 I/wm_pause_activity( 1487): [0,112333459,com.android.settings/.Settings,userLeaving=true,pauseBackTasks]
01-11 07:29:22.628 I/wm_add_to_stopping( 1487): [0,112333459,com.android.settings/.Settings,makeInvisible]
01-11 07:29:22.628 I/ActivityTaskManager( 1487): FOREGROUND_APPLICATION_CHANGED to com.android.launcher3.uioverrides.QuickstepLauncher
01-11 07:29:22.629 I/wm_set_resumed_activity( 1487): [0,com.android.launcher3/.uioverrides.QuickstepLauncher,resumeTopActivityInnerLocked]
01-11 07:29:22.632 I/wm_resume_activity( 1487): [0,124244050,84,com.android.launcher3/.uioverrides.QuickstepLauncher]
01-11 07:29:22.632 I/wm_on_resume_called(25108): [124244050,com.android.launcher3.uioverrides.QuickstepLauncher,RESUME_ACTIVITY]
01-11 07:29:22.640 I/input_focus( 1487): [Focus request 76b7596 com.android.launcher3/com.android.launcher3.uioverrides.QuickstepLauncher,reason=UpdateInputWindows]
01-11 07:29:22.641 I/wm_on_top_resumed_gained_called(25108): [124244050,com.android.launcher3.uioverrides.QuickstepLauncher,topStateChangedWhenResumed]
01-11 07:29:22.642 I/sysui_multi_action(22944): [757,35,758,2,1089,2112]
01-11 07:29:22.645 I/wm_stop_activity( 1487): [0,112333459,com.android.settings/.Settings]
01-11 07:29:22.646 I/sysui_multi_action(22944): [757,746,758,2,1089,2109]
01-11 07:29:22.647 I/sysui_multi_action( 1487): [757,803,799,window_time_0,802,2]
01-11 07:29:22.648 I/sysui_multi_action( 1487): [757,803,799,window_time_0,802,0]
01-11 07:29:22.652 I/input_focus( 1487): [Focus leaving recents_animation_input_consumer (server),reason=NOT_VISIBLE]
01-11 07:29:22.653 I/wm_on_paused_called(22944): [112333459,com.android.settings.Settings,performPause]
01-11 07:29:22.660 I/input_focus( 1487): [Focus entering 76b7596 com.android.launcher3/com.android.launcher3.uioverrides.QuickstepLauncher (server),reason=setFocusedWindow]
01-11 07:29:22.660 I/wm_on_stop_called(22944): [112333459,com.android.settings.Settings,STOP_ACTIVITY_ITEM]
01-11 07:29:22.683 W/ContextImpl(19692): Calling a method in the system process without a qualified user: android.app.ContextImpl.startService:1816 android.content.ContextWrapper.startService:774 com.thundercomm.gamemode.ingame.services.GameModeActionUtils.startGameModeService:111 com.thundercomm.gamemode.ingame.services.GameModeActionUtils.startGameModeEntry:22 com.thundercomm.gamemode.ingame.services.ActivityMonitoringService$1.onActivityLaunch:129
01-11 07:29:22.691 I/GameModeConfig( 1487): Current uri is uri = content://com.thundercomm.gamemode.api/gamemode_settings/gamemode_isgaming
01-11 07:29:22.692 I/GameModeConfig( 1487): isGameModeOn = false
01-11 07:29:22.692 I/GameModeConfig( 1487): isGameModeOn = false
01-11 07:29:22.692 I/GameModeConfig( 1487): isDisableVoice = true
01-11 07:29:22.743 W/FreeFormWindowHelper( 1487): Current Display FreeFormTask is null
01-11 07:29:22.743 W/FreeFormWindowHelper( 1487): Current Display FreeFormTask is null
01-11 07:29:22.743 W/FreeFormWindowHelper( 1487): Current Display FreeFormTask is null
01-11 07:29:22.749 W/ContextImpl(19692): Calling a method in the system process without a qualified user: android.app.ContextImpl.startService:1816 android.content.ContextWrapper.startService:774 com.thundercomm.gamemode.ingame.services.GameModeActionUtils.startGameModeService:111 com.thundercomm.gamemode.ingame.services.GameModeActionUtils.startGameModeEntry:22 com.thundercomm.gamemode.ingame.services.ActivityMonitoringService$1.onActivityLaunch:129
01-11 07:29:22.752 I/GameModeConfig( 1487): Current uri is uri = content://com.thundercomm.gamemode.api/gamemode_settings/gamemode_isgaming
01-11 07:29:22.754 I/GameModeConfig( 1487): isGameModeOn = false
01-11 07:29:22.755 I/GameModeConfig( 1487): isGameModeOn = false
01-11 07:29:22.755 I/GameModeConfig( 1487): isDisableVoice = true
01-01 11:29:36.153 I/ ( 0): read descriptors
01-01 11:29:36.153 I/ ( 0): read strings
01-11 07:29:23.143 I/auditd ( 0): type=1400 audit(0.0:14146): avc: denied { kill } for comm="swapper/3" capability=5 scontext=u:r:kernel:s0 tcontext=u:r:kernel:s0 tclass=capability permissive=0
01-11 07:29:23.474 I/input_interaction( 1487): Interaction with: 76b7596 com.android.launcher3/com.android.launcher3.uioverrides.QuickstepLauncher (server), c9f455c com.android.systemui.ImageWallpaper (server), edge-swipe (server), swipe-up (server), PointerEventDispatcher0 (server),
01-11 07:29:23.512 E/TaskPersister( 1487): File error accessing recents directory (directory doesn't exist?).
01-11 07:29:23.614 I/thunderperf( 1487): PlatormCompat.setOverrides: Uid1=10071 Pid1=25108 Uid2=10071 Pid2=25108
01-11 07:29:23.614 I/thunderperf( 1487): PlatormCompat.setOverrides: needCheck:false
01-11 07:29:23.614 I/thunderperf( 1487): CompatConfig.addOverrideUnsafe: bef-state=1
01-11 07:29:23.615 E/thunderperf( 1487): CompatConfig.addOverrideUnsafe: exception:java.lang.SecurityException: Cannot override a change on a non-debuggable app and user build.
01-11 07:29:23.615 I/thunderperf( 1487): CompatConfig.addOverrideUnsafe: aft-state=1
01-11 07:29:23.616 I/thunderperf( 1487): CompatConfig.addOverrideUnsafe: bef-state=1
01-11 07:29:23.616 E/thunderperf( 1487): CompatConfig.addOverrideUnsafe: exception:java.lang.SecurityException: Cannot override a change on a non-debuggable app and user build.
01-11 07:29:23.616 I/thunderperf( 1487): CompatConfig.addOverrideUnsafe: aft-state=1
01-11 07:29:23.617 I/thunderperf( 1487): CompatConfig.addOverrideUnsafe: bef-state=1
01-11 07:29:23.617 E/thunderperf( 1487): CompatConfig.addOverrideUnsafe: exception:java.lang.SecurityException: Cannot override a change on a non-debuggable app and user build.
01-11 07:29:23.617 I/thunderperf( 1487): CompatConfig.addOverrideUnsafe: aft-state=1
01-11 07:29:23.618 I/thunderperf( 1487): CompatConfig.addOverrideUnsafe: bef-state=1
01-11 07:29:23.618 E/thunderperf( 1487): CompatConfig.addOverrideUnsafe: exception:java.lang.SecurityException: Cannot override a change on a non-debuggable app and user build.
01-11 07:29:23.618 I/thunderperf( 1487): CompatConfig.addOverrideUnsafe: aft-state=1
01-11 07:29:23.618 I/thunderperf( 1487): CompatConfig.addOverrideUnsafe: bef-state=1
01-11 07:29:23.619 E/thunderperf( 1487): CompatConfig.addOverrideUnsafe: exception:java.lang.SecurityException: Cannot override a change on a non-debuggable app and user build.
01-11 07:29:23.619 I/thunderperf( 1487): CompatConfig.addOverrideUnsafe: aft-state=1
01-11 07:29:23.619 I/thunderperf( 1487): CompatConfig.addOverrideUnsafe: bef-state=1
01-11 07:29:23.620 E/thunderperf( 1487): CompatConfig.addOverrideUnsafe: exception:java.lang.SecurityException: Cannot override a change on a non-debuggable app and user build.
01-11 07:29:23.620 I/thunderperf( 1487): CompatConfig.addOverrideUnsafe: aft-state=1
01-11 07:29:23.620 I/thunderperf( 1487): CompatConfig.addOverrideUnsafe: bef-state=1
01-11 07:29:23.621 E/thunderperf( 1487): CompatConfig.addOverrideUnsafe: exception:java.lang.SecurityException: Cannot override a change on a non-debuggable app and user build.
01-11 07:29:23.621 I/thunderperf( 1487): CompatConfig.addOverrideUnsafe: aft-state=1
01-11 07:29:23.621 I/thunderperf( 1487): CompatConfig.addOverrideUnsafe: bef-state=1
01-11 07:29:23.622 E/thunderperf( 1487): CompatConfig.addOverrideUnsafe: exception:java.lang.SecurityException: Cannot override a change on a non-debuggable app and user build.
01-11 07:29:23.622 I/thunderperf( 1487): CompatConfig.addOverrideUnsafe: aft-state=1
01-11 07:29:23.622 I/thunderperf( 1487): CompatConfig.addOverrideUnsafe: bef-state=1
01-11 07:29:23.623 E/thunderperf( 1487): CompatConfig.addOverrideUnsafe: exception:java.lang.SecurityException: Cannot override a change on a non-debuggable app and user build.
01-11 07:29:23.623 I/thunderperf( 1487): CompatConfig.addOverrideUnsafe: aft-state=1
01-11 07:29:23.623 I/thunderperf( 1487): CompatConfig.addOverrideUnsafe: bef-state=1
01-11 07:29:23.623 E/thunderperf( 1487): CompatConfig.addOverrideUnsafe: exception:java.lang.SecurityException: Cannot override a change on a non-debuggable app and user build.
01-11 07:29:23.623 I/thunderperf( 1487): CompatConfig.addOverrideUnsafe: aft-state=1
01-11 07:29:23.624 I/thunderperf( 1487): CompatConfig.addOverrideUnsafe: bef-state=1
01-11 07:29:23.624 E/thunderperf( 1487): CompatConfig.addOverrideUnsafe: exception:java.lang.SecurityException: Cannot override a change on a non-debuggable app and user build.
01-11 07:29:23.624 I/thunderperf( 1487): CompatConfig.addOverrideUnsafe: aft-state=1
01-11 07:29:23.625 I/thunderperf( 1487): CompatConfig.addOverrideUnsafe: bef-state=1
01-11 07:29:23.625 E/thunderperf( 1487): CompatConfig.addOverrideUnsafe: exception:java.lang.SecurityException: Cannot override a change on a non-debuggable app and user build.
01-11 07:29:23.625 I/thunderperf( 1487): CompatConfig.addOverrideUnsafe: aft-state=1
01-11 07:29:23.626 I/thunderperf( 1487): CompatConfig.addOverrideUnsafe: bef-state=1
01-11 07:29:23.626 E/thunderperf( 1487): CompatConfig.addOverrideUnsafe: exception:java.lang.SecurityException: Cannot override a change on a non-debuggable app and user build.
01-11 07:29:23.626 I/thunderperf( 1487): CompatConfig.addOverrideUnsafe: aft-state=1
01-11 07:29:23.627 I/thunderperf( 1487): CompatConfig.addOverrideUnsafe: bef-state=1
01-11 07:29:23.627 E/thunderperf( 1487): CompatConfig.addOverrideUnsafe: exception:java.lang.SecurityException: Cannot override a change on a non-debuggable app and user build.
01-11 07:29:23.627 I/thunderperf( 1487): CompatConfig.addOverrideUnsafe: aft-state=1
01-11 07:29:23.632 I/ActivityTaskManager( 1487): START u0 {act=android.intent.action.MAIN cat=[android.intent.category.LAUNCHER] flg=0x10200000 cmp=com.android.gallery3d/.app.GalleryActivity bnds=[2128,110][2314,310]} from uid 10071
01-11 07:29:23.636 I/wm_task_moved( 1487): [81,1,12]
01-11 07:29:23.636 I/wm_task_to_front( 1487): [0,81]
01-11 07:29:23.637 I/wm_focused_root_task( 1487): [0,0,81,83,bringingFoundTaskToFront]
01-11 07:29:23.637 I/wm_set_resumed_activity( 1487): [0,com.android.gallery3d/.app.GalleryActivity,bringingFoundTaskToFront]
01-11 07:29:23.640 I/wm_pause_activity( 1487): [0,124244050,com.android.launcher3/.uioverrides.QuickstepLauncher,userLeaving=true,pauseBackTasks]
01-11 07:29:23.643 I/wm_on_top_resumed_lost_called(25108): [124244050,com.android.launcher3.uioverrides.QuickstepLauncher,topStateChangedWhenResumed]
01-11 07:29:23.645 I/wm_on_paused_called(25108): [124244050,com.android.launcher3.uioverrides.QuickstepLauncher,performPause]
01-11 07:29:23.646 I/ActivityTaskManager( 1487): FOREGROUND_APPLICATION_CHANGED to com.android.gallery3d.app.GalleryActivity
01-11 07:29:23.648 I/wm_set_resumed_activity( 1487): [0,com.android.gallery3d/.app.GalleryActivity,resumeTopActivityInnerLocked]
01-11 07:29:23.648 I/wm_add_to_stopping( 1487): [0,124244050,com.android.launcher3/.uioverrides.QuickstepLauncher,makeInvisible]
01-11 07:29:23.651 I/wm_resume_activity( 1487): [0,176919600,81,com.android.gallery3d/.app.GalleryActivity]
01-11 07:29:23.655 I/am_uid_active( 1487): 10068
01-11 07:29:23.663 I/sysui_multi_action( 1487): [757,803,799,window_time_0,802,1]
01-11 07:29:23.665 I/wm_on_restart_called(22945): [176919600,com.android.gallery3d.app.GalleryActivity,performRestartActivity]
01-11 07:29:23.666 I/wm_on_start_called(22945): [176919600,com.android.gallery3d.app.GalleryActivity,handleStartActivity]
01-11 07:29:23.668 I/wm_on_resume_called(22945): [176919600,com.android.gallery3d.app.GalleryActivity,RESUME_ACTIVITY]
01-11 07:29:23.668 I/wm_on_top_resumed_gained_called(22945): [176919600,com.android.gallery3d.app.GalleryActivity,topWhenResuming]
01-11 07:29:23.676 I/input_focus( 1487): [Focus leaving 76b7596 com.android.launcher3/com.android.launcher3.uioverrides.QuickstepLauncher (server),reason=NO_WINDOW]
01-11 07:29:23.677 I/input_focus( 1487): [Focus request de81bb6 com.android.gallery3d/com.android.gallery3d.app.GalleryActivity,reason=UpdateInputWindows]
01-11 07:29:23.681 W/ContextImpl(19692): Calling a method in the system process without a qualified user: android.app.ContextImpl.startService:1816 android.content.ContextWrapper.startService:774 com.thundercomm.gamemode.ingame.services.GameModeActionUtils.startGameModeService:111 com.thundercomm.gamemode.ingame.services.GameModeActionUtils.startGameModeEntry:22 com.thundercomm.gamemode.ingame.services.ActivityMonitoringService$1.onActivityLaunch:129
01-11 07:29:23.685 I/GameModeConfig( 1487): Current uri is uri = content://com.thundercomm.gamemode.api/gamemode_settings/gamemode_isgaming
01-11 07:29:23.689 I/GameModeConfig( 1487): isGameModeOn = false
01-11 07:29:23.689 I/GameModeConfig( 1487): isGameModeOn = false
01-11 07:29:23.689 I/GameModeConfig( 1487): isDisableVoice = true
01-11 07:29:23.693 I/sysui_multi_action( 1487): [319,35,321,33,322,59,325,12574,757,761,758,9,759,4,806,com.android.gallery3d,871,com.android.gallery3d.app.GalleryActivity,904,com.android.launcher3,905,0,1320,17,1321,1]
01-11 07:29:23.706 I/input_focus( 1487): [Focus entering de81bb6 com.android.gallery3d/com.android.gallery3d.app.GalleryActivity (server),reason=setFocusedWindow]
01-11 07:29:23.754 W/FreeFormWindowHelper( 1487): Current Display FreeFormTask is null
01-11 07:29:23.754 W/FreeFormWindowHelper( 1487): Current Display FreeFormTask is null
01-11 07:29:23.754 W/FreeFormWindowHelper( 1487): Current Display FreeFormTask is null
01-11 07:29:23.761 W/ContextImpl(19692): Calling a method in the system process without a qualified user: android.app.ContextImpl.startService:1816 android.content.ContextWrapper.startService:774 com.thundercomm.gamemode.ingame.services.GameModeActionUtils.startGameModeService:111 com.thundercomm.gamemode.ingame.services.GameModeActionUtils.startGameModeEntry:22 com.thundercomm.gamemode.ingame.services.ActivityMonitoringService$1.onActivityLaunch:129
01-11 07:29:23.764 I/GameModeConfig( 1487): Current uri is uri = content://com.thundercomm.gamemode.api/gamemode_settings/gamemode_isgaming
01-11 07:29:23.766 I/GameModeConfig( 1487): isGameModeOn = false
01-11 07:29:23.766 I/GameModeConfig( 1487): isGameModeOn = false
01-11 07:29:23.766 I/GameModeConfig( 1487): isDisableVoice = true
01-01 11:29:37.173 I/ ( 0): read descriptors
01-01 11:29:37.173 I/ ( 0): read strings
01-11 07:29:24.139 I/auditd ( 0): type=1400 audit(0.0:14147): avc: denied { kill } for comm="swapper/3" capability=5 scontext=u:r:kernel:s0 tcontext=u:r:kernel:s0 tclass=capability permissive=0
01-11 07:29:24.227 I/wm_stop_activity( 1487): [0,124244050,com.android.launcher3/.uioverrides.QuickstepLauncher]
01-11 07:29:24.247 I/wm_on_stop_called(25108): [124244050,com.android.launcher3.uioverrides.QuickstepLauncher,STOP_ACTIVITY_ITEM]
01-11 07:29:24.267 W/ContextImpl(19692): Calling a method in the system process without a qualified user: android.app.ContextImpl.startService:1816 android.content.ContextWrapper.startService:774 com.thundercomm.gamemode.ingame.services.GameModeActionUtils.startGameModeService:111 com.thundercomm.gamemode.ingame.services.GameModeActionUtils.startGameModeEntry:22 com.thundercomm.gamemode.ingame.services.ActivityMonitoringService$1.onActivityLaunch:129
01-11 07:29:24.271 I/GameModeConfig( 1487): Current uri is uri = content://com.thundercomm.gamemode.api/gamemode_settings/gamemode_isgaming
01-11 07:29:24.273 I/GameModeConfig( 1487): isGameModeOn = false
01-11 07:29:24.273 I/GameModeConfig( 1487): isGameModeOn = false
01-11 07:29:24.273 I/GameModeConfig( 1487): isDisableVoice = true
01-11 07:29:24.612 I/input_interaction( 1487): Interaction with: de81bb6 com.android.gallery3d/com.android.gallery3d.app.GalleryActivity (server), edge-swipe (server), swipe-up (server), PointerEventDispatcher0 (server),
01-11 07:29:24.671 W/FreeFormWindowHelper( 1487): Current Display FreeFormTask is null
01-11 07:29:24.671 W/FreeFormWindowHelper( 1487): Current Display FreeFormTask is null
01-11 07:29:24.671 W/FreeFormWindowHelper( 1487): Current Display FreeFormTask is null
01-11 07:29:24.672 W/FreeFormWindowHelper( 1487): Current Display FreeFormTask is null
01-11 07:29:24.672 W/FreeFormWindowHelper( 1487): Current Display FreeFormTask is null
01-11 07:29:24.672 W/FreeFormWindowHelper( 1487): Current Display FreeFormTask is null
01-11 07:29:24.672 W/FreeFormWindowHelper( 1487): Current Display FreeFormTask is null
01-11 07:29:24.675 I/wm_task_moved( 1487): [83,0,0]
01-11 07:29:24.676 I/wm_task_moved( 1487): [83,0,11]
01-11 07:29:24.689 I/wm_on_restart_called(25108): [124244050,com.android.launcher3.uioverrides.QuickstepLauncher,performRestartActivity]
01-11 07:29:24.690 W/FreeFormWindowHelper( 1487): Current Display FreeFormTask is null
01-11 07:29:24.693 W/ContextImpl(19692): Calling a method in the system process without a qualified user: android.app.ContextImpl.startService:1816 android.content.ContextWrapper.startService:774 com.thundercomm.gamemode.ingame.services.GameModeActionUtils.startGameModeService:111 com.thundercomm.gamemode.ingame.services.GameModeActionUtils.startGameModeEntry:22 com.thundercomm.gamemode.ingame.services.ActivityMonitoringService$1.onActivityLaunch:129
01-11 07:29:24.698 I/GameModeConfig( 1487): Current uri is uri = content://com.thundercomm.gamemode.api/gamemode_settings/gamemode_isgaming
01-11 07:29:24.699 I/GameModeConfig( 1487): isGameModeOn = false
01-11 07:29:24.699 I/GameModeConfig( 1487): isGameModeOn = false
01-11 07:29:24.699 I/GameModeConfig( 1487): isDisableVoice = true
01-11 07:29:24.710 I/wm_on_start_called(25108): [124244050,com.android.launcher3.uioverrides.QuickstepLauncher,handleStartActivity]
01-11 07:29:24.710 I/view_enqueue_input_event(22945): [Motion - Cancel,com.android.gallery3d/com.android.gallery3d.app.GalleryActivity]
01-11 07:29:24.711 I/input_focus( 1487): [Focus request recents_animation_input_consumer,reason=UpdateInputWindows]
01-11 07:29:24.716 W/FreeFormWindowHelper( 1487): Current Display FreeFormTask is null
01-11 07:29:24.717 I/sysui_latency(25108): [1,51]
01-11 07:29:24.720 I/input_interaction( 1487): Interaction with: edge-swipe (server), swipe-up (server), PointerEventDispatcher0 (server),
01-11 07:29:24.722 W/FreeFormWindowHelper( 1487): Current Display FreeFormTask is null
01-11 07:29:24.723 I/input_focus( 1487): [Focus leaving de81bb6 com.android.gallery3d/com.android.gallery3d.app.GalleryActivity (server),reason=NOT_FOCUSABLE]
01-11 07:29:24.723 I/input_focus( 1487): [Focus entering recents_animation_input_consumer (server),reason=setFocusedWindow]
01-11 07:29:24.731 I/sysui_multi_action( 1487): [319,7,322,48,325,12575,757,761,758,9,759,5,806,com.android.launcher3,871,com.android.launcher3.uioverrides.QuickstepLauncher,904,com.android.launcher3,905,0,1320,8,1321,5]
01-11 07:29:24.739 W/FreeFormWindowHelper( 1487): Current Display FreeFormTask is null
01-11 07:29:24.756 W/FreeFormWindowHelper( 1487): Current Display FreeFormTask is null
01-11 07:29:24.842 W/FreeFormWindowHelper( 1487): Current Display FreeFormTask is null
01-11 07:29:24.913 I/commit_sys_config_file( 1487): [settings-1-0,4]
01-11 07:29:25.025 I/sysui_latency( 1487): [8,55]
01-01 11:29:38.201 I/ ( 0): read descriptors
01-01 11:29:38.201 I/ ( 0): read strings
01-11 07:29:25.942 W/FreeFormWindowHelper( 1487): Current Display FreeFormTask is null
01-11 07:29:25.946 I/wm_task_moved( 1487): [83,1,12]
01-11 07:29:25.947 I/wm_task_moved( 1487): [84,1,2147483647]
01-11 07:29:25.947 I/wm_task_to_front( 1487): [0,84]
01-11 07:29:25.947 I/wm_focused_root_task( 1487): [0,0,83,81,RecentsAnimation.onAnimationFinished()]
01-11 07:29:25.947 I/wm_on_top_resumed_lost_called(22945): [176919600,com.android.gallery3d.app.GalleryActivity,topStateChangedWhenResumed]
01-11 07:29:25.948 I/wm_set_resumed_activity( 1487): [0,com.android.launcher3/.uioverrides.QuickstepLauncher,RecentsAnimation.onAnimationFinished()]
01-11 07:29:25.950 I/wm_pause_activity( 1487): [0,176919600,com.android.gallery3d/.app.GalleryActivity,userLeaving=true,pauseBackTasks]
01-11 07:29:25.951 I/wm_add_to_stopping( 1487): [0,176919600,com.android.gallery3d/.app.GalleryActivity,makeInvisible]
01-11 07:29:25.951 I/ActivityTaskManager( 1487): FOREGROUND_APPLICATION_CHANGED to com.android.launcher3.uioverrides.QuickstepLauncher
01-11 07:29:25.952 I/wm_set_resumed_activity( 1487): [0,com.android.launcher3/.uioverrides.QuickstepLauncher,resumeTopActivityInnerLocked]
01-11 07:29:25.956 I/wm_resume_activity( 1487): [0,124244050,84,com.android.launcher3/.uioverrides.QuickstepLauncher]
01-11 07:29:25.956 I/wm_on_resume_called(25108): [124244050,com.android.launcher3.uioverrides.QuickstepLauncher,RESUME_ACTIVITY]
01-11 07:29:25.965 I/input_focus( 1487): [Focus request 76b7596 com.android.launcher3/com.android.launcher3.uioverrides.QuickstepLauncher,reason=UpdateInputWindows]
01-11 07:29:25.968 I/wm_stop_activity( 1487): [0,176919600,com.android.gallery3d/.app.GalleryActivity]
01-11 07:29:25.972 I/sysui_multi_action( 1487): [757,803,799,window_time_0,802,2]
01-11 07:29:25.973 I/sysui_multi_action( 1487): [757,803,799,window_time_0,802,0]
01-11 07:29:25.977 I/input_focus( 1487): [Focus leaving recents_animation_input_consumer (server),reason=NOT_VISIBLE]
01-11 07:29:25.977 I/input_focus( 1487): [Focus entering 76b7596 com.android.launcher3/com.android.launcher3.uioverrides.QuickstepLauncher (server),reason=setFocusedWindow]
01-11 07:29:25.981 I/wm_on_top_resumed_gained_called(25108): [124244050,com.android.launcher3.uioverrides.QuickstepLauncher,topStateChangedWhenResumed]
01-11 07:29:25.982 I/wm_on_paused_called(22945): [176919600,com.android.gallery3d.app.GalleryActivity,performPause]
01-11 07:29:25.987 I/wm_on_stop_called(22945): [176919600,com.android.gallery3d.app.GalleryActivity,STOP_ACTIVITY_ITEM]
01-11 07:29:25.997 I/NotificationService( 1487): cancelToast pkg=com.android.gallery3d token=android.os.BinderProxy@bded2d4
01-11 07:29:25.997 W/WindowManager( 1487): removeWindowToken: Attempted to remove non-existing token: android.os.Binder@28995f
01-11 07:29:26.014 W/ContextImpl(19692): Calling a method in the system process without a qualified user: android.app.ContextImpl.startService:1816 android.content.ContextWrapper.startService:774 com.thundercomm.gamemode.ingame.services.GameModeActionUtils.startGameModeService:111 com.thundercomm.gamemode.ingame.services.GameModeActionUtils.startGameModeEntry:22 com.thundercomm.gamemode.ingame.services.ActivityMonitoringService$1.onActivityLaunch:129
01-11 07:29:26.018 I/GameModeConfig( 1487): Current uri is uri = content://com.thundercomm.gamemode.api/gamemode_settings/gamemode_isgaming
01-11 07:29:26.020 I/GameModeConfig( 1487): isGameModeOn = false
01-11 07:29:26.020 I/GameModeConfig( 1487): isGameModeOn = false
01-11 07:29:26.020 I/GameModeConfig( 1487): isDisableVoice = true
01-11 07:29:26.069 W/FreeFormWindowHelper( 1487): Current Display FreeFormTask is null
01-11 07:29:26.069 W/FreeFormWindowHelper( 1487): Current Display FreeFormTask is null
01-11 07:29:26.069 W/FreeFormWindowHelper( 1487): Current Display FreeFormTask is null
01-11 07:29:26.078 W/ContextImpl(19692): Calling a method in the system process without a qualified user: android.app.ContextImpl.startService:1816 android.content.ContextWrapper.startService:774 com.thundercomm.gamemode.ingame.services.GameModeActionUtils.startGameModeService:111 com.thundercomm.gamemode.ingame.services.GameModeActionUtils.startGameModeEntry:22 com.thundercomm.gamemode.ingame.services.ActivityMonitoringService$1.onActivityLaunch:129
01-11 07:29:26.082 I/GameModeConfig( 1487): Current uri is uri = content://com.thundercomm.gamemode.api/gamemode_settings/gamemode_isgaming
01-11 07:29:26.084 I/GameModeConfig( 1487): isGameModeOn = false
01-11 07:29:26.084 I/GameModeConfig( 1487): isGameModeOn = false
01-11 07:29:26.084 I/GameModeConfig( 1487): isDisableVoice = true
01-01 11:29:39.229 I/ ( 0): read descriptors
01-01 11:29:39.229 I/ ( 0): read strings
01-11 07:29:26.656 E/TaskPersister( 1487): File error accessing recents directory (directory doesn't exist?).
01-01 11:29:40.245 I/ ( 0): read descriptors
01-01 11:29:40.245 I/ ( 0): read strings
01-11 07:29:27.139 I/auditd ( 0): type=1400 audit(0.0:14148): avc: denied { kill } for comm="swapper/1" capability=5 scontext=u:r:kernel:s0 tcontext=u:r:kernel:s0 tclass=capability permissive=0
01-11 07:29:27.709 W/WindowManager( 1487): Unable to start animation, surface is null or no children.
01-11 07:29:28.139 I/auditd ( 0): type=1400 audit(0.0:14149): avc: denied { kill } for comm="swapper/1" capability=5 scontext=u:r:kernel:s0 tcontext=u:r:kernel:s0 tclass=capability permissive=0
01-01 11:29:41.261 I/ ( 0): read descriptors
01-01 11:29:41.261 I/ ( 0): read strings
01-11 07:29:29.143 I/auditd ( 0): type=1400 audit(0.0:14150): avc: denied { kill } for comm="swapper/1" capability=5 scontext=u:r:kernel:s0 tcontext=u:r:kernel:s0 tclass=capability permissive=0
01-01 11:29:42.277 I/ ( 0): read descriptors
01-01 11:29:42.277 I/ ( 0): read strings
01-11 07:29:30.143 I/auditd ( 0): type=1400 audit(0.0:14151): avc: denied { kill } for comm="swapper/1" capability=5 scontext=u:r:kernel:s0 tcontext=u:r:kernel:s0 tclass=capability permissive=0
01-01 11:29:43.293 I/ ( 0): read descriptors
01-01 11:29:43.293 I/ ( 0): read strings
01-11 07:29:31.139 I/auditd ( 0): type=1400 audit(0.0:14152): avc: denied { kill } for comm="swapper/1" capability=5 scontext=u:r:kernel:s0 tcontext=u:r:kernel:s0 tclass=capability permissive=0
01-01 11:29:44.305 I/ ( 0): read descriptors
01-01 11:29:44.305 I/ ( 0): read strings
01-11 07:29:32.139 I/auditd ( 0): type=1400 audit(0.0:14153): avc: denied { kill } for comm="swapper/1" capability=5 scontext=u:r:kernel:s0 tcontext=u:r:kernel:s0 tclass=capability permissive=0
01-01 11:29:45.321 I/ ( 0): read descriptors
01-01 11:29:45.321 I/ ( 0): read strings
01-11 07:29:33.143 I/auditd ( 0): type=1400 audit(0.0:14154): avc: denied { kill } for comm="swapper/1" capability=5 scontext=u:r:kernel:s0 tcontext=u:r:kernel:s0 tclass=capability permissive=0
01-01 11:29:46.349 I/ ( 0): read descriptors
01-01 11:29:46.349 I/ ( 0): read strings
01-11 07:29:34.139 I/auditd ( 0): type=1400 audit(0.0:14155): avc: denied { kill } for comm="swapper/1" capability=5 scontext=u:r:kernel:s0 tcontext=u:r:kernel:s0 tclass=capability permissive=0
01-01 11:29:47.369 I/ ( 0): read descriptors
01-01 11:29:47.369 I/ ( 0): read strings
01-11 07:29:35.139 I/auditd ( 0): type=1400 audit(0.0:14156): avc: denied { kill } for comm="swapper/1" capability=5 scontext=u:r:kernel:s0 tcontext=u:r:kernel:s0 tclass=capability permissive=0
01-01 11:29:48.381 I/ ( 0): read descriptors
01-01 11:29:48.381 I/ ( 0): read strings
01-11 07:29:36.143 I/auditd ( 0): type=1400 audit(0.0:14157): avc: denied { kill } for comm="swapper/1" capability=5 scontext=u:r:kernel:s0 tcontext=u:r:kernel:s0 tclass=capability permissive=0
01-01 11:29:49.397 I/ ( 0): read descriptors
01-01 11:29:49.397 I/ ( 0): read strings
01-11 07:29:37.002 W/WindowManager( 1487): removeWindowToken: Attempted to remove non-existing token: android.os.Binder@28995f
01-11 07:29:37.139 I/auditd ( 0): type=1400 audit(0.0:14158): avc: denied { kill } for comm="swapper/1" capability=5 scontext=u:r:kernel:s0 tcontext=u:r:kernel:s0 tclass=capability permissive=0
01-01 11:29:50.413 I/ ( 0): read descriptors
01-01 11:29:50.413 I/ ( 0): read strings
01-11 07:29:38.139 I/auditd ( 0): type=1400 audit(0.0:14159): avc: denied { kill } for comm="swapper/1" capability=5 scontext=u:r:kernel:s0 tcontext=u:r:kernel:s0 tclass=capability permissive=0
01-01 11:29:51.429 I/ ( 0): read descriptors
01-01 11:29:51.429 I/ ( 0): read strings
01-11 07:29:39.143 I/auditd ( 0): type=1400 audit(0.0:14160): avc: denied { kill } for comm="swapper/1" capability=5 scontext=u:r:kernel:s0 tcontext=u:r:kernel:s0 tclass=capability permissive=0
01-01 11:29:52.441 I/ ( 0): read descriptors
01-01 11:29:52.441 I/ ( 0): read strings
01-11 07:29:40.139 I/auditd ( 0): type=1400 audit(0.0:14161): avc: denied { kill } for comm="swapper/1" capability=5 scontext=u:r:kernel:s0 tcontext=u:r:kernel:s0 tclass=capability permissive=0
01-01 11:29:53.457 I/ ( 0): read descriptors
01-01 11:29:53.457 I/ ( 0): read strings
01-11 07:29:41.139 I/auditd ( 0): type=1400 audit(0.0:14162): avc: denied { kill } for comm="swapper/1" capability=5 scontext=u:r:kernel:s0 tcontext=u:r:kernel:s0 tclass=capability permissive=0
01-01 11:29:54.469 I/ ( 0): read descriptors
01-01 11:29:54.469 I/ ( 0): read strings
01-11 07:29:42.139 I/auditd ( 0): type=1400 audit(0.0:14163): avc: denied { kill } for comm="swapper/1" capability=5 scontext=u:r:kernel:s0 tcontext=u:r:kernel:s0 tclass=capability permissive=0
01-01 11:29:55.485 I/ ( 0): read descriptors
01-01 11:29:55.485 I/ ( 0): read strings
01-11 07:29:43.143 I/auditd ( 0): type=1400 audit(0.0:14164): avc: denied { kill } for comm="swapper/1" capability=5 scontext=u:r:kernel:s0 tcontext=u:r:kernel:s0 tclass=capability permissive=0
01-01 11:29:56.497 I/ ( 0): read descriptors
01-01 11:29:56.497 I/ ( 0): read strings
01-11 07:29:44.143 I/auditd ( 0): type=1400 audit(0.0:14165): avc: denied { kill } for comm="swapper/1" capability=5 scontext=u:r:kernel:s0 tcontext=u:r:kernel:s0 tclass=capability permissive=0
01-01 11:29:57.509 I/ ( 0): read descriptors
01-01 11:29:57.509 I/ ( 0): read strings
01-11 07:29:45.143 I/auditd ( 0): type=1400 audit(0.0:14166): avc: denied { kill } for comm="swapper/1" capability=5 scontext=u:r:kernel:s0 tcontext=u:r:kernel:s0 tclass=capability permissive=0
01-01 11:29:58.521 I/ ( 0): read descriptors
01-01 11:29:58.521 I/ ( 0): read strings
01-11 07:29:46.139 I/auditd ( 0): type=1400 audit(0.0:14167): avc: denied { kill } for comm="swapper/1" capability=5 scontext=u:r:kernel:s0 tcontext=u:r:kernel:s0 tclass=capability permissive=0
01-01 11:29:59.533 I/ ( 0): read descriptors
01-01 11:29:59.533 I/ ( 0): read strings
01-11 07:29:47.139 I/auditd ( 0): type=1400 audit(0.0:14168): avc: denied { kill } for comm="swapper/1" capability=5 scontext=u:r:kernel:s0 tcontext=u:r:kernel:s0 tclass=capability permissive=0
01-01 11:30:00.549 I/ ( 0): read descriptors
01-01 11:30:00.549 I/ ( 0): read strings
01-11 07:29:48.139 I/auditd ( 0): type=1400 audit(0.0:14169): avc: denied { kill } for comm="swapper/1" capability=5 scontext=u:r:kernel:s0 tcontext=u:r:kernel:s0 tclass=capability permissive=0
01-01 11:30:01.561 I/ ( 0): read descriptors
01-01 11:30:01.561 I/ ( 0): read strings
01-11 07:29:49.139 I/auditd ( 0): type=1400 audit(0.0:14170): avc: denied { kill } for comm="swapper/1" capability=5 scontext=u:r:kernel:s0 tcontext=u:r:kernel:s0 tclass=capability permissive=0
01-11 07:29:49.382 W/BatteryExternalStatsWorker( 1487): error reading modem stats:ERROR_PHONE_NOT_AVAILABLE
01-11 07:29:49.416 E/KernelCpuSpeedReader( 1487): Failed to read cpu-freq: /sys/devices/system/cpu/cpu4/cpufreq/stats/time_in_state: open failed: ENOENT (No such file or directory)
01-11 07:29:49.416 E/KernelCpuSpeedReader( 1487): Failed to read cpu-freq: /sys/devices/system/cpu/cpu0/cpufreq/stats/time_in_state: open failed: ENOENT (No such file or directory)
01-01 11:30:02.544 W/audit ( 0): audit_lost=1675 audit_rate_limit=5 audit_backlog_limit=64
01-11 07:29:49.415 I/auditd ( 563): type=1400 audit(0.0:14171): avc: denied { read } for comm="Binder:563_2" name="wakeup58" dev="sysfs" ino=71506 scontext=u:r:system_suspend:s0 tcontext=u:object_r:sysfs:s0 tclass=dir permissive=0
01-11 07:29:49.415 I/auditd ( 563): type=1400 audit(0.0:14172): avc: denied { read } for comm="Binder:563_2" name="wakeup48" dev="sysfs" ino=67141 scontext=u:r:system_suspend:s0 tcontext=u:object_r:sysfs:s0 tclass=dir permissive=0
01-11 07:29:49.415 I/auditd ( 563): type=1400 audit(0.0:14173): avc: denied { read } for comm="Binder:563_2" name="wakeup4" dev="sysfs" ino=47049 scontext=u:r:system_suspend:s0 tcontext=u:object_r:sysfs:s0 tclass=dir permissive=0
01-11 07:29:49.415 I/auditd ( 563): type=1400 audit(0.0:14174): avc: denied { read } for comm="Binder:563_2" name="wakeup76" dev="sysfs" ino=76475 scontext=u:r:system_suspend:s0 tcontext=u:object_r:sysfs:s0 tclass=dir permissive=0
01-11 07:29:49.415 I/auditd ( 563): type=1400 audit(0.0:14175): avc: denied { read } for comm="Binder:563_2" name="wakeup28" dev="sysfs" ino=53114 scontext=u:r:system_suspend:s0 tcontext=u:object_r:sysfs:s0 tclass=dir permissive=0
01-11 07:29:49.419 I/auditd ( 563): type=1400 audit(0.0:14176): avc: denied { read } for comm="Binder:563_2" name="wakeup56" dev="sysfs" ino=71434 scontext=u:r:system_suspend:s0 tcontext=u:object_r:sysfs:s0 tclass=dir permissive=0
01-11 07:29:49.419 I/auditd ( 563): type=1400 audit(0.0:14177): avc: denied { read } for comm="Binder:563_2" name="wakeup2" dev="sysfs" ino=46573 scontext=u:r:system_suspend:s0 tcontext=u:object_r:sysfs:s0 tclass=dir permissive=0
01-11 07:29:49.419 I/auditd ( 563): type=1400 audit(0.0:14178): avc: denied { read } for comm="Binder:563_2" name="wakeup36" dev="sysfs" ino=58619 scontext=u:r:system_suspend:s0 tcontext=u:object_r:sysfs:s0 tclass=dir permissive=0
01-01 11:30:02.544 E/audit ( 0): rate limit exceeded
01-11 07:29:49.457 I/commit_sys_config_file( 1487): [batterystats,6]
01-11 07:29:49.458 I/commit_sys_config_file( 1487): [batterystats,1]
01-01 11:30:02.581 I/ ( 0): read descriptors
01-01 11:30:02.581 I/ ( 0): read strings
01-01 11:30:03.597 I/ ( 0): read descriptors
01-01 11:30:03.597 I/ ( 0): read strings
01-11 07:29:51.143 I/auditd ( 0): type=1400 audit(0.0:14222): avc: denied { kill } for comm="swapper/1" capability=5 scontext=u:r:kernel:s0 tcontext=u:r:kernel:s0 tclass=capability permissive=0
01-01 11:30:04.621 I/ ( 0): read descriptors
01-01 11:30:04.621 I/ ( 0): read strings
01-11 07:29:52.143 I/auditd ( 0): type=1400 audit(0.0:14223): avc: denied { kill } for comm="swapper/1" capability=5 scontext=u:r:kernel:s0 tcontext=u:r:kernel:s0 tclass=capability permissive=0
01-11 07:29:52.363 I/input_interaction( 1487): Interaction with: 76b7596 com.android.launcher3/com.android.launcher3.uioverrides.QuickstepLauncher (server), c9f455c com.android.systemui.ImageWallpaper (server), edge-swipe (server), swipe-up (server), PointerEventDispatcher0 (server),
01-01 11:30:05.637 I/ ( 0): read descriptors
01-01 11:30:05.637 I/ ( 0): read strings
01-11 07:29:53.200 I/commit_sys_config_file( 1487): [settings-1-0,14]
01-01 11:30:06.653 I/ ( 0): read descriptors
01-01 11:30:06.653 I/ ( 0): read strings
01-11 07:29:53.970 I/thunderperf( 1487): PlatormCompat.setOverrides: Uid1=10071 Pid1=25108 Uid2=10071 Pid2=25108
01-11 07:29:53.970 I/thunderperf( 1487): PlatormCompat.setOverrides: needCheck:false
01-11 07:29:53.970 I/thunderperf( 1487): CompatConfig.addOverrideUnsafe: bef-state=1
01-11 07:29:53.971 E/thunderperf( 1487): CompatConfig.addOverrideUnsafe: exception:java.lang.SecurityException: Cannot override a change on a non-debuggable app and user build.
01-11 07:29:53.971 I/thunderperf( 1487): CompatConfig.addOverrideUnsafe: aft-state=1
01-11 07:29:53.971 I/thunderperf( 1487): CompatConfig.addOverrideUnsafe: bef-state=1
01-11 07:29:53.972 E/thunderperf( 1487): CompatConfig.addOverrideUnsafe: exception:java.lang.SecurityException: Cannot override a change on a non-debuggable app and user build.
01-11 07:29:53.972 I/thunderperf( 1487): CompatConfig.addOverrideUnsafe: aft-state=1
01-11 07:29:53.972 I/thunderperf( 1487): CompatConfig.addOverrideUnsafe: bef-state=1
01-11 07:29:53.972 E/thunderperf( 1487): CompatConfig.addOverrideUnsafe: exception:java.lang.SecurityException: Cannot override a change on a non-debuggable app and user build.
01-11 07:29:53.972 I/thunderperf( 1487): CompatConfig.addOverrideUnsafe: aft-state=1
01-11 07:29:53.973 I/thunderperf( 1487): CompatConfig.addOverrideUnsafe: bef-state=1
01-11 07:29:53.973 E/thunderperf( 1487): CompatConfig.addOverrideUnsafe: exception:java.lang.SecurityException: Cannot override a change on a non-debuggable app and user build.
01-11 07:29:53.973 I/thunderperf( 1487): CompatConfig.addOverrideUnsafe: aft-state=1
01-11 07:29:53.973 I/thunderperf( 1487): CompatConfig.addOverrideUnsafe: bef-state=1
01-11 07:29:53.974 E/thunderperf( 1487): CompatConfig.addOverrideUnsafe: exception:java.lang.SecurityException: Cannot override a change on a non-debuggable app and user build.
01-11 07:29:53.974 I/thunderperf( 1487): CompatConfig.addOverrideUnsafe: aft-state=1
01-11 07:29:53.974 I/thunderperf( 1487): CompatConfig.addOverrideUnsafe: bef-state=1
01-11 07:29:53.974 E/thunderperf( 1487): CompatConfig.addOverrideUnsafe: exception:java.lang.SecurityException: Cannot override a change on a non-debuggable app and user build.
01-11 07:29:53.974 I/thunderperf( 1487): CompatConfig.addOverrideUnsafe: aft-state=1
01-11 07:29:53.975 I/thunderperf( 1487): CompatConfig.addOverrideUnsafe: bef-state=1
01-11 07:29:53.975 E/thunderperf( 1487): CompatConfig.addOverrideUnsafe: exception:java.lang.SecurityException: Cannot override a change on a non-debuggable app and user build.
01-11 07:29:53.975 I/thunderperf( 1487): CompatConfig.addOverrideUnsafe: aft-state=1
01-11 07:29:53.975 I/thunderperf( 1487): CompatConfig.addOverrideUnsafe: bef-state=1
01-11 07:29:53.976 E/thunderperf( 1487): CompatConfig.addOverrideUnsafe: exception:java.lang.SecurityException: Cannot override a change on a non-debuggable app and user build.
01-11 07:29:53.976 I/thunderperf( 1487): CompatConfig.addOverrideUnsafe: aft-state=1
01-11 07:29:53.976 I/thunderperf( 1487): CompatConfig.addOverrideUnsafe: bef-state=1
01-11 07:29:53.976 E/thunderperf( 1487): CompatConfig.addOverrideUnsafe: exception:java.lang.SecurityException: Cannot override a change on a non-debuggable app and user build.
01-11 07:29:53.976 I/thunderperf( 1487): CompatConfig.addOverrideUnsafe: aft-state=1
01-11 07:29:53.977 I/thunderperf( 1487): CompatConfig.addOverrideUnsafe: bef-state=1
01-11 07:29:53.977 E/thunderperf( 1487): CompatConfig.addOverrideUnsafe: exception:java.lang.SecurityException: Cannot override a change on a non-debuggable app and user build.
01-11 07:29:53.977 I/thunderperf( 1487): CompatConfig.addOverrideUnsafe: aft-state=1
01-11 07:29:53.978 I/thunderperf( 1487): CompatConfig.addOverrideUnsafe: bef-state=1
01-11 07:29:53.978 E/thunderperf( 1487): CompatConfig.addOverrideUnsafe: exception:java.lang.SecurityException: Cannot override a change on a non-debuggable app and user build.
01-11 07:29:53.978 I/thunderperf( 1487): CompatConfig.addOverrideUnsafe: aft-state=1
01-11 07:29:53.978 I/thunderperf( 1487): CompatConfig.addOverrideUnsafe: bef-state=1
01-11 07:29:53.978 E/thunderperf( 1487): CompatConfig.addOverrideUnsafe: exception:java.lang.SecurityException: Cannot override a change on a non-debuggable app and user build.
01-11 07:29:53.978 I/thunderperf( 1487): CompatConfig.addOverrideUnsafe: aft-state=1
01-11 07:29:53.979 I/thunderperf( 1487): CompatConfig.addOverrideUnsafe: bef-state=1
01-11 07:29:53.979 E/thunderperf( 1487): CompatConfig.addOverrideUnsafe: exception:java.lang.SecurityException: Cannot override a change on a non-debuggable app and user build.
01-11 07:29:53.979 I/thunderperf( 1487): CompatConfig.addOverrideUnsafe: aft-state=1
01-11 07:29:53.979 I/thunderperf( 1487): CompatConfig.addOverrideUnsafe: bef-state=1
01-11 07:29:53.980 E/thunderperf( 1487): CompatConfig.addOverrideUnsafe: exception:java.lang.SecurityException: Cannot override a change on a non-debuggable app and user build.
01-11 07:29:53.980 I/thunderperf( 1487): CompatConfig.addOverrideUnsafe: aft-state=1
01-11 07:29:53.985 I/ActivityTaskManager( 1487): START u0 {act=android.intent.action.MAIN cat=[android.intent.category.LAUNCHER] flg=0x10200000 cmp=com.android.deskclock/.DeskClock bnds=[590,252][890,550]} from uid 10071
01-11 07:29:53.987 I/wm_task_moved( 1487): [86,1,12]
01-11 07:29:53.987 I/wm_task_to_front( 1487): [0,86]
01-11 07:29:53.987 I/wm_focused_root_task( 1487): [0,0,86,83,bringingFoundTaskToFront]
01-11 07:29:53.988 I/wm_set_resumed_activity( 1487): [0,com.android.deskclock/.DeskClock,bringingFoundTaskToFront]
01-11 07:29:53.988 I/wm_new_intent( 1487): [0,73309397,86,com.android.deskclock/.DeskClock,android.intent.action.MAIN,NULL,NULL,270532608]
01-11 07:29:53.990 I/wm_pause_activity( 1487): [0,124244050,com.android.launcher3/.uioverrides.QuickstepLauncher,userLeaving=true,pauseBackTasks]
01-11 07:29:53.997 I/wm_on_top_resumed_lost_called(25108): [124244050,com.android.launcher3.uioverrides.QuickstepLauncher,topStateChangedWhenResumed]
01-11 07:29:53.998 I/wm_on_paused_called(25108): [124244050,com.android.launcher3.uioverrides.QuickstepLauncher,performPause]
01-11 07:29:54.003 I/ActivityTaskManager( 1487): FOREGROUND_APPLICATION_CHANGED to com.android.deskclock.DeskClock
01-11 07:29:54.005 I/wm_set_resumed_activity( 1487): [0,com.android.deskclock/.DeskClock,resumeTopActivityInnerLocked]
01-11 07:29:54.006 I/wm_add_to_stopping( 1487): [0,124244050,com.android.launcher3/.uioverrides.QuickstepLauncher,makeInvisible]
01-11 07:29:54.008 I/wm_resume_activity( 1487): [0,73309397,86,com.android.deskclock/.DeskClock]
01-11 07:29:54.022 I/wm_on_restart_called(23991): [73309397,com.android.deskclock.DeskClock,performRestartActivity]
01-11 07:29:54.022 I/sysui_multi_action( 1487): [757,803,799,window_time_0,802,28]
01-11 07:29:54.025 I/wm_on_start_called(23991): [73309397,com.android.deskclock.DeskClock,handleStartActivity]
01-11 07:29:54.025 I/wm_on_resume_called(23991): [73309397,com.android.deskclock.DeskClock,RESUME_ACTIVITY]
01-11 07:29:54.028 I/wm_on_top_resumed_gained_called(23991): [73309397,com.android.deskclock.DeskClock,topWhenResuming]
01-11 07:29:54.028 I/input_focus( 1487): [Focus leaving 76b7596 com.android.launcher3/com.android.launcher3.uioverrides.QuickstepLauncher (server),reason=NO_WINDOW]
01-11 07:29:54.031 W/ContextImpl(19692): Calling a method in the system process without a qualified user: android.app.ContextImpl.startService:1816 android.content.ContextWrapper.startService:774 com.thundercomm.gamemode.ingame.services.GameModeActionUtils.startGameModeService:111 com.thundercomm.gamemode.ingame.services.GameModeActionUtils.startGameModeEntry:22 com.thundercomm.gamemode.ingame.services.ActivityMonitoringService$1.onActivityLaunch:129
01-11 07:29:54.034 I/input_focus( 1487): [Focus request 6506da8 com.android.deskclock/com.android.deskclock.DeskClock,reason=UpdateInputWindows]
01-11 07:29:54.037 I/GameModeConfig( 1487): Current uri is uri = content://com.thundercomm.gamemode.api/gamemode_settings/gamemode_isgaming
01-11 07:29:54.043 I/GameModeConfig( 1487): isGameModeOn = false
01-11 07:29:54.043 I/GameModeConfig( 1487): isGameModeOn = false
01-11 07:29:54.043 I/GameModeConfig( 1487): isDisableVoice = true
01-11 07:29:54.047 I/sysui_multi_action( 1487): [319,32,321,29,322,59,325,12604,757,761,758,9,759,4,806,com.android.deskclock,871,com.android.deskclock.DeskClock,904,com.android.launcher3,905,0,1320,17,1321,1]
01-11 07:29:54.062 I/input_focus( 1487): [Focus entering 6506da8 com.android.deskclock/com.android.deskclock.DeskClock (server),reason=setFocusedWindow]
01-11 07:29:54.113 W/FreeFormWindowHelper( 1487): Current Display FreeFormTask is null
01-11 07:29:54.113 W/FreeFormWindowHelper( 1487): Current Display FreeFormTask is null
01-11 07:29:54.113 W/FreeFormWindowHelper( 1487): Current Display FreeFormTask is null
01-11 07:29:54.117 W/ContextImpl(19692): Calling a method in the system process without a qualified user: android.app.ContextImpl.startService:1816 android.content.ContextWrapper.startService:774 com.thundercomm.gamemode.ingame.services.GameModeActionUtils.startGameModeService:111 com.thundercomm.gamemode.ingame.services.GameModeActionUtils.startGameModeEntry:22 com.thundercomm.gamemode.ingame.services.ActivityMonitoringService$1.onActivityLaunch:129
01-11 07:29:54.121 I/GameModeConfig( 1487): Current uri is uri = content://com.thundercomm.gamemode.api/gamemode_settings/gamemode_isgaming
01-11 07:29:54.122 I/GameModeConfig( 1487): isGameModeOn = false
01-11 07:29:54.122 I/GameModeConfig( 1487): isGameModeOn = false
01-11 07:29:54.122 I/GameModeConfig( 1487): isDisableVoice = true
01-11 07:29:54.551 I/wm_stop_activity( 1487): [0,124244050,com.android.launcher3/.uioverrides.QuickstepLauncher]
01-01 11:30:07.669 I/ ( 0): read descriptors
01-01 11:30:07.669 I/ ( 0): read strings
01-11 07:29:54.571 I/wm_on_stop_called(25108): [124244050,com.android.launcher3.uioverrides.QuickstepLauncher,STOP_ACTIVITY_ITEM]
01-11 07:29:54.591 W/ContextImpl(19692): Calling a method in the system process without a qualified user: android.app.ContextImpl.startService:1816 android.content.ContextWrapper.startService:774 com.thundercomm.gamemode.ingame.services.GameModeActionUtils.startGameModeService:111 com.thundercomm.gamemode.ingame.services.GameModeActionUtils.startGameModeEntry:22 com.thundercomm.gamemode.ingame.services.ActivityMonitoringService$1.onActivityLaunch:129
01-11 07:29:54.596 I/GameModeConfig( 1487): Current uri is uri = content://com.thundercomm.gamemode.api/gamemode_settings/gamemode_isgaming
01-11 07:29:54.598 I/GameModeConfig( 1487): isGameModeOn = false
01-11 07:29:54.598 I/GameModeConfig( 1487): isGameModeOn = false
01-11 07:29:54.598 I/GameModeConfig( 1487): isDisableVoice = true
01-11 07:29:54.708 I/input_interaction( 1487): Interaction with: 6506da8 com.android.deskclock/com.android.deskclock.DeskClock (server), edge-swipe (server), swipe-up (server), PointerEventDispatcher0 (server),
01-11 07:29:54.767 W/FreeFormWindowHelper( 1487): Current Display FreeFormTask is null
01-11 07:29:54.768 W/FreeFormWindowHelper( 1487): Current Display FreeFormTask is null
01-11 07:29:54.768 W/FreeFormWindowHelper( 1487): Current Display FreeFormTask is null
01-11 07:29:54.768 W/FreeFormWindowHelper( 1487): Current Display FreeFormTask is null
01-11 07:29:54.768 W/FreeFormWindowHelper( 1487): Current Display FreeFormTask is null
01-11 07:29:54.768 W/FreeFormWindowHelper( 1487): Current Display FreeFormTask is null
01-11 07:29:54.768 W/FreeFormWindowHelper( 1487): Current Display FreeFormTask is null
01-11 07:29:54.771 I/wm_task_moved( 1487): [83,0,0]
01-11 07:29:54.772 I/wm_task_moved( 1487): [83,0,11]
01-11 07:29:54.779 I/wm_on_restart_called(25108): [124244050,com.android.launcher3.uioverrides.QuickstepLauncher,performRestartActivity]
01-11 07:29:54.787 W/FreeFormWindowHelper( 1487): Current Display FreeFormTask is null
