01-11 07:28:43.477 I/thunderperf( 1487): CompatConfig.addOverrideUnsafe: bef-state=1
01-11 07:28:43.477 E/thunderperf( 1487): CompatConfig.addOverrideUnsafe: exception:java.lang.SecurityException: Cannot override a change on a non-debuggable app and user build.
01-11 07:28:43.477 I/thunderperf( 1487): CompatConfig.addOverrideUnsafe: aft-state=1
01-11 07:28:43.478 I/thunderperf( 1487): CompatConfig.addOverrideUnsafe: bef-state=1
01-11 07:28:43.478 E/thunderperf( 1487): CompatConfig.addOverrideUnsafe: exception:java.lang.SecurityException: Cannot override a change on a non-debuggable app and user build.
01-11 07:28:43.478 I/thunderperf( 1487): CompatConfig.addOverrideUnsafe: aft-state=1
01-11 07:28:43.479 I/thunderperf( 1487): CompatConfig.addOverrideUnsafe: bef-state=1
01-11 07:28:43.479 E/thunderperf( 1487): CompatConfig.addOverrideUnsafe: exception:java.lang.SecurityException: Cannot override a change on a non-debuggable app and user build.
01-11 07:28:43.479 I/thunderperf( 1487): CompatConfig.addOverrideUnsafe: aft-state=1
01-11 07:28:43.480 I/thunderperf( 1487): CompatConfig.addOverrideUnsafe: bef-state=1
01-11 07:28:43.480 E/thunderperf( 1487): CompatConfig.addOverrideUnsafe: exception:java.lang.SecurityException: Cannot override a change on a non-debuggable app and user build.
01-11 07:28:43.480 I/thunderperf( 1487): CompatConfig.addOverrideUnsafe: aft-state=1
01-11 07:28:43.481 I/thunderperf( 1487): CompatConfig.addOverrideUnsafe: bef-state=1
01-11 07:28:43.481 E/thunderperf( 1487): CompatConfig.addOverrideUnsafe: exception:java.lang.SecurityException: Cannot override a change on a non-debuggable app and user build.
01-11 07:28:43.481 I/thunderperf( 1487): CompatConfig.addOverrideUnsafe: aft-state=1
01-11 07:28:43.482 I/thunderperf( 1487): CompatConfig.addOverrideUnsafe: bef-state=1
01-11 07:28:43.482 E/thunderperf( 1487): CompatConfig.addOverrideUnsafe: exception:java.lang.SecurityException: Cannot override a change on a non-debuggable app and user build.
01-11 07:28:43.482 I/thunderperf( 1487): CompatConfig.addOverrideUnsafe: aft-state=1
01-11 07:28:43.483 I/thunderperf( 1487): CompatConfig.addOverrideUnsafe: bef-state=1
01-11 07:28:43.483 E/thunderperf( 1487): CompatConfig.addOverrideUnsafe: exception:java.lang.SecurityException: Cannot override a change on a non-debuggable app and user build.
01-11 07:28:43.483 I/thunderperf( 1487): CompatConfig.addOverrideUnsafe: aft-state=1
01-11 07:28:43.483 I/thunderperf( 1487): CompatConfig.addOverrideUnsafe: bef-state=1
01-11 07:28:43.484 E/thunderperf( 1487): CompatConfig.addOverrideUnsafe: exception:java.lang.SecurityException: Cannot override a change on a non-debuggable app and user build.
01-11 07:28:43.484 I/thunderperf( 1487): CompatConfig.addOverrideUnsafe: aft-state=1
01-11 07:28:43.484 I/thunderperf( 1487): CompatConfig.addOverrideUnsafe: bef-state=1
01-11 07:28:43.484 E/thunderperf( 1487): CompatConfig.addOverrideUnsafe: exception:java.lang.SecurityException: Cannot override a change on a non-debuggable app and user build.
01-11 07:28:43.484 I/thunderperf( 1487): CompatConfig.addOverrideUnsafe: aft-state=1
01-11 07:28:43.485 I/thunderperf( 1487): CompatConfig.addOverrideUnsafe: bef-state=1
01-11 07:28:43.485 E/thunderperf( 1487): CompatConfig.addOverrideUnsafe: exception:java.lang.SecurityException: Cannot override a change on a non-debuggable app and user build.
01-11 07:28:43.485 I/thunderperf( 1487): CompatConfig.addOverrideUnsafe: aft-state=1
01-11 07:28:43.486 I/thunderperf( 1487): CompatConfig.addOverrideUnsafe: bef-state=1
01-11 07:28:43.486 E/thunderperf( 1487): CompatConfig.addOverrideUnsafe: exception:java.lang.SecurityException: Cannot override a change on a non-debuggable app and user build.
01-11 07:28:43.486 I/thunderperf( 1487): CompatConfig.addOverrideUnsafe: aft-state=1
01-11 07:28:43.491 I/ActivityTaskManager( 1487): START u0 {act=android.intent.action.MAIN cat=[android.intent.category.LAUNCHER] flg=0x10200000 cmp=com.android.deskclock/.DeskClock bnds=[590,252][890,550]} from uid 10071
01-11 07:28:43.493 I/wm_task_moved( 1487): [86,1,12]
01-11 07:28:43.493 I/wm_task_to_front( 1487): [0,86]
01-11 07:28:43.493 I/wm_focused_root_task( 1487): [0,0,86,83,bringingFoundTaskToFront]
01-11 07:28:43.494 I/wm_set_resumed_activity( 1487): [0,com.android.deskclock/.DeskClock,bringingFoundTaskToFront]
01-11 07:28:43.494 I/wm_new_intent( 1487): [0,73309397,86,com.android.deskclock/.DeskClock,android.intent.action.MAIN,NULL,NULL,270532608]
01-11 07:28:43.496 I/wm_pause_activity( 1487): [0,124244050,com.android.launcher3/.uioverrides.QuickstepLauncher,userLeaving=true,pauseBackTasks]
01-11 07:28:43.503 I/wm_on_top_resumed_lost_called(25108): [124244050,com.android.launcher3.uioverrides.QuickstepLauncher,topStateChangedWhenResumed]
01-11 07:28:43.507 I/wm_on_paused_called(25108): [124244050,com.android.launcher3.uioverrides.QuickstepLauncher,performPause]
01-11 07:28:43.508 I/ActivityTaskManager( 1487): FOREGROUND_APPLICATION_CHANGED to com.android.deskclock.DeskClock
01-11 07:28:43.510 I/wm_set_resumed_activity( 1487): [0,com.android.deskclock/.DeskClock,resumeTopActivityInnerLocked]
01-11 07:28:43.510 I/wm_add_to_stopping( 1487): [0,124244050,com.android.launcher3/.uioverrides.QuickstepLauncher,makeInvisible]
01-11 07:28:43.519 I/wm_resume_activity( 1487): [0,73309397,86,com.android.deskclock/.DeskClock]
01-11 07:28:43.527 I/sysui_multi_action( 1487): [757,803,799,window_time_0,802,10]
01-11 07:28:43.530 I/wm_on_restart_called(23991): [73309397,com.android.deskclock.DeskClock,performRestartActivity]
01-11 07:28:43.532 I/wm_on_start_called(23991): [73309397,com.android.deskclock.DeskClock,handleStartActivity]
01-11 07:28:43.532 I/wm_on_resume_called(23991): [73309397,com.android.deskclock.DeskClock,RESUME_ACTIVITY]
01-11 07:28:43.534 W/ContextImpl(19692): Calling a method in the system process without a qualified user: android.app.ContextImpl.startService:1816 android.content.ContextWrapper.startService:774 com.thundercomm.gamemode.ingame.services.GameModeActionUtils.startGameModeService:111 com.thundercomm.gamemode.ingame.services.GameModeActionUtils.startGameModeEntry:22 com.thundercomm.gamemode.ingame.services.ActivityMonitoringService$1.onActivityLaunch:129
01-11 07:28:43.534 I/wm_on_top_resumed_gained_called(23991): [73309397,com.android.deskclock.DeskClock,topWhenResuming]
01-11 07:28:43.537 I/am_pss ( 1487): [25108,10071,com.android.launcher3,91312128,83144704,0,220119040,0,2,9]
01-11 07:28:43.539 I/GameModeConfig( 1487): Current uri is uri = content://com.thundercomm.gamemode.api/gamemode_settings/gamemode_isgaming
01-11 07:28:43.541 I/input_focus( 1487): [Focus leaving 76b7596 com.android.launcher3/com.android.launcher3.uioverrides.QuickstepLauncher (server),reason=NO_WINDOW]
01-11 07:28:43.546 I/GameModeConfig( 1487): isGameModeOn = false
01-11 07:28:43.546 I/am_pss ( 1487): [24813,10026,com.android.documentsui,29488128,24580096,0,150679552,0,16,7]
01-11 07:28:43.546 I/input_focus( 1487): [Focus request 6506da8 com.android.deskclock/com.android.deskclock.DeskClock,reason=UpdateInputWindows]
01-11 07:28:43.546 I/GameModeConfig( 1487): isGameModeOn = false
01-11 07:28:43.546 I/GameModeConfig( 1487): isDisableVoice = true
01-11 07:28:43.562 I/sysui_multi_action( 1487): [319,34,321,32,322,69,325,12534,757,761,758,9,759,4,806,com.android.deskclock,871,com.android.deskclock.DeskClock,904,com.android.launcher3,905,0,1320,17,1321,1]
01-11 07:28:43.575 I/input_focus( 1487): [Focus entering 6506da8 com.android.deskclock/com.android.deskclock.DeskClock (server),reason=setFocusedWindow]
01-11 07:28:43.622 W/FreeFormWindowHelper( 1487): Current Display FreeFormTask is null
01-11 07:28:43.623 W/FreeFormWindowHelper( 1487): Current Display FreeFormTask is null
01-11 07:28:43.623 W/FreeFormWindowHelper( 1487): Current Display FreeFormTask is null
01-11 07:28:43.628 W/ContextImpl(19692): Calling a method in the system process without a qualified user: android.app.ContextImpl.startService:1816 android.content.ContextWrapper.startService:774 com.thundercomm.gamemode.ingame.services.GameModeActionUtils.startGameModeService:111 com.thundercomm.gamemode.ingame.services.GameModeActionUtils.startGameModeEntry:22 com.thundercomm.gamemode.ingame.services.ActivityMonitoringService$1.onActivityLaunch:129
01-11 07:28:43.632 I/GameModeConfig( 1487): Current uri is uri = content://com.thundercomm.gamemode.api/gamemode_settings/gamemode_isgaming
01-11 07:28:43.634 I/GameModeConfig( 1487): isGameModeOn = false
01-11 07:28:43.634 I/GameModeConfig( 1487): isGameModeOn = false
01-11 07:28:43.634 I/GameModeConfig( 1487): isDisableVoice = true
01-11 07:28:44.063 I/wm_stop_activity( 1487): [0,124244050,com.android.launcher3/.uioverrides.QuickstepLauncher]
01-11 07:28:44.082 I/am_pss ( 1487): [24923,10032,com.microsoft.emmx,32796672,27553792,0,132313088,0,19,8]
01-11 07:28:44.091 I/wm_on_stop_called(25108): [124244050,com.android.launcher3.uioverrides.QuickstepLauncher,STOP_ACTIVITY_ITEM]
01-11 07:28:44.103 W/ContextImpl(19692): Calling a method in the system process without a qualified user: android.app.ContextImpl.startService:1816 android.content.ContextWrapper.startService:774 com.thundercomm.gamemode.ingame.services.GameModeActionUtils.startGameModeService:111 com.thundercomm.gamemode.ingame.services.GameModeActionUtils.startGameModeEntry:22 com.thundercomm.gamemode.ingame.services.ActivityMonitoringService$1.onActivityLaunch:129
01-11 07:28:44.107 I/GameModeConfig( 1487): Current uri is uri = content://com.thundercomm.gamemode.api/gamemode_settings/gamemode_isgaming
01-11 07:28:44.109 I/GameModeConfig( 1487): isGameModeOn = false
01-11 07:28:44.109 I/GameModeConfig( 1487): isGameModeOn = false
01-11 07:28:44.109 I/GameModeConfig( 1487): isDisableVoice = true
01-11 07:28:44.139 I/auditd ( 0): type=1400 audit(0.0:14110): avc: denied { kill } for comm="swapper/2" capability=5 scontext=u:r:kernel:s0 tcontext=u:r:kernel:s0 tclass=capability permissive=0
01-01 11:28:57.377 I/ ( 0): read descriptors
01-01 11:28:57.377 I/ ( 0): read strings
01-11 07:28:44.287 I/input_interaction( 1487): Interaction with: 6506da8 com.android.deskclock/com.android.deskclock.DeskClock (server), edge-swipe (server), swipe-up (server), PointerEventDispatcher0 (server),
01-11 07:28:44.327 I/input_interaction( 1487): Interaction with: 6506da8 com.android.deskclock/com.android.deskclock.DeskClock (server), 52e4d57 StatusBar (server), edge-swipe (server), swipe-up (server), PointerEventDispatcher0 (server),
01-11 07:28:44.331 I/sysui_multi_action( 2006): [757,803,799,panel_open,802,1]
01-11 07:28:44.332 I/sysui_multi_action( 2006): [757,1328,758,4,1326,18,1327,5,1329,0]
01-11 07:28:44.347 W/FreeFormWindowHelper( 1487): Current Display FreeFormTask is null
01-11 07:28:44.347 W/FreeFormWindowHelper( 1487): Current Display FreeFormTask is null
01-11 07:28:44.347 W/FreeFormWindowHelper( 1487): Current Display FreeFormTask is null
01-11 07:28:44.347 W/FreeFormWindowHelper( 1487): Current Display FreeFormTask is null
01-11 07:28:44.347 W/FreeFormWindowHelper( 1487): Current Display FreeFormTask is null
01-11 07:28:44.347 W/FreeFormWindowHelper( 1487): Current Display FreeFormTask is null
01-11 07:28:44.347 W/FreeFormWindowHelper( 1487): Current Display FreeFormTask is null
01-11 07:28:44.351 I/wm_task_moved( 1487): [83,0,0]
01-11 07:28:44.351 I/wm_task_moved( 1487): [83,0,11]
01-11 07:28:44.359 I/wm_on_restart_called(25108): [124244050,com.android.launcher3.uioverrides.QuickstepLauncher,performRestartActivity]
01-11 07:28:44.362 W/FreeFormWindowHelper( 1487): Current Display FreeFormTask is null
01-11 07:28:44.372 W/ContextImpl(19692): Calling a method in the system process without a qualified user: android.app.ContextImpl.startService:1816 android.content.ContextWrapper.startService:774 com.thundercomm.gamemode.ingame.services.GameModeActionUtils.startGameModeService:111 com.thundercomm.gamemode.ingame.services.GameModeActionUtils.startGameModeEntry:22 com.thundercomm.gamemode.ingame.services.ActivityMonitoringService$1.onActivityLaunch:129
01-11 07:28:44.375 I/GameModeConfig( 1487): Current uri is uri = content://com.thundercomm.gamemode.api/gamemode_settings/gamemode_isgaming
01-11 07:28:44.377 I/GameModeConfig( 1487): isGameModeOn = false
01-11 07:28:44.377 I/GameModeConfig( 1487): isGameModeOn = false
01-11 07:28:44.377 I/GameModeConfig( 1487): isDisableVoice = true
01-11 07:28:44.379 I/wm_on_start_called(25108): [124244050,com.android.launcher3.uioverrides.QuickstepLauncher,handleStartActivity]
01-11 07:28:44.384 W/FreeFormWindowHelper( 1487): Current Display FreeFormTask is null
01-11 07:28:44.387 I/view_enqueue_input_event(23991): [Motion - Cancel,com.android.deskclock/com.android.deskclock.DeskClock]
01-11 07:28:44.388 I/view_enqueue_input_event( 2006): [Motion - Cancel,StatusBar]
01-11 07:28:44.388 I/sysui_latency(25108): [1,44]
01-11 07:28:44.388 I/input_focus( 1487): [Focus request recents_animation_input_consumer,reason=UpdateInputWindows]
01-11 07:28:44.392 W/FreeFormWindowHelper( 1487): Current Display FreeFormTask is null
01-11 07:28:44.394 I/input_focus( 1487): [Focus leaving 6506da8 com.android.deskclock/com.android.deskclock.DeskClock (server),reason=NOT_FOCUSABLE]
01-11 07:28:44.394 I/input_focus( 1487): [Focus entering recents_animation_input_consumer (server),reason=setFocusedWindow]
01-11 07:28:44.396 I/input_interaction( 1487): Interaction with: edge-swipe (server), swipe-up (server), PointerEventDispatcher0 (server),
01-11 07:28:44.399 I/sysui_multi_action( 1487): [319,10,322,38,325,12535,757,761,758,9,759,5,806,com.android.launcher3,871,com.android.launcher3.uioverrides.QuickstepLauncher,904,com.android.launcher3,905,0,1320,8,1321,5]
01-11 07:28:44.409 W/FreeFormWindowHelper( 1487): Current Display FreeFormTask is null
01-11 07:28:44.425 W/FreeFormWindowHelper( 1487): Current Display FreeFormTask is null
01-11 07:28:44.529 W/FreeFormWindowHelper( 1487): Current Display FreeFormTask is null
01-11 07:28:44.565 I/commit_sys_config_file( 1487): [settings-1-0,4]
01-11 07:28:44.690 I/sysui_latency( 1487): [8,44]
01-11 07:28:45.139 I/auditd ( 0): type=1400 audit(0.0:14111): avc: denied { kill } for comm="swapper/2" capability=5 scontext=u:r:kernel:s0 tcontext=u:r:kernel:s0 tclass=capability permissive=0
01-01 11:28:58.405 I/ ( 0): read descriptors
01-01 11:28:58.405 I/ ( 0): read strings
01-11 07:28:45.630 W/FreeFormWindowHelper( 1487): Current Display FreeFormTask is null
01-11 07:28:45.637 I/wm_task_moved( 1487): [83,1,12]
01-11 07:28:45.640 I/wm_task_moved( 1487): [84,1,2147483647]
01-11 07:28:45.640 I/wm_task_to_front( 1487): [0,84]
01-11 07:28:45.640 I/wm_on_top_resumed_lost_called(23991): [73309397,com.android.deskclock.DeskClock,topStateChangedWhenResumed]
01-11 07:28:45.641 I/wm_focused_root_task( 1487): [0,0,83,86,RecentsAnimation.onAnimationFinished()]
01-11 07:28:45.641 I/wm_set_resumed_activity( 1487): [0,com.android.launcher3/.uioverrides.QuickstepLauncher,RecentsAnimation.onAnimationFinished()]
01-11 07:28:45.643 I/wm_pause_activity( 1487): [0,73309397,com.android.deskclock/.DeskClock,userLeaving=true,pauseBackTasks]
01-11 07:28:45.645 I/wm_add_to_stopping( 1487): [0,73309397,com.android.deskclock/.DeskClock,makeInvisible]
01-11 07:28:45.645 I/ActivityTaskManager( 1487): FOREGROUND_APPLICATION_CHANGED to com.android.launcher3.uioverrides.QuickstepLauncher
01-11 07:28:45.646 I/wm_set_resumed_activity( 1487): [0,com.android.launcher3/.uioverrides.QuickstepLauncher,resumeTopActivityInnerLocked]
01-11 07:28:45.651 I/wm_resume_activity( 1487): [0,124244050,84,com.android.launcher3/.uioverrides.QuickstepLauncher]
01-11 07:28:45.652 I/wm_on_resume_called(25108): [124244050,com.android.launcher3.uioverrides.QuickstepLauncher,RESUME_ACTIVITY]
01-11 07:28:45.659 I/input_focus( 1487): [Focus request 76b7596 com.android.launcher3/com.android.launcher3.uioverrides.QuickstepLauncher,reason=UpdateInputWindows]
01-11 07:28:45.660 I/wm_on_top_resumed_gained_called(25108): [124244050,com.android.launcher3.uioverrides.QuickstepLauncher,topStateChangedWhenResumed]
01-11 07:28:45.662 I/wm_on_paused_called(23991): [73309397,com.android.deskclock.DeskClock,performPause]
01-11 07:28:45.663 I/wm_stop_activity( 1487): [0,73309397,com.android.deskclock/.DeskClock]
01-11 07:28:45.663 I/input_focus( 1487): [Focus leaving recents_animation_input_consumer (server),reason=NOT_VISIBLE]
01-11 07:28:45.672 I/sysui_multi_action( 1487): [757,803,799,window_time_0,802,2]
01-11 07:28:45.677 I/sysui_multi_action( 1487): [757,803,799,window_time_0,802,0]
01-11 07:28:45.684 I/input_focus( 1487): [Focus entering 76b7596 com.android.launcher3/com.android.launcher3.uioverrides.QuickstepLauncher (server),reason=setFocusedWindow]
01-11 07:28:45.687 I/am_pss ( 1487): [21853,10089,com.android.music,22711296,17870848,0,143204352,0,4,7]
01-11 07:28:45.701 I/wm_on_stop_called(23991): [73309397,com.android.deskclock.DeskClock,STOP_ACTIVITY_ITEM]
01-11 07:28:45.724 W/ContextImpl(19692): Calling a method in the system process without a qualified user: android.app.ContextImpl.startService:1816 android.content.ContextWrapper.startService:774 com.thundercomm.gamemode.ingame.services.GameModeActionUtils.startGameModeService:111 com.thundercomm.gamemode.ingame.services.GameModeActionUtils.startGameModeEntry:22 com.thundercomm.gamemode.ingame.services.ActivityMonitoringService$1.onActivityLaunch:129
01-11 07:28:45.728 I/GameModeConfig( 1487): Current uri is uri = content://com.thundercomm.gamemode.api/gamemode_settings/gamemode_isgaming
01-11 07:28:45.730 I/GameModeConfig( 1487): isGameModeOn = false
01-11 07:28:45.731 I/GameModeConfig( 1487): isGameModeOn = false
01-11 07:28:45.731 I/GameModeConfig( 1487): isDisableVoice = true
01-11 07:28:45.762 W/FreeFormWindowHelper( 1487): Current Display FreeFormTask is null
01-11 07:28:45.762 W/FreeFormWindowHelper( 1487): Current Display FreeFormTask is null
01-11 07:28:45.762 W/FreeFormWindowHelper( 1487): Current Display FreeFormTask is null
01-11 07:28:45.767 W/ContextImpl(19692): Calling a method in the system process without a qualified user: android.app.ContextImpl.startService:1816 android.content.ContextWrapper.startService:774 com.thundercomm.gamemode.ingame.services.GameModeActionUtils.startGameModeService:111 com.thundercomm.gamemode.ingame.services.GameModeActionUtils.startGameModeEntry:22 com.thundercomm.gamemode.ingame.services.ActivityMonitoringService$1.onActivityLaunch:129
01-11 07:28:45.771 I/GameModeConfig( 1487): Current uri is uri = content://com.thundercomm.gamemode.api/gamemode_settings/gamemode_isgaming
01-11 07:28:45.772 I/GameModeConfig( 1487): isGameModeOn = false
01-11 07:28:45.773 I/GameModeConfig( 1487): isGameModeOn = false
01-11 07:28:45.773 I/GameModeConfig( 1487): isDisableVoice = true
01-11 07:28:46.143 I/auditd ( 0): type=1400 audit(0.0:14112): avc: denied { kill } for comm="swapper/2" capability=5 scontext=u:r:kernel:s0 tcontext=u:r:kernel:s0 tclass=capability permissive=0
01-11 07:28:46.301 I/input_interaction( 1487): Interaction with: 76b7596 com.android.launcher3/com.android.launcher3.uioverrides.QuickstepLauncher (server), c9f455c com.android.systemui.ImageWallpaper (server), edge-swipe (server), swipe-up (server), PointerEventDispatcher0 (server),
01-01 11:28:59.423 I/ ( 0): read descriptors
01-01 11:28:59.424 I/ ( 0): read strings
01-11 07:28:46.514 E/TaskPersister( 1487): File error accessing recents directory (directory doesn't exist?).
01-11 07:28:46.674 I/commit_sys_config_file( 1487): [settings-1-0,4]
01-11 07:28:47.139 I/auditd ( 0): type=1400 audit(0.0:14113): avc: denied { kill } for comm="swapper/2" capability=5 scontext=u:r:kernel:s0 tcontext=u:r:kernel:s0 tclass=capability permissive=0
01-11 07:28:47.309 I/thunderperf( 1487): PlatormCompat.setOverrides: Uid1=10071 Pid1=25108 Uid2=10071 Pid2=25108
01-11 07:28:47.309 I/thunderperf( 1487): PlatormCompat.setOverrides: needCheck:false
01-11 07:28:47.310 I/thunderperf( 1487): CompatConfig.addOverrideUnsafe: bef-state=1
01-11 07:28:47.310 E/thunderperf( 1487): CompatConfig.addOverrideUnsafe: exception:java.lang.SecurityException: Cannot override a change on a non-debuggable app and user build.
01-11 07:28:47.310 I/thunderperf( 1487): CompatConfig.addOverrideUnsafe: aft-state=1
01-11 07:28:47.311 I/thunderperf( 1487): CompatConfig.addOverrideUnsafe: bef-state=1
01-11 07:28:47.312 E/thunderperf( 1487): CompatConfig.addOverrideUnsafe: exception:java.lang.SecurityException: Cannot override a change on a non-debuggable app and user build.
01-11 07:28:47.312 I/thunderperf( 1487): CompatConfig.addOverrideUnsafe: aft-state=1
01-11 07:28:47.313 I/thunderperf( 1487): CompatConfig.addOverrideUnsafe: bef-state=1
01-11 07:28:47.314 E/thunderperf( 1487): CompatConfig.addOverrideUnsafe: exception:java.lang.SecurityException: Cannot override a change on a non-debuggable app and user build.
01-11 07:28:47.314 I/thunderperf( 1487): CompatConfig.addOverrideUnsafe: aft-state=1
01-11 07:28:47.315 I/thunderperf( 1487): CompatConfig.addOverrideUnsafe: bef-state=1
01-11 07:28:47.315 E/thunderperf( 1487): CompatConfig.addOverrideUnsafe: exception:java.lang.SecurityException: Cannot override a change on a non-debuggable app and user build.
01-11 07:28:47.315 I/thunderperf( 1487): CompatConfig.addOverrideUnsafe: aft-state=1
01-11 07:28:47.316 I/thunderperf( 1487): CompatConfig.addOverrideUnsafe: bef-state=1
01-11 07:28:47.317 E/thunderperf( 1487): CompatConfig.addOverrideUnsafe: exception:java.lang.SecurityException: Cannot override a change on a non-debuggable app and user build.
01-11 07:28:47.317 I/thunderperf( 1487): CompatConfig.addOverrideUnsafe: aft-state=1
01-11 07:28:47.318 I/thunderperf( 1487): CompatConfig.addOverrideUnsafe: bef-state=1
01-11 07:28:47.318 E/thunderperf( 1487): CompatConfig.addOverrideUnsafe: exception:java.lang.SecurityException: Cannot override a change on a non-debuggable app and user build.
01-11 07:28:47.318 I/thunderperf( 1487): CompatConfig.addOverrideUnsafe: aft-state=1
01-11 07:28:47.319 I/thunderperf( 1487): CompatConfig.addOverrideUnsafe: bef-state=1
01-11 07:28:47.319 E/thunderperf( 1487): CompatConfig.addOverrideUnsafe: exception:java.lang.SecurityException: Cannot override a change on a non-debuggable app and user build.
01-11 07:28:47.319 I/thunderperf( 1487): CompatConfig.addOverrideUnsafe: aft-state=1
01-11 07:28:47.320 I/thunderperf( 1487): CompatConfig.addOverrideUnsafe: bef-state=1
01-11 07:28:47.321 E/thunderperf( 1487): CompatConfig.addOverrideUnsafe: exception:java.lang.SecurityException: Cannot override a change on a non-debuggable app and user build.
01-11 07:28:47.321 I/thunderperf( 1487): CompatConfig.addOverrideUnsafe: aft-state=1
01-11 07:28:47.322 I/thunderperf( 1487): CompatConfig.addOverrideUnsafe: bef-state=1
01-11 07:28:47.322 E/thunderperf( 1487): CompatConfig.addOverrideUnsafe: exception:java.lang.SecurityException: Cannot override a change on a non-debuggable app and user build.
01-11 07:28:47.322 I/thunderperf( 1487): CompatConfig.addOverrideUnsafe: aft-state=1
01-11 07:28:47.323 I/thunderperf( 1487): CompatConfig.addOverrideUnsafe: bef-state=1
01-11 07:28:47.323 E/thunderperf( 1487): CompatConfig.addOverrideUnsafe: exception:java.lang.SecurityException: Cannot override a change on a non-debuggable app and user build.
01-11 07:28:47.323 I/thunderperf( 1487): CompatConfig.addOverrideUnsafe: aft-state=1
01-11 07:28:47.324 I/thunderperf( 1487): CompatConfig.addOverrideUnsafe: bef-state=1
01-11 07:28:47.324 E/thunderperf( 1487): CompatConfig.addOverrideUnsafe: exception:java.lang.SecurityException: Cannot override a change on a non-debuggable app and user build.
01-11 07:28:47.324 I/thunderperf( 1487): CompatConfig.addOverrideUnsafe: aft-state=1
01-11 07:28:47.325 I/thunderperf( 1487): CompatConfig.addOverrideUnsafe: bef-state=1
01-11 07:28:47.325 E/thunderperf( 1487): CompatConfig.addOverrideUnsafe: exception:java.lang.SecurityException: Cannot override a change on a non-debuggable app and user build.
01-11 07:28:47.325 I/thunderperf( 1487): CompatConfig.addOverrideUnsafe: aft-state=1
01-11 07:28:47.325 I/thunderperf( 1487): CompatConfig.addOverrideUnsafe: bef-state=1
01-11 07:28:47.326 E/thunderperf( 1487): CompatConfig.addOverrideUnsafe: exception:java.lang.SecurityException: Cannot override a change on a non-debuggable app and user build.
01-11 07:28:47.326 I/thunderperf( 1487): CompatConfig.addOverrideUnsafe: aft-state=1
01-11 07:28:47.326 I/thunderperf( 1487): CompatConfig.addOverrideUnsafe: bef-state=1
01-11 07:28:47.326 E/thunderperf( 1487): CompatConfig.addOverrideUnsafe: exception:java.lang.SecurityException: Cannot override a change on a non-debuggable app and user build.
01-11 07:28:47.326 I/thunderperf( 1487): CompatConfig.addOverrideUnsafe: aft-state=1
01-01 11:29:00.449 I/ ( 0): read descriptors
01-01 11:29:00.449 I/ ( 0): read strings
01-11 07:28:47.331 I/ActivityTaskManager( 1487): START u0 {act=android.intent.action.MAIN cat=[android.intent.category.LAUNCHER] flg=0x10200000 cmp=com.android.documentsui/.LauncherActivity bnds=[890,252][1190,550]} from uid 10071
01-11 07:28:47.335 I/wm_task_created( 1487): [92,-1]
01-11 07:28:47.335 W/ActivityTaskManager( 1487): Can't find TaskDisplayArea to determine support for multi window. Task id=92 attached=false
01-11 07:28:47.338 I/wm_task_moved( 1487): [92,1,13]
01-11 07:28:47.338 I/wm_task_to_front( 1487): [0,92]
01-11 07:28:47.338 I/wm_create_task( 1487): [0,92]
01-11 07:28:47.338 I/wm_create_activity( 1487): [0,83444828,92,com.android.documentsui/.LauncherActivity,android.intent.action.MAIN,NULL,NULL,270532608]
01-11 07:28:47.338 I/wm_task_moved( 1487): [92,1,13]
01-11 07:28:47.339 I/wm_pause_activity( 1487): [0,124244050,com.android.launcher3/.uioverrides.QuickstepLauncher,userLeaving=true,pauseBackTasks]
01-11 07:28:47.341 I/wm_on_top_resumed_lost_called(25108): [124244050,com.android.launcher3.uioverrides.QuickstepLauncher,topStateChangedWhenResumed]
01-11 07:28:47.342 I/wm_on_paused_called(25108): [124244050,com.android.launcher3.uioverrides.QuickstepLauncher,performPause]
01-11 07:28:47.342 I/ActivityTaskManager( 1487): FOREGROUND_APPLICATION_CHANGED to com.android.documentsui.files.LauncherActivity
01-11 07:28:47.342 I/ActivityTaskManager( 1487): The Process com.android.documentsui Already Exists in BG. So sending its PID: 24813
01-11 07:28:47.342 W/ActivityTaskManager( 1487): Tried to set launchTime (0) < mLastActivityLaunchTime (12505989)
01-11 07:28:47.343 I/wm_restart_activity( 1487): [0,83444828,92,com.android.documentsui/.LauncherActivity]
01-11 07:28:47.343 I/wm_set_resumed_activity( 1487): [0,com.android.documentsui/.LauncherActivity,minimalResumeActivityLocked]
01-11 07:28:47.346 I/sysui_multi_action( 1487): [757,803,799,window_time_0,802,2]
01-11 07:28:47.348 I/thunderperf( 1487): PlatormCompat.setOverrides: Uid1=10026 Pid1=24813 Uid2=10026 Pid2=24813
01-11 07:28:47.349 I/thunderperf( 1487): PlatormCompat.setOverrides: needCheck:false
01-11 07:28:47.349 I/thunderperf( 1487): CompatConfig.addOverrideUnsafe: bef-state=1
01-11 07:28:47.349 E/thunderperf( 1487): CompatConfig.addOverrideUnsafe: exception:java.lang.SecurityException: Cannot override a change on a non-debuggable app and user build.
01-11 07:28:47.349 I/thunderperf( 1487): CompatConfig.addOverrideUnsafe: aft-state=1
01-11 07:28:47.349 I/thunderperf( 1487): CompatConfig.addOverrideUnsafe: bef-state=1
01-11 07:28:47.349 E/thunderperf( 1487): CompatConfig.addOverrideUnsafe: exception:java.lang.SecurityException: Cannot override a change on a non-debuggable app and user build.
01-11 07:28:47.349 I/thunderperf( 1487): CompatConfig.addOverrideUnsafe: aft-state=1
01-11 07:28:47.350 I/thunderperf( 1487): CompatConfig.addOverrideUnsafe: bef-state=1
01-11 07:28:47.350 E/thunderperf( 1487): CompatConfig.addOverrideUnsafe: exception:java.lang.SecurityException: Cannot override a change on a non-debuggable app and user build.
01-11 07:28:47.350 I/thunderperf( 1487): CompatConfig.addOverrideUnsafe: aft-state=1
01-11 07:28:47.350 I/thunderperf( 1487): CompatConfig.addOverrideUnsafe: bef-state=1
01-11 07:28:47.350 E/thunderperf( 1487): CompatConfig.addOverrideUnsafe: exception:java.lang.SecurityException: Cannot override a change on a non-debuggable app and user build.
01-11 07:28:47.350 I/thunderperf( 1487): CompatConfig.addOverrideUnsafe: aft-state=1
01-11 07:28:47.350 W/ContextImpl(19692): Calling a method in the system process without a qualified user: android.app.ContextImpl.startService:1816 android.content.ContextWrapper.startService:774 com.thundercomm.gamemode.ingame.services.GameModeActionUtils.startGameModeService:111 com.thundercomm.gamemode.ingame.services.GameModeActionUtils.startGameModeEntry:22 com.thundercomm.gamemode.ingame.services.ActivityMonitoringService$1.onActivityLaunch:129
01-11 07:28:47.350 I/thunderperf( 1487): CompatConfig.addOverrideUnsafe: bef-state=1
01-11 07:28:47.350 E/thunderperf( 1487): CompatConfig.addOverrideUnsafe: exception:java.lang.SecurityException: Cannot override a change on a non-debuggable app and user build.
01-11 07:28:47.350 I/thunderperf( 1487): CompatConfig.addOverrideUnsafe: aft-state=1
01-11 07:28:47.351 I/thunderperf( 1487): CompatConfig.addOverrideUnsafe: bef-state=1
01-11 07:28:47.351 E/thunderperf( 1487): CompatConfig.addOverrideUnsafe: exception:java.lang.SecurityException: Cannot override a change on a non-debuggable app and user build.
01-11 07:28:47.351 I/thunderperf( 1487): CompatConfig.addOverrideUnsafe: aft-state=1
01-11 07:28:47.351 I/thunderperf( 1487): CompatConfig.addOverrideUnsafe: bef-state=1
01-11 07:28:47.351 E/thunderperf( 1487): CompatConfig.addOverrideUnsafe: exception:java.lang.SecurityException: Cannot override a change on a non-debuggable app and user build.
01-11 07:28:47.351 I/thunderperf( 1487): CompatConfig.addOverrideUnsafe: aft-state=1
01-11 07:28:47.351 I/thunderperf( 1487): CompatConfig.addOverrideUnsafe: bef-state=1
01-11 07:28:47.351 E/thunderperf( 1487): CompatConfig.addOverrideUnsafe: exception:java.lang.SecurityException: Cannot override a change on a non-debuggable app and user build.
01-11 07:28:47.351 I/thunderperf( 1487): CompatConfig.addOverrideUnsafe: aft-state=1
01-11 07:28:47.352 I/thunderperf( 1487): CompatConfig.addOverrideUnsafe: bef-state=1
01-11 07:28:47.352 E/thunderperf( 1487): CompatConfig.addOverrideUnsafe: exception:java.lang.SecurityException: Cannot override a change on a non-debuggable app and user build.
01-11 07:28:47.352 I/thunderperf( 1487): CompatConfig.addOverrideUnsafe: aft-state=1
01-11 07:28:47.352 I/GameModeConfig( 1487): Current uri is uri = content://com.thundercomm.gamemode.api/gamemode_settings/gamemode_isgaming
01-11 07:28:47.352 I/thunderperf( 1487): CompatConfig.addOverrideUnsafe: bef-state=1
01-11 07:28:47.352 E/thunderperf( 1487): CompatConfig.addOverrideUnsafe: exception:java.lang.SecurityException: Cannot override a change on a non-debuggable app and user build.
01-11 07:28:47.352 I/thunderperf( 1487): CompatConfig.addOverrideUnsafe: aft-state=1
01-11 07:28:47.353 I/thunderperf( 1487): CompatConfig.addOverrideUnsafe: bef-state=1
01-11 07:28:47.353 I/GameModeConfig( 1487): isGameModeOn = false
01-11 07:28:47.353 I/GameModeConfig( 1487): isGameModeOn = false
01-11 07:28:47.353 E/thunderperf( 1487): CompatConfig.addOverrideUnsafe: exception:java.lang.SecurityException: Cannot override a change on a non-debuggable app and user build.
01-11 07:28:47.353 I/GameModeConfig( 1487): isDisableVoice = true
01-11 07:28:47.353 I/thunderperf( 1487): CompatConfig.addOverrideUnsafe: aft-state=1
01-11 07:28:47.353 I/thunderperf( 1487): CompatConfig.addOverrideUnsafe: bef-state=1
01-11 07:28:47.353 E/thunderperf( 1487): CompatConfig.addOverrideUnsafe: exception:java.lang.SecurityException: Cannot override a change on a non-debuggable app and user build.
01-11 07:28:47.353 I/thunderperf( 1487): CompatConfig.addOverrideUnsafe: aft-state=1
01-11 07:28:47.353 I/thunderperf( 1487): CompatConfig.addOverrideUnsafe: bef-state=1
01-11 07:28:47.354 E/thunderperf( 1487): CompatConfig.addOverrideUnsafe: exception:java.lang.SecurityException: Cannot override a change on a non-debuggable app and user build.
01-11 07:28:47.354 I/thunderperf( 1487): CompatConfig.addOverrideUnsafe: aft-state=1
01-11 07:28:47.354 I/thunderperf( 1487): CompatConfig.addOverrideUnsafe: bef-state=1
01-11 07:28:47.354 E/thunderperf( 1487): CompatConfig.addOverrideUnsafe: exception:java.lang.SecurityException: Cannot override a change on a non-debuggable app and user build.
01-11 07:28:47.354 I/thunderperf( 1487): CompatConfig.addOverrideUnsafe: aft-state=1
01-11 07:28:47.355 I/ActivityTaskManager( 1487): START u0 {dat=//com.android.documentsui.launchControl flg=0x10280000 cmp=com.android.documentsui/.files.FilesActivity (has extras)} from uid 10026
01-11 07:28:47.356 I/wm_task_moved( 1487): [89,1,13]
01-11 07:28:47.356 I/wm_task_to_front( 1487): [0,89]
01-11 07:28:47.356 I/wm_focused_root_task( 1487): [0,0,89,92,bringingFoundTaskToFront]
01-11 07:28:47.356 I/wm_set_resumed_activity( 1487): [0,com.android.documentsui/.files.FilesActivity,bringingFoundTaskToFront]
01-11 07:28:47.356 I/wm_new_intent( 1487): [0,65274594,89,com.android.documentsui/.files.FilesActivity,NULL,NULL,//com.android.documentsui.launchControl,271056896]
01-11 07:28:47.357 I/wm_pause_activity( 1487): [0,83444828,com.android.documentsui/.LauncherActivity,userLeaving=true,pauseBackTasks]
01-11 07:28:47.358 I/wm_finish_activity( 1487): [0,83444828,92,com.android.documentsui/.LauncherActivity,app-request]
01-11 07:28:47.358 I/wm_on_create_called(24813): [83444828,com.android.documentsui.LauncherActivity,performCreate]
01-11 07:28:47.359 I/wm_add_to_stopping( 1487): [0,83444828,com.android.documentsui/.LauncherActivity,completeFinishing]
01-11 07:28:47.359 I/ActivityTaskManager( 1487): FOREGROUND_APPLICATION_CHANGED to com.android.documentsui.files.FilesActivity
01-11 07:28:47.360 I/wm_set_resumed_activity( 1487): [0,com.android.documentsui/.files.FilesActivity,resumeTopActivityInnerLocked]
01-11 07:28:47.360 I/wm_add_to_stopping( 1487): [0,124244050,com.android.launcher3/.uioverrides.QuickstepLauncher,makeInvisible]
01-11 07:28:47.361 I/wm_resume_activity( 1487): [0,65274594,89,com.android.documentsui/.files.FilesActivity]
01-11 07:28:47.362 I/wm_on_restart_called(24813): [65274594,com.android.documentsui.files.FilesActivity,performRestartActivity]
01-11 07:28:47.364 I/wm_destroy_activity( 1487): [0,83444828,92,com.android.documentsui/.LauncherActivity,finish-imm:idle]
01-11 07:28:47.365 I/wm_on_start_called(24813): [65274594,com.android.documentsui.files.FilesActivity,handleStartActivity]
01-11 07:28:47.366 I/sysui_multi_action( 1487): [757,803,799,window_time_0,802,0]
01-11 07:28:47.367 I/wm_on_resume_called(24813): [65274594,com.android.documentsui.files.FilesActivity,RESUME_ACTIVITY]
01-11 07:28:47.367 I/wm_on_top_resumed_gained_called(24813): [65274594,com.android.documentsui.files.FilesActivity,topWhenResuming]
01-11 07:28:47.372 I/input_focus( 1487): [Focus request 7d6e892 com.android.documentsui/com.android.documentsui.files.FilesActivity,reason=UpdateInputWindows]
01-11 07:28:47.383 I/input_focus( 1487): [Focus leaving 76b7596 com.android.launcher3/com.android.launcher3.uioverrides.QuickstepLauncher (server),reason=NO_WINDOW]
01-11 07:28:47.389 I/wm_on_destroy_called(24813): [83444828,com.android.documentsui.LauncherActivity,performDestroy]
01-11 07:28:47.389 I/wm_task_removed( 1487): [92,removeChild:removeChild last r=ActivityRecord{4f9445c u0 com.android.documentsui/.LauncherActivity t-1 f}} in t=Task{a25c0e1 #92 type=standard A=10026:com.android.documentsui U=0 visible=false mode=fullscreen translucent=true sz=0}]
01-11 07:28:47.389 I/wm_task_removed( 1487): [92,removeChild]
01-11 07:28:47.393 I/sysui_multi_action( 1487): [319,60,322,59,325,12538,757,761,758,8,759,2,806,com.android.documentsui,871,com.android.documentsui.files.FilesActivity,904,com.android.documentsui,905,0,1320,4,1321,1]
01-11 07:28:47.393 I/wm_activity_launch_time( 1487): [0,65274594,com.android.documentsui/.files.FilesActivity,59]
01-11 07:28:47.401 I/input_focus( 1487): [Focus entering 7d6e892 com.android.documentsui/com.android.documentsui.files.FilesActivity (server),reason=setFocusedWindow]
01-11 07:28:47.462 W/FreeFormWindowHelper( 1487): Current Display FreeFormTask is null
01-11 07:28:47.462 W/FreeFormWindowHelper( 1487): Current Display FreeFormTask is null
01-11 07:28:47.462 W/FreeFormWindowHelper( 1487): Current Display FreeFormTask is null
01-11 07:28:47.465 W/ContextImpl(19692): Calling a method in the system process without a qualified user: android.app.ContextImpl.startService:1816 android.content.ContextWrapper.startService:774 com.thundercomm.gamemode.ingame.services.GameModeActionUtils.startGameModeService:111 com.thundercomm.gamemode.ingame.services.GameModeActionUtils.startGameModeEntry:22 com.thundercomm.gamemode.ingame.services.ActivityMonitoringService$1.onActivityLaunch:129
01-11 07:28:47.467 I/GameModeConfig( 1487): Current uri is uri = content://com.thundercomm.gamemode.api/gamemode_settings/gamemode_isgaming
01-11 07:28:47.468 I/GameModeConfig( 1487): isGameModeOn = false
01-11 07:28:47.468 I/GameModeConfig( 1487): isGameModeOn = false
01-11 07:28:47.468 I/GameModeConfig( 1487): isDisableVoice = true
01-11 07:28:47.918 I/wm_stop_activity( 1487): [0,124244050,com.android.launcher3/.uioverrides.QuickstepLauncher]
01-11 07:28:47.936 I/wm_on_stop_called(25108): [124244050,com.android.launcher3.uioverrides.QuickstepLauncher,STOP_ACTIVITY_ITEM]
01-11 07:28:47.955 W/ContextImpl(19692): Calling a method in the system process without a qualified user: android.app.ContextImpl.startService:1816 android.content.ContextWrapper.startService:774 com.thundercomm.gamemode.ingame.services.GameModeActionUtils.startGameModeService:111 com.thundercomm.gamemode.ingame.services.GameModeActionUtils.startGameModeEntry:22 com.thundercomm.gamemode.ingame.services.ActivityMonitoringService$1.onActivityLaunch:129
01-11 07:28:47.956 I/GameModeConfig( 1487): Current uri is uri = content://com.thundercomm.gamemode.api/gamemode_settings/gamemode_isgaming
01-11 07:28:47.957 I/GameModeConfig( 1487): isGameModeOn = false
01-11 07:28:47.957 I/GameModeConfig( 1487): isGameModeOn = false
01-11 07:28:47.957 I/GameModeConfig( 1487): isDisableVoice = true
01-11 07:28:48.139 I/auditd ( 0): type=1400 audit(0.0:14114): avc: denied { kill } for comm="swapper/2" capability=5 scontext=u:r:kernel:s0 tcontext=u:r:kernel:s0 tclass=capability permissive=0
01-11 07:28:48.172 I/input_interaction( 1487): Interaction with: 7d6e892 com.android.documentsui/com.android.documentsui.files.FilesActivity (server), edge-swipe (server), swipe-up (server), PointerEventDispatcher0 (server),
01-11 07:28:48.228 W/FreeFormWindowHelper( 1487): Current Display FreeFormTask is null
01-11 07:28:48.228 W/FreeFormWindowHelper( 1487): Current Display FreeFormTask is null
01-11 07:28:48.228 W/FreeFormWindowHelper( 1487): Current Display FreeFormTask is null
01-11 07:28:48.228 W/FreeFormWindowHelper( 1487): Current Display FreeFormTask is null
01-11 07:28:48.228 W/FreeFormWindowHelper( 1487): Current Display FreeFormTask is null
01-11 07:28:48.228 W/FreeFormWindowHelper( 1487): Current Display FreeFormTask is null
01-11 07:28:48.228 W/FreeFormWindowHelper( 1487): Current Display FreeFormTask is null
01-11 07:28:48.229 I/wm_task_moved( 1487): [83,0,0]
01-11 07:28:48.229 I/wm_task_moved( 1487): [83,0,11]
01-11 07:28:48.235 I/wm_on_restart_called(25108): [124244050,com.android.launcher3.uioverrides.QuickstepLauncher,performRestartActivity]
01-11 07:28:48.236 W/FreeFormWindowHelper( 1487): Current Display FreeFormTask is null
01-11 07:28:48.237 W/ContextImpl(19692): Calling a method in the system process without a qualified user: android.app.ContextImpl.startService:1816 android.content.ContextWrapper.startService:774 com.thundercomm.gamemode.ingame.services.GameModeActionUtils.startGameModeService:111 com.thundercomm.gamemode.ingame.services.GameModeActionUtils.startGameModeEntry:22 com.thundercomm.gamemode.ingame.services.ActivityMonitoringService$1.onActivityLaunch:129
01-11 07:28:48.239 I/GameModeConfig( 1487): Current uri is uri = content://com.thundercomm.gamemode.api/gamemode_settings/gamemode_isgaming
01-11 07:28:48.239 I/GameModeConfig( 1487): isGameModeOn = false
01-11 07:28:48.240 I/GameModeConfig( 1487): isGameModeOn = false
01-11 07:28:48.240 I/GameModeConfig( 1487): isDisableVoice = true
01-11 07:28:48.248 I/wm_on_start_called(25108): [124244050,com.android.launcher3.uioverrides.QuickstepLauncher,handleStartActivity]
01-11 07:28:48.254 W/FreeFormWindowHelper( 1487): Current Display FreeFormTask is null
01-11 07:28:48.258 I/sysui_multi_action( 1487): [319,2,322,28,325,12539,757,761,758,9,759,5,806,com.android.launcher3,871,com.android.launcher3.uioverrides.QuickstepLauncher,904,com.android.launcher3,905,0,1320,8,1321,5]
01-11 07:28:48.271 W/FreeFormWindowHelper( 1487): Current Display FreeFormTask is null
01-11 07:28:48.282 I/view_enqueue_input_event(24813): [Motion - Cancel,com.android.documentsui/com.android.documentsui.files.FilesActivity]
01-11 07:28:48.293 I/sysui_latency(25108): [1,28]
01-11 07:28:48.295 I/input_interaction( 1487): Interaction with: edge-swipe (server), swipe-up (server), PointerEventDispatcher0 (server),
01-11 07:28:48.303 I/input_focus( 1487): [Focus request recents_animation_input_consumer,reason=UpdateInputWindows]
01-11 07:28:48.313 W/FreeFormWindowHelper( 1487): Current Display FreeFormTask is null
01-11 07:28:48.314 W/FreeFormWindowHelper( 1487): Current Display FreeFormTask is null
01-11 07:28:48.318 W/FreeFormWindowHelper( 1487): Current Display FreeFormTask is null
01-11 07:28:48.319 I/input_focus( 1487): [Focus leaving 7d6e892 com.android.documentsui/com.android.documentsui.files.FilesActivity (server),reason=NOT_FOCUSABLE]
01-11 07:28:48.320 I/input_focus( 1487): [Focus entering recents_animation_input_consumer (server),reason=setFocusedWindow]
01-11 07:28:48.335 W/FreeFormWindowHelper( 1487): Current Display FreeFormTask is null
01-01 11:29:01.464 I/ ( 0): read descriptors
01-01 11:29:01.464 I/ ( 0): read strings
01-11 07:28:48.419 W/FreeFormWindowHelper( 1487): Current Display FreeFormTask is null
01-11 07:28:48.438 I/commit_sys_config_file( 1487): [settings-1-0,2]
01-11 07:28:48.558 I/sysui_latency( 1487): [8,29]
01-11 07:28:49.139 I/auditd ( 0): type=1400 audit(0.0:14115): avc: denied { kill } for comm="swapper/2" capability=5 scontext=u:r:kernel:s0 tcontext=u:r:kernel:s0 tclass=capability permissive=0
01-01 11:29:02.489 I/ ( 0): read descriptors
01-01 11:29:02.489 I/ ( 0): read strings
01-11 07:28:49.521 W/FreeFormWindowHelper( 1487): Current Display FreeFormTask is null
01-11 07:28:49.524 I/wm_task_moved( 1487): [83,1,12]
01-11 07:28:49.527 I/wm_task_moved( 1487): [84,1,2147483647]
01-11 07:28:49.527 I/wm_task_to_front( 1487): [0,84]
01-11 07:28:49.527 I/wm_focused_root_task( 1487): [0,0,83,89,RecentsAnimation.onAnimationFinished()]
01-11 07:28:49.527 I/wm_set_resumed_activity( 1487): [0,com.android.launcher3/.uioverrides.QuickstepLauncher,RecentsAnimation.onAnimationFinished()]
01-11 07:28:49.527 I/wm_on_top_resumed_lost_called(24813): [65274594,com.android.documentsui.files.FilesActivity,topStateChangedWhenResumed]
01-11 07:28:49.528 I/wm_pause_activity( 1487): [0,65274594,com.android.documentsui/.files.FilesActivity,userLeaving=true,pauseBackTasks]
01-11 07:28:49.530 I/wm_add_to_stopping( 1487): [0,65274594,com.android.documentsui/.files.FilesActivity,makeInvisible]
01-11 07:28:49.530 I/ActivityTaskManager( 1487): FOREGROUND_APPLICATION_CHANGED to com.android.launcher3.uioverrides.QuickstepLauncher
01-11 07:28:49.530 I/wm_set_resumed_activity( 1487): [0,com.android.launcher3/.uioverrides.QuickstepLauncher,resumeTopActivityInnerLocked]
01-11 07:28:49.533 I/wm_resume_activity( 1487): [0,124244050,84,com.android.launcher3/.uioverrides.QuickstepLauncher]
01-11 07:28:49.534 I/wm_on_resume_called(25108): [124244050,com.android.launcher3.uioverrides.QuickstepLauncher,RESUME_ACTIVITY]
01-11 07:28:49.541 I/input_focus( 1487): [Focus request 76b7596 com.android.launcher3/com.android.launcher3.uioverrides.QuickstepLauncher,reason=UpdateInputWindows]
01-11 07:28:49.543 I/wm_on_paused_called(24813): [65274594,com.android.documentsui.files.FilesActivity,performPause]
01-11 07:28:49.545 I/wm_on_top_resumed_gained_called(25108): [124244050,com.android.launcher3.uioverrides.QuickstepLauncher,topStateChangedWhenResumed]
01-11 07:28:49.547 I/wm_stop_activity( 1487): [0,65274594,com.android.documentsui/.files.FilesActivity]
01-11 07:28:49.547 I/sysui_multi_action( 1487): [757,803,799,window_time_0,802,2]
01-11 07:28:49.551 I/sysui_multi_action( 1487): [757,803,799,window_time_0,802,0]
01-11 07:28:49.556 I/input_focus( 1487): [Focus leaving recents_animation_input_consumer (server),reason=NOT_VISIBLE]
01-11 07:28:49.556 I/input_focus( 1487): [Focus entering 76b7596 com.android.launcher3/com.android.launcher3.uioverrides.QuickstepLauncher (server),reason=setFocusedWindow]
01-11 07:28:49.568 I/wm_on_stop_called(24813): [65274594,com.android.documentsui.files.FilesActivity,STOP_ACTIVITY_ITEM]
01-11 07:28:49.588 W/ContextImpl(19692): Calling a method in the system process without a qualified user: android.app.ContextImpl.startService:1816 android.content.ContextWrapper.startService:774 com.thundercomm.gamemode.ingame.services.GameModeActionUtils.startGameModeService:111 com.thundercomm.gamemode.ingame.services.GameModeActionUtils.startGameModeEntry:22 com.thundercomm.gamemode.ingame.services.ActivityMonitoringService$1.onActivityLaunch:129
01-11 07:28:49.593 I/GameModeConfig( 1487): Current uri is uri = content://com.thundercomm.gamemode.api/gamemode_settings/gamemode_isgaming
01-11 07:28:49.596 I/GameModeConfig( 1487): isGameModeOn = false
01-11 07:28:49.596 I/GameModeConfig( 1487): isGameModeOn = false
01-11 07:28:49.596 I/GameModeConfig( 1487): isDisableVoice = true
01-11 07:28:49.642 W/FreeFormWindowHelper( 1487): Current Display FreeFormTask is null
01-11 07:28:49.643 W/FreeFormWindowHelper( 1487): Current Display FreeFormTask is null
01-11 07:28:49.643 W/FreeFormWindowHelper( 1487): Current Display FreeFormTask is null
01-11 07:28:49.649 W/ContextImpl(19692): Calling a method in the system process without a qualified user: android.app.ContextImpl.startService:1816 android.content.ContextWrapper.startService:774 com.thundercomm.gamemode.ingame.services.GameModeActionUtils.startGameModeService:111 com.thundercomm.gamemode.ingame.services.GameModeActionUtils.startGameModeEntry:22 com.thundercomm.gamemode.ingame.services.ActivityMonitoringService$1.onActivityLaunch:129
01-11 07:28:49.656 I/GameModeConfig( 1487): Current uri is uri = content://com.thundercomm.gamemode.api/gamemode_settings/gamemode_isgaming
01-11 07:28:49.657 I/GameModeConfig( 1487): isGameModeOn = false
01-11 07:28:49.658 I/GameModeConfig( 1487): isGameModeOn = false
01-11 07:28:49.658 I/GameModeConfig( 1487): isDisableVoice = true
01-11 07:28:50.143 I/auditd ( 0): type=1400 audit(0.0:14116): avc: denied { kill } for comm="swapper/2" capability=5 scontext=u:r:kernel:s0 tcontext=u:r:kernel:s0 tclass=capability permissive=0
01-01 11:29:03.505 I/ ( 0): read descriptors
01-01 11:29:03.505 I/ ( 0): read strings
01-11 07:28:50.568 I/input_interaction( 1487): Interaction with: 76b7596 com.android.launcher3/com.android.launcher3.uioverrides.QuickstepLauncher (server), c9f455c com.android.systemui.ImageWallpaper (server), edge-swipe (server), swipe-up (server), PointerEventDispatcher0 (server),
01-11 07:28:50.931 I/commit_sys_config_file( 1487): [settings-1-0,9]
01-11 07:28:51.139 I/auditd ( 0): type=1400 audit(0.0:14117): avc: denied { kill } for comm="swapper/2" capability=5 scontext=u:r:kernel:s0 tcontext=u:r:kernel:s0 tclass=capability permissive=0
01-11 07:28:51.350 E/TaskPersister( 1487): File error accessing recents directory (directory doesn't exist?).
01-01 11:29:04.525 I/ ( 0): read descriptors
01-01 11:29:04.525 I/ ( 0): read strings
01-11 07:28:51.449 I/thunderperf( 1487): PlatormCompat.setOverrides: Uid1=10071 Pid1=25108 Uid2=10071 Pid2=25108
01-11 07:28:51.449 I/thunderperf( 1487): PlatormCompat.setOverrides: needCheck:false
01-11 07:28:51.449 I/thunderperf( 1487): CompatConfig.addOverrideUnsafe: bef-state=1
01-11 07:28:51.449 E/thunderperf( 1487): CompatConfig.addOverrideUnsafe: exception:java.lang.SecurityException: Cannot override a change on a non-debuggable app and user build.
01-11 07:28:51.449 I/thunderperf( 1487): CompatConfig.addOverrideUnsafe: aft-state=1
01-11 07:28:51.450 I/thunderperf( 1487): CompatConfig.addOverrideUnsafe: bef-state=1
01-11 07:28:51.450 E/thunderperf( 1487): CompatConfig.addOverrideUnsafe: exception:java.lang.SecurityException: Cannot override a change on a non-debuggable app and user build.
01-11 07:28:51.450 I/thunderperf( 1487): CompatConfig.addOverrideUnsafe: aft-state=1
01-11 07:28:51.451 I/thunderperf( 1487): CompatConfig.addOverrideUnsafe: bef-state=1
01-11 07:28:51.451 E/thunderperf( 1487): CompatConfig.addOverrideUnsafe: exception:java.lang.SecurityException: Cannot override a change on a non-debuggable app and user build.
01-11 07:28:51.451 I/thunderperf( 1487): CompatConfig.addOverrideUnsafe: aft-state=1
01-11 07:28:51.452 I/thunderperf( 1487): CompatConfig.addOverrideUnsafe: bef-state=1
01-11 07:28:51.452 E/thunderperf( 1487): CompatConfig.addOverrideUnsafe: exception:java.lang.SecurityException: Cannot override a change on a non-debuggable app and user build.
01-11 07:28:51.452 I/thunderperf( 1487): CompatConfig.addOverrideUnsafe: aft-state=1
01-11 07:28:51.453 I/thunderperf( 1487): CompatConfig.addOverrideUnsafe: bef-state=1
01-11 07:28:51.453 E/thunderperf( 1487): CompatConfig.addOverrideUnsafe: exception:java.lang.SecurityException: Cannot override a change on a non-debuggable app and user build.
