01-11 07:29:11.320 E/thunderperf( 1487): CompatConfig.addOverrideUnsafe: exception:java.lang.SecurityException: Cannot override a change on a non-debuggable app and user build.
01-11 07:29:11.320 I/GameModeConfig( 1487): isGameModeOn = false
01-11 07:29:11.320 I/thunderperf( 1487): CompatConfig.addOverrideUnsafe: aft-state=1
01-11 07:29:11.320 I/GameModeConfig( 1487): isDisableVoice = true
01-11 07:29:11.320 I/thunderperf( 1487): CompatConfig.addOverrideUnsafe: bef-state=1
01-11 07:29:11.320 E/thunderperf( 1487): CompatConfig.addOverrideUnsafe: exception:java.lang.SecurityException: Cannot override a change on a non-debuggable app and user build.
01-11 07:29:11.320 I/thunderperf( 1487): CompatConfig.addOverrideUnsafe: aft-state=1
01-11 07:29:11.320 I/thunderperf( 1487): CompatConfig.addOverrideUnsafe: bef-state=1
01-11 07:29:11.320 E/thunderperf( 1487): CompatConfig.addOverrideUnsafe: exception:java.lang.SecurityException: Cannot override a change on a non-debuggable app and user build.
01-11 07:29:11.320 I/thunderperf( 1487): CompatConfig.addOverrideUnsafe: aft-state=1
01-11 07:29:11.320 I/thunderperf( 1487): CompatConfig.addOverrideUnsafe: bef-state=1
01-11 07:29:11.321 E/thunderperf( 1487): CompatConfig.addOverrideUnsafe: exception:java.lang.SecurityException: Cannot override a change on a non-debuggable app and user build.
01-11 07:29:11.321 I/thunderperf( 1487): CompatConfig.addOverrideUnsafe: aft-state=1
01-11 07:29:11.322 I/ActivityTaskManager( 1487): START u0 {dat=//com.android.documentsui.launchControl flg=0x10280000 cmp=com.android.documentsui/.files.FilesActivity (has extras)} from uid 10026
01-11 07:29:11.322 I/wm_task_moved( 1487): [89,1,13]
01-11 07:29:11.322 I/wm_task_to_front( 1487): [0,89]
01-11 07:29:11.323 I/wm_focused_root_task( 1487): [0,0,89,94,bringingFoundTaskToFront]
01-11 07:29:11.323 I/wm_set_resumed_activity( 1487): [0,com.android.documentsui/.files.FilesActivity,bringingFoundTaskToFront]
01-11 07:29:11.323 I/wm_new_intent( 1487): [0,65274594,89,com.android.documentsui/.files.FilesActivity,NULL,NULL,//com.android.documentsui.launchControl,271056896]
01-11 07:29:11.324 I/wm_pause_activity( 1487): [0,66609481,com.android.documentsui/.LauncherActivity,userLeaving=true,pauseBackTasks]
01-11 07:29:11.325 I/wm_finish_activity( 1487): [0,66609481,94,com.android.documentsui/.LauncherActivity,app-request]
01-11 07:29:11.326 I/wm_on_create_called(24813): [66609481,com.android.documentsui.LauncherActivity,performCreate]
01-11 07:29:11.327 I/wm_add_to_stopping( 1487): [0,66609481,com.android.documentsui/.LauncherActivity,completeFinishing]
01-11 07:29:11.327 I/ActivityTaskManager( 1487): FOREGROUND_APPLICATION_CHANGED to com.android.documentsui.files.FilesActivity
01-11 07:29:11.328 I/wm_set_resumed_activity( 1487): [0,com.android.documentsui/.files.FilesActivity,resumeTopActivityInnerLocked]
01-11 07:29:11.328 I/wm_add_to_stopping( 1487): [0,124244050,com.android.launcher3/.uioverrides.QuickstepLauncher,makeInvisible]
01-11 07:29:11.329 I/wm_resume_activity( 1487): [0,65274594,89,com.android.documentsui/.files.FilesActivity]
01-11 07:29:11.330 I/wm_on_restart_called(24813): [65274594,com.android.documentsui.files.FilesActivity,performRestartActivity]
01-11 07:29:11.330 I/wm_destroy_activity( 1487): [0,66609481,94,com.android.documentsui/.LauncherActivity,finish-imm:idle]
01-11 07:29:11.331 I/sysui_multi_action( 1487): [757,803,799,window_time_0,802,0]
01-11 07:29:11.332 I/wm_on_start_called(24813): [65274594,com.android.documentsui.files.FilesActivity,handleStartActivity]
01-11 07:29:11.334 I/wm_on_resume_called(24813): [65274594,com.android.documentsui.files.FilesActivity,RESUME_ACTIVITY]
01-11 07:29:11.335 I/wm_on_top_resumed_gained_called(24813): [65274594,com.android.documentsui.files.FilesActivity,topWhenResuming]
01-11 07:29:11.344 I/input_focus( 1487): [Focus request 7d6e892 com.android.documentsui/com.android.documentsui.files.FilesActivity,reason=UpdateInputWindows]
01-11 07:29:11.359 I/input_focus( 1487): [Focus leaving 76b7596 com.android.launcher3/com.android.launcher3.uioverrides.QuickstepLauncher (server),reason=NO_WINDOW]
01-11 07:29:11.360 I/wm_on_destroy_called(24813): [66609481,com.android.documentsui.LauncherActivity,performDestroy]
01-11 07:29:11.363 I/sysui_multi_action( 1487): [319,64,322,62,325,12562,757,761,758,8,759,2,806,com.android.documentsui,871,com.android.documentsui.files.FilesActivity,904,com.android.documentsui,905,0,1320,4,1321,1]
01-11 07:29:11.364 I/wm_activity_launch_time( 1487): [0,65274594,com.android.documentsui/.files.FilesActivity,62]
01-11 07:29:11.365 I/wm_task_removed( 1487): [94,removeChild:removeChild last r=ActivityRecord{3f86149 u0 com.android.documentsui/.LauncherActivity t-1 f}} in t=Task{d1f4d5a #94 type=standard A=10026:com.android.documentsui U=0 visible=false mode=fullscreen translucent=true sz=0}]
01-11 07:29:11.365 I/wm_task_removed( 1487): [94,removeChild]
01-11 07:29:11.375 I/input_focus( 1487): [Focus entering 7d6e892 com.android.documentsui/com.android.documentsui.files.FilesActivity (server),reason=setFocusedWindow]
01-11 07:29:11.430 W/FreeFormWindowHelper( 1487): Current Display FreeFormTask is null
01-11 07:29:11.430 W/FreeFormWindowHelper( 1487): Current Display FreeFormTask is null
01-11 07:29:11.430 W/FreeFormWindowHelper( 1487): Current Display FreeFormTask is null
01-11 07:29:11.433 W/ContextImpl(19692): Calling a method in the system process without a qualified user: android.app.ContextImpl.startService:1816 android.content.ContextWrapper.startService:774 com.thundercomm.gamemode.ingame.services.GameModeActionUtils.startGameModeService:111 com.thundercomm.gamemode.ingame.services.GameModeActionUtils.startGameModeEntry:22 com.thundercomm.gamemode.ingame.services.ActivityMonitoringService$1.onActivityLaunch:129
01-11 07:29:11.434 I/GameModeConfig( 1487): Current uri is uri = content://com.thundercomm.gamemode.api/gamemode_settings/gamemode_isgaming
01-11 07:29:11.435 I/GameModeConfig( 1487): isGameModeOn = false
01-11 07:29:11.435 I/GameModeConfig( 1487): isGameModeOn = false
01-11 07:29:11.435 I/GameModeConfig( 1487): isDisableVoice = true
01-01 11:29:24.936 I/ ( 0): read descriptors
01-01 11:29:24.936 I/ ( 0): read strings
01-11 07:29:11.892 I/wm_stop_activity( 1487): [0,124244050,com.android.launcher3/.uioverrides.QuickstepLauncher]
01-11 07:29:11.910 I/wm_on_stop_called(25108): [124244050,com.android.launcher3.uioverrides.QuickstepLauncher,STOP_ACTIVITY_ITEM]
01-11 07:29:11.929 W/ContextImpl(19692): Calling a method in the system process without a qualified user: android.app.ContextImpl.startService:1816 android.content.ContextWrapper.startService:774 com.thundercomm.gamemode.ingame.services.GameModeActionUtils.startGameModeService:111 com.thundercomm.gamemode.ingame.services.GameModeActionUtils.startGameModeEntry:22 com.thundercomm.gamemode.ingame.services.ActivityMonitoringService$1.onActivityLaunch:129
01-11 07:29:11.930 I/GameModeConfig( 1487): Current uri is uri = content://com.thundercomm.gamemode.api/gamemode_settings/gamemode_isgaming
01-11 07:29:11.931 I/GameModeConfig( 1487): isGameModeOn = false
01-11 07:29:11.931 I/GameModeConfig( 1487): isGameModeOn = false
01-11 07:29:11.931 I/GameModeConfig( 1487): isDisableVoice = true
01-11 07:29:12.030 I/input_interaction( 1487): Interaction with: 7d6e892 com.android.documentsui/com.android.documentsui.files.FilesActivity (server), edge-swipe (server), swipe-up (server), PointerEventDispatcher0 (server),
01-11 07:29:12.086 W/FreeFormWindowHelper( 1487): Current Display FreeFormTask is null
01-11 07:29:12.086 W/FreeFormWindowHelper( 1487): Current Display FreeFormTask is null
01-11 07:29:12.086 W/FreeFormWindowHelper( 1487): Current Display FreeFormTask is null
01-11 07:29:12.086 W/FreeFormWindowHelper( 1487): Current Display FreeFormTask is null
01-11 07:29:12.086 W/FreeFormWindowHelper( 1487): Current Display FreeFormTask is null
01-11 07:29:12.086 W/FreeFormWindowHelper( 1487): Current Display FreeFormTask is null
01-11 07:29:12.086 W/FreeFormWindowHelper( 1487): Current Display FreeFormTask is null
01-11 07:29:12.087 I/wm_task_moved( 1487): [83,0,0]
01-11 07:29:12.087 I/wm_task_moved( 1487): [83,0,11]
01-11 07:29:12.092 I/wm_on_restart_called(25108): [124244050,com.android.launcher3.uioverrides.QuickstepLauncher,performRestartActivity]
01-11 07:29:12.093 W/FreeFormWindowHelper( 1487): Current Display FreeFormTask is null
01-11 07:29:12.095 W/ContextImpl(19692): Calling a method in the system process without a qualified user: android.app.ContextImpl.startService:1816 android.content.ContextWrapper.startService:774 com.thundercomm.gamemode.ingame.services.GameModeActionUtils.startGameModeService:111 com.thundercomm.gamemode.ingame.services.GameModeActionUtils.startGameModeEntry:22 com.thundercomm.gamemode.ingame.services.ActivityMonitoringService$1.onActivityLaunch:129
01-11 07:29:12.096 I/GameModeConfig( 1487): Current uri is uri = content://com.thundercomm.gamemode.api/gamemode_settings/gamemode_isgaming
01-11 07:29:12.097 I/GameModeConfig( 1487): isGameModeOn = false
01-11 07:29:12.097 I/GameModeConfig( 1487): isGameModeOn = false
01-11 07:29:12.097 I/GameModeConfig( 1487): isDisableVoice = true
01-11 07:29:12.105 I/wm_on_start_called(25108): [124244050,com.android.launcher3.uioverrides.QuickstepLauncher,handleStartActivity]
01-11 07:29:12.111 W/FreeFormWindowHelper( 1487): Current Display FreeFormTask is null
01-11 07:29:12.116 I/sysui_multi_action( 1487): [319,2,322,27,325,12562,757,761,758,9,759,5,806,com.android.launcher3,871,com.android.launcher3.uioverrides.QuickstepLauncher,904,com.android.launcher3,905,0,1320,8,1321,5]
01-11 07:29:12.127 W/FreeFormWindowHelper( 1487): Current Display FreeFormTask is null
01-11 07:29:12.139 I/auditd ( 0): type=1400 audit(0.0:14137): avc: denied { kill } for comm="swapper/1" capability=5 scontext=u:r:kernel:s0 tcontext=u:r:kernel:s0 tclass=capability permissive=0
01-11 07:29:12.154 I/view_enqueue_input_event(24813): [Motion - Cancel,com.android.documentsui/com.android.documentsui.files.FilesActivity]
01-11 07:29:12.165 I/sysui_latency(25108): [1,27]
01-11 07:29:12.167 I/input_interaction( 1487): Interaction with: edge-swipe (server), swipe-up (server), PointerEventDispatcher0 (server),
01-11 07:29:12.175 I/input_focus( 1487): [Focus request recents_animation_input_consumer,reason=UpdateInputWindows]
01-11 07:29:12.185 W/FreeFormWindowHelper( 1487): Current Display FreeFormTask is null
01-11 07:29:12.186 W/FreeFormWindowHelper( 1487): Current Display FreeFormTask is null
01-11 07:29:12.192 W/FreeFormWindowHelper( 1487): Current Display FreeFormTask is null
01-11 07:29:12.193 I/input_focus( 1487): [Focus leaving 7d6e892 com.android.documentsui/com.android.documentsui.files.FilesActivity (server),reason=NOT_FOCUSABLE]
01-11 07:29:12.193 I/input_focus( 1487): [Focus entering recents_animation_input_consumer (server),reason=setFocusedWindow]
01-11 07:29:12.209 W/FreeFormWindowHelper( 1487): Current Display FreeFormTask is null
01-11 07:29:12.292 W/FreeFormWindowHelper( 1487): Current Display FreeFormTask is null
01-11 07:29:12.296 I/commit_sys_config_file( 1487): [settings-1-0,1]
01-11 07:29:12.415 I/sysui_latency( 1487): [8,28]
01-01 11:29:25.956 I/ ( 0): read descriptors
01-01 11:29:25.956 I/ ( 0): read strings
01-11 07:29:13.396 W/FreeFormWindowHelper( 1487): Current Display FreeFormTask is null
01-11 07:29:13.403 I/wm_task_moved( 1487): [83,1,12]
01-11 07:29:13.405 I/wm_task_moved( 1487): [84,1,2147483647]
01-11 07:29:13.405 I/wm_task_to_front( 1487): [0,84]
01-11 07:29:13.405 I/wm_focused_root_task( 1487): [0,0,83,89,RecentsAnimation.onAnimationFinished()]
01-11 07:29:13.406 I/wm_set_resumed_activity( 1487): [0,com.android.launcher3/.uioverrides.QuickstepLauncher,RecentsAnimation.onAnimationFinished()]
01-11 07:29:13.407 I/wm_pause_activity( 1487): [0,65274594,com.android.documentsui/.files.FilesActivity,userLeaving=true,pauseBackTasks]
01-11 07:29:13.408 I/wm_add_to_stopping( 1487): [0,65274594,com.android.documentsui/.files.FilesActivity,makeInvisible]
01-11 07:29:13.408 I/ActivityTaskManager( 1487): FOREGROUND_APPLICATION_CHANGED to com.android.launcher3.uioverrides.QuickstepLauncher
01-11 07:29:13.409 I/wm_set_resumed_activity( 1487): [0,com.android.launcher3/.uioverrides.QuickstepLauncher,resumeTopActivityInnerLocked]
01-11 07:29:13.409 I/wm_on_top_resumed_lost_called(24813): [65274594,com.android.documentsui.files.FilesActivity,topStateChangedWhenResumed]
01-11 07:29:13.414 I/wm_resume_activity( 1487): [0,124244050,84,com.android.launcher3/.uioverrides.QuickstepLauncher]
01-11 07:29:13.417 I/wm_on_resume_called(25108): [124244050,com.android.launcher3.uioverrides.QuickstepLauncher,RESUME_ACTIVITY]
01-11 07:29:13.422 I/input_focus( 1487): [Focus request 76b7596 com.android.launcher3/com.android.launcher3.uioverrides.QuickstepLauncher,reason=UpdateInputWindows]
01-11 07:29:13.424 I/wm_on_top_resumed_gained_called(25108): [124244050,com.android.launcher3.uioverrides.QuickstepLauncher,topStateChangedWhenResumed]
01-11 07:29:13.425 I/wm_on_paused_called(24813): [65274594,com.android.documentsui.files.FilesActivity,performPause]
01-11 07:29:13.430 I/input_focus( 1487): [Focus leaving recents_animation_input_consumer (server),reason=NOT_VISIBLE]
01-11 07:29:13.431 I/input_focus( 1487): [Focus entering 76b7596 com.android.launcher3/com.android.launcher3.uioverrides.QuickstepLauncher (server),reason=setFocusedWindow]
01-11 07:29:13.440 I/wm_stop_activity( 1487): [0,65274594,com.android.documentsui/.files.FilesActivity]
01-11 07:29:13.444 I/sysui_multi_action( 1487): [757,803,799,window_time_0,802,2]
01-11 07:29:13.448 I/wm_on_stop_called(24813): [65274594,com.android.documentsui.files.FilesActivity,STOP_ACTIVITY_ITEM]
01-11 07:29:13.451 I/sysui_multi_action( 1487): [757,803,799,window_time_0,802,0]
01-11 07:29:13.483 W/ContextImpl(19692): Calling a method in the system process without a qualified user: android.app.ContextImpl.startService:1816 android.content.ContextWrapper.startService:774 com.thundercomm.gamemode.ingame.services.GameModeActionUtils.startGameModeService:111 com.thundercomm.gamemode.ingame.services.GameModeActionUtils.startGameModeEntry:22 com.thundercomm.gamemode.ingame.services.ActivityMonitoringService$1.onActivityLaunch:129
01-11 07:29:13.487 I/GameModeConfig( 1487): Current uri is uri = content://com.thundercomm.gamemode.api/gamemode_settings/gamemode_isgaming
01-11 07:29:13.490 I/GameModeConfig( 1487): isGameModeOn = false
01-11 07:29:13.490 I/GameModeConfig( 1487): isGameModeOn = false
01-11 07:29:13.490 I/GameModeConfig( 1487): isDisableVoice = true
01-11 07:29:13.526 W/FreeFormWindowHelper( 1487): Current Display FreeFormTask is null
01-11 07:29:13.526 W/FreeFormWindowHelper( 1487): Current Display FreeFormTask is null
01-11 07:29:13.526 W/FreeFormWindowHelper( 1487): Current Display FreeFormTask is null
01-11 07:29:13.532 W/ContextImpl(19692): Calling a method in the system process without a qualified user: android.app.ContextImpl.startService:1816 android.content.ContextWrapper.startService:774 com.thundercomm.gamemode.ingame.services.GameModeActionUtils.startGameModeService:111 com.thundercomm.gamemode.ingame.services.GameModeActionUtils.startGameModeEntry:22 com.thundercomm.gamemode.ingame.services.ActivityMonitoringService$1.onActivityLaunch:129
01-11 07:29:13.536 I/GameModeConfig( 1487): Current uri is uri = content://com.thundercomm.gamemode.api/gamemode_settings/gamemode_isgaming
01-11 07:29:13.538 I/GameModeConfig( 1487): isGameModeOn = false
01-11 07:29:13.538 I/GameModeConfig( 1487): isGameModeOn = false
01-11 07:29:13.538 I/GameModeConfig( 1487): isDisableVoice = true
01-11 07:29:13.732 I/input_interaction( 1487): Interaction with: 76b7596 com.android.launcher3/com.android.launcher3.uioverrides.QuickstepLauncher (server), c9f455c com.android.systemui.ImageWallpaper (server), edge-swipe (server), swipe-up (server), PointerEventDispatcher0 (server),
01-01 11:29:26.973 I/ ( 0): read descriptors
01-01 11:29:26.973 I/ ( 0): read strings
01-11 07:29:14.104 I/commit_sys_config_file( 1487): [settings-1-0,5]
01-11 07:29:14.139 I/auditd ( 0): type=1400 audit(0.0:14138): avc: denied { kill } for comm="swapper/7" capability=5 scontext=u:r:kernel:s0 tcontext=u:r:kernel:s0 tclass=capability permissive=0
01-01 11:29:27.993 I/ ( 0): read descriptors
01-01 11:29:27.993 I/ ( 0): read strings
01-11 07:29:14.894 I/thunderperf( 1487): PlatormCompat.setOverrides: Uid1=10071 Pid1=25108 Uid2=10071 Pid2=25108
01-11 07:29:14.894 I/thunderperf( 1487): PlatormCompat.setOverrides: needCheck:false
01-11 07:29:14.894 I/thunderperf( 1487): CompatConfig.addOverrideUnsafe: bef-state=1
01-11 07:29:14.895 E/thunderperf( 1487): CompatConfig.addOverrideUnsafe: exception:java.lang.SecurityException: Cannot override a change on a non-debuggable app and user build.
01-11 07:29:14.895 I/thunderperf( 1487): CompatConfig.addOverrideUnsafe: aft-state=1
01-11 07:29:14.896 I/thunderperf( 1487): CompatConfig.addOverrideUnsafe: bef-state=1
01-11 07:29:14.896 E/thunderperf( 1487): CompatConfig.addOverrideUnsafe: exception:java.lang.SecurityException: Cannot override a change on a non-debuggable app and user build.
01-11 07:29:14.897 I/thunderperf( 1487): CompatConfig.addOverrideUnsafe: aft-state=1
01-11 07:29:14.897 I/thunderperf( 1487): CompatConfig.addOverrideUnsafe: bef-state=1
01-11 07:29:14.898 E/thunderperf( 1487): CompatConfig.addOverrideUnsafe: exception:java.lang.SecurityException: Cannot override a change on a non-debuggable app and user build.
01-11 07:29:14.898 I/thunderperf( 1487): CompatConfig.addOverrideUnsafe: aft-state=1
01-11 07:29:14.899 I/thunderperf( 1487): CompatConfig.addOverrideUnsafe: bef-state=1
01-11 07:29:14.899 E/thunderperf( 1487): CompatConfig.addOverrideUnsafe: exception:java.lang.SecurityException: Cannot override a change on a non-debuggable app and user build.
01-11 07:29:14.899 I/thunderperf( 1487): CompatConfig.addOverrideUnsafe: aft-state=1
01-11 07:29:14.900 I/thunderperf( 1487): CompatConfig.addOverrideUnsafe: bef-state=1
01-11 07:29:14.901 E/thunderperf( 1487): CompatConfig.addOverrideUnsafe: exception:java.lang.SecurityException: Cannot override a change on a non-debuggable app and user build.
01-11 07:29:14.901 I/thunderperf( 1487): CompatConfig.addOverrideUnsafe: aft-state=1
01-11 07:29:14.902 I/thunderperf( 1487): CompatConfig.addOverrideUnsafe: bef-state=1
01-11 07:29:14.902 E/thunderperf( 1487): CompatConfig.addOverrideUnsafe: exception:java.lang.SecurityException: Cannot override a change on a non-debuggable app and user build.
01-11 07:29:14.902 I/thunderperf( 1487): CompatConfig.addOverrideUnsafe: aft-state=1
01-11 07:29:14.903 I/thunderperf( 1487): CompatConfig.addOverrideUnsafe: bef-state=1
01-11 07:29:14.904 E/thunderperf( 1487): CompatConfig.addOverrideUnsafe: exception:java.lang.SecurityException: Cannot override a change on a non-debuggable app and user build.
01-11 07:29:14.904 I/thunderperf( 1487): CompatConfig.addOverrideUnsafe: aft-state=1
01-11 07:29:14.905 I/thunderperf( 1487): CompatConfig.addOverrideUnsafe: bef-state=1
01-11 07:29:14.905 E/thunderperf( 1487): CompatConfig.addOverrideUnsafe: exception:java.lang.SecurityException: Cannot override a change on a non-debuggable app and user build.
01-11 07:29:14.905 I/thunderperf( 1487): CompatConfig.addOverrideUnsafe: aft-state=1
01-11 07:29:14.906 I/thunderperf( 1487): CompatConfig.addOverrideUnsafe: bef-state=1
01-11 07:29:14.906 E/thunderperf( 1487): CompatConfig.addOverrideUnsafe: exception:java.lang.SecurityException: Cannot override a change on a non-debuggable app and user build.
01-11 07:29:14.906 I/thunderperf( 1487): CompatConfig.addOverrideUnsafe: aft-state=1
01-11 07:29:14.907 I/thunderperf( 1487): CompatConfig.addOverrideUnsafe: bef-state=1
01-11 07:29:14.907 E/thunderperf( 1487): CompatConfig.addOverrideUnsafe: exception:java.lang.SecurityException: Cannot override a change on a non-debuggable app and user build.
01-11 07:29:14.907 I/thunderperf( 1487): CompatConfig.addOverrideUnsafe: aft-state=1
01-11 07:29:14.908 I/thunderperf( 1487): CompatConfig.addOverrideUnsafe: bef-state=1
01-11 07:29:14.908 E/thunderperf( 1487): CompatConfig.addOverrideUnsafe: exception:java.lang.SecurityException: Cannot override a change on a non-debuggable app and user build.
01-11 07:29:14.908 I/thunderperf( 1487): CompatConfig.addOverrideUnsafe: aft-state=1
01-11 07:29:14.909 I/thunderperf( 1487): CompatConfig.addOverrideUnsafe: bef-state=1
01-11 07:29:14.909 E/thunderperf( 1487): CompatConfig.addOverrideUnsafe: exception:java.lang.SecurityException: Cannot override a change on a non-debuggable app and user build.
01-11 07:29:14.909 I/thunderperf( 1487): CompatConfig.addOverrideUnsafe: aft-state=1
01-11 07:29:14.910 I/thunderperf( 1487): CompatConfig.addOverrideUnsafe: bef-state=1
01-11 07:29:14.910 E/thunderperf( 1487): CompatConfig.addOverrideUnsafe: exception:java.lang.SecurityException: Cannot override a change on a non-debuggable app and user build.
01-11 07:29:14.910 I/thunderperf( 1487): CompatConfig.addOverrideUnsafe: aft-state=1
01-11 07:29:14.910 I/thunderperf( 1487): CompatConfig.addOverrideUnsafe: bef-state=1
01-11 07:29:14.911 E/thunderperf( 1487): CompatConfig.addOverrideUnsafe: exception:java.lang.SecurityException: Cannot override a change on a non-debuggable app and user build.
01-11 07:29:14.911 I/thunderperf( 1487): CompatConfig.addOverrideUnsafe: aft-state=1
01-11 07:29:14.916 I/ActivityTaskManager( 1487): START u0 {act=android.intent.action.MAIN cat=[android.intent.category.LAUNCHER] flg=0x10200000 cmp=com.android.deskclock/.DeskClock bnds=[590,252][890,550]} from uid 10071
01-11 07:29:14.918 I/wm_task_moved( 1487): [86,1,12]
01-11 07:29:14.918 I/wm_task_to_front( 1487): [0,86]
01-11 07:29:14.919 I/wm_focused_root_task( 1487): [0,0,86,83,bringingFoundTaskToFront]
01-11 07:29:14.920 I/wm_set_resumed_activity( 1487): [0,com.android.deskclock/.DeskClock,bringingFoundTaskToFront]
01-11 07:29:14.920 I/wm_new_intent( 1487): [0,73309397,86,com.android.deskclock/.DeskClock,android.intent.action.MAIN,NULL,NULL,270532608]
01-11 07:29:14.923 I/wm_pause_activity( 1487): [0,124244050,com.android.launcher3/.uioverrides.QuickstepLauncher,userLeaving=true,pauseBackTasks]
01-11 07:29:14.930 I/wm_on_top_resumed_lost_called(25108): [124244050,com.android.launcher3.uioverrides.QuickstepLauncher,topStateChangedWhenResumed]
01-11 07:29:14.936 I/wm_on_paused_called(25108): [124244050,com.android.launcher3.uioverrides.QuickstepLauncher,performPause]
01-11 07:29:14.938 I/ActivityTaskManager( 1487): FOREGROUND_APPLICATION_CHANGED to com.android.deskclock.DeskClock
01-11 07:29:14.940 I/wm_set_resumed_activity( 1487): [0,com.android.deskclock/.DeskClock,resumeTopActivityInnerLocked]
01-11 07:29:14.941 I/wm_add_to_stopping( 1487): [0,124244050,com.android.launcher3/.uioverrides.QuickstepLauncher,makeInvisible]
01-11 07:29:14.943 I/wm_resume_activity( 1487): [0,73309397,86,com.android.deskclock/.DeskClock]
01-11 07:29:14.959 I/wm_on_restart_called(23991): [73309397,com.android.deskclock.DeskClock,performRestartActivity]
01-11 07:29:14.959 I/sysui_multi_action( 1487): [757,803,799,window_time_0,802,1]
01-11 07:29:14.962 I/wm_on_start_called(23991): [73309397,com.android.deskclock.DeskClock,handleStartActivity]
01-11 07:29:14.962 I/wm_on_resume_called(23991): [73309397,com.android.deskclock.DeskClock,RESUME_ACTIVITY]
01-11 07:29:14.962 W/ContextImpl(19692): Calling a method in the system process without a qualified user: android.app.ContextImpl.startService:1816 android.content.ContextWrapper.startService:774 com.thundercomm.gamemode.ingame.services.GameModeActionUtils.startGameModeService:111 com.thundercomm.gamemode.ingame.services.GameModeActionUtils.startGameModeEntry:22 com.thundercomm.gamemode.ingame.services.ActivityMonitoringService$1.onActivityLaunch:129
01-11 07:29:14.964 I/wm_on_top_resumed_gained_called(23991): [73309397,com.android.deskclock.DeskClock,topWhenResuming]
01-11 07:29:14.967 I/input_focus( 1487): [Focus leaving 76b7596 com.android.launcher3/com.android.launcher3.uioverrides.QuickstepLauncher (server),reason=NO_WINDOW]
01-11 07:29:14.967 I/GameModeConfig( 1487): Current uri is uri = content://com.thundercomm.gamemode.api/gamemode_settings/gamemode_isgaming
01-11 07:29:14.971 I/input_focus( 1487): [Focus request 6506da8 com.android.deskclock/com.android.deskclock.DeskClock,reason=UpdateInputWindows]
01-11 07:29:14.978 I/GameModeConfig( 1487): isGameModeOn = false
01-11 07:29:14.979 I/GameModeConfig( 1487): isGameModeOn = false
01-11 07:29:14.979 I/GameModeConfig( 1487): isDisableVoice = true
01-11 07:29:14.985 I/sysui_multi_action( 1487): [319,32,321,28,322,64,325,12565,757,761,758,9,759,4,806,com.android.deskclock,871,com.android.deskclock.DeskClock,904,com.android.launcher3,905,0,1320,17,1321,1]
01-11 07:29:14.985 I/input_focus( 1487): [Focus entering 6506da8 com.android.deskclock/com.android.deskclock.DeskClock (server),reason=setFocusedWindow]
01-11 07:29:15.046 W/FreeFormWindowHelper( 1487): Current Display FreeFormTask is null
01-11 07:29:15.046 W/FreeFormWindowHelper( 1487): Current Display FreeFormTask is null
01-11 07:29:15.046 W/FreeFormWindowHelper( 1487): Current Display FreeFormTask is null
01-11 07:29:15.054 W/ContextImpl(19692): Calling a method in the system process without a qualified user: android.app.ContextImpl.startService:1816 android.content.ContextWrapper.startService:774 com.thundercomm.gamemode.ingame.services.GameModeActionUtils.startGameModeService:111 com.thundercomm.gamemode.ingame.services.GameModeActionUtils.startGameModeEntry:22 com.thundercomm.gamemode.ingame.services.ActivityMonitoringService$1.onActivityLaunch:129
01-11 07:29:15.058 I/GameModeConfig( 1487): Current uri is uri = content://com.thundercomm.gamemode.api/gamemode_settings/gamemode_isgaming
01-11 07:29:15.059 I/GameModeConfig( 1487): isGameModeOn = false
01-11 07:29:15.060 I/GameModeConfig( 1487): isGameModeOn = false
01-11 07:29:15.060 I/GameModeConfig( 1487): isDisableVoice = true
01-11 07:29:15.139 I/auditd ( 0): type=1400 audit(0.0:14139): avc: denied { kill } for comm="swapper/7" capability=5 scontext=u:r:kernel:s0 tcontext=u:r:kernel:s0 tclass=capability permissive=0
01-11 07:29:15.489 I/wm_stop_activity( 1487): [0,124244050,com.android.launcher3/.uioverrides.QuickstepLauncher]
01-11 07:29:15.512 I/wm_on_stop_called(25108): [124244050,com.android.launcher3.uioverrides.QuickstepLauncher,STOP_ACTIVITY_ITEM]
01-11 07:29:15.534 W/ContextImpl(19692): Calling a method in the system process without a qualified user: android.app.ContextImpl.startService:1816 android.content.ContextWrapper.startService:774 com.thundercomm.gamemode.ingame.services.GameModeActionUtils.startGameModeService:111 com.thundercomm.gamemode.ingame.services.GameModeActionUtils.startGameModeEntry:22 com.thundercomm.gamemode.ingame.services.ActivityMonitoringService$1.onActivityLaunch:129
01-11 07:29:15.538 I/GameModeConfig( 1487): Current uri is uri = content://com.thundercomm.gamemode.api/gamemode_settings/gamemode_isgaming
01-11 07:29:15.540 I/GameModeConfig( 1487): isGameModeOn = false
01-11 07:29:15.541 I/GameModeConfig( 1487): isGameModeOn = false
01-11 07:29:15.541 I/GameModeConfig( 1487): isDisableVoice = true
01-11 07:29:15.679 I/input_interaction( 1487): Interaction with: 6506da8 com.android.deskclock/com.android.deskclock.DeskClock (server), edge-swipe (server), swipe-up (server), PointerEventDispatcher0 (server),
01-11 07:29:15.680 I/service_manager_stats( 1487): [100,38,20477]
01-11 07:29:15.738 W/FreeFormWindowHelper( 1487): Current Display FreeFormTask is null
01-11 07:29:15.738 W/FreeFormWindowHelper( 1487): Current Display FreeFormTask is null
01-11 07:29:15.738 W/FreeFormWindowHelper( 1487): Current Display FreeFormTask is null
01-11 07:29:15.738 W/FreeFormWindowHelper( 1487): Current Display FreeFormTask is null
01-11 07:29:15.738 W/FreeFormWindowHelper( 1487): Current Display FreeFormTask is null
01-11 07:29:15.738 W/FreeFormWindowHelper( 1487): Current Display FreeFormTask is null
01-11 07:29:15.738 W/FreeFormWindowHelper( 1487): Current Display FreeFormTask is null
01-11 07:29:15.741 I/wm_task_moved( 1487): [83,0,0]
01-11 07:29:15.742 I/wm_task_moved( 1487): [83,0,11]
01-11 07:29:15.760 I/wm_on_restart_called(25108): [124244050,com.android.launcher3.uioverrides.QuickstepLauncher,performRestartActivity]
01-11 07:29:15.763 W/ContextImpl(19692): Calling a method in the system process without a qualified user: android.app.ContextImpl.startService:1816 android.content.ContextWrapper.startService:774 com.thundercomm.gamemode.ingame.services.GameModeActionUtils.startGameModeService:111 com.thundercomm.gamemode.ingame.services.GameModeActionUtils.startGameModeEntry:22 com.thundercomm.gamemode.ingame.services.ActivityMonitoringService$1.onActivityLaunch:129
01-11 07:29:15.763 W/FreeFormWindowHelper( 1487): Current Display FreeFormTask is null
01-11 07:29:15.767 I/GameModeConfig( 1487): Current uri is uri = content://com.thundercomm.gamemode.api/gamemode_settings/gamemode_isgaming
01-11 07:29:15.769 I/GameModeConfig( 1487): isGameModeOn = false
01-11 07:29:15.769 I/GameModeConfig( 1487): isGameModeOn = false
01-11 07:29:15.769 I/GameModeConfig( 1487): isDisableVoice = true
01-11 07:29:15.784 I/wm_on_start_called(25108): [124244050,com.android.launcher3.uioverrides.QuickstepLauncher,handleStartActivity]
01-11 07:29:15.791 W/FreeFormWindowHelper( 1487): Current Display FreeFormTask is null
01-11 07:29:15.795 I/view_enqueue_input_event(23991): [Motion - Cancel,com.android.deskclock/com.android.deskclock.DeskClock]
01-11 07:29:15.796 I/sysui_latency(25108): [1,59]
01-11 07:29:15.803 I/input_focus( 1487): [Focus request recents_animation_input_consumer,reason=UpdateInputWindows]
01-11 07:29:15.804 W/FreeFormWindowHelper( 1487): Current Display FreeFormTask is null
01-11 07:29:15.806 I/sysui_multi_action( 1487): [319,9,322,58,325,12566,757,761,758,9,759,5,806,com.android.launcher3,871,com.android.launcher3.uioverrides.QuickstepLauncher,904,com.android.launcher3,905,0,1320,8,1321,5]
01-11 07:29:15.809 I/input_interaction( 1487): Interaction with: edge-swipe (server), swipe-up (server), PointerEventDispatcher0 (server),
01-11 07:29:15.818 W/FreeFormWindowHelper( 1487): Current Display FreeFormTask is null
01-11 07:29:15.819 I/input_focus( 1487): [Focus leaving 6506da8 com.android.deskclock/com.android.deskclock.DeskClock (server),reason=NOT_FOCUSABLE]
01-11 07:29:15.820 I/input_focus( 1487): [Focus entering recents_animation_input_consumer (server),reason=setFocusedWindow]
01-11 07:29:15.821 E/TaskPersister( 1487): File error accessing recents directory (directory doesn't exist?).
01-11 07:29:15.835 W/FreeFormWindowHelper( 1487): Current Display FreeFormTask is null
01-01 11:29:29.013 I/ ( 0): read descriptors
01-01 11:29:29.013 I/ ( 0): read strings
01-11 07:29:15.935 W/FreeFormWindowHelper( 1487): Current Display FreeFormTask is null
01-11 07:29:15.967 I/commit_sys_config_file( 1487): [settings-1-0,3]
01-11 07:29:16.102 I/sysui_latency( 1487): [8,64]
01-11 07:29:16.139 I/auditd ( 0): type=1400 audit(0.0:14140): avc: denied { kill } for comm="swapper/7" capability=5 scontext=u:r:kernel:s0 tcontext=u:r:kernel:s0 tclass=capability permissive=0
01-01 11:29:30.037 I/ ( 0): read descriptors
01-01 11:29:30.037 I/ ( 0): read strings
01-11 07:29:17.054 W/FreeFormWindowHelper( 1487): Current Display FreeFormTask is null
01-11 07:29:17.061 I/wm_task_moved( 1487): [83,1,12]
01-11 07:29:17.063 I/wm_task_moved( 1487): [84,1,2147483647]
01-11 07:29:17.063 I/wm_task_to_front( 1487): [0,84]
01-11 07:29:17.063 I/wm_focused_root_task( 1487): [0,0,83,86,RecentsAnimation.onAnimationFinished()]
01-11 07:29:17.063 I/wm_on_top_resumed_lost_called(23991): [73309397,com.android.deskclock.DeskClock,topStateChangedWhenResumed]
01-11 07:29:17.064 I/wm_set_resumed_activity( 1487): [0,com.android.launcher3/.uioverrides.QuickstepLauncher,RecentsAnimation.onAnimationFinished()]
01-11 07:29:17.068 I/wm_pause_activity( 1487): [0,73309397,com.android.deskclock/.DeskClock,userLeaving=true,pauseBackTasks]
01-11 07:29:17.070 I/wm_add_to_stopping( 1487): [0,73309397,com.android.deskclock/.DeskClock,makeInvisible]
01-11 07:29:17.071 I/ActivityTaskManager( 1487): FOREGROUND_APPLICATION_CHANGED to com.android.launcher3.uioverrides.QuickstepLauncher
01-11 07:29:17.072 I/wm_set_resumed_activity( 1487): [0,com.android.launcher3/.uioverrides.QuickstepLauncher,resumeTopActivityInnerLocked]
01-11 07:29:17.078 I/wm_resume_activity( 1487): [0,124244050,84,com.android.launcher3/.uioverrides.QuickstepLauncher]
01-11 07:29:17.078 I/wm_on_resume_called(25108): [124244050,com.android.launcher3.uioverrides.QuickstepLauncher,RESUME_ACTIVITY]
01-11 07:29:17.089 I/input_focus( 1487): [Focus request 76b7596 com.android.launcher3/com.android.launcher3.uioverrides.QuickstepLauncher,reason=UpdateInputWindows]
01-11 07:29:17.091 I/wm_on_paused_called(23991): [73309397,com.android.deskclock.DeskClock,performPause]
01-11 07:29:17.092 I/wm_stop_activity( 1487): [0,73309397,com.android.deskclock/.DeskClock]
01-11 07:29:17.092 I/sysui_multi_action( 1487): [757,803,799,window_time_0,802,2]
01-11 07:29:17.093 I/wm_on_top_resumed_gained_called(25108): [124244050,com.android.launcher3.uioverrides.QuickstepLauncher,topStateChangedWhenResumed]
01-11 07:29:17.096 I/wm_on_stop_called(23991): [73309397,com.android.deskclock.DeskClock,STOP_ACTIVITY_ITEM]
01-11 07:29:17.097 I/sysui_multi_action( 1487): [757,803,799,window_time_0,802,0]
01-11 07:29:17.106 I/input_focus( 1487): [Focus leaving recents_animation_input_consumer (server),reason=NOT_VISIBLE]
01-11 07:29:17.106 I/input_focus( 1487): [Focus entering 76b7596 com.android.launcher3/com.android.launcher3.uioverrides.QuickstepLauncher (server),reason=setFocusedWindow]
01-11 07:29:17.126 W/ContextImpl(19692): Calling a method in the system process without a qualified user: android.app.ContextImpl.startService:1816 android.content.ContextWrapper.startService:774 com.thundercomm.gamemode.ingame.services.GameModeActionUtils.startGameModeService:111 com.thundercomm.gamemode.ingame.services.GameModeActionUtils.startGameModeEntry:22 com.thundercomm.gamemode.ingame.services.ActivityMonitoringService$1.onActivityLaunch:129
01-11 07:29:17.129 I/GameModeConfig( 1487): Current uri is uri = content://com.thundercomm.gamemode.api/gamemode_settings/gamemode_isgaming
01-11 07:29:17.131 I/GameModeConfig( 1487): isGameModeOn = false
01-11 07:29:17.131 I/GameModeConfig( 1487): isGameModeOn = false
01-11 07:29:17.131 I/GameModeConfig( 1487): isDisableVoice = true
01-11 07:29:17.139 I/auditd ( 0): type=1400 audit(0.0:14141): avc: denied { kill } for comm="swapper/7" capability=5 scontext=u:r:kernel:s0 tcontext=u:r:kernel:s0 tclass=capability permissive=0
01-11 07:29:17.193 W/FreeFormWindowHelper( 1487): Current Display FreeFormTask is null
01-11 07:29:17.193 W/FreeFormWindowHelper( 1487): Current Display FreeFormTask is null
01-11 07:29:17.193 W/FreeFormWindowHelper( 1487): Current Display FreeFormTask is null
01-11 07:29:17.202 W/ContextImpl(19692): Calling a method in the system process without a qualified user: android.app.ContextImpl.startService:1816 android.content.ContextWrapper.startService:774 com.thundercomm.gamemode.ingame.services.GameModeActionUtils.startGameModeService:111 com.thundercomm.gamemode.ingame.services.GameModeActionUtils.startGameModeEntry:22 com.thundercomm.gamemode.ingame.services.ActivityMonitoringService$1.onActivityLaunch:129
01-11 07:29:17.207 I/GameModeConfig( 1487): Current uri is uri = content://com.thundercomm.gamemode.api/gamemode_settings/gamemode_isgaming
01-11 07:29:17.209 I/GameModeConfig( 1487): isGameModeOn = false
01-11 07:29:17.210 I/GameModeConfig( 1487): isGameModeOn = false
01-11 07:29:17.210 I/GameModeConfig( 1487): isDisableVoice = true
01-01 11:29:31.053 I/ ( 0): read descriptors
01-01 11:29:31.053 I/ ( 0): read strings
01-11 07:29:18.143 I/auditd ( 0): type=1400 audit(0.0:14142): avc: denied { kill } for comm="swapper/7" capability=5 scontext=u:r:kernel:s0 tcontext=u:r:kernel:s0 tclass=capability permissive=0
01-01 11:29:32.073 I/ ( 0): read descriptors
01-01 11:29:32.073 I/ ( 0): read strings
01-11 07:29:19.139 I/auditd ( 0): type=1400 audit(0.0:14143): avc: denied { kill } for comm="swapper/7" capability=5 scontext=u:r:kernel:s0 tcontext=u:r:kernel:s0 tclass=capability permissive=0
01-01 11:29:33.089 I/ ( 0): read descriptors
01-01 11:29:33.089 I/ ( 0): read strings
01-11 07:29:20.143 I/auditd ( 0): type=1400 audit(0.0:14144): avc: denied { kill } for comm="swapper/1" capability=5 scontext=u:r:kernel:s0 tcontext=u:r:kernel:s0 tclass=capability permissive=0
01-11 07:29:20.333 I/input_interaction( 1487): Interaction with: 76b7596 com.android.launcher3/com.android.launcher3.uioverrides.QuickstepLauncher (server), c9f455c com.android.systemui.ImageWallpaper (server), edge-swipe (server), swipe-up (server), PointerEventDispatcher0 (server),
01-11 07:29:20.459 I/thunderperf( 1487): PlatormCompat.setOverrides: Uid1=10071 Pid1=25108 Uid2=10071 Pid2=25108
01-11 07:29:20.459 I/thunderperf( 1487): PlatormCompat.setOverrides: needCheck:false
01-11 07:29:20.459 I/thunderperf( 1487): CompatConfig.addOverrideUnsafe: bef-state=1
01-11 07:29:20.460 E/thunderperf( 1487): CompatConfig.addOverrideUnsafe: exception:java.lang.SecurityException: Cannot override a change on a non-debuggable app and user build.
01-11 07:29:20.460 I/thunderperf( 1487): CompatConfig.addOverrideUnsafe: aft-state=1
01-11 07:29:20.461 I/thunderperf( 1487): CompatConfig.addOverrideUnsafe: bef-state=1
01-11 07:29:20.462 E/thunderperf( 1487): CompatConfig.addOverrideUnsafe: exception:java.lang.SecurityException: Cannot override a change on a non-debuggable app and user build.
01-11 07:29:20.462 I/thunderperf( 1487): CompatConfig.addOverrideUnsafe: aft-state=1
01-11 07:29:20.462 I/thunderperf( 1487): CompatConfig.addOverrideUnsafe: bef-state=1
01-11 07:29:20.463 E/thunderperf( 1487): CompatConfig.addOverrideUnsafe: exception:java.lang.SecurityException: Cannot override a change on a non-debuggable app and user build.
01-11 07:29:20.463 I/thunderperf( 1487): CompatConfig.addOverrideUnsafe: aft-state=1
01-11 07:29:20.464 I/thunderperf( 1487): CompatConfig.addOverrideUnsafe: bef-state=1
01-11 07:29:20.464 E/thunderperf( 1487): CompatConfig.addOverrideUnsafe: exception:java.lang.SecurityException: Cannot override a change on a non-debuggable app and user build.
01-11 07:29:20.464 I/thunderperf( 1487): CompatConfig.addOverrideUnsafe: aft-state=1
01-11 07:29:20.465 I/thunderperf( 1487): CompatConfig.addOverrideUnsafe: bef-state=1
01-11 07:29:20.465 E/thunderperf( 1487): CompatConfig.addOverrideUnsafe: exception:java.lang.SecurityException: Cannot override a change on a non-debuggable app and user build.
01-11 07:29:20.465 I/thunderperf( 1487): CompatConfig.addOverrideUnsafe: aft-state=1
01-11 07:29:20.466 I/thunderperf( 1487): CompatConfig.addOverrideUnsafe: bef-state=1
01-11 07:29:20.467 E/thunderperf( 1487): CompatConfig.addOverrideUnsafe: exception:java.lang.SecurityException: Cannot override a change on a non-debuggable app and user build.
01-11 07:29:20.467 I/thunderperf( 1487): CompatConfig.addOverrideUnsafe: aft-state=1
01-11 07:29:20.467 I/thunderperf( 1487): CompatConfig.addOverrideUnsafe: bef-state=1
01-11 07:29:20.468 E/thunderperf( 1487): CompatConfig.addOverrideUnsafe: exception:java.lang.SecurityException: Cannot override a change on a non-debuggable app and user build.
01-11 07:29:20.468 I/thunderperf( 1487): CompatConfig.addOverrideUnsafe: aft-state=1
01-11 07:29:20.469 I/thunderperf( 1487): CompatConfig.addOverrideUnsafe: bef-state=1
01-11 07:29:20.470 E/thunderperf( 1487): CompatConfig.addOverrideUnsafe: exception:java.lang.SecurityException: Cannot override a change on a non-debuggable app and user build.
01-11 07:29:20.470 I/thunderperf( 1487): CompatConfig.addOverrideUnsafe: aft-state=1
01-11 07:29:20.471 I/thunderperf( 1487): CompatConfig.addOverrideUnsafe: bef-state=1
01-11 07:29:20.471 E/thunderperf( 1487): CompatConfig.addOverrideUnsafe: exception:java.lang.SecurityException: Cannot override a change on a non-debuggable app and user build.
01-11 07:29:20.471 I/thunderperf( 1487): CompatConfig.addOverrideUnsafe: aft-state=1
01-11 07:29:20.472 I/thunderperf( 1487): CompatConfig.addOverrideUnsafe: bef-state=1
01-11 07:29:20.472 E/thunderperf( 1487): CompatConfig.addOverrideUnsafe: exception:java.lang.SecurityException: Cannot override a change on a non-debuggable app and user build.
01-11 07:29:20.472 I/thunderperf( 1487): CompatConfig.addOverrideUnsafe: aft-state=1
01-11 07:29:20.473 I/thunderperf( 1487): CompatConfig.addOverrideUnsafe: bef-state=1
01-11 07:29:20.474 E/thunderperf( 1487): CompatConfig.addOverrideUnsafe: exception:java.lang.SecurityException: Cannot override a change on a non-debuggable app and user build.
01-11 07:29:20.474 I/thunderperf( 1487): CompatConfig.addOverrideUnsafe: aft-state=1
01-11 07:29:20.474 I/thunderperf( 1487): CompatConfig.addOverrideUnsafe: bef-state=1
01-11 07:29:20.474 E/thunderperf( 1487): CompatConfig.addOverrideUnsafe: exception:java.lang.SecurityException: Cannot override a change on a non-debuggable app and user build.
01-11 07:29:20.474 I/thunderperf( 1487): CompatConfig.addOverrideUnsafe: aft-state=1
01-11 07:29:20.475 I/thunderperf( 1487): CompatConfig.addOverrideUnsafe: bef-state=1
01-11 07:29:20.475 E/thunderperf( 1487): CompatConfig.addOverrideUnsafe: exception:java.lang.SecurityException: Cannot override a change on a non-debuggable app and user build.
01-11 07:29:20.475 I/thunderperf( 1487): CompatConfig.addOverrideUnsafe: aft-state=1
01-11 07:29:20.475 I/thunderperf( 1487): CompatConfig.addOverrideUnsafe: bef-state=1
01-11 07:29:20.476 E/thunderperf( 1487): CompatConfig.addOverrideUnsafe: exception:java.lang.SecurityException: Cannot override a change on a non-debuggable app and user build.
01-11 07:29:20.476 I/thunderperf( 1487): CompatConfig.addOverrideUnsafe: aft-state=1
01-11 07:29:20.481 I/ActivityTaskManager( 1487): START u0 {act=android.intent.action.MAIN cat=[android.intent.category.LAUNCHER] flg=0x10200000 cmp=com.android.settings/.Settings bnds=[2128,710][2314,910]} from uid 10071
01-11 07:29:20.490 I/wm_task_moved( 1487): [80,1,12]
01-11 07:29:20.490 I/wm_task_to_front( 1487): [0,80]
01-11 07:29:20.491 I/wm_focused_root_task( 1487): [0,0,80,83,bringingFoundTaskToFront]
01-11 07:29:20.492 I/wm_set_resumed_activity( 1487): [0,com.android.settings/.Settings,bringingFoundTaskToFront]
01-11 07:29:20.492 I/wm_new_intent( 1487): [0,112333459,80,com.android.settings/.Settings,android.intent.action.MAIN,NULL,NULL,270532608]
01-11 07:29:20.494 I/wm_pause_activity( 1487): [0,124244050,com.android.launcher3/.uioverrides.QuickstepLauncher,userLeaving=true,pauseBackTasks]
01-11 07:29:20.500 I/wm_on_top_resumed_lost_called(25108): [124244050,com.android.launcher3.uioverrides.QuickstepLauncher,topStateChangedWhenResumed]
01-11 07:29:20.502 I/wm_on_paused_called(25108): [124244050,com.android.launcher3.uioverrides.QuickstepLauncher,performPause]
01-11 07:29:20.503 I/ActivityTaskManager( 1487): FOREGROUND_APPLICATION_CHANGED to com.android.settings.homepage.SettingsHomepageActivity
01-11 07:29:20.505 I/wm_set_resumed_activity( 1487): [0,com.android.settings/.Settings,resumeTopActivityInnerLocked]
01-11 07:29:20.505 I/wm_add_to_stopping( 1487): [0,124244050,com.android.launcher3/.uioverrides.QuickstepLauncher,makeInvisible]
01-11 07:29:20.507 I/wm_resume_activity( 1487): [0,112333459,80,com.android.settings/.Settings]
01-11 07:29:20.522 I/sysui_multi_action( 1487): [757,803,799,window_time_0,802,4]
01-11 07:29:20.522 I/wm_on_restart_called(22944): [112333459,com.android.settings.Settings,performRestartActivity]
01-11 07:29:20.528 I/wm_on_start_called(22944): [112333459,com.android.settings.Settings,handleStartActivity]
01-11 07:29:20.529 I/snet_event_log(22944): [120484087,-1,]
01-11 07:29:20.529 I/wm_on_resume_called(22944): [112333459,com.android.settings.Settings,RESUME_ACTIVITY]
01-11 07:29:20.529 I/sysui_multi_action(22944): [757,35,758,1,833,0,1089,0]
01-11 07:29:20.531 I/input_focus( 1487): [Focus leaving 76b7596 com.android.launcher3/com.android.launcher3.uioverrides.QuickstepLauncher (server),reason=NO_WINDOW]
01-11 07:29:20.535 W/ContextImpl(19692): Calling a method in the system process without a qualified user: android.app.ContextImpl.startService:1816 android.content.ContextWrapper.startService:774 com.thundercomm.gamemode.ingame.services.GameModeActionUtils.startGameModeService:111 com.thundercomm.gamemode.ingame.services.GameModeActionUtils.startGameModeEntry:22 com.thundercomm.gamemode.ingame.services.ActivityMonitoringService$1.onActivityLaunch:129
01-11 07:29:20.537 I/sysui_multi_action(22944): [757,746,758,1,833,0,1089,0]
01-11 07:29:20.538 D/TelephonyRegistry( 1487): listen oscl: mHasNotifySubscriptionInfoChangedOccurred==false no callback
01-11 07:29:20.538 I/GameModeConfig( 1487): Current uri is uri = content://com.thundercomm.gamemode.api/gamemode_settings/gamemode_isgaming
01-11 07:29:20.540 D/TelephonyRegistry( 1487): listen oscl: mHasNotifySubscriptionInfoChangedOccurred==false no callback
01-11 07:29:20.540 I/GameModeConfig( 1487): isGameModeOn = false
01-11 07:29:20.541 I/GameModeConfig( 1487): isGameModeOn = false
01-11 07:29:20.541 I/GameModeConfig( 1487): isDisableVoice = true
01-11 07:29:20.542 I/service_manager_stats(22944): [100,37,160657]
01-11 07:29:20.545 I/wm_on_top_resumed_gained_called(22944): [112333459,com.android.settings.Settings,topWhenResuming]
01-11 07:29:20.548 I/input_focus( 1487): [Focus request c6452e2 com.android.settings/com.android.settings.Settings,reason=UpdateInputWindows]
01-11 07:29:20.571 I/sysui_multi_action( 1487): [319,37,321,34,322,81,325,12571,757,761,758,9,759,4,806,com.android.settings,871,com.android.settings.Settings,904,com.android.launcher3,905,0,1320,8,1321,5]
01-11 07:29:20.580 I/input_focus( 1487): [Focus entering c6452e2 com.android.settings/com.android.settings.Settings (server),reason=Window became focusable. Previous reason: NOT_VISIBLE]
01-11 07:29:20.611 W/FreeFormWindowHelper( 1487): Current Display FreeFormTask is null
01-11 07:29:20.611 W/FreeFormWindowHelper( 1487): Current Display FreeFormTask is null
01-11 07:29:20.611 W/FreeFormWindowHelper( 1487): Current Display FreeFormTask is null
01-11 07:29:20.621 W/ContextImpl(19692): Calling a method in the system process without a qualified user: android.app.ContextImpl.startService:1816 android.content.ContextWrapper.startService:774 com.thundercomm.gamemode.ingame.services.GameModeActionUtils.startGameModeService:111 com.thundercomm.gamemode.ingame.services.GameModeActionUtils.startGameModeEntry:22 com.thundercomm.gamemode.ingame.services.ActivityMonitoringService$1.onActivityLaunch:129
01-01 11:29:33.740 I/[schedu][0x3835811523][07:29:20.620916] wlan( 0): [3487:I:OSIF] scan start scan id 41050
01-11 07:29:20.629 I/GameModeConfig( 1487): Current uri is uri = content://com.thundercomm.gamemode.api/gamemode_settings/gamemode_isgaming
01-11 07:29:20.635 I/GameModeConfig( 1487): isGameModeOn = false
01-11 07:29:20.635 I/GameModeConfig( 1487): isGameModeOn = false
01-11 07:29:20.635 I/GameModeConfig( 1487): isDisableVoice = true
01-01 11:29:34.113 I/ ( 0): read descriptors
01-01 11:29:34.113 I/ ( 0): read strings
01-11 07:29:21.055 I/wm_stop_activity( 1487): [0,124244050,com.android.launcher3/.uioverrides.QuickstepLauncher]
01-11 07:29:21.073 I/wm_on_stop_called(25108): [124244050,com.android.launcher3.uioverrides.QuickstepLauncher,STOP_ACTIVITY_ITEM]
01-11 07:29:21.091 W/ContextImpl(19692): Calling a method in the system process without a qualified user: android.app.ContextImpl.startService:1816 android.content.ContextWrapper.startService:774 com.thundercomm.gamemode.ingame.services.GameModeActionUtils.startGameModeService:111 com.thundercomm.gamemode.ingame.services.GameModeActionUtils.startGameModeEntry:22 com.thundercomm.gamemode.ingame.services.ActivityMonitoringService$1.onActivityLaunch:129
01-11 07:29:21.095 I/GameModeConfig( 1487): Current uri is uri = content://com.thundercomm.gamemode.api/gamemode_settings/gamemode_isgaming
01-11 07:29:21.098 I/GameModeConfig( 1487): isGameModeOn = false
01-11 07:29:21.098 I/GameModeConfig( 1487): isGameModeOn = false
01-11 07:29:21.098 I/GameModeConfig( 1487): isDisableVoice = true
01-11 07:29:21.139 I/auditd ( 0): type=1400 audit(0.0:14145): avc: denied { kill } for comm="swapper/1" capability=5 scontext=u:r:kernel:s0 tcontext=u:r:kernel:s0 tclass=capability permissive=0
01-11 07:29:21.260 I/input_interaction( 1487): Interaction with: 52e4d57 StatusBar (server), edge-swipe (server), swipe-up (server), PointerEventDispatcher0 (server),
01-11 07:29:21.264 I/sysui_multi_action( 2006): [757,803,799,panel_open,802,1]
01-11 07:29:21.266 I/sysui_multi_action( 2006): [757,1328,758,4,1326,53,1327,6,1329,0]
01-11 07:29:21.300 I/input_interaction( 1487): Interaction with: 52e4d57 StatusBar (server), c6452e2 com.android.settings/com.android.settings.Settings (server), edge-swipe (server), swipe-up (server), PointerEventDispatcher0 (server),
01-11 07:29:21.318 W/FreeFormWindowHelper( 1487): Current Display FreeFormTask is null
01-11 07:29:21.319 W/FreeFormWindowHelper( 1487): Current Display FreeFormTask is null
01-11 07:29:21.319 W/FreeFormWindowHelper( 1487): Current Display FreeFormTask is null
01-11 07:29:21.319 W/FreeFormWindowHelper( 1487): Current Display FreeFormTask is null
01-11 07:29:21.319 W/FreeFormWindowHelper( 1487): Current Display FreeFormTask is null
01-11 07:29:21.319 W/FreeFormWindowHelper( 1487): Current Display FreeFormTask is null
01-11 07:29:21.319 W/FreeFormWindowHelper( 1487): Current Display FreeFormTask is null
01-11 07:29:21.323 I/wm_task_moved( 1487): [83,0,0]
01-11 07:29:21.323 I/wm_task_moved( 1487): [83,0,11]
