--------- beginning of crash
01-01 08:00:06.156 F/libc ( 503): Fatal signal 6 (SIGABRT), code -1 (SI_QUEUE) in tid 503 (init), pid 503 (init)
01-01 08:00:06.167 F/libc ( 503): crash_dump helper failed to exec, or was killed --------- beginning of radio
01-11 03:59:57.986 D/TelephonyRegistry( 1487): listen oscl: mHasNotifySubscriptionInfoChangedOccurred==false no callback
01-11 03:59:58.376 D/TelephonyRegistry( 1487): listen oscl: mHasNotifySubscriptionInfoChangedOccurred==false no callback
01-11 03:59:58.385 D/TelephonyRegistry( 1487): listen oscl: mHasNotifySubscriptionInfoChangedOccurred==false no callback
01-11 03:59:58.395 D/TelephonyRegistry( 1487): listen oscl: mHasNotifySubscriptionInfoChangedOccurred==false no callback
01-11 03:59:58.419 D/TelephonyRegistry( 1487): listen oscl: mHasNotifySubscriptionInfoChangedOccurred==false no callback
01-11 03:59:58.431 W/CarrierConfigManager( 1487): Error getting config for subId -1 ICarrierConfigLoader is null
01-11 03:59:58.456 D/TelephonyRegistry( 1487): systemRunning register for intents
01-11 03:59:58.536 D/TelephonyRegistry( 1487): listen oscl: mHasNotifySubscriptionInfoChangedOccurred==false no callback
01-11 03:59:58.802 D/TelephonyRegistry( 1487): listen oscl: mHasNotifySubscriptionInfoChangedOccurred==false no callback
01-11 03:59:58.823 D/TelephonyRegistry( 1487): listen oscl: mHasNotifySubscriptionInfoChangedOccurred==false no callback
01-11 03:59:58.833 D/TelephonyRegistry( 1487): notifyCellLocationForSubscriber: subId=2147483647 cellIdentity=null
01-11 03:59:59.022 W/CarrierConfigManager( 2006): Error getting config for subId -1 ICarrierConfigLoader is null
01-11 03:59:59.032 D/TelephonyRegistry( 1487): listen oscl: mHasNotifySubscriptionInfoChangedOccurred==false no callback
01-11 03:59:59.696 F/libc ( 2693): Fatal signal 6 (SIGABRT), code -1 (SI_QUEUE) in tid 2693 (init), pid 2693 (init)
01-11 03:59:59.742 F/libc ( 2693): crash_dump helper failed to exec, or was killed
01-11 04:00:00.105 D/TelephonyRegistry( 1487): listen oscl: mHasNotifySubscriptionInfoChangedOccurred==false no callback
01-11 04:00:00.412 D/TelephonyRegistry( 1487): listen oscl: mHasNotifySubscriptionInfoChangedOccurred==false no callback
01-11 04:00:00.420 E/AndroidRuntime( 2351): FATAL EXCEPTION: main
01-11 04:00:00.420 E/AndroidRuntime( 2351): Process: com.qualcomm.qti.devicestatisticsservice, PID: 2351
01-11 04:00:00.420 E/AndroidRuntime( 2351): java.lang.NoClassDefFoundError: Failed resolution of: Landroid/hidl/manager/V1_0/IServiceNotification$Stub;
01-11 04:00:00.420 E/AndroidRuntime( 2351): at com.qualcomm.qti.devicestatisticsservice.DeviceStatisticsService.onStartCommand(DeviceStatisticsService.java:83)
01-11 04:00:00.420 E/AndroidRuntime( 2351): at android.app.ActivityThread.handleServiceArgs(ActivityThread.java:4640)
01-11 04:00:00.420 E/AndroidRuntime( 2351): at android.app.ActivityThread.access$2000(ActivityThread.java:248)
01-11 04:00:00.420 E/AndroidRuntime( 2351): at android.app.ActivityThread$H.handleMessage(ActivityThread.java:2092)
01-11 04:00:00.420 E/AndroidRuntime( 2351): at android.os.Handler.dispatchMessage(Handler.java:106)
01-11 04:00:00.420 E/AndroidRuntime( 2351): at android.os.Looper.loopOnce(Looper.java:201)
01-11 04:00:00.420 E/AndroidRuntime( 2351): at android.os.Looper.loop(Looper.java:288)
01-11 04:00:00.420 E/AndroidRuntime( 2351): at android.app.ActivityThread.main(ActivityThread.java:7880)
01-11 04:00:00.420 E/AndroidRuntime( 2351): at java.lang.reflect.Method.invoke(Native Method)
01-11 04:00:00.420 E/AndroidRuntime( 2351): at com.android.internal.os.RuntimeInit$MethodAndArgsCaller.run(RuntimeInit.java:548)
01-11 04:00:00.420 E/AndroidRuntime( 2351): at com.android.internal.os.ZygoteInit.main(ZygoteInit.java:1009)
01-11 04:00:00.420 E/AndroidRuntime( 2351): Caused by: java.lang.ClassNotFoundException: android.hidl.manager.V1_0.IServiceNotification$Stub
01-11 04:00:00.420 E/AndroidRuntime( 2351): ... 11 more
01-11 04:00:00.485 D/TelephonyRegistry( 1487): listen oscl: mHasNotifySubscriptionInfoChangedOccurred==false no callback
01-11 04:00:45.489 W/CarrierConfigManager( 1487): Error getting config for subId -1 ICarrierConfigLoader is null
01-11 04:00:45.500 W/CarrierConfigManager( 1487): Error getting config for subId -1 ICarrierConfigLoader is null
01-11 04:00:58.041 W/CarrierConfigManager( 2407): Error getting config for subId -1 ICarrierConfigLoader is null
01-11 04:00:58.048 W/CarrierConfigManager( 2407): Error getting config for subId -1 ICarrierConfigLoader is null
01-11 04:00:58.048 W/CarrierConfigManager( 2407): Error getting config for subId -1 ICarrierConfigLoader is null
01-11 04:00:58.048 W/CarrierConfigManager( 2407): Error getting config for subId -1 ICarrierConfigLoader is null
01-11 04:00:58.049 W/CarrierConfigManager( 2407): Error getting config for subId -1 ICarrierConfigLoader is null
01-11 04:00:58.050 W/CarrierConfigManager( 2407): Error getting config for subId -1 ICarrierConfigLoader is null
01-11 04:00:58.050 W/CarrierConfigManager( 2407): Error getting config for subId -1 ICarrierConfigLoader is null
01-11 04:00:58.050 W/CarrierConfigManager( 2407): Error getting config for subId -1 ICarrierConfigLoader is null
01-11 04:00:58.050 W/CarrierConfigManager( 2407): Error getting config for subId -1 ICarrierConfigLoader is null
01-11 04:00:58.051 W/CarrierConfigManager( 2407): Error getting config for subId -1 ICarrierConfigLoader is null
01-11 04:01:31.468 D/TelephonyRegistry( 1487): listen oscl: mHasNotifySubscriptionInfoChangedOccurred==false no callback
01-11 04:01:45.866 W/CarrierConfigManager( 2407): Error getting config for subId -1 ICarrierConfigLoader is null
01-11 04:01:45.868 W/CarrierConfigManager( 2407): Error getting config for subId -1 ICarrierConfigLoader is null
01-11 04:01:45.868 W/CarrierConfigManager( 2407): Error getting config for subId -1 ICarrierConfigLoader is null
01-11 04:01:45.868 W/CarrierConfigManager( 2407): Error getting config for subId -1 ICarrierConfigLoader is null
01-11 04:01:45.870 W/CarrierConfigManager( 2407): Error getting config for subId -1 ICarrierConfigLoader is null
01-11 04:01:45.872 W/CarrierConfigManager( 2407): Error getting config for subId -1 ICarrierConfigLoader is null
01-11 04:01:45.872 W/CarrierConfigManager( 2407): Error getting config for subId -1 ICarrierConfigLoader is null
01-11 04:01:45.872 W/CarrierConfigManager( 2407): Error getting config for subId -1 ICarrierConfigLoader is null
01-11 04:01:45.873 W/CarrierConfigManager( 2407): Error getting config for subId -1 ICarrierConfigLoader is null
01-11 04:01:45.873 W/CarrierConfigManager( 2407): Error getting config for subId -1 ICarrierConfigLoader is null
01-11 04:13:32.985 W/CarrierConfigManager( 6227): Error getting config for subId -1 ICarrierConfigLoader is null
01-11 04:13:33.013 D/TelephonyRegistry( 1487): listen oscl: mHasNotifySubscriptionInfoChangedOccurred==false no callback
01-11 04:13:33.016 D/TelephonyRegistry( 1487): listen oscl: mHasNotifySubscriptionInfoChangedOccurred==false no callback
01-11 04:13:34.673 W/FeatureConnector( 6227): [ImsConnector, 0] connect: not supported.
01-11 04:16:18.326 W/FeatureConnector( 6227): [ImsConnector, 0] connect: not supported.
01-11 04:18:20.505 W/CarrierConfigManager( 6536): Error getting config for subId -1 ICarrierConfigLoader is null
01-11 04:18:20.531 D/TelephonyRegistry( 1487): listen oscl: mHasNotifySubscriptionInfoChangedOccurred==false no callback
01-11 04:18:20.535 D/TelephonyRegistry( 1487): listen oscl: mHasNotifySubscriptionInfoChangedOccurred==false no callback
01-11 04:22:49.224 W/CarrierConfigManager( 6821): Error getting config for subId -1 ICarrierConfigLoader is null
01-11 04:22:49.250 D/TelephonyRegistry( 1487): listen oscl: mHasNotifySubscriptionInfoChangedOccurred==false no callback
01-11 04:22:49.253 D/TelephonyRegistry( 1487): listen oscl: mHasNotifySubscriptionInfoChangedOccurred==false no callback
01-11 04:22:55.097 W/FeatureConnector( 6821): [ImsConnector, 0] connect: not supported.
01-11 04:23:57.026 W/CarrierConfigManager( 7310): Error getting config for subId -1 ICarrierConfigLoader is null
01-11 04:23:57.053 D/TelephonyRegistry( 1487): listen oscl: mHasNotifySubscriptionInfoChangedOccurred==false no callback
01-11 04:23:57.056 D/TelephonyRegistry( 1487): listen oscl: mHasNotifySubscriptionInfoChangedOccurred==false no callback
01-11 04:24:01.964 W/CarrierConfigManager( 7310): Error getting config for subId -1 ICarrierConfigLoader is null
01-11 04:24:02.004 D/TelephonyRegistry( 1487): listen oscl: mHasNotifySubscriptionInfoChangedOccurred==false no callback
01-11 04:24:02.006 D/TelephonyRegistry( 1487): listen oscl: mHasNotifySubscriptionInfoChangedOccurred==false no callback
01-11 04:33:06.848 W/CarrierConfigManager( 8777): Error getting config for subId -1 ICarrierConfigLoader is null
01-11 04:33:06.877 D/TelephonyRegistry( 1487): listen oscl: mHasNotifySubscriptionInfoChangedOccurred==false no callback
01-11 04:33:06.880 D/TelephonyRegistry( 1487): listen oscl: mHasNotifySubscriptionInfoChangedOccurred==false no callback
01-11 04:34:52.455 W/CarrierConfigManager( 9056): Error getting config for subId -1 ICarrierConfigLoader is null
01-11 04:34:52.485 D/TelephonyRegistry( 1487): listen oscl: mHasNotifySubscriptionInfoChangedOccurred==false no callback
01-11 04:34:52.488 D/TelephonyRegistry( 1487): listen oscl: mHasNotifySubscriptionInfoChangedOccurred==false no callback
01-11 04:35:07.073 D/TelephonyRegistry( 1487): listen oscl: mHasNotifySubscriptionInfoChangedOccurred==false no callback
01-11 04:35:07.075 D/TelephonyRegistry( 1487): listen oscl: mHasNotifySubscriptionInfoChangedOccurred==false no callback --------- beginning of kernel
01-01 08:56:29.872 I/ ( 0): read descriptors
01-01 08:56:29.872 I/ ( 0): read strings
01-01 08:56:30.892 I/ ( 0): read descriptors
01-01 08:56:30.892 I/ ( 0): read strings
01-01 08:56:31.921 I/ ( 0): read descriptors
01-01 08:56:31.921 I/ ( 0): read strings
01-01 08:56:32.937 I/ ( 0): read descriptors
01-01 08:56:32.937 I/ ( 0): read strings
01-01 08:56:33.953 I/ ( 0): read descriptors
01-01 08:56:33.954 I/ ( 0): read strings
01-01 08:56:34.969 I/ ( 0): read descriptors
01-01 08:56:34.969 I/ ( 0): read strings
01-01 08:56:35.985 I/ ( 0): read descriptors
01-01 08:56:35.985 I/ ( 0): read strings
01-01 08:56:37.001 I/ ( 0): read descriptors
01-01 08:56:37.001 I/ ( 0): read strings
01-01 08:56:38.021 I/ ( 0): read descriptors
01-01 08:56:38.021 I/ ( 0): read strings
01-01 08:56:39.045 I/ ( 0): read descriptors
01-01 08:56:39.045 I/ ( 0): read strings
01-01 08:56:40.061 I/ ( 0): read descriptors
01-01 08:56:40.061 I/ ( 0): read strings
01-01 08:56:41.077 I/ ( 0): read descriptors
01-01 08:56:41.077 I/ ( 0): read strings
01-01 08:56:42.093 I/ ( 0): read descriptors
01-01 08:56:42.093 I/ ( 0): read strings
01-01 08:56:43.109 I/ ( 0): read descriptors
01-01 08:56:43.109 I/ ( 0): read strings
01-01 08:56:44.125 I/ ( 0): read descriptors
01-01 08:56:44.125 I/ ( 0): read strings
01-01 08:56:45.141 I/ ( 0): read descriptors
01-01 08:56:45.141 I/ ( 0): read strings
01-01 08:56:46.157 I/ ( 0): read descriptors
01-01 08:56:46.157 I/ ( 0): read strings
01-01 08:56:47.173 I/ ( 0): read descriptors
01-01 08:56:47.173 I/ ( 0): read strings
01-01 08:56:48.189 I/ ( 0): read descriptors
01-01 08:56:48.189 I/ ( 0): read strings
01-01 08:56:49.205 I/ ( 0): read descriptors
01-01 08:56:49.205 I/ ( 0): read strings
01-01 08:56:50.221 I/ ( 0): read descriptors
01-01 08:56:50.221 I/ ( 0): read strings
01-01 08:56:51.237 I/ ( 0): read descriptors
01-01 08:56:51.237 I/ ( 0): read strings
01-01 08:56:52.249 I/ ( 0): read descriptors
01-01 08:56:52.249 I/ ( 0): read strings
01-01 08:56:53.261 I/ ( 0): read descriptors
01-01 08:56:53.261 I/ ( 0): read strings
01-01 08:56:54.277 I/ ( 0): read descriptors
01-01 08:56:54.277 I/ ( 0): read strings
01-01 08:56:55.293 I/ ( 0): read descriptors
01-01 08:56:55.293 I/ ( 0): read strings
01-01 08:56:56.305 I/ ( 0): read descriptors
01-01 08:56:56.305 I/ ( 0): read strings
01-01 08:56:57.321 I/ ( 0): read descriptors
01-01 08:56:57.321 I/ ( 0): read strings
01-01 08:56:58.333 I/ ( 0): read descriptors
01-01 08:56:58.333 I/ ( 0): read strings
01-01 08:56:59.349 I/ ( 0): read descriptors
01-01 08:56:59.349 I/ ( 0): read strings
01-01 08:57:00.365 I/ ( 0): read descriptors
01-01 08:57:00.365 I/ ( 0): read strings
01-01 08:57:01.377 I/ ( 0): read descriptors
01-01 08:57:01.377 I/ ( 0): read strings
01-01 08:57:02.393 I/ ( 0): read descriptors
01-01 08:57:02.393 I/ ( 0): read strings
01-01 08:57:03.413 I/ ( 0): read descriptors
01-01 08:57:03.413 I/ ( 0): read strings
01-01 08:57:04.425 I/ ( 0): read descriptors
01-01 08:57:04.425 I/ ( 0): read strings
01-01 08:57:05.441 I/ ( 0): read descriptors
01-01 08:57:05.441 I/ ( 0): read strings
01-01 08:57:06.457 I/ ( 0): read descriptors
01-01 08:57:06.457 I/ ( 0): read strings
01-01 08:57:07.473 I/ ( 0): read descriptors
01-01 08:57:07.473 I/ ( 0): read strings
01-01 08:57:08.489 I/ ( 0): read descriptors
01-01 08:57:08.489 I/ ( 0): read strings
01-01 08:57:09.505 I/ ( 0): read descriptors
01-01 08:57:09.505 I/ ( 0): read strings
01-01 08:57:10.537 I/ ( 0): read descriptors
01-01 08:57:10.537 I/ ( 0): read strings
01-01 08:57:11.557 I/ ( 0): read descriptors
01-01 08:57:11.557 I/ ( 0): read strings
01-01 08:57:12.569 I/ ( 0): read descriptors
01-01 08:57:12.569 I/ ( 0): read strings
01-01 08:57:13.590 I/ ( 0): read descriptors
01-01 08:57:13.590 I/ ( 0): read strings
01-01 08:57:14.617 I/ ( 0): read descriptors
01-01 08:57:14.617 I/ ( 0): read strings
01-01 08:57:15.637 I/ ( 0): read descriptors
01-01 08:57:15.637 I/ ( 0): read strings
01-01 08:57:16.653 I/ ( 0): read descriptors
01-01 08:57:16.653 I/ ( 0): read strings
01-01 08:57:17.673 I/ ( 0): read descriptors
01-01 08:57:17.673 I/ ( 0): read strings
01-01 08:57:18.693 I/ ( 0): read descriptors
01-01 08:57:18.693 I/ ( 0): read strings
01-01 08:57:19.717 I/ ( 0): read descriptors
01-01 08:57:19.717 I/ ( 0): read strings
01-01 08:57:20.733 I/ ( 0): read descriptors
01-01 08:57:20.733 I/ ( 0): read strings
01-01 08:57:21.749 I/ ( 0): read descriptors
01-01 08:57:21.749 I/ ( 0): read strings
01-01 08:57:22.769 I/ ( 0): read descriptors
01-01 08:57:22.769 I/ ( 0): read strings
01-01 08:57:23.789 I/ ( 0): read descriptors
01-01 08:57:23.789 I/ ( 0): read strings
01-01 08:57:24.809 I/ ( 0): read descriptors
01-01 08:57:24.809 I/ ( 0): read strings
01-01 08:57:25.833 I/ ( 0): read descriptors
01-01 08:57:25.833 I/ ( 0): read strings
01-01 08:57:26.853 I/ ( 0): read descriptors
01-01 08:57:26.853 I/ ( 0): read strings
01-01 08:57:27.865 I/ ( 0): read descriptors
01-01 08:57:27.865 I/ ( 0): read strings
01-01 08:57:28.881 I/ ( 0): read descriptors
01-01 08:57:28.881 I/ ( 0): read strings
01-01 08:57:29.897 I/ ( 0): read descriptors
01-01 08:57:29.897 I/ ( 0): read strings
01-01 08:57:30.913 I/ ( 0): read descriptors
01-01 08:57:30.913 I/ ( 0): read strings
01-01 08:57:31.933 I/ ( 0): read descriptors
01-01 08:57:31.933 I/ ( 0): read strings
01-01 08:57:32.949 I/ ( 0): read descriptors
01-01 08:57:32.949 I/ ( 0): read strings
01-01 08:57:33.965 I/ ( 0): read descriptors
01-01 08:57:33.965 I/ ( 0): read strings
01-01 08:57:34.985 I/ ( 0): read descriptors
01-01 08:57:34.985 I/ ( 0): read strings
01-01 08:57:36.001 I/ ( 0): read descriptors
01-01 08:57:36.001 I/ ( 0): read strings
01-01 08:57:37.017 I/ ( 0): read descriptors
01-01 08:57:37.017 I/ ( 0): read strings
01-01 08:57:38.037 I/ ( 0): read descriptors
01-01 08:57:38.037 I/ ( 0): read strings
01-01 08:57:39.053 I/ ( 0): read descriptors
01-01 08:57:39.053 I/ ( 0): read strings
01-01 08:57:40.069 I/ ( 0): read descriptors
01-01 08:57:40.069 I/ ( 0): read strings
01-01 08:57:41.085 I/ ( 0): read descriptors
01-01 08:57:41.085 I/ ( 0): read strings
01-01 08:57:42.101 I/ ( 0): read descriptors
01-01 08:57:42.101 I/ ( 0): read strings
01-01 08:57:43.117 I/ ( 0): read descriptors
01-01 08:57:43.117 I/ ( 0): read strings
01-01 08:57:44.133 I/ ( 0): read descriptors
01-01 08:57:44.133 I/ ( 0): read strings
01-01 08:57:45.149 I/ ( 0): read descriptors
01-01 08:57:45.149 I/ ( 0): read strings
01-01 08:57:46.165 I/ ( 0): read descriptors
01-01 08:57:46.165 I/ ( 0): read strings
01-01 08:57:47.181 I/ ( 0): read descriptors
01-01 08:57:47.181 I/ ( 0): read strings
01-01 08:57:48.201 I/ ( 0): read descriptors
01-01 08:57:48.201 I/ ( 0): read strings
01-01 08:57:49.217 I/ ( 0): read descriptors
01-01 08:57:49.217 I/ ( 0): read strings
01-01 08:57:50.233 I/ ( 0): read descriptors
01-01 08:57:50.233 I/ ( 0): read strings
01-01 08:57:51.249 I/ ( 0): read descriptors
01-01 08:57:51.249 I/ ( 0): read strings
01-01 08:57:52.265 I/ ( 0): read descriptors
01-01 08:57:52.265 I/ ( 0): read strings
01-01 08:57:53.281 I/ ( 0): read descriptors
01-01 08:57:53.281 I/ ( 0): read strings
01-01 08:57:54.297 I/ ( 0): read descriptors
01-01 08:57:54.297 I/ ( 0): read strings
01-01 08:57:55.321 I/ ( 0): read descriptors
01-01 08:57:55.321 I/ ( 0): read strings
01-01 08:57:56.337 I/ ( 0): read descriptors
01-01 08:57:56.337 I/ ( 0): read strings
01-01 08:57:57.358 I/ ( 0): read descriptors
01-01 08:57:57.358 I/ ( 0): read strings
01-01 08:57:58.377 I/ ( 0): read descriptors
01-01 08:57:58.377 I/ ( 0): read strings
01-01 08:57:59.397 I/ ( 0): read descriptors
01-01 08:57:59.397 I/ ( 0): read strings
01-01 08:58:00.413 I/ ( 0): read descriptors
01-01 08:58:00.413 I/ ( 0): read strings
01-01 08:58:01.429 I/ ( 0): read descriptors
01-01 08:58:01.429 I/ ( 0): read strings
01-01 08:58:02.445 I/ ( 0): read descriptors
01-01 08:58:02.445 I/ ( 0): read strings
01-01 08:58:03.461 I/ ( 0): read descriptors
01-01 08:58:03.461 I/ ( 0): read strings
01-01 08:58:04.481 I/ ( 0): read descriptors
01-01 08:58:04.481 I/ ( 0): read strings
01-01 08:58:05.497 I/ ( 0): read descriptors
01-01 08:58:05.497 I/ ( 0): read strings
01-01 08:58:06.513 I/ ( 0): read descriptors
01-01 08:58:06.513 I/ ( 0): read strings
01-01 08:58:07.529 I/ ( 0): read descriptors
01-01 08:58:07.529 I/ ( 0): read strings
01-01 08:58:08.545 I/ ( 0): read descriptors
01-01 08:58:08.545 I/ ( 0): read strings
01-01 08:58:09.561 I/ ( 0): read descriptors
01-01 08:58:09.561 I/ ( 0): read strings
01-01 08:58:10.585 I/ ( 0): read descriptors
01-01 08:58:10.585 I/ ( 0): read strings
01-01 08:58:11.605 I/ ( 0): read descriptors
01-01 08:58:11.605 I/ ( 0): read strings
01-01 08:58:12.625 I/ ( 0): read descriptors
01-01 08:58:12.625 I/ ( 0): read strings
01-01 08:58:13.649 I/ ( 0): read descriptors
01-01 08:58:13.649 I/ ( 0): read strings
01-01 08:58:14.665 I/ ( 0): read descriptors
01-01 08:58:14.665 I/ ( 0): read strings
01-01 08:58:15.689 I/ ( 0): read descriptors
01-01 08:58:15.689 I/ ( 0): read strings
01-01 08:58:16.705 I/ ( 0): read descriptors
01-01 08:58:16.705 I/ ( 0): read strings
01-01 08:58:17.721 I/ ( 0): read descriptors
01-01 08:58:17.721 I/ ( 0): read strings
01-01 08:58:18.737 I/ ( 0): read descriptors
01-01 08:58:18.737 I/ ( 0): read strings
01-01 08:58:19.753 I/ ( 0): read descriptors
01-01 08:58:19.753 I/ ( 0): read strings
01-01 08:58:20.773 I/ ( 0): read descriptors
01-01 08:58:20.773 I/ ( 0): read strings
01-01 08:58:21.785 I/ ( 0): read descriptors
01-01 08:58:21.785 I/ ( 0): read strings
01-01 08:58:22.805 I/ ( 0): read descriptors
01-01 08:58:22.805 I/ ( 0): read strings
01-01 08:58:23.821 I/ ( 0): read descriptors
01-01 08:58:23.821 I/ ( 0): read strings
01-01 08:58:24.833 I/ ( 0): read descriptors
01-01 08:58:24.833 I/ ( 0): read strings
01-01 08:58:25.853 I/ ( 0): read descriptors
01-01 08:58:25.853 I/ ( 0): read strings
01-01 08:58:26.873 I/ ( 0): read descriptors
01-01 08:58:26.873 I/ ( 0): read strings
01-01 08:58:27.889 I/ ( 0): read descriptors
01-01 08:58:27.889 I/ ( 0): read strings
01-01 08:58:28.905 I/ ( 0): read descriptors
01-01 08:58:28.905 I/ ( 0): read strings
01-01 08:58:29.921 I/ ( 0): read descriptors
01-01 08:58:29.921 I/ ( 0): read strings
01-01 08:58:30.937 I/ ( 0): read descriptors
01-01 08:58:30.937 I/ ( 0): read strings
01-01 08:58:31.953 I/ ( 0): read descriptors
01-01 08:58:31.953 I/ ( 0): read strings
01-01 08:58:32.973 I/ ( 0): read descriptors
01-01 08:58:32.973 I/ ( 0): read strings
01-01 08:58:33.989 I/ ( 0): read descriptors
01-01 08:58:33.989 I/ ( 0): read strings
01-01 08:58:35.005 I/ ( 0): read descriptors
01-01 08:58:35.005 I/ ( 0): read strings
01-01 08:58:36.025 I/ ( 0): read descriptors
01-01 08:58:36.025 I/ ( 0): read strings
01-01 08:58:37.041 I/ ( 0): read descriptors
01-01 08:58:37.041 I/ ( 0): read strings
01-01 08:58:38.053 I/ ( 0): read descriptors
01-01 08:58:38.053 I/ ( 0): read strings
01-01 08:58:39.073 I/ ( 0): read descriptors
01-01 08:58:39.073 I/ ( 0): read strings
01-01 08:58:40.089 I/ ( 0): read descriptors
01-01 08:58:40.089 I/ ( 0): read strings
01-01 08:58:41.101 I/ ( 0): read descriptors
01-01 08:58:41.101 I/ ( 0): read strings
01-01 08:58:42.113 I/ ( 0): read descriptors
01-01 08:58:42.113 I/ ( 0): read strings
01-01 08:58:43.129 I/ ( 0): read descriptors
01-01 08:58:43.129 I/ ( 0): read strings
01-01 08:58:44.141 I/ ( 0): read descriptors
01-01 08:58:44.141 I/ ( 0): read strings
01-01 08:58:45.153 I/ ( 0): read descriptors
01-01 08:58:45.153 I/ ( 0): read strings
01-01 08:58:46.165 I/ ( 0): read descriptors
01-01 08:58:46.165 I/ ( 0): read strings
01-01 08:58:47.177 I/ ( 0): read descriptors
01-01 08:58:47.177 I/ ( 0): read strings
01-01 08:58:48.189 I/ ( 0): read descriptors
01-01 08:58:48.189 I/ ( 0): read strings
01-01 08:58:49.201 I/ ( 0): read descriptors
01-01 08:58:49.201 I/ ( 0): read strings
01-01 08:58:50.213 I/ ( 0): read descriptors
01-01 08:58:50.213 I/ ( 0): read strings
01-01 08:58:51.225 I/ ( 0): read descriptors
01-01 08:58:51.225 I/ ( 0): read strings
01-01 08:58:52.237 I/ ( 0): read descriptors
01-01 08:58:52.237 I/ ( 0): read strings
01-01 08:58:53.249 I/ ( 0): read descriptors
01-01 08:58:53.249 I/ ( 0): read strings
01-01 08:58:54.261 I/ ( 0): read descriptors
01-01 08:58:54.261 I/ ( 0): read strings
01-01 08:58:55.281 I/ ( 0): read descriptors
01-01 08:58:55.281 I/ ( 0): read strings
01-01 08:58:56.297 I/ ( 0): read descriptors
01-01 08:58:56.297 I/ ( 0): read strings
01-01 08:58:57.313 I/ ( 0): read descriptors
01-01 08:58:57.313 I/ ( 0): read strings
01-01 08:58:58.325 I/ ( 0): read descriptors
01-01 08:58:58.325 I/ ( 0): read strings
01-01 08:58:59.337 I/ ( 0): read descriptors
01-01 08:58:59.337 I/ ( 0): read strings
01-01 08:59:00.349 I/ ( 0): read descriptors
01-01 08:59:00.349 I/ ( 0): read strings
01-01 08:59:01.361 I/ ( 0): read descriptors
01-01 08:59:01.361 I/ ( 0): read strings
01-01 08:59:02.373 I/ ( 0): read descriptors
01-01 08:59:02.373 I/ ( 0): read strings
01-01 08:59:03.385 I/ ( 0): read descriptors
01-01 08:59:03.385 I/ ( 0): read strings
01-01 08:59:04.397 I/ ( 0): read descriptors
01-01 08:59:04.397 I/ ( 0): read strings
01-01 08:59:05.409 I/ ( 0): read descriptors
01-01 08:59:05.409 I/ ( 0): read strings
01-01 08:59:06.421 I/ ( 0): read descriptors
01-01 08:59:06.421 I/ ( 0): read strings
01-01 08:59:07.433 I/ ( 0): read descriptors
01-01 08:59:07.433 I/ ( 0): read strings
01-01 08:59:08.449 I/ ( 0): read descriptors
01-01 08:59:08.449 I/ ( 0): read strings
01-01 08:59:09.465 I/ ( 0): read descriptors
01-01 08:59:09.465 I/ ( 0): read strings
01-01 08:59:10.489 I/ ( 0): read descriptors
01-01 08:59:10.489 I/ ( 0): read strings
01-01 08:59:11.509 I/ ( 0): read descriptors
01-01 08:59:11.509 I/ ( 0): read strings
01-01 08:59:12.533 I/ ( 0): read descriptors
01-01 08:59:12.533 I/ ( 0): read strings
01-01 08:59:13.553 I/ ( 0): read descriptors
01-01 08:59:13.553 I/ ( 0): read strings
01-01 08:59:14.573 I/ ( 0): read descriptors
01-01 08:59:14.573 I/ ( 0): read strings
01-01 08:59:15.593 I/ ( 0): read descriptors
01-01 08:59:15.593 I/ ( 0): read strings
01-01 08:59:16.613 I/ ( 0): read descriptors
01-01 08:59:16.613 I/ ( 0): read strings
01-01 08:59:17.629 I/ ( 0): read descriptors
01-01 08:59:17.629 I/ ( 0): read strings
01-01 08:59:18.645 I/ ( 0): read descriptors
01-01 08:59:18.645 I/ ( 0): read strings
01-01 08:59:19.665 I/ ( 0): read descriptors
01-01 08:59:19.665 I/ ( 0): read strings
01-01 08:59:20.685 I/ ( 0): read descriptors
01-01 08:59:20.685 I/ ( 0): read strings
01-01 08:59:21.701 I/ ( 0): read descriptors
01-01 08:59:21.701 I/ ( 0): read strings
01-01 08:59:22.717 I/ ( 0): read descriptors
01-01 08:59:22.717 I/ ( 0): read strings
01-01 08:59:23.733 I/ ( 0): read descriptors
01-01 08:59:23.733 I/ ( 0): read strings
01-01 08:59:24.749 I/ ( 0): read descriptors
01-01 08:59:24.749 I/ ( 0): read strings
01-01 08:59:25.765 I/ ( 0): read descriptors
01-01 08:59:25.765 I/ ( 0): read strings
01-01 08:59:26.781 I/ ( 0): read descriptors
01-01 08:59:26.781 I/ ( 0): read strings
01-01 08:59:27.797 I/ ( 0): read descriptors
01-01 08:59:27.797 I/ ( 0): read strings
01-01 08:59:28.813 I/ ( 0): read descriptors
01-01 08:59:28.813 I/ ( 0): read strings
01-01 08:59:29.829 I/ ( 0): read descriptors
01-01 08:59:29.829 I/ ( 0): read strings
01-01 08:59:30.841 I/ ( 0): read descriptors
01-01 08:59:30.841 I/ ( 0): read strings
01-01 08:59:31.853 I/ ( 0): read descriptors
01-01 08:59:31.853 I/ ( 0): read strings
01-01 08:59:32.865 I/ ( 0): read descriptors
01-01 08:59:32.865 I/ ( 0): read strings
01-01 08:59:33.877 I/ ( 0): read descriptors
01-01 08:59:33.877 I/ ( 0): read strings
01-01 08:59:34.897 I/ ( 0): read descriptors
01-01 08:59:34.897 I/ ( 0): read strings
01-01 08:59:35.909 I/ ( 0): read descriptors
01-01 08:59:35.909 I/ ( 0): read strings
01-01 08:59:36.921 I/ ( 0): read descriptors
01-01 08:59:36.921 I/ ( 0): read strings
01-01 08:59:37.941 I/ ( 0): read descriptors
01-01 08:59:37.941 I/ ( 0): read strings
01-01 08:59:38.957 I/ ( 0): read descriptors
01-01 08:59:38.957 I/ ( 0): read strings
01-01 08:59:39.973 I/ ( 0): read descriptors
01-01 08:59:39.973 I/ ( 0): read strings
01-01 08:59:40.989 I/ ( 0): read descriptors
01-01 08:59:40.989 I/ ( 0): read strings
01-01 08:59:42.001 I/ ( 0): read descriptors
01-01 08:59:42.001 I/ ( 0): read strings
01-01 08:59:43.013 I/ ( 0): read descriptors
01-01 08:59:43.013 I/ ( 0): read strings
01-01 08:59:44.025 I/ ( 0): read descriptors
01-01 08:59:44.025 I/ ( 0): read strings
01-01 08:59:45.041 I/ ( 0): read descriptors
01-01 08:59:45.041 I/ ( 0): read strings
01-01 08:59:46.061 I/ ( 0): read descriptors
01-01 08:59:46.061 I/ ( 0): read strings
01-01 08:59:47.077 I/ ( 0): read descriptors
01-01 08:59:47.077 I/ ( 0): read strings
01-01 08:59:48.097 I/ ( 0): read descriptors
01-01 08:59:48.097 I/ ( 0): read strings
01-01 08:59:49.109 I/ ( 0): read descriptors
01-01 08:59:49.109 I/ ( 0): read strings
01-01 08:59:50.129 I/ ( 0): read descriptors
01-01 08:59:50.129 I/ ( 0): read strings
01-01 08:59:51.141 I/ ( 0): read descriptors
01-01 08:59:51.141 I/ ( 0): read strings
01-01 08:59:52.153 I/ ( 0): read descriptors
01-01 08:59:52.153 I/ ( 0): read strings
01-01 08:59:53.169 I/ ( 0): read descriptors
01-01 08:59:53.169 I/ ( 0): read strings
01-01 08:59:54.181 I/ ( 0): read descriptors
01-01 08:59:54.181 I/ ( 0): read strings
01-01 08:59:55.193 I/ ( 0): read descriptors
01-01 08:59:55.193 I/ ( 0): read strings
01-01 08:59:56.209 I/ ( 0): read descriptors
01-01 08:59:56.209 I/ ( 0): read strings
01-01 08:59:57.233 I/ ( 0): read descriptors
01-01 08:59:57.233 I/ ( 0): read strings
01-01 08:59:58.249 I/ ( 0): read descriptors
01-01 08:59:58.249 I/ ( 0): read strings
01-01 08:59:59.269 I/ ( 0): read descriptors
01-01 08:59:59.269 I/ ( 0): read strings
01-01 09:00:00.293 I/ ( 0): read descriptors
01-01 09:00:00.293 I/ ( 0): read strings
01-01 09:00:01.309 I/ ( 0): read descriptors
01-01 09:00:01.309 I/ ( 0): read strings
01-01 09:00:02.325 I/ ( 0): read descriptors
01-01 09:00:02.326 I/ ( 0): read strings
01-01 09:00:02.356 W/audit ( 0): audit_lost=656 audit_rate_limit=5 audit_backlog_limit=64
01-01 09:00:02.356 E/audit ( 0): rate limit exceeded
01-01 09:00:03.353 I/ ( 0): read descriptors
01-01 09:00:03.353 I/ ( 0): read strings
01-01 09:00:04.373 I/ ( 0): read descriptors
01-01 09:00:04.373 I/ ( 0): read strings
01-01 09:00:05.389 I/ ( 0): read descriptors
01-01 09:00:05.389 I/ ( 0): read strings
01-01 09:00:06.405 I/ ( 0): read descriptors
01-01 09:00:06.405 I/ ( 0): read strings
01-01 09:00:07.417 I/ ( 0): read descriptors
01-01 09:00:07.417 I/ ( 0): read strings
01-01 09:00:08.437 I/ ( 0): read descriptors
01-01 09:00:08.437 I/ ( 0): read strings
01-01 09:00:09.453 I/ ( 0): read descriptors
01-01 09:00:09.453 I/ ( 0): read strings
01-01 09:00:10.473 I/ ( 0): read descriptors
01-01 09:00:10.473 I/ ( 0): read strings
01-01 09:00:11.493 I/ ( 0): read descriptors
01-01 09:00:11.493 I/ ( 0): read strings
01-01 09:00:12.513 I/ ( 0): read descriptors
01-01 09:00:12.513 I/ ( 0): read strings
01-01 09:00:13.537 I/ ( 0): read descriptors
01-01 09:00:13.537 I/ ( 0): read strings
01-01 09:00:14.557 I/ ( 0): read descriptors
01-01 09:00:14.557 I/ ( 0): read strings
01-01 09:00:15.584 I/ ( 0): read descriptors
01-01 09:00:15.584 I/ ( 0): read strings
01-01 09:00:16.601 I/ ( 0): read descriptors
01-01 09:00:16.601 I/ ( 0): read strings
01-01 09:00:17.617 I/ ( 0): read descriptors
01-01 09:00:17.617 I/ ( 0): read strings
01-01 09:00:18.633 I/ ( 0): read descriptors
01-01 09:00:18.633 I/ ( 0): read strings
01-01 09:00:19.653 I/ ( 0): read descriptors
01-01 09:00:19.653 I/ ( 0): read strings
01-01 09:00:20.669 I/ ( 0): read descriptors
01-01 09:00:20.669 I/ ( 0): read strings
01-01 09:00:21.685 I/ ( 0): read descriptors
01-01 09:00:21.685 I/ ( 0): read strings
01-01 09:00:22.006 I/init ( 0): processing action (sys.tlog.pstore.active=1) from (/system/etc/init/tlogd.rc:122)
01-01 09:00:22.007 I/init ( 0): Command 'start pstore_save' action=sys.tlog.pstore.active=1 (/system/etc/init/tlogd.rc:124) took 0ms and failed: Could not start service: Could not get process context
01-01 09:00:22.697 I/ ( 0): read descriptors
01-01 09:00:22.697 I/ ( 0): read strings
01-01 09:00:23.300 I/init ( 0): Untracked pid 11287 exited with status 0
01-01 09:00:23.713 I/ ( 0): read descriptors
01-01 09:00:23.713 I/ ( 0): read strings
01-01 09:00:24.725 I/ ( 0): read descriptors
01-01 09:00:24.725 I/ ( 0): read strings
01-01 09:00:25.741 I/ ( 0): read descriptors
01-01 09:00:25.741 I/ ( 0): read strings
01-01 09:00:26.757 I/ ( 0): read descriptors
01-01 09:00:26.757 I/ ( 0): read strings
01-01 09:00:27.773 I/ ( 0): read descriptors
01-01 09:00:27.773 I/ ( 0): read strings
01-01 09:00:28.198 D/cnss ( 0): Host time = 3628198700 us, device time = 3613470940 us, offset = 14727760 us
01-01 09:00:28.198 D/cnss ( 0): Updated time sync regs [0x984] = 0xe0ba50, [0x988] = 0x0
01-01 09:00:28.785 I/ ( 0): read descriptors
01-01 09:00:28.785 I/ ( 0): read strings
01-01 09:00:29.797 I/ ( 0): read descriptors
01-01 09:00:29.797 I/ ( 0): read strings
01-01 09:00:30.809 I/ ( 0): read descriptors
01-01 09:00:30.809 I/ ( 0): read strings
01-01 09:00:31.825 I/ ( 0): read descriptors
01-01 09:00:31.825 I/ ( 0): read strings
01-01 09:00:32.837 I/ ( 0): read descriptors
01-01 09:00:32.837 I/ ( 0): read strings
01-01 09:00:33.849 I/ ( 0): read descriptors
01-01 09:00:33.849 I/ ( 0): read strings
01-01 09:00:34.861 I/ ( 0): read descriptors
01-01 09:00:34.861 I/ ( 0): read strings
01-01 09:00:35.873 I/ ( 0): read descriptors
01-01 09:00:35.873 I/ ( 0): read strings
01-01 09:00:36.885 I/ ( 0): read descriptors
01-01 09:00:36.885 I/ ( 0): read strings
01-01 09:00:37.897 I/ ( 0): read descriptors
01-01 09:00:37.897 I/ ( 0): read strings
01-01 09:00:38.909 I/ ( 0): read descriptors
01-01 09:00:38.909 I/ ( 0): read strings
01-01 09:00:39.921 I/ ( 0): read descriptors
01-01 09:00:39.921 I/ ( 0): read strings
01-01 09:00:40.933 I/ ( 0): read descriptors
01-01 09:00:40.933 I/ ( 0): read strings
01-01 09:00:41.945 I/ ( 0): read descriptors
01-01 09:00:41.945 I/ ( 0): read strings
01-01 09:00:42.957 I/ ( 0): read descriptors
01-01 09:00:42.957 I/ ( 0): read strings
01-01 09:00:43.969 I/ ( 0): read descriptors
01-01 09:00:43.969 I/ ( 0): read strings
01-01 09:00:44.981 I/ ( 0): read descriptors
01-01 09:00:44.981 I/ ( 0): read strings
01-01 09:00:45.997 I/ ( 0): read descriptors
01-01 09:00:45.997 I/ ( 0): read strings
01-01 09:00:47.009 I/ ( 0): read descriptors
01-01 09:00:47.009 I/ ( 0): read strings
01-01 09:00:48.021 I/ ( 0): read descriptors
01-01 09:00:48.021 I/ ( 0): read strings
01-01 09:00:49.033 I/ ( 0): read descriptors
01-01 09:00:49.033 I/ ( 0): read strings
01-01 09:00:50.045 I/ ( 0): read descriptors
01-01 09:00:50.045 I/ ( 0): read strings
01-01 09:00:51.057 I/ ( 0): read descriptors
01-01 09:00:51.057 I/ ( 0): read strings
01-01 09:00:52.073 I/ ( 0): read descriptors
01-01 09:00:52.073 I/ ( 0): read strings
01-01 09:00:53.085 I/ ( 0): read descriptors
01-01 09:00:53.085 I/ ( 0): read strings
01-01 09:00:54.097 I/ ( 0): read descriptors
01-01 09:00:54.097 I/ ( 0): read strings
01-01 09:00:55.109 I/ ( 0): read descriptors
01-01 09:00:55.109 I/ ( 0): read strings
01-01 09:00:56.121 I/ ( 0): read descriptors
01-01 09:00:56.121 I/ ( 0): read strings
01-01 09:00:57.133 I/ ( 0): read descriptors
01-01 09:00:57.133 I/ ( 0): read strings
01-01 09:00:58.149 I/ ( 0): read descriptors
01-01 09:00:58.149 I/ ( 0): read strings
01-01 09:00:59.165 I/ ( 0): read descriptors
01-01 09:00:59.165 I/ ( 0): read strings
01-01 09:01:00.177 I/ ( 0): read descriptors
01-01 09:01:00.177 I/ ( 0): read strings
01-01 09:01:01.189 I/ ( 0): read descriptors
01-01 09:01:01.189 I/ ( 0): read strings
01-01 09:01:02.211 I/ ( 0): read descriptors
01-01 09:01:02.212 I/ ( 0): read strings
01-01 09:01:03.233 I/ ( 0): read descriptors
01-01 09:01:03.233 I/ ( 0): read strings
01-01 09:01:04.249 I/ ( 0): read descriptors
01-01 09:01:04.249 I/ ( 0): read strings
01-01 09:01:05.034 I/[schedu][0x10624ccc85][05:00:51.915525] wlan( 0): [3487:I:OSIF] scan start scan id 40991
01-01 09:01:05.273 I/ ( 0): read descriptors
01-01 09:01:05.273 I/ ( 0): read strings
01-01 09:01:06.222 I/[schedu][0x1063a8b87b][05:00:53.103098] wlan( 0): [3487:I:OSIF] vdev 0, scan id 40991 type COMPLETED(1) reason COMPLETED(1) scan found 71 bss
01-01 09:01:06.293 I/ ( 0): read descriptors
01-01 09:01:06.293 I/ ( 0): read strings
01-01 09:01:07.313 I/ ( 0): read descriptors
01-01 09:01:07.313 I/ ( 0): read strings
01-01 09:01:08.329 I/ ( 0): read descriptors
01-01 09:01:08.329 I/ ( 0): read strings
01-01 09:01:08.988 I/binder ( 0): 9386:9386 transaction failed 29189/-22, size 72-0 line 3071
01-01 09:01:09.035 I/binder ( 0): undelivered transaction 667410, process died.
01-01 09:01:09.077 I/binder ( 0): 11379:11379 ioctl 40046210 7ffca76594 returned -22
01-01 09:01:09.345 I/ ( 0): read descriptors
01-01 09:01:09.345 I/ ( 0): read strings
01-01 09:01:10.365 I/ ( 0): read descriptors
01-01 09:01:10.365 I/ ( 0): read strings
01-01 09:01:11.381 I/ ( 0): read descriptors
01-01 09:01:11.381 I/ ( 0): read strings
01-01 09:01:12.397 I/ ( 0): read descriptors
01-01 09:01:12.397 I/ ( 0): read strings
01-01 09:01:13.417 I/ ( 0): read descriptors
01-01 09:01:13.417 I/ ( 0): read strings
01-01 09:01:14.433 I/ ( 0): read descriptors
01-01 09:01:14.433 I/ ( 0): read strings
01-01 09:01:15.449 I/ ( 0): read descriptors
01-01 09:01:15.449 I/ ( 0): read strings
01-01 09:01:16.465 I/ ( 0): read descriptors
01-01 09:01:16.465 I/ ( 0): read strings
01-01 09:01:17.481 I/ ( 0): read descriptors
01-01 09:01:17.481 I/ ( 0): read strings
01-01 09:01:18.501 I/ ( 0): read descriptors
01-01 09:01:18.501 I/ ( 0): read strings
01-01 09:01:19.517 I/ ( 0): read descriptors
01-01 09:01:19.517 I/ ( 0): read strings
01-01 09:01:20.533 I/ ( 0): read descriptors
01-01 09:01:20.533 I/ ( 0): read strings
01-01 09:01:21.549 I/ ( 0): read descriptors
01-01 09:01:21.549 I/ ( 0): read strings
01-01 09:01:22.565 I/ ( 0): read descriptors
01-01 09:01:22.565 I/ ( 0): read strings
01-01 09:01:23.581 I/ ( 0): read descriptors
01-01 09:01:23.581 I/ ( 0): read strings
01-01 09:01:24.597 I/ ( 0): read descriptors
01-01 09:01:24.597 I/ ( 0): read strings
01-01 09:01:25.613 I/ ( 0): read descriptors
01-01 09:01:25.613 I/ ( 0): read strings
01-01 09:01:26.629 I/ ( 0): read descriptors
01-01 09:01:26.629 I/ ( 0): read strings
01-01 09:01:27.649 I/ ( 0): read descriptors
01-01 09:01:27.649 I/ ( 0): read strings
01-01 09:01:28.669 I/ ( 0): read descriptors
01-01 09:01:28.669 I/ ( 0): read strings
01-01 09:01:29.685 I/ ( 0): read descriptors
01-01 09:01:29.685 I/ ( 0): read strings
01-01 09:01:30.701 I/ ( 0): read descriptors
01-01 09:01:30.701 I/ ( 0): read strings
01-01 09:01:31.717 I/ ( 0): read descriptors
01-01 09:01:31.717 I/ ( 0): read strings
01-01 09:01:32.737 I/ ( 0): read descriptors
01-01 09:01:32.737 I/ ( 0): read strings
01-01 09:01:33.753 I/ ( 0): read descriptors
01-01 09:01:33.753 I/ ( 0): read strings
01-01 09:01:34.765 I/ ( 0): read descriptors
01-01 09:01:34.765 I/ ( 0): read strings
01-01 09:01:35.777 I/ ( 0): read descriptors
01-01 09:01:35.777 I/ ( 0): read strings
01-01 09:01:36.793 I/ ( 0): read descriptors
01-01 09:01:36.793 I/ ( 0): read strings
01-01 09:01:37.805 I/ ( 0): read descriptors
01-01 09:01:37.805 I/ ( 0): read strings
01-01 09:01:38.821 I/ ( 0): read descriptors
01-01 09:01:38.821 I/ ( 0): read strings
01-01 09:01:39.837 I/ ( 0): read descriptors
01-01 09:01:39.837 I/ ( 0): read strings
01-01 09:01:40.861 I/ ( 0): read descriptors
01-01 09:01:40.861 I/ ( 0): read strings
01-01 09:01:41.877 I/ ( 0): read descriptors
01-01 09:01:41.877 I/ ( 0): read strings
01-01 09:01:42.893 I/ ( 0): read descriptors
01-01 09:01:42.893 I/ ( 0): read strings
01-01 09:01:43.905 I/ ( 0): read descriptors
01-01 09:01:43.905 I/ ( 0): read strings
01-01 09:01:44.917 I/ ( 0): read descriptors
01-01 09:01:44.917 I/ ( 0): read strings
01-01 09:01:45.929 I/ ( 0): read descriptors
01-01 09:01:45.929 I/ ( 0): read strings
01-01 09:01:46.941 I/ ( 0): read descriptors
01-01 09:01:46.941 I/ ( 0): read strings
01-01 09:01:47.953 I/ ( 0): read descriptors
01-01 09:01:47.953 I/ ( 0): read strings
01-01 09:01:48.977 I/ ( 0): read descriptors
01-01 09:01:48.977 I/ ( 0): read strings
01-01 09:01:50.001 I/ ( 0): read descriptors
01-01 09:01:50.001 I/ ( 0): read strings
01-01 09:01:51.021 I/ ( 0): read descriptors
01-01 09:01:51.021 I/ ( 0): read strings
01-01 09:01:52.037 I/ ( 0): read descriptors
01-01 09:01:52.037 I/ ( 0): read strings
01-01 09:01:53.053 I/ ( 0): read descriptors
01-01 09:01:53.053 I/ ( 0): read strings
01-01 09:01:54.069 I/ ( 0): read descriptors
01-01 09:01:54.069 I/ ( 0): read strings
01-01 09:01:55.085 I/ ( 0): read descriptors
01-01 09:01:55.085 I/ ( 0): read strings
01-01 09:01:56.097 I/ ( 0): read descriptors
01-01 09:01:56.097 I/ ( 0): read strings
01-01 09:01:57.109 I/ ( 0): read descriptors
01-01 09:01:57.109 I/ ( 0): read strings
01-01 09:01:58.121 I/ ( 0): read descriptors
01-01 09:01:58.121 I/ ( 0): read strings
01-01 09:01:59.137 I/ ( 0): read descriptors
01-01 09:01:59.137 I/ ( 0): read strings
01-01 09:02:00.153 I/ ( 0): read descriptors
01-01 09:02:00.153 I/ ( 0): read strings
01-01 09:02:01.165 I/ ( 0): read descriptors
01-01 09:02:01.165 I/ ( 0): read strings
01-01 09:02:02.181 I/ ( 0): read descriptors
01-01 09:02:02.181 I/ ( 0): read strings
01-01 09:02:03.205 I/ ( 0): read descriptors
01-01 09:02:03.205 I/ ( 0): read strings
01-01 09:02:04.221 I/ ( 0): read descriptors
01-01 09:02:04.221 I/ ( 0): read strings
01-01 09:02:05.253 I/ ( 0): read descriptors
01-01 09:02:05.253 I/ ( 0): read strings
01-01 09:02:06.269 I/ ( 0): read descriptors
01-01 09:02:06.269 I/ ( 0): read strings
01-01 09:02:07.285 I/ ( 0): read descriptors
01-01 09:02:07.285 I/ ( 0): read strings
01-01 09:02:08.305 I/ ( 0): read descriptors
01-01 09:02:08.305 I/ ( 0): read strings
01-01 09:02:09.321 I/ ( 0): read descriptors
01-01 09:02:09.321 I/ ( 0): read strings
01-01 09:02:10.346 I/ ( 0): read descriptors
01-01 09:02:10.346 I/ ( 0): read strings
01-01 09:02:11.365 I/ ( 0): read descriptors
01-01 09:02:11.365 I/ ( 0): read strings
01-01 09:02:12.385 I/ ( 0): read descriptors
01-01 09:02:12.385 I/ ( 0): read strings
01-01 09:02:13.405 I/ ( 0): read descriptors
01-01 09:02:13.405 I/ ( 0): read strings
01-01 09:02:14.421 I/ ( 0): read descriptors
01-01 09:02:14.421 I/ ( 0): read strings
01-01 09:02:15.437 I/ ( 0): read descriptors
01-01 09:02:15.437 I/ ( 0): read strings
01-01 09:02:16.453 I/ ( 0): read descriptors
01-01 09:02:16.453 I/ ( 0): read strings
01-01 09:02:17.469 I/ ( 0): read descriptors
01-01 09:02:17.469 I/ ( 0): read strings
01-01 09:02:18.485 I/ ( 0): read descriptors
01-01 09:02:18.485 I/ ( 0): read strings
01-01 09:02:19.501 I/ ( 0): read descriptors
01-01 09:02:19.501 I/ ( 0): read strings
01-01 09:02:20.530 I/ ( 0): read descriptors
01-01 09:02:20.530 I/ ( 0): read strings
01-01 09:02:21.550 I/ ( 0): read descriptors
01-01 09:02:21.551 I/ ( 0): read strings
01-01 09:02:22.573 I/ ( 0): read descriptors
01-01 09:02:22.574 I/ ( 0): read strings
01-01 09:02:23.597 I/ ( 0): read descriptors
01-01 09:02:23.597 I/ ( 0): read strings
01-01 09:02:24.621 I/ ( 0): read descriptors
01-01 09:02:24.621 I/ ( 0): read strings
01-01 09:02:25.649 I/ ( 0): read descriptors
01-01 09:02:25.649 I/ ( 0): read strings
01-01 09:02:26.673 I/ ( 0): read descriptors
01-01 09:02:26.673 I/ ( 0): read strings
01-01 09:02:27.693 I/ ( 0): read descriptors
01-01 09:02:27.693 I/ ( 0): read strings
01-01 09:02:28.713 I/ ( 0): read descriptors
01-01 09:02:28.713 I/ ( 0): read strings
01-01 09:02:29.729 I/ ( 0): read descriptors
01-01 09:02:29.729 I/ ( 0): read strings
01-01 09:02:30.745 I/ ( 0): read descriptors
01-01 09:02:30.745 I/ ( 0): read strings
01-01 09:02:31.765 I/ ( 0): read descriptors
01-01 09:02:31.765 I/ ( 0): read strings
01-01 09:02:32.781 I/ ( 0): read descriptors
01-01 09:02:32.781 I/ ( 0): read strings
01-01 09:02:33.793 I/ ( 0): read descriptors
01-01 09:02:33.793 I/ ( 0): read strings
01-01 09:02:34.809 I/ ( 0): read descriptors
01-01 09:02:34.809 I/ ( 0): read strings
01-01 09:02:35.833 I/ ( 0): read descriptors
01-01 09:02:35.833 I/ ( 0): read strings
01-01 09:02:36.858 I/ ( 0): read descriptors
01-01 09:02:36.859 I/ ( 0): read strings
01-01 09:02:37.885 I/ ( 0): read descriptors
01-01 09:02:37.885 I/ ( 0): read strings
01-01 09:02:38.905 I/ ( 0): read descriptors
01-01 09:02:38.905 I/ ( 0): read strings
01-01 09:02:39.927 I/ ( 0): read descriptors
01-01 09:02:39.927 I/ ( 0): read strings
01-01 09:02:40.946 I/ ( 0): read descriptors
01-01 09:02:40.947 I/ ( 0): read strings
01-01 09:02:41.965 I/ ( 0): read descriptors
01-01 09:02:41.965 I/ ( 0): read strings
01-01 09:02:42.981 I/ ( 0): read descriptors
01-01 09:02:42.981 I/ ( 0): read strings
01-01 09:02:44.009 I/ ( 0): read descriptors
01-01 09:02:44.009 I/ ( 0): read strings
01-01 09:02:45.029 I/ ( 0): read descriptors
01-01 09:02:45.029 I/ ( 0): read strings
01-01 09:02:46.049 I/ ( 0): read descriptors
01-01 09:02:46.049 I/ ( 0): read strings
01-01 09:02:47.069 I/ ( 0): read descriptors
01-01 09:02:47.069 I/ ( 0): read strings
01-01 09:02:48.089 I/ ( 0): read descriptors
01-01 09:02:48.089 I/ ( 0): read strings
01-01 09:02:49.105 I/ ( 0): read descriptors
01-01 09:02:49.105 I/ ( 0): read strings
01-01 09:02:50.117 I/ ( 0): read descriptors
01-01 09:02:50.117 I/ ( 0): read strings
01-01 09:02:51.133 I/ ( 0): read descriptors
01-01 09:02:51.133 I/ ( 0): read strings
01-01 09:02:52.149 I/ ( 0): read descriptors
01-01 09:02:52.149 I/ ( 0): read strings
01-01 09:02:53.161 I/ ( 0): read descriptors
01-01 09:02:53.161 I/ ( 0): read strings
01-01 09:02:54.177 I/ ( 0): read descriptors
01-01 09:02:54.177 I/ ( 0): read strings
01-01 09:02:55.193 I/ ( 0): read descriptors
01-01 09:02:55.193 I/ ( 0): read strings
01-01 09:02:56.205 I/ ( 0): read descriptors
01-01 09:02:56.205 I/ ( 0): read strings
01-01 09:02:57.221 I/ ( 0): read descriptors
01-01 09:02:57.221 I/ ( 0): read strings
01-01 09:02:58.241 I/ ( 0): read descriptors
01-01 09:02:58.241 I/ ( 0): read strings
01-01 09:02:59.261 I/ ( 0): read descriptors
01-01 09:02:59.261 I/ ( 0): read strings
01-01 09:03:00.281 I/ ( 0): read descriptors
01-01 09:03:00.281 I/ ( 0): read strings
01-01 09:03:01.301 I/ ( 0): read descriptors
01-01 09:03:01.301 I/ ( 0): read strings
01-01 09:03:02.321 I/ ( 0): read descriptors
01-01 09:03:02.321 I/ ( 0): read strings
01-01 09:03:03.341 I/ ( 0): read descriptors
01-01 09:03:03.341 I/ ( 0): read strings
01-01 09:03:04.361 I/ ( 0): read descriptors
01-01 09:03:04.361 I/ ( 0): read strings
01-01 09:03:05.377 I/ ( 0): read descriptors
01-01 09:03:05.377 I/ ( 0): read strings
01-01 09:03:06.393 I/ ( 0): read descriptors
01-01 09:03:06.393 I/ ( 0): read strings
01-01 09:03:07.409 I/ ( 0): read descriptors
01-01 09:03:07.410 I/ ( 0): read strings
01-01 09:03:08.421 I/ ( 0): read descriptors
01-01 09:03:08.421 I/ ( 0): read strings
01-01 09:03:09.433 I/ ( 0): read descriptors
01-01 09:03:09.433 I/ ( 0): read strings
01-01 09:03:10.445 I/ ( 0): read descriptors
01-01 09:03:10.445 I/ ( 0): read strings
01-01 09:03:11.457 I/ ( 0): read descriptors
01-01 09:03:11.457 I/ ( 0): read strings
01-01 09:03:12.469 I/ ( 0): read descriptors
01-01 09:03:12.469 I/ ( 0): read strings
01-01 09:03:13.036 I/binder ( 0): 1487:1698 ioctl 400c620e 7808a775d8 returned -22
01-01 09:03:13.039 I/binder ( 0): 1487:1698 ioctl c00c620f 7808a775b8 returned -22
01-01 09:03:13.113 I/binder ( 0): 11572:11572 ioctl 40046210 7ffca76594 returned -22
01-01 09:03:13.481 I/ ( 0): read descriptors
01-01 09:03:13.481 I/ ( 0): read strings
01-01 09:03:14.501 I/ ( 0): read descriptors
01-01 09:03:14.501 I/ ( 0): read strings
01-01 09:03:15.521 I/ ( 0): read descriptors
01-01 09:03:15.521 I/ ( 0): read strings
01-01 09:03:16.541 I/ ( 0): read descriptors
01-01 09:03:16.541 I/ ( 0): read strings
01-01 09:03:17.557 I/ ( 0): read descriptors
01-01 09:03:17.557 I/ ( 0): read strings
01-01 09:03:18.577 I/ ( 0): read descriptors
01-01 09:03:18.577 I/ ( 0): read strings
01-01 09:03:19.593 I/ ( 0): read descriptors
01-01 09:03:19.593 I/ ( 0): read strings
01-01 09:03:20.605 I/ ( 0): read descriptors
01-01 09:03:20.606 I/ ( 0): read strings
01-01 09:03:21.617 I/ ( 0): read descriptors
01-01 09:03:21.617 I/ ( 0): read strings
01-01 09:03:22.629 I/ ( 0): read descriptors
01-01 09:03:22.629 I/ ( 0): read strings
01-01 09:03:23.641 I/ ( 0): read descriptors
01-01 09:03:23.641 I/ ( 0): read strings
01-01 09:03:24.653 I/ ( 0): read descriptors
01-01 09:03:24.653 I/ ( 0): read strings
01-01 09:03:25.665 I/ ( 0): read descriptors
01-01 09:03:25.665 I/ ( 0): read strings
01-01 09:03:26.677 I/ ( 0): read descriptors
01-01 09:03:26.677 I/ ( 0): read strings
01-01 09:03:27.693 I/ ( 0): read descriptors
01-01 09:03:27.693 I/ ( 0): read strings
01-01 09:03:28.709 I/ ( 0): read descriptors
01-01 09:03:28.709 I/ ( 0): read strings
01-01 09:03:29.721 I/ ( 0): read descriptors
01-01 09:03:29.721 I/ ( 0): read strings
01-01 09:03:30.737 I/ ( 0): read descriptors
01-01 09:03:30.737 I/ ( 0): read strings
01-01 09:03:31.749 I/ ( 0): read descriptors
01-01 09:03:31.749 I/ ( 0): read strings
01-01 09:03:32.296 I/binder ( 0): 1487:1698 ioctl 400c620e 7808a775d8 returned -22
01-01 09:03:32.299 I/binder ( 0): 1487:1698 ioctl c00c620f 7808a775b8 returned -22
01-01 09:03:32.376 I/binder ( 0): 11607:11607 ioctl 40046210 7ffca76594 returned -22
01-01 09:03:32.761 I/ ( 0): read descriptors
01-01 09:03:32.761 I/ ( 0): read strings
01-01 09:03:33.777 I/ ( 0): read descriptors
01-01 09:03:33.777 I/ ( 0): read strings
01-01 09:03:34.789 I/ ( 0): read descriptors
01-01 09:03:34.789 I/ ( 0): read strings
01-01 09:03:35.805 I/ ( 0): read descriptors
01-01 09:03:35.805 I/ ( 0): read strings
01-01 09:03:36.825 I/ ( 0): read descriptors
01-01 09:03:36.825 I/ ( 0): read strings
01-01 09:03:37.837 I/ ( 0): read descriptors
01-01 09:03:37.837 I/ ( 0): read strings
01-01 09:03:38.849 I/ ( 0): read descriptors
01-01 09:03:38.849 I/ ( 0): read strings
01-01 09:03:39.861 I/ ( 0): read descriptors
01-01 09:03:39.861 I/ ( 0): read strings
01-01 09:03:40.873 I/ ( 0): read descriptors
01-01 09:03:40.873 I/ ( 0): read strings
01-01 09:03:41.893 I/ ( 0): read descriptors
01-01 09:03:41.893 I/ ( 0): read strings
01-01 09:03:42.909 I/ ( 0): read descriptors
01-01 09:03:42.909 I/ ( 0): read strings
01-01 09:03:43.925 I/ ( 0): read descriptors
01-01 09:03:43.925 I/ ( 0): read strings
01-01 09:03:44.945 I/ ( 0): read descriptors
01-01 09:03:44.945 I/ ( 0): read strings
01-01 09:03:45.961 I/ ( 0): read descriptors
01-01 09:03:45.961 I/ ( 0): read strings
01-01 09:03:46.977 I/ ( 0): read descriptors
01-01 09:03:46.977 I/ ( 0): read strings
01-01 09:03:47.993 I/ ( 0): read descriptors
01-01 09:03:47.993 I/ ( 0): read strings
01-01 09:03:49.008 I/ ( 0): read descriptors
01-01 09:03:49.008 I/ ( 0): read strings
01-01 09:03:50.024 I/ ( 0): read descriptors
01-01 09:03:50.024 I/ ( 0): read strings
01-01 09:03:51.049 I/ ( 0): read descriptors
01-01 09:03:51.049 I/ ( 0): read strings
01-01 09:03:52.069 I/ ( 0): read descriptors
01-01 09:03:52.069 I/ ( 0): read strings
01-01 09:03:53.085 I/ ( 0): read descriptors
01-01 09:03:53.085 I/ ( 0): read strings
01-01 09:03:54.101 I/ ( 0): read descriptors
01-01 09:03:54.101 I/ ( 0): read strings
01-01 09:03:55.117 I/ ( 0): read descriptors
01-01 09:03:55.117 I/ ( 0): read strings
01-01 09:03:56.133 I/ ( 0): read descriptors
01-01 09:03:56.133 I/ ( 0): read strings
01-01 09:03:57.153 I/ ( 0): read descriptors
01-01 09:03:57.153 I/ ( 0): read strings
01-01 09:03:58.169 I/ ( 0): read descriptors
01-01 09:03:58.169 I/ ( 0): read strings
01-01 09:03:59.185 I/ ( 0): read descriptors
01-01 09:03:59.185 I/ ( 0): read strings
01-01 09:04:00.201 I/ ( 0): read descriptors
01-01 09:04:00.201 I/ ( 0): read strings
01-01 09:04:01.221 I/ ( 0): read descriptors
01-01 09:04:01.221 I/ ( 0): read strings
01-01 09:04:02.237 I/ ( 0): read descriptors
01-01 09:04:02.237 I/ ( 0): read strings
01-01 09:04:03.253 I/ ( 0): read descriptors
01-01 09:04:03.253 I/ ( 0): read strings
01-01 09:04:04.269 I/ ( 0): read descriptors
01-01 09:04:04.269 I/ ( 0): read strings
