01-11 07:27:15.583 I/wm_on_create_called(21853): [247989949,com.android.music.MusicBrowserActivity,performCreate]
01-11 07:27:15.592 I/wm_on_start_called(21853): [247989949,com.android.music.MusicBrowserActivity,handleStartActivity]
01-11 07:27:15.592 I/wm_on_resume_called(21853): [247989949,com.android.music.MusicBrowserActivity,RESUME_ACTIVITY]
01-11 07:27:15.593 I/wm_on_top_resumed_gained_called(21853): [247989949,com.android.music.MusicBrowserActivity,topStateChangedWhenResumed]
01-11 07:27:15.596 I/input_focus( 1487): [Focus leaving ef52410 com.android.launcher3/com.android.launcher3.uioverrides.QuickstepLauncher (server),reason=NO_WINDOW]
01-11 07:27:15.605 I/sysui_multi_action( 1487): [757,856,758,1,806,com.android.music,857,Channel-music,858,2]
01-11 07:27:15.605 I/GameModeConfig( 1487): isGameModeOn = false
01-11 07:27:15.605 I/GameModeConfig( 1487): isGameModeOn = false
01-11 07:27:15.606 I/GameModeConfig( 1487): isGameModeOn = false
01-11 07:27:15.606 I/GameModeConfig( 1487): isGameModeOn = false
01-11 07:27:15.608 I/notification_enqueue( 1487): [10089,21853,com.android.music,1,NULL,0,Notification(channel=Channel-music shortcut=null contentView=null vibrate=null sound=null defaults=0x0 flags=0x0 color=0x00000000 category=transport actions=4 vis=PRIVATE),0]
01-11 07:27:15.609 I/notification_enqueue( 1487): [10089,21853,com.android.music,1,NULL,0,Notification(channel=Channel-music shortcut=null contentView=null vibrate=null sound=null defaults=0x0 flags=0x40 color=0x00000000 category=transport actions=4 vis=PRIVATE),0]
01-11 07:27:15.610 I/GameModeConfig( 1487): isGameModeOn = false
01-11 07:27:15.610 I/GameModeConfig( 1487): isGameModeOn = false
01-11 07:27:15.610 I/GameModeConfig( 1487): isGameModeOn = false
01-11 07:27:15.611 I/GameModeConfig( 1487): isGameModeOn = false
01-11 07:27:15.612 I/notification_enqueue( 1487): [10089,21853,com.android.music,1,NULL,0,Notification(channel=Channel-music shortcut=null contentView=null vibrate=null sound=null defaults=0x0 flags=0x40 color=0x00000000 category=transport actions=4 vis=PRIVATE),0]
01-11 07:27:15.614 I/notification_enqueue( 1487): [10089,21853,com.android.music,1,NULL,0,Notification(channel=Channel-music shortcut=null contentView=null vibrate=null sound=null defaults=0x0 flags=0x40 color=0x00000000 category=transport actions=4 vis=PRIVATE),0]
01-11 07:27:15.615 I/GameModeConfig( 1487): isGameModeOn = false
01-11 07:27:15.615 I/GameModeConfig( 1487): isGameModeOn = false
01-11 07:27:15.615 I/GameModeConfig( 1487): isGameModeOn = false
01-11 07:27:15.615 I/GameModeConfig( 1487): isGameModeOn = false
01-11 07:27:15.617 I/notification_enqueue( 1487): [10089,21853,com.android.music,1,NULL,0,Notification(channel=Channel-music shortcut=null contentView=null vibrate=null sound=null defaults=0x0 flags=0x40 color=0x00000000 category=transport actions=4 vis=PRIVATE),0]
01-11 07:27:15.617 I/notification_enqueue( 1487): [10089,21853,com.android.music,1,NULL,0,Notification(channel=Channel-music shortcut=null contentView=null vibrate=null sound=null defaults=0x0 flags=0x40 color=0x00000000 category=transport actions=4 vis=PRIVATE),0]
01-11 07:27:15.620 I/input_focus( 1487): [Focus request de82099 com.android.music/com.android.music.MusicBrowserActivity,reason=UpdateInputWindows]
01-11 07:27:15.628 I/sysui_multi_action( 1487): [319,30,321,28,322,72,325,12446,757,761,758,8,759,1,806,com.android.music,871,com.android.music.MusicBrowserActivity,904,com.android.launcher3,905,0,1320,4,1321,1]
01-11 07:27:15.628 I/sysui_multi_action( 1487): [757,128,758,5,759,8,793,20,794,0,795,20,796,1,806,com.android.music,857,Channel-music,858,2,947,0,1500,20,1641,transport,1688,1,1745,1043716538]
01-11 07:27:15.629 I/notification_canceled( 1487): [0|com.android.music|1|null|10089,8,20,20,0,-1,-1,NULL]
01-11 07:27:15.630 I/wm_activity_launch_time( 1487): [0,247989949,com.android.music/.MusicBrowserActivity,72]
01-11 07:27:15.630 I/input_focus( 1487): [Focus entering de82099 com.android.music/com.android.music.MusicBrowserActivity (server),reason=setFocusedWindow]
01-11 07:27:15.670 W/FreeFormWindowHelper( 1487): Current Display FreeFormTask is null
01-11 07:27:15.670 W/FreeFormWindowHelper( 1487): Current Display FreeFormTask is null
01-11 07:27:15.670 W/FreeFormWindowHelper( 1487): Current Display FreeFormTask is null
01-11 07:27:15.672 W/ContextImpl(19692): Calling a method in the system process without a qualified user: android.app.ContextImpl.startService:1816 android.content.ContextWrapper.startService:774 com.thundercomm.gamemode.ingame.services.GameModeActionUtils.startGameModeService:111 com.thundercomm.gamemode.ingame.services.GameModeActionUtils.startGameModeEntry:22 com.thundercomm.gamemode.ingame.services.ActivityMonitoringService$1.onActivityLaunch:129
01-11 07:27:15.673 I/GameModeConfig( 1487): Current uri is uri = content://com.thundercomm.gamemode.api/gamemode_settings/gamemode_isgaming
01-11 07:27:15.674 I/GameModeConfig( 1487): isGameModeOn = false
01-11 07:27:15.674 I/GameModeConfig( 1487): isGameModeOn = false
01-11 07:27:15.674 I/GameModeConfig( 1487): isDisableVoice = true
01-11 07:27:15.808 I/NotificationService( 1487): Cannot find enqueued record for key: 0|com.android.music|1|null|10089
01-11 07:27:15.809 I/NotificationService( 1487): Cannot find enqueued record for key: 0|com.android.music|1|null|10089
01-11 07:27:15.812 I/NotificationService( 1487): Cannot find enqueued record for key: 0|com.android.music|1|null|10089
01-11 07:27:15.814 I/NotificationService( 1487): Cannot find enqueued record for key: 0|com.android.music|1|null|10089
01-11 07:27:15.816 I/NotificationService( 1487): Cannot find enqueued record for key: 0|com.android.music|1|null|10089
01-11 07:27:15.818 I/NotificationService( 1487): Cannot find enqueued record for key: 0|com.android.music|1|null|10089
01-11 07:27:15.856 I/commit_sys_config_file( 1487): [notification-policy,12437521]
01-11 07:27:16.114 I/wm_stop_activity( 1487): [0,50041834,com.android.launcher3/.uioverrides.QuickstepLauncher]
01-11 07:27:16.117 I/wm_on_stop_called(24410): [50041834,com.android.launcher3.uioverrides.QuickstepLauncher,STOP_ACTIVITY_ITEM]
01-11 07:27:16.135 W/ContextImpl(19692): Calling a method in the system process without a qualified user: android.app.ContextImpl.startService:1816 android.content.ContextWrapper.startService:774 com.thundercomm.gamemode.ingame.services.GameModeActionUtils.startGameModeService:111 com.thundercomm.gamemode.ingame.services.GameModeActionUtils.startGameModeEntry:22 com.thundercomm.gamemode.ingame.services.ActivityMonitoringService$1.onActivityLaunch:129
01-11 07:27:16.136 I/GameModeConfig( 1487): Current uri is uri = content://com.thundercomm.gamemode.api/gamemode_settings/gamemode_isgaming
01-11 07:27:16.137 I/GameModeConfig( 1487): isGameModeOn = false
01-11 07:27:16.137 I/GameModeConfig( 1487): isGameModeOn = false
01-11 07:27:16.137 I/GameModeConfig( 1487): isDisableVoice = true
01-11 07:27:16.139 I/auditd ( 0): type=1400 audit(0.0:14029): avc: denied { kill } for comm="swapper/2" capability=5 scontext=u:r:kernel:s0 tcontext=u:r:kernel:s0 tclass=capability permissive=0
01-11 07:27:16.526 I/input_interaction( 1487): Interaction with: de82099 com.android.music/com.android.music.MusicBrowserActivity (server), edge-swipe (server), swipe-up (server), PointerEventDispatcher0 (server),
01-11 07:27:16.528 W/FreeFormWindowHelper( 1487): Current Display FreeFormTask is null
01-11 07:27:16.528 W/FreeFormWindowHelper( 1487): Current Display FreeFormTask is null
01-11 07:27:16.528 W/FreeFormWindowHelper( 1487): Current Display FreeFormTask is null
01-11 07:27:16.528 W/FreeFormWindowHelper( 1487): Current Display FreeFormTask is null
01-11 07:27:16.529 I/wm_task_moved( 1487): [1,0,0]
01-11 07:27:16.529 I/wm_task_moved( 1487): [1,0,7]
01-11 07:27:16.536 W/ContextImpl(19692): Calling a method in the system process without a qualified user: android.app.ContextImpl.startService:1816 android.content.ContextWrapper.startService:774 com.thundercomm.gamemode.ingame.services.GameModeActionUtils.startGameModeService:111 com.thundercomm.gamemode.ingame.services.GameModeActionUtils.startGameModeEntry:22 com.thundercomm.gamemode.ingame.services.ActivityMonitoringService$1.onActivityLaunch:129
01-11 07:27:16.537 I/GameModeConfig( 1487): Current uri is uri = content://com.thundercomm.gamemode.api/gamemode_settings/gamemode_isgaming
01-11 07:27:16.538 I/GameModeConfig( 1487): isGameModeOn = false
01-11 07:27:16.538 I/GameModeConfig( 1487): isGameModeOn = false
01-11 07:27:16.538 I/GameModeConfig( 1487): isDisableVoice = true
01-11 07:27:16.548 I/wm_on_restart_called(24410): [50041834,com.android.launcher3.uioverrides.QuickstepLauncher,performRestartActivity]
01-11 07:27:16.548 W/FreeFormWindowHelper( 1487): Current Display FreeFormTask is null
01-11 07:27:16.559 I/wm_on_start_called(24410): [50041834,com.android.launcher3.uioverrides.QuickstepLauncher,handleStartActivity]
01-01 11:27:29.680 I/ ( 0): read descriptors
01-11 07:27:16.561 W/ActivityTaskManager( 1487): getTaskSnapshot: taskId=3080 not found
01-01 11:27:29.680 I/ ( 0): read strings
01-11 07:27:16.562 W/ActivityTaskManager( 1487): getTaskSnapshot: taskId=2080 not found
01-11 07:27:16.562 W/ActivityTaskManager( 1487): getTaskSnapshot: taskId=1080 not found
01-11 07:27:16.563 W/ActivityTaskManager( 1487): getTaskSnapshot: taskId=3080 not found
01-11 07:27:16.563 W/FreeFormWindowHelper( 1487): Current Display FreeFormTask is null
01-11 07:27:16.563 W/ActivityTaskManager( 1487): getTaskSnapshot: taskId=2080 not found
01-11 07:27:16.563 W/ActivityTaskManager( 1487): getTaskSnapshot: taskId=1080 not found
01-11 07:27:16.568 I/sysui_multi_action( 1487): [319,2,322,36,325,12447,757,761,758,9,759,5,806,com.android.launcher3,871,com.android.launcher3.uioverrides.QuickstepLauncher,904,com.android.launcher3,905,0,1320,8,1321,5]
01-11 07:27:16.570 W/ActivityTaskManager( 1487): getTaskSnapshot: taskId=3080 not found
01-11 07:27:16.570 W/ActivityTaskManager( 1487): getTaskSnapshot: taskId=2080 not found
01-11 07:27:16.571 W/ActivityTaskManager( 1487): getTaskSnapshot: taskId=1080 not found
01-11 07:27:16.572 W/ActivityTaskManager( 1487): getTaskSnapshot: taskId=3080 not found
01-11 07:27:16.572 W/ActivityTaskManager( 1487): getTaskSnapshot: taskId=2080 not found
01-11 07:27:16.572 W/ActivityTaskManager( 1487): getTaskSnapshot: taskId=1080 not found
01-11 07:27:16.574 W/FreeFormWindowHelper( 1487): Current Display FreeFormTask is null
01-11 07:27:16.582 E/AndroidRuntime(24410): FATAL EXCEPTION: main
01-11 07:27:16.582 E/AndroidRuntime(24410): Process: com.android.launcher3, PID: 24410
01-11 07:27:16.582 E/AndroidRuntime(24410): java.lang.NullPointerException: Attempt to read from field 'android.content.Intent android.app.TaskInfo.baseIntent' on a null object reference
01-11 07:27:16.582 E/AndroidRuntime(24410): at com.android.quickstep.TouchInteractionService.newBaseConsumer(TouchInteractionService.java:739)
01-11 07:27:16.582 E/AndroidRuntime(24410): at com.android.quickstep.TouchInteractionService.newConsumer(TouchInteractionService.java:660)
01-11 07:27:16.582 E/AndroidRuntime(24410): at com.android.quickstep.TouchInteractionService.onInputEvent(TouchInteractionService.java:557)
01-11 07:27:16.582 E/AndroidRuntime(24410): at com.android.quickstep.TouchInteractionService.$r8$lambda$QnySfMPM3HQvC_OREg1W70p37mY(Unknown Source:0)
01-11 07:27:16.582 E/AndroidRuntime(24410): at com.android.quickstep.TouchInteractionService$$ExternalSyntheticLambda4.onInputEvent(Unknown Source:2)
01-11 07:27:16.582 E/AndroidRuntime(24410): at com.android.systemui.shared.system.InputChannelCompat$InputEventReceiver$1.onInputEvent(InputChannelCompat.java:74)
01-11 07:27:16.582 E/AndroidRuntime(24410): at android.view.InputEventReceiver.dispatchInputEvent(InputEventReceiver.java:260)
01-11 07:27:16.582 E/AndroidRuntime(24410): at android.os.MessageQueue.nativePollOnce(Native Method)
01-11 07:27:16.582 E/AndroidRuntime(24410): at android.os.MessageQueue.next(MessageQueue.java:335)
01-11 07:27:16.582 E/AndroidRuntime(24410): at android.os.Looper.loopOnce(Looper.java:161)
01-11 07:27:16.582 E/AndroidRuntime(24410): at android.os.Looper.loop(Looper.java:288)
01-11 07:27:16.582 E/AndroidRuntime(24410): at android.app.ActivityThread.main(ActivityThread.java:7880)
01-11 07:27:16.582 E/AndroidRuntime(24410): at java.lang.reflect.Method.invoke(Native Method)
01-11 07:27:16.582 E/AndroidRuntime(24410): at com.android.internal.os.RuntimeInit$MethodAndArgsCaller.run(RuntimeInit.java:548)
01-11 07:27:16.582 E/AndroidRuntime(24410): at com.android.internal.os.ZygoteInit.main(ZygoteInit.java:1009)
01-11 07:27:16.582 I/am_crash( 1487): [24410,0,com.android.launcher3,617332293,java.lang.NullPointerException,Attempt to read from field 'android.content.Intent android.app.TaskInfo.baseIntent' on a null object reference,TouchInteractionService.java,739]
01-11 07:27:16.582 I/DropBoxManagerService( 1487): add tag=system_app_crash isTagEnabled=true flags=0x2
01-11 07:27:16.582 W/ActivityTaskManager( 1487): Not force finishing home activity com.android.launcher3/.uioverrides.QuickstepLauncher
01-11 07:27:16.582 W/ActivityTaskManager( 1487): Not force finishing home activity com.android.launcher3/.uioverrides.QuickstepLauncher
01-11 07:27:16.599 I/input_focus( 1487): [Focus request b20ecdf Application Error: com.android.launcher3,reason=UpdateInputWindows]
01-11 07:27:16.615 I/input_focus( 1487): [Focus leaving de82099 com.android.music/com.android.music.MusicBrowserActivity (server),reason=setFocusedWindow]
01-11 07:27:16.615 I/input_focus( 1487): [Focus entering b20ecdf Application Error: com.android.launcher3 (server),reason=setFocusedWindow]
01-11 07:27:16.761 I/commit_sys_config_file( 1487): [settings-1-0,1]
01-11 07:27:16.867 I/sysui_latency( 1487): [8,38]
01-11 07:27:17.143 I/auditd ( 0): type=1400 audit(0.0:14030): avc: denied { kill } for comm="swapper/2" capability=5 scontext=u:r:kernel:s0 tcontext=u:r:kernel:s0 tclass=capability permissive=0
01-01 11:27:30.705 I/ ( 0): read descriptors
01-01 11:27:30.705 I/ ( 0): read strings
01-11 07:27:18.139 I/auditd ( 0): type=1400 audit(0.0:14031): avc: denied { kill } for comm="swapper/2" capability=5 scontext=u:r:kernel:s0 tcontext=u:r:kernel:s0 tclass=capability permissive=0
01-11 07:27:18.209 I/input_interaction( 1487): Interaction with: b20ecdf Application Error: com.android.launcher3 (server), edge-swipe (server), swipe-up (server), PointerEventDispatcher0 (server),
01-11 07:27:18.496 I/sysui_multi_action( 1487): [757,316,758,4,759,1]
01-11 07:27:18.496 W/WindowManager( 1487): Force finishing activity com.android.launcher3/.uioverrides.QuickstepLauncher
01-11 07:27:18.497 I/wm_destroy_activity( 1487): [0,50041834,9,com.android.launcher3/.uioverrides.QuickstepLauncher,finish-imm:handleAppCrashed]
01-11 07:27:18.497 W/UsageStatsService( 1487): Unexpected activity event reported! (com.android.launcher3/com.android.launcher3.uioverrides.QuickstepLauncher event : 23 instanceId : 234789181)
01-11 07:27:18.509 I/am_uid_stopped( 1487): 10071
01-11 07:27:18.510 I/ActivityManager( 1487): Killing 24410:com.android.launcher3/u0a71 (adj 100): crash
01-11 07:27:18.510 I/am_kill ( 1487): [0,24410,com.android.launcher3,100,crash]
01-11 07:27:18.510 I/input_focus( 1487): [Focus request de82099 com.android.music/com.android.music.MusicBrowserActivity,reason=UpdateInputWindows]
01-11 07:27:18.536 I/input_focus( 1487): [Focus entering de82099 com.android.music/com.android.music.MusicBrowserActivity (server),reason=setFocusedWindow]
01-01 11:27:31.673 I/binder ( 0): undelivered TRANSACTION_COMPLETE
01-01 11:27:31.673 I/binder ( 0): undelivered transaction 1488083, process died.
01-11 07:27:18.559 V/ActivityManager( 1487): Got obituary of 24410:com.android.launcher3
01-11 07:27:18.560 I/WindowManager( 1487): WIN DEATH: Window{ef52410 u0 com.android.launcher3/com.android.launcher3.uioverrides.QuickstepLauncher}
01-11 07:27:18.563 E/RecentsAnimationController( 1487): Failed to cancel recents animation
01-11 07:27:18.563 E/RecentsAnimationController( 1487): android.os.DeadObjectException
01-11 07:27:18.563 E/RecentsAnimationController( 1487): at android.os.BinderProxy.transactNative(Native Method)
01-11 07:27:18.563 E/RecentsAnimationController( 1487): at android.os.BinderProxy.transact(BinderProxy.java:571)
01-11 07:27:18.563 E/RecentsAnimationController( 1487): at android.view.IRecentsAnimationRunner$Stub$Proxy.onAnimationCanceled(IRecentsAnimationRunner.java:220)
01-11 07:27:18.563 E/RecentsAnimationController( 1487): at com.android.server.wm.RecentsAnimationController.cancelAnimation(RecentsAnimationController.java:879)
01-11 07:27:18.563 E/RecentsAnimationController( 1487): at com.android.server.wm.RecentsAnimationController.cancelAnimation(RecentsAnimationController.java:814)
01-11 07:27:18.563 E/RecentsAnimationController( 1487): at com.android.server.wm.RecentsAnimationController.forceCancelAnimation(RecentsAnimationController.java:807)
01-11 07:27:18.563 E/RecentsAnimationController( 1487): at com.android.server.wm.RecentsAnimationController.binderDied(RecentsAnimationController.java:1038)
01-11 07:27:18.563 E/RecentsAnimationController( 1487): at android.os.IBinder$DeathRecipient.binderDied(IBinder.java:314)
01-11 07:27:18.563 E/RecentsAnimationController( 1487): at android.os.BinderProxy.sendDeathNotice(BinderProxy.java:685)
01-11 07:27:18.563 I/wm_task_moved( 1487): [1,0,7]
01-11 07:27:18.570 I/wm_task_removed( 1487): [9,cleanUpResourcesForDestroy]
01-11 07:27:18.570 I/wm_task_removed( 1487): [1,removeChild:removeChild last r=Task{a7d64c2 #9 type=home I=com.android.launcher3/.uioverrides.QuickstepLauncher U=0 visible=false mode=fullscreen translucent=true sz=0} in t=Task{237a1d7 #1 type=home ?? U=0 visible=false mode=fullscreen translucent=true sz=0}]
01-11 07:27:18.570 I/wm_task_removed( 1487): [1,removeChild]
01-11 07:27:18.570 I/wm_task_removed( 1487): [9,removeChild:removeChild last r=ActivityRecord{2fb93ea u0 com.android.launcher3/.uioverrides.QuickstepLauncher t-1 f}} in t=Task{a7d64c2 #9 type=home I=com.android.launcher3/.uioverrides.QuickstepLauncher U=0 visible=false mode=fullscreen translucent=true sz=0}]
01-11 07:27:18.570 I/wm_task_removed( 1487): [9,removeChild]
01-11 07:27:18.572 W/ActivityTaskManager( 1487): Can't find TaskDisplayArea to determine support for multi window. Task id=1 attached=false
01-11 07:27:18.572 W/ActivityTaskManager( 1487): Can't find TaskDisplayArea to determine support for multi window. Task id=1 attached=false
01-11 07:27:18.572 I/am_uid_running( 1487): 10071
01-11 07:27:18.574 D/CompatibilityChangeReporter( 1487): Compat change id reported: 135634846; UID 10071; state: DISABLED
01-11 07:27:18.574 D/CompatibilityChangeReporter( 1487): Compat change id reported: 177438394; UID 10071; state: DISABLED
01-11 07:27:18.574 D/CompatibilityChangeReporter( 1487): Compat change id reported: 135772972; UID 10071; state: DISABLED
01-11 07:27:18.574 D/CompatibilityChangeReporter( 1487): Compat change id reported: 135754954; UID 10071; state: ENABLED
01-11 07:27:18.574 D/CompatibilityChangeReporter( 1487): Compat change id reported: 143937733; UID 10071; state: ENABLED
01-11 07:27:18.575 W/ActivityManager( 1487): setHasOverlayUi called on unknown pid: 24410
01-11 07:27:18.575 E/TaskPersister( 1487): File error accessing recents directory (directory doesn't exist?).
01-11 07:27:18.582 I/am_proc_start( 1487): [0,24516,10071,com.android.launcher3,service,{com.android.launcher3/com.android.quickstep.TouchInteractionService}]
01-11 07:27:18.582 I/ActivityManager( 1487): Start proc 24516:com.android.launcher3/u0a71 for service {com.android.launcher3/com.android.quickstep.TouchInteractionService}
01-01 11:27:31.714 I/binder ( 0): 24516:24516 ioctl 40046210 7ffca76594 returned -22
01-11 07:27:18.598 I/am_proc_bound( 1487): [0,24516,com.android.launcher3]
01-11 07:27:18.600 D/CompatibilityChangeReporter( 1487): Compat change id reported: 168419799; UID 10071; state: DISABLED
01-11 07:27:18.603 I/am_uid_active( 1487): 10071
01-01 11:27:31.734 I/ ( 0): read descriptors
01-01 11:27:31.734 I/ ( 0): read strings
01-11 07:27:18.654 I/ActivityTaskManager( 1487): START u0 {act=android.intent.action.MAIN cat=[android.intent.category.HOME] flg=0x10010000 pkg=com.android.launcher3 cmp=com.android.launcher3/.uioverrides.QuickstepLauncher} from uid 10071
01-11 07:27:18.657 D/CompatibilityChangeReporter( 1487): Compat change id reported: 184838306; UID 10071; state: DISABLED
01-11 07:27:18.658 D/CompatibilityChangeReporter( 1487): Compat change id reported: 185004937; UID 10071; state: DISABLED
01-11 07:27:18.658 D/CompatibilityChangeReporter( 1487): Compat change id reported: 181136395; UID 10071; state: DISABLED
01-11 07:27:18.658 D/CompatibilityChangeReporter( 1487): Compat change id reported: 174042936; UID 10071; state: DISABLED
01-11 07:27:18.659 D/CompatibilityChangeReporter( 1487): Compat change id reported: 174042980; UID 10071; state: DISABLED
01-11 07:27:18.662 I/wm_task_created( 1487): [83,-1]
01-11 07:27:18.662 W/ActivityTaskManager( 1487): Can't find TaskDisplayArea to determine support for multi window. Task id=83 attached=false
01-11 07:27:18.663 I/wm_task_created( 1487): [84,-1]
01-11 07:27:18.663 I/wm_task_moved( 1487): [84,0,-2147483648]
01-11 07:27:18.663 I/wm_create_task( 1487): [0,84]
01-11 07:27:18.663 I/wm_create_activity( 1487): [0,124244050,84,com.android.launcher3/.uioverrides.QuickstepLauncher,android.intent.action.MAIN,NULL,NULL,268500992]
01-11 07:27:18.664 I/ActivityTaskManager( 1487): The Process com.android.launcher3 Already Exists in BG. So sending its PID: 24516
01-11 07:27:18.664 I/wm_restart_activity( 1487): [0,124244050,84,com.android.launcher3/.uioverrides.QuickstepLauncher]
01-11 07:27:18.665 I/wm_add_to_stopping( 1487): [0,124244050,com.android.launcher3/.uioverrides.QuickstepLauncher,preloadRecents]
01-11 07:27:18.670 W/ContextImpl(19692): Calling a method in the system process without a qualified user: android.app.ContextImpl.startService:1816 android.content.ContextWrapper.startService:774 com.thundercomm.gamemode.ingame.services.GameModeActionUtils.startGameModeService:111 com.thundercomm.gamemode.ingame.services.GameModeActionUtils.startGameModeEntry:22 com.thundercomm.gamemode.ingame.services.ActivityMonitoringService$1.onActivityLaunch:129
01-11 07:27:18.672 I/GameModeConfig( 1487): Current uri is uri = content://com.thundercomm.gamemode.api/gamemode_settings/gamemode_isgaming
01-11 07:27:18.673 I/GameModeConfig( 1487): isGameModeOn = false
01-11 07:27:18.673 I/GameModeConfig( 1487): isGameModeOn = false
01-11 07:27:18.673 I/GameModeConfig( 1487): isDisableVoice = true
01-01 11:27:31.803 I/binder ( 0): 24516:24547 ioctl 40046210 7840553254 returned -22
01-11 07:27:18.757 W/FreeFormWindowHelper( 1487): Current Display FreeFormTask is null
01-11 07:27:18.766 I/wm_on_create_called(24516): [124244050,com.android.launcher3.uioverrides.QuickstepLauncher,performCreate]
01-11 07:27:18.766 I/wm_on_start_called(24516): [124244050,com.android.launcher3.uioverrides.QuickstepLauncher,handleStartActivity]
01-11 07:27:18.767 I/wm_on_resume_called(24516): [124244050,com.android.launcher3.uioverrides.QuickstepLauncher,LIFECYCLER_RESUME_ACTIVITY]
01-11 07:27:18.769 I/wm_on_paused_called(24516): [124244050,com.android.launcher3.uioverrides.QuickstepLauncher,performPause]
01-11 07:27:18.771 W/FreeFormWindowHelper( 1487): Current Display FreeFormTask is null
01-11 07:27:18.776 W/FreeFormWindowHelper( 1487): Current Display FreeFormTask is null
01-11 07:27:18.787 I/wm_stop_activity( 1487): [0,124244050,com.android.launcher3/.uioverrides.QuickstepLauncher]
01-11 07:27:18.806 I/wm_on_stop_called(24516): [124244050,com.android.launcher3.uioverrides.QuickstepLauncher,STOP_ACTIVITY_ITEM]
01-11 07:27:18.825 W/ContextImpl(19692): Calling a method in the system process without a qualified user: android.app.ContextImpl.startService:1816 android.content.ContextWrapper.startService:774 com.thundercomm.gamemode.ingame.services.GameModeActionUtils.startGameModeService:111 com.thundercomm.gamemode.ingame.services.GameModeActionUtils.startGameModeEntry:22 com.thundercomm.gamemode.ingame.services.ActivityMonitoringService$1.onActivityLaunch:129
01-11 07:27:18.826 I/GameModeConfig( 1487): Current uri is uri = content://com.thundercomm.gamemode.api/gamemode_settings/gamemode_isgaming
01-11 07:27:18.827 I/GameModeConfig( 1487): isGameModeOn = false
01-11 07:27:18.827 I/GameModeConfig( 1487): isGameModeOn = false
01-11 07:27:18.827 I/GameModeConfig( 1487): isDisableVoice = true
01-11 07:27:19.139 I/auditd ( 0): type=1400 audit(0.0:14032): avc: denied { kill } for comm="swapper/2" capability=5 scontext=u:r:kernel:s0 tcontext=u:r:kernel:s0 tclass=capability permissive=0
01-01 11:27:32.752 I/ ( 0): read descriptors
01-01 11:27:32.752 I/ ( 0): read strings
01-11 07:27:19.716 I/input_interaction( 1487): Interaction with: de82099 com.android.music/com.android.music.MusicBrowserActivity (server), edge-swipe (server), swipe-up (server), PointerEventDispatcher0 (server),
01-11 07:27:19.760 W/FreeFormWindowHelper( 1487): Current Display FreeFormTask is null
01-11 07:27:19.760 W/FreeFormWindowHelper( 1487): Current Display FreeFormTask is null
01-11 07:27:19.760 W/FreeFormWindowHelper( 1487): Current Display FreeFormTask is null
01-11 07:27:19.760 W/FreeFormWindowHelper( 1487): Current Display FreeFormTask is null
01-11 07:27:19.761 W/FreeFormWindowHelper( 1487): Current Display FreeFormTask is null
01-11 07:27:19.762 I/wm_task_moved( 1487): [83,0,0]
01-11 07:27:19.762 I/wm_task_moved( 1487): [83,0,7]
01-11 07:27:19.769 W/ContextImpl(19692): Calling a method in the system process without a qualified user: android.app.ContextImpl.startService:1816 android.content.ContextWrapper.startService:774 com.thundercomm.gamemode.ingame.services.GameModeActionUtils.startGameModeService:111 com.thundercomm.gamemode.ingame.services.GameModeActionUtils.startGameModeEntry:22 com.thundercomm.gamemode.ingame.services.ActivityMonitoringService$1.onActivityLaunch:129
01-11 07:27:19.770 I/GameModeConfig( 1487): Current uri is uri = content://com.thundercomm.gamemode.api/gamemode_settings/gamemode_isgaming
01-11 07:27:19.771 I/GameModeConfig( 1487): isGameModeOn = false
01-11 07:27:19.771 I/GameModeConfig( 1487): isGameModeOn = false
01-11 07:27:19.771 I/GameModeConfig( 1487): isDisableVoice = true
01-11 07:27:19.772 I/wm_on_restart_called(24516): [124244050,com.android.launcher3.uioverrides.QuickstepLauncher,performRestartActivity]
01-11 07:27:19.773 W/FreeFormWindowHelper( 1487): Current Display FreeFormTask is null
01-11 07:27:19.783 I/wm_on_start_called(24516): [124244050,com.android.launcher3.uioverrides.QuickstepLauncher,handleStartActivity]
01-11 07:27:19.788 W/ActivityTaskManager( 1487): getTaskSnapshot: taskId=3080 not found
01-11 07:27:19.790 W/ActivityTaskManager( 1487): getTaskSnapshot: taskId=2080 not found
01-11 07:27:19.791 W/FreeFormWindowHelper( 1487): Current Display FreeFormTask is null
01-11 07:27:19.792 W/FreeFormWindowHelper( 1487): Current Display FreeFormTask is null
01-11 07:27:19.792 W/ActivityTaskManager( 1487): getTaskSnapshot: taskId=3080 not found
01-11 07:27:19.792 W/ActivityTaskManager( 1487): getTaskSnapshot: taskId=2080 not found
01-11 07:27:19.792 W/ActivityTaskManager( 1487): getTaskSnapshot: taskId=1080 not found
01-11 07:27:19.796 I/ActivityRecord( 1487): real home.....com.android.launcher3/.uioverrides.QuickstepLauncher
01-11 07:27:19.797 I/WindowManager( 1487): ******* TELLING SURFACE FLINGER WE ARE BOOTED!
01-11 07:27:19.798 I/sysui_multi_action( 1487): [319,2,322,33,325,12450,757,761,758,9,759,5,806,com.android.launcher3,871,com.android.launcher3.uioverrides.QuickstepLauncher,904,com.android.launcher3,905,0,1320,8,1321,5]
01-11 07:27:19.800 I/view_enqueue_input_event(21853): [Motion - Cancel,com.android.music/com.android.music.MusicBrowserActivity]
01-11 07:27:19.802 W/ActivityTaskManager( 1487): getTaskSnapshot: taskId=3080 not found
01-11 07:27:19.802 W/ActivityTaskManager( 1487): getTaskSnapshot: taskId=2080 not found
01-11 07:27:19.803 W/ActivityTaskManager( 1487): getTaskSnapshot: taskId=1080 not found
01-11 07:27:19.803 I/sysui_latency(24516): [1,34]
01-11 07:27:19.805 W/ActivityTaskManager( 1487): getTaskSnapshot: taskId=1080 not found
01-11 07:27:19.806 W/ActivityTaskManager( 1487): getTaskSnapshot: taskId=2080 not found
01-11 07:27:19.806 I/input_focus( 1487): [Focus request recents_animation_input_consumer,reason=UpdateInputWindows]
01-11 07:27:19.806 W/ActivityTaskManager( 1487): getTaskSnapshot: taskId=3080 not found
01-11 07:27:19.809 W/FreeFormWindowHelper( 1487): Current Display FreeFormTask is null
01-11 07:27:19.810 W/ActivityTaskManager( 1487): getTaskSnapshot: taskId=3080 not found
01-11 07:27:19.811 W/ActivityTaskManager( 1487): getTaskSnapshot: taskId=2080 not found
01-11 07:27:19.811 W/ActivityTaskManager( 1487): getTaskSnapshot: taskId=1080 not found
01-11 07:27:19.812 I/input_interaction( 1487): Interaction with: edge-swipe (server), swipe-up (server), PointerEventDispatcher0 (server),
01-11 07:27:19.822 W/FreeFormWindowHelper( 1487): Current Display FreeFormTask is null
01-11 07:27:19.839 W/FreeFormWindowHelper( 1487): Current Display FreeFormTask is null
01-11 07:27:19.839 I/input_focus( 1487): [Focus leaving de82099 com.android.music/com.android.music.MusicBrowserActivity (server),reason=NOT_FOCUSABLE]
01-11 07:27:19.839 I/input_focus( 1487): [Focus entering recents_animation_input_consumer (server),reason=setFocusedWindow]
01-11 07:27:19.972 W/FreeFormWindowHelper( 1487): Current Display FreeFormTask is null
01-11 07:27:19.985 I/commit_sys_config_file( 1487): [settings-1-0,1]
01-11 07:27:20.096 I/sysui_latency( 1487): [8,37]
01-11 07:27:20.139 I/auditd ( 0): type=1400 audit(0.0:14033): avc: denied { kill } for comm="swapper/2" capability=5 scontext=u:r:kernel:s0 tcontext=u:r:kernel:s0 tclass=capability permissive=0
01-01 11:27:33.768 I/ ( 0): read descriptors
01-01 11:27:33.768 I/ ( 0): read strings
01-11 07:27:21.075 W/FreeFormWindowHelper( 1487): Current Display FreeFormTask is null
01-11 07:27:21.083 I/wm_task_moved( 1487): [83,1,8]
01-11 07:27:21.087 I/wm_task_moved( 1487): [84,1,2147483647]
01-11 07:27:21.087 I/wm_task_to_front( 1487): [0,84]
01-11 07:27:21.087 I/wm_focused_root_task( 1487): [0,0,83,82,RecentsAnimation.onAnimationFinished()]
01-11 07:27:21.087 I/wm_set_resumed_activity( 1487): [0,com.android.launcher3/.uioverrides.QuickstepLauncher,RecentsAnimation.onAnimationFinished()]
01-11 07:27:21.087 I/wm_on_top_resumed_lost_called(21853): [247989949,com.android.music.MusicBrowserActivity,topStateChangedWhenResumed]
01-11 07:27:21.089 I/wm_pause_activity( 1487): [0,247989949,com.android.music/.MusicBrowserActivity,userLeaving=true,pauseBackTasks]
01-11 07:27:21.090 I/wm_add_to_stopping( 1487): [0,247989949,com.android.music/.MusicBrowserActivity,makeInvisible]
01-11 07:27:21.090 I/ActivityTaskManager( 1487): FOREGROUND_APPLICATION_CHANGED to com.android.launcher3.uioverrides.QuickstepLauncher
01-11 07:27:21.091 I/wm_set_resumed_activity( 1487): [0,com.android.launcher3/.uioverrides.QuickstepLauncher,resumeTopActivityInnerLocked]
01-11 07:27:21.092 I/wm_resume_activity( 1487): [0,124244050,84,com.android.launcher3/.uioverrides.QuickstepLauncher]
01-11 07:27:21.094 I/wm_on_resume_called(24516): [124244050,com.android.launcher3.uioverrides.QuickstepLauncher,RESUME_ACTIVITY]
01-11 07:27:21.101 I/input_focus( 1487): [Focus request 132a744 com.android.launcher3/com.android.launcher3.uioverrides.QuickstepLauncher,reason=UpdateInputWindows]
01-11 07:27:21.104 I/wm_on_paused_called(21853): [247989949,com.android.music.MusicBrowserActivity,performPause]
01-11 07:27:21.105 I/wm_on_top_resumed_gained_called(24516): [124244050,com.android.launcher3.uioverrides.QuickstepLauncher,topStateChangedWhenResumed]
01-11 07:27:21.105 I/wm_stop_activity( 1487): [0,247989949,com.android.music/.MusicBrowserActivity]
01-11 07:27:21.108 I/sysui_multi_action( 1487): [757,803,799,window_time_0,802,5]
01-11 07:27:21.110 I/input_focus( 1487): [Focus leaving recents_animation_input_consumer (server),reason=NOT_VISIBLE]
01-11 07:27:21.110 I/input_focus( 1487): [Focus entering 132a744 com.android.launcher3/com.android.launcher3.uioverrides.QuickstepLauncher (server),reason=setFocusedWindow]
01-11 07:27:21.117 I/sysui_multi_action( 1487): [757,803,799,window_time_0,802,0]
01-11 07:27:21.118 I/wm_on_stop_called(21853): [247989949,com.android.music.MusicBrowserActivity,STOP_ACTIVITY_ITEM]
01-11 07:27:21.139 W/ContextImpl(19692): Calling a method in the system process without a qualified user: android.app.ContextImpl.startService:1816 android.content.ContextWrapper.startService:774 com.thundercomm.gamemode.ingame.services.GameModeActionUtils.startGameModeService:111 com.thundercomm.gamemode.ingame.services.GameModeActionUtils.startGameModeEntry:22 com.thundercomm.gamemode.ingame.services.ActivityMonitoringService$1.onActivityLaunch:129
01-11 07:27:21.144 I/GameModeConfig( 1487): Current uri is uri = content://com.thundercomm.gamemode.api/gamemode_settings/gamemode_isgaming
01-11 07:27:21.146 I/GameModeConfig( 1487): isGameModeOn = false
01-11 07:27:21.149 I/GameModeConfig( 1487): isGameModeOn = false
01-11 07:27:21.149 I/GameModeConfig( 1487): isDisableVoice = true
01-11 07:27:21.204 W/FreeFormWindowHelper( 1487): Current Display FreeFormTask is null
01-11 07:27:21.204 W/FreeFormWindowHelper( 1487): Current Display FreeFormTask is null
01-11 07:27:21.204 W/FreeFormWindowHelper( 1487): Current Display FreeFormTask is null
01-11 07:27:21.209 W/ContextImpl(19692): Calling a method in the system process without a qualified user: android.app.ContextImpl.startService:1816 android.content.ContextWrapper.startService:774 com.thundercomm.gamemode.ingame.services.GameModeActionUtils.startGameModeService:111 com.thundercomm.gamemode.ingame.services.GameModeActionUtils.startGameModeEntry:22 com.thundercomm.gamemode.ingame.services.ActivityMonitoringService$1.onActivityLaunch:129
01-11 07:27:21.214 I/GameModeConfig( 1487): Current uri is uri = content://com.thundercomm.gamemode.api/gamemode_settings/gamemode_isgaming
01-11 07:27:21.216 I/GameModeConfig( 1487): isGameModeOn = false
01-11 07:27:21.216 I/GameModeConfig( 1487): isGameModeOn = false
01-11 07:27:21.216 I/GameModeConfig( 1487): isDisableVoice = true
01-01 11:27:34.785 I/ ( 0): read descriptors
01-01 11:27:34.785 I/ ( 0): read strings
01-11 07:27:21.766 I/input_interaction( 1487): Interaction with: 132a744 com.android.launcher3/com.android.launcher3.uioverrides.QuickstepLauncher (server), c9f455c com.android.systemui.ImageWallpaper (server), edge-swipe (server), swipe-up (server), PointerEventDispatcher0 (server),
01-11 07:27:21.892 I/thunderperf( 1487): PlatormCompat.setOverrides: Uid1=10071 Pid1=24516 Uid2=10071 Pid2=24516
01-11 07:27:21.892 I/thunderperf( 1487): PlatormCompat.setOverrides: needCheck:false
01-11 07:27:21.893 I/thunderperf( 1487): CompatConfig.addOverrideUnsafe: bef-state=1
01-11 07:27:21.893 E/thunderperf( 1487): CompatConfig.addOverrideUnsafe: exception:java.lang.SecurityException: Cannot override a change on a non-debuggable app and user build.
01-11 07:27:21.893 I/thunderperf( 1487): CompatConfig.addOverrideUnsafe: aft-state=1
01-11 07:27:21.894 I/thunderperf( 1487): CompatConfig.addOverrideUnsafe: bef-state=1
01-11 07:27:21.895 E/thunderperf( 1487): CompatConfig.addOverrideUnsafe: exception:java.lang.SecurityException: Cannot override a change on a non-debuggable app and user build.
01-11 07:27:21.895 I/thunderperf( 1487): CompatConfig.addOverrideUnsafe: aft-state=1
01-11 07:27:21.895 I/thunderperf( 1487): CompatConfig.addOverrideUnsafe: bef-state=1
01-11 07:27:21.896 E/thunderperf( 1487): CompatConfig.addOverrideUnsafe: exception:java.lang.SecurityException: Cannot override a change on a non-debuggable app and user build.
01-11 07:27:21.896 I/thunderperf( 1487): CompatConfig.addOverrideUnsafe: aft-state=1
01-11 07:27:21.896 I/thunderperf( 1487): CompatConfig.addOverrideUnsafe: bef-state=1
01-11 07:27:21.897 E/thunderperf( 1487): CompatConfig.addOverrideUnsafe: exception:java.lang.SecurityException: Cannot override a change on a non-debuggable app and user build.
01-11 07:27:21.897 I/thunderperf( 1487): CompatConfig.addOverrideUnsafe: aft-state=1
01-11 07:27:21.898 I/thunderperf( 1487): CompatConfig.addOverrideUnsafe: bef-state=1
01-11 07:27:21.898 E/thunderperf( 1487): CompatConfig.addOverrideUnsafe: exception:java.lang.SecurityException: Cannot override a change on a non-debuggable app and user build.
01-11 07:27:21.898 I/thunderperf( 1487): CompatConfig.addOverrideUnsafe: aft-state=1
01-11 07:27:21.899 I/thunderperf( 1487): CompatConfig.addOverrideUnsafe: bef-state=1
01-11 07:27:21.899 E/thunderperf( 1487): CompatConfig.addOverrideUnsafe: exception:java.lang.SecurityException: Cannot override a change on a non-debuggable app and user build.
01-11 07:27:21.899 I/thunderperf( 1487): CompatConfig.addOverrideUnsafe: aft-state=1
01-11 07:27:21.900 I/thunderperf( 1487): CompatConfig.addOverrideUnsafe: bef-state=1
01-11 07:27:21.900 E/thunderperf( 1487): CompatConfig.addOverrideUnsafe: exception:java.lang.SecurityException: Cannot override a change on a non-debuggable app and user build.
01-11 07:27:21.900 I/thunderperf( 1487): CompatConfig.addOverrideUnsafe: aft-state=1
01-11 07:27:21.901 I/thunderperf( 1487): CompatConfig.addOverrideUnsafe: bef-state=1
01-11 07:27:21.901 E/thunderperf( 1487): CompatConfig.addOverrideUnsafe: exception:java.lang.SecurityException: Cannot override a change on a non-debuggable app and user build.
01-11 07:27:21.901 I/thunderperf( 1487): CompatConfig.addOverrideUnsafe: aft-state=1
01-11 07:27:21.901 I/thunderperf( 1487): CompatConfig.addOverrideUnsafe: bef-state=1
01-11 07:27:21.902 E/thunderperf( 1487): CompatConfig.addOverrideUnsafe: exception:java.lang.SecurityException: Cannot override a change on a non-debuggable app and user build.
01-11 07:27:21.902 I/thunderperf( 1487): CompatConfig.addOverrideUnsafe: aft-state=1
01-11 07:27:21.902 I/thunderperf( 1487): CompatConfig.addOverrideUnsafe: bef-state=1
01-11 07:27:21.903 E/thunderperf( 1487): CompatConfig.addOverrideUnsafe: exception:java.lang.SecurityException: Cannot override a change on a non-debuggable app and user build.
01-11 07:27:21.903 I/thunderperf( 1487): CompatConfig.addOverrideUnsafe: aft-state=1
01-11 07:27:21.903 I/thunderperf( 1487): CompatConfig.addOverrideUnsafe: bef-state=1
01-11 07:27:21.903 E/thunderperf( 1487): CompatConfig.addOverrideUnsafe: exception:java.lang.SecurityException: Cannot override a change on a non-debuggable app and user build.
01-11 07:27:21.903 I/thunderperf( 1487): CompatConfig.addOverrideUnsafe: aft-state=1
01-11 07:27:21.904 I/thunderperf( 1487): CompatConfig.addOverrideUnsafe: bef-state=1
01-11 07:27:21.904 E/thunderperf( 1487): CompatConfig.addOverrideUnsafe: exception:java.lang.SecurityException: Cannot override a change on a non-debuggable app and user build.
01-11 07:27:21.904 I/thunderperf( 1487): CompatConfig.addOverrideUnsafe: aft-state=1
01-11 07:27:21.905 I/thunderperf( 1487): CompatConfig.addOverrideUnsafe: bef-state=1
01-11 07:27:21.905 E/thunderperf( 1487): CompatConfig.addOverrideUnsafe: exception:java.lang.SecurityException: Cannot override a change on a non-debuggable app and user build.
01-11 07:27:21.905 I/thunderperf( 1487): CompatConfig.addOverrideUnsafe: aft-state=1
01-11 07:27:21.906 I/thunderperf( 1487): CompatConfig.addOverrideUnsafe: bef-state=1
01-11 07:27:21.906 E/thunderperf( 1487): CompatConfig.addOverrideUnsafe: exception:java.lang.SecurityException: Cannot override a change on a non-debuggable app and user build.
01-11 07:27:21.906 I/thunderperf( 1487): CompatConfig.addOverrideUnsafe: aft-state=1
01-11 07:27:21.913 I/ActivityTaskManager( 1487): START u0 {act=android.intent.action.MAIN cat=[android.intent.category.LAUNCHER] flg=0x10200000 cmp=com.android.music/.MusicBrowserActivity bnds=[2128,310][2314,510]} from uid 10071
01-11 07:27:21.915 I/wm_task_moved( 1487): [82,1,8]
01-11 07:27:21.915 I/wm_task_to_front( 1487): [0,82]
01-11 07:27:21.916 I/wm_focused_root_task( 1487): [0,0,82,83,bringingFoundTaskToFront]
01-11 07:27:21.916 I/wm_set_resumed_activity( 1487): [0,com.android.music/.MusicBrowserActivity,bringingFoundTaskToFront]
01-11 07:27:21.917 I/wm_new_intent( 1487): [0,247989949,82,com.android.music/.MusicBrowserActivity,android.intent.action.MAIN,NULL,NULL,270532608]
01-11 07:27:21.919 I/wm_pause_activity( 1487): [0,124244050,com.android.launcher3/.uioverrides.QuickstepLauncher,userLeaving=true,pauseBackTasks]
01-11 07:27:21.924 I/wm_on_top_resumed_lost_called(24516): [124244050,com.android.launcher3.uioverrides.QuickstepLauncher,topStateChangedWhenResumed]
01-11 07:27:21.926 I/wm_on_paused_called(24516): [124244050,com.android.launcher3.uioverrides.QuickstepLauncher,performPause]
01-11 07:27:21.931 I/ActivityTaskManager( 1487): FOREGROUND_APPLICATION_CHANGED to com.android.music.MusicBrowserActivity
01-11 07:27:21.933 I/wm_set_resumed_activity( 1487): [0,com.android.music/.MusicBrowserActivity,resumeTopActivityInnerLocked]
01-11 07:27:21.933 I/wm_add_to_stopping( 1487): [0,124244050,com.android.launcher3/.uioverrides.QuickstepLauncher,makeInvisible]
01-11 07:27:21.936 I/wm_resume_activity( 1487): [0,247989949,82,com.android.music/.MusicBrowserActivity]
01-11 07:27:21.945 I/input_focus( 1487): [Focus leaving 132a744 com.android.launcher3/com.android.launcher3.uioverrides.QuickstepLauncher (server),reason=NO_WINDOW]
01-11 07:27:21.946 I/sysui_multi_action( 1487): [757,803,799,window_time_0,802,1]
01-11 07:27:21.951 I/wm_on_restart_called(21853): [247989949,com.android.music.MusicBrowserActivity,performRestartActivity]
01-11 07:27:21.953 I/wm_on_start_called(21853): [247989949,com.android.music.MusicBrowserActivity,handleStartActivity]
01-11 07:27:21.955 I/wm_on_resume_called(21853): [247989949,com.android.music.MusicBrowserActivity,RESUME_ACTIVITY]
01-11 07:27:21.955 I/wm_on_top_resumed_gained_called(21853): [247989949,com.android.music.MusicBrowserActivity,topWhenResuming]
01-11 07:27:21.956 W/ContextImpl(19692): Calling a method in the system process without a qualified user: android.app.ContextImpl.startService:1816 android.content.ContextWrapper.startService:774 com.thundercomm.gamemode.ingame.services.GameModeActionUtils.startGameModeService:111 com.thundercomm.gamemode.ingame.services.GameModeActionUtils.startGameModeEntry:22 com.thundercomm.gamemode.ingame.services.ActivityMonitoringService$1.onActivityLaunch:129
01-11 07:27:21.959 I/GameModeConfig( 1487): Current uri is uri = content://com.thundercomm.gamemode.api/gamemode_settings/gamemode_isgaming
01-11 07:27:21.960 I/GameModeConfig( 1487): isGameModeOn = false
01-11 07:27:21.960 I/GameModeConfig( 1487): isGameModeOn = false
01-11 07:27:21.960 I/GameModeConfig( 1487): isDisableVoice = true
01-11 07:27:21.965 I/input_focus( 1487): [Focus request de82099 com.android.music/com.android.music.MusicBrowserActivity,reason=UpdateInputWindows]
01-11 07:27:21.970 I/GameModeConfig( 1487): isGameModeOn = false
01-11 07:27:21.970 I/GameModeConfig( 1487): isGameModeOn = false
01-11 07:27:21.970 I/GameModeConfig( 1487): isGameModeOn = false
01-11 07:27:21.970 I/GameModeConfig( 1487): isGameModeOn = false
01-11 07:27:21.975 I/sysui_multi_action( 1487): [319,2445,321,3287,322,3317,325,12449,757,761,758,8,759,2,806,com.android.music,871,com.android.music.MusicBrowserActivity,904,com.android.launcher3,905,0,1320,4,1321,1]
01-11 07:27:21.976 I/notification_enqueue( 1487): [10089,21853,com.android.music,1,NULL,0,Notification(channel=Channel-music shortcut=null contentView=null vibrate=null sound=null defaults=0x0 flags=0x40 color=0x00000000 category=transport actions=4 vis=PRIVATE),0]
01-11 07:27:21.979 I/input_focus( 1487): [Focus entering de82099 com.android.music/com.android.music.MusicBrowserActivity (server),reason=setFocusedWindow]
01-11 07:27:21.976 I/wm_activity_launch_time( 1487): [0,247989949,com.android.music/.MusicBrowserActivity,3317]
01-11 07:27:21.980 I/notification_enqueue( 1487): [10089,21853,com.android.music,1,NULL,0,Notification(channel=Channel-music shortcut=null contentView=null vibrate=null sound=null defaults=0x0 flags=0x40 color=0x00000000 category=transport actions=4 vis=PRIVATE),0]
01-11 07:27:22.039 W/FreeFormWindowHelper( 1487): Current Display FreeFormTask is null
01-11 07:27:22.039 W/FreeFormWindowHelper( 1487): Current Display FreeFormTask is null
01-11 07:27:22.039 W/FreeFormWindowHelper( 1487): Current Display FreeFormTask is null
01-11 07:27:22.046 W/ContextImpl(19692): Calling a method in the system process without a qualified user: android.app.ContextImpl.startService:1816 android.content.ContextWrapper.startService:774 com.thundercomm.gamemode.ingame.services.GameModeActionUtils.startGameModeService:111 com.thundercomm.gamemode.ingame.services.GameModeActionUtils.startGameModeEntry:22 com.thundercomm.gamemode.ingame.services.ActivityMonitoringService$1.onActivityLaunch:129
01-11 07:27:22.049 I/GameModeConfig( 1487): Current uri is uri = content://com.thundercomm.gamemode.api/gamemode_settings/gamemode_isgaming
01-11 07:27:22.051 I/GameModeConfig( 1487): isGameModeOn = false
01-11 07:27:22.052 I/GameModeConfig( 1487): isGameModeOn = false
01-11 07:27:22.052 I/GameModeConfig( 1487): isDisableVoice = true
01-11 07:27:22.139 I/auditd ( 0): type=1400 audit(0.0:14034): avc: denied { kill } for comm="swapper/7" capability=5 scontext=u:r:kernel:s0 tcontext=u:r:kernel:s0 tclass=capability permissive=0
01-11 07:27:22.179 I/sysui_multi_action( 1487): [757,1501,758,1,793,202,794,0,795,202,796,1,806,com.android.music,857,Channel-music,858,2,947,0,1500,0,1641,transport,1688,1,1745,1043716538]
01-11 07:27:22.179 I/sysui_multi_action( 1487): [757,804,799,note_interruptive,801,0,802,1]
01-11 07:27:22.179 I/GameModeConfig( 1487): isGameModeOn = false
01-11 07:27:22.182 W/NotificationHistory( 1487): Attempted to add notif for locked/gone/disabled user 0
01-11 07:27:22.183 I/GameModeConfig( 1487): isGameModeOn = false
01-11 07:27:22.221 I/sysui_multi_action( 1487): [757,128,758,5,759,8,793,549469,794,0,795,549469,796,1,797,empty_media,806,com.android.systemui,857,empty_media_style_id,858,4,947,0,1500,549268,1641,transport,1688,1,1745,1043716538]
01-11 07:27:22.221 I/notification_canceled( 1487): [0|com.android.systemui|1|empty_media|10077,8,549469,549469,0,-1,-1,NULL]
01-11 07:27:22.223 D/CompatibilityChangeReporter( 1487): Compat change id reported: 175319604; UID 1000; state: ENABLED
01-11 07:27:22.223 D/CompatibilityChangeReporter( 1487): Compat change id reported: 175319604; UID 1000; state: DISABLED
01-11 07:27:22.485 I/wm_stop_activity( 1487): [0,124244050,com.android.launcher3/.uioverrides.QuickstepLauncher]
01-11 07:27:22.503 I/wm_on_stop_called(24516): [124244050,com.android.launcher3.uioverrides.QuickstepLauncher,STOP_ACTIVITY_ITEM]
01-11 07:27:22.525 W/ContextImpl(19692): Calling a method in the system process without a qualified user: android.app.ContextImpl.startService:1816 android.content.ContextWrapper.startService:774 com.thundercomm.gamemode.ingame.services.GameModeActionUtils.startGameModeService:111 com.thundercomm.gamemode.ingame.services.GameModeActionUtils.startGameModeEntry:22 com.thundercomm.gamemode.ingame.services.ActivityMonitoringService$1.onActivityLaunch:129
01-11 07:27:22.530 I/GameModeConfig( 1487): Current uri is uri = content://com.thundercomm.gamemode.api/gamemode_settings/gamemode_isgaming
01-11 07:27:22.531 I/GameModeConfig( 1487): isGameModeOn = false
01-11 07:27:22.532 I/GameModeConfig( 1487): isGameModeOn = false
01-11 07:27:22.532 I/GameModeConfig( 1487): isDisableVoice = true
01-11 07:27:22.672 I/input_interaction( 1487): Interaction with: de82099 com.android.music/com.android.music.MusicBrowserActivity (server), edge-swipe (server), swipe-up (server), PointerEventDispatcher0 (server),
01-11 07:27:22.679 W/FreeFormWindowHelper( 1487): Current Display FreeFormTask is null
01-11 07:27:22.679 W/FreeFormWindowHelper( 1487): Current Display FreeFormTask is null
01-11 07:27:22.679 W/FreeFormWindowHelper( 1487): Current Display FreeFormTask is null
01-11 07:27:22.681 I/wm_task_moved( 1487): [83,0,0]
01-11 07:27:22.682 I/wm_task_moved( 1487): [83,0,7]
01-01 11:27:35.808 I/ ( 0): read descriptors
01-01 11:27:35.808 I/ ( 0): read strings
01-11 07:27:22.700 I/wm_on_restart_called(24516): [124244050,com.android.launcher3.uioverrides.QuickstepLauncher,performRestartActivity]
01-11 07:27:22.701 W/ContextImpl(19692): Calling a method in the system process without a qualified user: android.app.ContextImpl.startService:1816 android.content.ContextWrapper.startService:774 com.thundercomm.gamemode.ingame.services.GameModeActionUtils.startGameModeService:111 com.thundercomm.gamemode.ingame.services.GameModeActionUtils.startGameModeEntry:22 com.thundercomm.gamemode.ingame.services.ActivityMonitoringService$1.onActivityLaunch:129
01-11 07:27:22.702 W/FreeFormWindowHelper( 1487): Current Display FreeFormTask is null
01-11 07:27:22.704 I/GameModeConfig( 1487): Current uri is uri = content://com.thundercomm.gamemode.api/gamemode_settings/gamemode_isgaming
01-11 07:27:22.706 I/GameModeConfig( 1487): isGameModeOn = false
01-11 07:27:22.706 I/GameModeConfig( 1487): isGameModeOn = false
01-11 07:27:22.706 I/GameModeConfig( 1487): isDisableVoice = true
01-11 07:27:22.735 I/wm_on_start_called(24516): [124244050,com.android.launcher3.uioverrides.QuickstepLauncher,handleStartActivity]
01-11 07:27:22.736 W/ActivityTaskManager( 1487): getTaskSnapshot: taskId=3080 not found
01-11 07:27:22.736 W/ActivityTaskManager( 1487): getTaskSnapshot: taskId=1080 not found
01-11 07:27:22.737 W/ActivityTaskManager( 1487): getTaskSnapshot: taskId=3080 not found
01-11 07:27:22.737 W/ActivityTaskManager( 1487): getTaskSnapshot: taskId=2080 not found
