01-11 07:26:38.477 I/thunderperf( 1487): CompatConfig.addOverrideUnsafe: aft-state=1
01-11 07:26:38.478 I/thunderperf( 1487): CompatConfig.addOverrideUnsafe: bef-state=1
01-11 07:26:38.478 E/thunderperf( 1487): CompatConfig.addOverrideUnsafe: exception:java.lang.SecurityException: Cannot override a change on a non-debuggable app and user build.
01-11 07:26:38.478 I/thunderperf( 1487): CompatConfig.addOverrideUnsafe: aft-state=1
01-11 07:26:38.478 I/thunderperf( 1487): CompatConfig.addOverrideUnsafe: bef-state=1
01-11 07:26:38.478 E/thunderperf( 1487): CompatConfig.addOverrideUnsafe: exception:java.lang.SecurityException: Cannot override a change on a non-debuggable app and user build.
01-11 07:26:38.478 I/thunderperf( 1487): CompatConfig.addOverrideUnsafe: aft-state=1
01-11 07:26:38.479 I/thunderperf( 1487): CompatConfig.addOverrideUnsafe: bef-state=1
01-11 07:26:38.479 E/thunderperf( 1487): CompatConfig.addOverrideUnsafe: exception:java.lang.SecurityException: Cannot override a change on a non-debuggable app and user build.
01-11 07:26:38.479 I/thunderperf( 1487): CompatConfig.addOverrideUnsafe: aft-state=1
01-11 07:26:38.479 I/thunderperf( 1487): CompatConfig.addOverrideUnsafe: bef-state=1
01-11 07:26:38.480 E/thunderperf( 1487): CompatConfig.addOverrideUnsafe: exception:java.lang.SecurityException: Cannot override a change on a non-debuggable app and user build.
01-11 07:26:38.480 I/thunderperf( 1487): CompatConfig.addOverrideUnsafe: aft-state=1
01-11 07:26:38.480 I/thunderperf( 1487): CompatConfig.addOverrideUnsafe: bef-state=1
01-11 07:26:38.480 E/thunderperf( 1487): CompatConfig.addOverrideUnsafe: exception:java.lang.SecurityException: Cannot override a change on a non-debuggable app and user build.
01-11 07:26:38.480 I/thunderperf( 1487): CompatConfig.addOverrideUnsafe: aft-state=1
01-11 07:26:38.481 I/thunderperf( 1487): CompatConfig.addOverrideUnsafe: bef-state=1
01-11 07:26:38.481 E/thunderperf( 1487): CompatConfig.addOverrideUnsafe: exception:java.lang.SecurityException: Cannot override a change on a non-debuggable app and user build.
01-11 07:26:38.481 I/thunderperf( 1487): CompatConfig.addOverrideUnsafe: aft-state=1
01-11 07:26:38.486 I/ActivityTaskManager( 1487): START u0 {act=android.intent.action.MAIN cat=[android.intent.category.LAUNCHER] flg=0x10200000 cmp=com.android.settings/.Settings bnds=[2128,710][2314,910]} from uid 10071
01-11 07:26:38.487 I/wm_task_moved( 1487): [80,1,6]
01-11 07:26:38.487 I/wm_task_to_front( 1487): [0,80]
01-11 07:26:38.488 I/wm_focused_root_task( 1487): [0,0,80,1,bringingFoundTaskToFront]
01-11 07:26:38.489 I/wm_set_resumed_activity( 1487): [0,com.android.settings/.Settings,bringingFoundTaskToFront]
01-11 07:26:38.489 I/wm_new_intent( 1487): [0,112333459,80,com.android.settings/.Settings,android.intent.action.MAIN,NULL,NULL,270532608]
01-11 07:26:38.491 I/wm_pause_activity( 1487): [0,50041834,com.android.launcher3/.uioverrides.QuickstepLauncher,userLeaving=true,pauseBackTasks]
01-11 07:26:38.496 I/wm_on_top_resumed_lost_called( 2583): [50041834,com.android.launcher3.uioverrides.QuickstepLauncher,topStateChangedWhenResumed]
01-11 07:26:38.497 I/wm_on_paused_called( 2583): [50041834,com.android.launcher3.uioverrides.QuickstepLauncher,performPause]
01-11 07:26:38.499 I/ActivityTaskManager( 1487): FOREGROUND_APPLICATION_CHANGED to com.android.settings.homepage.SettingsHomepageActivity
01-11 07:26:38.500 I/wm_set_resumed_activity( 1487): [0,com.android.settings/.Settings,resumeTopActivityInnerLocked]
01-11 07:26:38.501 I/wm_add_to_stopping( 1487): [0,50041834,com.android.launcher3/.uioverrides.QuickstepLauncher,makeInvisible]
01-11 07:26:38.503 I/wm_resume_activity( 1487): [0,112333459,80,com.android.settings/.Settings]
01-11 07:26:38.519 I/wm_on_restart_called(22944): [112333459,com.android.settings.Settings,performRestartActivity]
01-11 07:26:38.519 I/sysui_multi_action( 1487): [757,803,799,window_time_0,802,0]
01-11 07:26:38.525 I/input_focus( 1487): [Focus leaving 7dc3aaa com.android.launcher3/com.android.launcher3.uioverrides.QuickstepLauncher (server),reason=NO_WINDOW]
01-11 07:26:38.527 I/wm_on_start_called(22944): [112333459,com.android.settings.Settings,handleStartActivity]
01-11 07:26:38.527 I/snet_event_log(22944): [120484087,-1,]
01-11 07:26:38.527 I/wm_on_resume_called(22944): [112333459,com.android.settings.Settings,RESUME_ACTIVITY]
01-11 07:26:38.527 I/sysui_multi_action(22944): [757,35,758,1,833,0,1089,0]
01-11 07:26:38.530 W/ContextImpl(19692): Calling a method in the system process without a qualified user: android.app.ContextImpl.startService:1816 android.content.ContextWrapper.startService:774 com.thundercomm.gamemode.ingame.services.GameModeActionUtils.startGameModeService:111 com.thundercomm.gamemode.ingame.services.GameModeActionUtils.startGameModeEntry:22 com.thundercomm.gamemode.ingame.services.ActivityMonitoringService$1.onActivityLaunch:129
01-11 07:26:38.534 I/sysui_multi_action(22944): [757,746,758,1,833,0,1089,0]
01-11 07:26:38.534 D/TelephonyRegistry( 1487): listen oscl: mHasNotifySubscriptionInfoChangedOccurred==false no callback
01-11 07:26:38.535 I/GameModeConfig( 1487): Current uri is uri = content://com.thundercomm.gamemode.api/gamemode_settings/gamemode_isgaming
01-11 07:26:38.537 I/GameModeConfig( 1487): isGameModeOn = false
01-11 07:26:38.538 I/GameModeConfig( 1487): isGameModeOn = false
01-11 07:26:38.538 I/GameModeConfig( 1487): isDisableVoice = true
01-11 07:26:38.538 D/TelephonyRegistry( 1487): listen oscl: mHasNotifySubscriptionInfoChangedOccurred==false no callback
01-11 07:26:38.547 I/wm_on_top_resumed_gained_called(22944): [112333459,com.android.settings.Settings,topWhenResuming]
01-11 07:26:38.551 I/input_focus( 1487): [Focus request c6452e2 com.android.settings/com.android.settings.Settings,reason=UpdateInputWindows]
01-11 07:26:38.566 I/sysui_multi_action( 1487): [319,28,321,24,322,72,325,12409,757,761,758,9,759,4,806,com.android.settings,871,com.android.settings.Settings,904,com.android.launcher3,905,0,1320,8,1321,5]
01-11 07:26:38.575 I/input_focus( 1487): [Focus entering c6452e2 com.android.settings/com.android.settings.Settings (server),reason=setFocusedWindow]
01-11 07:26:38.604 W/FreeFormWindowHelper( 1487): Current Display FreeFormTask is null
01-11 07:26:38.610 W/ContextImpl(19692): Calling a method in the system process without a qualified user: android.app.ContextImpl.startService:1816 android.content.ContextWrapper.startService:774 com.thundercomm.gamemode.ingame.services.GameModeActionUtils.startGameModeService:111 com.thundercomm.gamemode.ingame.services.GameModeActionUtils.startGameModeEntry:22 com.thundercomm.gamemode.ingame.services.ActivityMonitoringService$1.onActivityLaunch:129
01-11 07:26:38.614 I/GameModeConfig( 1487): Current uri is uri = content://com.thundercomm.gamemode.api/gamemode_settings/gamemode_isgaming
01-11 07:26:38.615 I/GameModeConfig( 1487): isGameModeOn = false
01-11 07:26:38.615 I/GameModeConfig( 1487): isGameModeOn = false
01-11 07:26:38.615 I/GameModeConfig( 1487): isDisableVoice = true
01-01 11:26:51.736 I/[schedu][0x377c1b0534][07:26:38.617077] wlan( 0): [3487:I:OSIF] scan start scan id 41043
01-01 11:26:51.937 I/ ( 0): read descriptors
01-01 11:26:51.937 I/ ( 0): read strings
01-11 07:26:39.046 I/wm_stop_activity( 1487): [0,50041834,com.android.launcher3/.uioverrides.QuickstepLauncher]
01-11 07:26:39.070 I/wm_on_stop_called( 2583): [50041834,com.android.launcher3.uioverrides.QuickstepLauncher,STOP_ACTIVITY_ITEM]
01-11 07:26:39.086 W/ContextImpl(19692): Calling a method in the system process without a qualified user: android.app.ContextImpl.startService:1816 android.content.ContextWrapper.startService:774 com.thundercomm.gamemode.ingame.services.GameModeActionUtils.startGameModeService:111 com.thundercomm.gamemode.ingame.services.GameModeActionUtils.startGameModeEntry:22 com.thundercomm.gamemode.ingame.services.ActivityMonitoringService$1.onActivityLaunch:129
01-11 07:26:39.091 I/GameModeConfig( 1487): Current uri is uri = content://com.thundercomm.gamemode.api/gamemode_settings/gamemode_isgaming
01-11 07:26:39.092 I/GameModeConfig( 1487): isGameModeOn = false
01-11 07:26:39.092 I/GameModeConfig( 1487): isGameModeOn = false
01-11 07:26:39.092 I/GameModeConfig( 1487): isDisableVoice = true
01-11 07:26:39.139 I/auditd ( 0): type=1400 audit(0.0:13997): avc: denied { kill } for comm="swapper/3" capability=5 scontext=u:r:kernel:s0 tcontext=u:r:kernel:s0 tclass=capability permissive=0
01-11 07:26:39.235 I/input_interaction( 1487): Interaction with: c6452e2 com.android.settings/com.android.settings.Settings (server), edge-swipe (server), swipe-up (server), PointerEventDispatcher0 (server),
01-11 07:26:39.243 W/FreeFormWindowHelper( 1487): Current Display FreeFormTask is null
01-11 07:26:39.248 I/wm_task_moved( 1487): [1,0,0]
01-11 07:26:39.249 I/wm_task_moved( 1487): [1,0,5]
01-11 07:26:39.266 I/wm_on_restart_called( 2583): [50041834,com.android.launcher3.uioverrides.QuickstepLauncher,performRestartActivity]
01-11 07:26:39.267 W/ContextImpl(19692): Calling a method in the system process without a qualified user: android.app.ContextImpl.startService:1816 android.content.ContextWrapper.startService:774 com.thundercomm.gamemode.ingame.services.GameModeActionUtils.startGameModeService:111 com.thundercomm.gamemode.ingame.services.GameModeActionUtils.startGameModeEntry:22 com.thundercomm.gamemode.ingame.services.ActivityMonitoringService$1.onActivityLaunch:129
01-11 07:26:39.267 W/FreeFormWindowHelper( 1487): Current Display FreeFormTask is null
01-11 07:26:39.272 I/GameModeConfig( 1487): Current uri is uri = content://com.thundercomm.gamemode.api/gamemode_settings/gamemode_isgaming
01-11 07:26:39.273 I/GameModeConfig( 1487): isGameModeOn = false
01-11 07:26:39.274 I/GameModeConfig( 1487): isGameModeOn = false
01-11 07:26:39.274 I/GameModeConfig( 1487): isDisableVoice = true
01-11 07:26:39.287 I/wm_on_start_called( 2583): [50041834,com.android.launcher3.uioverrides.QuickstepLauncher,handleStartActivity]
01-11 07:26:39.288 W/ActivityTaskManager( 1487): getTaskSnapshot: taskId=5080 not found
01-11 07:26:39.288 I/view_enqueue_input_event(22944): [Motion - Cancel,com.android.settings/com.android.settings.Settings]
01-11 07:26:39.288 W/ActivityTaskManager( 1487): getTaskSnapshot: taskId=5080 not found
01-11 07:26:39.289 I/input_focus( 1487): [Focus request recents_animation_input_consumer,reason=UpdateInputWindows]
01-11 07:26:39.291 W/ActivityTaskManager( 1487): getTaskSnapshot: taskId=4080 not found
01-11 07:26:39.293 W/ActivityTaskManager( 1487): getTaskSnapshot: taskId=3080 not found
01-11 07:26:39.293 W/FreeFormWindowHelper( 1487): Current Display FreeFormTask is null
01-11 07:26:39.294 I/sysui_latency( 2583): [1,59]
01-11 07:26:39.295 W/ActivityTaskManager( 1487): getTaskSnapshot: taskId=1080 not found
01-11 07:26:39.296 W/ActivityTaskManager( 1487): getTaskSnapshot: taskId=2080 not found
01-11 07:26:39.297 W/ActivityTaskManager( 1487): getTaskSnapshot: taskId=3080 not found
01-11 07:26:39.297 W/ActivityTaskManager( 1487): getTaskSnapshot: taskId=4080 not found
01-11 07:26:39.297 W/ActivityTaskManager( 1487): getTaskSnapshot: taskId=5080 not found
01-11 07:26:39.299 W/FreeFormWindowHelper( 1487): Current Display FreeFormTask is null
01-11 07:26:39.300 W/ActivityTaskManager( 1487): getTaskSnapshot: taskId=5080 not found
01-11 07:26:39.301 W/ActivityTaskManager( 1487): getTaskSnapshot: taskId=4080 not found
01-11 07:26:39.301 I/sysui_multi_action( 1487): [319,8,322,50,325,12410,757,761,758,9,759,5,806,com.android.launcher3,871,com.android.launcher3.uioverrides.QuickstepLauncher,904,com.android.launcher3,905,0,1320,8,1321,5]
01-11 07:26:39.301 W/ActivityTaskManager( 1487): getTaskSnapshot: taskId=3080 not found
01-11 07:26:39.301 W/ActivityTaskManager( 1487): getTaskSnapshot: taskId=2080 not found
01-11 07:26:39.301 W/ActivityTaskManager( 1487): getTaskSnapshot: taskId=1080 not found
01-11 07:26:39.302 I/input_interaction( 1487): Interaction with: edge-swipe (server), swipe-up (server), PointerEventDispatcher0 (server),
01-11 07:26:39.308 W/FreeFormWindowHelper( 1487): Current Display FreeFormTask is null
01-11 07:26:39.309 I/input_focus( 1487): [Focus leaving c6452e2 com.android.settings/com.android.settings.Settings (server),reason=NOT_FOCUSABLE]
01-11 07:26:39.309 I/input_focus( 1487): [Focus entering recents_animation_input_consumer (server),reason=setFocusedWindow]
01-11 07:26:39.365 W/FreeFormWindowHelper( 1487): Current Display FreeFormTask is null
01-11 07:26:39.493 I/commit_sys_config_file( 1487): [settings-1-0,4]
01-11 07:26:39.601 I/sysui_latency( 1487): [8,59]
01-01 11:26:52.906 I/[schedu][0x377d71cdcd][07:26:39.787112] wlan( 0): [3487:I:OSIF] vdev 0, scan id 41043 type COMPLETED(1) reason COMPLETED(1) scan found 96 bss
01-01 11:26:52.963 I/ ( 0): read descriptors
01-01 11:26:52.963 I/ ( 0): read strings
01-11 07:26:39.884 I/service_manager_stats(22944): [100,51,10721]
01-11 07:26:40.010 W/FreeFormWindowHelper( 1487): Current Display FreeFormTask is null
01-11 07:26:40.012 I/wm_task_moved( 1487): [1,1,6]
01-11 07:26:40.012 I/wm_task_moved( 1487): [9,1,2147483647]
01-11 07:26:40.012 I/wm_task_to_front( 1487): [0,9]
01-11 07:26:40.012 I/wm_focused_root_task( 1487): [0,0,1,80,RecentsAnimation.onAnimationFinished()]
01-11 07:26:40.012 I/wm_set_resumed_activity( 1487): [0,com.android.launcher3/.uioverrides.QuickstepLauncher,RecentsAnimation.onAnimationFinished()]
01-11 07:26:40.012 I/wm_on_top_resumed_lost_called(22944): [112333459,com.android.settings.Settings,topStateChangedWhenResumed]
01-11 07:26:40.013 I/wm_pause_activity( 1487): [0,112333459,com.android.settings/.Settings,userLeaving=true,pauseBackTasks]
01-11 07:26:40.013 I/wm_add_to_stopping( 1487): [0,112333459,com.android.settings/.Settings,makeInvisible]
01-11 07:26:40.013 I/ActivityTaskManager( 1487): FOREGROUND_APPLICATION_CHANGED to com.android.launcher3.uioverrides.QuickstepLauncher
01-11 07:26:40.014 I/wm_set_resumed_activity( 1487): [0,com.android.launcher3/.uioverrides.QuickstepLauncher,resumeTopActivityInnerLocked]
01-11 07:26:40.017 I/wm_resume_activity( 1487): [0,50041834,9,com.android.launcher3/.uioverrides.QuickstepLauncher]
01-11 07:26:40.018 I/wm_on_resume_called( 2583): [50041834,com.android.launcher3.uioverrides.QuickstepLauncher,RESUME_ACTIVITY]
01-11 07:26:40.020 I/input_focus( 1487): [Focus request 7dc3aaa com.android.launcher3/com.android.launcher3.uioverrides.QuickstepLauncher,reason=UpdateInputWindows]
01-11 07:26:40.020 I/wm_on_top_resumed_gained_called( 2583): [50041834,com.android.launcher3.uioverrides.QuickstepLauncher,topStateChangedWhenResumed]
01-11 07:26:40.021 I/sysui_multi_action(22944): [757,35,758,2,1089,1494]
01-11 07:26:40.023 I/sysui_multi_action(22944): [757,746,758,2,1089,1490]
01-11 07:26:40.024 I/wm_stop_activity( 1487): [0,112333459,com.android.settings/.Settings]
01-11 07:26:40.025 I/sysui_multi_action( 1487): [757,803,799,window_time_0,802,1]
01-11 07:26:40.028 I/wm_on_paused_called(22944): [112333459,com.android.settings.Settings,performPause]
01-11 07:26:40.028 I/input_focus( 1487): [Focus leaving recents_animation_input_consumer (server),reason=NOT_VISIBLE]
01-11 07:26:40.031 I/sysui_multi_action( 1487): [757,803,799,window_time_0,802,0]
01-11 07:26:40.034 I/wm_on_stop_called(22944): [112333459,com.android.settings.Settings,STOP_ACTIVITY_ITEM]
01-11 07:26:40.044 I/input_focus( 1487): [Focus entering 7dc3aaa com.android.launcher3/com.android.launcher3.uioverrides.QuickstepLauncher (server),reason=setFocusedWindow]
01-11 07:26:40.057 W/ContextImpl(19692): Calling a method in the system process without a qualified user: android.app.ContextImpl.startService:1816 android.content.ContextWrapper.startService:774 com.thundercomm.gamemode.ingame.services.GameModeActionUtils.startGameModeService:111 com.thundercomm.gamemode.ingame.services.GameModeActionUtils.startGameModeEntry:22 com.thundercomm.gamemode.ingame.services.ActivityMonitoringService$1.onActivityLaunch:129
01-11 07:26:40.062 I/GameModeConfig( 1487): Current uri is uri = content://com.thundercomm.gamemode.api/gamemode_settings/gamemode_isgaming
01-11 07:26:40.063 I/GameModeConfig( 1487): isGameModeOn = false
01-11 07:26:40.064 I/GameModeConfig( 1487): isGameModeOn = false
01-11 07:26:40.064 I/GameModeConfig( 1487): isDisableVoice = true
01-11 07:26:40.115 I/input_interaction( 1487): Interaction with: 7dc3aaa com.android.launcher3/com.android.launcher3.uioverrides.QuickstepLauncher (server), c9f455c com.android.systemui.ImageWallpaper (server), edge-swipe (server), swipe-up (server), PointerEventDispatcher0 (server),
01-11 07:26:40.124 W/FreeFormWindowHelper( 1487): Current Display FreeFormTask is null
01-11 07:26:40.130 W/ContextImpl(19692): Calling a method in the system process without a qualified user: android.app.ContextImpl.startService:1816 android.content.ContextWrapper.startService:774 com.thundercomm.gamemode.ingame.services.GameModeActionUtils.startGameModeService:111 com.thundercomm.gamemode.ingame.services.GameModeActionUtils.startGameModeEntry:22 com.thundercomm.gamemode.ingame.services.ActivityMonitoringService$1.onActivityLaunch:129
01-11 07:26:40.133 I/GameModeConfig( 1487): Current uri is uri = content://com.thundercomm.gamemode.api/gamemode_settings/gamemode_isgaming
01-11 07:26:40.135 I/GameModeConfig( 1487): isGameModeOn = false
01-11 07:26:40.136 I/GameModeConfig( 1487): isGameModeOn = false
01-11 07:26:40.136 I/GameModeConfig( 1487): isDisableVoice = true
01-11 07:26:40.173 E/TaskPersister( 1487): File error accessing recents directory (directory doesn't exist?).
01-11 07:26:40.258 I/thunderperf( 1487): PlatormCompat.setOverrides: Uid1=10071 Pid1=2583 Uid2=10071 Pid2=2583
01-11 07:26:40.258 I/thunderperf( 1487): PlatormCompat.setOverrides: needCheck:false
01-11 07:26:40.258 I/thunderperf( 1487): CompatConfig.addOverrideUnsafe: bef-state=1
01-11 07:26:40.259 E/thunderperf( 1487): CompatConfig.addOverrideUnsafe: exception:java.lang.SecurityException: Cannot override a change on a non-debuggable app and user build.
01-11 07:26:40.259 I/thunderperf( 1487): CompatConfig.addOverrideUnsafe: aft-state=1
01-11 07:26:40.260 I/thunderperf( 1487): CompatConfig.addOverrideUnsafe: bef-state=1
01-11 07:26:40.260 E/thunderperf( 1487): CompatConfig.addOverrideUnsafe: exception:java.lang.SecurityException: Cannot override a change on a non-debuggable app and user build.
01-11 07:26:40.260 I/thunderperf( 1487): CompatConfig.addOverrideUnsafe: aft-state=1
01-11 07:26:40.261 I/thunderperf( 1487): CompatConfig.addOverrideUnsafe: bef-state=1
01-11 07:26:40.261 E/thunderperf( 1487): CompatConfig.addOverrideUnsafe: exception:java.lang.SecurityException: Cannot override a change on a non-debuggable app and user build.
01-11 07:26:40.261 I/thunderperf( 1487): CompatConfig.addOverrideUnsafe: aft-state=1
01-11 07:26:40.262 I/thunderperf( 1487): CompatConfig.addOverrideUnsafe: bef-state=1
01-11 07:26:40.262 E/thunderperf( 1487): CompatConfig.addOverrideUnsafe: exception:java.lang.SecurityException: Cannot override a change on a non-debuggable app and user build.
01-11 07:26:40.262 I/thunderperf( 1487): CompatConfig.addOverrideUnsafe: aft-state=1
01-11 07:26:40.263 I/thunderperf( 1487): CompatConfig.addOverrideUnsafe: bef-state=1
01-11 07:26:40.263 E/thunderperf( 1487): CompatConfig.addOverrideUnsafe: exception:java.lang.SecurityException: Cannot override a change on a non-debuggable app and user build.
01-11 07:26:40.263 I/thunderperf( 1487): CompatConfig.addOverrideUnsafe: aft-state=1
01-11 07:26:40.264 I/thunderperf( 1487): CompatConfig.addOverrideUnsafe: bef-state=1
01-11 07:26:40.264 E/thunderperf( 1487): CompatConfig.addOverrideUnsafe: exception:java.lang.SecurityException: Cannot override a change on a non-debuggable app and user build.
01-11 07:26:40.264 I/thunderperf( 1487): CompatConfig.addOverrideUnsafe: aft-state=1
01-11 07:26:40.264 I/thunderperf( 1487): CompatConfig.addOverrideUnsafe: bef-state=1
01-11 07:26:40.265 E/thunderperf( 1487): CompatConfig.addOverrideUnsafe: exception:java.lang.SecurityException: Cannot override a change on a non-debuggable app and user build.
01-11 07:26:40.265 I/thunderperf( 1487): CompatConfig.addOverrideUnsafe: aft-state=1
01-11 07:26:40.266 I/thunderperf( 1487): CompatConfig.addOverrideUnsafe: bef-state=1
01-11 07:26:40.266 E/thunderperf( 1487): CompatConfig.addOverrideUnsafe: exception:java.lang.SecurityException: Cannot override a change on a non-debuggable app and user build.
01-11 07:26:40.266 I/thunderperf( 1487): CompatConfig.addOverrideUnsafe: aft-state=1
01-11 07:26:40.266 I/thunderperf( 1487): CompatConfig.addOverrideUnsafe: bef-state=1
01-11 07:26:40.267 E/thunderperf( 1487): CompatConfig.addOverrideUnsafe: exception:java.lang.SecurityException: Cannot override a change on a non-debuggable app and user build.
01-11 07:26:40.267 I/thunderperf( 1487): CompatConfig.addOverrideUnsafe: aft-state=1
01-11 07:26:40.267 I/thunderperf( 1487): CompatConfig.addOverrideUnsafe: bef-state=1
01-11 07:26:40.267 E/thunderperf( 1487): CompatConfig.addOverrideUnsafe: exception:java.lang.SecurityException: Cannot override a change on a non-debuggable app and user build.
01-11 07:26:40.267 I/thunderperf( 1487): CompatConfig.addOverrideUnsafe: aft-state=1
01-11 07:26:40.268 I/thunderperf( 1487): CompatConfig.addOverrideUnsafe: bef-state=1
01-11 07:26:40.268 E/thunderperf( 1487): CompatConfig.addOverrideUnsafe: exception:java.lang.SecurityException: Cannot override a change on a non-debuggable app and user build.
01-11 07:26:40.268 I/thunderperf( 1487): CompatConfig.addOverrideUnsafe: aft-state=1
01-11 07:26:40.268 I/thunderperf( 1487): CompatConfig.addOverrideUnsafe: bef-state=1
01-11 07:26:40.268 E/thunderperf( 1487): CompatConfig.addOverrideUnsafe: exception:java.lang.SecurityException: Cannot override a change on a non-debuggable app and user build.
01-11 07:26:40.268 I/thunderperf( 1487): CompatConfig.addOverrideUnsafe: aft-state=1
01-11 07:26:40.269 I/thunderperf( 1487): CompatConfig.addOverrideUnsafe: bef-state=1
01-11 07:26:40.269 E/thunderperf( 1487): CompatConfig.addOverrideUnsafe: exception:java.lang.SecurityException: Cannot override a change on a non-debuggable app and user build.
01-11 07:26:40.269 I/thunderperf( 1487): CompatConfig.addOverrideUnsafe: aft-state=1
01-11 07:26:40.269 I/thunderperf( 1487): CompatConfig.addOverrideUnsafe: bef-state=1
01-11 07:26:40.270 E/thunderperf( 1487): CompatConfig.addOverrideUnsafe: exception:java.lang.SecurityException: Cannot override a change on a non-debuggable app and user build.
01-11 07:26:40.270 I/thunderperf( 1487): CompatConfig.addOverrideUnsafe: aft-state=1
01-11 07:26:40.274 I/ActivityTaskManager( 1487): START u0 {act=android.intent.action.MAIN cat=[android.intent.category.LAUNCHER] flg=0x10200000 cmp=com.android.settings/.Settings bnds=[2128,710][2314,910]} from uid 10071
01-11 07:26:40.276 I/wm_task_moved( 1487): [80,1,6]
01-11 07:26:40.276 I/wm_task_to_front( 1487): [0,80]
01-11 07:26:40.277 I/wm_focused_root_task( 1487): [0,0,80,1,bringingFoundTaskToFront]
01-11 07:26:40.277 I/wm_set_resumed_activity( 1487): [0,com.android.settings/.Settings,bringingFoundTaskToFront]
01-11 07:26:40.277 I/wm_new_intent( 1487): [0,112333459,80,com.android.settings/.Settings,android.intent.action.MAIN,NULL,NULL,270532608]
01-11 07:26:40.280 I/wm_pause_activity( 1487): [0,50041834,com.android.launcher3/.uioverrides.QuickstepLauncher,userLeaving=true,pauseBackTasks]
01-11 07:26:40.287 I/wm_on_top_resumed_lost_called( 2583): [50041834,com.android.launcher3.uioverrides.QuickstepLauncher,topStateChangedWhenResumed]
01-11 07:26:40.290 I/wm_on_paused_called( 2583): [50041834,com.android.launcher3.uioverrides.QuickstepLauncher,performPause]
01-11 07:26:40.292 I/ActivityTaskManager( 1487): FOREGROUND_APPLICATION_CHANGED to com.android.settings.homepage.SettingsHomepageActivity
01-11 07:26:40.293 I/wm_set_resumed_activity( 1487): [0,com.android.settings/.Settings,resumeTopActivityInnerLocked]
01-11 07:26:40.295 I/wm_add_to_stopping( 1487): [0,50041834,com.android.launcher3/.uioverrides.QuickstepLauncher,makeInvisible]
01-11 07:26:40.300 I/wm_resume_activity( 1487): [0,112333459,80,com.android.settings/.Settings]
01-11 07:26:40.312 I/sysui_multi_action( 1487): [757,803,799,window_time_0,802,1]
01-11 07:26:40.315 I/wm_on_restart_called(22944): [112333459,com.android.settings.Settings,performRestartActivity]
01-11 07:26:40.321 I/wm_on_start_called(22944): [112333459,com.android.settings.Settings,handleStartActivity]
01-11 07:26:40.321 I/snet_event_log(22944): [120484087,-1,]
01-11 07:26:40.322 I/wm_on_resume_called(22944): [112333459,com.android.settings.Settings,RESUME_ACTIVITY]
01-11 07:26:40.322 I/sysui_multi_action(22944): [757,35,758,1,833,0,1089,0]
01-11 07:26:40.326 W/ContextImpl(19692): Calling a method in the system process without a qualified user: android.app.ContextImpl.startService:1816 android.content.ContextWrapper.startService:774 com.thundercomm.gamemode.ingame.services.GameModeActionUtils.startGameModeService:111 com.thundercomm.gamemode.ingame.services.GameModeActionUtils.startGameModeEntry:22 com.thundercomm.gamemode.ingame.services.ActivityMonitoringService$1.onActivityLaunch:129
01-11 07:26:40.327 I/sysui_multi_action(22944): [757,746,758,1,833,0,1089,0]
01-11 07:26:40.327 D/TelephonyRegistry( 1487): listen oscl: mHasNotifySubscriptionInfoChangedOccurred==false no callback
01-11 07:26:40.328 I/input_focus( 1487): [Focus leaving 7dc3aaa com.android.launcher3/com.android.launcher3.uioverrides.QuickstepLauncher (server),reason=NO_WINDOW]
01-11 07:26:40.331 D/TelephonyRegistry( 1487): listen oscl: mHasNotifySubscriptionInfoChangedOccurred==false no callback
01-11 07:26:40.332 I/GameModeConfig( 1487): Current uri is uri = content://com.thundercomm.gamemode.api/gamemode_settings/gamemode_isgaming
01-11 07:26:40.334 I/GameModeConfig( 1487): isGameModeOn = false
01-11 07:26:40.334 I/GameModeConfig( 1487): isGameModeOn = false
01-11 07:26:40.334 I/GameModeConfig( 1487): isDisableVoice = true
01-11 07:26:40.336 I/wm_on_top_resumed_gained_called(22944): [112333459,com.android.settings.Settings,topWhenResuming]
01-11 07:26:40.342 I/input_focus( 1487): [Focus request c6452e2 com.android.settings/com.android.settings.Settings,reason=UpdateInputWindows]
01-11 07:26:40.349 I/sysui_multi_action( 1487): [319,31,321,27,322,73,325,12411,757,761,758,9,759,4,806,com.android.settings,871,com.android.settings.Settings,904,com.android.launcher3,905,0,1320,8,1321,5]
01-11 07:26:40.362 I/input_focus( 1487): [Focus entering c6452e2 com.android.settings/com.android.settings.Settings (server),reason=setFocusedWindow]
01-11 07:26:40.401 W/FreeFormWindowHelper( 1487): Current Display FreeFormTask is null
01-11 07:26:40.405 W/ContextImpl(19692): Calling a method in the system process without a qualified user: android.app.ContextImpl.startService:1816 android.content.ContextWrapper.startService:774 com.thundercomm.gamemode.ingame.services.GameModeActionUtils.startGameModeService:111 com.thundercomm.gamemode.ingame.services.GameModeActionUtils.startGameModeEntry:22 com.thundercomm.gamemode.ingame.services.ActivityMonitoringService$1.onActivityLaunch:129
01-11 07:26:40.407 I/GameModeConfig( 1487): Current uri is uri = content://com.thundercomm.gamemode.api/gamemode_settings/gamemode_isgaming
01-11 07:26:40.409 I/GameModeConfig( 1487): isGameModeOn = false
01-11 07:26:40.410 I/GameModeConfig( 1487): isGameModeOn = false
01-11 07:26:40.410 I/GameModeConfig( 1487): isDisableVoice = true
01-01 11:26:53.549 I/[schedu][0x377e2e4458][07:26:40.430399] wlan( 0): [3487:I:OSIF] scan start scan id 41044
01-11 07:26:40.851 I/wm_stop_activity( 1487): [0,50041834,com.android.launcher3/.uioverrides.QuickstepLauncher]
01-11 07:26:40.872 I/wm_on_stop_called( 2583): [50041834,com.android.launcher3.uioverrides.QuickstepLauncher,STOP_ACTIVITY_ITEM]
01-01 11:26:53.993 I/ ( 0): read descriptors
01-01 11:26:53.993 I/ ( 0): read strings
01-11 07:26:40.888 W/ContextImpl(19692): Calling a method in the system process without a qualified user: android.app.ContextImpl.startService:1816 android.content.ContextWrapper.startService:774 com.thundercomm.gamemode.ingame.services.GameModeActionUtils.startGameModeService:111 com.thundercomm.gamemode.ingame.services.GameModeActionUtils.startGameModeEntry:22 com.thundercomm.gamemode.ingame.services.ActivityMonitoringService$1.onActivityLaunch:129
01-11 07:26:40.892 I/GameModeConfig( 1487): Current uri is uri = content://com.thundercomm.gamemode.api/gamemode_settings/gamemode_isgaming
01-11 07:26:40.893 I/GameModeConfig( 1487): isGameModeOn = false
01-11 07:26:40.894 I/GameModeConfig( 1487): isGameModeOn = false
01-11 07:26:40.894 I/GameModeConfig( 1487): isDisableVoice = true
01-11 07:26:41.092 I/input_interaction( 1487): Interaction with: c6452e2 com.android.settings/com.android.settings.Settings (server), edge-swipe (server), swipe-up (server), PointerEventDispatcher0 (server),
01-11 07:26:41.100 W/FreeFormWindowHelper( 1487): Current Display FreeFormTask is null
01-11 07:26:41.106 I/wm_task_moved( 1487): [1,0,0]
01-11 07:26:41.107 I/wm_task_moved( 1487): [1,0,5]
01-11 07:26:41.122 I/view_enqueue_input_event(22944): [Motion - Cancel,com.android.settings/com.android.settings.Settings]
01-11 07:26:41.123 I/input_focus( 1487): [Focus request recents_animation_input_consumer,reason=UpdateInputWindows]
01-11 07:26:41.129 W/ContextImpl(19692): Calling a method in the system process without a qualified user: android.app.ContextImpl.startService:1816 android.content.ContextWrapper.startService:774 com.thundercomm.gamemode.ingame.services.GameModeActionUtils.startGameModeService:111 com.thundercomm.gamemode.ingame.services.GameModeActionUtils.startGameModeEntry:22 com.thundercomm.gamemode.ingame.services.ActivityMonitoringService$1.onActivityLaunch:129
01-11 07:26:41.130 I/input_interaction( 1487): Interaction with: edge-swipe (server), swipe-up (server), PointerEventDispatcher0 (server),
01-11 07:26:41.132 I/wm_on_restart_called( 2583): [50041834,com.android.launcher3.uioverrides.QuickstepLauncher,performRestartActivity]
01-11 07:26:41.133 W/FreeFormWindowHelper( 1487): Current Display FreeFormTask is null
01-11 07:26:41.136 I/GameModeConfig( 1487): Current uri is uri = content://com.thundercomm.gamemode.api/gamemode_settings/gamemode_isgaming
01-11 07:26:41.138 I/GameModeConfig( 1487): isGameModeOn = false
01-11 07:26:41.139 I/GameModeConfig( 1487): isGameModeOn = false
01-11 07:26:41.139 I/GameModeConfig( 1487): isDisableVoice = true
01-11 07:26:41.139 I/auditd ( 0): type=1400 audit(0.0:13998): avc: denied { kill } for comm="swapper/3" capability=5 scontext=u:r:kernel:s0 tcontext=u:r:kernel:s0 tclass=capability permissive=0
01-11 07:26:41.147 I/input_focus( 1487): [Focus leaving c6452e2 com.android.settings/com.android.settings.Settings (server),reason=NOT_FOCUSABLE]
01-11 07:26:41.147 I/input_focus( 1487): [Focus entering recents_animation_input_consumer (server),reason=setFocusedWindow]
01-11 07:26:41.153 I/wm_on_start_called( 2583): [50041834,com.android.launcher3.uioverrides.QuickstepLauncher,handleStartActivity]
01-11 07:26:41.153 W/ActivityTaskManager( 1487): getTaskSnapshot: taskId=5080 not found
01-11 07:26:41.154 W/ActivityTaskManager( 1487): getTaskSnapshot: taskId=5080 not found
01-11 07:26:41.154 W/ActivityTaskManager( 1487): getTaskSnapshot: taskId=4080 not found
01-11 07:26:41.157 W/ActivityTaskManager( 1487): getTaskSnapshot: taskId=3080 not found
01-11 07:26:41.158 W/ActivityTaskManager( 1487): getTaskSnapshot: taskId=2080 not found
01-11 07:26:41.158 W/FreeFormWindowHelper( 1487): Current Display FreeFormTask is null
01-11 07:26:41.159 W/ActivityTaskManager( 1487): getTaskSnapshot: taskId=1080 not found
01-11 07:26:41.159 I/sysui_latency( 2583): [1,68]
01-11 07:26:41.160 W/ActivityTaskManager( 1487): getTaskSnapshot: taskId=1080 not found
01-11 07:26:41.160 W/ActivityTaskManager( 1487): getTaskSnapshot: taskId=2080 not found
01-11 07:26:41.160 W/ActivityTaskManager( 1487): getTaskSnapshot: taskId=3080 not found
01-11 07:26:41.160 W/ActivityTaskManager( 1487): getTaskSnapshot: taskId=4080 not found
01-11 07:26:41.160 W/ActivityTaskManager( 1487): getTaskSnapshot: taskId=5080 not found
01-11 07:26:41.164 W/FreeFormWindowHelper( 1487): Current Display FreeFormTask is null
01-11 07:26:41.176 I/sysui_multi_action( 1487): [319,10,322,58,325,12411,757,761,758,9,759,5,806,com.android.launcher3,871,com.android.launcher3.uioverrides.QuickstepLauncher,904,com.android.launcher3,905,0,1320,8,1321,5]
01-11 07:26:41.179 W/FreeFormWindowHelper( 1487): Current Display FreeFormTask is null
01-11 07:26:41.247 W/FreeFormWindowHelper( 1487): Current Display FreeFormTask is null
01-11 07:26:41.356 I/commit_sys_config_file( 1487): [settings-1-0,4]
01-11 07:26:41.465 I/sysui_latency( 1487): [8,68]
01-01 11:26:54.734 I/[schedu][0x377f896b7a][07:26:41.615348] wlan( 0): [3487:I:OSIF] vdev 0, scan id 41044 type COMPLETED(1) reason COMPLETED(1) scan found 89 bss
01-11 07:26:41.882 W/FreeFormWindowHelper( 1487): Current Display FreeFormTask is null
01-11 07:26:41.885 I/wm_task_moved( 1487): [1,1,6]
01-11 07:26:41.886 I/wm_task_moved( 1487): [9,1,2147483647]
01-11 07:26:41.886 I/wm_task_to_front( 1487): [0,9]
01-11 07:26:41.886 I/wm_focused_root_task( 1487): [0,0,1,80,RecentsAnimation.onAnimationFinished()]
01-11 07:26:41.886 I/wm_on_top_resumed_lost_called(22944): [112333459,com.android.settings.Settings,topStateChangedWhenResumed]
01-11 07:26:41.886 I/wm_set_resumed_activity( 1487): [0,com.android.launcher3/.uioverrides.QuickstepLauncher,RecentsAnimation.onAnimationFinished()]
01-11 07:26:41.888 I/wm_pause_activity( 1487): [0,112333459,com.android.settings/.Settings,userLeaving=true,pauseBackTasks]
01-01 11:26:55.009 I/ ( 0): read descriptors
01-01 11:26:55.009 I/ ( 0): read strings
01-11 07:26:41.889 I/wm_add_to_stopping( 1487): [0,112333459,com.android.settings/.Settings,makeInvisible]
01-11 07:26:41.889 I/ActivityTaskManager( 1487): FOREGROUND_APPLICATION_CHANGED to com.android.launcher3.uioverrides.QuickstepLauncher
01-11 07:26:41.891 I/wm_set_resumed_activity( 1487): [0,com.android.launcher3/.uioverrides.QuickstepLauncher,resumeTopActivityInnerLocked]
01-11 07:26:41.893 I/wm_resume_activity( 1487): [0,50041834,9,com.android.launcher3/.uioverrides.QuickstepLauncher]
01-11 07:26:41.894 I/wm_on_resume_called( 2583): [50041834,com.android.launcher3.uioverrides.QuickstepLauncher,RESUME_ACTIVITY]
01-11 07:26:41.899 I/input_focus( 1487): [Focus request 7dc3aaa com.android.launcher3/com.android.launcher3.uioverrides.QuickstepLauncher,reason=UpdateInputWindows]
01-11 07:26:41.904 I/wm_on_top_resumed_gained_called( 2583): [50041834,com.android.launcher3.uioverrides.QuickstepLauncher,topStateChangedWhenResumed]
01-11 07:26:41.905 I/sysui_multi_action(22944): [757,35,758,2,1089,1582]
01-11 07:26:41.906 I/wm_stop_activity( 1487): [0,112333459,com.android.settings/.Settings]
01-11 07:26:41.906 I/sysui_multi_action(22944): [757,746,758,2,1089,1579]
01-11 07:26:41.908 I/sysui_multi_action( 1487): [757,803,799,window_time_0,802,1]
01-11 07:26:41.914 I/sysui_multi_action( 1487): [757,803,799,window_time_0,802,0]
01-11 07:26:41.914 I/wm_on_paused_called(22944): [112333459,com.android.settings.Settings,performPause]
01-11 07:26:41.916 I/input_focus( 1487): [Focus leaving recents_animation_input_consumer (server),reason=NOT_VISIBLE]
01-11 07:26:41.916 I/input_focus( 1487): [Focus entering 7dc3aaa com.android.launcher3/com.android.launcher3.uioverrides.QuickstepLauncher (server),reason=setFocusedWindow]
01-11 07:26:41.921 I/wm_on_stop_called(22944): [112333459,com.android.settings.Settings,STOP_ACTIVITY_ITEM]
01-11 07:26:41.941 W/ContextImpl(19692): Calling a method in the system process without a qualified user: android.app.ContextImpl.startService:1816 android.content.ContextWrapper.startService:774 com.thundercomm.gamemode.ingame.services.GameModeActionUtils.startGameModeService:111 com.thundercomm.gamemode.ingame.services.GameModeActionUtils.startGameModeEntry:22 com.thundercomm.gamemode.ingame.services.ActivityMonitoringService$1.onActivityLaunch:129
01-11 07:26:41.943 I/GameModeConfig( 1487): Current uri is uri = content://com.thundercomm.gamemode.api/gamemode_settings/gamemode_isgaming
01-11 07:26:41.944 I/GameModeConfig( 1487): isGameModeOn = false
01-11 07:26:41.944 I/GameModeConfig( 1487): isGameModeOn = false
01-11 07:26:41.944 I/GameModeConfig( 1487): isDisableVoice = true
01-11 07:26:42.005 W/FreeFormWindowHelper( 1487): Current Display FreeFormTask is null
01-11 07:26:42.010 W/ContextImpl(19692): Calling a method in the system process without a qualified user: android.app.ContextImpl.startService:1816 android.content.ContextWrapper.startService:774 com.thundercomm.gamemode.ingame.services.GameModeActionUtils.startGameModeService:111 com.thundercomm.gamemode.ingame.services.GameModeActionUtils.startGameModeEntry:22 com.thundercomm.gamemode.ingame.services.ActivityMonitoringService$1.onActivityLaunch:129
01-11 07:26:42.014 I/GameModeConfig( 1487): Current uri is uri = content://com.thundercomm.gamemode.api/gamemode_settings/gamemode_isgaming
01-11 07:26:42.016 I/GameModeConfig( 1487): isGameModeOn = false
01-11 07:26:42.016 I/GameModeConfig( 1487): isGameModeOn = false
01-11 07:26:42.016 I/GameModeConfig( 1487): isDisableVoice = true
01-11 07:26:42.143 I/auditd ( 0): type=1400 audit(0.0:13999): avc: denied { kill } for comm="swapper/3" capability=5 scontext=u:r:kernel:s0 tcontext=u:r:kernel:s0 tclass=capability permissive=0
01-01 11:26:55.738 I/[schedu][0x3780af7b21][07:26:42.619076] wlan( 0): [3487:I:OSIF] scan start scan id 41045
01-01 11:26:56.029 I/ ( 0): read descriptors
01-01 11:26:56.029 I/ ( 0): read strings
01-11 07:26:43.139 I/auditd ( 0): type=1400 audit(0.0:14000): avc: denied { kill } for comm="swapper/3" capability=5 scontext=u:r:kernel:s0 tcontext=u:r:kernel:s0 tclass=capability permissive=0
01-11 07:26:43.301 E/TaskPersister( 1487): File error accessing recents directory (directory doesn't exist?).
01-01 11:26:56.913 I/[schedu][0x378207c380][07:26:43.794228] wlan( 0): [3487:I:OSIF] vdev 0, scan id 41045 type COMPLETED(1) reason COMPLETED(1) scan found 78 bss
01-01 11:26:57.045 I/ ( 0): read descriptors
01-01 11:26:57.045 I/ ( 0): read strings
01-11 07:26:44.143 I/auditd ( 0): type=1400 audit(0.0:14001): avc: denied { kill } for comm="swapper/3" capability=5 scontext=u:r:kernel:s0 tcontext=u:r:kernel:s0 tclass=capability permissive=0
01-01 11:26:58.061 I/ ( 0): read descriptors
01-01 11:26:58.061 I/ ( 0): read strings
01-11 07:26:45.139 I/auditd ( 0): type=1400 audit(0.0:14002): avc: denied { kill } for comm="swapper/3" capability=5 scontext=u:r:kernel:s0 tcontext=u:r:kernel:s0 tclass=capability permissive=0
01-01 11:26:59.077 I/ ( 0): read descriptors
01-01 11:26:59.077 I/ ( 0): read strings
01-11 07:26:46.139 I/auditd ( 0): type=1400 audit(0.0:14003): avc: denied { kill } for comm="swapper/3" capability=5 scontext=u:r:kernel:s0 tcontext=u:r:kernel:s0 tclass=capability permissive=0
01-11 07:26:46.506 I/am_uid_idle( 1487): 10088
01-01 11:27:00.105 I/ ( 0): read descriptors
01-01 11:27:00.105 I/ ( 0): read strings
01-11 07:26:47.139 I/auditd ( 0): type=1400 audit(0.0:14004): avc: denied { kill } for comm="swapper/3" capability=5 scontext=u:r:kernel:s0 tcontext=u:r:kernel:s0 tclass=capability permissive=0
01-01 11:27:01.121 I/ ( 0): read descriptors
01-01 11:27:01.121 I/ ( 0): read strings
01-11 07:26:48.139 I/auditd ( 0): type=1400 audit(0.0:14005): avc: denied { kill } for comm="swapper/3" capability=5 scontext=u:r:kernel:s0 tcontext=u:r:kernel:s0 tclass=capability permissive=0
01-01 11:27:02.137 I/ ( 0): read descriptors
01-01 11:27:02.137 I/ ( 0): read strings
01-11 07:26:49.139 I/auditd ( 0): type=1400 audit(0.0:14006): avc: denied { kill } for comm="swapper/3" capability=5 scontext=u:r:kernel:s0 tcontext=u:r:kernel:s0 tclass=capability permissive=0
01-01 11:27:03.153 I/ ( 0): read descriptors
01-01 11:27:03.153 I/ ( 0): read strings
01-11 07:26:50.143 I/auditd ( 0): type=1400 audit(0.0:14007): avc: denied { kill } for comm="swapper/3" capability=5 scontext=u:r:kernel:s0 tcontext=u:r:kernel:s0 tclass=capability permissive=0
01-01 11:27:04.169 I/ ( 0): read descriptors
01-01 11:27:04.169 I/ ( 0): read strings
01-11 07:26:51.139 I/auditd ( 0): type=1400 audit(0.0:14008): avc: denied { kill } for comm="swapper/3" capability=5 scontext=u:r:kernel:s0 tcontext=u:r:kernel:s0 tclass=capability permissive=0
01-01 11:27:05.185 I/ ( 0): read descriptors
01-01 11:27:05.185 I/ ( 0): read strings
01-11 07:26:52.143 I/auditd ( 0): type=1400 audit(0.0:14009): avc: denied { kill } for comm="swapper/3" capability=5 scontext=u:r:kernel:s0 tcontext=u:r:kernel:s0 tclass=capability permissive=0
01-01 11:27:06.201 I/ ( 0): read descriptors
01-01 11:27:06.201 I/ ( 0): read strings
01-11 07:26:53.139 I/auditd ( 0): type=1400 audit(0.0:14010): avc: denied { kill } for comm="swapper/3" capability=5 scontext=u:r:kernel:s0 tcontext=u:r:kernel:s0 tclass=capability permissive=0
01-01 11:27:07.217 I/ ( 0): read descriptors
01-01 11:27:07.217 I/ ( 0): read strings
01-11 07:26:54.139 I/auditd ( 0): type=1400 audit(0.0:14011): avc: denied { kill } for comm="swapper/3" capability=5 scontext=u:r:kernel:s0 tcontext=u:r:kernel:s0 tclass=capability permissive=0
01-01 11:27:08.233 I/ ( 0): read descriptors
01-01 11:27:08.233 I/ ( 0): read strings
01-11 07:26:55.143 I/auditd ( 0): type=1400 audit(0.0:14012): avc: denied { kill } for comm="swapper/3" capability=5 scontext=u:r:kernel:s0 tcontext=u:r:kernel:s0 tclass=capability permissive=0
01-01 11:27:09.249 I/ ( 0): read descriptors
01-01 11:27:09.249 I/ ( 0): read strings
01-11 07:26:56.139 I/auditd ( 0): type=1400 audit(0.0:14013): avc: denied { kill } for comm="swapper/3" capability=5 scontext=u:r:kernel:s0 tcontext=u:r:kernel:s0 tclass=capability permissive=0
01-11 07:26:57.139 I/auditd ( 0): type=1400 audit(0.0:14014): avc: denied { kill } for comm="swapper/3" capability=5 scontext=u:r:kernel:s0 tcontext=u:r:kernel:s0 tclass=capability permissive=0
01-01 11:27:10.269 I/ ( 0): read descriptors
01-01 11:27:10.269 I/ ( 0): read strings
01-11 07:26:58.139 I/auditd ( 0): type=1400 audit(0.0:14015): avc: denied { kill } for comm="swapper/3" capability=5 scontext=u:r:kernel:s0 tcontext=u:r:kernel:s0 tclass=capability permissive=0
01-01 11:27:11.285 I/ ( 0): read descriptors
01-01 11:27:11.285 I/ ( 0): read strings
01-11 07:26:59.139 I/auditd ( 0): type=1400 audit(0.0:14016): avc: denied { kill } for comm="swapper/3" capability=5 scontext=u:r:kernel:s0 tcontext=u:r:kernel:s0 tclass=capability permissive=0
01-01 11:27:12.301 I/ ( 0): read descriptors
01-01 11:27:12.301 I/ ( 0): read strings
01-11 07:26:59.863 I/input_interaction( 1487): Interaction with: 7dc3aaa com.android.launcher3/com.android.launcher3.uioverrides.QuickstepLauncher (server), c9f455c com.android.systemui.ImageWallpaper (server), edge-swipe (server), swipe-up (server), PointerEventDispatcher0 (server),
01-11 07:27:00.139 I/auditd ( 746): type=1400 audit(0.0:14017): avc: denied { kill } for comm="crtc_commit:125" capability=5 scontext=u:r:kernel:s0 tcontext=u:r:kernel:s0 tclass=capability permissive=0
01-01 11:27:13.325 I/ ( 0): read descriptors
01-01 11:27:13.325 I/ ( 0): read strings
01-01 11:27:14.357 I/ ( 0): read descriptors
01-01 11:27:14.357 I/ ( 0): read strings
01-11 07:27:02.139 I/auditd ( 0): type=1400 audit(0.0:14018): avc: denied { kill } for comm="swapper/3" capability=5 scontext=u:r:kernel:s0 tcontext=u:r:kernel:s0 tclass=capability permissive=0
01-11 07:27:02.191 I/thunderperf( 1487): PlatormCompat.setOverrides: Uid1=10071 Pid1=2583 Uid2=10071 Pid2=2583
01-11 07:27:02.191 I/thunderperf( 1487): PlatormCompat.setOverrides: needCheck:false
01-11 07:27:02.191 I/thunderperf( 1487): CompatConfig.addOverrideUnsafe: bef-state=1
01-11 07:27:02.192 E/thunderperf( 1487): CompatConfig.addOverrideUnsafe: exception:java.lang.SecurityException: Cannot override a change on a non-debuggable app and user build.
01-11 07:27:02.192 I/thunderperf( 1487): CompatConfig.addOverrideUnsafe: aft-state=1
01-11 07:27:02.193 I/thunderperf( 1487): CompatConfig.addOverrideUnsafe: bef-state=1
01-11 07:27:02.194 E/thunderperf( 1487): CompatConfig.addOverrideUnsafe: exception:java.lang.SecurityException: Cannot override a change on a non-debuggable app and user build.
01-11 07:27:02.194 I/thunderperf( 1487): CompatConfig.addOverrideUnsafe: aft-state=1
01-11 07:27:02.195 I/thunderperf( 1487): CompatConfig.addOverrideUnsafe: bef-state=1
01-11 07:27:02.195 E/thunderperf( 1487): CompatConfig.addOverrideUnsafe: exception:java.lang.SecurityException: Cannot override a change on a non-debuggable app and user build.
01-11 07:27:02.195 I/thunderperf( 1487): CompatConfig.addOverrideUnsafe: aft-state=1
01-11 07:27:02.196 I/thunderperf( 1487): CompatConfig.addOverrideUnsafe: bef-state=1
01-11 07:27:02.196 E/thunderperf( 1487): CompatConfig.addOverrideUnsafe: exception:java.lang.SecurityException: Cannot override a change on a non-debuggable app and user build.
01-11 07:27:02.196 I/thunderperf( 1487): CompatConfig.addOverrideUnsafe: aft-state=1
01-11 07:27:02.197 I/thunderperf( 1487): CompatConfig.addOverrideUnsafe: bef-state=1
01-11 07:27:02.198 E/thunderperf( 1487): CompatConfig.addOverrideUnsafe: exception:java.lang.SecurityException: Cannot override a change on a non-debuggable app and user build.
01-11 07:27:02.198 I/thunderperf( 1487): CompatConfig.addOverrideUnsafe: aft-state=1
01-11 07:27:02.199 I/thunderperf( 1487): CompatConfig.addOverrideUnsafe: bef-state=1
01-11 07:27:02.199 E/thunderperf( 1487): CompatConfig.addOverrideUnsafe: exception:java.lang.SecurityException: Cannot override a change on a non-debuggable app and user build.
01-11 07:27:02.199 I/thunderperf( 1487): CompatConfig.addOverrideUnsafe: aft-state=1
01-11 07:27:02.200 I/thunderperf( 1487): CompatConfig.addOverrideUnsafe: bef-state=1
01-11 07:27:02.200 E/thunderperf( 1487): CompatConfig.addOverrideUnsafe: exception:java.lang.SecurityException: Cannot override a change on a non-debuggable app and user build.
01-11 07:27:02.200 I/thunderperf( 1487): CompatConfig.addOverrideUnsafe: aft-state=1
01-11 07:27:02.201 I/thunderperf( 1487): CompatConfig.addOverrideUnsafe: bef-state=1
01-11 07:27:02.201 E/thunderperf( 1487): CompatConfig.addOverrideUnsafe: exception:java.lang.SecurityException: Cannot override a change on a non-debuggable app and user build.
01-11 07:27:02.201 I/thunderperf( 1487): CompatConfig.addOverrideUnsafe: aft-state=1
01-11 07:27:02.202 I/thunderperf( 1487): CompatConfig.addOverrideUnsafe: bef-state=1
01-11 07:27:02.202 E/thunderperf( 1487): CompatConfig.addOverrideUnsafe: exception:java.lang.SecurityException: Cannot override a change on a non-debuggable app and user build.
01-11 07:27:02.202 I/thunderperf( 1487): CompatConfig.addOverrideUnsafe: aft-state=1
01-11 07:27:02.203 I/thunderperf( 1487): CompatConfig.addOverrideUnsafe: bef-state=1
01-11 07:27:02.203 E/thunderperf( 1487): CompatConfig.addOverrideUnsafe: exception:java.lang.SecurityException: Cannot override a change on a non-debuggable app and user build.
01-11 07:27:02.203 I/thunderperf( 1487): CompatConfig.addOverrideUnsafe: aft-state=1
01-11 07:27:02.204 I/thunderperf( 1487): CompatConfig.addOverrideUnsafe: bef-state=1
01-11 07:27:02.204 E/thunderperf( 1487): CompatConfig.addOverrideUnsafe: exception:java.lang.SecurityException: Cannot override a change on a non-debuggable app and user build.
01-11 07:27:02.204 I/thunderperf( 1487): CompatConfig.addOverrideUnsafe: aft-state=1
01-11 07:27:02.204 I/thunderperf( 1487): CompatConfig.addOverrideUnsafe: bef-state=1
01-11 07:27:02.205 E/thunderperf( 1487): CompatConfig.addOverrideUnsafe: exception:java.lang.SecurityException: Cannot override a change on a non-debuggable app and user build.
01-11 07:27:02.205 I/thunderperf( 1487): CompatConfig.addOverrideUnsafe: aft-state=1
01-11 07:27:02.205 I/thunderperf( 1487): CompatConfig.addOverrideUnsafe: bef-state=1
01-11 07:27:02.206 E/thunderperf( 1487): CompatConfig.addOverrideUnsafe: exception:java.lang.SecurityException: Cannot override a change on a non-debuggable app and user build.
01-11 07:27:02.206 I/thunderperf( 1487): CompatConfig.addOverrideUnsafe: aft-state=1
01-11 07:27:02.206 I/thunderperf( 1487): CompatConfig.addOverrideUnsafe: bef-state=1
01-11 07:27:02.206 E/thunderperf( 1487): CompatConfig.addOverrideUnsafe: exception:java.lang.SecurityException: Cannot override a change on a non-debuggable app and user build.
01-11 07:27:02.206 I/thunderperf( 1487): CompatConfig.addOverrideUnsafe: aft-state=1
01-11 07:27:02.213 I/ActivityTaskManager( 1487): START u0 {act=android.intent.action.MAIN cat=[android.intent.category.LAUNCHER] flg=0x10200000 cmp=com.android.settings/.Settings bnds=[2128,710][2314,910]} from uid 10071
01-11 07:27:02.214 I/wm_task_moved( 1487): [80,1,6]
01-11 07:27:02.214 I/wm_task_to_front( 1487): [0,80]
01-11 07:27:02.215 I/wm_focused_root_task( 1487): [0,0,80,1,bringingFoundTaskToFront]
01-11 07:27:02.216 I/wm_set_resumed_activity( 1487): [0,com.android.settings/.Settings,bringingFoundTaskToFront]
01-11 07:27:02.216 I/wm_new_intent( 1487): [0,112333459,80,com.android.settings/.Settings,android.intent.action.MAIN,NULL,NULL,270532608]
01-11 07:27:02.218 I/wm_pause_activity( 1487): [0,50041834,com.android.launcher3/.uioverrides.QuickstepLauncher,userLeaving=true,pauseBackTasks]
01-11 07:27:02.224 I/wm_on_top_resumed_lost_called( 2583): [50041834,com.android.launcher3.uioverrides.QuickstepLauncher,topStateChangedWhenResumed]
01-11 07:27:02.228 I/wm_on_paused_called( 2583): [50041834,com.android.launcher3.uioverrides.QuickstepLauncher,performPause]
01-11 07:27:02.229 I/ActivityTaskManager( 1487): FOREGROUND_APPLICATION_CHANGED to com.android.settings.homepage.SettingsHomepageActivity
