01-11 07:27:56.852 W/FreeFormWindowHelper( 1487): Current Display FreeFormTask is null
01-11 07:27:56.857 I/sysui_multi_action( 1487): [319,9,322,62,325,12487,757,761,758,9,759,5,806,com.android.launcher3,871,com.android.launcher3.uioverrides.QuickstepLauncher,904,com.android.launcher3,905,0,1320,8,1321,5]
01-11 07:27:56.861 W/FreeFormWindowHelper( 1487): Current Display FreeFormTask is null
01-11 07:27:56.878 W/FreeFormWindowHelper( 1487): Current Display FreeFormTask is null
01-11 07:27:56.995 W/FreeFormWindowHelper( 1487): Current Display FreeFormTask is null
01-11 07:27:57.023 I/commit_sys_config_file( 1487): [settings-1-0,4]
01-11 07:27:57.139 I/auditd ( 0): type=1400 audit(0.0:14062): avc: denied { kill } for comm="swapper/3" capability=5 scontext=u:r:kernel:s0 tcontext=u:r:kernel:s0 tclass=capability permissive=0
01-11 07:27:57.153 I/sysui_latency( 1487): [8,69]
01-01 11:28:10.529 I/ ( 0): read descriptors
01-01 11:28:10.529 I/ ( 0): read strings
01-11 07:27:58.114 W/FreeFormWindowHelper( 1487): Current Display FreeFormTask is null
01-11 07:27:58.121 I/wm_task_moved( 1487): [83,1,12]
01-11 07:27:58.122 I/wm_task_moved( 1487): [84,1,2147483647]
01-11 07:27:58.122 I/wm_task_to_front( 1487): [0,84]
01-11 07:27:58.122 I/wm_focused_root_task( 1487): [0,0,83,87,RecentsAnimation.onAnimationFinished()]
01-11 07:27:58.122 I/wm_on_top_resumed_lost_called(23992): [35450703,com.android.calendar.AllInOneActivity,topStateChangedWhenResumed]
01-11 07:27:58.122 I/wm_set_resumed_activity( 1487): [0,com.android.launcher3/.uioverrides.QuickstepLauncher,RecentsAnimation.onAnimationFinished()]
01-11 07:27:58.123 I/wm_pause_activity( 1487): [0,35450703,com.android.calendar/.AllInOneActivity,userLeaving=true,pauseBackTasks]
01-11 07:27:58.124 I/wm_add_to_stopping( 1487): [0,35450703,com.android.calendar/.AllInOneActivity,makeInvisible]
01-11 07:27:58.125 I/ActivityTaskManager( 1487): FOREGROUND_APPLICATION_CHANGED to com.android.launcher3.uioverrides.QuickstepLauncher
01-11 07:27:58.125 I/wm_set_resumed_activity( 1487): [0,com.android.launcher3/.uioverrides.QuickstepLauncher,resumeTopActivityInnerLocked]
01-11 07:27:58.127 I/wm_resume_activity( 1487): [0,124244050,84,com.android.launcher3/.uioverrides.QuickstepLauncher]
01-11 07:27:58.128 I/wm_on_resume_called(24595): [124244050,com.android.launcher3.uioverrides.QuickstepLauncher,RESUME_ACTIVITY]
01-11 07:27:58.136 I/input_focus( 1487): [Focus request 84fe8a0 com.android.launcher3/com.android.launcher3.uioverrides.QuickstepLauncher,reason=UpdateInputWindows]
01-11 07:27:58.137 I/wm_on_top_resumed_gained_called(24595): [124244050,com.android.launcher3.uioverrides.QuickstepLauncher,topStateChangedWhenResumed]
01-11 07:27:58.140 I/wm_stop_activity( 1487): [0,35450703,com.android.calendar/.AllInOneActivity]
01-11 07:27:58.140 I/sysui_multi_action( 1487): [757,803,799,window_time_0,802,3]
01-11 07:27:58.141 I/wm_on_paused_called(23992): [35450703,com.android.calendar.AllInOneActivity,performPause]
01-11 07:27:58.143 I/wm_on_stop_called(23992): [35450703,com.android.calendar.AllInOneActivity,STOP_ACTIVITY_ITEM]
01-11 07:27:58.145 I/sysui_multi_action( 1487): [757,803,799,window_time_0,802,0]
01-11 07:27:58.150 I/input_focus( 1487): [Focus leaving recents_animation_input_consumer (server),reason=NOT_VISIBLE]
01-11 07:27:58.150 I/input_focus( 1487): [Focus entering 84fe8a0 com.android.launcher3/com.android.launcher3.uioverrides.QuickstepLauncher (server),reason=setFocusedWindow]
01-11 07:27:58.167 W/ContextImpl(19692): Calling a method in the system process without a qualified user: android.app.ContextImpl.startService:1816 android.content.ContextWrapper.startService:774 com.thundercomm.gamemode.ingame.services.GameModeActionUtils.startGameModeService:111 com.thundercomm.gamemode.ingame.services.GameModeActionUtils.startGameModeEntry:22 com.thundercomm.gamemode.ingame.services.ActivityMonitoringService$1.onActivityLaunch:129
01-11 07:27:58.170 I/GameModeConfig( 1487): Current uri is uri = content://com.thundercomm.gamemode.api/gamemode_settings/gamemode_isgaming
01-11 07:27:58.172 I/GameModeConfig( 1487): isGameModeOn = false
01-11 07:27:58.172 I/GameModeConfig( 1487): isGameModeOn = false
01-11 07:27:58.172 I/GameModeConfig( 1487): isDisableVoice = true
01-11 07:27:58.240 W/FreeFormWindowHelper( 1487): Current Display FreeFormTask is null
01-11 07:27:58.240 W/FreeFormWindowHelper( 1487): Current Display FreeFormTask is null
01-11 07:27:58.240 W/FreeFormWindowHelper( 1487): Current Display FreeFormTask is null
01-11 07:27:58.249 W/ContextImpl(19692): Calling a method in the system process without a qualified user: android.app.ContextImpl.startService:1816 android.content.ContextWrapper.startService:774 com.thundercomm.gamemode.ingame.services.GameModeActionUtils.startGameModeService:111 com.thundercomm.gamemode.ingame.services.GameModeActionUtils.startGameModeEntry:22 com.thundercomm.gamemode.ingame.services.ActivityMonitoringService$1.onActivityLaunch:129
01-11 07:27:58.254 I/GameModeConfig( 1487): Current uri is uri = content://com.thundercomm.gamemode.api/gamemode_settings/gamemode_isgaming
01-11 07:27:58.255 I/GameModeConfig( 1487): isGameModeOn = false
01-11 07:27:58.256 I/GameModeConfig( 1487): isGameModeOn = false
01-11 07:27:58.256 I/GameModeConfig( 1487): isDisableVoice = true
01-01 11:28:11.545 I/ ( 0): read descriptors
01-01 11:28:11.545 I/ ( 0): read strings
01-01 11:28:12.041 I/binder ( 0): 1487:1698 ioctl 400c620e 7808a775d8 returned -22
01-01 11:28:12.043 I/binder ( 0): 1487:1698 ioctl c00c620f 7808a775b8 returned -22
01-01 11:28:12.044 I/binder ( 0): 1487:1698 ioctl 400c620e 7808a775d8 returned -22
01-11 07:27:58.921 D/ActivityManager( 1487): freezing 22578 com.microsoft.emmx
01-11 07:27:58.922 E/ActivityManager( 1487): Unable to freeze binder for 22578 com.microsoft.emmx
01-11 07:27:58.923 D/ActivityManager( 1487): froze 22578 com.microsoft.emmx
01-11 07:27:58.923 I/am_freeze( 1487): [22578,com.microsoft.emmx]
01-11 07:27:58.924 E/ActivityManager( 1487): Unable to freeze binder for 22578 com.microsoft.emmx
01-11 07:27:58.925 D/ActivityManager( 1487): freezing 22670 com.microsoft.emmx:sandboxed_process0:org.chromium.content.app.SandboxedProcessService0:0
01-11 07:27:58.925 E/ActivityManager( 1487): Unable to freeze binder for 22670 com.microsoft.emmx:sandboxed_process0:org.chromium.content.app.SandboxedProcessService0:0
01-11 07:27:58.926 D/ActivityManager( 1487): froze 22670 com.microsoft.emmx:sandboxed_process0:org.chromium.content.app.SandboxedProcessService0:0
01-11 07:27:58.926 I/am_freeze( 1487): [22670,com.microsoft.emmx:sandboxed_process0:org.chromium.content.app.SandboxedProcessService0:0]
01-11 07:27:58.926 E/ActivityManager( 1487): Unable to freeze binder for 22670 com.microsoft.emmx:sandboxed_process0:org.chromium.content.app.SandboxedProcessService0:0
01-11 07:27:58.927 I/ActivityManager( 1487): Killing 22578:com.microsoft.emmx/u0a32 (adj 935): Unable to freeze binder interface
01-11 07:27:58.928 I/am_kill ( 1487): [0,22578,com.microsoft.emmx,935,Unable to freeze binder interface]
01-01 11:28:12.046 I/binder ( 0): 1487:1698 ioctl c00c620f 7808a775b8 returned -22
01-11 07:27:58.929 I/ActivityManager( 1487): Killing 22670:com.microsoft.emmx:sandboxed_process0:org.chromium.content.app.SandboxedProcessService0:0/u0a32i-9000 (adj 905): Unable to freeze binder interface
01-11 07:27:58.930 I/am_kill ( 1487): [0,22670,com.microsoft.emmx:sandboxed_process0:org.chromium.content.app.SandboxedProcessService0:0,905,Unable to freeze binder interface]
01-11 07:27:58.959 I/am_proc_died( 1487): [0,22670,com.microsoft.emmx:sandboxed_process0:org.chromium.content.app.SandboxedProcessService0:0,905,19]
01-11 07:27:58.960 W/ActivityManager( 1487): Scheduling restart of crashed service com.microsoft.emmx/org.chromium.content.app.SandboxedProcessService0:0 in 1000ms for connection
01-11 07:27:58.960 I/am_schedule_service_restart( 1487): [0,com.microsoft.emmx/org.chromium.content.app.SandboxedProcessService0:0,1000]
01-11 07:27:58.960 I/am_uid_stopped( 1487): 90000
01-11 07:27:58.973 E/KernelCpuSpeedReader( 1487): Failed to read cpu-freq: /sys/devices/system/cpu/cpu4/cpufreq/stats/time_in_state: open failed: ENOENT (No such file or directory)
01-11 07:27:58.973 E/KernelCpuSpeedReader( 1487): Failed to read cpu-freq: /sys/devices/system/cpu/cpu0/cpufreq/stats/time_in_state: open failed: ENOENT (No such file or directory)
01-11 07:27:58.981 I/am_proc_died( 1487): [0,22578,com.microsoft.emmx,935,19]
01-11 07:27:58.982 I/am_uid_stopped( 1487): 10032
01-11 07:27:58.983 W/ActivityManager( 1487): setHasOverlayUi called on unknown pid: 22578
01-11 07:27:59.062 E/TaskPersister( 1487): File error accessing recents directory (directory doesn't exist?).
01-11 07:27:59.139 I/auditd ( 0): type=1400 audit(0.0:14063): avc: denied { kill } for comm="swapper/3" capability=5 scontext=u:r:kernel:s0 tcontext=u:r:kernel:s0 tclass=capability permissive=0
01-11 07:27:59.297 I/input_interaction( 1487): Interaction with: 84fe8a0 com.android.launcher3/com.android.launcher3.uioverrides.QuickstepLauncher (server), c9f455c com.android.systemui.ImageWallpaper (server), edge-swipe (server), swipe-up (server), PointerEventDispatcher0 (server),
01-01 11:28:12.561 I/ ( 0): read descriptors
01-01 11:28:12.561 I/ ( 0): read strings
01-11 07:27:59.616 I/commit_sys_config_file( 1487): [settings-1-0,4]
01-11 07:28:00.143 I/auditd ( 0): type=1400 audit(0.0:14064): avc: denied { kill } for comm="swapper/3" capability=5 scontext=u:r:kernel:s0 tcontext=u:r:kernel:s0 tclass=capability permissive=0
01-01 11:28:13.573 I/ ( 0): read descriptors
01-01 11:28:13.573 I/ ( 0): read strings
01-11 07:28:01.094 I/thunderperf( 1487): PlatormCompat.setOverrides: Uid1=10071 Pid1=24595 Uid2=10071 Pid2=24595
01-11 07:28:01.094 I/thunderperf( 1487): PlatormCompat.setOverrides: needCheck:false
01-11 07:28:01.095 I/thunderperf( 1487): CompatConfig.addOverrideUnsafe: bef-state=1
01-11 07:28:01.095 E/thunderperf( 1487): CompatConfig.addOverrideUnsafe: exception:java.lang.SecurityException: Cannot override a change on a non-debuggable app and user build.
01-11 07:28:01.095 I/thunderperf( 1487): CompatConfig.addOverrideUnsafe: aft-state=1
01-11 07:28:01.096 I/thunderperf( 1487): CompatConfig.addOverrideUnsafe: bef-state=1
01-11 07:28:01.096 E/thunderperf( 1487): CompatConfig.addOverrideUnsafe: exception:java.lang.SecurityException: Cannot override a change on a non-debuggable app and user build.
01-11 07:28:01.096 I/thunderperf( 1487): CompatConfig.addOverrideUnsafe: aft-state=1
01-11 07:28:01.097 I/thunderperf( 1487): CompatConfig.addOverrideUnsafe: bef-state=1
01-11 07:28:01.097 E/thunderperf( 1487): CompatConfig.addOverrideUnsafe: exception:java.lang.SecurityException: Cannot override a change on a non-debuggable app and user build.
01-11 07:28:01.097 I/thunderperf( 1487): CompatConfig.addOverrideUnsafe: aft-state=1
01-11 07:28:01.097 I/thunderperf( 1487): CompatConfig.addOverrideUnsafe: bef-state=1
01-11 07:28:01.098 E/thunderperf( 1487): CompatConfig.addOverrideUnsafe: exception:java.lang.SecurityException: Cannot override a change on a non-debuggable app and user build.
01-11 07:28:01.098 I/thunderperf( 1487): CompatConfig.addOverrideUnsafe: aft-state=1
01-11 07:28:01.098 I/thunderperf( 1487): CompatConfig.addOverrideUnsafe: bef-state=1
01-11 07:28:01.098 E/thunderperf( 1487): CompatConfig.addOverrideUnsafe: exception:java.lang.SecurityException: Cannot override a change on a non-debuggable app and user build.
01-11 07:28:01.098 I/thunderperf( 1487): CompatConfig.addOverrideUnsafe: aft-state=1
01-11 07:28:01.099 I/thunderperf( 1487): CompatConfig.addOverrideUnsafe: bef-state=1
01-11 07:28:01.099 E/thunderperf( 1487): CompatConfig.addOverrideUnsafe: exception:java.lang.SecurityException: Cannot override a change on a non-debuggable app and user build.
01-11 07:28:01.099 I/thunderperf( 1487): CompatConfig.addOverrideUnsafe: aft-state=1
01-11 07:28:01.099 I/thunderperf( 1487): CompatConfig.addOverrideUnsafe: bef-state=1
01-11 07:28:01.099 E/thunderperf( 1487): CompatConfig.addOverrideUnsafe: exception:java.lang.SecurityException: Cannot override a change on a non-debuggable app and user build.
01-11 07:28:01.099 I/thunderperf( 1487): CompatConfig.addOverrideUnsafe: aft-state=1
01-11 07:28:01.100 I/thunderperf( 1487): CompatConfig.addOverrideUnsafe: bef-state=1
01-11 07:28:01.100 E/thunderperf( 1487): CompatConfig.addOverrideUnsafe: exception:java.lang.SecurityException: Cannot override a change on a non-debuggable app and user build.
01-11 07:28:01.100 I/thunderperf( 1487): CompatConfig.addOverrideUnsafe: aft-state=1
01-11 07:28:01.100 I/thunderperf( 1487): CompatConfig.addOverrideUnsafe: bef-state=1
01-11 07:28:01.101 E/thunderperf( 1487): CompatConfig.addOverrideUnsafe: exception:java.lang.SecurityException: Cannot override a change on a non-debuggable app and user build.
01-11 07:28:01.101 I/thunderperf( 1487): CompatConfig.addOverrideUnsafe: aft-state=1
01-11 07:28:01.101 I/thunderperf( 1487): CompatConfig.addOverrideUnsafe: bef-state=1
01-11 07:28:01.101 E/thunderperf( 1487): CompatConfig.addOverrideUnsafe: exception:java.lang.SecurityException: Cannot override a change on a non-debuggable app and user build.
01-11 07:28:01.101 I/thunderperf( 1487): CompatConfig.addOverrideUnsafe: aft-state=1
01-11 07:28:01.102 I/thunderperf( 1487): CompatConfig.addOverrideUnsafe: bef-state=1
01-11 07:28:01.102 E/thunderperf( 1487): CompatConfig.addOverrideUnsafe: exception:java.lang.SecurityException: Cannot override a change on a non-debuggable app and user build.
01-11 07:28:01.102 I/thunderperf( 1487): CompatConfig.addOverrideUnsafe: aft-state=1
01-11 07:28:01.102 I/thunderperf( 1487): CompatConfig.addOverrideUnsafe: bef-state=1
01-11 07:28:01.102 E/thunderperf( 1487): CompatConfig.addOverrideUnsafe: exception:java.lang.SecurityException: Cannot override a change on a non-debuggable app and user build.
01-11 07:28:01.102 I/thunderperf( 1487): CompatConfig.addOverrideUnsafe: aft-state=1
01-11 07:28:01.103 I/thunderperf( 1487): CompatConfig.addOverrideUnsafe: bef-state=1
01-11 07:28:01.103 E/thunderperf( 1487): CompatConfig.addOverrideUnsafe: exception:java.lang.SecurityException: Cannot override a change on a non-debuggable app and user build.
01-11 07:28:01.103 I/thunderperf( 1487): CompatConfig.addOverrideUnsafe: aft-state=1
01-11 07:28:01.104 I/thunderperf( 1487): CompatConfig.addOverrideUnsafe: bef-state=1
01-11 07:28:01.104 E/thunderperf( 1487): CompatConfig.addOverrideUnsafe: exception:java.lang.SecurityException: Cannot override a change on a non-debuggable app and user build.
01-11 07:28:01.104 I/thunderperf( 1487): CompatConfig.addOverrideUnsafe: aft-state=1
01-11 07:28:01.109 I/ActivityTaskManager( 1487): START u0 {act=android.intent.action.MAIN cat=[android.intent.category.LAUNCHER] flg=0x10200000 cmp=com.android.deskclock/.DeskClock bnds=[590,252][890,550]} from uid 10071
01-11 07:28:01.110 I/wm_task_moved( 1487): [86,1,12]
01-11 07:28:01.110 I/wm_task_to_front( 1487): [0,86]
01-11 07:28:01.111 I/wm_focused_root_task( 1487): [0,0,86,83,bringingFoundTaskToFront]
01-11 07:28:01.112 I/wm_set_resumed_activity( 1487): [0,com.android.deskclock/.DeskClock,bringingFoundTaskToFront]
01-11 07:28:01.112 I/wm_new_intent( 1487): [0,73309397,86,com.android.deskclock/.DeskClock,android.intent.action.MAIN,NULL,NULL,270532608]
01-11 07:28:01.114 I/wm_pause_activity( 1487): [0,124244050,com.android.launcher3/.uioverrides.QuickstepLauncher,userLeaving=true,pauseBackTasks]
01-11 07:28:01.118 I/wm_on_top_resumed_lost_called(24595): [124244050,com.android.launcher3.uioverrides.QuickstepLauncher,topStateChangedWhenResumed]
01-11 07:28:01.123 I/wm_on_paused_called(24595): [124244050,com.android.launcher3.uioverrides.QuickstepLauncher,performPause]
01-11 07:28:01.125 I/ActivityTaskManager( 1487): FOREGROUND_APPLICATION_CHANGED to com.android.deskclock.DeskClock
01-11 07:28:01.126 I/wm_set_resumed_activity( 1487): [0,com.android.deskclock/.DeskClock,resumeTopActivityInnerLocked]
01-11 07:28:01.126 I/wm_add_to_stopping( 1487): [0,124244050,com.android.launcher3/.uioverrides.QuickstepLauncher,makeInvisible]
01-11 07:28:01.129 I/wm_resume_activity( 1487): [0,73309397,86,com.android.deskclock/.DeskClock]
01-11 07:28:01.146 I/input_focus( 1487): [Focus leaving 84fe8a0 com.android.launcher3/com.android.launcher3.uioverrides.QuickstepLauncher (server),reason=NO_WINDOW]
01-11 07:28:01.146 I/sysui_multi_action( 1487): [757,803,799,window_time_0,802,3]
01-11 07:28:01.148 I/wm_on_restart_called(23991): [73309397,com.android.deskclock.DeskClock,performRestartActivity]
01-11 07:28:01.151 I/wm_on_start_called(23991): [73309397,com.android.deskclock.DeskClock,handleStartActivity]
01-11 07:28:01.151 I/wm_on_resume_called(23991): [73309397,com.android.deskclock.DeskClock,RESUME_ACTIVITY]
01-11 07:28:01.154 I/wm_on_top_resumed_gained_called(23991): [73309397,com.android.deskclock.DeskClock,topWhenResuming]
01-11 07:28:01.160 I/input_focus( 1487): [Focus request 6506da8 com.android.deskclock/com.android.deskclock.DeskClock,reason=UpdateInputWindows]
01-11 07:28:01.160 W/ContextImpl(19692): Calling a method in the system process without a qualified user: android.app.ContextImpl.startService:1816 android.content.ContextWrapper.startService:774 com.thundercomm.gamemode.ingame.services.GameModeActionUtils.startGameModeService:111 com.thundercomm.gamemode.ingame.services.GameModeActionUtils.startGameModeEntry:22 com.thundercomm.gamemode.ingame.services.ActivityMonitoringService$1.onActivityLaunch:129
01-11 07:28:01.164 I/GameModeConfig( 1487): Current uri is uri = content://com.thundercomm.gamemode.api/gamemode_settings/gamemode_isgaming
01-11 07:28:01.174 I/sysui_multi_action( 1487): [319,34,321,28,322,62,325,12491,757,761,758,9,759,4,806,com.android.deskclock,871,com.android.deskclock.DeskClock,904,com.android.launcher3,905,0,1320,17,1321,1]
01-11 07:28:01.176 I/GameModeConfig( 1487): isGameModeOn = false
01-11 07:28:01.176 I/GameModeConfig( 1487): isGameModeOn = false
01-11 07:28:01.176 I/GameModeConfig( 1487): isDisableVoice = true
01-11 07:28:01.189 I/input_focus( 1487): [Focus entering 6506da8 com.android.deskclock/com.android.deskclock.DeskClock (server),reason=Window became focusable. Previous reason: NOT_VISIBLE]
01-11 07:28:01.232 W/FreeFormWindowHelper( 1487): Current Display FreeFormTask is null
01-11 07:28:01.232 W/FreeFormWindowHelper( 1487): Current Display FreeFormTask is null
01-11 07:28:01.232 W/FreeFormWindowHelper( 1487): Current Display FreeFormTask is null
01-11 07:28:01.236 W/ContextImpl(19692): Calling a method in the system process without a qualified user: android.app.ContextImpl.startService:1816 android.content.ContextWrapper.startService:774 com.thundercomm.gamemode.ingame.services.GameModeActionUtils.startGameModeService:111 com.thundercomm.gamemode.ingame.services.GameModeActionUtils.startGameModeEntry:22 com.thundercomm.gamemode.ingame.services.ActivityMonitoringService$1.onActivityLaunch:129
01-11 07:28:01.240 I/GameModeConfig( 1487): Current uri is uri = content://com.thundercomm.gamemode.api/gamemode_settings/gamemode_isgaming
01-11 07:28:01.241 I/GameModeConfig( 1487): isGameModeOn = false
01-11 07:28:01.241 I/GameModeConfig( 1487): isGameModeOn = false
01-11 07:28:01.241 I/GameModeConfig( 1487): isDisableVoice = true
01-01 11:28:14.593 I/ ( 0): read descriptors
01-01 11:28:14.593 I/ ( 0): read strings
01-11 07:28:01.678 I/wm_stop_activity( 1487): [0,124244050,com.android.launcher3/.uioverrides.QuickstepLauncher]
01-11 07:28:01.699 I/wm_on_stop_called(24595): [124244050,com.android.launcher3.uioverrides.QuickstepLauncher,STOP_ACTIVITY_ITEM]
01-11 07:28:01.721 W/ContextImpl(19692): Calling a method in the system process without a qualified user: android.app.ContextImpl.startService:1816 android.content.ContextWrapper.startService:774 com.thundercomm.gamemode.ingame.services.GameModeActionUtils.startGameModeService:111 com.thundercomm.gamemode.ingame.services.GameModeActionUtils.startGameModeEntry:22 com.thundercomm.gamemode.ingame.services.ActivityMonitoringService$1.onActivityLaunch:129
01-11 07:28:01.726 I/GameModeConfig( 1487): Current uri is uri = content://com.thundercomm.gamemode.api/gamemode_settings/gamemode_isgaming
01-11 07:28:01.728 I/GameModeConfig( 1487): isGameModeOn = false
01-11 07:28:01.728 I/GameModeConfig( 1487): isGameModeOn = false
01-11 07:28:01.728 I/GameModeConfig( 1487): isDisableVoice = true
01-11 07:28:01.887 I/input_interaction( 1487): Interaction with: 6506da8 com.android.deskclock/com.android.deskclock.DeskClock (server), edge-swipe (server), swipe-up (server), PointerEventDispatcher0 (server),
01-11 07:28:01.927 I/input_interaction( 1487): Interaction with: 6506da8 com.android.deskclock/com.android.deskclock.DeskClock (server), 52e4d57 StatusBar (server), edge-swipe (server), swipe-up (server), PointerEventDispatcher0 (server),
01-11 07:28:01.931 I/sysui_multi_action( 2006): [757,803,799,panel_open,802,1]
01-11 07:28:01.932 I/sysui_multi_action( 2006): [757,1328,758,4,1326,33,1327,6,1329,0]
01-11 07:28:01.945 W/FreeFormWindowHelper( 1487): Current Display FreeFormTask is null
01-11 07:28:01.945 W/FreeFormWindowHelper( 1487): Current Display FreeFormTask is null
01-11 07:28:01.945 W/FreeFormWindowHelper( 1487): Current Display FreeFormTask is null
01-11 07:28:01.945 W/FreeFormWindowHelper( 1487): Current Display FreeFormTask is null
01-11 07:28:01.945 W/FreeFormWindowHelper( 1487): Current Display FreeFormTask is null
01-11 07:28:01.945 W/FreeFormWindowHelper( 1487): Current Display FreeFormTask is null
01-11 07:28:01.945 W/FreeFormWindowHelper( 1487): Current Display FreeFormTask is null
01-11 07:28:01.949 I/wm_task_moved( 1487): [83,0,0]
01-11 07:28:01.949 I/wm_task_moved( 1487): [83,0,11]
01-11 07:28:01.957 I/wm_on_restart_called(24595): [124244050,com.android.launcher3.uioverrides.QuickstepLauncher,performRestartActivity]
01-11 07:28:01.967 W/FreeFormWindowHelper( 1487): Current Display FreeFormTask is null
01-11 07:28:01.973 W/ContextImpl(19692): Calling a method in the system process without a qualified user: android.app.ContextImpl.startService:1816 android.content.ContextWrapper.startService:774 com.thundercomm.gamemode.ingame.services.GameModeActionUtils.startGameModeService:111 com.thundercomm.gamemode.ingame.services.GameModeActionUtils.startGameModeEntry:22 com.thundercomm.gamemode.ingame.services.ActivityMonitoringService$1.onActivityLaunch:129
01-11 07:28:01.976 I/GameModeConfig( 1487): Current uri is uri = content://com.thundercomm.gamemode.api/gamemode_settings/gamemode_isgaming
01-11 07:28:01.977 I/GameModeConfig( 1487): isGameModeOn = false
01-11 07:28:01.979 I/GameModeConfig( 1487): isGameModeOn = false
01-11 07:28:01.979 I/GameModeConfig( 1487): isDisableVoice = true
01-11 07:28:01.986 I/wm_on_start_called(24595): [124244050,com.android.launcher3.uioverrides.QuickstepLauncher,handleStartActivity]
01-11 07:28:01.992 W/FreeFormWindowHelper( 1487): Current Display FreeFormTask is null
01-11 07:28:02.000 I/view_enqueue_input_event(23991): [Motion - Cancel,com.android.deskclock/com.android.deskclock.DeskClock]
01-11 07:28:02.001 I/view_enqueue_input_event( 2006): [Motion - Cancel,StatusBar]
01-11 07:28:02.002 I/sysui_latency(24595): [1,54]
01-11 07:28:02.004 I/sysui_multi_action( 1487): [319,10,322,50,325,12492,757,761,758,9,759,5,806,com.android.launcher3,871,com.android.launcher3.uioverrides.QuickstepLauncher,904,com.android.launcher3,905,0,1320,8,1321,5]
01-11 07:28:02.004 I/input_focus( 1487): [Focus request recents_animation_input_consumer,reason=UpdateInputWindows]
01-11 07:28:02.008 I/input_focus( 1487): [Focus leaving 6506da8 com.android.deskclock/com.android.deskclock.DeskClock (server),reason=NOT_FOCUSABLE]
01-11 07:28:02.008 I/input_focus( 1487): [Focus entering recents_animation_input_consumer (server),reason=setFocusedWindow]
01-11 07:28:02.010 I/input_interaction( 1487): Interaction with: edge-swipe (server), swipe-up (server), PointerEventDispatcher0 (server),
01-11 07:28:02.011 W/FreeFormWindowHelper( 1487): Current Display FreeFormTask is null
01-11 07:28:02.011 W/FreeFormWindowHelper( 1487): Current Display FreeFormTask is null
01-11 07:28:02.030 W/FreeFormWindowHelper( 1487): Current Display FreeFormTask is null
01-11 07:28:02.049 W/FreeFormWindowHelper( 1487): Current Display FreeFormTask is null
01-11 07:28:02.140 W/FreeFormWindowHelper( 1487): Current Display FreeFormTask is null
01-11 07:28:02.163 I/commit_sys_config_file( 1487): [settings-1-0,4]
01-11 07:28:02.300 I/sysui_latency( 1487): [8,56]
01-01 11:28:15.621 I/ ( 0): read descriptors
01-01 11:28:15.621 I/ ( 0): read strings
01-11 07:28:03.139 I/auditd ( 0): type=1400 audit(0.0:14065): avc: denied { kill } for comm="swapper/2" capability=5 scontext=u:r:kernel:s0 tcontext=u:r:kernel:s0 tclass=capability permissive=0
01-11 07:28:03.243 W/FreeFormWindowHelper( 1487): Current Display FreeFormTask is null
01-11 07:28:03.248 I/wm_task_moved( 1487): [83,1,12]
01-11 07:28:03.250 I/wm_task_moved( 1487): [84,1,2147483647]
01-11 07:28:03.250 I/wm_task_to_front( 1487): [0,84]
01-11 07:28:03.251 I/wm_focused_root_task( 1487): [0,0,83,86,RecentsAnimation.onAnimationFinished()]
01-11 07:28:03.251 I/wm_on_top_resumed_lost_called(23991): [73309397,com.android.deskclock.DeskClock,topStateChangedWhenResumed]
01-11 07:28:03.251 I/wm_set_resumed_activity( 1487): [0,com.android.launcher3/.uioverrides.QuickstepLauncher,RecentsAnimation.onAnimationFinished()]
01-11 07:28:03.252 I/wm_pause_activity( 1487): [0,73309397,com.android.deskclock/.DeskClock,userLeaving=true,pauseBackTasks]
01-11 07:28:03.253 I/wm_add_to_stopping( 1487): [0,73309397,com.android.deskclock/.DeskClock,makeInvisible]
01-11 07:28:03.253 I/ActivityTaskManager( 1487): FOREGROUND_APPLICATION_CHANGED to com.android.launcher3.uioverrides.QuickstepLauncher
01-11 07:28:03.254 I/wm_set_resumed_activity( 1487): [0,com.android.launcher3/.uioverrides.QuickstepLauncher,resumeTopActivityInnerLocked]
01-11 07:28:03.256 I/wm_resume_activity( 1487): [0,124244050,84,com.android.launcher3/.uioverrides.QuickstepLauncher]
01-11 07:28:03.257 I/wm_on_resume_called(24595): [124244050,com.android.launcher3.uioverrides.QuickstepLauncher,RESUME_ACTIVITY]
01-11 07:28:03.264 I/input_focus( 1487): [Focus request 84fe8a0 com.android.launcher3/com.android.launcher3.uioverrides.QuickstepLauncher,reason=UpdateInputWindows]
01-11 07:28:03.267 I/wm_stop_activity( 1487): [0,73309397,com.android.deskclock/.DeskClock]
01-11 07:28:03.267 I/sysui_multi_action( 1487): [757,803,799,window_time_0,802,2]
01-11 07:28:03.273 I/wm_on_top_resumed_gained_called(24595): [124244050,com.android.launcher3.uioverrides.QuickstepLauncher,topStateChangedWhenResumed]
01-11 07:28:03.274 I/am_uid_running( 1487): 10032
01-11 07:28:03.274 D/CompatibilityChangeReporter( 1487): Compat change id reported: 135634846; UID 10032; state: DISABLED
01-11 07:28:03.274 D/CompatibilityChangeReporter( 1487): Compat change id reported: 177438394; UID 10032; state: DISABLED
01-11 07:28:03.274 D/CompatibilityChangeReporter( 1487): Compat change id reported: 135772972; UID 10032; state: DISABLED
01-11 07:28:03.274 D/CompatibilityChangeReporter( 1487): Compat change id reported: 135754954; UID 10032; state: ENABLED
01-11 07:28:03.275 I/sysui_multi_action( 1487): [757,803,799,window_time_0,802,0]
01-11 07:28:03.275 D/CompatibilityChangeReporter( 1487): Compat change id reported: 143937733; UID 10032; state: ENABLED
01-11 07:28:03.275 I/wm_on_paused_called(23991): [73309397,com.android.deskclock.DeskClock,performPause]
01-11 07:28:03.278 I/input_focus( 1487): [Focus leaving recents_animation_input_consumer (server),reason=NOT_VISIBLE]
01-11 07:28:03.279 I/input_focus( 1487): [Focus entering 84fe8a0 com.android.launcher3/com.android.launcher3.uioverrides.QuickstepLauncher (server),reason=setFocusedWindow]
01-11 07:28:03.283 I/am_proc_start( 1487): [0,24923,10032,com.microsoft.emmx,NULL,]
01-11 07:28:03.283 I/ActivityManager( 1487): Start proc 24923:com.microsoft.emmx/u0a32 for null
01-11 07:28:03.286 I/wm_on_stop_called(23991): [73309397,com.android.deskclock.DeskClock,STOP_ACTIVITY_ITEM]
01-01 11:28:16.417 I/binder ( 0): 24923:24923 ioctl 40046210 7ffca76594 returned -22
01-11 07:28:03.300 I/am_proc_bound( 1487): [0,24923,com.microsoft.emmx]
01-11 07:28:03.301 D/CompatibilityChangeReporter( 1487): Compat change id reported: 168419799; UID 10032; state: DISABLED
01-11 07:28:03.317 W/ContextImpl(19692): Calling a method in the system process without a qualified user: android.app.ContextImpl.startService:1816 android.content.ContextWrapper.startService:774 com.thundercomm.gamemode.ingame.services.GameModeActionUtils.startGameModeService:111 com.thundercomm.gamemode.ingame.services.GameModeActionUtils.startGameModeEntry:22 com.thundercomm.gamemode.ingame.services.ActivityMonitoringService$1.onActivityLaunch:129
01-11 07:28:03.321 I/GameModeConfig( 1487): Current uri is uri = content://com.thundercomm.gamemode.api/gamemode_settings/gamemode_isgaming
01-11 07:28:03.324 I/GameModeConfig( 1487): isGameModeOn = false
01-11 07:28:03.324 I/GameModeConfig( 1487): isGameModeOn = false
01-11 07:28:03.324 I/GameModeConfig( 1487): isDisableVoice = true
01-11 07:28:03.368 W/FreeFormWindowHelper( 1487): Current Display FreeFormTask is null
01-11 07:28:03.368 W/FreeFormWindowHelper( 1487): Current Display FreeFormTask is null
01-11 07:28:03.368 W/FreeFormWindowHelper( 1487): Current Display FreeFormTask is null
01-11 07:28:03.374 W/ContextImpl(19692): Calling a method in the system process without a qualified user: android.app.ContextImpl.startService:1816 android.content.ContextWrapper.startService:774 com.thundercomm.gamemode.ingame.services.GameModeActionUtils.startGameModeService:111 com.thundercomm.gamemode.ingame.services.GameModeActionUtils.startGameModeEntry:22 com.thundercomm.gamemode.ingame.services.ActivityMonitoringService$1.onActivityLaunch:129
01-11 07:28:03.377 I/GameModeConfig( 1487): Current uri is uri = content://com.thundercomm.gamemode.api/gamemode_settings/gamemode_isgaming
01-11 07:28:03.378 I/GameModeConfig( 1487): isGameModeOn = false
01-11 07:28:03.378 I/GameModeConfig( 1487): isGameModeOn = false
01-11 07:28:03.378 I/GameModeConfig( 1487): isDisableVoice = true
01-01 11:28:16.641 I/ ( 0): read descriptors
01-01 11:28:16.641 I/ ( 0): read strings
01-11 07:28:03.959 I/auditd ( 1487): type=1400 audit(0.0:14066): avc: denied { getpgid } for comm="ActivityManager" scontext=u:r:system_server:s0 tcontext=u:r:app_zygote:s0:c512,c768 tclass=process permissive=0
01-11 07:28:03.959 I/auditd ( 1487): type=1400 audit(0.0:14067): avc: denied { getpgid } for comm="ActivityManager" scontext=u:r:system_server:s0 tcontext=u:r:app_zygote:s0:c512,c768 tclass=process permissive=0
01-11 07:28:03.963 I/auditd ( 1487): type=1400 audit(0.0:14068): avc: denied { getpgid } for comm="ActivityManager" scontext=u:r:system_server:s0 tcontext=u:r:app_zygote:s0:c512,c768 tclass=process permissive=0
01-11 07:28:03.963 I/auditd ( 1487): type=1400 audit(0.0:14069): avc: denied { getpgid } for comm="ActivityManager" scontext=u:r:system_server:s0 tcontext=u:r:app_zygote:s0:c512,c768 tclass=process permissive=0
01-11 07:28:03.971 I/auditd ( 1487): type=1400 audit(0.0:14070): avc: denied { getpgid } for comm="ActivityManager" scontext=u:r:system_server:s0 tcontext=u:r:app_zygote:s0:c512,c768 tclass=process permissive=0
01-11 07:28:03.971 I/auditd ( 1487): type=1400 audit(0.0:14071): avc: denied { getpgid } for comm="ActivityManager" scontext=u:r:system_server:s0 tcontext=u:r:app_zygote:s0:c512,c768 tclass=process permissive=0
01-11 07:28:04.135 E/TaskPersister( 1487): File error accessing recents directory (directory doesn't exist?).
01-11 07:28:04.139 I/auditd ( 0): type=1400 audit(0.0:14072): avc: denied { kill } for comm="swapper/2" capability=5 scontext=u:r:kernel:s0 tcontext=u:r:kernel:s0 tclass=capability permissive=0
01-11 07:28:04.444 I/input_interaction( 1487): Interaction with: 84fe8a0 com.android.launcher3/com.android.launcher3.uioverrides.QuickstepLauncher (server), c9f455c com.android.systemui.ImageWallpaper (server), edge-swipe (server), swipe-up (server), PointerEventDispatcher0 (server),
01-01 11:28:17.657 I/ ( 0): read descriptors
01-01 11:28:17.657 I/ ( 0): read strings
01-11 07:28:04.818 I/commit_sys_config_file( 1487): [settings-1-0,5]
01-11 07:28:05.139 I/auditd ( 0): type=1400 audit(0.0:14073): avc: denied { kill } for comm="swapper/2" capability=5 scontext=u:r:kernel:s0 tcontext=u:r:kernel:s0 tclass=capability permissive=0
01-01 11:28:18.673 I/ ( 0): read descriptors
01-01 11:28:18.673 I/ ( 0): read strings
01-11 07:28:05.614 I/thunderperf( 1487): PlatormCompat.setOverrides: Uid1=10071 Pid1=24595 Uid2=10071 Pid2=24595
01-11 07:28:05.614 I/thunderperf( 1487): PlatormCompat.setOverrides: needCheck:false
01-11 07:28:05.614 I/thunderperf( 1487): CompatConfig.addOverrideUnsafe: bef-state=1
01-11 07:28:05.615 E/thunderperf( 1487): CompatConfig.addOverrideUnsafe: exception:java.lang.SecurityException: Cannot override a change on a non-debuggable app and user build.
01-11 07:28:05.615 I/thunderperf( 1487): CompatConfig.addOverrideUnsafe: aft-state=1
01-11 07:28:05.616 I/thunderperf( 1487): CompatConfig.addOverrideUnsafe: bef-state=1
01-11 07:28:05.616 E/thunderperf( 1487): CompatConfig.addOverrideUnsafe: exception:java.lang.SecurityException: Cannot override a change on a non-debuggable app and user build.
01-11 07:28:05.616 I/thunderperf( 1487): CompatConfig.addOverrideUnsafe: aft-state=1
01-11 07:28:05.617 I/thunderperf( 1487): CompatConfig.addOverrideUnsafe: bef-state=1
01-11 07:28:05.617 E/thunderperf( 1487): CompatConfig.addOverrideUnsafe: exception:java.lang.SecurityException: Cannot override a change on a non-debuggable app and user build.
01-11 07:28:05.617 I/thunderperf( 1487): CompatConfig.addOverrideUnsafe: aft-state=1
01-11 07:28:05.618 I/thunderperf( 1487): CompatConfig.addOverrideUnsafe: bef-state=1
01-11 07:28:05.618 E/thunderperf( 1487): CompatConfig.addOverrideUnsafe: exception:java.lang.SecurityException: Cannot override a change on a non-debuggable app and user build.
01-11 07:28:05.618 I/thunderperf( 1487): CompatConfig.addOverrideUnsafe: aft-state=1
01-11 07:28:05.619 I/thunderperf( 1487): CompatConfig.addOverrideUnsafe: bef-state=1
01-11 07:28:05.620 E/thunderperf( 1487): CompatConfig.addOverrideUnsafe: exception:java.lang.SecurityException: Cannot override a change on a non-debuggable app and user build.
01-11 07:28:05.620 I/thunderperf( 1487): CompatConfig.addOverrideUnsafe: aft-state=1
01-11 07:28:05.620 I/thunderperf( 1487): CompatConfig.addOverrideUnsafe: bef-state=1
01-11 07:28:05.621 E/thunderperf( 1487): CompatConfig.addOverrideUnsafe: exception:java.lang.SecurityException: Cannot override a change on a non-debuggable app and user build.
01-11 07:28:05.621 I/thunderperf( 1487): CompatConfig.addOverrideUnsafe: aft-state=1
01-11 07:28:05.621 I/thunderperf( 1487): CompatConfig.addOverrideUnsafe: bef-state=1
01-11 07:28:05.622 E/thunderperf( 1487): CompatConfig.addOverrideUnsafe: exception:java.lang.SecurityException: Cannot override a change on a non-debuggable app and user build.
01-11 07:28:05.622 I/thunderperf( 1487): CompatConfig.addOverrideUnsafe: aft-state=1
01-11 07:28:05.622 I/thunderperf( 1487): CompatConfig.addOverrideUnsafe: bef-state=1
01-11 07:28:05.623 E/thunderperf( 1487): CompatConfig.addOverrideUnsafe: exception:java.lang.SecurityException: Cannot override a change on a non-debuggable app and user build.
01-11 07:28:05.623 I/thunderperf( 1487): CompatConfig.addOverrideUnsafe: aft-state=1
01-11 07:28:05.623 I/thunderperf( 1487): CompatConfig.addOverrideUnsafe: bef-state=1
01-11 07:28:05.624 E/thunderperf( 1487): CompatConfig.addOverrideUnsafe: exception:java.lang.SecurityException: Cannot override a change on a non-debuggable app and user build.
01-11 07:28:05.624 I/thunderperf( 1487): CompatConfig.addOverrideUnsafe: aft-state=1
01-11 07:28:05.624 I/thunderperf( 1487): CompatConfig.addOverrideUnsafe: bef-state=1
01-11 07:28:05.625 E/thunderperf( 1487): CompatConfig.addOverrideUnsafe: exception:java.lang.SecurityException: Cannot override a change on a non-debuggable app and user build.
01-11 07:28:05.625 I/thunderperf( 1487): CompatConfig.addOverrideUnsafe: aft-state=1
01-11 07:28:05.625 I/thunderperf( 1487): CompatConfig.addOverrideUnsafe: bef-state=1
01-11 07:28:05.626 E/thunderperf( 1487): CompatConfig.addOverrideUnsafe: exception:java.lang.SecurityException: Cannot override a change on a non-debuggable app and user build.
01-11 07:28:05.626 I/thunderperf( 1487): CompatConfig.addOverrideUnsafe: aft-state=1
01-11 07:28:05.626 I/thunderperf( 1487): CompatConfig.addOverrideUnsafe: bef-state=1
01-11 07:28:05.627 E/thunderperf( 1487): CompatConfig.addOverrideUnsafe: exception:java.lang.SecurityException: Cannot override a change on a non-debuggable app and user build.
01-11 07:28:05.627 I/thunderperf( 1487): CompatConfig.addOverrideUnsafe: aft-state=1
01-11 07:28:05.627 I/thunderperf( 1487): CompatConfig.addOverrideUnsafe: bef-state=1
01-11 07:28:05.627 E/thunderperf( 1487): CompatConfig.addOverrideUnsafe: exception:java.lang.SecurityException: Cannot override a change on a non-debuggable app and user build.
01-11 07:28:05.627 I/thunderperf( 1487): CompatConfig.addOverrideUnsafe: aft-state=1
01-11 07:28:05.628 I/thunderperf( 1487): CompatConfig.addOverrideUnsafe: bef-state=1
01-11 07:28:05.628 E/thunderperf( 1487): CompatConfig.addOverrideUnsafe: exception:java.lang.SecurityException: Cannot override a change on a non-debuggable app and user build.
01-11 07:28:05.628 I/thunderperf( 1487): CompatConfig.addOverrideUnsafe: aft-state=1
01-11 07:28:05.633 I/ActivityTaskManager( 1487): START u0 {act=android.intent.action.MAIN cat=[android.intent.category.LAUNCHER] flg=0x10200000 cmp=com.android.deskclock/.DeskClock bnds=[590,252][890,550]} from uid 10071
01-11 07:28:05.635 I/wm_task_moved( 1487): [86,1,12]
01-11 07:28:05.635 I/wm_task_to_front( 1487): [0,86]
01-11 07:28:05.636 I/wm_focused_root_task( 1487): [0,0,86,83,bringingFoundTaskToFront]
01-11 07:28:05.636 I/wm_set_resumed_activity( 1487): [0,com.android.deskclock/.DeskClock,bringingFoundTaskToFront]
01-11 07:28:05.636 I/wm_new_intent( 1487): [0,73309397,86,com.android.deskclock/.DeskClock,android.intent.action.MAIN,NULL,NULL,270532608]
01-11 07:28:05.639 I/wm_pause_activity( 1487): [0,124244050,com.android.launcher3/.uioverrides.QuickstepLauncher,userLeaving=true,pauseBackTasks]
01-11 07:28:05.646 I/wm_on_top_resumed_lost_called(24595): [124244050,com.android.launcher3.uioverrides.QuickstepLauncher,topStateChangedWhenResumed]
01-11 07:28:05.647 I/wm_on_paused_called(24595): [124244050,com.android.launcher3.uioverrides.QuickstepLauncher,performPause]
01-11 07:28:05.651 I/ActivityTaskManager( 1487): FOREGROUND_APPLICATION_CHANGED to com.android.deskclock.DeskClock
01-11 07:28:05.654 I/wm_set_resumed_activity( 1487): [0,com.android.deskclock/.DeskClock,resumeTopActivityInnerLocked]
01-11 07:28:05.654 I/wm_add_to_stopping( 1487): [0,124244050,com.android.launcher3/.uioverrides.QuickstepLauncher,makeInvisible]
01-11 07:28:05.657 I/wm_resume_activity( 1487): [0,73309397,86,com.android.deskclock/.DeskClock]
01-11 07:28:05.671 I/wm_on_restart_called(23991): [73309397,com.android.deskclock.DeskClock,performRestartActivity]
01-11 07:28:05.677 I/sysui_multi_action( 1487): [757,803,799,window_time_0,802,2]
01-11 07:28:05.680 I/wm_on_start_called(23991): [73309397,com.android.deskclock.DeskClock,handleStartActivity]
01-11 07:28:05.680 I/wm_on_resume_called(23991): [73309397,com.android.deskclock.DeskClock,RESUME_ACTIVITY]
01-11 07:28:05.682 I/wm_on_top_resumed_gained_called(23991): [73309397,com.android.deskclock.DeskClock,topWhenResuming]
01-11 07:28:05.684 I/input_focus( 1487): [Focus leaving 84fe8a0 com.android.launcher3/com.android.launcher3.uioverrides.QuickstepLauncher (server),reason=NO_WINDOW]
01-11 07:28:05.686 W/ContextImpl(19692): Calling a method in the system process without a qualified user: android.app.ContextImpl.startService:1816 android.content.ContextWrapper.startService:774 com.thundercomm.gamemode.ingame.services.GameModeActionUtils.startGameModeService:111 com.thundercomm.gamemode.ingame.services.GameModeActionUtils.startGameModeEntry:22 com.thundercomm.gamemode.ingame.services.ActivityMonitoringService$1.onActivityLaunch:129
01-11 07:28:05.688 I/input_focus( 1487): [Focus request 6506da8 com.android.deskclock/com.android.deskclock.DeskClock,reason=UpdateInputWindows]
01-11 07:28:05.689 I/GameModeConfig( 1487): Current uri is uri = content://com.thundercomm.gamemode.api/gamemode_settings/gamemode_isgaming
01-11 07:28:05.692 I/GameModeConfig( 1487): isGameModeOn = false
01-11 07:28:05.692 I/GameModeConfig( 1487): isGameModeOn = false
01-11 07:28:05.692 I/GameModeConfig( 1487): isDisableVoice = true
01-11 07:28:05.703 I/sysui_multi_action( 1487): [319,29,321,25,322,66,325,12496,757,761,758,9,759,4,806,com.android.deskclock,871,com.android.deskclock.DeskClock,904,com.android.launcher3,905,0,1320,17,1321,1]
01-11 07:28:05.719 I/input_focus( 1487): [Focus entering 6506da8 com.android.deskclock/com.android.deskclock.DeskClock (server),reason=setFocusedWindow]
01-11 07:28:05.759 W/FreeFormWindowHelper( 1487): Current Display FreeFormTask is null
01-11 07:28:05.759 W/FreeFormWindowHelper( 1487): Current Display FreeFormTask is null
01-11 07:28:05.759 W/FreeFormWindowHelper( 1487): Current Display FreeFormTask is null
01-11 07:28:05.764 W/ContextImpl(19692): Calling a method in the system process without a qualified user: android.app.ContextImpl.startService:1816 android.content.ContextWrapper.startService:774 com.thundercomm.gamemode.ingame.services.GameModeActionUtils.startGameModeService:111 com.thundercomm.gamemode.ingame.services.GameModeActionUtils.startGameModeEntry:22 com.thundercomm.gamemode.ingame.services.ActivityMonitoringService$1.onActivityLaunch:129
01-11 07:28:05.768 I/GameModeConfig( 1487): Current uri is uri = content://com.thundercomm.gamemode.api/gamemode_settings/gamemode_isgaming
01-11 07:28:05.770 I/GameModeConfig( 1487): isGameModeOn = false
01-11 07:28:05.770 I/GameModeConfig( 1487): isGameModeOn = false
01-11 07:28:05.770 I/GameModeConfig( 1487): isDisableVoice = true
01-11 07:28:06.139 I/auditd ( 0): type=1400 audit(0.0:14074): avc: denied { kill } for comm="swapper/2" capability=5 scontext=u:r:kernel:s0 tcontext=u:r:kernel:s0 tclass=capability permissive=0
01-11 07:28:06.206 I/wm_stop_activity( 1487): [0,124244050,com.android.launcher3/.uioverrides.QuickstepLauncher]
01-11 07:28:06.225 I/wm_on_stop_called(24595): [124244050,com.android.launcher3.uioverrides.QuickstepLauncher,STOP_ACTIVITY_ITEM]
01-11 07:28:06.248 W/ContextImpl(19692): Calling a method in the system process without a qualified user: android.app.ContextImpl.startService:1816 android.content.ContextWrapper.startService:774 com.thundercomm.gamemode.ingame.services.GameModeActionUtils.startGameModeService:111 com.thundercomm.gamemode.ingame.services.GameModeActionUtils.startGameModeEntry:22 com.thundercomm.gamemode.ingame.services.ActivityMonitoringService$1.onActivityLaunch:129
01-11 07:28:06.252 I/GameModeConfig( 1487): Current uri is uri = content://com.thundercomm.gamemode.api/gamemode_settings/gamemode_isgaming
01-11 07:28:06.254 I/GameModeConfig( 1487): isGameModeOn = false
01-11 07:28:06.254 I/GameModeConfig( 1487): isGameModeOn = false
01-11 07:28:06.254 I/GameModeConfig( 1487): isDisableVoice = true
01-01 11:28:19.689 I/ ( 0): read descriptors
01-01 11:28:19.689 I/ ( 0): read strings
01-11 07:28:06.701 I/input_interaction( 1487): Interaction with: 6506da8 com.android.deskclock/com.android.deskclock.DeskClock (server), edge-swipe (server), swipe-up (server), PointerEventDispatcher0 (server),
01-11 07:28:07.139 I/auditd ( 0): type=1400 audit(0.0:14075): avc: denied { kill } for comm="swapper/2" capability=5 scontext=u:r:kernel:s0 tcontext=u:r:kernel:s0 tclass=capability permissive=0
01-11 07:28:07.381 W/FreeFormWindowHelper( 1487): Current Display FreeFormTask is null
01-11 07:28:07.382 W/FreeFormWindowHelper( 1487): Current Display FreeFormTask is null
01-11 07:28:07.382 W/FreeFormWindowHelper( 1487): Current Display FreeFormTask is null
01-11 07:28:07.382 W/FreeFormWindowHelper( 1487): Current Display FreeFormTask is null
01-11 07:28:07.382 W/FreeFormWindowHelper( 1487): Current Display FreeFormTask is null
01-11 07:28:07.382 W/FreeFormWindowHelper( 1487): Current Display FreeFormTask is null
01-11 07:28:07.382 W/FreeFormWindowHelper( 1487): Current Display FreeFormTask is null
01-11 07:28:07.385 I/wm_task_moved( 1487): [83,0,0]
01-11 07:28:07.385 I/wm_task_moved( 1487): [83,0,11]
01-11 07:28:07.405 I/wm_on_restart_called(24595): [124244050,com.android.launcher3.uioverrides.QuickstepLauncher,performRestartActivity]
01-11 07:28:07.408 W/FreeFormWindowHelper( 1487): Current Display FreeFormTask is null
01-11 07:28:07.411 W/ContextImpl(19692): Calling a method in the system process without a qualified user: android.app.ContextImpl.startService:1816 android.content.ContextWrapper.startService:774 com.thundercomm.gamemode.ingame.services.GameModeActionUtils.startGameModeService:111 com.thundercomm.gamemode.ingame.services.GameModeActionUtils.startGameModeEntry:22 com.thundercomm.gamemode.ingame.services.ActivityMonitoringService$1.onActivityLaunch:129
01-11 07:28:07.415 I/GameModeConfig( 1487): Current uri is uri = content://com.thundercomm.gamemode.api/gamemode_settings/gamemode_isgaming
01-11 07:28:07.417 I/GameModeConfig( 1487): isGameModeOn = false
01-11 07:28:07.417 I/GameModeConfig( 1487): isGameModeOn = false
01-11 07:28:07.417 I/GameModeConfig( 1487): isDisableVoice = true
01-11 07:28:07.439 I/wm_on_start_called(24595): [124244050,com.android.launcher3.uioverrides.QuickstepLauncher,handleStartActivity]
01-11 07:28:07.447 W/FreeFormWindowHelper( 1487): Current Display FreeFormTask is null
01-11 07:28:07.460 I/sysui_multi_action( 1487): [319,10,322,68,325,12498,757,761,758,9,759,5,806,com.android.launcher3,871,com.android.launcher3.uioverrides.QuickstepLauncher,904,com.android.launcher3,905,0,1320,8,1321,5]
01-11 07:28:07.471 I/view_enqueue_input_event(23991): [Motion - Cancel,com.android.deskclock/com.android.deskclock.DeskClock]
01-11 07:28:07.480 I/sysui_latency(24595): [1,73]
01-11 07:28:07.482 I/input_interaction( 1487): Interaction with: edge-swipe (server), swipe-up (server), PointerEventDispatcher0 (server),
01-11 07:28:07.490 I/input_focus( 1487): [Focus request recents_animation_input_consumer,reason=UpdateInputWindows]
01-11 07:28:07.490 W/FreeFormWindowHelper( 1487): Current Display FreeFormTask is null
01-11 07:28:07.503 W/FreeFormWindowHelper( 1487): Current Display FreeFormTask is null
01-11 07:28:07.520 W/FreeFormWindowHelper( 1487): Current Display FreeFormTask is null
01-11 07:28:07.521 I/input_focus( 1487): [Focus leaving 6506da8 com.android.deskclock/com.android.deskclock.DeskClock (server),reason=NOT_FOCUSABLE]
01-11 07:28:07.521 I/input_focus( 1487): [Focus entering recents_animation_input_consumer (server),reason=setFocusedWindow]
01-01 11:28:20.709 I/ ( 0): read descriptors
01-01 11:28:20.709 I/ ( 0): read strings
01-11 07:28:07.610 I/service_manager_stats( 1487): [100,32,21647]
01-11 07:28:07.617 I/commit_sys_config_file( 1487): [settings-1-0,9]
01-11 07:28:07.621 W/FreeFormWindowHelper( 1487): Current Display FreeFormTask is null
01-11 07:28:07.755 I/sysui_latency( 1487): [8,75]
01-11 07:28:07.821 I/commit_sys_config_file( 1487): [settings-1-0,4]
01-11 07:28:08.139 I/auditd ( 0): type=1400 audit(0.0:14076): avc: denied { kill } for comm="swapper/2" capability=5 scontext=u:r:kernel:s0 tcontext=u:r:kernel:s0 tclass=capability permissive=0
01-11 07:28:08.339 W/FreeFormWindowHelper( 1487): Current Display FreeFormTask is null
01-11 07:28:08.344 I/wm_task_moved( 1487): [83,1,12]
01-11 07:28:08.345 I/wm_task_moved( 1487): [84,1,2147483647]
01-11 07:28:08.345 I/wm_task_to_front( 1487): [0,84]
01-11 07:28:08.346 I/wm_focused_root_task( 1487): [0,0,83,86,RecentsAnimation.onAnimationFinished()]
01-11 07:28:08.346 I/wm_on_top_resumed_lost_called(23991): [73309397,com.android.deskclock.DeskClock,topStateChangedWhenResumed]
01-11 07:28:08.348 I/wm_set_resumed_activity( 1487): [0,com.android.launcher3/.uioverrides.QuickstepLauncher,RecentsAnimation.onAnimationFinished()]
01-11 07:28:08.349 I/wm_pause_activity( 1487): [0,73309397,com.android.deskclock/.DeskClock,userLeaving=true,pauseBackTasks]
01-11 07:28:08.350 I/wm_add_to_stopping( 1487): [0,73309397,com.android.deskclock/.DeskClock,makeInvisible]
01-11 07:28:08.350 I/ActivityTaskManager( 1487): FOREGROUND_APPLICATION_CHANGED to com.android.launcher3.uioverrides.QuickstepLauncher
01-11 07:28:08.350 I/wm_set_resumed_activity( 1487): [0,com.android.launcher3/.uioverrides.QuickstepLauncher,resumeTopActivityInnerLocked]
01-11 07:28:08.352 I/wm_resume_activity( 1487): [0,124244050,84,com.android.launcher3/.uioverrides.QuickstepLauncher]
01-11 07:28:08.352 I/wm_on_resume_called(24595): [124244050,com.android.launcher3.uioverrides.QuickstepLauncher,RESUME_ACTIVITY]
01-11 07:28:08.357 I/input_focus( 1487): [Focus request 84fe8a0 com.android.launcher3/com.android.launcher3.uioverrides.QuickstepLauncher,reason=UpdateInputWindows]
01-11 07:28:08.360 I/wm_stop_activity( 1487): [0,73309397,com.android.deskclock/.DeskClock]
01-11 07:28:08.361 I/wm_on_top_resumed_gained_called(24595): [124244050,com.android.launcher3.uioverrides.QuickstepLauncher,topStateChangedWhenResumed]
01-11 07:28:08.362 I/wm_on_paused_called(23991): [73309397,com.android.deskclock.DeskClock,performPause]
01-11 07:28:08.364 I/wm_on_stop_called(23991): [73309397,com.android.deskclock.DeskClock,STOP_ACTIVITY_ITEM]
01-11 07:28:08.364 I/sysui_multi_action( 1487): [757,803,799,window_time_0,802,3]
01-11 07:28:08.367 I/sysui_multi_action( 1487): [757,803,799,window_time_0,802,0]
