01-11 07:29:54.798 W/ContextImpl(19692): Calling a method in the system process without a qualified user: android.app.ContextImpl.startService:1816 android.content.ContextWrapper.startService:774 com.thundercomm.gamemode.ingame.services.GameModeActionUtils.startGameModeService:111 com.thundercomm.gamemode.ingame.services.GameModeActionUtils.startGameModeEntry:22 com.thundercomm.gamemode.ingame.services.ActivityMonitoringService$1.onActivityLaunch:129
01-11 07:29:54.800 I/GameModeConfig( 1487): Current uri is uri = content://com.thundercomm.gamemode.api/gamemode_settings/gamemode_isgaming
01-11 07:29:54.801 I/GameModeConfig( 1487): isGameModeOn = false
01-11 07:29:54.801 I/GameModeConfig( 1487): isGameModeOn = false
01-11 07:29:54.801 I/GameModeConfig( 1487): isDisableVoice = true
01-11 07:29:54.804 I/wm_on_start_called(25108): [124244050,com.android.launcher3.uioverrides.QuickstepLauncher,handleStartActivity]
01-11 07:29:54.810 W/FreeFormWindowHelper( 1487): Current Display FreeFormTask is null
01-11 07:29:54.814 I/view_enqueue_input_event(23991): [Motion - Cancel,com.android.deskclock/com.android.deskclock.DeskClock]
01-11 07:29:54.815 I/sysui_latency(25108): [1,49]
01-11 07:29:54.816 W/FreeFormWindowHelper( 1487): Current Display FreeFormTask is null
01-11 07:29:54.817 I/input_focus( 1487): [Focus request recents_animation_input_consumer,reason=UpdateInputWindows]
01-11 07:29:54.818 I/input_interaction( 1487): Interaction with: edge-swipe (server), swipe-up (server), PointerEventDispatcher0 (server),
01-11 07:29:54.828 I/sysui_multi_action( 1487): [319,10,322,52,325,12605,757,761,758,9,759,5,806,com.android.launcher3,871,com.android.launcher3.uioverrides.QuickstepLauncher,904,com.android.launcher3,905,0,1320,8,1321,5]
01-11 07:29:54.829 W/FreeFormWindowHelper( 1487): Current Display FreeFormTask is null
01-11 07:29:54.830 I/input_focus( 1487): [Focus leaving 6506da8 com.android.deskclock/com.android.deskclock.DeskClock (server),reason=NOT_FOCUSABLE]
01-11 07:29:54.830 I/input_focus( 1487): [Focus entering recents_animation_input_consumer (server),reason=setFocusedWindow]
01-11 07:29:54.845 W/FreeFormWindowHelper( 1487): Current Display FreeFormTask is null
01-11 07:29:54.957 I/wm_task_moved( 1487): [83,0,11]
01-11 07:29:54.958 I/wm_add_to_stopping( 1487): [0,124244050,com.android.launcher3/.uioverrides.QuickstepLauncher,makeInvisible]
01-11 07:29:54.965 I/wm_stop_activity( 1487): [0,124244050,com.android.launcher3/.uioverrides.QuickstepLauncher]
01-11 07:29:54.966 I/input_focus( 1487): [Focus request 6506da8 com.android.deskclock/com.android.deskclock.DeskClock,reason=UpdateInputWindows]
01-11 07:29:54.980 I/input_focus( 1487): [Focus leaving recents_animation_input_consumer (server),reason=NOT_VISIBLE]
01-11 07:29:54.980 I/input_focus( 1487): [Focus entering 6506da8 com.android.deskclock/com.android.deskclock.DeskClock (server),reason=setFocusedWindow]
01-11 07:29:54.986 I/commit_sys_config_file( 1487): [settings-1-0,5]
01-11 07:29:54.989 W/FreeFormWindowHelper( 1487): Current Display FreeFormTask is null
01-11 07:29:55.024 I/wm_on_stop_called(25108): [124244050,com.android.launcher3.uioverrides.QuickstepLauncher,STOP_ACTIVITY_ITEM]
01-11 07:29:55.029 W/UsageStatsService( 1487): Unexpected activity event reported! (com.android.launcher3/com.android.launcher3.uioverrides.QuickstepLauncher event : 23 instanceId : 199892189)
01-11 07:29:55.040 W/ContextImpl(19692): Calling a method in the system process without a qualified user: android.app.ContextImpl.startService:1816 android.content.ContextWrapper.startService:774 com.thundercomm.gamemode.ingame.services.GameModeActionUtils.startGameModeService:111 com.thundercomm.gamemode.ingame.services.GameModeActionUtils.startGameModeEntry:22 com.thundercomm.gamemode.ingame.services.ActivityMonitoringService$1.onActivityLaunch:129
01-11 07:29:55.043 I/GameModeConfig( 1487): Current uri is uri = content://com.thundercomm.gamemode.api/gamemode_settings/gamemode_isgaming
01-11 07:29:55.045 I/GameModeConfig( 1487): isGameModeOn = false
01-11 07:29:55.045 I/GameModeConfig( 1487): isGameModeOn = false
01-11 07:29:55.045 I/GameModeConfig( 1487): isDisableVoice = true
01-11 07:29:55.143 I/auditd ( 0): type=1400 audit(0.0:14224): avc: denied { kill } for comm="swapper/1" capability=5 scontext=u:r:kernel:s0 tcontext=u:r:kernel:s0 tclass=capability permissive=0
01-11 07:29:55.210 I/commit_sys_config_file( 1487): [settings-1-0,5]
01-01 11:30:08.685 I/ ( 0): read descriptors
01-01 11:30:08.685 I/ ( 0): read strings
01-11 07:29:55.642 I/input_interaction( 1487): Interaction with: 6506da8 com.android.deskclock/com.android.deskclock.DeskClock (server), edge-swipe (server), swipe-up (server), PointerEventDispatcher0 (server),
01-11 07:29:55.690 I/wm_task_moved( 1487): [83,0,0]
01-11 07:29:55.691 I/wm_task_moved( 1487): [83,0,11]
01-11 07:29:55.716 W/ContextImpl(19692): Calling a method in the system process without a qualified user: android.app.ContextImpl.startService:1816 android.content.ContextWrapper.startService:774 com.thundercomm.gamemode.ingame.services.GameModeActionUtils.startGameModeService:111 com.thundercomm.gamemode.ingame.services.GameModeActionUtils.startGameModeEntry:22 com.thundercomm.gamemode.ingame.services.ActivityMonitoringService$1.onActivityLaunch:129
01-11 07:29:55.718 I/wm_on_restart_called(25108): [124244050,com.android.launcher3.uioverrides.QuickstepLauncher,performRestartActivity]
01-11 07:29:55.718 I/GameModeConfig( 1487): Current uri is uri = content://com.thundercomm.gamemode.api/gamemode_settings/gamemode_isgaming
01-11 07:29:55.719 W/FreeFormWindowHelper( 1487): Current Display FreeFormTask is null
01-11 07:29:55.720 I/GameModeConfig( 1487): isGameModeOn = false
01-11 07:29:55.721 I/GameModeConfig( 1487): isGameModeOn = false
01-11 07:29:55.721 I/GameModeConfig( 1487): isDisableVoice = true
01-11 07:29:55.733 I/wm_on_start_called(25108): [124244050,com.android.launcher3.uioverrides.QuickstepLauncher,handleStartActivity]
01-11 07:29:55.734 I/view_enqueue_input_event(23991): [Motion - Cancel,com.android.deskclock/com.android.deskclock.DeskClock]
01-11 07:29:55.735 I/input_focus( 1487): [Focus request recents_animation_input_consumer,reason=UpdateInputWindows]
01-11 07:29:55.737 I/input_interaction( 1487): Interaction with: edge-swipe (server), swipe-up (server), PointerEventDispatcher0 (server),
01-11 07:29:55.738 W/FreeFormWindowHelper( 1487): Current Display FreeFormTask is null
01-11 07:29:55.739 I/sysui_latency(25108): [1,57]
01-11 07:29:55.747 W/FreeFormWindowHelper( 1487): Current Display FreeFormTask is null
01-11 07:29:55.749 I/input_focus( 1487): [Focus leaving 6506da8 com.android.deskclock/com.android.deskclock.DeskClock (server),reason=NOT_FOCUSABLE]
01-11 07:29:55.749 I/input_focus( 1487): [Focus entering recents_animation_input_consumer (server),reason=setFocusedWindow]
01-11 07:29:55.758 I/sysui_multi_action( 1487): [319,13,322,57,325,12606,757,761,758,9,759,5,806,com.android.launcher3,871,com.android.launcher3.uioverrides.QuickstepLauncher,904,com.android.launcher3,905,0,1320,8,1321,5]
01-11 07:29:55.764 W/FreeFormWindowHelper( 1487): Current Display FreeFormTask is null
01-11 07:29:55.781 W/FreeFormWindowHelper( 1487): Current Display FreeFormTask is null
01-11 07:29:55.899 W/FreeFormWindowHelper( 1487): Current Display FreeFormTask is null
01-11 07:29:55.938 I/commit_sys_config_file( 1487): [settings-1-0,4]
01-11 07:29:56.050 I/sysui_latency( 1487): [8,63]
01-11 07:29:56.139 I/auditd ( 0): type=1400 audit(0.0:14225): avc: denied { kill } for comm="swapper/1" capability=5 scontext=u:r:kernel:s0 tcontext=u:r:kernel:s0 tclass=capability permissive=0
01-01 11:30:09.711 I/ ( 0): read descriptors
01-01 11:30:09.711 I/ ( 0): read strings
01-11 07:29:57.018 W/FreeFormWindowHelper( 1487): Current Display FreeFormTask is null
01-11 07:29:57.030 I/wm_task_moved( 1487): [83,1,12]
01-11 07:29:57.031 I/wm_task_moved( 1487): [84,1,2147483647]
01-11 07:29:57.031 I/wm_task_to_front( 1487): [0,84]
01-11 07:29:57.031 I/wm_focused_root_task( 1487): [0,0,83,86,RecentsAnimation.onAnimationFinished()]
01-11 07:29:57.031 I/wm_on_top_resumed_lost_called(23991): [73309397,com.android.deskclock.DeskClock,topStateChangedWhenResumed]
01-11 07:29:57.031 I/wm_set_resumed_activity( 1487): [0,com.android.launcher3/.uioverrides.QuickstepLauncher,RecentsAnimation.onAnimationFinished()]
01-11 07:29:57.032 I/wm_pause_activity( 1487): [0,73309397,com.android.deskclock/.DeskClock,userLeaving=true,pauseBackTasks]
01-11 07:29:57.034 I/wm_add_to_stopping( 1487): [0,73309397,com.android.deskclock/.DeskClock,makeInvisible]
01-11 07:29:57.034 I/ActivityTaskManager( 1487): FOREGROUND_APPLICATION_CHANGED to com.android.launcher3.uioverrides.QuickstepLauncher
01-11 07:29:57.034 I/wm_set_resumed_activity( 1487): [0,com.android.launcher3/.uioverrides.QuickstepLauncher,resumeTopActivityInnerLocked]
01-11 07:29:57.037 I/wm_resume_activity( 1487): [0,124244050,84,com.android.launcher3/.uioverrides.QuickstepLauncher]
01-11 07:29:57.038 I/wm_on_resume_called(25108): [124244050,com.android.launcher3.uioverrides.QuickstepLauncher,RESUME_ACTIVITY]
01-11 07:29:57.046 I/input_focus( 1487): [Focus request 76b7596 com.android.launcher3/com.android.launcher3.uioverrides.QuickstepLauncher,reason=UpdateInputWindows]
01-11 07:29:57.048 I/wm_on_top_resumed_gained_called(25108): [124244050,com.android.launcher3.uioverrides.QuickstepLauncher,topStateChangedWhenResumed]
01-11 07:29:57.048 I/wm_on_paused_called(23991): [73309397,com.android.deskclock.DeskClock,performPause]
01-11 07:29:57.048 E/TaskPersister( 1487): File error accessing recents directory (directory doesn't exist?).
01-11 07:29:57.052 I/input_focus( 1487): [Focus leaving recents_animation_input_consumer (server),reason=NOT_VISIBLE]
01-11 07:29:57.052 I/input_focus( 1487): [Focus entering 76b7596 com.android.launcher3/com.android.launcher3.uioverrides.QuickstepLauncher (server),reason=setFocusedWindow]
01-11 07:29:57.058 I/wm_stop_activity( 1487): [0,73309397,com.android.deskclock/.DeskClock]
01-11 07:29:57.062 I/sysui_multi_action( 1487): [757,803,799,window_time_0,802,3]
01-11 07:29:57.062 I/sysui_multi_action( 1487): [757,803,799,window_time_0,802,0]
01-11 07:29:57.066 I/wm_on_stop_called(23991): [73309397,com.android.deskclock.DeskClock,STOP_ACTIVITY_ITEM]
01-11 07:29:57.099 W/ContextImpl(19692): Calling a method in the system process without a qualified user: android.app.ContextImpl.startService:1816 android.content.ContextWrapper.startService:774 com.thundercomm.gamemode.ingame.services.GameModeActionUtils.startGameModeService:111 com.thundercomm.gamemode.ingame.services.GameModeActionUtils.startGameModeEntry:22 com.thundercomm.gamemode.ingame.services.ActivityMonitoringService$1.onActivityLaunch:129
01-11 07:29:57.104 I/GameModeConfig( 1487): Current uri is uri = content://com.thundercomm.gamemode.api/gamemode_settings/gamemode_isgaming
01-11 07:29:57.106 I/GameModeConfig( 1487): isGameModeOn = false
01-11 07:29:57.106 I/GameModeConfig( 1487): isGameModeOn = false
01-11 07:29:57.106 I/GameModeConfig( 1487): isDisableVoice = true
01-11 07:29:57.114 I/input_interaction( 1487): Interaction with: 76b7596 com.android.launcher3/com.android.launcher3.uioverrides.QuickstepLauncher (server), c9f455c com.android.systemui.ImageWallpaper (server), edge-swipe (server), swipe-up (server), PointerEventDispatcher0 (server),
01-11 07:29:57.139 I/auditd ( 0): type=1400 audit(0.0:14226): avc: denied { kill } for comm="swapper/1" capability=5 scontext=u:r:kernel:s0 tcontext=u:r:kernel:s0 tclass=capability permissive=0
01-11 07:29:57.148 W/FreeFormWindowHelper( 1487): Current Display FreeFormTask is null
01-11 07:29:57.148 W/FreeFormWindowHelper( 1487): Current Display FreeFormTask is null
01-11 07:29:57.148 W/FreeFormWindowHelper( 1487): Current Display FreeFormTask is null
01-11 07:29:57.154 W/ContextImpl(19692): Calling a method in the system process without a qualified user: android.app.ContextImpl.startService:1816 android.content.ContextWrapper.startService:774 com.thundercomm.gamemode.ingame.services.GameModeActionUtils.startGameModeService:111 com.thundercomm.gamemode.ingame.services.GameModeActionUtils.startGameModeEntry:22 com.thundercomm.gamemode.ingame.services.ActivityMonitoringService$1.onActivityLaunch:129
01-11 07:29:57.158 I/GameModeConfig( 1487): Current uri is uri = content://com.thundercomm.gamemode.api/gamemode_settings/gamemode_isgaming
01-11 07:29:57.159 I/GameModeConfig( 1487): isGameModeOn = false
01-11 07:29:57.160 I/GameModeConfig( 1487): isGameModeOn = false
01-11 07:29:57.160 I/GameModeConfig( 1487): isDisableVoice = true
01-11 07:29:57.447 I/commit_sys_config_file( 1487): [settings-1-0,5]
01-01 11:30:10.729 I/ ( 0): read descriptors
01-01 11:30:10.729 I/ ( 0): read strings
01-11 07:29:58.045 I/thunderperf( 1487): PlatormCompat.setOverrides: Uid1=10071 Pid1=25108 Uid2=10071 Pid2=25108
01-11 07:29:58.045 I/thunderperf( 1487): PlatormCompat.setOverrides: needCheck:false
01-11 07:29:58.046 I/thunderperf( 1487): CompatConfig.addOverrideUnsafe: bef-state=1
01-11 07:29:58.046 E/thunderperf( 1487): CompatConfig.addOverrideUnsafe: exception:java.lang.SecurityException: Cannot override a change on a non-debuggable app and user build.
01-11 07:29:58.046 I/thunderperf( 1487): CompatConfig.addOverrideUnsafe: aft-state=1
01-11 07:29:58.047 I/thunderperf( 1487): CompatConfig.addOverrideUnsafe: bef-state=1
01-11 07:29:58.048 E/thunderperf( 1487): CompatConfig.addOverrideUnsafe: exception:java.lang.SecurityException: Cannot override a change on a non-debuggable app and user build.
01-11 07:29:58.048 I/thunderperf( 1487): CompatConfig.addOverrideUnsafe: aft-state=1
01-11 07:29:58.049 I/thunderperf( 1487): CompatConfig.addOverrideUnsafe: bef-state=1
01-11 07:29:58.049 E/thunderperf( 1487): CompatConfig.addOverrideUnsafe: exception:java.lang.SecurityException: Cannot override a change on a non-debuggable app and user build.
01-11 07:29:58.049 I/thunderperf( 1487): CompatConfig.addOverrideUnsafe: aft-state=1
01-11 07:29:58.050 I/thunderperf( 1487): CompatConfig.addOverrideUnsafe: bef-state=1
01-11 07:29:58.050 E/thunderperf( 1487): CompatConfig.addOverrideUnsafe: exception:java.lang.SecurityException: Cannot override a change on a non-debuggable app and user build.
01-11 07:29:58.051 I/thunderperf( 1487): CompatConfig.addOverrideUnsafe: aft-state=1
01-11 07:29:58.051 I/thunderperf( 1487): CompatConfig.addOverrideUnsafe: bef-state=1
01-11 07:29:58.052 E/thunderperf( 1487): CompatConfig.addOverrideUnsafe: exception:java.lang.SecurityException: Cannot override a change on a non-debuggable app and user build.
01-11 07:29:58.052 I/thunderperf( 1487): CompatConfig.addOverrideUnsafe: aft-state=1
01-11 07:29:58.053 I/thunderperf( 1487): CompatConfig.addOverrideUnsafe: bef-state=1
01-11 07:29:58.053 E/thunderperf( 1487): CompatConfig.addOverrideUnsafe: exception:java.lang.SecurityException: Cannot override a change on a non-debuggable app and user build.
01-11 07:29:58.053 I/thunderperf( 1487): CompatConfig.addOverrideUnsafe: aft-state=1
01-11 07:29:58.054 I/thunderperf( 1487): CompatConfig.addOverrideUnsafe: bef-state=1
01-11 07:29:58.054 E/thunderperf( 1487): CompatConfig.addOverrideUnsafe: exception:java.lang.SecurityException: Cannot override a change on a non-debuggable app and user build.
01-11 07:29:58.054 I/thunderperf( 1487): CompatConfig.addOverrideUnsafe: aft-state=1
01-11 07:29:58.055 I/thunderperf( 1487): CompatConfig.addOverrideUnsafe: bef-state=1
01-11 07:29:58.056 E/thunderperf( 1487): CompatConfig.addOverrideUnsafe: exception:java.lang.SecurityException: Cannot override a change on a non-debuggable app and user build.
01-11 07:29:58.056 I/thunderperf( 1487): CompatConfig.addOverrideUnsafe: aft-state=1
01-11 07:29:58.056 I/thunderperf( 1487): CompatConfig.addOverrideUnsafe: bef-state=1
01-11 07:29:58.057 E/thunderperf( 1487): CompatConfig.addOverrideUnsafe: exception:java.lang.SecurityException: Cannot override a change on a non-debuggable app and user build.
01-11 07:29:58.057 I/thunderperf( 1487): CompatConfig.addOverrideUnsafe: aft-state=1
01-11 07:29:58.058 I/thunderperf( 1487): CompatConfig.addOverrideUnsafe: bef-state=1
01-11 07:29:58.058 E/thunderperf( 1487): CompatConfig.addOverrideUnsafe: exception:java.lang.SecurityException: Cannot override a change on a non-debuggable app and user build.
01-11 07:29:58.058 I/thunderperf( 1487): CompatConfig.addOverrideUnsafe: aft-state=1
01-11 07:29:58.058 I/thunderperf( 1487): CompatConfig.addOverrideUnsafe: bef-state=1
01-11 07:29:58.059 E/thunderperf( 1487): CompatConfig.addOverrideUnsafe: exception:java.lang.SecurityException: Cannot override a change on a non-debuggable app and user build.
01-11 07:29:58.059 I/thunderperf( 1487): CompatConfig.addOverrideUnsafe: aft-state=1
01-11 07:29:58.059 I/thunderperf( 1487): CompatConfig.addOverrideUnsafe: bef-state=1
01-11 07:29:58.059 E/thunderperf( 1487): CompatConfig.addOverrideUnsafe: exception:java.lang.SecurityException: Cannot override a change on a non-debuggable app and user build.
01-11 07:29:58.059 I/thunderperf( 1487): CompatConfig.addOverrideUnsafe: aft-state=1
01-11 07:29:58.060 I/thunderperf( 1487): CompatConfig.addOverrideUnsafe: bef-state=1
01-11 07:29:58.060 E/thunderperf( 1487): CompatConfig.addOverrideUnsafe: exception:java.lang.SecurityException: Cannot override a change on a non-debuggable app and user build.
01-11 07:29:58.060 I/thunderperf( 1487): CompatConfig.addOverrideUnsafe: aft-state=1
01-11 07:29:58.060 I/thunderperf( 1487): CompatConfig.addOverrideUnsafe: bef-state=1
01-11 07:29:58.061 E/thunderperf( 1487): CompatConfig.addOverrideUnsafe: exception:java.lang.SecurityException: Cannot override a change on a non-debuggable app and user build.
01-11 07:29:58.061 I/thunderperf( 1487): CompatConfig.addOverrideUnsafe: aft-state=1
01-11 07:29:58.067 I/ActivityTaskManager( 1487): START u0 {act=android.intent.action.MAIN cat=[android.intent.category.LAUNCHER] flg=0x10200000 cmp=com.android.documentsui/.LauncherActivity bnds=[890,252][1190,550]} from uid 10071
01-11 07:29:58.073 I/wm_task_created( 1487): [95,-1]
01-11 07:29:58.073 W/ActivityTaskManager( 1487): Can't find TaskDisplayArea to determine support for multi window. Task id=95 attached=false
01-11 07:29:58.075 I/wm_task_moved( 1487): [95,1,13]
01-11 07:29:58.075 I/wm_task_to_front( 1487): [0,95]
01-11 07:29:58.075 I/wm_create_task( 1487): [0,95]
01-11 07:29:58.075 I/wm_create_activity( 1487): [0,115748861,95,com.android.documentsui/.LauncherActivity,android.intent.action.MAIN,NULL,NULL,270532608]
01-11 07:29:58.075 I/wm_task_moved( 1487): [95,1,13]
01-11 07:29:58.076 I/wm_pause_activity( 1487): [0,124244050,com.android.launcher3/.uioverrides.QuickstepLauncher,userLeaving=true,pauseBackTasks]
01-11 07:29:58.079 I/wm_on_top_resumed_lost_called(25108): [124244050,com.android.launcher3.uioverrides.QuickstepLauncher,topStateChangedWhenResumed]
01-11 07:29:58.079 I/wm_on_paused_called(25108): [124244050,com.android.launcher3.uioverrides.QuickstepLauncher,performPause]
01-11 07:29:58.080 I/ActivityTaskManager( 1487): FOREGROUND_APPLICATION_CHANGED to com.android.documentsui.files.LauncherActivity
01-11 07:29:58.080 I/ActivityTaskManager( 1487): The Process com.android.documentsui Already Exists in BG. So sending its PID: 24813
01-11 07:29:58.080 W/ActivityTaskManager( 1487): Tried to set launchTime (0) < mLastActivityLaunchTime (12562189)
01-11 07:29:58.081 I/wm_restart_activity( 1487): [0,115748861,95,com.android.documentsui/.LauncherActivity]
01-11 07:29:58.081 I/wm_set_resumed_activity( 1487): [0,com.android.documentsui/.LauncherActivity,minimalResumeActivityLocked]
01-11 07:29:58.084 I/sysui_multi_action( 1487): [757,803,799,window_time_0,802,1]
01-11 07:29:58.088 W/ContextImpl(19692): Calling a method in the system process without a qualified user: android.app.ContextImpl.startService:1816 android.content.ContextWrapper.startService:774 com.thundercomm.gamemode.ingame.services.GameModeActionUtils.startGameModeService:111 com.thundercomm.gamemode.ingame.services.GameModeActionUtils.startGameModeEntry:22 com.thundercomm.gamemode.ingame.services.ActivityMonitoringService$1.onActivityLaunch:129
01-11 07:29:58.090 I/GameModeConfig( 1487): Current uri is uri = content://com.thundercomm.gamemode.api/gamemode_settings/gamemode_isgaming
01-11 07:29:58.090 I/GameModeConfig( 1487): isGameModeOn = false
01-11 07:29:58.091 I/GameModeConfig( 1487): isGameModeOn = false
01-11 07:29:58.091 I/GameModeConfig( 1487): isDisableVoice = true
01-11 07:29:58.091 I/thunderperf( 1487): PlatormCompat.setOverrides: Uid1=10026 Pid1=24813 Uid2=10026 Pid2=24813
01-11 07:29:58.091 I/thunderperf( 1487): PlatormCompat.setOverrides: needCheck:false
01-11 07:29:58.092 I/thunderperf( 1487): CompatConfig.addOverrideUnsafe: bef-state=1
01-11 07:29:58.092 E/thunderperf( 1487): CompatConfig.addOverrideUnsafe: exception:java.lang.SecurityException: Cannot override a change on a non-debuggable app and user build.
01-11 07:29:58.092 I/thunderperf( 1487): CompatConfig.addOverrideUnsafe: aft-state=1
01-11 07:29:58.092 I/thunderperf( 1487): CompatConfig.addOverrideUnsafe: bef-state=1
01-11 07:29:58.092 E/thunderperf( 1487): CompatConfig.addOverrideUnsafe: exception:java.lang.SecurityException: Cannot override a change on a non-debuggable app and user build.
01-11 07:29:58.092 I/thunderperf( 1487): CompatConfig.addOverrideUnsafe: aft-state=1
01-11 07:29:58.092 I/thunderperf( 1487): CompatConfig.addOverrideUnsafe: bef-state=1
01-11 07:29:58.092 E/thunderperf( 1487): CompatConfig.addOverrideUnsafe: exception:java.lang.SecurityException: Cannot override a change on a non-debuggable app and user build.
01-11 07:29:58.092 I/thunderperf( 1487): CompatConfig.addOverrideUnsafe: aft-state=1
01-11 07:29:58.092 I/thunderperf( 1487): CompatConfig.addOverrideUnsafe: bef-state=1
01-11 07:29:58.093 E/thunderperf( 1487): CompatConfig.addOverrideUnsafe: exception:java.lang.SecurityException: Cannot override a change on a non-debuggable app and user build.
01-11 07:29:58.093 I/thunderperf( 1487): CompatConfig.addOverrideUnsafe: aft-state=1
01-11 07:29:58.093 I/thunderperf( 1487): CompatConfig.addOverrideUnsafe: bef-state=1
01-11 07:29:58.093 E/thunderperf( 1487): CompatConfig.addOverrideUnsafe: exception:java.lang.SecurityException: Cannot override a change on a non-debuggable app and user build.
01-11 07:29:58.093 I/thunderperf( 1487): CompatConfig.addOverrideUnsafe: aft-state=1
01-11 07:29:58.093 I/thunderperf( 1487): CompatConfig.addOverrideUnsafe: bef-state=1
01-11 07:29:58.093 E/thunderperf( 1487): CompatConfig.addOverrideUnsafe: exception:java.lang.SecurityException: Cannot override a change on a non-debuggable app and user build.
01-11 07:29:58.093 I/thunderperf( 1487): CompatConfig.addOverrideUnsafe: aft-state=1
01-11 07:29:58.093 I/thunderperf( 1487): CompatConfig.addOverrideUnsafe: bef-state=1
01-11 07:29:58.093 E/thunderperf( 1487): CompatConfig.addOverrideUnsafe: exception:java.lang.SecurityException: Cannot override a change on a non-debuggable app and user build.
01-11 07:29:58.093 I/thunderperf( 1487): CompatConfig.addOverrideUnsafe: aft-state=1
01-11 07:29:58.093 I/thunderperf( 1487): CompatConfig.addOverrideUnsafe: bef-state=1
01-11 07:29:58.094 E/thunderperf( 1487): CompatConfig.addOverrideUnsafe: exception:java.lang.SecurityException: Cannot override a change on a non-debuggable app and user build.
01-11 07:29:58.094 I/thunderperf( 1487): CompatConfig.addOverrideUnsafe: aft-state=1
01-11 07:29:58.094 I/thunderperf( 1487): CompatConfig.addOverrideUnsafe: bef-state=1
01-11 07:29:58.094 E/thunderperf( 1487): CompatConfig.addOverrideUnsafe: exception:java.lang.SecurityException: Cannot override a change on a non-debuggable app and user build.
01-11 07:29:58.094 I/thunderperf( 1487): CompatConfig.addOverrideUnsafe: aft-state=1
01-11 07:29:58.094 I/thunderperf( 1487): CompatConfig.addOverrideUnsafe: bef-state=1
01-11 07:29:58.094 E/thunderperf( 1487): CompatConfig.addOverrideUnsafe: exception:java.lang.SecurityException: Cannot override a change on a non-debuggable app and user build.
01-11 07:29:58.094 I/thunderperf( 1487): CompatConfig.addOverrideUnsafe: aft-state=1
01-11 07:29:58.094 I/thunderperf( 1487): CompatConfig.addOverrideUnsafe: bef-state=1
01-11 07:29:58.094 E/thunderperf( 1487): CompatConfig.addOverrideUnsafe: exception:java.lang.SecurityException: Cannot override a change on a non-debuggable app and user build.
01-11 07:29:58.094 I/thunderperf( 1487): CompatConfig.addOverrideUnsafe: aft-state=1
01-11 07:29:58.095 I/thunderperf( 1487): CompatConfig.addOverrideUnsafe: bef-state=1
01-11 07:29:58.095 E/thunderperf( 1487): CompatConfig.addOverrideUnsafe: exception:java.lang.SecurityException: Cannot override a change on a non-debuggable app and user build.
01-11 07:29:58.095 I/thunderperf( 1487): CompatConfig.addOverrideUnsafe: aft-state=1
01-11 07:29:58.095 I/thunderperf( 1487): CompatConfig.addOverrideUnsafe: bef-state=1
01-11 07:29:58.095 E/thunderperf( 1487): CompatConfig.addOverrideUnsafe: exception:java.lang.SecurityException: Cannot override a change on a non-debuggable app and user build.
01-11 07:29:58.095 I/thunderperf( 1487): CompatConfig.addOverrideUnsafe: aft-state=1
01-11 07:29:58.095 I/thunderperf( 1487): CompatConfig.addOverrideUnsafe: bef-state=1
01-11 07:29:58.095 E/thunderperf( 1487): CompatConfig.addOverrideUnsafe: exception:java.lang.SecurityException: Cannot override a change on a non-debuggable app and user build.
01-11 07:29:58.095 I/thunderperf( 1487): CompatConfig.addOverrideUnsafe: aft-state=1
01-11 07:29:58.097 I/ActivityTaskManager( 1487): START u0 {dat=//com.android.documentsui.launchControl flg=0x10280000 cmp=com.android.documentsui/.files.FilesActivity (has extras)} from uid 10026
01-11 07:29:58.097 I/wm_task_moved( 1487): [89,1,13]
01-11 07:29:58.097 I/wm_task_to_front( 1487): [0,89]
01-11 07:29:58.097 I/wm_focused_root_task( 1487): [0,0,89,95,bringingFoundTaskToFront]
01-11 07:29:58.097 I/wm_set_resumed_activity( 1487): [0,com.android.documentsui/.files.FilesActivity,bringingFoundTaskToFront]
01-11 07:29:58.098 I/wm_new_intent( 1487): [0,65274594,89,com.android.documentsui/.files.FilesActivity,NULL,NULL,//com.android.documentsui.launchControl,271056896]
01-11 07:29:58.098 I/wm_pause_activity( 1487): [0,115748861,com.android.documentsui/.LauncherActivity,userLeaving=true,pauseBackTasks]
01-11 07:29:58.100 I/wm_finish_activity( 1487): [0,115748861,95,com.android.documentsui/.LauncherActivity,app-request]
01-11 07:29:58.100 I/wm_on_create_called(24813): [115748861,com.android.documentsui.LauncherActivity,performCreate]
01-11 07:29:58.101 I/wm_add_to_stopping( 1487): [0,115748861,com.android.documentsui/.LauncherActivity,completeFinishing]
01-11 07:29:58.102 I/ActivityTaskManager( 1487): FOREGROUND_APPLICATION_CHANGED to com.android.documentsui.files.FilesActivity
01-11 07:29:58.102 I/wm_set_resumed_activity( 1487): [0,com.android.documentsui/.files.FilesActivity,resumeTopActivityInnerLocked]
01-11 07:29:58.102 I/wm_add_to_stopping( 1487): [0,124244050,com.android.launcher3/.uioverrides.QuickstepLauncher,makeInvisible]
01-11 07:29:58.104 I/wm_resume_activity( 1487): [0,65274594,89,com.android.documentsui/.files.FilesActivity]
01-11 07:29:58.105 I/wm_on_restart_called(24813): [65274594,com.android.documentsui.files.FilesActivity,performRestartActivity]
01-11 07:29:58.107 I/wm_on_start_called(24813): [65274594,com.android.documentsui.files.FilesActivity,handleStartActivity]
01-11 07:29:58.108 I/wm_on_resume_called(24813): [65274594,com.android.documentsui.files.FilesActivity,RESUME_ACTIVITY]
01-11 07:29:58.109 I/wm_on_top_resumed_gained_called(24813): [65274594,com.android.documentsui.files.FilesActivity,topWhenResuming]
01-11 07:29:58.109 I/wm_destroy_activity( 1487): [0,115748861,95,com.android.documentsui/.LauncherActivity,finish-imm:idle]
01-11 07:29:58.111 I/sysui_multi_action( 1487): [757,803,799,window_time_0,802,0]
01-11 07:29:58.123 I/input_focus( 1487): [Focus request 7d6e892 com.android.documentsui/com.android.documentsui.files.FilesActivity,reason=UpdateInputWindows]
01-11 07:29:58.137 I/input_focus( 1487): [Focus leaving 76b7596 com.android.launcher3/com.android.launcher3.uioverrides.QuickstepLauncher (server),reason=NO_WINDOW]
01-11 07:29:58.139 I/wm_on_destroy_called(24813): [115748861,com.android.documentsui.LauncherActivity,performDestroy]
01-11 07:29:58.141 I/sysui_multi_action( 1487): [319,72,322,72,325,12608,757,761,758,8,759,2,806,com.android.documentsui,871,com.android.documentsui.files.FilesActivity,904,com.android.documentsui,905,0,1320,4,1321,1]
01-11 07:29:58.141 I/wm_activity_launch_time( 1487): [0,65274594,com.android.documentsui/.files.FilesActivity,72]
01-11 07:29:58.143 I/wm_task_removed( 1487): [95,removeChild:removeChild last r=ActivityRecord{6e62ffd u0 com.android.documentsui/.LauncherActivity t-1 f}} in t=Task{d202e3e #95 type=standard A=10026:com.android.documentsui U=0 visible=false mode=fullscreen translucent=true sz=0}]
01-11 07:29:58.143 I/wm_task_removed( 1487): [95,removeChild]
01-11 07:29:58.139 I/auditd ( 0): type=1400 audit(0.0:14227): avc: denied { kill } for comm="swapper/1" capability=5 scontext=u:r:kernel:s0 tcontext=u:r:kernel:s0 tclass=capability permissive=0
01-11 07:29:58.154 I/input_focus( 1487): [Focus entering 7d6e892 com.android.documentsui/com.android.documentsui.files.FilesActivity (server),reason=setFocusedWindow]
01-11 07:29:58.205 W/FreeFormWindowHelper( 1487): Current Display FreeFormTask is null
01-11 07:29:58.205 W/FreeFormWindowHelper( 1487): Current Display FreeFormTask is null
01-11 07:29:58.205 W/FreeFormWindowHelper( 1487): Current Display FreeFormTask is null
01-11 07:29:58.208 W/ContextImpl(19692): Calling a method in the system process without a qualified user: android.app.ContextImpl.startService:1816 android.content.ContextWrapper.startService:774 com.thundercomm.gamemode.ingame.services.GameModeActionUtils.startGameModeService:111 com.thundercomm.gamemode.ingame.services.GameModeActionUtils.startGameModeEntry:22 com.thundercomm.gamemode.ingame.services.ActivityMonitoringService$1.onActivityLaunch:129
01-11 07:29:58.209 I/GameModeConfig( 1487): Current uri is uri = content://com.thundercomm.gamemode.api/gamemode_settings/gamemode_isgaming
01-11 07:29:58.210 I/GameModeConfig( 1487): isGameModeOn = false
01-11 07:29:58.210 I/GameModeConfig( 1487): isGameModeOn = false
01-11 07:29:58.210 I/GameModeConfig( 1487): isDisableVoice = true
01-01 11:30:11.744 I/ ( 0): read descriptors
01-01 11:30:11.744 I/ ( 0): read strings
01-11 07:29:58.671 I/wm_stop_activity( 1487): [0,124244050,com.android.launcher3/.uioverrides.QuickstepLauncher]
01-11 07:29:58.689 I/wm_on_stop_called(25108): [124244050,com.android.launcher3.uioverrides.QuickstepLauncher,STOP_ACTIVITY_ITEM]
01-11 07:29:58.708 W/ContextImpl(19692): Calling a method in the system process without a qualified user: android.app.ContextImpl.startService:1816 android.content.ContextWrapper.startService:774 com.thundercomm.gamemode.ingame.services.GameModeActionUtils.startGameModeService:111 com.thundercomm.gamemode.ingame.services.GameModeActionUtils.startGameModeEntry:22 com.thundercomm.gamemode.ingame.services.ActivityMonitoringService$1.onActivityLaunch:129
01-11 07:29:58.709 I/GameModeConfig( 1487): Current uri is uri = content://com.thundercomm.gamemode.api/gamemode_settings/gamemode_isgaming
01-11 07:29:58.710 I/GameModeConfig( 1487): isGameModeOn = false
01-11 07:29:58.710 I/GameModeConfig( 1487): isGameModeOn = false
01-11 07:29:58.710 I/GameModeConfig( 1487): isDisableVoice = true
01-11 07:29:58.889 I/input_interaction( 1487): Interaction with: 7d6e892 com.android.documentsui/com.android.documentsui.files.FilesActivity (server), edge-swipe (server), swipe-up (server), PointerEventDispatcher0 (server),
01-11 07:29:58.973 W/FreeFormWindowHelper( 1487): Current Display FreeFormTask is null
01-11 07:29:58.973 W/FreeFormWindowHelper( 1487): Current Display FreeFormTask is null
01-11 07:29:58.973 W/FreeFormWindowHelper( 1487): Current Display FreeFormTask is null
01-11 07:29:58.973 W/FreeFormWindowHelper( 1487): Current Display FreeFormTask is null
01-11 07:29:58.973 W/FreeFormWindowHelper( 1487): Current Display FreeFormTask is null
01-11 07:29:58.973 W/FreeFormWindowHelper( 1487): Current Display FreeFormTask is null
01-11 07:29:58.973 W/FreeFormWindowHelper( 1487): Current Display FreeFormTask is null
01-11 07:29:58.974 I/wm_task_moved( 1487): [83,0,0]
01-11 07:29:58.974 I/wm_task_moved( 1487): [83,0,11]
01-11 07:29:58.981 W/ContextImpl(19692): Calling a method in the system process without a qualified user: android.app.ContextImpl.startService:1816 android.content.ContextWrapper.startService:774 com.thundercomm.gamemode.ingame.services.GameModeActionUtils.startGameModeService:111 com.thundercomm.gamemode.ingame.services.GameModeActionUtils.startGameModeEntry:22 com.thundercomm.gamemode.ingame.services.ActivityMonitoringService$1.onActivityLaunch:129
01-11 07:29:58.982 I/GameModeConfig( 1487): Current uri is uri = content://com.thundercomm.gamemode.api/gamemode_settings/gamemode_isgaming
01-11 07:29:58.983 I/GameModeConfig( 1487): isGameModeOn = false
01-11 07:29:58.983 I/GameModeConfig( 1487): isGameModeOn = false
01-11 07:29:58.983 I/GameModeConfig( 1487): isDisableVoice = true
01-11 07:29:58.988 I/wm_on_restart_called(25108): [124244050,com.android.launcher3.uioverrides.QuickstepLauncher,performRestartActivity]
01-11 07:29:58.990 W/FreeFormWindowHelper( 1487): Current Display FreeFormTask is null
01-11 07:29:59.001 I/wm_on_start_called(25108): [124244050,com.android.launcher3.uioverrides.QuickstepLauncher,handleStartActivity]
01-11 07:29:59.007 W/FreeFormWindowHelper( 1487): Current Display FreeFormTask is null
01-11 07:29:59.012 I/sysui_multi_action( 1487): [319,2,322,36,325,12609,757,761,758,9,759,5,806,com.android.launcher3,871,com.android.launcher3.uioverrides.QuickstepLauncher,904,com.android.launcher3,905,0,1320,8,1321,5]
01-11 07:29:59.025 W/FreeFormWindowHelper( 1487): Current Display FreeFormTask is null
01-11 07:29:59.027 I/view_enqueue_input_event(24813): [Motion - Cancel,com.android.documentsui/com.android.documentsui.files.FilesActivity]
01-11 07:29:59.037 I/sysui_latency(25108): [1,37]
01-11 07:29:59.040 I/input_interaction( 1487): Interaction with: edge-swipe (server), swipe-up (server), PointerEventDispatcher0 (server),
01-11 07:29:59.047 I/input_focus( 1487): [Focus request recents_animation_input_consumer,reason=UpdateInputWindows]
01-11 07:29:59.055 I/input_focus( 1487): [Focus leaving 7d6e892 com.android.documentsui/com.android.documentsui.files.FilesActivity (server),reason=NOT_FOCUSABLE]
01-11 07:29:59.055 I/input_focus( 1487): [Focus entering recents_animation_input_consumer (server),reason=setFocusedWindow]
01-11 07:29:59.058 W/FreeFormWindowHelper( 1487): Current Display FreeFormTask is null
01-11 07:29:59.059 W/FreeFormWindowHelper( 1487): Current Display FreeFormTask is null
01-11 07:29:59.060 W/FreeFormWindowHelper( 1487): Current Display FreeFormTask is null
01-11 07:29:59.071 W/FreeFormWindowHelper( 1487): Current Display FreeFormTask is null
01-11 07:29:59.139 I/auditd ( 746): type=1400 audit(0.0:14228): avc: denied { kill } for comm="crtc_commit:125" capability=5 scontext=u:r:kernel:s0 tcontext=u:r:kernel:s0 tclass=capability permissive=0
01-11 07:29:59.191 I/wm_task_moved( 1487): [83,0,11]
01-11 07:29:59.192 I/wm_add_to_stopping( 1487): [0,124244050,com.android.launcher3/.uioverrides.QuickstepLauncher,makeInvisible]
01-11 07:29:59.194 I/commit_sys_config_file( 1487): [settings-1-0,3]
01-11 07:29:59.194 I/input_focus( 1487): [Focus request 7d6e892 com.android.documentsui/com.android.documentsui.files.FilesActivity,reason=UpdateInputWindows]
01-11 07:29:59.194 I/wm_stop_activity( 1487): [0,124244050,com.android.launcher3/.uioverrides.QuickstepLauncher]
01-11 07:29:59.212 W/FreeFormWindowHelper( 1487): Current Display FreeFormTask is null
01-11 07:29:59.222 I/input_focus( 1487): [Focus leaving recents_animation_input_consumer (server),reason=NOT_VISIBLE]
01-11 07:29:59.223 I/input_focus( 1487): [Focus entering 7d6e892 com.android.documentsui/com.android.documentsui.files.FilesActivity (server),reason=setFocusedWindow]
01-11 07:29:59.225 I/wm_on_stop_called(25108): [124244050,com.android.launcher3.uioverrides.QuickstepLauncher,STOP_ACTIVITY_ITEM]
01-11 07:29:59.228 W/UsageStatsService( 1487): Unexpected activity event reported! (com.android.launcher3/com.android.launcher3.uioverrides.QuickstepLauncher event : 23 instanceId : 199892189)
01-11 07:29:59.232 W/ContextImpl(19692): Calling a method in the system process without a qualified user: android.app.ContextImpl.startService:1816 android.content.ContextWrapper.startService:774 com.thundercomm.gamemode.ingame.services.GameModeActionUtils.startGameModeService:111 com.thundercomm.gamemode.ingame.services.GameModeActionUtils.startGameModeEntry:22 com.thundercomm.gamemode.ingame.services.ActivityMonitoringService$1.onActivityLaunch:129
01-11 07:29:59.233 I/GameModeConfig( 1487): Current uri is uri = content://com.thundercomm.gamemode.api/gamemode_settings/gamemode_isgaming
01-11 07:29:59.233 I/GameModeConfig( 1487): isGameModeOn = false
01-11 07:29:59.234 I/GameModeConfig( 1487): isGameModeOn = false
01-11 07:29:59.234 I/GameModeConfig( 1487): isDisableVoice = true
01-11 07:29:59.417 I/commit_sys_config_file( 1487): [settings-1-0,1]
01-01 11:30:12.756 I/ ( 0): read descriptors
01-01 11:30:12.756 I/ ( 0): read strings
01-11 07:29:59.865 I/input_interaction( 1487): Interaction with: 7d6e892 com.android.documentsui/com.android.documentsui.files.FilesActivity (server), edge-swipe (server), swipe-up (server), PointerEventDispatcher0 (server),
01-11 07:29:59.909 I/wm_task_moved( 1487): [83,0,0]
01-11 07:29:59.909 I/wm_task_moved( 1487): [83,0,11]
01-11 07:29:59.918 W/ContextImpl(19692): Calling a method in the system process without a qualified user: android.app.ContextImpl.startService:1816 android.content.ContextWrapper.startService:774 com.thundercomm.gamemode.ingame.services.GameModeActionUtils.startGameModeService:111 com.thundercomm.gamemode.ingame.services.GameModeActionUtils.startGameModeEntry:22 com.thundercomm.gamemode.ingame.services.ActivityMonitoringService$1.onActivityLaunch:129
01-11 07:29:59.919 I/GameModeConfig( 1487): Current uri is uri = content://com.thundercomm.gamemode.api/gamemode_settings/gamemode_isgaming
01-11 07:29:59.920 I/GameModeConfig( 1487): isGameModeOn = false
01-11 07:29:59.920 I/GameModeConfig( 1487): isGameModeOn = false
01-11 07:29:59.920 I/GameModeConfig( 1487): isDisableVoice = true
01-11 07:29:59.923 I/wm_on_restart_called(25108): [124244050,com.android.launcher3.uioverrides.QuickstepLauncher,performRestartActivity]
01-11 07:29:59.924 W/FreeFormWindowHelper( 1487): Current Display FreeFormTask is null
01-11 07:29:59.929 I/wm_on_start_called(25108): [124244050,com.android.launcher3.uioverrides.QuickstepLauncher,handleStartActivity]
01-11 07:29:59.943 W/FreeFormWindowHelper( 1487): Current Display FreeFormTask is null
01-11 07:29:59.948 I/sysui_multi_action( 1487): [319,3,322,37,325,12610,757,761,758,9,759,5,806,com.android.launcher3,871,com.android.launcher3.uioverrides.QuickstepLauncher,904,com.android.launcher3,905,0,1320,8,1321,5]
01-11 07:29:59.961 W/FreeFormWindowHelper( 1487): Current Display FreeFormTask is null
01-11 07:29:59.989 I/view_enqueue_input_event(24813): [Motion - Cancel,com.android.documentsui/com.android.documentsui.files.FilesActivity]
01-11 07:30:00.000 I/sysui_latency(25108): [1,37]
01-11 07:30:00.002 I/input_interaction( 1487): Interaction with: edge-swipe (server), swipe-up (server), PointerEventDispatcher0 (server),
01-11 07:30:00.011 I/input_focus( 1487): [Focus request recents_animation_input_consumer,reason=UpdateInputWindows]
01-11 07:30:00.011 W/FreeFormWindowHelper( 1487): Current Display FreeFormTask is null
01-11 07:30:00.024 W/FreeFormWindowHelper( 1487): Current Display FreeFormTask is null
01-11 07:30:00.040 W/FreeFormWindowHelper( 1487): Current Display FreeFormTask is null
01-11 07:30:00.041 I/input_focus( 1487): [Focus leaving 7d6e892 com.android.documentsui/com.android.documentsui.files.FilesActivity (server),reason=NOT_FOCUSABLE]
01-11 07:30:00.042 I/input_focus( 1487): [Focus entering recents_animation_input_consumer (server),reason=setFocusedWindow]
01-11 07:30:00.133 I/commit_sys_config_file( 1487): [settings-1-0,4]
01-11 07:30:00.248 I/sysui_latency( 1487): [8,39]
01-11 07:30:00.267 I/wm_task_moved( 1487): [83,0,11]
01-11 07:30:00.267 I/wm_add_to_stopping( 1487): [0,124244050,com.android.launcher3/.uioverrides.QuickstepLauncher,makeInvisible]
01-11 07:30:00.273 I/input_focus( 1487): [Focus request 7d6e892 com.android.documentsui/com.android.documentsui.files.FilesActivity,reason=UpdateInputWindows]
01-11 07:30:00.274 I/wm_stop_activity( 1487): [0,124244050,com.android.launcher3/.uioverrides.QuickstepLauncher]
01-11 07:30:00.292 I/input_focus( 1487): [Focus leaving recents_animation_input_consumer (server),reason=NOT_VISIBLE]
01-11 07:30:00.292 I/input_focus( 1487): [Focus entering 7d6e892 com.android.documentsui/com.android.documentsui.files.FilesActivity (server),reason=setFocusedWindow]
01-11 07:30:00.299 W/FreeFormWindowHelper( 1487): Current Display FreeFormTask is null
01-11 07:30:00.321 I/wm_on_stop_called(25108): [124244050,com.android.launcher3.uioverrides.QuickstepLauncher,STOP_ACTIVITY_ITEM]
01-11 07:30:00.324 W/UsageStatsService( 1487): Unexpected activity event reported! (com.android.launcher3/com.android.launcher3.uioverrides.QuickstepLauncher event : 23 instanceId : 199892189)
01-11 07:30:00.514 I/commit_sys_config_file( 1487): [settings-1-0,6]
01-01 11:30:13.774 I/ ( 0): read descriptors
01-01 11:30:13.774 I/ ( 0): read strings
01-11 07:30:00.787 I/input_interaction( 1487): Interaction with: 7d6e892 com.android.documentsui/com.android.documentsui.files.FilesActivity (server), edge-swipe (server), swipe-up (server), PointerEventDispatcher0 (server),
01-11 07:30:00.835 I/wm_task_moved( 1487): [83,0,0]
01-11 07:30:00.836 I/wm_task_moved( 1487): [83,0,11]
01-11 07:30:00.843 I/wm_on_restart_called(25108): [124244050,com.android.launcher3.uioverrides.QuickstepLauncher,performRestartActivity]
01-11 07:30:00.843 W/FreeFormWindowHelper( 1487): Current Display FreeFormTask is null
01-11 07:30:00.856 W/ContextImpl(19692): Calling a method in the system process without a qualified user: android.app.ContextImpl.startService:1816 android.content.ContextWrapper.startService:774 com.thundercomm.gamemode.ingame.services.GameModeActionUtils.startGameModeService:111 com.thundercomm.gamemode.ingame.services.GameModeActionUtils.startGameModeEntry:22 com.thundercomm.gamemode.ingame.services.ActivityMonitoringService$1.onActivityLaunch:129
01-11 07:30:00.860 I/GameModeConfig( 1487): Current uri is uri = content://com.thundercomm.gamemode.api/gamemode_settings/gamemode_isgaming
01-11 07:30:00.862 I/GameModeConfig( 1487): isGameModeOn = false
01-11 07:30:00.862 I/GameModeConfig( 1487): isGameModeOn = false
01-11 07:30:00.862 I/GameModeConfig( 1487): isDisableVoice = true
01-11 07:30:00.869 I/wm_on_start_called(25108): [124244050,com.android.launcher3.uioverrides.QuickstepLauncher,handleStartActivity]
01-11 07:30:00.875 W/FreeFormWindowHelper( 1487): Current Display FreeFormTask is null
01-11 07:30:00.889 I/sysui_multi_action( 1487): [319,10,322,46,325,12611,757,761,758,9,759,5,806,com.android.launcher3,871,com.android.launcher3.uioverrides.QuickstepLauncher,904,com.android.launcher3,905,0,1320,8,1321,5]
01-11 07:30:00.893 W/FreeFormWindowHelper( 1487): Current Display FreeFormTask is null
01-11 07:30:00.898 I/view_enqueue_input_event(24813): [Motion - Cancel,com.android.documentsui/com.android.documentsui.files.FilesActivity]
01-11 07:30:00.908 I/sysui_latency(25108): [1,48]
01-11 07:30:00.910 I/input_interaction( 1487): Interaction with: edge-swipe (server), swipe-up (server), PointerEventDispatcher0 (server),
01-11 07:30:00.921 I/input_focus( 1487): [Focus request recents_animation_input_consumer,reason=UpdateInputWindows]
01-11 07:30:00.921 W/FreeFormWindowHelper( 1487): Current Display FreeFormTask is null
01-11 07:30:00.926 W/FreeFormWindowHelper( 1487): Current Display FreeFormTask is null
01-11 07:30:00.943 W/FreeFormWindowHelper( 1487): Current Display FreeFormTask is null
01-11 07:30:00.944 I/input_focus( 1487): [Focus leaving 7d6e892 com.android.documentsui/com.android.documentsui.files.FilesActivity (server),reason=NOT_FOCUSABLE]
01-11 07:30:00.944 I/input_focus( 1487): [Focus entering recents_animation_input_consumer (server),reason=setFocusedWindow]
01-11 07:30:01.072 I/commit_sys_config_file( 1487): [settings-1-0,4]
01-11 07:30:01.139 I/auditd ( 0): type=1400 audit(0.0:14229): avc: denied { kill } for comm="swapper/2" capability=5 scontext=u:r:kernel:s0 tcontext=u:r:kernel:s0 tclass=capability permissive=0
01-11 07:30:01.184 I/sysui_latency( 1487): [8,51]
01-11 07:30:01.335 I/service_manager_stats( 1487): [100,42,45654]
01-11 07:30:01.444 W/FreeFormWindowHelper( 1487): Current Display FreeFormTask is null
01-11 07:30:01.641 I/commit_sys_config_file( 1487): [settings-1-0,4]
01-01 11:30:14.797 I/ ( 0): read descriptors
01-01 11:30:14.797 I/ ( 0): read strings
01-11 07:30:02.092 E/TaskPersister( 1487): File error accessing recents directory (directory doesn't exist?).
01-11 07:30:02.139 I/auditd ( 0): type=1400 audit(0.0:14230): avc: denied { kill } for comm="swapper/2" capability=5 scontext=u:r:kernel:s0 tcontext=u:r:kernel:s0 tclass=capability permissive=0
01-01 11:30:15.829 I/ ( 0): read descriptors
01-01 11:30:15.829 I/ ( 0): read strings
01-11 07:30:02.783 W/FreeFormWindowHelper( 1487): Current Display FreeFormTask is null
01-11 07:30:02.788 I/wm_task_moved( 1487): [83,1,12]
01-11 07:30:02.791 I/wm_task_moved( 1487): [84,1,2147483647]
01-11 07:30:02.791 I/wm_task_to_front( 1487): [0,84]
01-11 07:30:02.791 I/wm_focused_root_task( 1487): [0,0,83,89,RecentsAnimation.onAnimationFinished()]
01-11 07:30:02.791 I/wm_on_top_resumed_lost_called(24813): [65274594,com.android.documentsui.files.FilesActivity,topStateChangedWhenResumed]
01-11 07:30:02.791 I/wm_set_resumed_activity( 1487): [0,com.android.launcher3/.uioverrides.QuickstepLauncher,RecentsAnimation.onAnimationFinished()]
01-11 07:30:02.793 I/wm_pause_activity( 1487): [0,65274594,com.android.documentsui/.files.FilesActivity,userLeaving=true,pauseBackTasks]
01-11 07:30:02.795 I/wm_add_to_stopping( 1487): [0,65274594,com.android.documentsui/.files.FilesActivity,makeInvisible]
01-11 07:30:02.795 I/ActivityTaskManager( 1487): FOREGROUND_APPLICATION_CHANGED to com.android.launcher3.uioverrides.QuickstepLauncher
01-11 07:30:02.796 I/wm_set_resumed_activity( 1487): [0,com.android.launcher3/.uioverrides.QuickstepLauncher,resumeTopActivityInnerLocked]
01-11 07:30:02.803 I/wm_resume_activity( 1487): [0,124244050,84,com.android.launcher3/.uioverrides.QuickstepLauncher]
01-11 07:30:02.804 I/wm_on_resume_called(25108): [124244050,com.android.launcher3.uioverrides.QuickstepLauncher,RESUME_ACTIVITY]
01-11 07:30:02.814 I/input_focus( 1487): [Focus request 76b7596 com.android.launcher3/com.android.launcher3.uioverrides.QuickstepLauncher,reason=UpdateInputWindows]
01-11 07:30:02.816 I/wm_on_top_resumed_gained_called(25108): [124244050,com.android.launcher3.uioverrides.QuickstepLauncher,topStateChangedWhenResumed]
01-11 07:30:02.817 I/wm_on_paused_called(24813): [65274594,com.android.documentsui.files.FilesActivity,performPause]
01-11 07:30:02.821 I/wm_stop_activity( 1487): [0,65274594,com.android.documentsui/.files.FilesActivity]
01-11 07:30:02.823 I/sysui_multi_action( 1487): [757,803,799,window_time_0,802,5]
01-11 07:30:02.824 I/sysui_multi_action( 1487): [757,803,799,window_time_0,802,0]
01-11 07:30:02.833 I/input_focus( 1487): [Focus leaving recents_animation_input_consumer (server),reason=NOT_VISIBLE]
01-11 07:30:02.833 I/input_focus( 1487): [Focus entering 76b7596 com.android.launcher3/com.android.launcher3.uioverrides.QuickstepLauncher (server),reason=setFocusedWindow]
01-11 07:30:02.848 I/wm_on_stop_called(24813): [65274594,com.android.documentsui.files.FilesActivity,STOP_ACTIVITY_ITEM]
01-11 07:30:02.879 W/ContextImpl(19692): Calling a method in the system process without a qualified user: android.app.ContextImpl.startService:1816 android.content.ContextWrapper.startService:774 com.thundercomm.gamemode.ingame.services.GameModeActionUtils.startGameModeService:111 com.thundercomm.gamemode.ingame.services.GameModeActionUtils.startGameModeEntry:22 com.thundercomm.gamemode.ingame.services.ActivityMonitoringService$1.onActivityLaunch:129
01-11 07:30:02.886 I/GameModeConfig( 1487): Current uri is uri = content://com.thundercomm.gamemode.api/gamemode_settings/gamemode_isgaming
01-11 07:30:02.889 I/GameModeConfig( 1487): isGameModeOn = false
01-11 07:30:02.889 I/GameModeConfig( 1487): isGameModeOn = false
01-11 07:30:02.889 I/GameModeConfig( 1487): isDisableVoice = true
01-11 07:30:02.919 W/FreeFormWindowHelper( 1487): Current Display FreeFormTask is null
01-11 07:30:02.919 W/FreeFormWindowHelper( 1487): Current Display FreeFormTask is null
01-11 07:30:02.919 W/FreeFormWindowHelper( 1487): Current Display FreeFormTask is null
01-11 07:30:02.927 W/ContextImpl(19692): Calling a method in the system process without a qualified user: android.app.ContextImpl.startService:1816 android.content.ContextWrapper.startService:774 com.thundercomm.gamemode.ingame.services.GameModeActionUtils.startGameModeService:111 com.thundercomm.gamemode.ingame.services.GameModeActionUtils.startGameModeEntry:22 com.thundercomm.gamemode.ingame.services.ActivityMonitoringService$1.onActivityLaunch:129
01-11 07:30:02.939 I/GameModeConfig( 1487): Current uri is uri = content://com.thundercomm.gamemode.api/gamemode_settings/gamemode_isgaming
01-11 07:30:02.942 I/GameModeConfig( 1487): isGameModeOn = false
