01-11 07:27:02.230 I/wm_set_resumed_activity( 1487): [0,com.android.settings/.Settings,resumeTopActivityInnerLocked]
01-11 07:27:02.231 I/wm_add_to_stopping( 1487): [0,50041834,com.android.launcher3/.uioverrides.QuickstepLauncher,makeInvisible]
01-11 07:27:02.232 I/wm_resume_activity( 1487): [0,112333459,80,com.android.settings/.Settings]
01-11 07:27:02.241 I/sysui_multi_action( 1487): [757,803,799,window_time_0,802,21]
01-11 07:27:02.247 W/ContextImpl(19692): Calling a method in the system process without a qualified user: android.app.ContextImpl.startService:1816 android.content.ContextWrapper.startService:774 com.thundercomm.gamemode.ingame.services.GameModeActionUtils.startGameModeService:111 com.thundercomm.gamemode.ingame.services.GameModeActionUtils.startGameModeEntry:22 com.thundercomm.gamemode.ingame.services.ActivityMonitoringService$1.onActivityLaunch:129
01-11 07:27:02.248 I/wm_on_restart_called(22944): [112333459,com.android.settings.Settings,performRestartActivity]
01-11 07:27:02.248 I/input_focus( 1487): [Focus leaving 7dc3aaa com.android.launcher3/com.android.launcher3.uioverrides.QuickstepLauncher (server),reason=NO_WINDOW]
01-11 07:27:02.253 I/GameModeConfig( 1487): Current uri is uri = content://com.thundercomm.gamemode.api/gamemode_settings/gamemode_isgaming
01-11 07:27:02.256 I/wm_on_start_called(22944): [112333459,com.android.settings.Settings,handleStartActivity]
01-11 07:27:02.256 I/snet_event_log(22944): [120484087,-1,]
01-11 07:27:02.256 I/wm_on_resume_called(22944): [112333459,com.android.settings.Settings,RESUME_ACTIVITY]
01-11 07:27:02.257 I/sysui_multi_action(22944): [757,35,758,1,833,0,1089,0]
01-11 07:27:02.263 I/GameModeConfig( 1487): isGameModeOn = false
01-11 07:27:02.263 I/GameModeConfig( 1487): isGameModeOn = false
01-11 07:27:02.263 I/GameModeConfig( 1487): isDisableVoice = true
01-01 11:27:15.387 I/ ( 0): read descriptors
01-01 11:27:15.388 I/ ( 0): read strings
01-11 07:27:02.271 I/sysui_multi_action(22944): [757,746,758,1,833,0,1089,0]
01-11 07:27:02.272 D/TelephonyRegistry( 1487): listen oscl: mHasNotifySubscriptionInfoChangedOccurred==false no callback
01-11 07:27:02.273 D/TelephonyRegistry( 1487): listen oscl: mHasNotifySubscriptionInfoChangedOccurred==false no callback
01-11 07:27:02.278 I/wm_on_top_resumed_gained_called(22944): [112333459,com.android.settings.Settings,topWhenResuming]
01-11 07:27:02.283 I/input_focus( 1487): [Focus request c6452e2 com.android.settings/com.android.settings.Settings,reason=UpdateInputWindows]
01-11 07:27:02.298 I/sysui_multi_action( 1487): [319,26,321,24,322,77,325,12433,757,761,758,9,759,4,806,com.android.settings,871,com.android.settings.Settings,904,com.android.launcher3,905,0,1320,8,1321,5]
01-11 07:27:02.299 I/input_focus( 1487): [Focus entering c6452e2 com.android.settings/com.android.settings.Settings (server),reason=setFocusedWindow]
01-11 07:27:02.335 W/FreeFormWindowHelper( 1487): Current Display FreeFormTask is null
01-11 07:27:02.340 W/ContextImpl(19692): Calling a method in the system process without a qualified user: android.app.ContextImpl.startService:1816 android.content.ContextWrapper.startService:774 com.thundercomm.gamemode.ingame.services.GameModeActionUtils.startGameModeService:111 com.thundercomm.gamemode.ingame.services.GameModeActionUtils.startGameModeEntry:22 com.thundercomm.gamemode.ingame.services.ActivityMonitoringService$1.onActivityLaunch:129
01-11 07:27:02.344 I/GameModeConfig( 1487): Current uri is uri = content://com.thundercomm.gamemode.api/gamemode_settings/gamemode_isgaming
01-11 07:27:02.346 I/GameModeConfig( 1487): isGameModeOn = false
01-11 07:27:02.346 I/GameModeConfig( 1487): isGameModeOn = false
01-11 07:27:02.346 I/GameModeConfig( 1487): isDisableVoice = true
01-01 11:27:15.467 I/[schedu][0x3797438dca][07:27:02.348392] wlan( 0): [3487:I:OSIF] scan start scan id 41046
01-11 07:27:02.788 I/wm_stop_activity( 1487): [0,50041834,com.android.launcher3/.uioverrides.QuickstepLauncher]
01-11 07:27:02.809 I/wm_on_stop_called( 2583): [50041834,com.android.launcher3.uioverrides.QuickstepLauncher,STOP_ACTIVITY_ITEM]
01-11 07:27:02.824 W/ContextImpl(19692): Calling a method in the system process without a qualified user: android.app.ContextImpl.startService:1816 android.content.ContextWrapper.startService:774 com.thundercomm.gamemode.ingame.services.GameModeActionUtils.startGameModeService:111 com.thundercomm.gamemode.ingame.services.GameModeActionUtils.startGameModeEntry:22 com.thundercomm.gamemode.ingame.services.ActivityMonitoringService$1.onActivityLaunch:129
01-11 07:27:02.828 I/GameModeConfig( 1487): Current uri is uri = content://com.thundercomm.gamemode.api/gamemode_settings/gamemode_isgaming
01-11 07:27:02.830 I/GameModeConfig( 1487): isGameModeOn = false
01-11 07:27:02.830 I/GameModeConfig( 1487): isGameModeOn = false
01-11 07:27:02.830 I/GameModeConfig( 1487): isDisableVoice = true
01-11 07:27:03.008 I/input_interaction( 1487): Interaction with: c6452e2 com.android.settings/com.android.settings.Settings (server), edge-swipe (server), swipe-up (server), PointerEventDispatcher0 (server),
01-11 07:27:03.062 I/input_interaction( 1487): Interaction with: c6452e2 com.android.settings/com.android.settings.Settings (server), 52e4d57 StatusBar (server), edge-swipe (server), swipe-up (server), PointerEventDispatcher0 (server),
01-11 07:27:03.083 W/FreeFormWindowHelper( 1487): Current Display FreeFormTask is null
01-11 07:27:03.088 I/wm_task_moved( 1487): [1,0,0]
01-11 07:27:03.089 I/wm_task_moved( 1487): [1,0,5]
01-11 07:27:03.100 I/wm_on_restart_called( 2583): [50041834,com.android.launcher3.uioverrides.QuickstepLauncher,performRestartActivity]
01-11 07:27:03.101 W/FreeFormWindowHelper( 1487): Current Display FreeFormTask is null
01-11 07:27:03.110 W/ContextImpl(19692): Calling a method in the system process without a qualified user: android.app.ContextImpl.startService:1816 android.content.ContextWrapper.startService:774 com.thundercomm.gamemode.ingame.services.GameModeActionUtils.startGameModeService:111 com.thundercomm.gamemode.ingame.services.GameModeActionUtils.startGameModeEntry:22 com.thundercomm.gamemode.ingame.services.ActivityMonitoringService$1.onActivityLaunch:129
01-11 07:27:03.113 I/GameModeConfig( 1487): Current uri is uri = content://com.thundercomm.gamemode.api/gamemode_settings/gamemode_isgaming
01-11 07:27:03.115 I/GameModeConfig( 1487): isGameModeOn = false
01-11 07:27:03.116 I/GameModeConfig( 1487): isGameModeOn = false
01-11 07:27:03.116 I/GameModeConfig( 1487): isDisableVoice = true
01-11 07:27:03.130 I/wm_on_start_called( 2583): [50041834,com.android.launcher3.uioverrides.QuickstepLauncher,handleStartActivity]
01-11 07:27:03.136 W/ActivityTaskManager( 1487): getTaskSnapshot: taskId=5080 not found
01-11 07:27:03.138 W/FreeFormWindowHelper( 1487): Current Display FreeFormTask is null
01-11 07:27:03.140 W/ActivityTaskManager( 1487): getTaskSnapshot: taskId=4080 not found
01-11 07:27:03.147 I/view_enqueue_input_event(22944): [Motion - Cancel,com.android.settings/com.android.settings.Settings]
01-11 07:27:03.147 W/ActivityTaskManager( 1487): getTaskSnapshot: taskId=3080 not found
01-11 07:27:03.147 I/view_enqueue_input_event( 2006): [Motion - Cancel,StatusBar]
01-11 07:27:03.151 I/sysui_latency( 2583): [1,63]
01-11 07:27:03.152 W/ActivityTaskManager( 1487): getTaskSnapshot: taskId=5080 not found
01-11 07:27:03.153 W/ActivityTaskManager( 1487): getTaskSnapshot: taskId=4080 not found
01-11 07:27:03.153 W/ActivityTaskManager( 1487): getTaskSnapshot: taskId=3080 not found
01-11 07:27:03.153 W/ActivityTaskManager( 1487): getTaskSnapshot: taskId=2080 not found
01-11 07:27:03.155 I/input_focus( 1487): [Focus request recents_animation_input_consumer,reason=UpdateInputWindows]
01-11 07:27:03.155 W/FreeFormWindowHelper( 1487): Current Display FreeFormTask is null
01-11 07:27:03.156 W/ActivityTaskManager( 1487): getTaskSnapshot: taskId=1080 not found
01-11 07:27:03.158 W/ActivityTaskManager( 1487): getTaskSnapshot: taskId=5080 not found
01-11 07:27:03.158 W/ActivityTaskManager( 1487): getTaskSnapshot: taskId=4080 not found
01-11 07:27:03.159 W/ActivityTaskManager( 1487): getTaskSnapshot: taskId=3080 not found
01-11 07:27:03.159 W/ActivityTaskManager( 1487): getTaskSnapshot: taskId=2080 not found
01-11 07:27:03.159 W/ActivityTaskManager( 1487): getTaskSnapshot: taskId=1080 not found
01-11 07:27:03.159 I/input_interaction( 1487): Interaction with: edge-swipe (server), swipe-up (server), PointerEventDispatcher0 (server),
01-11 07:27:03.160 I/sysui_multi_action( 1487): [319,8,322,56,325,12433,757,761,758,9,759,5,806,com.android.launcher3,871,com.android.launcher3.uioverrides.QuickstepLauncher,904,com.android.launcher3,905,0,1320,8,1321,5]
01-11 07:27:03.166 W/FreeFormWindowHelper( 1487): Current Display FreeFormTask is null
01-11 07:27:03.183 I/input_focus( 1487): [Focus leaving c6452e2 com.android.settings/com.android.settings.Settings (server),reason=NOT_FOCUSABLE]
01-11 07:27:03.184 W/FreeFormWindowHelper( 1487): Current Display FreeFormTask is null
01-11 07:27:03.184 I/input_focus( 1487): [Focus entering recents_animation_input_consumer (server),reason=setFocusedWindow]
01-01 11:27:16.406 I/ ( 0): read descriptors
01-01 11:27:16.406 I/ ( 0): read strings
01-11 07:27:03.332 I/commit_sys_config_file( 1487): [settings-1-0,4]
01-11 07:27:03.350 W/FreeFormWindowHelper( 1487): Current Display FreeFormTask is null
01-11 07:27:03.446 I/sysui_latency( 1487): [8,65]
01-01 11:27:16.648 I/[schedu][0x37989d749a][07:27:03.529069] wlan( 0): [3487:I:OSIF] vdev 0, scan id 41046 type COMPLETED(1) reason COMPLETED(1) scan found 85 bss
01-11 07:27:03.562 I/liblog ( 1370): 471
01-11 07:27:03.565 I/commit_sys_config_file( 1487): [settings-1-0,20]
01-11 07:27:04.139 I/auditd ( 0): type=1400 audit(0.0:14019): avc: denied { kill } for comm="swapper/3" capability=5 scontext=u:r:kernel:s0 tcontext=u:r:kernel:s0 tclass=capability permissive=0
01-01 11:27:17.429 I/ ( 0): read descriptors
01-01 11:27:17.429 I/ ( 0): read strings
01-11 07:27:04.489 W/FreeFormWindowHelper( 1487): Current Display FreeFormTask is null
01-11 07:27:04.492 I/wm_task_moved( 1487): [1,1,6]
01-11 07:27:04.494 I/wm_task_moved( 1487): [9,1,2147483647]
01-11 07:27:04.494 I/wm_task_to_front( 1487): [0,9]
01-11 07:27:04.494 I/wm_focused_root_task( 1487): [0,0,1,80,RecentsAnimation.onAnimationFinished()]
01-11 07:27:04.495 I/wm_set_resumed_activity( 1487): [0,com.android.launcher3/.uioverrides.QuickstepLauncher,RecentsAnimation.onAnimationFinished()]
01-11 07:27:04.495 I/wm_on_top_resumed_lost_called(22944): [112333459,com.android.settings.Settings,topStateChangedWhenResumed]
01-11 07:27:04.497 I/wm_pause_activity( 1487): [0,112333459,com.android.settings/.Settings,userLeaving=true,pauseBackTasks]
01-11 07:27:04.499 I/wm_add_to_stopping( 1487): [0,112333459,com.android.settings/.Settings,makeInvisible]
01-11 07:27:04.499 I/ActivityTaskManager( 1487): FOREGROUND_APPLICATION_CHANGED to com.android.launcher3.uioverrides.QuickstepLauncher
01-11 07:27:04.500 I/wm_set_resumed_activity( 1487): [0,com.android.launcher3/.uioverrides.QuickstepLauncher,resumeTopActivityInnerLocked]
01-11 07:27:04.503 I/wm_resume_activity( 1487): [0,50041834,9,com.android.launcher3/.uioverrides.QuickstepLauncher]
01-11 07:27:04.508 I/wm_on_resume_called( 2583): [50041834,com.android.launcher3.uioverrides.QuickstepLauncher,RESUME_ACTIVITY]
01-11 07:27:04.511 I/input_focus( 1487): [Focus request 7dc3aaa com.android.launcher3/com.android.launcher3.uioverrides.QuickstepLauncher,reason=UpdateInputWindows]
01-11 07:27:04.516 I/sysui_multi_action(22944): [757,35,758,2,1089,2259]
01-11 07:27:04.520 I/input_focus( 1487): [Focus leaving recents_animation_input_consumer (server),reason=NOT_VISIBLE]
01-11 07:27:04.520 I/sysui_multi_action(22944): [757,746,758,2,1089,2248]
01-11 07:27:04.520 I/input_focus( 1487): [Focus entering 7dc3aaa com.android.launcher3/com.android.launcher3.uioverrides.QuickstepLauncher (server),reason=setFocusedWindow]
01-11 07:27:04.523 I/wm_stop_activity( 1487): [0,112333459,com.android.settings/.Settings]
01-11 07:27:04.525 I/sysui_multi_action( 1487): [757,803,799,window_time_0,802,2]
01-11 07:27:04.527 I/wm_on_top_resumed_gained_called( 2583): [50041834,com.android.launcher3.uioverrides.QuickstepLauncher,topStateChangedWhenResumed]
01-11 07:27:04.527 I/wm_on_paused_called(22944): [112333459,com.android.settings.Settings,performPause]
01-11 07:27:04.531 I/wm_on_stop_called(22944): [112333459,com.android.settings.Settings,STOP_ACTIVITY_ITEM]
01-11 07:27:04.534 I/sysui_multi_action( 1487): [757,803,799,window_time_0,802,0]
01-11 07:27:04.548 W/ContextImpl(19692): Calling a method in the system process without a qualified user: android.app.ContextImpl.startService:1816 android.content.ContextWrapper.startService:774 com.thundercomm.gamemode.ingame.services.GameModeActionUtils.startGameModeService:111 com.thundercomm.gamemode.ingame.services.GameModeActionUtils.startGameModeEntry:22 com.thundercomm.gamemode.ingame.services.ActivityMonitoringService$1.onActivityLaunch:129
01-11 07:27:04.551 I/GameModeConfig( 1487): Current uri is uri = content://com.thundercomm.gamemode.api/gamemode_settings/gamemode_isgaming
01-11 07:27:04.552 I/GameModeConfig( 1487): isGameModeOn = false
01-11 07:27:04.552 I/GameModeConfig( 1487): isGameModeOn = false
01-11 07:27:04.552 I/GameModeConfig( 1487): isDisableVoice = true
01-11 07:27:04.620 W/FreeFormWindowHelper( 1487): Current Display FreeFormTask is null
01-11 07:27:04.626 W/ContextImpl(19692): Calling a method in the system process without a qualified user: android.app.ContextImpl.startService:1816 android.content.ContextWrapper.startService:774 com.thundercomm.gamemode.ingame.services.GameModeActionUtils.startGameModeService:111 com.thundercomm.gamemode.ingame.services.GameModeActionUtils.startGameModeEntry:22 com.thundercomm.gamemode.ingame.services.ActivityMonitoringService$1.onActivityLaunch:129
01-11 07:27:04.629 I/GameModeConfig( 1487): Current uri is uri = content://com.thundercomm.gamemode.api/gamemode_settings/gamemode_isgaming
01-11 07:27:04.631 I/GameModeConfig( 1487): isGameModeOn = false
01-11 07:27:04.631 I/GameModeConfig( 1487): isGameModeOn = false
01-11 07:27:04.631 I/GameModeConfig( 1487): isDisableVoice = true
01-11 07:27:04.693 I/input_interaction( 1487): Interaction with: 7dc3aaa com.android.launcher3/com.android.launcher3.uioverrides.QuickstepLauncher (server), c9f455c com.android.systemui.ImageWallpaper (server), edge-swipe (server), swipe-up (server), PointerEventDispatcher0 (server),
01-11 07:27:04.695 I/service_manager_stats( 1487): [100,51,33739]
01-11 07:27:04.846 I/thunderperf( 1487): PlatormCompat.setOverrides: Uid1=10071 Pid1=2583 Uid2=10071 Pid2=2583
01-11 07:27:04.847 I/thunderperf( 1487): PlatormCompat.setOverrides: needCheck:false
01-11 07:27:04.847 I/thunderperf( 1487): CompatConfig.addOverrideUnsafe: bef-state=1
01-11 07:27:04.847 E/thunderperf( 1487): CompatConfig.addOverrideUnsafe: exception:java.lang.SecurityException: Cannot override a change on a non-debuggable app and user build.
01-11 07:27:04.847 I/thunderperf( 1487): CompatConfig.addOverrideUnsafe: aft-state=1
01-11 07:27:04.848 I/thunderperf( 1487): CompatConfig.addOverrideUnsafe: bef-state=1
01-11 07:27:04.849 E/thunderperf( 1487): CompatConfig.addOverrideUnsafe: exception:java.lang.SecurityException: Cannot override a change on a non-debuggable app and user build.
01-11 07:27:04.849 I/thunderperf( 1487): CompatConfig.addOverrideUnsafe: aft-state=1
01-11 07:27:04.849 I/thunderperf( 1487): CompatConfig.addOverrideUnsafe: bef-state=1
01-11 07:27:04.850 E/thunderperf( 1487): CompatConfig.addOverrideUnsafe: exception:java.lang.SecurityException: Cannot override a change on a non-debuggable app and user build.
01-11 07:27:04.850 I/thunderperf( 1487): CompatConfig.addOverrideUnsafe: aft-state=1
01-11 07:27:04.850 I/thunderperf( 1487): CompatConfig.addOverrideUnsafe: bef-state=1
01-11 07:27:04.851 E/thunderperf( 1487): CompatConfig.addOverrideUnsafe: exception:java.lang.SecurityException: Cannot override a change on a non-debuggable app and user build.
01-11 07:27:04.851 I/thunderperf( 1487): CompatConfig.addOverrideUnsafe: aft-state=1
01-11 07:27:04.851 I/thunderperf( 1487): CompatConfig.addOverrideUnsafe: bef-state=1
01-11 07:27:04.852 E/thunderperf( 1487): CompatConfig.addOverrideUnsafe: exception:java.lang.SecurityException: Cannot override a change on a non-debuggable app and user build.
01-11 07:27:04.852 I/thunderperf( 1487): CompatConfig.addOverrideUnsafe: aft-state=1
01-11 07:27:04.852 I/thunderperf( 1487): CompatConfig.addOverrideUnsafe: bef-state=1
01-11 07:27:04.852 E/thunderperf( 1487): CompatConfig.addOverrideUnsafe: exception:java.lang.SecurityException: Cannot override a change on a non-debuggable app and user build.
01-11 07:27:04.852 I/thunderperf( 1487): CompatConfig.addOverrideUnsafe: aft-state=1
01-11 07:27:04.853 I/thunderperf( 1487): CompatConfig.addOverrideUnsafe: bef-state=1
01-11 07:27:04.853 E/thunderperf( 1487): CompatConfig.addOverrideUnsafe: exception:java.lang.SecurityException: Cannot override a change on a non-debuggable app and user build.
01-11 07:27:04.853 I/thunderperf( 1487): CompatConfig.addOverrideUnsafe: aft-state=1
01-11 07:27:04.854 I/thunderperf( 1487): CompatConfig.addOverrideUnsafe: bef-state=1
01-11 07:27:04.854 E/thunderperf( 1487): CompatConfig.addOverrideUnsafe: exception:java.lang.SecurityException: Cannot override a change on a non-debuggable app and user build.
01-11 07:27:04.854 I/thunderperf( 1487): CompatConfig.addOverrideUnsafe: aft-state=1
01-11 07:27:04.855 I/thunderperf( 1487): CompatConfig.addOverrideUnsafe: bef-state=1
01-11 07:27:04.855 E/thunderperf( 1487): CompatConfig.addOverrideUnsafe: exception:java.lang.SecurityException: Cannot override a change on a non-debuggable app and user build.
01-11 07:27:04.855 I/thunderperf( 1487): CompatConfig.addOverrideUnsafe: aft-state=1
01-11 07:27:04.856 I/thunderperf( 1487): CompatConfig.addOverrideUnsafe: bef-state=1
01-11 07:27:04.856 E/thunderperf( 1487): CompatConfig.addOverrideUnsafe: exception:java.lang.SecurityException: Cannot override a change on a non-debuggable app and user build.
01-11 07:27:04.856 I/thunderperf( 1487): CompatConfig.addOverrideUnsafe: aft-state=1
01-11 07:27:04.857 I/thunderperf( 1487): CompatConfig.addOverrideUnsafe: bef-state=1
01-11 07:27:04.857 E/thunderperf( 1487): CompatConfig.addOverrideUnsafe: exception:java.lang.SecurityException: Cannot override a change on a non-debuggable app and user build.
01-11 07:27:04.857 I/thunderperf( 1487): CompatConfig.addOverrideUnsafe: aft-state=1
01-11 07:27:04.857 I/thunderperf( 1487): CompatConfig.addOverrideUnsafe: bef-state=1
01-11 07:27:04.858 E/thunderperf( 1487): CompatConfig.addOverrideUnsafe: exception:java.lang.SecurityException: Cannot override a change on a non-debuggable app and user build.
01-11 07:27:04.858 I/thunderperf( 1487): CompatConfig.addOverrideUnsafe: aft-state=1
01-11 07:27:04.858 I/thunderperf( 1487): CompatConfig.addOverrideUnsafe: bef-state=1
01-11 07:27:04.858 E/thunderperf( 1487): CompatConfig.addOverrideUnsafe: exception:java.lang.SecurityException: Cannot override a change on a non-debuggable app and user build.
01-11 07:27:04.858 I/thunderperf( 1487): CompatConfig.addOverrideUnsafe: aft-state=1
01-11 07:27:04.859 I/thunderperf( 1487): CompatConfig.addOverrideUnsafe: bef-state=1
01-11 07:27:04.859 E/thunderperf( 1487): CompatConfig.addOverrideUnsafe: exception:java.lang.SecurityException: Cannot override a change on a non-debuggable app and user build.
01-11 07:27:04.859 I/thunderperf( 1487): CompatConfig.addOverrideUnsafe: aft-state=1
01-11 07:27:04.864 I/ActivityTaskManager( 1487): START u0 {act=android.intent.action.MAIN cat=[android.intent.category.LAUNCHER] flg=0x10200000 cmp=com.android.settings/.Settings bnds=[2128,710][2314,910]} from uid 10071
01-11 07:27:04.866 I/wm_task_moved( 1487): [80,1,6]
01-11 07:27:04.866 I/wm_task_to_front( 1487): [0,80]
01-11 07:27:04.867 I/wm_focused_root_task( 1487): [0,0,80,1,bringingFoundTaskToFront]
01-11 07:27:04.867 I/wm_set_resumed_activity( 1487): [0,com.android.settings/.Settings,bringingFoundTaskToFront]
01-11 07:27:04.867 I/wm_new_intent( 1487): [0,112333459,80,com.android.settings/.Settings,android.intent.action.MAIN,NULL,NULL,270532608]
01-11 07:27:04.870 I/wm_pause_activity( 1487): [0,50041834,com.android.launcher3/.uioverrides.QuickstepLauncher,userLeaving=true,pauseBackTasks]
01-11 07:27:04.877 I/wm_on_top_resumed_lost_called( 2583): [50041834,com.android.launcher3.uioverrides.QuickstepLauncher,topStateChangedWhenResumed]
01-11 07:27:04.879 I/wm_on_paused_called( 2583): [50041834,com.android.launcher3.uioverrides.QuickstepLauncher,performPause]
01-11 07:27:04.883 I/ActivityTaskManager( 1487): FOREGROUND_APPLICATION_CHANGED to com.android.settings.homepage.SettingsHomepageActivity
01-11 07:27:04.885 I/wm_set_resumed_activity( 1487): [0,com.android.settings/.Settings,resumeTopActivityInnerLocked]
01-11 07:27:04.885 I/wm_add_to_stopping( 1487): [0,50041834,com.android.launcher3/.uioverrides.QuickstepLauncher,makeInvisible]
01-11 07:27:04.890 I/wm_resume_activity( 1487): [0,112333459,80,com.android.settings/.Settings]
01-11 07:27:04.902 I/wm_on_restart_called(22944): [112333459,com.android.settings.Settings,performRestartActivity]
01-11 07:27:04.905 I/sysui_multi_action( 1487): [757,803,799,window_time_0,802,0]
01-11 07:27:04.906 I/input_focus( 1487): [Focus leaving 7dc3aaa com.android.launcher3/com.android.launcher3.uioverrides.QuickstepLauncher (server),reason=NO_WINDOW]
01-11 07:27:04.908 I/wm_on_start_called(22944): [112333459,com.android.settings.Settings,handleStartActivity]
01-11 07:27:04.909 I/snet_event_log(22944): [120484087,-1,]
01-11 07:27:04.909 I/wm_on_resume_called(22944): [112333459,com.android.settings.Settings,RESUME_ACTIVITY]
01-11 07:27:04.909 I/sysui_multi_action(22944): [757,35,758,1,833,0,1089,0]
01-11 07:27:04.910 W/ContextImpl(19692): Calling a method in the system process without a qualified user: android.app.ContextImpl.startService:1816 android.content.ContextWrapper.startService:774 com.thundercomm.gamemode.ingame.services.GameModeActionUtils.startGameModeService:111 com.thundercomm.gamemode.ingame.services.GameModeActionUtils.startGameModeEntry:22 com.thundercomm.gamemode.ingame.services.ActivityMonitoringService$1.onActivityLaunch:129
01-11 07:27:04.914 I/GameModeConfig( 1487): Current uri is uri = content://com.thundercomm.gamemode.api/gamemode_settings/gamemode_isgaming
01-11 07:27:04.918 I/GameModeConfig( 1487): isGameModeOn = false
01-11 07:27:04.918 I/GameModeConfig( 1487): isGameModeOn = false
01-11 07:27:04.918 I/GameModeConfig( 1487): isDisableVoice = true
01-11 07:27:04.919 I/sysui_multi_action(22944): [757,746,758,1,833,0,1089,0]
01-11 07:27:04.919 D/TelephonyRegistry( 1487): listen oscl: mHasNotifySubscriptionInfoChangedOccurred==false no callback
01-11 07:27:04.921 D/TelephonyRegistry( 1487): listen oscl: mHasNotifySubscriptionInfoChangedOccurred==false no callback
01-11 07:27:04.926 I/wm_on_top_resumed_gained_called(22944): [112333459,com.android.settings.Settings,topWhenResuming]
01-11 07:27:04.932 I/input_focus( 1487): [Focus request c6452e2 com.android.settings/com.android.settings.Settings,reason=UpdateInputWindows]
01-11 07:27:04.943 I/sysui_multi_action( 1487): [319,33,321,30,322,74,325,12435,757,761,758,9,759,4,806,com.android.settings,871,com.android.settings.Settings,904,com.android.launcher3,905,0,1320,8,1321,5]
01-11 07:27:04.954 I/input_focus( 1487): [Focus entering c6452e2 com.android.settings/com.android.settings.Settings (server),reason=setFocusedWindow]
01-11 07:27:04.992 W/FreeFormWindowHelper( 1487): Current Display FreeFormTask is null
01-11 07:27:04.998 W/ContextImpl(19692): Calling a method in the system process without a qualified user: android.app.ContextImpl.startService:1816 android.content.ContextWrapper.startService:774 com.thundercomm.gamemode.ingame.services.GameModeActionUtils.startGameModeService:111 com.thundercomm.gamemode.ingame.services.GameModeActionUtils.startGameModeEntry:22 com.thundercomm.gamemode.ingame.services.ActivityMonitoringService$1.onActivityLaunch:129
01-11 07:27:05.002 I/GameModeConfig( 1487): Current uri is uri = content://com.thundercomm.gamemode.api/gamemode_settings/gamemode_isgaming
01-11 07:27:05.003 I/GameModeConfig( 1487): isGameModeOn = false
01-11 07:27:05.004 I/GameModeConfig( 1487): isGameModeOn = false
01-11 07:27:05.004 I/GameModeConfig( 1487): isDisableVoice = true
01-01 11:27:18.128 I/[schedu][0x379a4f17ba][07:27:05.009218] wlan( 0): [3487:I:OSIF] scan start scan id 41047
01-11 07:27:05.139 I/auditd ( 746): type=1400 audit(0.0:14020): avc: denied { kill } for comm="crtc_commit:125" capability=5 scontext=u:r:kernel:s0 tcontext=u:r:kernel:s0 tclass=capability permissive=0
01-01 11:27:18.450 I/ ( 0): read descriptors
01-01 11:27:18.450 I/ ( 0): read strings
01-11 07:27:05.426 I/wm_stop_activity( 1487): [0,50041834,com.android.launcher3/.uioverrides.QuickstepLauncher]
01-11 07:27:05.448 I/wm_on_stop_called( 2583): [50041834,com.android.launcher3.uioverrides.QuickstepLauncher,STOP_ACTIVITY_ITEM]
01-11 07:27:05.465 W/ContextImpl(19692): Calling a method in the system process without a qualified user: android.app.ContextImpl.startService:1816 android.content.ContextWrapper.startService:774 com.thundercomm.gamemode.ingame.services.GameModeActionUtils.startGameModeService:111 com.thundercomm.gamemode.ingame.services.GameModeActionUtils.startGameModeEntry:22 com.thundercomm.gamemode.ingame.services.ActivityMonitoringService$1.onActivityLaunch:129
01-11 07:27:05.469 I/GameModeConfig( 1487): Current uri is uri = content://com.thundercomm.gamemode.api/gamemode_settings/gamemode_isgaming
01-11 07:27:05.472 I/GameModeConfig( 1487): isGameModeOn = false
01-11 07:27:05.473 I/GameModeConfig( 1487): isGameModeOn = false
01-11 07:27:05.473 I/GameModeConfig( 1487): isDisableVoice = true
01-11 07:27:05.489 I/input_interaction( 1487): Interaction with: c6452e2 com.android.settings/com.android.settings.Settings (server), edge-swipe (server), swipe-up (server), PointerEventDispatcher0 (server),
01-11 07:27:05.623 W/FreeFormWindowHelper( 1487): Current Display FreeFormTask is null
01-11 07:27:05.631 I/wm_task_moved( 1487): [1,0,0]
01-11 07:27:05.632 I/wm_task_moved( 1487): [1,0,5]
01-11 07:27:05.638 I/wm_on_restart_called( 2583): [50041834,com.android.launcher3.uioverrides.QuickstepLauncher,performRestartActivity]
01-11 07:27:05.639 W/FreeFormWindowHelper( 1487): Current Display FreeFormTask is null
01-11 07:27:05.656 W/ContextImpl(19692): Calling a method in the system process without a qualified user: android.app.ContextImpl.startService:1816 android.content.ContextWrapper.startService:774 com.thundercomm.gamemode.ingame.services.GameModeActionUtils.startGameModeService:111 com.thundercomm.gamemode.ingame.services.GameModeActionUtils.startGameModeEntry:22 com.thundercomm.gamemode.ingame.services.ActivityMonitoringService$1.onActivityLaunch:129
01-11 07:27:05.658 I/GameModeConfig( 1487): Current uri is uri = content://com.thundercomm.gamemode.api/gamemode_settings/gamemode_isgaming
01-11 07:27:05.659 I/GameModeConfig( 1487): isGameModeOn = false
01-11 07:27:05.660 I/GameModeConfig( 1487): isGameModeOn = false
01-11 07:27:05.660 I/GameModeConfig( 1487): isDisableVoice = true
01-11 07:27:05.665 I/wm_on_start_called( 2583): [50041834,com.android.launcher3.uioverrides.QuickstepLauncher,handleStartActivity]
01-11 07:27:05.666 W/ActivityTaskManager( 1487): getTaskSnapshot: taskId=5080 not found
01-11 07:27:05.666 I/view_enqueue_input_event(22944): [Motion - Cancel,com.android.settings/com.android.settings.Settings]
01-11 07:27:05.666 W/ActivityTaskManager( 1487): getTaskSnapshot: taskId=5080 not found
01-11 07:27:05.667 I/input_interaction( 1487): Interaction with: edge-swipe (server), swipe-up (server), PointerEventDispatcher0 (server),
01-11 07:27:05.667 I/input_focus( 1487): [Focus request recents_animation_input_consumer,reason=UpdateInputWindows]
01-11 07:27:05.670 W/ActivityTaskManager( 1487): getTaskSnapshot: taskId=4080 not found
01-11 07:27:05.672 W/FreeFormWindowHelper( 1487): Current Display FreeFormTask is null
01-11 07:27:05.672 W/ActivityTaskManager( 1487): getTaskSnapshot: taskId=3080 not found
01-11 07:27:05.672 I/input_focus( 1487): [Focus leaving c6452e2 com.android.settings/com.android.settings.Settings (server),reason=NOT_FOCUSABLE]
01-11 07:27:05.672 I/input_focus( 1487): [Focus entering recents_animation_input_consumer (server),reason=setFocusedWindow]
01-11 07:27:05.673 I/sysui_latency( 2583): [1,61]
01-11 07:27:05.674 W/ActivityTaskManager( 1487): getTaskSnapshot: taskId=1080 not found
01-11 07:27:05.675 W/ActivityTaskManager( 1487): getTaskSnapshot: taskId=2080 not found
01-11 07:27:05.676 W/ActivityTaskManager( 1487): getTaskSnapshot: taskId=3080 not found
01-11 07:27:05.676 W/ActivityTaskManager( 1487): getTaskSnapshot: taskId=4080 not found
01-11 07:27:05.676 W/ActivityTaskManager( 1487): getTaskSnapshot: taskId=5080 not found
01-11 07:27:05.679 W/FreeFormWindowHelper( 1487): Current Display FreeFormTask is null
01-11 07:27:05.680 W/ActivityTaskManager( 1487): getTaskSnapshot: taskId=5080 not found
01-11 07:27:05.680 W/ActivityTaskManager( 1487): getTaskSnapshot: taskId=4080 not found
01-11 07:27:05.681 W/ActivityTaskManager( 1487): getTaskSnapshot: taskId=3080 not found
01-11 07:27:05.681 W/ActivityTaskManager( 1487): getTaskSnapshot: taskId=2080 not found
01-11 07:27:05.681 W/ActivityTaskManager( 1487): getTaskSnapshot: taskId=1080 not found
01-11 07:27:05.684 I/sysui_multi_action( 1487): [319,13,322,48,325,12436,757,761,758,9,759,5,806,com.android.launcher3,871,com.android.launcher3.uioverrides.QuickstepLauncher,904,com.android.launcher3,905,0,1320,8,1321,5]
01-11 07:27:05.688 W/FreeFormWindowHelper( 1487): Current Display FreeFormTask is null
01-11 07:27:05.745 E/TaskPersister( 1487): File error accessing recents directory (directory doesn't exist?).
01-11 07:27:05.847 W/FreeFormWindowHelper( 1487): Current Display FreeFormTask is null
01-11 07:27:05.867 I/commit_sys_config_file( 1487): [settings-1-0,3]
01-11 07:27:05.980 I/sysui_latency( 1487): [8,62]
01-01 11:27:19.302 I/[schedu][0x379ba70b5c][07:27:06.183239] wlan( 0): [3487:I:OSIF] vdev 0, scan id 41047 type COMPLETED(1) reason COMPLETED(1) scan found 87 bss
01-01 11:27:19.469 I/ ( 0): read descriptors
01-01 11:27:19.469 I/ ( 0): read strings
01-11 07:27:06.944 W/FreeFormWindowHelper( 1487): Current Display FreeFormTask is null
01-11 07:27:06.958 I/wm_task_moved( 1487): [1,1,6]
01-11 07:27:06.958 I/wm_task_moved( 1487): [9,1,2147483647]
01-11 07:27:06.958 I/wm_task_to_front( 1487): [0,9]
01-11 07:27:06.958 I/wm_focused_root_task( 1487): [0,0,1,80,RecentsAnimation.onAnimationFinished()]
01-11 07:27:06.959 I/wm_set_resumed_activity( 1487): [0,com.android.launcher3/.uioverrides.QuickstepLauncher,RecentsAnimation.onAnimationFinished()]
01-11 07:27:06.960 I/wm_pause_activity( 1487): [0,112333459,com.android.settings/.Settings,userLeaving=true,pauseBackTasks]
01-11 07:27:06.962 I/wm_add_to_stopping( 1487): [0,112333459,com.android.settings/.Settings,makeInvisible]
01-11 07:27:06.962 I/ActivityTaskManager( 1487): FOREGROUND_APPLICATION_CHANGED to com.android.launcher3.uioverrides.QuickstepLauncher
01-11 07:27:06.963 I/wm_on_top_resumed_lost_called(22944): [112333459,com.android.settings.Settings,topStateChangedWhenResumed]
01-11 07:27:06.963 I/wm_set_resumed_activity( 1487): [0,com.android.launcher3/.uioverrides.QuickstepLauncher,resumeTopActivityInnerLocked]
01-11 07:27:06.965 I/wm_resume_activity( 1487): [0,50041834,9,com.android.launcher3/.uioverrides.QuickstepLauncher]
01-11 07:27:06.967 I/wm_on_resume_called( 2583): [50041834,com.android.launcher3.uioverrides.QuickstepLauncher,RESUME_ACTIVITY]
01-11 07:27:06.972 I/input_focus( 1487): [Focus request 7dc3aaa com.android.launcher3/com.android.launcher3.uioverrides.QuickstepLauncher,reason=UpdateInputWindows]
01-11 07:27:06.974 I/wm_on_top_resumed_gained_called( 2583): [50041834,com.android.launcher3.uioverrides.QuickstepLauncher,topStateChangedWhenResumed]
01-11 07:27:06.975 I/sysui_multi_action(22944): [757,35,758,2,1089,2066]
01-11 07:27:06.977 I/input_focus( 1487): [Focus leaving recents_animation_input_consumer (server),reason=NOT_VISIBLE]
01-11 07:27:06.980 I/sysui_multi_action(22944): [757,746,758,2,1089,2061]
01-11 07:27:06.980 I/wm_stop_activity( 1487): [0,112333459,com.android.settings/.Settings]
01-11 07:27:06.980 I/sysui_multi_action( 1487): [757,803,799,window_time_0,802,2]
01-11 07:27:06.984 I/wm_on_paused_called(22944): [112333459,com.android.settings.Settings,performPause]
01-11 07:27:06.985 I/sysui_multi_action( 1487): [757,803,799,window_time_0,802,0]
01-11 07:27:06.990 I/wm_on_stop_called(22944): [112333459,com.android.settings.Settings,STOP_ACTIVITY_ITEM]
01-11 07:27:06.992 I/input_focus( 1487): [Focus entering 7dc3aaa com.android.launcher3/com.android.launcher3.uioverrides.QuickstepLauncher (server),reason=setFocusedWindow]
01-11 07:27:07.006 W/ContextImpl(19692): Calling a method in the system process without a qualified user: android.app.ContextImpl.startService:1816 android.content.ContextWrapper.startService:774 com.thundercomm.gamemode.ingame.services.GameModeActionUtils.startGameModeService:111 com.thundercomm.gamemode.ingame.services.GameModeActionUtils.startGameModeEntry:22 com.thundercomm.gamemode.ingame.services.ActivityMonitoringService$1.onActivityLaunch:129
01-11 07:27:07.010 I/GameModeConfig( 1487): Current uri is uri = content://com.thundercomm.gamemode.api/gamemode_settings/gamemode_isgaming
01-11 07:27:07.011 I/GameModeConfig( 1487): isGameModeOn = false
01-11 07:27:07.012 I/GameModeConfig( 1487): isGameModeOn = false
01-11 07:27:07.012 I/GameModeConfig( 1487): isDisableVoice = true
01-11 07:27:07.077 W/FreeFormWindowHelper( 1487): Current Display FreeFormTask is null
01-11 07:27:07.082 W/ContextImpl(19692): Calling a method in the system process without a qualified user: android.app.ContextImpl.startService:1816 android.content.ContextWrapper.startService:774 com.thundercomm.gamemode.ingame.services.GameModeActionUtils.startGameModeService:111 com.thundercomm.gamemode.ingame.services.GameModeActionUtils.startGameModeEntry:22 com.thundercomm.gamemode.ingame.services.ActivityMonitoringService$1.onActivityLaunch:129
01-11 07:27:07.087 I/GameModeConfig( 1487): Current uri is uri = content://com.thundercomm.gamemode.api/gamemode_settings/gamemode_isgaming
01-11 07:27:07.089 I/GameModeConfig( 1487): isGameModeOn = false
01-11 07:27:07.090 I/GameModeConfig( 1487): isGameModeOn = false
01-11 07:27:07.090 I/GameModeConfig( 1487): isDisableVoice = true
01-11 07:27:07.139 I/auditd ( 0): type=1400 audit(0.0:14021): avc: denied { kill } for comm="swapper/3" capability=5 scontext=u:r:kernel:s0 tcontext=u:r:kernel:s0 tclass=capability permissive=0
01-01 11:27:20.485 I/ ( 0): read descriptors
01-01 11:27:20.485 I/ ( 0): read strings
01-11 07:27:07.481 I/input_interaction( 1487): Interaction with: 7dc3aaa com.android.launcher3/com.android.launcher3.uioverrides.QuickstepLauncher (server), c9f455c com.android.systemui.ImageWallpaper (server), edge-swipe (server), swipe-up (server), PointerEventDispatcher0 (server),
01-11 07:27:07.594 I/thunderperf( 1487): PlatormCompat.setOverrides: Uid1=10071 Pid1=2583 Uid2=10071 Pid2=2583
01-11 07:27:07.594 I/thunderperf( 1487): PlatormCompat.setOverrides: needCheck:false
01-11 07:27:07.594 I/thunderperf( 1487): CompatConfig.addOverrideUnsafe: bef-state=1
01-11 07:27:07.595 E/thunderperf( 1487): CompatConfig.addOverrideUnsafe: exception:java.lang.SecurityException: Cannot override a change on a non-debuggable app and user build.
01-11 07:27:07.595 I/thunderperf( 1487): CompatConfig.addOverrideUnsafe: aft-state=1
01-11 07:27:07.596 I/thunderperf( 1487): CompatConfig.addOverrideUnsafe: bef-state=1
01-11 07:27:07.596 E/thunderperf( 1487): CompatConfig.addOverrideUnsafe: exception:java.lang.SecurityException: Cannot override a change on a non-debuggable app and user build.
01-11 07:27:07.596 I/thunderperf( 1487): CompatConfig.addOverrideUnsafe: aft-state=1
01-11 07:27:07.597 I/thunderperf( 1487): CompatConfig.addOverrideUnsafe: bef-state=1
01-11 07:27:07.597 E/thunderperf( 1487): CompatConfig.addOverrideUnsafe: exception:java.lang.SecurityException: Cannot override a change on a non-debuggable app and user build.
01-11 07:27:07.597 I/thunderperf( 1487): CompatConfig.addOverrideUnsafe: aft-state=1
01-11 07:27:07.598 I/thunderperf( 1487): CompatConfig.addOverrideUnsafe: bef-state=1
01-11 07:27:07.598 E/thunderperf( 1487): CompatConfig.addOverrideUnsafe: exception:java.lang.SecurityException: Cannot override a change on a non-debuggable app and user build.
01-11 07:27:07.598 I/thunderperf( 1487): CompatConfig.addOverrideUnsafe: aft-state=1
01-11 07:27:07.599 I/thunderperf( 1487): CompatConfig.addOverrideUnsafe: bef-state=1
01-11 07:27:07.599 E/thunderperf( 1487): CompatConfig.addOverrideUnsafe: exception:java.lang.SecurityException: Cannot override a change on a non-debuggable app and user build.
01-11 07:27:07.599 I/thunderperf( 1487): CompatConfig.addOverrideUnsafe: aft-state=1
01-11 07:27:07.600 I/thunderperf( 1487): CompatConfig.addOverrideUnsafe: bef-state=1
01-11 07:27:07.600 E/thunderperf( 1487): CompatConfig.addOverrideUnsafe: exception:java.lang.SecurityException: Cannot override a change on a non-debuggable app and user build.
01-11 07:27:07.600 I/thunderperf( 1487): CompatConfig.addOverrideUnsafe: aft-state=1
01-11 07:27:07.601 I/thunderperf( 1487): CompatConfig.addOverrideUnsafe: bef-state=1
01-11 07:27:07.601 E/thunderperf( 1487): CompatConfig.addOverrideUnsafe: exception:java.lang.SecurityException: Cannot override a change on a non-debuggable app and user build.
01-11 07:27:07.601 I/thunderperf( 1487): CompatConfig.addOverrideUnsafe: aft-state=1
01-11 07:27:07.602 I/thunderperf( 1487): CompatConfig.addOverrideUnsafe: bef-state=1
01-11 07:27:07.602 E/thunderperf( 1487): CompatConfig.addOverrideUnsafe: exception:java.lang.SecurityException: Cannot override a change on a non-debuggable app and user build.
01-11 07:27:07.602 I/thunderperf( 1487): CompatConfig.addOverrideUnsafe: aft-state=1
01-11 07:27:07.603 I/thunderperf( 1487): CompatConfig.addOverrideUnsafe: bef-state=1
01-11 07:27:07.603 E/thunderperf( 1487): CompatConfig.addOverrideUnsafe: exception:java.lang.SecurityException: Cannot override a change on a non-debuggable app and user build.
01-11 07:27:07.603 I/thunderperf( 1487): CompatConfig.addOverrideUnsafe: aft-state=1
01-11 07:27:07.604 I/thunderperf( 1487): CompatConfig.addOverrideUnsafe: bef-state=1
01-11 07:27:07.604 E/thunderperf( 1487): CompatConfig.addOverrideUnsafe: exception:java.lang.SecurityException: Cannot override a change on a non-debuggable app and user build.
01-11 07:27:07.604 I/thunderperf( 1487): CompatConfig.addOverrideUnsafe: aft-state=1
01-11 07:27:07.605 I/thunderperf( 1487): CompatConfig.addOverrideUnsafe: bef-state=1
01-11 07:27:07.605 E/thunderperf( 1487): CompatConfig.addOverrideUnsafe: exception:java.lang.SecurityException: Cannot override a change on a non-debuggable app and user build.
01-11 07:27:07.605 I/thunderperf( 1487): CompatConfig.addOverrideUnsafe: aft-state=1
01-11 07:27:07.606 I/thunderperf( 1487): CompatConfig.addOverrideUnsafe: bef-state=1
01-11 07:27:07.606 E/thunderperf( 1487): CompatConfig.addOverrideUnsafe: exception:java.lang.SecurityException: Cannot override a change on a non-debuggable app and user build.
01-11 07:27:07.606 I/thunderperf( 1487): CompatConfig.addOverrideUnsafe: aft-state=1
01-11 07:27:07.607 I/thunderperf( 1487): CompatConfig.addOverrideUnsafe: bef-state=1
01-11 07:27:07.607 E/thunderperf( 1487): CompatConfig.addOverrideUnsafe: exception:java.lang.SecurityException: Cannot override a change on a non-debuggable app and user build.
01-11 07:27:07.607 I/thunderperf( 1487): CompatConfig.addOverrideUnsafe: aft-state=1
01-11 07:27:07.608 I/thunderperf( 1487): CompatConfig.addOverrideUnsafe: bef-state=1
01-11 07:27:07.609 E/thunderperf( 1487): CompatConfig.addOverrideUnsafe: exception:java.lang.SecurityException: Cannot override a change on a non-debuggable app and user build.
01-11 07:27:07.609 I/thunderperf( 1487): CompatConfig.addOverrideUnsafe: aft-state=1
01-11 07:27:07.615 I/ActivityTaskManager( 1487): START u0 {act=android.intent.action.MAIN cat=[android.intent.category.LAUNCHER] flg=0x10200000 cmp=com.android.settings/.Settings bnds=[2128,710][2314,910]} from uid 10071
01-11 07:27:07.617 I/wm_task_moved( 1487): [80,1,6]
01-11 07:27:07.617 I/wm_task_to_front( 1487): [0,80]
01-11 07:27:07.618 I/wm_focused_root_task( 1487): [0,0,80,1,bringingFoundTaskToFront]
01-11 07:27:07.618 I/wm_set_resumed_activity( 1487): [0,com.android.settings/.Settings,bringingFoundTaskToFront]
01-11 07:27:07.618 I/wm_new_intent( 1487): [0,112333459,80,com.android.settings/.Settings,android.intent.action.MAIN,NULL,NULL,270532608]
01-11 07:27:07.620 I/wm_pause_activity( 1487): [0,50041834,com.android.launcher3/.uioverrides.QuickstepLauncher,userLeaving=true,pauseBackTasks]
01-11 07:27:07.627 I/wm_on_top_resumed_lost_called( 2583): [50041834,com.android.launcher3.uioverrides.QuickstepLauncher,topStateChangedWhenResumed]
01-11 07:27:07.632 I/wm_on_paused_called( 2583): [50041834,com.android.launcher3.uioverrides.QuickstepLauncher,performPause]
01-11 07:27:07.633 I/ActivityTaskManager( 1487): FOREGROUND_APPLICATION_CHANGED to com.android.settings.homepage.SettingsHomepageActivity
01-11 07:27:07.635 I/wm_set_resumed_activity( 1487): [0,com.android.settings/.Settings,resumeTopActivityInnerLocked]
01-11 07:27:07.635 I/wm_add_to_stopping( 1487): [0,50041834,com.android.launcher3/.uioverrides.QuickstepLauncher,makeInvisible]
01-11 07:27:07.637 I/wm_resume_activity( 1487): [0,112333459,80,com.android.settings/.Settings]
01-11 07:27:07.649 I/input_focus( 1487): [Focus leaving 7dc3aaa com.android.launcher3/com.android.launcher3.uioverrides.QuickstepLauncher (server),reason=NO_WINDOW]
01-11 07:27:07.651 I/wm_on_restart_called(22944): [112333459,com.android.settings.Settings,performRestartActivity]
01-11 07:27:07.655 I/sysui_multi_action( 1487): [757,803,799,window_time_0,802,1]
01-11 07:27:07.660 I/wm_on_start_called(22944): [112333459,com.android.settings.Settings,handleStartActivity]
01-11 07:27:07.660 I/snet_event_log(22944): [120484087,-1,]
01-11 07:27:07.661 I/wm_on_resume_called(22944): [112333459,com.android.settings.Settings,RESUME_ACTIVITY]
01-11 07:27:07.661 I/sysui_multi_action(22944): [757,35,758,1,833,0,1089,0]
01-11 07:27:07.663 W/ContextImpl(19692): Calling a method in the system process without a qualified user: android.app.ContextImpl.startService:1816 android.content.ContextWrapper.startService:774 com.thundercomm.gamemode.ingame.services.GameModeActionUtils.startGameModeService:111 com.thundercomm.gamemode.ingame.services.GameModeActionUtils.startGameModeEntry:22 com.thundercomm.gamemode.ingame.services.ActivityMonitoringService$1.onActivityLaunch:129
01-11 07:27:07.667 I/GameModeConfig( 1487): Current uri is uri = content://com.thundercomm.gamemode.api/gamemode_settings/gamemode_isgaming
01-11 07:27:07.669 I/sysui_multi_action(22944): [757,746,758,1,833,0,1089,0]
01-11 07:27:07.669 D/TelephonyRegistry( 1487): listen oscl: mHasNotifySubscriptionInfoChangedOccurred==false no callback
01-11 07:27:07.671 D/TelephonyRegistry( 1487): listen oscl: mHasNotifySubscriptionInfoChangedOccurred==false no callback
01-11 07:27:07.672 I/GameModeConfig( 1487): isGameModeOn = false
01-11 07:27:07.672 I/GameModeConfig( 1487): isGameModeOn = false
01-11 07:27:07.672 I/GameModeConfig( 1487): isDisableVoice = true
01-11 07:27:07.675 I/wm_on_top_resumed_gained_called(22944): [112333459,com.android.settings.Settings,topWhenResuming]
01-11 07:27:07.678 I/input_focus( 1487): [Focus request c6452e2 com.android.settings/com.android.settings.Settings,reason=UpdateInputWindows]
01-11 07:27:07.690 I/sysui_multi_action( 1487): [319,31,321,27,322,71,325,12438,757,761,758,9,759,4,806,com.android.settings,871,com.android.settings.Settings,904,com.android.launcher3,905,0,1320,8,1321,5]
01-11 07:27:07.695 I/input_focus( 1487): [Focus entering c6452e2 com.android.settings/com.android.settings.Settings (server),reason=setFocusedWindow]
01-11 07:27:07.738 W/FreeFormWindowHelper( 1487): Current Display FreeFormTask is null
01-11 07:27:07.745 W/ContextImpl(19692): Calling a method in the system process without a qualified user: android.app.ContextImpl.startService:1816 android.content.ContextWrapper.startService:774 com.thundercomm.gamemode.ingame.services.GameModeActionUtils.startGameModeService:111 com.thundercomm.gamemode.ingame.services.GameModeActionUtils.startGameModeEntry:22 com.thundercomm.gamemode.ingame.services.ActivityMonitoringService$1.onActivityLaunch:129
01-11 07:27:07.749 I/GameModeConfig( 1487): Current uri is uri = content://com.thundercomm.gamemode.api/gamemode_settings/gamemode_isgaming
01-11 07:27:07.751 I/GameModeConfig( 1487): isGameModeOn = false
01-11 07:27:07.752 I/GameModeConfig( 1487): isGameModeOn = false
01-11 07:27:07.752 I/GameModeConfig( 1487): isDisableVoice = true
01-01 11:27:20.871 I/[schedu][0x379d72c8ab][07:27:07.752483] wlan( 0): [3487:I:OSIF] scan start scan id 41048
01-11 07:27:08.139 I/auditd ( 0): type=1400 audit(0.0:14022): avc: denied { kill } for comm="swapper/3" capability=5 scontext=u:r:kernel:s0 tcontext=u:r:kernel:s0 tclass=capability permissive=0
01-11 07:27:08.184 I/wm_stop_activity( 1487): [0,50041834,com.android.launcher3/.uioverrides.QuickstepLauncher]
01-11 07:27:08.208 I/wm_on_stop_called( 2583): [50041834,com.android.launcher3.uioverrides.QuickstepLauncher,STOP_ACTIVITY_ITEM]
01-11 07:27:08.221 W/ContextImpl(19692): Calling a method in the system process without a qualified user: android.app.ContextImpl.startService:1816 android.content.ContextWrapper.startService:774 com.thundercomm.gamemode.ingame.services.GameModeActionUtils.startGameModeService:111 com.thundercomm.gamemode.ingame.services.GameModeActionUtils.startGameModeEntry:22 com.thundercomm.gamemode.ingame.services.ActivityMonitoringService$1.onActivityLaunch:129
01-11 07:27:08.225 I/GameModeConfig( 1487): Current uri is uri = content://com.thundercomm.gamemode.api/gamemode_settings/gamemode_isgaming
01-11 07:27:08.226 I/GameModeConfig( 1487): isGameModeOn = false
01-11 07:27:08.227 I/GameModeConfig( 1487): isGameModeOn = false
01-11 07:27:08.227 I/GameModeConfig( 1487): isDisableVoice = true
01-01 11:27:21.505 I/ ( 0): read descriptors
01-01 11:27:21.505 I/ ( 0): read strings
01-11 07:27:08.431 I/input_interaction( 1487): Interaction with: c6452e2 com.android.settings/com.android.settings.Settings (server), edge-swipe (server), swipe-up (server), PointerEventDispatcher0 (server),
01-11 07:27:08.445 W/FreeFormWindowHelper( 1487): Current Display FreeFormTask is null
01-11 07:27:08.451 I/wm_task_moved( 1487): [1,0,0]
01-11 07:27:08.451 I/wm_task_moved( 1487): [1,0,5]
01-11 07:27:08.462 I/wm_on_restart_called( 2583): [50041834,com.android.launcher3.uioverrides.QuickstepLauncher,performRestartActivity]
01-11 07:27:08.463 W/FreeFormWindowHelper( 1487): Current Display FreeFormTask is null
01-11 07:27:08.473 W/ContextImpl(19692): Calling a method in the system process without a qualified user: android.app.ContextImpl.startService:1816 android.content.ContextWrapper.startService:774 com.thundercomm.gamemode.ingame.services.GameModeActionUtils.startGameModeService:111 com.thundercomm.gamemode.ingame.services.GameModeActionUtils.startGameModeEntry:22 com.thundercomm.gamemode.ingame.services.ActivityMonitoringService$1.onActivityLaunch:129
01-11 07:27:08.477 I/GameModeConfig( 1487): Current uri is uri = content://com.thundercomm.gamemode.api/gamemode_settings/gamemode_isgaming
01-11 07:27:08.478 I/GameModeConfig( 1487): isGameModeOn = false
01-11 07:27:08.478 I/GameModeConfig( 1487): isGameModeOn = false
01-11 07:27:08.478 I/GameModeConfig( 1487): isDisableVoice = true
01-11 07:27:08.482 I/wm_on_start_called( 2583): [50041834,com.android.launcher3.uioverrides.QuickstepLauncher,handleStartActivity]
01-11 07:27:08.487 W/ActivityTaskManager( 1487): getTaskSnapshot: taskId=5080 not found
01-11 07:27:08.489 W/FreeFormWindowHelper( 1487): Current Display FreeFormTask is null
01-11 07:27:08.490 W/ActivityTaskManager( 1487): getTaskSnapshot: taskId=4080 not found
01-11 07:27:08.493 W/ActivityTaskManager( 1487): getTaskSnapshot: taskId=3080 not found
01-11 07:27:08.497 W/ActivityTaskManager( 1487): getTaskSnapshot: taskId=2080 not found
01-11 07:27:08.501 W/ActivityTaskManager( 1487): getTaskSnapshot: taskId=1080 not found
01-11 07:27:08.501 W/FreeFormWindowHelper( 1487): Current Display FreeFormTask is null
01-11 07:27:08.502 I/sysui_multi_action( 1487): [319,8,322,44,325,12439,757,761,758,9,759,5,806,com.android.launcher3,871,com.android.launcher3.uioverrides.QuickstepLauncher,904,com.android.launcher3,905,0,1320,8,1321,5]
01-11 07:27:08.510 I/view_enqueue_input_event(22944): [Motion - Cancel,com.android.settings/com.android.settings.Settings]
01-11 07:27:08.521 I/sysui_latency( 2583): [1,49]
01-11 07:27:08.524 I/input_interaction( 1487): Interaction with: edge-swipe (server), swipe-up (server), PointerEventDispatcher0 (server),
01-11 07:27:08.530 I/input_focus( 1487): [Focus request recents_animation_input_consumer,reason=UpdateInputWindows]
01-11 07:27:08.530 W/FreeFormWindowHelper( 1487): Current Display FreeFormTask is null
01-11 07:27:08.531 W/ActivityTaskManager( 1487): getTaskSnapshot: taskId=5080 not found
01-11 07:27:08.532 W/ActivityTaskManager( 1487): getTaskSnapshot: taskId=4080 not found
01-11 07:27:08.545 W/FreeFormWindowHelper( 1487): Current Display FreeFormTask is null
01-11 07:27:08.562 W/FreeFormWindowHelper( 1487): Current Display FreeFormTask is null
