01-11 07:28:15.122 I/thunderperf( 1487): CompatConfig.addOverrideUnsafe: aft-state=1
01-11 07:28:15.123 I/ActivityTaskManager( 1487): START u0 {dat=//com.android.documentsui.launchControl flg=0x10280000 cmp=com.android.documentsui/.files.FilesActivity (has extras)} from uid 10026
01-11 07:28:15.124 I/wm_task_moved( 1487): [89,1,13]
01-11 07:28:15.124 I/wm_task_to_front( 1487): [0,89]
01-11 07:28:15.124 I/wm_focused_root_task( 1487): [0,0,89,91,bringingFoundTaskToFront]
01-11 07:28:15.124 I/wm_set_resumed_activity( 1487): [0,com.android.documentsui/.files.FilesActivity,bringingFoundTaskToFront]
01-11 07:28:15.124 I/wm_new_intent( 1487): [0,65274594,89,com.android.documentsui/.files.FilesActivity,NULL,NULL,//com.android.documentsui.launchControl,271056896]
01-11 07:28:15.125 I/wm_pause_activity( 1487): [0,159702831,com.android.documentsui/.LauncherActivity,userLeaving=true,pauseBackTasks]
01-11 07:28:15.127 I/wm_finish_activity( 1487): [0,159702831,91,com.android.documentsui/.LauncherActivity,app-request]
01-11 07:28:15.127 I/wm_on_create_called(24813): [159702831,com.android.documentsui.LauncherActivity,performCreate]
01-11 07:28:15.128 I/wm_add_to_stopping( 1487): [0,159702831,com.android.documentsui/.LauncherActivity,completeFinishing]
01-11 07:28:15.128 I/ActivityTaskManager( 1487): FOREGROUND_APPLICATION_CHANGED to com.android.documentsui.files.FilesActivity
01-11 07:28:15.129 I/wm_set_resumed_activity( 1487): [0,com.android.documentsui/.files.FilesActivity,resumeTopActivityInnerLocked]
01-11 07:28:15.129 I/wm_add_to_stopping( 1487): [0,124244050,com.android.launcher3/.uioverrides.QuickstepLauncher,makeInvisible]
01-11 07:28:15.130 I/wm_resume_activity( 1487): [0,65274594,89,com.android.documentsui/.files.FilesActivity]
01-11 07:28:15.131 I/wm_on_restart_called(24813): [65274594,com.android.documentsui.files.FilesActivity,performRestartActivity]
01-11 07:28:15.131 I/wm_destroy_activity( 1487): [0,159702831,91,com.android.documentsui/.LauncherActivity,finish-imm:idle]
01-11 07:28:15.132 I/sysui_multi_action( 1487): [757,803,799,window_time_0,802,1]
01-11 07:28:15.133 I/wm_on_start_called(24813): [65274594,com.android.documentsui.files.FilesActivity,handleStartActivity]
01-11 07:28:15.135 I/wm_on_resume_called(24813): [65274594,com.android.documentsui.files.FilesActivity,RESUME_ACTIVITY]
01-11 07:28:15.135 I/wm_on_top_resumed_gained_called(24813): [65274594,com.android.documentsui.files.FilesActivity,topWhenResuming]
01-11 07:28:15.143 I/input_focus( 1487): [Focus request 7d6e892 com.android.documentsui/com.android.documentsui.files.FilesActivity,reason=UpdateInputWindows]
01-11 07:28:15.139 I/auditd ( 0): type=1400 audit(0.0:14083): avc: denied { kill } for comm="swapper/2" capability=5 scontext=u:r:kernel:s0 tcontext=u:r:kernel:s0 tclass=capability permissive=0
01-11 07:28:15.156 I/input_focus( 1487): [Focus leaving 84fe8a0 com.android.launcher3/com.android.launcher3.uioverrides.QuickstepLauncher (server),reason=NO_WINDOW]
01-11 07:28:15.157 I/wm_on_destroy_called(24813): [159702831,com.android.documentsui.LauncherActivity,performDestroy]
01-11 07:28:15.158 I/wm_task_removed( 1487): [91,removeChild:removeChild last r=ActivityRecord{984df2f u0 com.android.documentsui/.LauncherActivity t-1 f}} in t=Task{2a7fd28 #91 type=standard A=10026:com.android.documentsui U=0 visible=false mode=fullscreen translucent=true sz=0}]
01-11 07:28:15.158 I/wm_task_removed( 1487): [91,removeChild]
01-11 07:28:15.163 I/sysui_multi_action( 1487): [319,62,322,61,325,12505,757,761,758,8,759,2,806,com.android.documentsui,871,com.android.documentsui.files.FilesActivity,904,com.android.documentsui,905,0,1320,4,1321,1]
01-11 07:28:15.163 I/wm_activity_launch_time( 1487): [0,65274594,com.android.documentsui/.files.FilesActivity,61]
01-11 07:28:15.173 I/input_focus( 1487): [Focus entering 7d6e892 com.android.documentsui/com.android.documentsui.files.FilesActivity (server),reason=setFocusedWindow]
01-11 07:28:15.232 W/FreeFormWindowHelper( 1487): Current Display FreeFormTask is null
01-11 07:28:15.232 W/FreeFormWindowHelper( 1487): Current Display FreeFormTask is null
01-11 07:28:15.232 W/FreeFormWindowHelper( 1487): Current Display FreeFormTask is null
01-11 07:28:15.234 W/ContextImpl(19692): Calling a method in the system process without a qualified user: android.app.ContextImpl.startService:1816 android.content.ContextWrapper.startService:774 com.thundercomm.gamemode.ingame.services.GameModeActionUtils.startGameModeService:111 com.thundercomm.gamemode.ingame.services.GameModeActionUtils.startGameModeEntry:22 com.thundercomm.gamemode.ingame.services.ActivityMonitoringService$1.onActivityLaunch:129
01-11 07:28:15.236 I/GameModeConfig( 1487): Current uri is uri = content://com.thundercomm.gamemode.api/gamemode_settings/gamemode_isgaming
01-11 07:28:15.236 I/GameModeConfig( 1487): isGameModeOn = false
01-11 07:28:15.236 I/GameModeConfig( 1487): isGameModeOn = false
01-11 07:28:15.236 I/GameModeConfig( 1487): isDisableVoice = true
01-11 07:28:15.692 I/wm_stop_activity( 1487): [0,124244050,com.android.launcher3/.uioverrides.QuickstepLauncher]
01-11 07:28:15.708 I/wm_on_stop_called(24595): [124244050,com.android.launcher3.uioverrides.QuickstepLauncher,STOP_ACTIVITY_ITEM]
01-11 07:28:15.727 W/ContextImpl(19692): Calling a method in the system process without a qualified user: android.app.ContextImpl.startService:1816 android.content.ContextWrapper.startService:774 com.thundercomm.gamemode.ingame.services.GameModeActionUtils.startGameModeService:111 com.thundercomm.gamemode.ingame.services.GameModeActionUtils.startGameModeEntry:22 com.thundercomm.gamemode.ingame.services.ActivityMonitoringService$1.onActivityLaunch:129
01-11 07:28:15.728 I/GameModeConfig( 1487): Current uri is uri = content://com.thundercomm.gamemode.api/gamemode_settings/gamemode_isgaming
01-11 07:28:15.729 I/GameModeConfig( 1487): isGameModeOn = false
01-11 07:28:15.729 I/GameModeConfig( 1487): isGameModeOn = false
01-11 07:28:15.729 I/GameModeConfig( 1487): isDisableVoice = true
01-01 11:28:28.856 I/ ( 0): read descriptors
01-01 11:28:28.856 I/ ( 0): read strings
01-11 07:28:15.867 I/input_interaction( 1487): Interaction with: 7d6e892 com.android.documentsui/com.android.documentsui.files.FilesActivity (server), edge-swipe (server), swipe-up (server), PointerEventDispatcher0 (server),
01-11 07:28:15.937 W/FreeFormWindowHelper( 1487): Current Display FreeFormTask is null
01-11 07:28:15.937 W/FreeFormWindowHelper( 1487): Current Display FreeFormTask is null
01-11 07:28:15.937 W/FreeFormWindowHelper( 1487): Current Display FreeFormTask is null
01-11 07:28:15.937 W/FreeFormWindowHelper( 1487): Current Display FreeFormTask is null
01-11 07:28:15.937 W/FreeFormWindowHelper( 1487): Current Display FreeFormTask is null
01-11 07:28:15.937 W/FreeFormWindowHelper( 1487): Current Display FreeFormTask is null
01-11 07:28:15.937 W/FreeFormWindowHelper( 1487): Current Display FreeFormTask is null
01-11 07:28:15.938 I/wm_task_moved( 1487): [83,0,0]
01-11 07:28:15.938 I/wm_task_moved( 1487): [83,0,11]
01-11 07:28:15.940 I/wm_on_restart_called(24595): [124244050,com.android.launcher3.uioverrides.QuickstepLauncher,performRestartActivity]
01-11 07:28:15.943 W/FreeFormWindowHelper( 1487): Current Display FreeFormTask is null
01-11 07:28:15.947 W/ContextImpl(19692): Calling a method in the system process without a qualified user: android.app.ContextImpl.startService:1816 android.content.ContextWrapper.startService:774 com.thundercomm.gamemode.ingame.services.GameModeActionUtils.startGameModeService:111 com.thundercomm.gamemode.ingame.services.GameModeActionUtils.startGameModeEntry:22 com.thundercomm.gamemode.ingame.services.ActivityMonitoringService$1.onActivityLaunch:129
01-11 07:28:15.948 I/GameModeConfig( 1487): Current uri is uri = content://com.thundercomm.gamemode.api/gamemode_settings/gamemode_isgaming
01-11 07:28:15.949 I/GameModeConfig( 1487): isGameModeOn = false
01-11 07:28:15.949 I/GameModeConfig( 1487): isGameModeOn = false
01-11 07:28:15.949 I/GameModeConfig( 1487): isDisableVoice = true
01-11 07:28:15.954 I/wm_on_start_called(24595): [124244050,com.android.launcher3.uioverrides.QuickstepLauncher,handleStartActivity]
01-11 07:28:15.959 W/FreeFormWindowHelper( 1487): Current Display FreeFormTask is null
01-11 07:28:15.964 I/sysui_multi_action( 1487): [319,3,322,24,325,12506,757,761,758,9,759,5,806,com.android.launcher3,871,com.android.launcher3.uioverrides.QuickstepLauncher,904,com.android.launcher3,905,0,1320,8,1321,5]
01-11 07:28:15.976 W/FreeFormWindowHelper( 1487): Current Display FreeFormTask is null
01-11 07:28:15.991 I/view_enqueue_input_event(24813): [Motion - Cancel,com.android.documentsui/com.android.documentsui.files.FilesActivity]
01-11 07:28:16.001 I/sysui_latency(24595): [1,24]
01-11 07:28:16.004 I/input_interaction( 1487): Interaction with: edge-swipe (server), swipe-up (server), PointerEventDispatcher0 (server),
01-11 07:28:16.011 I/input_focus( 1487): [Focus request recents_animation_input_consumer,reason=UpdateInputWindows]
01-11 07:28:16.012 W/FreeFormWindowHelper( 1487): Current Display FreeFormTask is null
01-11 07:28:16.024 W/FreeFormWindowHelper( 1487): Current Display FreeFormTask is null
01-11 07:28:16.040 W/FreeFormWindowHelper( 1487): Current Display FreeFormTask is null
01-11 07:28:16.041 I/input_focus( 1487): [Focus leaving 7d6e892 com.android.documentsui/com.android.documentsui.files.FilesActivity (server),reason=NOT_FOCUSABLE]
01-11 07:28:16.041 I/input_focus( 1487): [Focus entering recents_animation_input_consumer (server),reason=setFocusedWindow]
01-11 07:28:16.142 I/wm_task_moved( 1487): [83,0,11]
01-11 07:28:16.142 I/wm_add_to_stopping( 1487): [0,124244050,com.android.launcher3/.uioverrides.QuickstepLauncher,makeInvisible]
01-11 07:28:16.139 I/auditd ( 0): type=1400 audit(0.0:14084): avc: denied { kill } for comm="swapper/2" capability=5 scontext=u:r:kernel:s0 tcontext=u:r:kernel:s0 tclass=capability permissive=0
01-11 07:28:16.144 I/input_focus( 1487): [Focus request 7d6e892 com.android.documentsui/com.android.documentsui.files.FilesActivity,reason=UpdateInputWindows]
01-11 07:28:16.145 I/wm_stop_activity( 1487): [0,124244050,com.android.launcher3/.uioverrides.QuickstepLauncher]
01-11 07:28:16.146 I/commit_sys_config_file( 1487): [settings-1-0,3]
01-11 07:28:16.164 W/FreeFormWindowHelper( 1487): Current Display FreeFormTask is null
01-11 07:28:16.175 I/input_focus( 1487): [Focus leaving recents_animation_input_consumer (server),reason=NOT_VISIBLE]
01-11 07:28:16.175 I/input_focus( 1487): [Focus entering 7d6e892 com.android.documentsui/com.android.documentsui.files.FilesActivity (server),reason=setFocusedWindow]
01-11 07:28:16.179 I/wm_on_stop_called(24595): [124244050,com.android.launcher3.uioverrides.QuickstepLauncher,STOP_ACTIVITY_ITEM]
01-11 07:28:16.181 W/UsageStatsService( 1487): Unexpected activity event reported! (com.android.launcher3/com.android.launcher3.uioverrides.QuickstepLauncher event : 23 instanceId : 199892189)
01-11 07:28:16.185 W/ContextImpl(19692): Calling a method in the system process without a qualified user: android.app.ContextImpl.startService:1816 android.content.ContextWrapper.startService:774 com.thundercomm.gamemode.ingame.services.GameModeActionUtils.startGameModeService:111 com.thundercomm.gamemode.ingame.services.GameModeActionUtils.startGameModeEntry:22 com.thundercomm.gamemode.ingame.services.ActivityMonitoringService$1.onActivityLaunch:129
01-11 07:28:16.187 I/GameModeConfig( 1487): Current uri is uri = content://com.thundercomm.gamemode.api/gamemode_settings/gamemode_isgaming
01-11 07:28:16.187 I/GameModeConfig( 1487): isGameModeOn = false
01-11 07:28:16.188 I/GameModeConfig( 1487): isGameModeOn = false
01-11 07:28:16.188 I/GameModeConfig( 1487): isDisableVoice = true
01-11 07:28:16.371 I/commit_sys_config_file( 1487): [settings-1-0,1]
01-01 11:28:29.872 I/ ( 0): read descriptors
01-01 11:28:29.872 I/ ( 0): read strings
01-11 07:28:16.803 E/TaskPersister( 1487): File error accessing recents directory (directory doesn't exist?).
01-11 07:28:16.887 I/input_interaction( 1487): Interaction with: 7d6e892 com.android.documentsui/com.android.documentsui.files.FilesActivity (server), edge-swipe (server), swipe-up (server), PointerEventDispatcher0 (server),
01-11 07:28:16.956 I/wm_task_moved( 1487): [83,0,0]
01-11 07:28:16.957 I/wm_task_moved( 1487): [83,0,11]
01-11 07:28:16.959 I/wm_on_restart_called(24595): [124244050,com.android.launcher3.uioverrides.QuickstepLauncher,performRestartActivity]
01-11 07:28:16.960 W/FreeFormWindowHelper( 1487): Current Display FreeFormTask is null
01-11 07:28:16.970 I/wm_on_start_called(24595): [124244050,com.android.launcher3.uioverrides.QuickstepLauncher,handleStartActivity]
01-11 07:28:16.975 W/ContextImpl(19692): Calling a method in the system process without a qualified user: android.app.ContextImpl.startService:1816 android.content.ContextWrapper.startService:774 com.thundercomm.gamemode.ingame.services.GameModeActionUtils.startGameModeService:111 com.thundercomm.gamemode.ingame.services.GameModeActionUtils.startGameModeEntry:22 com.thundercomm.gamemode.ingame.services.ActivityMonitoringService$1.onActivityLaunch:129
01-11 07:28:16.977 I/GameModeConfig( 1487): Current uri is uri = content://com.thundercomm.gamemode.api/gamemode_settings/gamemode_isgaming
01-11 07:28:16.978 I/GameModeConfig( 1487): isGameModeOn = false
01-11 07:28:16.978 I/GameModeConfig( 1487): isGameModeOn = false
01-11 07:28:16.978 I/GameModeConfig( 1487): isDisableVoice = true
01-11 07:28:16.979 W/FreeFormWindowHelper( 1487): Current Display FreeFormTask is null
01-11 07:28:16.984 I/sysui_multi_action( 1487): [319,2,322,25,325,12507,757,761,758,9,759,5,806,com.android.launcher3,871,com.android.launcher3.uioverrides.QuickstepLauncher,904,com.android.launcher3,905,0,1320,8,1321,5]
01-11 07:28:16.993 W/FreeFormWindowHelper( 1487): Current Display FreeFormTask is null
01-11 07:28:17.011 I/view_enqueue_input_event(24813): [Motion - Cancel,com.android.documentsui/com.android.documentsui.files.FilesActivity]
01-11 07:28:17.020 I/sysui_latency(24595): [1,25]
01-11 07:28:17.024 I/input_interaction( 1487): Interaction with: edge-swipe (server), swipe-up (server), PointerEventDispatcher0 (server),
01-11 07:28:17.030 I/input_focus( 1487): [Focus request recents_animation_input_consumer,reason=UpdateInputWindows]
01-11 07:28:17.030 W/FreeFormWindowHelper( 1487): Current Display FreeFormTask is null
01-11 07:28:17.043 W/FreeFormWindowHelper( 1487): Current Display FreeFormTask is null
01-11 07:28:17.059 W/FreeFormWindowHelper( 1487): Current Display FreeFormTask is null
01-11 07:28:17.060 I/input_focus( 1487): [Focus leaving 7d6e892 com.android.documentsui/com.android.documentsui.files.FilesActivity (server),reason=NOT_FOCUSABLE]
01-11 07:28:17.060 I/input_focus( 1487): [Focus entering recents_animation_input_consumer (server),reason=setFocusedWindow]
01-11 07:28:17.139 I/auditd ( 0): type=1400 audit(0.0:14085): avc: denied { kill } for comm="swapper/2" capability=5 scontext=u:r:kernel:s0 tcontext=u:r:kernel:s0 tclass=capability permissive=0
01-11 07:28:17.173 I/commit_sys_config_file( 1487): [settings-1-0,3]
01-11 07:28:17.196 W/FreeFormWindowHelper( 1487): Current Display FreeFormTask is null
01-11 07:28:17.283 I/sysui_latency( 1487): [8,26]
01-11 07:28:17.401 I/commit_sys_config_file( 1487): [settings-1-0,5]
01-01 11:28:30.889 I/ ( 0): read descriptors
01-01 11:28:30.889 I/ ( 0): read strings
01-11 07:28:18.139 I/auditd ( 0): type=1400 audit(0.0:14086): avc: denied { kill } for comm="swapper/2" capability=5 scontext=u:r:kernel:s0 tcontext=u:r:kernel:s0 tclass=capability permissive=0
01-11 07:28:18.313 W/FreeFormWindowHelper( 1487): Current Display FreeFormTask is null
01-11 07:28:18.321 I/wm_task_moved( 1487): [83,1,12]
01-11 07:28:18.323 I/wm_task_moved( 1487): [84,1,2147483647]
01-11 07:28:18.323 I/wm_task_to_front( 1487): [0,84]
01-11 07:28:18.323 I/wm_on_top_resumed_lost_called(24813): [65274594,com.android.documentsui.files.FilesActivity,topStateChangedWhenResumed]
01-11 07:28:18.323 I/wm_focused_root_task( 1487): [0,0,83,89,RecentsAnimation.onAnimationFinished()]
01-11 07:28:18.323 I/wm_set_resumed_activity( 1487): [0,com.android.launcher3/.uioverrides.QuickstepLauncher,RecentsAnimation.onAnimationFinished()]
01-11 07:28:18.325 I/wm_pause_activity( 1487): [0,65274594,com.android.documentsui/.files.FilesActivity,userLeaving=true,pauseBackTasks]
01-11 07:28:18.326 I/wm_add_to_stopping( 1487): [0,65274594,com.android.documentsui/.files.FilesActivity,makeInvisible]
01-11 07:28:18.326 I/ActivityTaskManager( 1487): FOREGROUND_APPLICATION_CHANGED to com.android.launcher3.uioverrides.QuickstepLauncher
01-11 07:28:18.326 I/wm_set_resumed_activity( 1487): [0,com.android.launcher3/.uioverrides.QuickstepLauncher,resumeTopActivityInnerLocked]
01-11 07:28:18.329 I/wm_resume_activity( 1487): [0,124244050,84,com.android.launcher3/.uioverrides.QuickstepLauncher]
01-11 07:28:18.331 I/wm_on_resume_called(24595): [124244050,com.android.launcher3.uioverrides.QuickstepLauncher,RESUME_ACTIVITY]
01-11 07:28:18.337 I/input_focus( 1487): [Focus request 84fe8a0 com.android.launcher3/com.android.launcher3.uioverrides.QuickstepLauncher,reason=UpdateInputWindows]
01-11 07:28:18.340 I/wm_stop_activity( 1487): [0,65274594,com.android.documentsui/.files.FilesActivity]
01-11 07:28:18.341 I/wm_on_top_resumed_gained_called(24595): [124244050,com.android.launcher3.uioverrides.QuickstepLauncher,topStateChangedWhenResumed]
01-11 07:28:18.341 I/wm_on_paused_called(24813): [65274594,com.android.documentsui.files.FilesActivity,performPause]
01-11 07:28:18.342 I/sysui_multi_action( 1487): [757,803,799,window_time_0,802,3]
01-11 07:28:18.344 I/wm_on_stop_called(24813): [65274594,com.android.documentsui.files.FilesActivity,STOP_ACTIVITY_ITEM]
01-11 07:28:18.347 I/input_focus( 1487): [Focus leaving recents_animation_input_consumer (server),reason=NOT_VISIBLE]
01-11 07:28:18.351 I/sysui_multi_action( 1487): [757,803,799,window_time_0,802,0]
01-11 07:28:18.365 I/input_focus( 1487): [Focus entering 84fe8a0 com.android.launcher3/com.android.launcher3.uioverrides.QuickstepLauncher (server),reason=setFocusedWindow]
01-11 07:28:18.370 W/ContextImpl(19692): Calling a method in the system process without a qualified user: android.app.ContextImpl.startService:1816 android.content.ContextWrapper.startService:774 com.thundercomm.gamemode.ingame.services.GameModeActionUtils.startGameModeService:111 com.thundercomm.gamemode.ingame.services.GameModeActionUtils.startGameModeEntry:22 com.thundercomm.gamemode.ingame.services.ActivityMonitoringService$1.onActivityLaunch:129
01-11 07:28:18.375 I/GameModeConfig( 1487): Current uri is uri = content://com.thundercomm.gamemode.api/gamemode_settings/gamemode_isgaming
01-11 07:28:18.376 I/GameModeConfig( 1487): isGameModeOn = false
01-11 07:28:18.376 I/GameModeConfig( 1487): isGameModeOn = false
01-11 07:28:18.376 I/GameModeConfig( 1487): isDisableVoice = true
01-11 07:28:18.439 W/FreeFormWindowHelper( 1487): Current Display FreeFormTask is null
01-11 07:28:18.439 W/FreeFormWindowHelper( 1487): Current Display FreeFormTask is null
01-11 07:28:18.439 W/FreeFormWindowHelper( 1487): Current Display FreeFormTask is null
01-11 07:28:18.445 W/ContextImpl(19692): Calling a method in the system process without a qualified user: android.app.ContextImpl.startService:1816 android.content.ContextWrapper.startService:774 com.thundercomm.gamemode.ingame.services.GameModeActionUtils.startGameModeService:111 com.thundercomm.gamemode.ingame.services.GameModeActionUtils.startGameModeEntry:22 com.thundercomm.gamemode.ingame.services.ActivityMonitoringService$1.onActivityLaunch:129
01-11 07:28:18.450 I/GameModeConfig( 1487): Current uri is uri = content://com.thundercomm.gamemode.api/gamemode_settings/gamemode_isgaming
01-11 07:28:18.452 I/GameModeConfig( 1487): isGameModeOn = false
01-11 07:28:18.452 I/GameModeConfig( 1487): isGameModeOn = false
01-11 07:28:18.452 I/GameModeConfig( 1487): isDisableVoice = true
01-01 11:28:31.910 I/ ( 0): read descriptors
01-01 11:28:31.910 I/ ( 0): read strings
01-11 07:28:19.139 I/auditd ( 0): type=1400 audit(0.0:14087): avc: denied { kill } for comm="swapper/2" capability=5 scontext=u:r:kernel:s0 tcontext=u:r:kernel:s0 tclass=capability permissive=0
01-11 07:28:19.259 I/input_interaction( 1487): Interaction with: 84fe8a0 com.android.launcher3/com.android.launcher3.uioverrides.QuickstepLauncher (server), c9f455c com.android.systemui.ImageWallpaper (server), edge-swipe (server), swipe-up (server), PointerEventDispatcher0 (server),
01-11 07:28:19.594 I/commit_sys_config_file( 1487): [settings-1-0,4]
01-01 11:28:32.926 I/ ( 0): read descriptors
01-01 11:28:32.926 I/ ( 0): read strings
01-11 07:28:20.143 I/auditd ( 0): type=1400 audit(0.0:14088): avc: denied { kill } for comm="swapper/2" capability=5 scontext=u:r:kernel:s0 tcontext=u:r:kernel:s0 tclass=capability permissive=0
01-11 07:28:20.509 I/thunderperf( 1487): PlatormCompat.setOverrides: Uid1=10071 Pid1=24595 Uid2=10071 Pid2=24595
01-11 07:28:20.509 I/thunderperf( 1487): PlatormCompat.setOverrides: needCheck:false
01-11 07:28:20.509 I/thunderperf( 1487): CompatConfig.addOverrideUnsafe: bef-state=1
01-11 07:28:20.510 E/thunderperf( 1487): CompatConfig.addOverrideUnsafe: exception:java.lang.SecurityException: Cannot override a change on a non-debuggable app and user build.
01-11 07:28:20.510 I/thunderperf( 1487): CompatConfig.addOverrideUnsafe: aft-state=1
01-11 07:28:20.511 I/thunderperf( 1487): CompatConfig.addOverrideUnsafe: bef-state=1
01-11 07:28:20.512 E/thunderperf( 1487): CompatConfig.addOverrideUnsafe: exception:java.lang.SecurityException: Cannot override a change on a non-debuggable app and user build.
01-11 07:28:20.512 I/thunderperf( 1487): CompatConfig.addOverrideUnsafe: aft-state=1
01-11 07:28:20.512 I/thunderperf( 1487): CompatConfig.addOverrideUnsafe: bef-state=1
01-11 07:28:20.513 E/thunderperf( 1487): CompatConfig.addOverrideUnsafe: exception:java.lang.SecurityException: Cannot override a change on a non-debuggable app and user build.
01-11 07:28:20.513 I/thunderperf( 1487): CompatConfig.addOverrideUnsafe: aft-state=1
01-11 07:28:20.514 I/thunderperf( 1487): CompatConfig.addOverrideUnsafe: bef-state=1
01-11 07:28:20.514 E/thunderperf( 1487): CompatConfig.addOverrideUnsafe: exception:java.lang.SecurityException: Cannot override a change on a non-debuggable app and user build.
01-11 07:28:20.514 I/thunderperf( 1487): CompatConfig.addOverrideUnsafe: aft-state=1
01-11 07:28:20.515 I/thunderperf( 1487): CompatConfig.addOverrideUnsafe: bef-state=1
01-11 07:28:20.515 E/thunderperf( 1487): CompatConfig.addOverrideUnsafe: exception:java.lang.SecurityException: Cannot override a change on a non-debuggable app and user build.
01-11 07:28:20.515 I/thunderperf( 1487): CompatConfig.addOverrideUnsafe: aft-state=1
01-11 07:28:20.516 I/thunderperf( 1487): CompatConfig.addOverrideUnsafe: bef-state=1
01-11 07:28:20.516 E/thunderperf( 1487): CompatConfig.addOverrideUnsafe: exception:java.lang.SecurityException: Cannot override a change on a non-debuggable app and user build.
01-11 07:28:20.516 I/thunderperf( 1487): CompatConfig.addOverrideUnsafe: aft-state=1
01-11 07:28:20.517 I/thunderperf( 1487): CompatConfig.addOverrideUnsafe: bef-state=1
01-11 07:28:20.517 E/thunderperf( 1487): CompatConfig.addOverrideUnsafe: exception:java.lang.SecurityException: Cannot override a change on a non-debuggable app and user build.
01-11 07:28:20.517 I/thunderperf( 1487): CompatConfig.addOverrideUnsafe: aft-state=1
01-11 07:28:20.518 I/thunderperf( 1487): CompatConfig.addOverrideUnsafe: bef-state=1
01-11 07:28:20.518 E/thunderperf( 1487): CompatConfig.addOverrideUnsafe: exception:java.lang.SecurityException: Cannot override a change on a non-debuggable app and user build.
01-11 07:28:20.518 I/thunderperf( 1487): CompatConfig.addOverrideUnsafe: aft-state=1
01-11 07:28:20.519 I/thunderperf( 1487): CompatConfig.addOverrideUnsafe: bef-state=1
01-11 07:28:20.520 E/thunderperf( 1487): CompatConfig.addOverrideUnsafe: exception:java.lang.SecurityException: Cannot override a change on a non-debuggable app and user build.
01-11 07:28:20.520 I/thunderperf( 1487): CompatConfig.addOverrideUnsafe: aft-state=1
01-11 07:28:20.520 I/thunderperf( 1487): CompatConfig.addOverrideUnsafe: bef-state=1
01-11 07:28:20.521 E/thunderperf( 1487): CompatConfig.addOverrideUnsafe: exception:java.lang.SecurityException: Cannot override a change on a non-debuggable app and user build.
01-11 07:28:20.521 I/thunderperf( 1487): CompatConfig.addOverrideUnsafe: aft-state=1
01-11 07:28:20.521 I/thunderperf( 1487): CompatConfig.addOverrideUnsafe: bef-state=1
01-11 07:28:20.522 E/thunderperf( 1487): CompatConfig.addOverrideUnsafe: exception:java.lang.SecurityException: Cannot override a change on a non-debuggable app and user build.
01-11 07:28:20.522 I/thunderperf( 1487): CompatConfig.addOverrideUnsafe: aft-state=1
01-11 07:28:20.522 I/thunderperf( 1487): CompatConfig.addOverrideUnsafe: bef-state=1
01-11 07:28:20.522 E/thunderperf( 1487): CompatConfig.addOverrideUnsafe: exception:java.lang.SecurityException: Cannot override a change on a non-debuggable app and user build.
01-11 07:28:20.522 I/thunderperf( 1487): CompatConfig.addOverrideUnsafe: aft-state=1
01-11 07:28:20.523 I/thunderperf( 1487): CompatConfig.addOverrideUnsafe: bef-state=1
01-11 07:28:20.523 E/thunderperf( 1487): CompatConfig.addOverrideUnsafe: exception:java.lang.SecurityException: Cannot override a change on a non-debuggable app and user build.
01-11 07:28:20.523 I/thunderperf( 1487): CompatConfig.addOverrideUnsafe: aft-state=1
01-11 07:28:20.523 I/thunderperf( 1487): CompatConfig.addOverrideUnsafe: bef-state=1
01-11 07:28:20.524 E/thunderperf( 1487): CompatConfig.addOverrideUnsafe: exception:java.lang.SecurityException: Cannot override a change on a non-debuggable app and user build.
01-11 07:28:20.524 I/thunderperf( 1487): CompatConfig.addOverrideUnsafe: aft-state=1
01-11 07:28:20.529 I/ActivityTaskManager( 1487): START u0 {act=android.intent.action.MAIN cat=[android.intent.category.LAUNCHER] flg=0x10200000 cmp=com.android.deskclock/.DeskClock bnds=[590,252][890,550]} from uid 10071
01-11 07:28:20.531 I/wm_task_moved( 1487): [86,1,12]
01-11 07:28:20.531 I/wm_task_to_front( 1487): [0,86]
01-11 07:28:20.531 I/wm_focused_root_task( 1487): [0,0,86,83,bringingFoundTaskToFront]
01-11 07:28:20.532 I/wm_set_resumed_activity( 1487): [0,com.android.deskclock/.DeskClock,bringingFoundTaskToFront]
01-11 07:28:20.532 I/wm_new_intent( 1487): [0,73309397,86,com.android.deskclock/.DeskClock,android.intent.action.MAIN,NULL,NULL,270532608]
01-11 07:28:20.534 I/wm_pause_activity( 1487): [0,124244050,com.android.launcher3/.uioverrides.QuickstepLauncher,userLeaving=true,pauseBackTasks]
01-11 07:28:20.541 I/wm_on_top_resumed_lost_called(24595): [124244050,com.android.launcher3.uioverrides.QuickstepLauncher,topStateChangedWhenResumed]
01-11 07:28:20.544 I/wm_on_paused_called(24595): [124244050,com.android.launcher3.uioverrides.QuickstepLauncher,performPause]
01-11 07:28:20.547 I/ActivityTaskManager( 1487): FOREGROUND_APPLICATION_CHANGED to com.android.deskclock.DeskClock
01-11 07:28:20.549 I/wm_set_resumed_activity( 1487): [0,com.android.deskclock/.DeskClock,resumeTopActivityInnerLocked]
01-11 07:28:20.549 I/wm_add_to_stopping( 1487): [0,124244050,com.android.launcher3/.uioverrides.QuickstepLauncher,makeInvisible]
01-11 07:28:20.558 I/wm_resume_activity( 1487): [0,73309397,86,com.android.deskclock/.DeskClock]
01-11 07:28:20.564 I/sysui_multi_action( 1487): [757,803,799,window_time_0,802,2]
01-11 07:28:20.564 I/wm_on_restart_called(23991): [73309397,com.android.deskclock.DeskClock,performRestartActivity]
01-11 07:28:20.567 I/wm_on_start_called(23991): [73309397,com.android.deskclock.DeskClock,handleStartActivity]
01-11 07:28:20.567 I/wm_on_resume_called(23991): [73309397,com.android.deskclock.DeskClock,RESUME_ACTIVITY]
01-11 07:28:20.568 W/ContextImpl(19692): Calling a method in the system process without a qualified user: android.app.ContextImpl.startService:1816 android.content.ContextWrapper.startService:774 com.thundercomm.gamemode.ingame.services.GameModeActionUtils.startGameModeService:111 com.thundercomm.gamemode.ingame.services.GameModeActionUtils.startGameModeEntry:22 com.thundercomm.gamemode.ingame.services.ActivityMonitoringService$1.onActivityLaunch:129
01-11 07:28:20.569 I/wm_on_top_resumed_gained_called(23991): [73309397,com.android.deskclock.DeskClock,topWhenResuming]
01-11 07:28:20.569 I/input_focus( 1487): [Focus leaving 84fe8a0 com.android.launcher3/com.android.launcher3.uioverrides.QuickstepLauncher (server),reason=NO_WINDOW]
01-11 07:28:20.576 I/GameModeConfig( 1487): Current uri is uri = content://com.thundercomm.gamemode.api/gamemode_settings/gamemode_isgaming
01-11 07:28:20.576 I/input_focus( 1487): [Focus request 6506da8 com.android.deskclock/com.android.deskclock.DeskClock,reason=UpdateInputWindows]
01-11 07:28:20.578 I/GameModeConfig( 1487): isGameModeOn = false
01-11 07:28:20.579 I/GameModeConfig( 1487): isGameModeOn = false
01-11 07:28:20.579 I/GameModeConfig( 1487): isDisableVoice = true
01-11 07:28:20.591 I/sysui_multi_action( 1487): [319,38,321,36,322,59,325,12511,757,761,758,9,759,4,806,com.android.deskclock,871,com.android.deskclock.DeskClock,904,com.android.launcher3,905,0,1320,17,1321,1]
01-11 07:28:20.603 I/input_focus( 1487): [Focus entering 6506da8 com.android.deskclock/com.android.deskclock.DeskClock (server),reason=setFocusedWindow]
01-11 07:28:20.659 W/FreeFormWindowHelper( 1487): Current Display FreeFormTask is null
01-11 07:28:20.659 W/FreeFormWindowHelper( 1487): Current Display FreeFormTask is null
01-11 07:28:20.659 W/FreeFormWindowHelper( 1487): Current Display FreeFormTask is null
01-11 07:28:20.665 W/ContextImpl(19692): Calling a method in the system process without a qualified user: android.app.ContextImpl.startService:1816 android.content.ContextWrapper.startService:774 com.thundercomm.gamemode.ingame.services.GameModeActionUtils.startGameModeService:111 com.thundercomm.gamemode.ingame.services.GameModeActionUtils.startGameModeEntry:22 com.thundercomm.gamemode.ingame.services.ActivityMonitoringService$1.onActivityLaunch:129
01-11 07:28:20.669 I/GameModeConfig( 1487): Current uri is uri = content://com.thundercomm.gamemode.api/gamemode_settings/gamemode_isgaming
01-11 07:28:20.671 I/GameModeConfig( 1487): isGameModeOn = false
01-11 07:28:20.671 I/GameModeConfig( 1487): isGameModeOn = false
01-11 07:28:20.671 I/GameModeConfig( 1487): isDisableVoice = true
01-01 11:28:33.954 I/ ( 0): read descriptors
01-01 11:28:33.954 I/ ( 0): read strings
01-11 07:28:21.108 I/wm_stop_activity( 1487): [0,124244050,com.android.launcher3/.uioverrides.QuickstepLauncher]
01-11 07:28:21.128 I/wm_on_stop_called(24595): [124244050,com.android.launcher3.uioverrides.QuickstepLauncher,STOP_ACTIVITY_ITEM]
01-11 07:28:21.139 I/auditd ( 0): type=1400 audit(0.0:14089): avc: denied { kill } for comm="swapper/2" capability=5 scontext=u:r:kernel:s0 tcontext=u:r:kernel:s0 tclass=capability permissive=0
01-11 07:28:21.149 W/ContextImpl(19692): Calling a method in the system process without a qualified user: android.app.ContextImpl.startService:1816 android.content.ContextWrapper.startService:774 com.thundercomm.gamemode.ingame.services.GameModeActionUtils.startGameModeService:111 com.thundercomm.gamemode.ingame.services.GameModeActionUtils.startGameModeEntry:22 com.thundercomm.gamemode.ingame.services.ActivityMonitoringService$1.onActivityLaunch:129
01-11 07:28:21.154 I/GameModeConfig( 1487): Current uri is uri = content://com.thundercomm.gamemode.api/gamemode_settings/gamemode_isgaming
01-11 07:28:21.156 I/GameModeConfig( 1487): isGameModeOn = false
01-11 07:28:21.156 I/GameModeConfig( 1487): isGameModeOn = false
01-11 07:28:21.156 I/GameModeConfig( 1487): isDisableVoice = true
01-11 07:28:21.442 I/input_interaction( 1487): Interaction with: 6506da8 com.android.deskclock/com.android.deskclock.DeskClock (server), edge-swipe (server), swipe-up (server), PointerEventDispatcher0 (server),
01-11 07:28:21.449 W/FreeFormWindowHelper( 1487): Current Display FreeFormTask is null
01-11 07:28:21.449 W/FreeFormWindowHelper( 1487): Current Display FreeFormTask is null
01-11 07:28:21.449 W/FreeFormWindowHelper( 1487): Current Display FreeFormTask is null
01-11 07:28:21.449 W/FreeFormWindowHelper( 1487): Current Display FreeFormTask is null
01-11 07:28:21.449 W/FreeFormWindowHelper( 1487): Current Display FreeFormTask is null
01-11 07:28:21.449 W/FreeFormWindowHelper( 1487): Current Display FreeFormTask is null
01-11 07:28:21.449 W/FreeFormWindowHelper( 1487): Current Display FreeFormTask is null
01-11 07:28:21.452 I/wm_task_moved( 1487): [83,0,0]
01-11 07:28:21.453 I/wm_task_moved( 1487): [83,0,11]
01-11 07:28:21.458 I/wm_on_restart_called(24595): [124244050,com.android.launcher3.uioverrides.QuickstepLauncher,performRestartActivity]
01-11 07:28:21.464 W/FreeFormWindowHelper( 1487): Current Display FreeFormTask is null
01-11 07:28:21.469 W/ContextImpl(19692): Calling a method in the system process without a qualified user: android.app.ContextImpl.startService:1816 android.content.ContextWrapper.startService:774 com.thundercomm.gamemode.ingame.services.GameModeActionUtils.startGameModeService:111 com.thundercomm.gamemode.ingame.services.GameModeActionUtils.startGameModeEntry:22 com.thundercomm.gamemode.ingame.services.ActivityMonitoringService$1.onActivityLaunch:129
01-11 07:28:21.472 I/GameModeConfig( 1487): Current uri is uri = content://com.thundercomm.gamemode.api/gamemode_settings/gamemode_isgaming
01-11 07:28:21.474 I/GameModeConfig( 1487): isGameModeOn = false
01-11 07:28:21.474 I/GameModeConfig( 1487): isGameModeOn = false
01-11 07:28:21.474 I/GameModeConfig( 1487): isDisableVoice = true
01-11 07:28:21.486 I/wm_on_start_called(24595): [124244050,com.android.launcher3.uioverrides.QuickstepLauncher,handleStartActivity]
01-11 07:28:21.486 I/view_enqueue_input_event(23991): [Motion - Cancel,com.android.deskclock/com.android.deskclock.DeskClock]
01-11 07:28:21.492 I/input_focus( 1487): [Focus request recents_animation_input_consumer,reason=UpdateInputWindows]
01-11 07:28:21.493 W/FreeFormWindowHelper( 1487): Current Display FreeFormTask is null
01-11 07:28:21.494 I/sysui_latency(24595): [1,52]
01-11 07:28:21.494 I/input_interaction( 1487): Interaction with: edge-swipe (server), swipe-up (server), PointerEventDispatcher0 (server),
01-11 07:28:21.504 W/FreeFormWindowHelper( 1487): Current Display FreeFormTask is null
01-11 07:28:21.505 I/input_focus( 1487): [Focus leaving 6506da8 com.android.deskclock/com.android.deskclock.DeskClock (server),reason=NOT_FOCUSABLE]
01-11 07:28:21.505 I/input_focus( 1487): [Focus entering recents_animation_input_consumer (server),reason=setFocusedWindow]
01-11 07:28:21.511 I/sysui_multi_action( 1487): [319,9,322,50,325,12512,757,761,758,9,759,5,806,com.android.launcher3,871,com.android.launcher3.uioverrides.QuickstepLauncher,904,com.android.launcher3,905,0,1320,8,1321,5]
01-11 07:28:21.520 W/FreeFormWindowHelper( 1487): Current Display FreeFormTask is null
01-11 07:28:21.537 W/FreeFormWindowHelper( 1487): Current Display FreeFormTask is null
01-11 07:28:21.604 W/FreeFormWindowHelper( 1487): Current Display FreeFormTask is null
01-11 07:28:21.665 I/commit_sys_config_file( 1487): [settings-1-0,3]
01-11 07:28:21.804 I/sysui_latency( 1487): [8,55]
01-01 11:28:34.975 I/ ( 0): read descriptors
01-01 11:28:34.975 I/ ( 0): read strings
01-11 07:28:22.139 I/auditd ( 0): type=1400 audit(0.0:14090): avc: denied { kill } for comm="swapper/2" capability=5 scontext=u:r:kernel:s0 tcontext=u:r:kernel:s0 tclass=capability permissive=0
01-11 07:28:22.306 W/FreeFormWindowHelper( 1487): Current Display FreeFormTask is null
01-11 07:28:22.311 I/wm_task_moved( 1487): [83,1,12]
01-11 07:28:22.313 I/wm_task_moved( 1487): [84,1,2147483647]
01-11 07:28:22.313 I/wm_task_to_front( 1487): [0,84]
01-11 07:28:22.313 I/wm_focused_root_task( 1487): [0,0,83,86,RecentsAnimation.onAnimationFinished()]
01-11 07:28:22.313 I/wm_set_resumed_activity( 1487): [0,com.android.launcher3/.uioverrides.QuickstepLauncher,RecentsAnimation.onAnimationFinished()]
01-11 07:28:22.313 I/wm_on_top_resumed_lost_called(23991): [73309397,com.android.deskclock.DeskClock,topStateChangedWhenResumed]
01-11 07:28:22.314 I/wm_pause_activity( 1487): [0,73309397,com.android.deskclock/.DeskClock,userLeaving=true,pauseBackTasks]
01-11 07:28:22.315 I/wm_add_to_stopping( 1487): [0,73309397,com.android.deskclock/.DeskClock,makeInvisible]
01-11 07:28:22.315 I/ActivityTaskManager( 1487): FOREGROUND_APPLICATION_CHANGED to com.android.launcher3.uioverrides.QuickstepLauncher
01-11 07:28:22.316 I/wm_set_resumed_activity( 1487): [0,com.android.launcher3/.uioverrides.QuickstepLauncher,resumeTopActivityInnerLocked]
01-11 07:28:22.318 I/wm_resume_activity( 1487): [0,124244050,84,com.android.launcher3/.uioverrides.QuickstepLauncher]
01-11 07:28:22.319 I/wm_on_resume_called(24595): [124244050,com.android.launcher3.uioverrides.QuickstepLauncher,RESUME_ACTIVITY]
01-11 07:28:22.328 I/input_focus( 1487): [Focus request 84fe8a0 com.android.launcher3/com.android.launcher3.uioverrides.QuickstepLauncher,reason=UpdateInputWindows]
01-11 07:28:22.329 I/wm_on_top_resumed_gained_called(24595): [124244050,com.android.launcher3.uioverrides.QuickstepLauncher,topStateChangedWhenResumed]
01-11 07:28:22.330 I/wm_on_paused_called(23991): [73309397,com.android.deskclock.DeskClock,performPause]
01-11 07:28:22.333 I/wm_stop_activity( 1487): [0,73309397,com.android.deskclock/.DeskClock]
01-11 07:28:22.335 I/sysui_multi_action( 1487): [757,803,799,window_time_0,802,2]
01-11 07:28:22.338 I/sysui_multi_action( 1487): [757,803,799,window_time_0,802,0]
01-11 07:28:22.341 I/input_focus( 1487): [Focus leaving recents_animation_input_consumer (server),reason=NOT_VISIBLE]
01-11 07:28:22.342 I/input_focus( 1487): [Focus entering 84fe8a0 com.android.launcher3/com.android.launcher3.uioverrides.QuickstepLauncher (server),reason=setFocusedWindow]
01-11 07:28:22.353 I/wm_on_stop_called(23991): [73309397,com.android.deskclock.DeskClock,STOP_ACTIVITY_ITEM]
01-11 07:28:22.369 W/ContextImpl(19692): Calling a method in the system process without a qualified user: android.app.ContextImpl.startService:1816 android.content.ContextWrapper.startService:774 com.thundercomm.gamemode.ingame.services.GameModeActionUtils.startGameModeService:111 com.thundercomm.gamemode.ingame.services.GameModeActionUtils.startGameModeEntry:22 com.thundercomm.gamemode.ingame.services.ActivityMonitoringService$1.onActivityLaunch:129
01-11 07:28:22.372 I/GameModeConfig( 1487): Current uri is uri = content://com.thundercomm.gamemode.api/gamemode_settings/gamemode_isgaming
01-11 07:28:22.374 I/GameModeConfig( 1487): isGameModeOn = false
01-11 07:28:22.375 I/GameModeConfig( 1487): isGameModeOn = false
01-11 07:28:22.375 I/GameModeConfig( 1487): isDisableVoice = true
01-11 07:28:22.431 W/FreeFormWindowHelper( 1487): Current Display FreeFormTask is null
01-11 07:28:22.431 W/FreeFormWindowHelper( 1487): Current Display FreeFormTask is null
01-11 07:28:22.431 W/FreeFormWindowHelper( 1487): Current Display FreeFormTask is null
01-11 07:28:22.437 W/ContextImpl(19692): Calling a method in the system process without a qualified user: android.app.ContextImpl.startService:1816 android.content.ContextWrapper.startService:774 com.thundercomm.gamemode.ingame.services.GameModeActionUtils.startGameModeService:111 com.thundercomm.gamemode.ingame.services.GameModeActionUtils.startGameModeEntry:22 com.thundercomm.gamemode.ingame.services.ActivityMonitoringService$1.onActivityLaunch:129
01-11 07:28:22.440 I/GameModeConfig( 1487): Current uri is uri = content://com.thundercomm.gamemode.api/gamemode_settings/gamemode_isgaming
01-11 07:28:22.442 I/GameModeConfig( 1487): isGameModeOn = false
01-11 07:28:22.443 I/GameModeConfig( 1487): isGameModeOn = false
01-11 07:28:22.443 I/GameModeConfig( 1487): isDisableVoice = true
01-11 07:28:22.826 I/input_interaction( 1487): Interaction with: 84fe8a0 com.android.launcher3/com.android.launcher3.uioverrides.QuickstepLauncher (server), c9f455c com.android.systemui.ImageWallpaper (server), edge-swipe (server), swipe-up (server), PointerEventDispatcher0 (server),
01-01 11:28:35.997 I/ ( 0): read descriptors
01-01 11:28:35.997 I/ ( 0): read strings
01-11 07:28:23.220 I/commit_sys_config_file( 1487): [settings-1-0,5]
01-11 07:28:23.556 E/TaskPersister( 1487): File error accessing recents directory (directory doesn't exist?).
01-11 07:28:23.863 I/thunderperf( 1487): PlatormCompat.setOverrides: Uid1=10071 Pid1=24595 Uid2=10071 Pid2=24595
01-11 07:28:23.863 I/thunderperf( 1487): PlatormCompat.setOverrides: needCheck:false
01-11 07:28:23.863 I/thunderperf( 1487): CompatConfig.addOverrideUnsafe: bef-state=1
01-11 07:28:23.864 E/thunderperf( 1487): CompatConfig.addOverrideUnsafe: exception:java.lang.SecurityException: Cannot override a change on a non-debuggable app and user build.
01-11 07:28:23.864 I/thunderperf( 1487): CompatConfig.addOverrideUnsafe: aft-state=1
01-11 07:28:23.865 I/thunderperf( 1487): CompatConfig.addOverrideUnsafe: bef-state=1
01-11 07:28:23.866 E/thunderperf( 1487): CompatConfig.addOverrideUnsafe: exception:java.lang.SecurityException: Cannot override a change on a non-debuggable app and user build.
01-11 07:28:23.866 I/thunderperf( 1487): CompatConfig.addOverrideUnsafe: aft-state=1
01-11 07:28:23.867 I/thunderperf( 1487): CompatConfig.addOverrideUnsafe: bef-state=1
01-11 07:28:23.867 E/thunderperf( 1487): CompatConfig.addOverrideUnsafe: exception:java.lang.SecurityException: Cannot override a change on a non-debuggable app and user build.
01-11 07:28:23.867 I/thunderperf( 1487): CompatConfig.addOverrideUnsafe: aft-state=1
01-11 07:28:23.869 I/thunderperf( 1487): CompatConfig.addOverrideUnsafe: bef-state=1
01-11 07:28:23.869 E/thunderperf( 1487): CompatConfig.addOverrideUnsafe: exception:java.lang.SecurityException: Cannot override a change on a non-debuggable app and user build.
01-11 07:28:23.869 I/thunderperf( 1487): CompatConfig.addOverrideUnsafe: aft-state=1
01-11 07:28:23.870 I/thunderperf( 1487): CompatConfig.addOverrideUnsafe: bef-state=1
01-11 07:28:23.870 E/thunderperf( 1487): CompatConfig.addOverrideUnsafe: exception:java.lang.SecurityException: Cannot override a change on a non-debuggable app and user build.
01-11 07:28:23.870 I/thunderperf( 1487): CompatConfig.addOverrideUnsafe: aft-state=1
01-11 07:28:23.871 I/thunderperf( 1487): CompatConfig.addOverrideUnsafe: bef-state=1
01-11 07:28:23.872 E/thunderperf( 1487): CompatConfig.addOverrideUnsafe: exception:java.lang.SecurityException: Cannot override a change on a non-debuggable app and user build.
01-11 07:28:23.872 I/thunderperf( 1487): CompatConfig.addOverrideUnsafe: aft-state=1
01-11 07:28:23.873 I/thunderperf( 1487): CompatConfig.addOverrideUnsafe: bef-state=1
01-11 07:28:23.873 E/thunderperf( 1487): CompatConfig.addOverrideUnsafe: exception:java.lang.SecurityException: Cannot override a change on a non-debuggable app and user build.
01-11 07:28:23.873 I/thunderperf( 1487): CompatConfig.addOverrideUnsafe: aft-state=1
01-11 07:28:23.874 I/thunderperf( 1487): CompatConfig.addOverrideUnsafe: bef-state=1
01-11 07:28:23.875 E/thunderperf( 1487): CompatConfig.addOverrideUnsafe: exception:java.lang.SecurityException: Cannot override a change on a non-debuggable app and user build.
01-11 07:28:23.875 I/thunderperf( 1487): CompatConfig.addOverrideUnsafe: aft-state=1
01-11 07:28:23.875 I/thunderperf( 1487): CompatConfig.addOverrideUnsafe: bef-state=1
01-11 07:28:23.876 E/thunderperf( 1487): CompatConfig.addOverrideUnsafe: exception:java.lang.SecurityException: Cannot override a change on a non-debuggable app and user build.
01-11 07:28:23.876 I/thunderperf( 1487): CompatConfig.addOverrideUnsafe: aft-state=1
01-11 07:28:23.877 I/thunderperf( 1487): CompatConfig.addOverrideUnsafe: bef-state=1
01-11 07:28:23.877 E/thunderperf( 1487): CompatConfig.addOverrideUnsafe: exception:java.lang.SecurityException: Cannot override a change on a non-debuggable app and user build.
01-11 07:28:23.877 I/thunderperf( 1487): CompatConfig.addOverrideUnsafe: aft-state=1
01-11 07:28:23.878 I/thunderperf( 1487): CompatConfig.addOverrideUnsafe: bef-state=1
01-11 07:28:23.879 E/thunderperf( 1487): CompatConfig.addOverrideUnsafe: exception:java.lang.SecurityException: Cannot override a change on a non-debuggable app and user build.
01-11 07:28:23.879 I/thunderperf( 1487): CompatConfig.addOverrideUnsafe: aft-state=1
01-11 07:28:23.879 I/thunderperf( 1487): CompatConfig.addOverrideUnsafe: bef-state=1
01-11 07:28:23.880 E/thunderperf( 1487): CompatConfig.addOverrideUnsafe: exception:java.lang.SecurityException: Cannot override a change on a non-debuggable app and user build.
01-11 07:28:23.880 I/thunderperf( 1487): CompatConfig.addOverrideUnsafe: aft-state=1
01-11 07:28:23.881 I/thunderperf( 1487): CompatConfig.addOverrideUnsafe: bef-state=1
01-11 07:28:23.881 E/thunderperf( 1487): CompatConfig.addOverrideUnsafe: exception:java.lang.SecurityException: Cannot override a change on a non-debuggable app and user build.
01-11 07:28:23.881 I/thunderperf( 1487): CompatConfig.addOverrideUnsafe: aft-state=1
01-11 07:28:23.882 I/thunderperf( 1487): CompatConfig.addOverrideUnsafe: bef-state=1
01-11 07:28:23.882 E/thunderperf( 1487): CompatConfig.addOverrideUnsafe: exception:java.lang.SecurityException: Cannot override a change on a non-debuggable app and user build.
01-11 07:28:23.882 I/thunderperf( 1487): CompatConfig.addOverrideUnsafe: aft-state=1
01-11 07:28:23.887 I/ActivityTaskManager( 1487): START u0 {act=android.intent.action.MAIN cat=[android.intent.category.LAUNCHER] flg=0x10200000 cmp=com.android.calendar/.AllInOneActivity bnds=[290,252][590,550]} from uid 10071
01-11 07:28:23.889 I/wm_task_moved( 1487): [87,1,12]
01-11 07:28:23.889 I/wm_task_to_front( 1487): [0,87]
01-11 07:28:23.890 I/wm_focused_root_task( 1487): [0,0,87,83,bringingFoundTaskToFront]
01-11 07:28:23.891 I/wm_set_resumed_activity( 1487): [0,com.android.calendar/.AllInOneActivity,bringingFoundTaskToFront]
01-11 07:28:23.891 I/wm_new_intent( 1487): [0,35450703,87,com.android.calendar/.AllInOneActivity,android.intent.action.MAIN,NULL,NULL,270532608]
01-11 07:28:23.894 I/wm_pause_activity( 1487): [0,124244050,com.android.launcher3/.uioverrides.QuickstepLauncher,userLeaving=true,pauseBackTasks]
01-11 07:28:23.901 I/wm_on_top_resumed_lost_called(24595): [124244050,com.android.launcher3.uioverrides.QuickstepLauncher,topStateChangedWhenResumed]
01-01 11:28:37.017 I/ ( 0): read descriptors
01-01 11:28:37.017 I/ ( 0): read strings
01-11 07:28:23.905 I/wm_on_paused_called(24595): [124244050,com.android.launcher3.uioverrides.QuickstepLauncher,performPause]
01-11 07:28:23.906 I/ActivityTaskManager( 1487): FOREGROUND_APPLICATION_CHANGED to com.android.calendar.AllInOneActivity
01-11 07:28:23.907 I/wm_set_resumed_activity( 1487): [0,com.android.calendar/.AllInOneActivity,resumeTopActivityInnerLocked]
01-11 07:28:23.908 I/wm_add_to_stopping( 1487): [0,124244050,com.android.launcher3/.uioverrides.QuickstepLauncher,makeInvisible]
01-11 07:28:23.916 I/wm_resume_activity( 1487): [0,35450703,87,com.android.calendar/.AllInOneActivity]
01-11 07:28:23.926 I/sysui_multi_action( 1487): [757,803,799,window_time_0,802,1]
01-11 07:28:23.927 I/wm_on_restart_called(23992): [35450703,com.android.calendar.AllInOneActivity,performRestartActivity]
01-11 07:28:23.927 I/wm_on_start_called(23992): [35450703,com.android.calendar.AllInOneActivity,handleStartActivity]
01-11 07:28:23.929 I/wm_on_resume_called(23992): [35450703,com.android.calendar.AllInOneActivity,RESUME_ACTIVITY]
01-11 07:28:23.931 I/wm_on_top_resumed_gained_called(23992): [35450703,com.android.calendar.AllInOneActivity,topWhenResuming]
01-11 07:28:23.937 W/ContextImpl(19692): Calling a method in the system process without a qualified user: android.app.ContextImpl.startService:1816 android.content.ContextWrapper.startService:774 com.thundercomm.gamemode.ingame.services.GameModeActionUtils.startGameModeService:111 com.thundercomm.gamemode.ingame.services.GameModeActionUtils.startGameModeEntry:22 com.thundercomm.gamemode.ingame.services.ActivityMonitoringService$1.onActivityLaunch:129
01-11 07:28:23.939 I/am_pss ( 1487): [24923,10032,com.microsoft.emmx,32911360,27668480,0,132427776,0,19,6]
01-11 07:28:23.940 I/GameModeConfig( 1487): Current uri is uri = content://com.thundercomm.gamemode.api/gamemode_settings/gamemode_isgaming
01-11 07:28:23.941 I/GameModeConfig( 1487): isGameModeOn = false
01-11 07:28:23.941 I/GameModeConfig( 1487): isGameModeOn = false
01-11 07:28:23.941 I/GameModeConfig( 1487): isDisableVoice = true
01-11 07:28:23.944 I/input_focus( 1487): [Focus leaving 84fe8a0 com.android.launcher3/com.android.launcher3.uioverrides.QuickstepLauncher (server),reason=NO_WINDOW]
01-11 07:28:23.949 I/input_focus( 1487): [Focus request da75cc2 com.android.calendar/com.android.calendar.AllInOneActivity,reason=UpdateInputWindows]
01-11 07:28:23.958 I/sysui_multi_action( 1487): [319,35,321,32,322,68,325,12514,757,761,758,9,759,4,806,com.android.calendar,871,com.android.calendar.AllInOneActivity,904,com.android.launcher3,905,0,1320,4,1321,1]
01-11 07:28:23.962 I/input_focus( 1487): [Focus entering da75cc2 com.android.calendar/com.android.calendar.AllInOneActivity (server),reason=setFocusedWindow]
01-11 07:28:24.019 W/FreeFormWindowHelper( 1487): Current Display FreeFormTask is null
01-11 07:28:24.019 W/FreeFormWindowHelper( 1487): Current Display FreeFormTask is null
01-11 07:28:24.019 W/FreeFormWindowHelper( 1487): Current Display FreeFormTask is null
