01-11 07:28:08.374 I/input_focus( 1487): [Focus leaving recents_animation_input_consumer (server),reason=NOT_VISIBLE]
01-11 07:28:08.374 I/input_focus( 1487): [Focus entering 84fe8a0 com.android.launcher3/com.android.launcher3.uioverrides.QuickstepLauncher (server),reason=setFocusedWindow]
01-11 07:28:08.390 W/ContextImpl(19692): Calling a method in the system process without a qualified user: android.app.ContextImpl.startService:1816 android.content.ContextWrapper.startService:774 com.thundercomm.gamemode.ingame.services.GameModeActionUtils.startGameModeService:111 com.thundercomm.gamemode.ingame.services.GameModeActionUtils.startGameModeEntry:22 com.thundercomm.gamemode.ingame.services.ActivityMonitoringService$1.onActivityLaunch:129
01-11 07:28:08.392 I/GameModeConfig( 1487): Current uri is uri = content://com.thundercomm.gamemode.api/gamemode_settings/gamemode_isgaming
01-11 07:28:08.393 I/GameModeConfig( 1487): isGameModeOn = false
01-11 07:28:08.394 I/GameModeConfig( 1487): isGameModeOn = false
01-11 07:28:08.394 I/GameModeConfig( 1487): isDisableVoice = true
01-11 07:28:08.462 W/FreeFormWindowHelper( 1487): Current Display FreeFormTask is null
01-11 07:28:08.463 W/FreeFormWindowHelper( 1487): Current Display FreeFormTask is null
01-11 07:28:08.463 W/FreeFormWindowHelper( 1487): Current Display FreeFormTask is null
01-11 07:28:08.468 W/ContextImpl(19692): Calling a method in the system process without a qualified user: android.app.ContextImpl.startService:1816 android.content.ContextWrapper.startService:774 com.thundercomm.gamemode.ingame.services.GameModeActionUtils.startGameModeService:111 com.thundercomm.gamemode.ingame.services.GameModeActionUtils.startGameModeEntry:22 com.thundercomm.gamemode.ingame.services.ActivityMonitoringService$1.onActivityLaunch:129
01-11 07:28:08.471 I/GameModeConfig( 1487): Current uri is uri = content://com.thundercomm.gamemode.api/gamemode_settings/gamemode_isgaming
01-11 07:28:08.473 I/GameModeConfig( 1487): isGameModeOn = false
01-11 07:28:08.474 I/GameModeConfig( 1487): isGameModeOn = false
01-11 07:28:08.474 I/GameModeConfig( 1487): isDisableVoice = true
01-01 11:28:21.729 I/ ( 0): read descriptors
01-01 11:28:21.729 I/ ( 0): read strings
01-11 07:28:08.659 E/TaskPersister( 1487): File error accessing recents directory (directory doesn't exist?).
01-11 07:28:08.734 I/input_interaction( 1487): Interaction with: 84fe8a0 com.android.launcher3/com.android.launcher3.uioverrides.QuickstepLauncher (server), c9f455c com.android.systemui.ImageWallpaper (server), edge-swipe (server), swipe-up (server), PointerEventDispatcher0 (server),
01-11 07:28:09.086 I/commit_sys_config_file( 1487): [settings-1-0,7]
01-11 07:28:09.139 I/auditd ( 0): type=1400 audit(0.0:14077): avc: denied { kill } for comm="swapper/2" capability=5 scontext=u:r:kernel:s0 tcontext=u:r:kernel:s0 tclass=capability permissive=0
01-11 07:28:09.548 W/FreeFormWindowHelper( 1487): Current Display FreeFormTask is null
01-11 07:28:09.549 W/FreeFormWindowHelper( 1487): Current Display FreeFormTask is null
01-11 07:28:09.549 W/FreeFormWindowHelper( 1487): Current Display FreeFormTask is null
01-11 07:28:09.549 W/FreeFormWindowHelper( 1487): Current Display FreeFormTask is null
01-11 07:28:09.549 W/FreeFormWindowHelper( 1487): Current Display FreeFormTask is null
01-11 07:28:09.549 W/FreeFormWindowHelper( 1487): Current Display FreeFormTask is null
01-11 07:28:09.549 W/FreeFormWindowHelper( 1487): Current Display FreeFormTask is null
01-11 07:28:09.549 W/FreeFormWindowHelper( 1487): Current Display FreeFormTask is null
01-11 07:28:09.569 W/FreeFormWindowHelper( 1487): Current Display FreeFormTask is null
01-11 07:28:09.570 I/view_enqueue_input_event(24595): [Motion - Cancel,com.android.launcher3/com.android.launcher3.uioverrides.QuickstepLauncher]
01-11 07:28:09.572 W/FreeFormWindowHelper( 1487): Current Display FreeFormTask is null
01-11 07:28:09.573 I/input_interaction( 1487): Interaction with: edge-swipe (server), swipe-up (server), PointerEventDispatcher0 (server),
01-11 07:28:09.586 W/FreeFormWindowHelper( 1487): Current Display FreeFormTask is null
01-11 07:28:09.592 W/FreeFormWindowHelper( 1487): Current Display FreeFormTask is null
01-01 11:28:22.750 I/ ( 0): read descriptors
01-01 11:28:22.751 I/ ( 0): read strings
01-11 07:28:09.677 W/FreeFormWindowHelper( 1487): Current Display FreeFormTask is null
01-11 07:28:09.692 W/FreeFormWindowHelper( 1487): Current Display FreeFormTask is null
01-11 07:28:09.752 I/commit_sys_config_file( 1487): [settings-1-0,4]
01-11 07:28:10.139 I/auditd ( 0): type=1400 audit(0.0:14078): avc: denied { kill } for comm="swapper/2" capability=5 scontext=u:r:kernel:s0 tcontext=u:r:kernel:s0 tclass=capability permissive=0
01-01 11:28:23.765 I/ ( 0): read descriptors
01-01 11:28:23.765 I/ ( 0): read strings
01-11 07:28:10.789 I/input_interaction( 1487): Interaction with: 84fe8a0 com.android.launcher3/com.android.launcher3.uioverrides.QuickstepLauncher (server), c9f455c com.android.systemui.ImageWallpaper (server), edge-swipe (server), swipe-up (server), PointerEventDispatcher0 (server),
01-11 07:28:11.139 I/auditd ( 0): type=1400 audit(0.0:14079): avc: denied { kill } for comm="swapper/2" capability=5 scontext=u:r:kernel:s0 tcontext=u:r:kernel:s0 tclass=capability permissive=0
01-11 07:28:11.168 I/commit_sys_config_file( 1487): [settings-1-0,9]
01-11 07:28:11.186 D/ActivityManager( 1487): freezing 22692 com.android.permissioncontroller
01-11 07:28:11.186 E/ActivityManager( 1487): Unable to freeze binder for 22692 com.android.permissioncontroller
01-01 11:28:24.306 I/binder ( 0): 1487:1698 ioctl 400c620e 7808a775d8 returned -22
01-01 11:28:24.307 I/binder ( 0): 1487:1698 ioctl c00c620f 7808a775b8 returned -22
01-11 07:28:11.188 D/ActivityManager( 1487): froze 22692 com.android.permissioncontroller
01-11 07:28:11.188 I/am_freeze( 1487): [22692,com.android.permissioncontroller]
01-11 07:28:11.188 E/ActivityManager( 1487): Unable to freeze binder for 22692 com.android.permissioncontroller
01-11 07:28:11.189 I/ActivityManager( 1487): Killing 22692:com.android.permissioncontroller/u0a93 (adj 935): Unable to freeze binder interface
01-11 07:28:11.189 I/am_kill ( 1487): [0,22692,com.android.permissioncontroller,935,Unable to freeze binder interface]
01-11 07:28:11.231 I/am_proc_died( 1487): [0,22692,com.android.permissioncontroller,935,19]
01-11 07:28:11.231 I/am_uid_stopped( 1487): 10093
01-01 11:28:24.785 I/ ( 0): read descriptors
01-01 11:28:24.785 I/ ( 0): read strings
01-11 07:28:11.767 I/thunderperf( 1487): PlatormCompat.setOverrides: Uid1=10071 Pid1=24595 Uid2=10071 Pid2=24595
01-11 07:28:11.767 I/thunderperf( 1487): PlatormCompat.setOverrides: needCheck:false
01-11 07:28:11.768 I/thunderperf( 1487): CompatConfig.addOverrideUnsafe: bef-state=1
01-11 07:28:11.768 E/thunderperf( 1487): CompatConfig.addOverrideUnsafe: exception:java.lang.SecurityException: Cannot override a change on a non-debuggable app and user build.
01-11 07:28:11.768 I/thunderperf( 1487): CompatConfig.addOverrideUnsafe: aft-state=1
01-11 07:28:11.770 I/thunderperf( 1487): CompatConfig.addOverrideUnsafe: bef-state=1
01-11 07:28:11.770 E/thunderperf( 1487): CompatConfig.addOverrideUnsafe: exception:java.lang.SecurityException: Cannot override a change on a non-debuggable app and user build.
01-11 07:28:11.771 I/thunderperf( 1487): CompatConfig.addOverrideUnsafe: aft-state=1
01-11 07:28:11.771 I/thunderperf( 1487): CompatConfig.addOverrideUnsafe: bef-state=1
01-11 07:28:11.772 E/thunderperf( 1487): CompatConfig.addOverrideUnsafe: exception:java.lang.SecurityException: Cannot override a change on a non-debuggable app and user build.
01-11 07:28:11.772 I/thunderperf( 1487): CompatConfig.addOverrideUnsafe: aft-state=1
01-11 07:28:11.772 I/thunderperf( 1487): CompatConfig.addOverrideUnsafe: bef-state=1
01-11 07:28:11.773 E/thunderperf( 1487): CompatConfig.addOverrideUnsafe: exception:java.lang.SecurityException: Cannot override a change on a non-debuggable app and user build.
01-11 07:28:11.773 I/thunderperf( 1487): CompatConfig.addOverrideUnsafe: aft-state=1
01-11 07:28:11.774 I/thunderperf( 1487): CompatConfig.addOverrideUnsafe: bef-state=1
01-11 07:28:11.774 E/thunderperf( 1487): CompatConfig.addOverrideUnsafe: exception:java.lang.SecurityException: Cannot override a change on a non-debuggable app and user build.
01-11 07:28:11.774 I/thunderperf( 1487): CompatConfig.addOverrideUnsafe: aft-state=1
01-11 07:28:11.775 I/thunderperf( 1487): CompatConfig.addOverrideUnsafe: bef-state=1
01-11 07:28:11.775 E/thunderperf( 1487): CompatConfig.addOverrideUnsafe: exception:java.lang.SecurityException: Cannot override a change on a non-debuggable app and user build.
01-11 07:28:11.775 I/thunderperf( 1487): CompatConfig.addOverrideUnsafe: aft-state=1
01-11 07:28:11.776 I/thunderperf( 1487): CompatConfig.addOverrideUnsafe: bef-state=1
01-11 07:28:11.776 E/thunderperf( 1487): CompatConfig.addOverrideUnsafe: exception:java.lang.SecurityException: Cannot override a change on a non-debuggable app and user build.
01-11 07:28:11.776 I/thunderperf( 1487): CompatConfig.addOverrideUnsafe: aft-state=1
01-11 07:28:11.777 I/thunderperf( 1487): CompatConfig.addOverrideUnsafe: bef-state=1
01-11 07:28:11.777 E/thunderperf( 1487): CompatConfig.addOverrideUnsafe: exception:java.lang.SecurityException: Cannot override a change on a non-debuggable app and user build.
01-11 07:28:11.777 I/thunderperf( 1487): CompatConfig.addOverrideUnsafe: aft-state=1
01-11 07:28:11.778 I/thunderperf( 1487): CompatConfig.addOverrideUnsafe: bef-state=1
01-11 07:28:11.778 E/thunderperf( 1487): CompatConfig.addOverrideUnsafe: exception:java.lang.SecurityException: Cannot override a change on a non-debuggable app and user build.
01-11 07:28:11.778 I/thunderperf( 1487): CompatConfig.addOverrideUnsafe: aft-state=1
01-11 07:28:11.778 I/thunderperf( 1487): CompatConfig.addOverrideUnsafe: bef-state=1
01-11 07:28:11.779 E/thunderperf( 1487): CompatConfig.addOverrideUnsafe: exception:java.lang.SecurityException: Cannot override a change on a non-debuggable app and user build.
01-11 07:28:11.779 I/thunderperf( 1487): CompatConfig.addOverrideUnsafe: aft-state=1
01-11 07:28:11.779 I/thunderperf( 1487): CompatConfig.addOverrideUnsafe: bef-state=1
01-11 07:28:11.780 E/thunderperf( 1487): CompatConfig.addOverrideUnsafe: exception:java.lang.SecurityException: Cannot override a change on a non-debuggable app and user build.
01-11 07:28:11.780 I/thunderperf( 1487): CompatConfig.addOverrideUnsafe: aft-state=1
01-11 07:28:11.780 I/thunderperf( 1487): CompatConfig.addOverrideUnsafe: bef-state=1
01-11 07:28:11.781 E/thunderperf( 1487): CompatConfig.addOverrideUnsafe: exception:java.lang.SecurityException: Cannot override a change on a non-debuggable app and user build.
01-11 07:28:11.781 I/thunderperf( 1487): CompatConfig.addOverrideUnsafe: aft-state=1
01-11 07:28:11.781 I/thunderperf( 1487): CompatConfig.addOverrideUnsafe: bef-state=1
01-11 07:28:11.782 E/thunderperf( 1487): CompatConfig.addOverrideUnsafe: exception:java.lang.SecurityException: Cannot override a change on a non-debuggable app and user build.
01-11 07:28:11.782 I/thunderperf( 1487): CompatConfig.addOverrideUnsafe: aft-state=1
01-11 07:28:11.782 I/thunderperf( 1487): CompatConfig.addOverrideUnsafe: bef-state=1
01-11 07:28:11.783 E/thunderperf( 1487): CompatConfig.addOverrideUnsafe: exception:java.lang.SecurityException: Cannot override a change on a non-debuggable app and user build.
01-11 07:28:11.783 I/thunderperf( 1487): CompatConfig.addOverrideUnsafe: aft-state=1
01-11 07:28:11.789 I/ActivityTaskManager( 1487): START u0 {act=android.intent.action.MAIN cat=[android.intent.category.LAUNCHER] flg=0x10200000 cmp=com.android.documentsui/.LauncherActivity bnds=[890,252][1190,550]} from uid 10071
01-11 07:28:11.793 I/wm_task_created( 1487): [90,-1]
01-11 07:28:11.793 W/ActivityTaskManager( 1487): Can't find TaskDisplayArea to determine support for multi window. Task id=90 attached=false
01-11 07:28:11.795 I/wm_task_moved( 1487): [90,1,13]
01-11 07:28:11.795 I/wm_task_to_front( 1487): [0,90]
01-11 07:28:11.795 I/wm_create_task( 1487): [0,90]
01-11 07:28:11.795 I/wm_create_activity( 1487): [0,158180479,90,com.android.documentsui/.LauncherActivity,android.intent.action.MAIN,NULL,NULL,270532608]
01-11 07:28:11.795 I/wm_task_moved( 1487): [90,1,13]
01-11 07:28:11.796 I/wm_pause_activity( 1487): [0,124244050,com.android.launcher3/.uioverrides.QuickstepLauncher,userLeaving=true,pauseBackTasks]
01-11 07:28:11.799 I/wm_on_top_resumed_lost_called(24595): [124244050,com.android.launcher3.uioverrides.QuickstepLauncher,topStateChangedWhenResumed]
01-11 07:28:11.799 I/wm_on_paused_called(24595): [124244050,com.android.launcher3.uioverrides.QuickstepLauncher,performPause]
01-11 07:28:11.799 I/ActivityTaskManager( 1487): FOREGROUND_APPLICATION_CHANGED to com.android.documentsui.files.LauncherActivity
01-11 07:28:11.800 I/ActivityTaskManager( 1487): The Process com.android.documentsui Already Exists in BG. So sending its PID: 24813
01-11 07:28:11.800 W/ActivityTaskManager( 1487): Tried to set launchTime (0) < mLastActivityLaunchTime (12481955)
01-11 07:28:11.800 I/wm_restart_activity( 1487): [0,158180479,90,com.android.documentsui/.LauncherActivity]
01-11 07:28:11.801 I/wm_set_resumed_activity( 1487): [0,com.android.documentsui/.LauncherActivity,minimalResumeActivityLocked]
01-11 07:28:11.803 I/sysui_multi_action( 1487): [757,803,799,window_time_0,802,3]
01-11 07:28:11.806 I/thunderperf( 1487): PlatormCompat.setOverrides: Uid1=10026 Pid1=24813 Uid2=10026 Pid2=24813
01-11 07:28:11.806 I/thunderperf( 1487): PlatormCompat.setOverrides: needCheck:false
01-11 07:28:11.806 I/thunderperf( 1487): CompatConfig.addOverrideUnsafe: bef-state=1
01-11 07:28:11.806 E/thunderperf( 1487): CompatConfig.addOverrideUnsafe: exception:java.lang.SecurityException: Cannot override a change on a non-debuggable app and user build.
01-11 07:28:11.806 I/thunderperf( 1487): CompatConfig.addOverrideUnsafe: aft-state=1
01-11 07:28:11.806 I/thunderperf( 1487): CompatConfig.addOverrideUnsafe: bef-state=1
01-11 07:28:11.807 E/thunderperf( 1487): CompatConfig.addOverrideUnsafe: exception:java.lang.SecurityException: Cannot override a change on a non-debuggable app and user build.
01-11 07:28:11.807 I/thunderperf( 1487): CompatConfig.addOverrideUnsafe: aft-state=1
01-11 07:28:11.807 I/thunderperf( 1487): CompatConfig.addOverrideUnsafe: bef-state=1
01-11 07:28:11.807 E/thunderperf( 1487): CompatConfig.addOverrideUnsafe: exception:java.lang.SecurityException: Cannot override a change on a non-debuggable app and user build.
01-11 07:28:11.807 I/thunderperf( 1487): CompatConfig.addOverrideUnsafe: aft-state=1
01-11 07:28:11.807 I/thunderperf( 1487): CompatConfig.addOverrideUnsafe: bef-state=1
01-11 07:28:11.807 E/thunderperf( 1487): CompatConfig.addOverrideUnsafe: exception:java.lang.SecurityException: Cannot override a change on a non-debuggable app and user build.
01-11 07:28:11.807 I/thunderperf( 1487): CompatConfig.addOverrideUnsafe: aft-state=1
01-11 07:28:11.807 I/thunderperf( 1487): CompatConfig.addOverrideUnsafe: bef-state=1
01-11 07:28:11.807 E/thunderperf( 1487): CompatConfig.addOverrideUnsafe: exception:java.lang.SecurityException: Cannot override a change on a non-debuggable app and user build.
01-11 07:28:11.808 I/thunderperf( 1487): CompatConfig.addOverrideUnsafe: aft-state=1
01-11 07:28:11.808 I/thunderperf( 1487): CompatConfig.addOverrideUnsafe: bef-state=1
01-11 07:28:11.808 E/thunderperf( 1487): CompatConfig.addOverrideUnsafe: exception:java.lang.SecurityException: Cannot override a change on a non-debuggable app and user build.
01-11 07:28:11.808 I/thunderperf( 1487): CompatConfig.addOverrideUnsafe: aft-state=1
01-11 07:28:11.808 I/thunderperf( 1487): CompatConfig.addOverrideUnsafe: bef-state=1
01-11 07:28:11.808 E/thunderperf( 1487): CompatConfig.addOverrideUnsafe: exception:java.lang.SecurityException: Cannot override a change on a non-debuggable app and user build.
01-11 07:28:11.808 I/thunderperf( 1487): CompatConfig.addOverrideUnsafe: aft-state=1
01-11 07:28:11.808 I/thunderperf( 1487): CompatConfig.addOverrideUnsafe: bef-state=1
01-11 07:28:11.808 E/thunderperf( 1487): CompatConfig.addOverrideUnsafe: exception:java.lang.SecurityException: Cannot override a change on a non-debuggable app and user build.
01-11 07:28:11.808 I/thunderperf( 1487): CompatConfig.addOverrideUnsafe: aft-state=1
01-11 07:28:11.809 I/thunderperf( 1487): CompatConfig.addOverrideUnsafe: bef-state=1
01-11 07:28:11.809 E/thunderperf( 1487): CompatConfig.addOverrideUnsafe: exception:java.lang.SecurityException: Cannot override a change on a non-debuggable app and user build.
01-11 07:28:11.809 I/thunderperf( 1487): CompatConfig.addOverrideUnsafe: aft-state=1
01-11 07:28:11.809 I/thunderperf( 1487): CompatConfig.addOverrideUnsafe: bef-state=1
01-11 07:28:11.809 E/thunderperf( 1487): CompatConfig.addOverrideUnsafe: exception:java.lang.SecurityException: Cannot override a change on a non-debuggable app and user build.
01-11 07:28:11.809 I/thunderperf( 1487): CompatConfig.addOverrideUnsafe: aft-state=1
01-11 07:28:11.809 W/ContextImpl(19692): Calling a method in the system process without a qualified user: android.app.ContextImpl.startService:1816 android.content.ContextWrapper.startService:774 com.thundercomm.gamemode.ingame.services.GameModeActionUtils.startGameModeService:111 com.thundercomm.gamemode.ingame.services.GameModeActionUtils.startGameModeEntry:22 com.thundercomm.gamemode.ingame.services.ActivityMonitoringService$1.onActivityLaunch:129
01-11 07:28:11.809 I/thunderperf( 1487): CompatConfig.addOverrideUnsafe: bef-state=1
01-11 07:28:11.809 E/thunderperf( 1487): CompatConfig.addOverrideUnsafe: exception:java.lang.SecurityException: Cannot override a change on a non-debuggable app and user build.
01-11 07:28:11.809 I/thunderperf( 1487): CompatConfig.addOverrideUnsafe: aft-state=1
01-11 07:28:11.809 I/thunderperf( 1487): CompatConfig.addOverrideUnsafe: bef-state=1
01-11 07:28:11.810 E/thunderperf( 1487): CompatConfig.addOverrideUnsafe: exception:java.lang.SecurityException: Cannot override a change on a non-debuggable app and user build.
01-11 07:28:11.810 I/thunderperf( 1487): CompatConfig.addOverrideUnsafe: aft-state=1
01-11 07:28:11.810 I/thunderperf( 1487): CompatConfig.addOverrideUnsafe: bef-state=1
01-11 07:28:11.810 E/thunderperf( 1487): CompatConfig.addOverrideUnsafe: exception:java.lang.SecurityException: Cannot override a change on a non-debuggable app and user build.
01-11 07:28:11.810 I/thunderperf( 1487): CompatConfig.addOverrideUnsafe: aft-state=1
01-11 07:28:11.810 I/thunderperf( 1487): CompatConfig.addOverrideUnsafe: bef-state=1
01-11 07:28:11.810 E/thunderperf( 1487): CompatConfig.addOverrideUnsafe: exception:java.lang.SecurityException: Cannot override a change on a non-debuggable app and user build.
01-11 07:28:11.810 I/thunderperf( 1487): CompatConfig.addOverrideUnsafe: aft-state=1
01-11 07:28:11.811 I/GameModeConfig( 1487): Current uri is uri = content://com.thundercomm.gamemode.api/gamemode_settings/gamemode_isgaming
01-11 07:28:11.811 I/GameModeConfig( 1487): isGameModeOn = false
01-11 07:28:11.811 I/GameModeConfig( 1487): isGameModeOn = false
01-11 07:28:11.811 I/GameModeConfig( 1487): isDisableVoice = true
01-11 07:28:11.812 I/ActivityTaskManager( 1487): START u0 {dat=//com.android.documentsui.launchControl flg=0x10280000 cmp=com.android.documentsui/.files.FilesActivity (has extras)} from uid 10026
01-11 07:28:11.812 I/wm_task_moved( 1487): [89,1,13]
01-11 07:28:11.812 I/wm_task_to_front( 1487): [0,89]
01-11 07:28:11.812 I/wm_focused_root_task( 1487): [0,0,89,90,bringingFoundTaskToFront]
01-11 07:28:11.812 I/wm_set_resumed_activity( 1487): [0,com.android.documentsui/.files.FilesActivity,bringingFoundTaskToFront]
01-11 07:28:11.813 I/wm_new_intent( 1487): [0,65274594,89,com.android.documentsui/.files.FilesActivity,NULL,NULL,//com.android.documentsui.launchControl,271056896]
01-11 07:28:11.813 I/wm_pause_activity( 1487): [0,158180479,com.android.documentsui/.LauncherActivity,userLeaving=true,pauseBackTasks]
01-11 07:28:11.815 I/wm_finish_activity( 1487): [0,158180479,90,com.android.documentsui/.LauncherActivity,app-request]
01-11 07:28:11.815 I/wm_on_create_called(24813): [158180479,com.android.documentsui.LauncherActivity,performCreate]
01-11 07:28:11.817 I/wm_add_to_stopping( 1487): [0,158180479,com.android.documentsui/.LauncherActivity,completeFinishing]
01-11 07:28:11.817 I/ActivityTaskManager( 1487): FOREGROUND_APPLICATION_CHANGED to com.android.documentsui.files.FilesActivity
01-11 07:28:11.817 I/wm_set_resumed_activity( 1487): [0,com.android.documentsui/.files.FilesActivity,resumeTopActivityInnerLocked]
01-11 07:28:11.817 I/wm_add_to_stopping( 1487): [0,124244050,com.android.launcher3/.uioverrides.QuickstepLauncher,makeInvisible]
01-11 07:28:11.819 I/wm_resume_activity( 1487): [0,65274594,89,com.android.documentsui/.files.FilesActivity]
01-11 07:28:11.820 I/wm_on_restart_called(24813): [65274594,com.android.documentsui.files.FilesActivity,performRestartActivity]
01-11 07:28:11.820 I/wm_destroy_activity( 1487): [0,158180479,90,com.android.documentsui/.LauncherActivity,finish-imm:idle]
01-11 07:28:11.820 I/sysui_multi_action( 1487): [757,803,799,window_time_0,802,0]
01-11 07:28:11.822 I/wm_on_start_called(24813): [65274594,com.android.documentsui.files.FilesActivity,handleStartActivity]
01-11 07:28:11.824 I/wm_on_resume_called(24813): [65274594,com.android.documentsui.files.FilesActivity,RESUME_ACTIVITY]
01-11 07:28:11.825 I/wm_on_top_resumed_gained_called(24813): [65274594,com.android.documentsui.files.FilesActivity,topWhenResuming]
01-11 07:28:11.834 I/input_focus( 1487): [Focus request 7d6e892 com.android.documentsui/com.android.documentsui.files.FilesActivity,reason=UpdateInputWindows]
01-11 07:28:11.848 I/input_focus( 1487): [Focus leaving 84fe8a0 com.android.launcher3/com.android.launcher3.uioverrides.QuickstepLauncher (server),reason=NO_WINDOW]
01-11 07:28:11.851 I/wm_on_destroy_called(24813): [158180479,com.android.documentsui.LauncherActivity,performDestroy]
01-11 07:28:11.851 I/wm_task_removed( 1487): [90,removeChild:removeChild last r=ActivityRecord{96da47f u0 com.android.documentsui/.LauncherActivity t-1 f}} in t=Task{bed8138 #90 type=standard A=10026:com.android.documentsui U=0 visible=false mode=fullscreen translucent=true sz=0}]
01-11 07:28:11.851 I/wm_task_removed( 1487): [90,removeChild]
01-11 07:28:11.855 I/sysui_multi_action( 1487): [319,65,322,64,325,12502,757,761,758,8,759,2,806,com.android.documentsui,871,com.android.documentsui.files.FilesActivity,904,com.android.documentsui,905,0,1320,4,1321,1]
01-11 07:28:11.856 I/wm_activity_launch_time( 1487): [0,65274594,com.android.documentsui/.files.FilesActivity,64]
01-11 07:28:11.865 I/input_focus( 1487): [Focus entering 7d6e892 com.android.documentsui/com.android.documentsui.files.FilesActivity (server),reason=setFocusedWindow]
01-11 07:28:11.920 W/FreeFormWindowHelper( 1487): Current Display FreeFormTask is null
01-11 07:28:11.920 W/FreeFormWindowHelper( 1487): Current Display FreeFormTask is null
01-11 07:28:11.920 W/FreeFormWindowHelper( 1487): Current Display FreeFormTask is null
01-11 07:28:11.923 W/ContextImpl(19692): Calling a method in the system process without a qualified user: android.app.ContextImpl.startService:1816 android.content.ContextWrapper.startService:774 com.thundercomm.gamemode.ingame.services.GameModeActionUtils.startGameModeService:111 com.thundercomm.gamemode.ingame.services.GameModeActionUtils.startGameModeEntry:22 com.thundercomm.gamemode.ingame.services.ActivityMonitoringService$1.onActivityLaunch:129
01-11 07:28:11.924 I/GameModeConfig( 1487): Current uri is uri = content://com.thundercomm.gamemode.api/gamemode_settings/gamemode_isgaming
01-11 07:28:11.925 I/GameModeConfig( 1487): isGameModeOn = false
01-11 07:28:11.925 I/GameModeConfig( 1487): isGameModeOn = false
01-11 07:28:11.925 I/GameModeConfig( 1487): isDisableVoice = true
01-11 07:28:12.139 I/auditd ( 0): type=1400 audit(0.0:14080): avc: denied { kill } for comm="swapper/2" capability=5 scontext=u:r:kernel:s0 tcontext=u:r:kernel:s0 tclass=capability permissive=0
01-11 07:28:12.382 I/wm_stop_activity( 1487): [0,124244050,com.android.launcher3/.uioverrides.QuickstepLauncher]
01-11 07:28:12.401 I/wm_on_stop_called(24595): [124244050,com.android.launcher3.uioverrides.QuickstepLauncher,STOP_ACTIVITY_ITEM]
01-11 07:28:12.420 W/ContextImpl(19692): Calling a method in the system process without a qualified user: android.app.ContextImpl.startService:1816 android.content.ContextWrapper.startService:774 com.thundercomm.gamemode.ingame.services.GameModeActionUtils.startGameModeService:111 com.thundercomm.gamemode.ingame.services.GameModeActionUtils.startGameModeEntry:22 com.thundercomm.gamemode.ingame.services.ActivityMonitoringService$1.onActivityLaunch:129
01-11 07:28:12.421 I/GameModeConfig( 1487): Current uri is uri = content://com.thundercomm.gamemode.api/gamemode_settings/gamemode_isgaming
01-11 07:28:12.422 I/GameModeConfig( 1487): isGameModeOn = false
01-11 07:28:12.422 I/GameModeConfig( 1487): isGameModeOn = false
01-11 07:28:12.422 I/GameModeConfig( 1487): isDisableVoice = true
01-01 11:28:25.800 I/ ( 0): read descriptors
01-01 11:28:25.800 I/ ( 0): read strings
01-11 07:28:12.696 I/input_interaction( 1487): Interaction with: 7d6e892 com.android.documentsui/com.android.documentsui.files.FilesActivity (server), edge-swipe (server), swipe-up (server), PointerEventDispatcher0 (server),
01-11 07:28:12.698 W/FreeFormWindowHelper( 1487): Current Display FreeFormTask is null
01-11 07:28:12.698 W/FreeFormWindowHelper( 1487): Current Display FreeFormTask is null
01-11 07:28:12.698 W/FreeFormWindowHelper( 1487): Current Display FreeFormTask is null
01-11 07:28:12.698 W/FreeFormWindowHelper( 1487): Current Display FreeFormTask is null
01-11 07:28:12.698 W/FreeFormWindowHelper( 1487): Current Display FreeFormTask is null
01-11 07:28:12.698 W/FreeFormWindowHelper( 1487): Current Display FreeFormTask is null
01-11 07:28:12.698 W/FreeFormWindowHelper( 1487): Current Display FreeFormTask is null
01-11 07:28:12.699 I/wm_task_moved( 1487): [83,0,0]
01-11 07:28:12.699 I/wm_task_moved( 1487): [83,0,11]
01-11 07:28:12.707 W/ContextImpl(19692): Calling a method in the system process without a qualified user: android.app.ContextImpl.startService:1816 android.content.ContextWrapper.startService:774 com.thundercomm.gamemode.ingame.services.GameModeActionUtils.startGameModeService:111 com.thundercomm.gamemode.ingame.services.GameModeActionUtils.startGameModeEntry:22 com.thundercomm.gamemode.ingame.services.ActivityMonitoringService$1.onActivityLaunch:129
01-11 07:28:12.708 I/GameModeConfig( 1487): Current uri is uri = content://com.thundercomm.gamemode.api/gamemode_settings/gamemode_isgaming
01-11 07:28:12.708 I/GameModeConfig( 1487): isGameModeOn = false
01-11 07:28:12.709 I/GameModeConfig( 1487): isGameModeOn = false
01-11 07:28:12.709 I/GameModeConfig( 1487): isDisableVoice = true
01-11 07:28:12.717 I/wm_on_restart_called(24595): [124244050,com.android.launcher3.uioverrides.QuickstepLauncher,performRestartActivity]
01-11 07:28:12.718 W/FreeFormWindowHelper( 1487): Current Display FreeFormTask is null
01-11 07:28:12.723 I/wm_on_start_called(24595): [124244050,com.android.launcher3.uioverrides.QuickstepLauncher,handleStartActivity]
01-11 07:28:12.723 I/view_enqueue_input_event(24813): [Motion - Cancel,com.android.documentsui/com.android.documentsui.files.FilesActivity]
01-11 07:28:12.724 I/input_focus( 1487): [Focus request recents_animation_input_consumer,reason=UpdateInputWindows]
01-11 07:28:12.736 I/input_interaction( 1487): Interaction with: edge-swipe (server), swipe-up (server), PointerEventDispatcher0 (server),
01-11 07:28:12.736 W/FreeFormWindowHelper( 1487): Current Display FreeFormTask is null
01-11 07:28:12.736 I/sysui_latency(24595): [1,40]
01-11 07:28:12.741 I/sysui_multi_action( 1487): [319,3,322,40,325,12503,757,761,758,9,759,5,806,com.android.launcher3,871,com.android.launcher3.uioverrides.QuickstepLauncher,904,com.android.launcher3,905,0,1320,8,1321,5]
01-11 07:28:12.749 W/FreeFormWindowHelper( 1487): Current Display FreeFormTask is null
01-11 07:28:12.750 I/input_focus( 1487): [Focus leaving 7d6e892 com.android.documentsui/com.android.documentsui.files.FilesActivity (server),reason=NOT_FOCUSABLE]
01-11 07:28:12.751 I/input_focus( 1487): [Focus entering recents_animation_input_consumer (server),reason=setFocusedWindow]
01-11 07:28:12.766 W/FreeFormWindowHelper( 1487): Current Display FreeFormTask is null
01-11 07:28:12.849 W/FreeFormWindowHelper( 1487): Current Display FreeFormTask is null
01-11 07:28:12.873 D/ActivityManager( 1487): freezing 22892 com.android.musicfx
01-01 11:28:25.992 I/binder ( 0): 1487:1698 ioctl 400c620e 7808a775d8 returned -22
01-11 07:28:12.873 E/ActivityManager( 1487): Unable to freeze binder for 22892 com.android.musicfx
01-11 07:28:12.873 D/ActivityManager( 1487): froze 22892 com.android.musicfx
01-11 07:28:12.873 I/am_freeze( 1487): [22892,com.android.musicfx]
01-11 07:28:12.873 E/ActivityManager( 1487): Unable to freeze binder for 22892 com.android.musicfx
01-11 07:28:12.874 I/ActivityManager( 1487): Killing 22892:com.android.musicfx/u0a29 (adj 955): Unable to freeze binder interface
01-01 11:28:25.993 I/binder ( 0): 1487:1698 ioctl c00c620f 7808a775b8 returned -22
01-11 07:28:12.874 I/am_kill ( 1487): [0,22892,com.android.musicfx,955,Unable to freeze binder interface]
01-11 07:28:12.890 I/am_proc_died( 1487): [0,22892,com.android.musicfx,955,19]
01-11 07:28:12.890 I/am_uid_stopped( 1487): 10029
01-11 07:28:12.920 I/commit_sys_config_file( 1487): [settings-1-0,2]
01-11 07:28:12.966 D/ActivityManager( 1487): freezing 22952 com.hryt.hiphishowfsecontrol
01-11 07:28:12.966 E/ActivityManager( 1487): Unable to freeze binder for 22952 com.hryt.hiphishowfsecontrol
01-11 07:28:12.967 D/ActivityManager( 1487): froze 22952 com.hryt.hiphishowfsecontrol
01-11 07:28:12.967 I/am_freeze( 1487): [22952,com.hryt.hiphishowfsecontrol]
01-11 07:28:12.967 E/ActivityManager( 1487): Unable to freeze binder for 22952 com.hryt.hiphishowfsecontrol
01-01 11:28:26.086 I/binder ( 0): 1487:1698 ioctl 400c620e 7808a775d8 returned -22
01-01 11:28:26.086 I/binder ( 0): 1487:1698 ioctl c00c620f 7808a775b8 returned -22
01-11 07:28:12.967 I/ActivityManager( 1487): Killing 22952:com.hryt.hiphishowfsecontrol/u0a19 (adj 945): Unable to freeze binder interface
01-11 07:28:12.967 I/am_kill ( 1487): [0,22952,com.hryt.hiphishowfsecontrol,945,Unable to freeze binder interface]
01-11 07:28:12.986 I/am_proc_died( 1487): [0,22952,com.hryt.hiphishowfsecontrol,945,19]
01-11 07:28:12.986 I/am_uid_stopped( 1487): 10019
01-11 07:28:12.987 I/am_uid_running( 1487): 10019
01-11 07:28:12.988 D/CompatibilityChangeReporter( 1487): Compat change id reported: 135634846; UID 10019; state: DISABLED
01-11 07:28:12.988 D/CompatibilityChangeReporter( 1487): Compat change id reported: 177438394; UID 10019; state: DISABLED
01-11 07:28:12.988 D/CompatibilityChangeReporter( 1487): Compat change id reported: 135772972; UID 10019; state: DISABLED
01-11 07:28:12.988 D/CompatibilityChangeReporter( 1487): Compat change id reported: 135754954; UID 10019; state: ENABLED
01-11 07:28:12.988 D/CompatibilityChangeReporter( 1487): Compat change id reported: 143937733; UID 10019; state: ENABLED
01-11 07:28:12.992 I/am_proc_start( 1487): [0,25025,10019,com.hryt.hiphishowfsecontrol,NULL,]
01-11 07:28:12.992 I/ActivityManager( 1487): Start proc 25025:com.hryt.hiphishowfsecontrol/u0a19 for null
01-11 07:28:13.012 I/am_proc_bound( 1487): [0,25025,com.hryt.hiphishowfsecontrol]
01-11 07:28:13.012 D/CompatibilityChangeReporter( 1487): Compat change id reported: 168419799; UID 10019; state: DISABLED
01-01 11:28:26.128 I/binder ( 0): 25025:25025 ioctl 40046210 7ffca75eb4 returned -22
01-11 07:28:13.039 I/sysui_latency( 1487): [8,42]
01-11 07:28:13.139 I/auditd ( 0): type=1400 audit(0.0:14081): avc: denied { kill } for comm="swapper/2" capability=5 scontext=u:r:kernel:s0 tcontext=u:r:kernel:s0 tclass=capability permissive=0
01-11 07:28:13.584 W/FreeFormWindowHelper( 1487): Current Display FreeFormTask is null
01-11 07:28:13.585 I/wm_task_moved( 1487): [83,1,12]
01-11 07:28:13.586 I/wm_task_moved( 1487): [84,1,2147483647]
01-11 07:28:13.586 I/wm_task_to_front( 1487): [0,84]
01-11 07:28:13.586 I/wm_focused_root_task( 1487): [0,0,83,89,RecentsAnimation.onAnimationFinished()]
01-11 07:28:13.586 I/wm_on_top_resumed_lost_called(24813): [65274594,com.android.documentsui.files.FilesActivity,topStateChangedWhenResumed]
01-11 07:28:13.586 I/wm_set_resumed_activity( 1487): [0,com.android.launcher3/.uioverrides.QuickstepLauncher,RecentsAnimation.onAnimationFinished()]
01-11 07:28:13.586 I/wm_pause_activity( 1487): [0,65274594,com.android.documentsui/.files.FilesActivity,userLeaving=true,pauseBackTasks]
01-11 07:28:13.587 I/wm_add_to_stopping( 1487): [0,65274594,com.android.documentsui/.files.FilesActivity,makeInvisible]
01-11 07:28:13.587 I/ActivityTaskManager( 1487): FOREGROUND_APPLICATION_CHANGED to com.android.launcher3.uioverrides.QuickstepLauncher
01-11 07:28:13.587 I/wm_set_resumed_activity( 1487): [0,com.android.launcher3/.uioverrides.QuickstepLauncher,resumeTopActivityInnerLocked]
01-11 07:28:13.588 I/wm_resume_activity( 1487): [0,124244050,84,com.android.launcher3/.uioverrides.QuickstepLauncher]
01-11 07:28:13.589 I/wm_on_resume_called(24595): [124244050,com.android.launcher3.uioverrides.QuickstepLauncher,RESUME_ACTIVITY]
01-11 07:28:13.591 I/input_focus( 1487): [Focus request 84fe8a0 com.android.launcher3/com.android.launcher3.uioverrides.QuickstepLauncher,reason=UpdateInputWindows]
01-11 07:28:13.592 I/wm_on_top_resumed_gained_called(24595): [124244050,com.android.launcher3.uioverrides.QuickstepLauncher,topStateChangedWhenResumed]
01-11 07:28:13.592 I/wm_on_paused_called(24813): [65274594,com.android.documentsui.files.FilesActivity,performPause]
01-11 07:28:13.593 I/wm_stop_activity( 1487): [0,65274594,com.android.documentsui/.files.FilesActivity]
01-11 07:28:13.594 I/sysui_multi_action( 1487): [757,803,799,window_time_0,802,2]
01-11 07:28:13.594 I/sysui_multi_action( 1487): [757,803,799,window_time_0,802,0]
01-11 07:28:13.602 I/input_focus( 1487): [Focus leaving recents_animation_input_consumer (server),reason=NOT_VISIBLE]
01-11 07:28:13.608 I/wm_on_stop_called(24813): [65274594,com.android.documentsui.files.FilesActivity,STOP_ACTIVITY_ITEM]
01-11 07:28:13.618 I/input_focus( 1487): [Focus entering 84fe8a0 com.android.launcher3/com.android.launcher3.uioverrides.QuickstepLauncher (server),reason=setFocusedWindow]
01-11 07:28:13.628 W/ContextImpl(19692): Calling a method in the system process without a qualified user: android.app.ContextImpl.startService:1816 android.content.ContextWrapper.startService:774 com.thundercomm.gamemode.ingame.services.GameModeActionUtils.startGameModeService:111 com.thundercomm.gamemode.ingame.services.GameModeActionUtils.startGameModeEntry:22 com.thundercomm.gamemode.ingame.services.ActivityMonitoringService$1.onActivityLaunch:129
01-11 07:28:13.630 I/GameModeConfig( 1487): Current uri is uri = content://com.thundercomm.gamemode.api/gamemode_settings/gamemode_isgaming
01-11 07:28:13.630 I/GameModeConfig( 1487): isGameModeOn = false
01-11 07:28:13.631 I/GameModeConfig( 1487): isGameModeOn = false
01-11 07:28:13.631 I/GameModeConfig( 1487): isDisableVoice = true
01-11 07:28:13.692 W/FreeFormWindowHelper( 1487): Current Display FreeFormTask is null
01-11 07:28:13.692 W/FreeFormWindowHelper( 1487): Current Display FreeFormTask is null
01-11 07:28:13.692 W/FreeFormWindowHelper( 1487): Current Display FreeFormTask is null
01-11 07:28:13.695 W/ContextImpl(19692): Calling a method in the system process without a qualified user: android.app.ContextImpl.startService:1816 android.content.ContextWrapper.startService:774 com.thundercomm.gamemode.ingame.services.GameModeActionUtils.startGameModeService:111 com.thundercomm.gamemode.ingame.services.GameModeActionUtils.startGameModeEntry:22 com.thundercomm.gamemode.ingame.services.ActivityMonitoringService$1.onActivityLaunch:129
01-11 07:28:13.696 I/GameModeConfig( 1487): Current uri is uri = content://com.thundercomm.gamemode.api/gamemode_settings/gamemode_isgaming
01-11 07:28:13.697 I/GameModeConfig( 1487): isGameModeOn = false
01-11 07:28:13.697 I/GameModeConfig( 1487): isGameModeOn = false
01-11 07:28:13.697 I/GameModeConfig( 1487): isDisableVoice = true
01-01 11:28:26.820 I/ ( 0): read descriptors
01-01 11:28:26.820 I/ ( 0): read strings
01-11 07:28:13.963 I/input_interaction( 1487): Interaction with: 84fe8a0 com.android.launcher3/com.android.launcher3.uioverrides.QuickstepLauncher (server), c9f455c com.android.systemui.ImageWallpaper (server), edge-swipe (server), swipe-up (server), PointerEventDispatcher0 (server),
01-11 07:28:14.139 I/auditd ( 0): type=1400 audit(0.0:14082): avc: denied { kill } for comm="swapper/2" capability=5 scontext=u:r:kernel:s0 tcontext=u:r:kernel:s0 tclass=capability permissive=0
01-11 07:28:14.328 I/commit_sys_config_file( 1487): [settings-1-0,5]
01-01 11:28:27.837 I/ ( 0): read descriptors
01-01 11:28:27.837 I/ ( 0): read strings
01-11 07:28:15.078 I/thunderperf( 1487): PlatormCompat.setOverrides: Uid1=10071 Pid1=24595 Uid2=10071 Pid2=24595
01-11 07:28:15.078 I/thunderperf( 1487): PlatormCompat.setOverrides: needCheck:false
01-11 07:28:15.079 I/thunderperf( 1487): CompatConfig.addOverrideUnsafe: bef-state=1
01-11 07:28:15.079 E/thunderperf( 1487): CompatConfig.addOverrideUnsafe: exception:java.lang.SecurityException: Cannot override a change on a non-debuggable app and user build.
01-11 07:28:15.079 I/thunderperf( 1487): CompatConfig.addOverrideUnsafe: aft-state=1
01-11 07:28:15.080 I/thunderperf( 1487): CompatConfig.addOverrideUnsafe: bef-state=1
01-11 07:28:15.080 E/thunderperf( 1487): CompatConfig.addOverrideUnsafe: exception:java.lang.SecurityException: Cannot override a change on a non-debuggable app and user build.
01-11 07:28:15.080 I/thunderperf( 1487): CompatConfig.addOverrideUnsafe: aft-state=1
01-11 07:28:15.081 I/thunderperf( 1487): CompatConfig.addOverrideUnsafe: bef-state=1
01-11 07:28:15.081 E/thunderperf( 1487): CompatConfig.addOverrideUnsafe: exception:java.lang.SecurityException: Cannot override a change on a non-debuggable app and user build.
01-11 07:28:15.081 I/thunderperf( 1487): CompatConfig.addOverrideUnsafe: aft-state=1
01-11 07:28:15.081 I/thunderperf( 1487): CompatConfig.addOverrideUnsafe: bef-state=1
01-11 07:28:15.082 E/thunderperf( 1487): CompatConfig.addOverrideUnsafe: exception:java.lang.SecurityException: Cannot override a change on a non-debuggable app and user build.
01-11 07:28:15.082 I/thunderperf( 1487): CompatConfig.addOverrideUnsafe: aft-state=1
01-11 07:28:15.082 I/thunderperf( 1487): CompatConfig.addOverrideUnsafe: bef-state=1
01-11 07:28:15.083 E/thunderperf( 1487): CompatConfig.addOverrideUnsafe: exception:java.lang.SecurityException: Cannot override a change on a non-debuggable app and user build.
01-11 07:28:15.083 I/thunderperf( 1487): CompatConfig.addOverrideUnsafe: aft-state=1
01-11 07:28:15.083 I/thunderperf( 1487): CompatConfig.addOverrideUnsafe: bef-state=1
01-11 07:28:15.083 E/thunderperf( 1487): CompatConfig.addOverrideUnsafe: exception:java.lang.SecurityException: Cannot override a change on a non-debuggable app and user build.
01-11 07:28:15.083 I/thunderperf( 1487): CompatConfig.addOverrideUnsafe: aft-state=1
01-11 07:28:15.084 I/thunderperf( 1487): CompatConfig.addOverrideUnsafe: bef-state=1
01-11 07:28:15.084 E/thunderperf( 1487): CompatConfig.addOverrideUnsafe: exception:java.lang.SecurityException: Cannot override a change on a non-debuggable app and user build.
01-11 07:28:15.084 I/thunderperf( 1487): CompatConfig.addOverrideUnsafe: aft-state=1
01-11 07:28:15.085 I/thunderperf( 1487): CompatConfig.addOverrideUnsafe: bef-state=1
01-11 07:28:15.085 E/thunderperf( 1487): CompatConfig.addOverrideUnsafe: exception:java.lang.SecurityException: Cannot override a change on a non-debuggable app and user build.
01-11 07:28:15.085 I/thunderperf( 1487): CompatConfig.addOverrideUnsafe: aft-state=1
01-11 07:28:15.086 I/thunderperf( 1487): CompatConfig.addOverrideUnsafe: bef-state=1
01-11 07:28:15.086 E/thunderperf( 1487): CompatConfig.addOverrideUnsafe: exception:java.lang.SecurityException: Cannot override a change on a non-debuggable app and user build.
01-11 07:28:15.086 I/thunderperf( 1487): CompatConfig.addOverrideUnsafe: aft-state=1
01-11 07:28:15.087 I/thunderperf( 1487): CompatConfig.addOverrideUnsafe: bef-state=1
01-11 07:28:15.087 E/thunderperf( 1487): CompatConfig.addOverrideUnsafe: exception:java.lang.SecurityException: Cannot override a change on a non-debuggable app and user build.
01-11 07:28:15.087 I/thunderperf( 1487): CompatConfig.addOverrideUnsafe: aft-state=1
01-11 07:28:15.088 I/thunderperf( 1487): CompatConfig.addOverrideUnsafe: bef-state=1
01-11 07:28:15.088 E/thunderperf( 1487): CompatConfig.addOverrideUnsafe: exception:java.lang.SecurityException: Cannot override a change on a non-debuggable app and user build.
01-11 07:28:15.088 I/thunderperf( 1487): CompatConfig.addOverrideUnsafe: aft-state=1
01-11 07:28:15.088 I/thunderperf( 1487): CompatConfig.addOverrideUnsafe: bef-state=1
01-11 07:28:15.089 E/thunderperf( 1487): CompatConfig.addOverrideUnsafe: exception:java.lang.SecurityException: Cannot override a change on a non-debuggable app and user build.
01-11 07:28:15.089 I/thunderperf( 1487): CompatConfig.addOverrideUnsafe: aft-state=1
01-11 07:28:15.089 I/thunderperf( 1487): CompatConfig.addOverrideUnsafe: bef-state=1
01-11 07:28:15.090 E/thunderperf( 1487): CompatConfig.addOverrideUnsafe: exception:java.lang.SecurityException: Cannot override a change on a non-debuggable app and user build.
01-11 07:28:15.090 I/thunderperf( 1487): CompatConfig.addOverrideUnsafe: aft-state=1
01-11 07:28:15.090 I/thunderperf( 1487): CompatConfig.addOverrideUnsafe: bef-state=1
01-11 07:28:15.090 E/thunderperf( 1487): CompatConfig.addOverrideUnsafe: exception:java.lang.SecurityException: Cannot override a change on a non-debuggable app and user build.
01-11 07:28:15.091 I/thunderperf( 1487): CompatConfig.addOverrideUnsafe: aft-state=1
01-11 07:28:15.098 I/ActivityTaskManager( 1487): START u0 {act=android.intent.action.MAIN cat=[android.intent.category.LAUNCHER] flg=0x10200000 cmp=com.android.documentsui/.LauncherActivity bnds=[890,252][1190,550]} from uid 10071
01-11 07:28:15.102 I/wm_task_created( 1487): [91,-1]
01-11 07:28:15.102 W/ActivityTaskManager( 1487): Can't find TaskDisplayArea to determine support for multi window. Task id=91 attached=false
01-11 07:28:15.105 I/wm_task_moved( 1487): [91,1,13]
01-11 07:28:15.105 I/wm_task_to_front( 1487): [0,91]
01-11 07:28:15.105 I/wm_create_task( 1487): [0,91]
01-11 07:28:15.105 I/wm_create_activity( 1487): [0,159702831,91,com.android.documentsui/.LauncherActivity,android.intent.action.MAIN,NULL,NULL,270532608]
01-11 07:28:15.105 I/wm_task_moved( 1487): [91,1,13]
01-11 07:28:15.106 I/wm_pause_activity( 1487): [0,124244050,com.android.launcher3/.uioverrides.QuickstepLauncher,userLeaving=true,pauseBackTasks]
01-11 07:28:15.109 I/wm_on_top_resumed_lost_called(24595): [124244050,com.android.launcher3.uioverrides.QuickstepLauncher,topStateChangedWhenResumed]
01-11 07:28:15.109 I/wm_on_paused_called(24595): [124244050,com.android.launcher3.uioverrides.QuickstepLauncher,performPause]
01-11 07:28:15.110 I/ActivityTaskManager( 1487): FOREGROUND_APPLICATION_CHANGED to com.android.documentsui.files.LauncherActivity
01-11 07:28:15.110 I/ActivityTaskManager( 1487): The Process com.android.documentsui Already Exists in BG. So sending its PID: 24813
01-11 07:28:15.110 W/ActivityTaskManager( 1487): Tried to set launchTime (0) < mLastActivityLaunchTime (12502679)
01-11 07:28:15.110 I/wm_restart_activity( 1487): [0,159702831,91,com.android.documentsui/.LauncherActivity]
01-11 07:28:15.111 I/wm_set_resumed_activity( 1487): [0,com.android.documentsui/.LauncherActivity,minimalResumeActivityLocked]
01-11 07:28:15.114 I/sysui_multi_action( 1487): [757,803,799,window_time_0,802,1]
01-11 07:28:15.117 W/ContextImpl(19692): Calling a method in the system process without a qualified user: android.app.ContextImpl.startService:1816 android.content.ContextWrapper.startService:774 com.thundercomm.gamemode.ingame.services.GameModeActionUtils.startGameModeService:111 com.thundercomm.gamemode.ingame.services.GameModeActionUtils.startGameModeEntry:22 com.thundercomm.gamemode.ingame.services.ActivityMonitoringService$1.onActivityLaunch:129
01-11 07:28:15.118 I/thunderperf( 1487): PlatormCompat.setOverrides: Uid1=10026 Pid1=24813 Uid2=10026 Pid2=24813
01-11 07:28:15.118 I/thunderperf( 1487): PlatormCompat.setOverrides: needCheck:false
01-11 07:28:15.118 I/thunderperf( 1487): CompatConfig.addOverrideUnsafe: bef-state=1
01-11 07:28:15.118 E/thunderperf( 1487): CompatConfig.addOverrideUnsafe: exception:java.lang.SecurityException: Cannot override a change on a non-debuggable app and user build.
01-11 07:28:15.118 I/thunderperf( 1487): CompatConfig.addOverrideUnsafe: aft-state=1
01-11 07:28:15.118 I/thunderperf( 1487): CompatConfig.addOverrideUnsafe: bef-state=1
01-11 07:28:15.118 E/thunderperf( 1487): CompatConfig.addOverrideUnsafe: exception:java.lang.SecurityException: Cannot override a change on a non-debuggable app and user build.
01-11 07:28:15.118 I/thunderperf( 1487): CompatConfig.addOverrideUnsafe: aft-state=1
01-11 07:28:15.118 I/thunderperf( 1487): CompatConfig.addOverrideUnsafe: bef-state=1
01-11 07:28:15.118 E/thunderperf( 1487): CompatConfig.addOverrideUnsafe: exception:java.lang.SecurityException: Cannot override a change on a non-debuggable app and user build.
01-11 07:28:15.118 I/thunderperf( 1487): CompatConfig.addOverrideUnsafe: aft-state=1
01-11 07:28:15.119 I/thunderperf( 1487): CompatConfig.addOverrideUnsafe: bef-state=1
01-11 07:28:15.119 I/GameModeConfig( 1487): Current uri is uri = content://com.thundercomm.gamemode.api/gamemode_settings/gamemode_isgaming
01-11 07:28:15.119 E/thunderperf( 1487): CompatConfig.addOverrideUnsafe: exception:java.lang.SecurityException: Cannot override a change on a non-debuggable app and user build.
01-11 07:28:15.119 I/thunderperf( 1487): CompatConfig.addOverrideUnsafe: aft-state=1
01-11 07:28:15.119 I/thunderperf( 1487): CompatConfig.addOverrideUnsafe: bef-state=1
01-11 07:28:15.119 E/thunderperf( 1487): CompatConfig.addOverrideUnsafe: exception:java.lang.SecurityException: Cannot override a change on a non-debuggable app and user build.
01-11 07:28:15.119 I/thunderperf( 1487): CompatConfig.addOverrideUnsafe: aft-state=1
01-11 07:28:15.119 I/thunderperf( 1487): CompatConfig.addOverrideUnsafe: bef-state=1
01-11 07:28:15.120 E/thunderperf( 1487): CompatConfig.addOverrideUnsafe: exception:java.lang.SecurityException: Cannot override a change on a non-debuggable app and user build.
01-11 07:28:15.120 I/thunderperf( 1487): CompatConfig.addOverrideUnsafe: aft-state=1
01-11 07:28:15.120 I/GameModeConfig( 1487): isGameModeOn = false
01-11 07:28:15.120 I/thunderperf( 1487): CompatConfig.addOverrideUnsafe: bef-state=1
01-11 07:28:15.120 I/GameModeConfig( 1487): isGameModeOn = false
01-11 07:28:15.120 I/GameModeConfig( 1487): isDisableVoice = true
01-11 07:28:15.120 E/thunderperf( 1487): CompatConfig.addOverrideUnsafe: exception:java.lang.SecurityException: Cannot override a change on a non-debuggable app and user build.
01-11 07:28:15.120 I/thunderperf( 1487): CompatConfig.addOverrideUnsafe: aft-state=1
01-11 07:28:15.120 I/thunderperf( 1487): CompatConfig.addOverrideUnsafe: bef-state=1
01-11 07:28:15.120 E/thunderperf( 1487): CompatConfig.addOverrideUnsafe: exception:java.lang.SecurityException: Cannot override a change on a non-debuggable app and user build.
01-11 07:28:15.120 I/thunderperf( 1487): CompatConfig.addOverrideUnsafe: aft-state=1
01-11 07:28:15.120 I/thunderperf( 1487): CompatConfig.addOverrideUnsafe: bef-state=1
01-11 07:28:15.121 E/thunderperf( 1487): CompatConfig.addOverrideUnsafe: exception:java.lang.SecurityException: Cannot override a change on a non-debuggable app and user build.
01-11 07:28:15.121 I/thunderperf( 1487): CompatConfig.addOverrideUnsafe: aft-state=1
01-11 07:28:15.121 I/thunderperf( 1487): CompatConfig.addOverrideUnsafe: bef-state=1
01-11 07:28:15.121 E/thunderperf( 1487): CompatConfig.addOverrideUnsafe: exception:java.lang.SecurityException: Cannot override a change on a non-debuggable app and user build.
01-11 07:28:15.121 I/thunderperf( 1487): CompatConfig.addOverrideUnsafe: aft-state=1
01-11 07:28:15.121 I/thunderperf( 1487): CompatConfig.addOverrideUnsafe: bef-state=1
01-11 07:28:15.121 E/thunderperf( 1487): CompatConfig.addOverrideUnsafe: exception:java.lang.SecurityException: Cannot override a change on a non-debuggable app and user build.
01-11 07:28:15.121 I/thunderperf( 1487): CompatConfig.addOverrideUnsafe: aft-state=1
01-11 07:28:15.121 I/thunderperf( 1487): CompatConfig.addOverrideUnsafe: bef-state=1
01-11 07:28:15.121 E/thunderperf( 1487): CompatConfig.addOverrideUnsafe: exception:java.lang.SecurityException: Cannot override a change on a non-debuggable app and user build.
01-11 07:28:15.122 I/thunderperf( 1487): CompatConfig.addOverrideUnsafe: aft-state=1
01-11 07:28:15.122 I/thunderperf( 1487): CompatConfig.addOverrideUnsafe: bef-state=1
01-11 07:28:15.122 E/thunderperf( 1487): CompatConfig.addOverrideUnsafe: exception:java.lang.SecurityException: Cannot override a change on a non-debuggable app and user build.
01-11 07:28:15.122 I/thunderperf( 1487): CompatConfig.addOverrideUnsafe: aft-state=1
01-11 07:28:15.122 I/thunderperf( 1487): CompatConfig.addOverrideUnsafe: bef-state=1
01-11 07:28:15.122 E/thunderperf( 1487): CompatConfig.addOverrideUnsafe: exception:java.lang.SecurityException: Cannot override a change on a non-debuggable app and user build.
