01-11 07:30:36.139 I/auditd ( 0): type=1400 audit(0.0:14264): avc: denied { kill } for comm="swapper/0" capability=5 scontext=u:r:kernel:s0 tcontext=u:r:kernel:s0 tclass=capability permissive=0
01-01 11:30:49.421 I/ ( 0): read descriptors
01-01 11:30:49.421 I/ ( 0): read strings
01-11 07:30:37.143 I/auditd ( 0): type=1400 audit(0.0:14265): avc: denied { kill } for comm="swapper/0" capability=5 scontext=u:r:kernel:s0 tcontext=u:r:kernel:s0 tclass=capability permissive=0
01-01 11:30:50.433 I/ ( 0): read descriptors
01-01 11:30:50.433 I/ ( 0): read strings
01-11 07:30:38.143 I/auditd ( 0): type=1400 audit(0.0:14266): avc: denied { kill } for comm="swapper/0" capability=5 scontext=u:r:kernel:s0 tcontext=u:r:kernel:s0 tclass=capability permissive=0
01-01 11:30:51.449 I/ ( 0): read descriptors
01-01 11:30:51.449 I/ ( 0): read strings
01-11 07:30:39.143 I/auditd ( 0): type=1400 audit(0.0:14267): avc: denied { kill } for comm="swapper/0" capability=5 scontext=u:r:kernel:s0 tcontext=u:r:kernel:s0 tclass=capability permissive=0
01-01 11:30:52.465 I/ ( 0): read descriptors
01-01 11:30:52.465 I/ ( 0): read strings
01-11 07:30:40.143 I/auditd ( 0): type=1400 audit(0.0:14268): avc: denied { kill } for comm="swapper/0" capability=5 scontext=u:r:kernel:s0 tcontext=u:r:kernel:s0 tclass=capability permissive=0
01-01 11:30:53.481 I/ ( 0): read descriptors
01-01 11:30:53.481 I/ ( 0): read strings
01-11 07:30:41.143 I/auditd ( 0): type=1400 audit(0.0:14269): avc: denied { kill } for comm="swapper/0" capability=5 scontext=u:r:kernel:s0 tcontext=u:r:kernel:s0 tclass=capability permissive=0
01-01 11:30:54.497 I/ ( 0): read descriptors
01-01 11:30:54.497 I/ ( 0): read strings
01-11 07:30:42.143 I/auditd ( 0): type=1400 audit(0.0:14270): avc: denied { kill } for comm="swapper/0" capability=5 scontext=u:r:kernel:s0 tcontext=u:r:kernel:s0 tclass=capability permissive=0
01-01 11:30:55.513 I/ ( 0): read descriptors
01-01 11:30:55.513 I/ ( 0): read strings
01-11 07:30:43.143 I/auditd ( 0): type=1400 audit(0.0:14271): avc: denied { kill } for comm="swapper/0" capability=5 scontext=u:r:kernel:s0 tcontext=u:r:kernel:s0 tclass=capability permissive=0
01-01 11:30:56.533 I/ ( 0): read descriptors
01-01 11:30:56.533 I/ ( 0): read strings
01-11 07:30:44.143 I/auditd ( 0): type=1400 audit(0.0:14272): avc: denied { kill } for comm="swapper/0" capability=5 scontext=u:r:kernel:s0 tcontext=u:r:kernel:s0 tclass=capability permissive=0
01-01 11:30:57.553 I/ ( 0): read descriptors
01-01 11:30:57.553 I/ ( 0): read strings
01-11 07:30:45.143 I/auditd ( 0): type=1400 audit(0.0:14273): avc: denied { kill } for comm="swapper/0" capability=5 scontext=u:r:kernel:s0 tcontext=u:r:kernel:s0 tclass=capability permissive=0
01-01 11:30:58.569 I/ ( 0): read descriptors
01-01 11:30:58.569 I/ ( 0): read strings
01-11 07:30:46.139 I/auditd ( 0): type=1400 audit(0.0:14274): avc: denied { kill } for comm="swapper/0" capability=5 scontext=u:r:kernel:s0 tcontext=u:r:kernel:s0 tclass=capability permissive=0
01-01 11:30:59.581 I/ ( 0): read descriptors
01-01 11:30:59.581 I/ ( 0): read strings
01-11 07:30:47.143 I/auditd ( 0): type=1400 audit(0.0:14275): avc: denied { kill } for comm="swapper/0" capability=5 scontext=u:r:kernel:s0 tcontext=u:r:kernel:s0 tclass=capability permissive=0
01-01 11:31:00.601 I/ ( 0): read descriptors
01-01 11:31:00.601 I/ ( 0): read strings
01-11 07:30:48.139 I/auditd ( 0): type=1400 audit(0.0:14276): avc: denied { kill } for comm="swapper/0" capability=5 scontext=u:r:kernel:s0 tcontext=u:r:kernel:s0 tclass=capability permissive=0
01-01 11:31:01.621 I/ ( 0): read descriptors
01-01 11:31:01.621 I/ ( 0): read strings
01-11 07:30:49.139 I/auditd ( 0): type=1400 audit(0.0:14277): avc: denied { kill } for comm="swapper/0" capability=5 scontext=u:r:kernel:s0 tcontext=u:r:kernel:s0 tclass=capability permissive=0
01-01 11:31:02.637 I/ ( 0): read descriptors
01-01 11:31:02.637 I/ ( 0): read strings
01-11 07:30:50.143 I/auditd ( 0): type=1400 audit(0.0:14278): avc: denied { kill } for comm="swapper/0" capability=5 scontext=u:r:kernel:s0 tcontext=u:r:kernel:s0 tclass=capability permissive=0
01-01 11:31:03.653 I/ ( 0): read descriptors
01-01 11:31:03.653 I/ ( 0): read strings
01-11 07:30:51.139 I/auditd ( 0): type=1400 audit(0.0:14279): avc: denied { kill } for comm="swapper/0" capability=5 scontext=u:r:kernel:s0 tcontext=u:r:kernel:s0 tclass=capability permissive=0
01-01 11:31:04.665 I/ ( 0): read descriptors
01-01 11:31:04.665 I/ ( 0): read strings
01-11 07:30:52.139 I/auditd ( 0): type=1400 audit(0.0:14280): avc: denied { kill } for comm="swapper/0" capability=5 scontext=u:r:kernel:s0 tcontext=u:r:kernel:s0 tclass=capability permissive=0
01-01 11:31:05.681 I/ ( 0): read descriptors
01-01 11:31:05.681 I/ ( 0): read strings
01-11 07:30:53.143 I/auditd ( 0): type=1400 audit(0.0:14281): avc: denied { kill } for comm="swapper/0" capability=5 scontext=u:r:kernel:s0 tcontext=u:r:kernel:s0 tclass=capability permissive=0
01-01 11:31:06.701 I/ ( 0): read descriptors
01-01 11:31:06.701 I/ ( 0): read strings
01-11 07:30:54.143 I/auditd ( 0): type=1400 audit(0.0:14282): avc: denied { kill } for comm="swapper/0" capability=5 scontext=u:r:kernel:s0 tcontext=u:r:kernel:s0 tclass=capability permissive=0
01-01 11:31:07.717 I/ ( 0): read descriptors
01-01 11:31:07.717 I/ ( 0): read strings
01-11 07:30:55.143 I/auditd ( 0): type=1400 audit(0.0:14283): avc: denied { kill } for comm="swapper/0" capability=5 scontext=u:r:kernel:s0 tcontext=u:r:kernel:s0 tclass=capability permissive=0
01-01 11:31:08.733 I/ ( 0): read descriptors
01-01 11:31:08.733 I/ ( 0): read strings
01-11 07:30:56.143 I/auditd ( 0): type=1400 audit(0.0:14284): avc: denied { kill } for comm="swapper/0" capability=5 scontext=u:r:kernel:s0 tcontext=u:r:kernel:s0 tclass=capability permissive=0
01-01 11:31:09.753 I/ ( 0): read descriptors
01-01 11:31:09.753 I/ ( 0): read strings
01-11 07:30:57.067 I/am_uid_idle( 1487): 10067
01-11 07:30:57.143 I/auditd ( 0): type=1400 audit(0.0:14285): avc: denied { kill } for comm="swapper/0" capability=5 scontext=u:r:kernel:s0 tcontext=u:r:kernel:s0 tclass=capability permissive=0
01-01 11:31:10.769 I/ ( 0): read descriptors
01-01 11:31:10.769 I/ ( 0): read strings
01-11 07:30:58.139 I/auditd ( 0): type=1400 audit(0.0:14286): avc: denied { kill } for comm="swapper/0" capability=5 scontext=u:r:kernel:s0 tcontext=u:r:kernel:s0 tclass=capability permissive=0
01-01 11:31:11.785 I/ ( 0): read descriptors
01-01 11:31:11.785 I/ ( 0): read strings
01-11 07:30:59.143 I/auditd ( 0): type=1400 audit(0.0:14287): avc: denied { kill } for comm="swapper/0" capability=5 scontext=u:r:kernel:s0 tcontext=u:r:kernel:s0 tclass=capability permissive=0
01-01 11:31:12.801 I/ ( 0): read descriptors
01-01 11:31:12.801 I/ ( 0): read strings
01-11 07:31:00.139 I/auditd ( 0): type=1400 audit(0.0:14288): avc: denied { kill } for comm="swapper/0" capability=5 scontext=u:r:kernel:s0 tcontext=u:r:kernel:s0 tclass=capability permissive=0
01-01 11:31:13.817 I/ ( 0): read descriptors
01-01 11:31:13.817 I/ ( 0): read strings
01-11 07:31:01.143 I/auditd ( 0): type=1400 audit(0.0:14289): avc: denied { kill } for comm="swapper/0" capability=5 scontext=u:r:kernel:s0 tcontext=u:r:kernel:s0 tclass=capability permissive=0
01-01 11:31:14.833 I/ ( 0): read descriptors
01-01 11:31:14.833 I/ ( 0): read strings
01-11 07:31:02.143 I/auditd ( 0): type=1400 audit(0.0:14290): avc: denied { kill } for comm="swapper/0" capability=5 scontext=u:r:kernel:s0 tcontext=u:r:kernel:s0 tclass=capability permissive=0
01-01 11:31:15.849 I/ ( 0): read descriptors
01-01 11:31:15.849 I/ ( 0): read strings
01-11 07:31:02.827 I/am_uid_idle( 1487): 10030
01-11 07:31:02.827 I/am_uid_idle( 1487): 10026
01-11 07:31:02.827 I/am_uid_idle( 1487): 10018
01-11 07:31:03.143 I/auditd ( 0): type=1400 audit(0.0:14291): avc: denied { kill } for comm="swapper/0" capability=5 scontext=u:r:kernel:s0 tcontext=u:r:kernel:s0 tclass=capability permissive=0
01-01 11:31:16.865 I/ ( 0): read descriptors
01-01 11:31:16.865 I/ ( 0): read strings
01-11 07:31:04.143 I/auditd ( 0): type=1400 audit(0.0:14292): avc: denied { kill } for comm="swapper/0" capability=5 scontext=u:r:kernel:s0 tcontext=u:r:kernel:s0 tclass=capability permissive=0
01-01 11:31:17.881 I/ ( 0): read descriptors
01-01 11:31:17.881 I/ ( 0): read strings
01-11 07:31:05.143 I/auditd ( 0): type=1400 audit(0.0:14293): avc: denied { kill } for comm="swapper/0" capability=5 scontext=u:r:kernel:s0 tcontext=u:r:kernel:s0 tclass=capability permissive=0
01-01 11:31:18.897 I/ ( 0): read descriptors
01-01 11:31:18.897 I/ ( 0): read strings
01-11 07:31:06.143 I/auditd ( 0): type=1400 audit(0.0:14294): avc: denied { kill } for comm="swapper/0" capability=5 scontext=u:r:kernel:s0 tcontext=u:r:kernel:s0 tclass=capability permissive=0
01-01 11:31:19.909 I/ ( 0): read descriptors
01-01 11:31:19.909 I/ ( 0): read strings
01-11 07:31:07.143 I/auditd ( 0): type=1400 audit(0.0:14295): avc: denied { kill } for comm="swapper/0" capability=5 scontext=u:r:kernel:s0 tcontext=u:r:kernel:s0 tclass=capability permissive=0
01-01 11:31:20.921 I/ ( 0): read descriptors
01-01 11:31:20.921 I/ ( 0): read strings
01-11 07:31:08.139 I/auditd ( 0): type=1400 audit(0.0:14296): avc: denied { kill } for comm="swapper/0" capability=5 scontext=u:r:kernel:s0 tcontext=u:r:kernel:s0 tclass=capability permissive=0
01-01 11:31:21.937 I/ ( 0): read descriptors
01-01 11:31:21.937 I/ ( 0): read strings
01-11 07:31:09.143 I/auditd ( 0): type=1400 audit(0.0:14297): avc: denied { kill } for comm="swapper/0" capability=5 scontext=u:r:kernel:s0 tcontext=u:r:kernel:s0 tclass=capability permissive=0
01-01 11:31:22.949 I/ ( 0): read descriptors
01-01 11:31:22.949 I/ ( 0): read strings
01-11 07:31:10.143 I/auditd ( 0): type=1400 audit(0.0:14298): avc: denied { kill } for comm="swapper/0" capability=5 scontext=u:r:kernel:s0 tcontext=u:r:kernel:s0 tclass=capability permissive=0
01-01 11:31:23.961 I/ ( 0): read descriptors
01-01 11:31:23.961 I/ ( 0): read strings
01-11 07:31:11.139 I/auditd ( 0): type=1400 audit(0.0:14299): avc: denied { kill } for comm="swapper/0" capability=5 scontext=u:r:kernel:s0 tcontext=u:r:kernel:s0 tclass=capability permissive=0
01-11 07:31:11.262 I/am_uid_idle( 1487): 90000
01-11 07:31:11.262 I/am_uid_idle( 1487): 10032
01-01 11:31:24.973 I/ ( 0): read descriptors
01-01 11:31:24.973 I/ ( 0): read strings
01-11 07:31:12.143 I/auditd ( 0): type=1400 audit(0.0:14300): avc: denied { kill } for comm="swapper/0" capability=5 scontext=u:r:kernel:s0 tcontext=u:r:kernel:s0 tclass=capability permissive=0
01-01 11:31:25.985 I/ ( 0): read descriptors
01-01 11:31:25.985 I/ ( 0): read strings
01-11 07:31:13.143 I/auditd ( 0): type=1400 audit(0.0:14301): avc: denied { kill } for comm="swapper/0" capability=5 scontext=u:r:kernel:s0 tcontext=u:r:kernel:s0 tclass=capability permissive=0
01-11 07:31:13.288 V/DisplayPowerController[0]( 1487): Brightness [0.05] reason changing to: 'manual [ dim ]', previous reason: 'manual'.
01-11 07:31:13.288 I/sysui_multi_action( 1487): [757,1696,758,6,759,2]
01-11 07:31:13.288 W/PowerManagerService( 1487): Screen on took 337480 ms
01-11 07:31:13.303 E/DisplayDeviceConfig( 1487): requesting nits when no mapping exists.
01-11 07:31:13.304 E/DisplayDeviceConfig( 1487): requesting nits when no mapping exists.
01-11 07:31:13.304 I/am_wtf ( 1487): [0,1487,system_server,-1,DisplayDeviceConfig,requesting nits when no mapping exists.]
01-11 07:31:13.305 I/DropBoxManagerService( 1487): add tag=system_server_wtf isTagEnabled=true flags=0x2
01-11 07:31:13.307 I/am_wtf ( 1487): [0,1487,system_server,-1,DisplayDeviceConfig,requesting nits when no mapping exists.]
01-11 07:31:13.308 I/DropBoxManagerService( 1487): add tag=system_server_wtf isTagEnabled=true flags=0x2
01-11 07:31:13.318 E/DisplayDeviceConfig( 1487): requesting nits when no mapping exists.
01-11 07:31:13.319 E/DisplayDeviceConfig( 1487): requesting nits when no mapping exists.
01-11 07:31:13.319 I/am_wtf ( 1487): [0,1487,system_server,-1,DisplayDeviceConfig,requesting nits when no mapping exists.]
01-11 07:31:13.320 I/DropBoxManagerService( 1487): add tag=system_server_wtf isTagEnabled=true flags=0x2
01-11 07:31:13.321 I/am_wtf ( 1487): [0,1487,system_server,-1,DisplayDeviceConfig,requesting nits when no mapping exists.]
01-11 07:31:13.322 I/DropBoxManagerService( 1487): add tag=system_server_wtf isTagEnabled=true flags=0x2
01-11 07:31:13.334 E/DisplayDeviceConfig( 1487): requesting nits when no mapping exists.
01-11 07:31:13.334 E/DisplayDeviceConfig( 1487): requesting nits when no mapping exists.
01-11 07:31:13.334 I/am_wtf ( 1487): [0,1487,system_server,-1,DisplayDeviceConfig,requesting nits when no mapping exists.]
01-11 07:31:13.335 I/DropBoxManagerService( 1487): add tag=system_server_wtf isTagEnabled=true flags=0x2
01-11 07:31:13.336 I/am_wtf ( 1487): [0,1487,system_server,-1,DisplayDeviceConfig,requesting nits when no mapping exists.]
01-11 07:31:13.350 E/DisplayDeviceConfig( 1487): requesting nits when no mapping exists.
01-11 07:31:13.351 E/DisplayDeviceConfig( 1487): requesting nits when no mapping exists.
01-11 07:31:13.351 I/am_wtf ( 1487): [0,1487,system_server,-1,DisplayDeviceConfig,requesting nits when no mapping exists.]
01-11 07:31:13.352 I/am_wtf ( 1487): [0,1487,system_server,-1,DisplayDeviceConfig,requesting nits when no mapping exists.]
01-11 07:31:13.367 E/DisplayDeviceConfig( 1487): requesting nits when no mapping exists.
01-11 07:31:13.367 E/DisplayDeviceConfig( 1487): requesting nits when no mapping exists.
01-11 07:31:13.367 I/am_wtf ( 1487): [0,1487,system_server,-1,DisplayDeviceConfig,requesting nits when no mapping exists.]
01-11 07:31:13.368 I/am_wtf ( 1487): [0,1487,system_server,-1,DisplayDeviceConfig,requesting nits when no mapping exists.]
01-11 07:31:13.384 E/DisplayDeviceConfig( 1487): requesting nits when no mapping exists.
01-11 07:31:13.384 E/DisplayDeviceConfig( 1487): requesting nits when no mapping exists.
01-11 07:31:13.384 I/am_wtf ( 1487): [0,1487,system_server,-1,DisplayDeviceConfig,requesting nits when no mapping exists.]
01-11 07:31:13.385 I/am_wtf ( 1487): [0,1487,system_server,-1,DisplayDeviceConfig,requesting nits when no mapping exists.]
01-11 07:31:13.401 E/DisplayDeviceConfig( 1487): requesting nits when no mapping exists.
01-11 07:31:13.401 I/am_wtf ( 1487): [0,1487,system_server,-1,DisplayDeviceConfig,requesting nits when no mapping exists.]
01-11 07:31:13.401 E/DisplayDeviceConfig( 1487): requesting nits when no mapping exists.
01-11 07:31:13.402 I/am_wtf ( 1487): [0,1487,system_server,-1,DisplayDeviceConfig,requesting nits when no mapping exists.]
01-11 07:31:13.417 E/DisplayDeviceConfig( 1487): requesting nits when no mapping exists.
01-11 07:31:13.418 I/am_wtf ( 1487): [0,1487,system_server,-1,DisplayDeviceConfig,requesting nits when no mapping exists.]
01-11 07:31:13.418 E/DisplayDeviceConfig( 1487): requesting nits when no mapping exists.
01-11 07:31:13.419 I/am_wtf ( 1487): [0,1487,system_server,-1,DisplayDeviceConfig,requesting nits when no mapping exists.]
01-11 07:31:13.434 E/DisplayDeviceConfig( 1487): requesting nits when no mapping exists.
01-11 07:31:13.435 I/am_wtf ( 1487): [0,1487,system_server,-1,DisplayDeviceConfig,requesting nits when no mapping exists.]
01-11 07:31:13.435 E/DisplayDeviceConfig( 1487): requesting nits when no mapping exists.
01-11 07:31:13.435 I/am_wtf ( 1487): [0,1487,system_server,-1,DisplayDeviceConfig,requesting nits when no mapping exists.]
01-11 07:31:13.451 E/DisplayDeviceConfig( 1487): requesting nits when no mapping exists.
01-11 07:31:13.451 I/am_wtf ( 1487): [0,1487,system_server,-1,DisplayDeviceConfig,requesting nits when no mapping exists.]
01-11 07:31:13.451 E/DisplayDeviceConfig( 1487): requesting nits when no mapping exists.
01-11 07:31:13.452 I/am_wtf ( 1487): [0,1487,system_server,-1,DisplayDeviceConfig,requesting nits when no mapping exists.]
01-11 07:31:13.453 I/service_manager_stats( 1487): [100,40,72119]
01-11 07:31:13.467 E/DisplayDeviceConfig( 1487): requesting nits when no mapping exists.
01-11 07:31:13.468 I/am_wtf ( 1487): [0,1487,system_server,-1,DisplayDeviceConfig,requesting nits when no mapping exists.]
01-11 07:31:13.468 E/DisplayDeviceConfig( 1487): requesting nits when no mapping exists.
01-11 07:31:13.469 I/am_wtf ( 1487): [0,1487,system_server,-1,DisplayDeviceConfig,requesting nits when no mapping exists.]
01-11 07:31:13.484 E/DisplayDeviceConfig( 1487): requesting nits when no mapping exists.
01-11 07:31:13.485 E/DisplayDeviceConfig( 1487): requesting nits when no mapping exists.
01-11 07:31:13.485 I/am_wtf ( 1487): [0,1487,system_server,-1,DisplayDeviceConfig,requesting nits when no mapping exists.]
01-11 07:31:13.486 I/am_wtf ( 1487): [0,1487,system_server,-1,DisplayDeviceConfig,requesting nits when no mapping exists.]
01-11 07:31:13.501 E/DisplayDeviceConfig( 1487): requesting nits when no mapping exists.
01-11 07:31:13.501 I/am_wtf ( 1487): [0,1487,system_server,-1,DisplayDeviceConfig,requesting nits when no mapping exists.]
01-11 07:31:13.501 E/DisplayDeviceConfig( 1487): requesting nits when no mapping exists.
01-11 07:31:13.502 I/am_wtf ( 1487): [0,1487,system_server,-1,DisplayDeviceConfig,requesting nits when no mapping exists.]
01-11 07:31:13.518 E/DisplayDeviceConfig( 1487): requesting nits when no mapping exists.
01-11 07:31:13.518 I/am_wtf ( 1487): [0,1487,system_server,-1,DisplayDeviceConfig,requesting nits when no mapping exists.]
01-11 07:31:13.518 E/DisplayDeviceConfig( 1487): requesting nits when no mapping exists.
01-11 07:31:13.519 I/am_wtf ( 1487): [0,1487,system_server,-1,DisplayDeviceConfig,requesting nits when no mapping exists.]
01-11 07:31:13.534 E/DisplayDeviceConfig( 1487): requesting nits when no mapping exists.
01-11 07:31:13.535 I/am_wtf ( 1487): [0,1487,system_server,-1,DisplayDeviceConfig,requesting nits when no mapping exists.]
01-11 07:31:13.535 E/DisplayDeviceConfig( 1487): requesting nits when no mapping exists.
01-11 07:31:13.536 I/am_wtf ( 1487): [0,1487,system_server,-1,DisplayDeviceConfig,requesting nits when no mapping exists.]
01-11 07:31:13.551 E/DisplayDeviceConfig( 1487): requesting nits when no mapping exists.
01-11 07:31:13.552 I/am_wtf ( 1487): [0,1487,system_server,-1,DisplayDeviceConfig,requesting nits when no mapping exists.]
01-11 07:31:13.552 E/DisplayDeviceConfig( 1487): requesting nits when no mapping exists.
01-11 07:31:13.553 I/am_wtf ( 1487): [0,1487,system_server,-1,DisplayDeviceConfig,requesting nits when no mapping exists.]
01-11 07:31:13.568 E/DisplayDeviceConfig( 1487): requesting nits when no mapping exists.
01-11 07:31:13.568 I/am_wtf ( 1487): [0,1487,system_server,-1,DisplayDeviceConfig,requesting nits when no mapping exists.]
01-11 07:31:13.568 E/DisplayDeviceConfig( 1487): requesting nits when no mapping exists.
01-11 07:31:13.569 I/am_wtf ( 1487): [0,1487,system_server,-1,DisplayDeviceConfig,requesting nits when no mapping exists.]
01-11 07:31:13.584 E/DisplayDeviceConfig( 1487): requesting nits when no mapping exists.
01-11 07:31:13.585 I/am_wtf ( 1487): [0,1487,system_server,-1,DisplayDeviceConfig,requesting nits when no mapping exists.]
01-11 07:31:13.585 E/DisplayDeviceConfig( 1487): requesting nits when no mapping exists.
01-11 07:31:13.586 I/am_wtf ( 1487): [0,1487,system_server,-1,DisplayDeviceConfig,requesting nits when no mapping exists.]
01-11 07:31:13.601 E/DisplayDeviceConfig( 1487): requesting nits when no mapping exists.
01-11 07:31:13.602 I/am_wtf ( 1487): [0,1487,system_server,-1,DisplayDeviceConfig,requesting nits when no mapping exists.]
01-11 07:31:13.602 E/DisplayDeviceConfig( 1487): requesting nits when no mapping exists.
01-11 07:31:13.603 I/am_wtf ( 1487): [0,1487,system_server,-1,DisplayDeviceConfig,requesting nits when no mapping exists.]
01-11 07:31:13.618 E/DisplayDeviceConfig( 1487): requesting nits when no mapping exists.
01-11 07:31:13.618 I/am_wtf ( 1487): [0,1487,system_server,-1,DisplayDeviceConfig,requesting nits when no mapping exists.]
01-11 07:31:13.618 E/DisplayDeviceConfig( 1487): requesting nits when no mapping exists.
01-11 07:31:13.619 I/am_wtf ( 1487): [0,1487,system_server,-1,DisplayDeviceConfig,requesting nits when no mapping exists.]
01-11 07:31:13.635 E/DisplayDeviceConfig( 1487): requesting nits when no mapping exists.
01-11 07:31:13.635 E/DisplayDeviceConfig( 1487): requesting nits when no mapping exists.
01-11 07:31:13.635 I/am_wtf ( 1487): [0,1487,system_server,-1,DisplayDeviceConfig,requesting nits when no mapping exists.]
01-11 07:31:13.636 I/am_wtf ( 1487): [0,1487,system_server,-1,DisplayDeviceConfig,requesting nits when no mapping exists.]
01-11 07:31:13.651 E/DisplayDeviceConfig( 1487): requesting nits when no mapping exists.
01-11 07:31:13.651 E/DisplayDeviceConfig( 1487): requesting nits when no mapping exists.
01-11 07:31:13.651 I/am_wtf ( 1487): [0,1487,system_server,-1,DisplayDeviceConfig,requesting nits when no mapping exists.]
01-11 07:31:13.652 I/am_wtf ( 1487): [0,1487,system_server,-1,DisplayDeviceConfig,requesting nits when no mapping exists.]
01-11 07:31:13.668 E/DisplayDeviceConfig( 1487): requesting nits when no mapping exists.
01-11 07:31:13.669 I/am_wtf ( 1487): [0,1487,system_server,-1,DisplayDeviceConfig,requesting nits when no mapping exists.]
01-11 07:31:13.669 E/DisplayDeviceConfig( 1487): requesting nits when no mapping exists.
01-11 07:31:13.670 I/am_wtf ( 1487): [0,1487,system_server,-1,DisplayDeviceConfig,requesting nits when no mapping exists.]
01-11 07:31:13.685 E/DisplayDeviceConfig( 1487): requesting nits when no mapping exists.
01-11 07:31:13.685 E/DisplayDeviceConfig( 1487): requesting nits when no mapping exists.
01-11 07:31:13.685 I/am_wtf ( 1487): [0,1487,system_server,-1,DisplayDeviceConfig,requesting nits when no mapping exists.]
01-11 07:31:13.686 I/am_wtf ( 1487): [0,1487,system_server,-1,DisplayDeviceConfig,requesting nits when no mapping exists.]
01-11 07:31:13.701 E/DisplayDeviceConfig( 1487): requesting nits when no mapping exists.
01-11 07:31:13.702 E/DisplayDeviceConfig( 1487): requesting nits when no mapping exists.
01-11 07:31:13.702 I/am_wtf ( 1487): [0,1487,system_server,-1,DisplayDeviceConfig,requesting nits when no mapping exists.]
01-11 07:31:13.703 I/am_wtf ( 1487): [0,1487,system_server,-1,DisplayDeviceConfig,requesting nits when no mapping exists.]
01-11 07:31:13.718 E/DisplayDeviceConfig( 1487): requesting nits when no mapping exists.
01-11 07:31:13.719 I/am_wtf ( 1487): [0,1487,system_server,-1,DisplayDeviceConfig,requesting nits when no mapping exists.]
01-11 07:31:13.719 E/DisplayDeviceConfig( 1487): requesting nits when no mapping exists.
01-11 07:31:13.720 I/am_wtf ( 1487): [0,1487,system_server,-1,DisplayDeviceConfig,requesting nits when no mapping exists.]
01-11 07:31:13.734 E/DisplayDeviceConfig( 1487): requesting nits when no mapping exists.
01-11 07:31:13.735 I/am_wtf ( 1487): [0,1487,system_server,-1,DisplayDeviceConfig,requesting nits when no mapping exists.]
01-11 07:31:13.735 E/DisplayDeviceConfig( 1487): requesting nits when no mapping exists.
01-11 07:31:13.736 I/am_wtf ( 1487): [0,1487,system_server,-1,DisplayDeviceConfig,requesting nits when no mapping exists.]
01-11 07:31:13.751 E/DisplayDeviceConfig( 1487): requesting nits when no mapping exists.
01-11 07:31:13.752 I/am_wtf ( 1487): [0,1487,system_server,-1,DisplayDeviceConfig,requesting nits when no mapping exists.]
01-11 07:31:13.752 E/DisplayDeviceConfig( 1487): requesting nits when no mapping exists.
01-11 07:31:13.753 I/am_wtf ( 1487): [0,1487,system_server,-1,DisplayDeviceConfig,requesting nits when no mapping exists.]
01-11 07:31:13.768 E/DisplayDeviceConfig( 1487): requesting nits when no mapping exists.
01-11 07:31:13.769 I/am_wtf ( 1487): [0,1487,system_server,-1,DisplayDeviceConfig,requesting nits when no mapping exists.]
01-11 07:31:13.770 E/DisplayDeviceConfig( 1487): requesting nits when no mapping exists.
01-11 07:31:13.771 I/am_wtf ( 1487): [0,1487,system_server,-1,DisplayDeviceConfig,requesting nits when no mapping exists.]
01-11 07:31:13.785 E/DisplayDeviceConfig( 1487): requesting nits when no mapping exists.
01-11 07:31:13.786 E/DisplayDeviceConfig( 1487): requesting nits when no mapping exists.
01-11 07:31:13.786 I/am_wtf ( 1487): [0,1487,system_server,-1,DisplayDeviceConfig,requesting nits when no mapping exists.]
01-11 07:31:13.786 I/am_wtf ( 1487): [0,1487,system_server,-1,DisplayDeviceConfig,requesting nits when no mapping exists.]
01-11 07:31:13.802 E/DisplayDeviceConfig( 1487): requesting nits when no mapping exists.
01-11 07:31:13.802 E/DisplayDeviceConfig( 1487): requesting nits when no mapping exists.
01-11 07:31:13.802 I/am_wtf ( 1487): [0,1487,system_server,-1,DisplayDeviceConfig,requesting nits when no mapping exists.]
01-11 07:31:13.803 I/am_wtf ( 1487): [0,1487,system_server,-1,DisplayDeviceConfig,requesting nits when no mapping exists.]
01-11 07:31:13.818 E/DisplayDeviceConfig( 1487): requesting nits when no mapping exists.
01-11 07:31:13.819 I/am_wtf ( 1487): [0,1487,system_server,-1,DisplayDeviceConfig,requesting nits when no mapping exists.]
01-11 07:31:13.819 E/DisplayDeviceConfig( 1487): requesting nits when no mapping exists.
01-11 07:31:13.820 I/am_wtf ( 1487): [0,1487,system_server,-1,DisplayDeviceConfig,requesting nits when no mapping exists.]
01-11 07:31:13.835 E/DisplayDeviceConfig( 1487): requesting nits when no mapping exists.
01-11 07:31:13.835 E/DisplayDeviceConfig( 1487): requesting nits when no mapping exists.
01-11 07:31:13.835 I/am_wtf ( 1487): [0,1487,system_server,-1,DisplayDeviceConfig,requesting nits when no mapping exists.]
01-11 07:31:13.836 I/am_wtf ( 1487): [0,1487,system_server,-1,DisplayDeviceConfig,requesting nits when no mapping exists.]
01-11 07:31:13.852 E/DisplayDeviceConfig( 1487): requesting nits when no mapping exists.
01-11 07:31:13.852 E/DisplayDeviceConfig( 1487): requesting nits when no mapping exists.
01-11 07:31:13.852 I/am_wtf ( 1487): [0,1487,system_server,-1,DisplayDeviceConfig,requesting nits when no mapping exists.]
01-11 07:31:13.853 I/am_wtf ( 1487): [0,1487,system_server,-1,DisplayDeviceConfig,requesting nits when no mapping exists.]
01-11 07:31:13.868 E/DisplayDeviceConfig( 1487): requesting nits when no mapping exists.
01-11 07:31:13.869 E/DisplayDeviceConfig( 1487): requesting nits when no mapping exists.
01-11 07:31:13.869 I/am_wtf ( 1487): [0,1487,system_server,-1,DisplayDeviceConfig,requesting nits when no mapping exists.]
01-11 07:31:13.870 I/am_wtf ( 1487): [0,1487,system_server,-1,DisplayDeviceConfig,requesting nits when no mapping exists.]
01-11 07:31:13.885 E/DisplayDeviceConfig( 1487): requesting nits when no mapping exists.
01-11 07:31:13.886 E/DisplayDeviceConfig( 1487): requesting nits when no mapping exists.
01-11 07:31:13.886 I/am_wtf ( 1487): [0,1487,system_server,-1,DisplayDeviceConfig,requesting nits when no mapping exists.]
01-11 07:31:13.887 I/am_wtf ( 1487): [0,1487,system_server,-1,DisplayDeviceConfig,requesting nits when no mapping exists.]
01-01 11:31:27.005 I/ ( 0): read descriptors
01-01 11:31:27.005 I/ ( 0): read strings
01-11 07:31:13.902 E/DisplayDeviceConfig( 1487): requesting nits when no mapping exists.
01-11 07:31:13.902 I/am_wtf ( 1487): [0,1487,system_server,-1,DisplayDeviceConfig,requesting nits when no mapping exists.]
01-11 07:31:13.902 E/DisplayDeviceConfig( 1487): requesting nits when no mapping exists.
01-11 07:31:13.903 I/am_wtf ( 1487): [0,1487,system_server,-1,DisplayDeviceConfig,requesting nits when no mapping exists.]
01-11 07:31:13.918 E/DisplayDeviceConfig( 1487): requesting nits when no mapping exists.
01-11 07:31:13.919 I/am_wtf ( 1487): [0,1487,system_server,-1,DisplayDeviceConfig,requesting nits when no mapping exists.]
01-11 07:31:13.919 E/DisplayDeviceConfig( 1487): requesting nits when no mapping exists.
01-11 07:31:13.920 I/am_wtf ( 1487): [0,1487,system_server,-1,DisplayDeviceConfig,requesting nits when no mapping exists.]
01-11 07:31:13.935 E/DisplayDeviceConfig( 1487): requesting nits when no mapping exists.
01-11 07:31:13.936 I/am_wtf ( 1487): [0,1487,system_server,-1,DisplayDeviceConfig,requesting nits when no mapping exists.]
01-11 07:31:13.936 E/DisplayDeviceConfig( 1487): requesting nits when no mapping exists.
01-11 07:31:13.936 I/am_wtf ( 1487): [0,1487,system_server,-1,DisplayDeviceConfig,requesting nits when no mapping exists.]
01-11 07:31:13.952 E/DisplayDeviceConfig( 1487): requesting nits when no mapping exists.
01-11 07:31:13.952 E/DisplayDeviceConfig( 1487): requesting nits when no mapping exists.
01-11 07:31:13.952 I/am_wtf ( 1487): [0,1487,system_server,-1,DisplayDeviceConfig,requesting nits when no mapping exists.]
01-11 07:31:13.953 I/am_wtf ( 1487): [0,1487,system_server,-1,DisplayDeviceConfig,requesting nits when no mapping exists.]
01-11 07:31:13.969 E/DisplayDeviceConfig( 1487): requesting nits when no mapping exists.
01-11 07:31:13.969 I/am_wtf ( 1487): [0,1487,system_server,-1,DisplayDeviceConfig,requesting nits when no mapping exists.]
01-11 07:31:13.970 E/DisplayDeviceConfig( 1487): requesting nits when no mapping exists.
01-11 07:31:13.970 I/am_wtf ( 1487): [0,1487,system_server,-1,DisplayDeviceConfig,requesting nits when no mapping exists.]
01-11 07:31:13.985 E/DisplayDeviceConfig( 1487): requesting nits when no mapping exists.
01-11 07:31:13.986 I/am_wtf ( 1487): [0,1487,system_server,-1,DisplayDeviceConfig,requesting nits when no mapping exists.]
01-11 07:31:13.987 E/DisplayDeviceConfig( 1487): requesting nits when no mapping exists.
01-11 07:31:13.987 I/am_wtf ( 1487): [0,1487,system_server,-1,DisplayDeviceConfig,requesting nits when no mapping exists.]
01-11 07:31:14.002 E/DisplayDeviceConfig( 1487): requesting nits when no mapping exists.
01-11 07:31:14.002 E/DisplayDeviceConfig( 1487): requesting nits when no mapping exists.
01-11 07:31:14.002 I/am_wtf ( 1487): [0,1487,system_server,-1,DisplayDeviceConfig,requesting nits when no mapping exists.]
01-11 07:31:14.003 I/am_wtf ( 1487): [0,1487,system_server,-1,DisplayDeviceConfig,requesting nits when no mapping exists.]
01-11 07:31:14.018 E/DisplayDeviceConfig( 1487): requesting nits when no mapping exists.
01-11 07:31:14.019 I/am_wtf ( 1487): [0,1487,system_server,-1,DisplayDeviceConfig,requesting nits when no mapping exists.]
01-11 07:31:14.019 E/DisplayDeviceConfig( 1487): requesting nits when no mapping exists.
01-11 07:31:14.020 I/am_wtf ( 1487): [0,1487,system_server,-1,DisplayDeviceConfig,requesting nits when no mapping exists.]
01-11 07:31:14.035 E/DisplayDeviceConfig( 1487): requesting nits when no mapping exists.
01-11 07:31:14.036 I/am_wtf ( 1487): [0,1487,system_server,-1,DisplayDeviceConfig,requesting nits when no mapping exists.]
01-11 07:31:14.036 E/DisplayDeviceConfig( 1487): requesting nits when no mapping exists.
01-11 07:31:14.036 I/am_wtf ( 1487): [0,1487,system_server,-1,DisplayDeviceConfig,requesting nits when no mapping exists.]
01-11 07:31:14.052 E/DisplayDeviceConfig( 1487): requesting nits when no mapping exists.
01-11 07:31:14.053 I/am_wtf ( 1487): [0,1487,system_server,-1,DisplayDeviceConfig,requesting nits when no mapping exists.]
01-11 07:31:14.054 E/DisplayDeviceConfig( 1487): requesting nits when no mapping exists.
01-11 07:31:14.054 I/am_wtf ( 1487): [0,1487,system_server,-1,DisplayDeviceConfig,requesting nits when no mapping exists.]
01-11 07:31:14.069 E/DisplayDeviceConfig( 1487): requesting nits when no mapping exists.
01-11 07:31:14.070 I/am_wtf ( 1487): [0,1487,system_server,-1,DisplayDeviceConfig,requesting nits when no mapping exists.]
01-11 07:31:14.070 E/DisplayDeviceConfig( 1487): requesting nits when no mapping exists.
01-11 07:31:14.071 I/am_wtf ( 1487): [0,1487,system_server,-1,DisplayDeviceConfig,requesting nits when no mapping exists.]
01-11 07:31:14.085 E/DisplayDeviceConfig( 1487): requesting nits when no mapping exists.
01-11 07:31:14.086 I/am_wtf ( 1487): [0,1487,system_server,-1,DisplayDeviceConfig,requesting nits when no mapping exists.]
01-11 07:31:14.086 E/DisplayDeviceConfig( 1487): requesting nits when no mapping exists.
01-11 07:31:14.087 I/am_wtf ( 1487): [0,1487,system_server,-1,DisplayDeviceConfig,requesting nits when no mapping exists.]
01-11 07:31:14.102 E/DisplayDeviceConfig( 1487): requesting nits when no mapping exists.
01-11 07:31:14.103 I/am_wtf ( 1487): [0,1487,system_server,-1,DisplayDeviceConfig,requesting nits when no mapping exists.]
01-11 07:31:14.103 E/DisplayDeviceConfig( 1487): requesting nits when no mapping exists.
01-11 07:31:14.104 I/am_wtf ( 1487): [0,1487,system_server,-1,DisplayDeviceConfig,requesting nits when no mapping exists.]
01-11 07:31:14.119 E/DisplayDeviceConfig( 1487): requesting nits when no mapping exists.
01-11 07:31:14.119 E/DisplayDeviceConfig( 1487): requesting nits when no mapping exists.
01-11 07:31:14.119 I/am_wtf ( 1487): [0,1487,system_server,-1,DisplayDeviceConfig,requesting nits when no mapping exists.]
01-11 07:31:14.120 I/am_wtf ( 1487): [0,1487,system_server,-1,DisplayDeviceConfig,requesting nits when no mapping exists.]
01-11 07:31:14.135 E/DisplayDeviceConfig( 1487): requesting nits when no mapping exists.
01-11 07:31:14.136 I/am_wtf ( 1487): [0,1487,system_server,-1,DisplayDeviceConfig,requesting nits when no mapping exists.]
01-11 07:31:14.136 E/DisplayDeviceConfig( 1487): requesting nits when no mapping exists.
01-11 07:31:14.137 I/am_wtf ( 1487): [0,1487,system_server,-1,DisplayDeviceConfig,requesting nits when no mapping exists.]
01-11 07:31:14.139 I/auditd ( 0): type=1400 audit(0.0:14302): avc: denied { kill } for comm="swapper/0" capability=5 scontext=u:r:kernel:s0 tcontext=u:r:kernel:s0 tclass=capability permissive=0
01-11 07:31:14.152 E/DisplayDeviceConfig( 1487): requesting nits when no mapping exists.
01-11 07:31:14.153 E/DisplayDeviceConfig( 1487): requesting nits when no mapping exists.
01-11 07:31:14.153 I/am_wtf ( 1487): [0,1487,system_server,-1,DisplayDeviceConfig,requesting nits when no mapping exists.]
01-11 07:31:14.154 I/am_wtf ( 1487): [0,1487,system_server,-1,DisplayDeviceConfig,requesting nits when no mapping exists.]
01-11 07:31:14.169 E/DisplayDeviceConfig( 1487): requesting nits when no mapping exists.
01-11 07:31:14.170 E/DisplayDeviceConfig( 1487): requesting nits when no mapping exists.
01-11 07:31:14.170 I/am_wtf ( 1487): [0,1487,system_server,-1,DisplayDeviceConfig,requesting nits when no mapping exists.]
01-11 07:31:14.170 I/am_wtf ( 1487): [0,1487,system_server,-1,DisplayDeviceConfig,requesting nits when no mapping exists.]
01-11 07:31:14.186 E/DisplayDeviceConfig( 1487): requesting nits when no mapping exists.
01-11 07:31:14.186 E/DisplayDeviceConfig( 1487): requesting nits when no mapping exists.
01-11 07:31:14.186 I/am_wtf ( 1487): [0,1487,system_server,-1,DisplayDeviceConfig,requesting nits when no mapping exists.]
01-11 07:31:14.187 I/am_wtf ( 1487): [0,1487,system_server,-1,DisplayDeviceConfig,requesting nits when no mapping exists.]
01-11 07:31:14.202 E/DisplayDeviceConfig( 1487): requesting nits when no mapping exists.
01-11 07:31:14.203 E/DisplayDeviceConfig( 1487): requesting nits when no mapping exists.
01-11 07:31:14.203 I/am_wtf ( 1487): [0,1487,system_server,-1,DisplayDeviceConfig,requesting nits when no mapping exists.]
01-11 07:31:14.204 I/am_wtf ( 1487): [0,1487,system_server,-1,DisplayDeviceConfig,requesting nits when no mapping exists.]
01-11 07:31:14.219 E/DisplayDeviceConfig( 1487): requesting nits when no mapping exists.
01-11 07:31:14.219 E/DisplayDeviceConfig( 1487): requesting nits when no mapping exists.
01-11 07:31:14.220 I/am_wtf ( 1487): [0,1487,system_server,-1,DisplayDeviceConfig,requesting nits when no mapping exists.]
01-11 07:31:14.220 I/am_wtf ( 1487): [0,1487,system_server,-1,DisplayDeviceConfig,requesting nits when no mapping exists.]
01-11 07:31:14.236 E/DisplayDeviceConfig( 1487): requesting nits when no mapping exists.
01-11 07:31:14.236 E/DisplayDeviceConfig( 1487): requesting nits when no mapping exists.
01-11 07:31:14.236 I/am_wtf ( 1487): [0,1487,system_server,-1,DisplayDeviceConfig,requesting nits when no mapping exists.]
01-11 07:31:14.237 I/am_wtf ( 1487): [0,1487,system_server,-1,DisplayDeviceConfig,requesting nits when no mapping exists.]
01-11 07:31:14.252 E/DisplayDeviceConfig( 1487): requesting nits when no mapping exists.
01-11 07:31:14.253 E/DisplayDeviceConfig( 1487): requesting nits when no mapping exists.
01-11 07:31:14.253 I/am_wtf ( 1487): [0,1487,system_server,-1,DisplayDeviceConfig,requesting nits when no mapping exists.]
01-11 07:31:14.254 I/am_wtf ( 1487): [0,1487,system_server,-1,DisplayDeviceConfig,requesting nits when no mapping exists.]
01-01 11:31:28.025 I/ ( 0): read descriptors
01-01 11:31:28.025 I/ ( 0): read strings
01-11 07:31:15.143 I/auditd ( 0): type=1400 audit(0.0:14303): avc: denied { kill } for comm="swapper/0" capability=5 scontext=u:r:kernel:s0 tcontext=u:r:kernel:s0 tclass=capability permissive=0
01-01 11:31:29.045 I/ ( 0): read descriptors
01-01 11:31:29.045 I/ ( 0): read strings
01-11 07:31:16.139 I/auditd ( 0): type=1400 audit(0.0:14304): avc: denied { kill } for comm="swapper/0" capability=5 scontext=u:r:kernel:s0 tcontext=u:r:kernel:s0 tclass=capability permissive=0
01-11 07:31:16.554 I/am_uid_idle( 1487): 10019
01-01 11:31:30.061 I/ ( 0): read descriptors
01-01 11:31:30.061 I/ ( 0): read strings
01-11 07:31:17.143 I/auditd ( 0): type=1400 audit(0.0:14305): avc: denied { kill } for comm="swapper/0" capability=5 scontext=u:r:kernel:s0 tcontext=u:r:kernel:s0 tclass=capability permissive=0
01-01 11:31:31.077 I/ ( 0): read descriptors
01-01 11:31:31.077 I/ ( 0): read strings
01-11 07:31:18.143 I/auditd ( 0): type=1400 audit(0.0:14306): avc: denied { kill } for comm="swapper/0" capability=5 scontext=u:r:kernel:s0 tcontext=u:r:kernel:s0 tclass=capability permissive=0
01-01 11:31:32.093 I/ ( 0): read descriptors
01-01 11:31:32.093 I/ ( 0): read strings
01-11 07:31:19.143 I/auditd ( 0): type=1400 audit(0.0:14307): avc: denied { kill } for comm="swapper/0" capability=5 scontext=u:r:kernel:s0 tcontext=u:r:kernel:s0 tclass=capability permissive=0
01-01 11:31:33.105 I/ ( 0): read descriptors
01-01 11:31:33.105 I/ ( 0): read strings
01-11 07:31:20.143 I/auditd ( 0): type=1400 audit(0.0:14308): avc: denied { kill } for comm="swapper/0" capability=5 scontext=u:r:kernel:s0 tcontext=u:r:kernel:s0 tclass=capability permissive=0
01-01 11:31:34.121 I/ ( 0): read descriptors
01-01 11:31:34.121 I/ ( 0): read strings
01-11 07:31:21.143 I/auditd ( 0): type=1400 audit(0.0:14309): avc: denied { kill } for comm="swapper/0" capability=5 scontext=u:r:kernel:s0 tcontext=u:r:kernel:s0 tclass=capability permissive=0
01-11 07:31:21.450 I/am_uid_idle( 1487): 10068
01-11 07:31:21.968 I/PowerManagerService( 1487): Napping display group (groupId=0, uid=1000)...
01-11 07:31:21.968 I/PowerManagerService( 1487): Nap time (uid 1000)...
01-11 07:31:21.970 I/DreamManagerService( 1487): Entering dreamland.
01-11 07:31:21.973 I/PowerManagerService( 1487): Dreaming...
01-11 07:31:21.975 I/DreamController( 1487): Starting dream: name=ComponentInfo{com.thundercomm.screensaver/com.thundercomm.saverclock.service.ClockScreensaver}, isTest=false, canDoze=false, userId=0
01-11 07:31:21.975 I/sysui_multi_action( 1487): [757,222,758,1]
01-11 07:31:21.979 I/am_uid_active( 1487): 10052
01-11 07:31:21.992 I/ActivityTaskManager( 1487): START u0 {flg=0x10000000 pkg=com.thundercomm.screensaver cmp=com.thundercomm.screensaver/android.service.dreams.DreamActivity (has extras)} from uid 10052
01-11 07:31:21.998 I/service_manager_stats( 1487): [100,49,8545]
01-11 07:31:21.999 I/am_pss ( 1487): [25108,10071,com.android.launcher3,96300032,86925312,0,232480768,0,2,16]
01-11 07:31:22.000 I/wm_task_created( 1487): [100,-1]
01-11 07:31:22.000 W/ActivityTaskManager( 1487): Can't find TaskDisplayArea to determine support for multi window. Task id=100 attached=false
01-11 07:31:22.004 I/wm_task_moved( 1487): [100,1,15]
01-11 07:31:22.004 I/wm_task_to_front( 1487): [0,100]
01-11 07:31:22.005 I/wm_create_task( 1487): [0,100]
01-11 07:31:22.005 I/wm_create_activity( 1487): [0,200644696,100,com.thundercomm.screensaver/android.service.dreams.DreamActivity,NULL,NULL,NULL,276824064]
01-11 07:31:22.005 I/wm_task_moved( 1487): [100,1,15]
01-11 07:31:22.005 I/wm_on_top_resumed_lost_called(25108): [124244050,com.android.launcher3.uioverrides.QuickstepLauncher,topStateChangedWhenResumed]
01-11 07:31:22.006 I/wm_pause_activity( 1487): [0,124244050,com.android.launcher3/.uioverrides.QuickstepLauncher,userLeaving=true,pauseBackTasks]
01-11 07:31:22.007 I/am_pss ( 1487): [25579,90000,com.microsoft.emmx:sandboxed_process0:org.chromium.content.app.SandboxedProcessService0:0,15657984,4538368,0,111058944,0,19,7]
01-11 07:31:22.007 I/wm_on_paused_called(25108): [124244050,com.android.launcher3.uioverrides.QuickstepLauncher,performPause]
01-11 07:31:22.008 I/ActivityTaskManager( 1487): FOREGROUND_APPLICATION_CHANGED to android.service.dreams.DreamActivity
01-11 07:31:22.008 I/ActivityTaskManager( 1487): The Process com.thundercomm.screensaver Already Exists in BG. So sending its PID: 5339
01-11 07:31:22.008 W/ActivityTaskManager( 1487): Tried to set launchTime (0) < mLastActivityLaunchTime (12340827)
01-11 07:31:22.008 I/wm_add_to_stopping( 1487): [0,124244050,com.android.launcher3/.uioverrides.QuickstepLauncher,makeInvisible]
01-11 07:31:22.009 I/wm_restart_activity( 1487): [0,200644696,100,com.thundercomm.screensaver/android.service.dreams.DreamActivity]
01-11 07:31:22.009 I/wm_set_resumed_activity( 1487): [0,com.thundercomm.screensaver/android.service.dreams.DreamActivity,minimalResumeActivityLocked]
01-11 07:31:22.013 I/am_pss ( 1487): [23871,1000,com.qti.diagservices,5804032,3801088,0,92909568,0,10,5]
01-11 07:31:22.013 I/sysui_multi_action( 1487): [757,803,799,window_time_0,802,60]
01-11 07:31:22.013 I/wm_on_create_called( 5339): [200644696,android.service.dreams.DreamActivity,performCreate]
01-11 07:31:22.014 I/wm_on_start_called( 5339): [200644696,android.service.dreams.DreamActivity,handleStartActivity]
01-11 07:31:22.014 I/wm_on_resume_called( 5339): [200644696,android.service.dreams.DreamActivity,RESUME_ACTIVITY]
01-11 07:31:22.015 W/WindowManager( 1487): Failed looking up window session=Session{979cda7 5339:u0a10052} callers=com.android.server.wm.WindowManagerService.windowForClientLocked:5628 com.android.server.wm.Session.insetsModified:629 android.view.IWindowSession$Stub.onTransact:1151
01-11 07:31:22.016 I/wm_on_top_resumed_gained_called( 5339): [200644696,android.service.dreams.DreamActivity,topStateChangedWhenResumed]
01-11 07:31:22.017 W/ContextImpl(19692): Calling a method in the system process without a qualified user: android.app.ContextImpl.startService:1816 android.content.ContextWrapper.startService:774 com.thundercomm.gamemode.ingame.services.GameModeActionUtils.startGameModeService:111 com.thundercomm.gamemode.ingame.services.GameModeActionUtils.startGameModeEntry:22 com.thundercomm.gamemode.ingame.services.ActivityMonitoringService$1.onActivityLaunch:129
01-01 11:31:35.136 I/ ( 0): read descriptors
01-01 11:31:35.136 I/ ( 0): read strings
01-11 07:31:22.019 I/GameModeConfig( 1487): Current uri is uri = content://com.thundercomm.gamemode.api/gamemode_settings/gamemode_isgaming
01-11 07:31:22.021 I/GameModeConfig( 1487): isGameModeOn = false
01-11 07:31:22.021 I/GameModeConfig( 1487): isGameModeOn = false
01-11 07:31:22.021 I/GameModeConfig( 1487): isDisableVoice = true
01-11 07:31:22.025 I/input_focus( 1487): [Focus request a57e204 com.thundercomm.screensaver/android.service.dreams.DreamActivity,reason=UpdateInputWindows]
01-11 07:31:22.036 I/sysui_multi_action( 1487): [319,42,322,42,325,12692,757,761,758,8,759,2,806,com.thundercomm.screensaver,871,android.service.dreams.DreamActivity,904,com.thundercomm.screensaver,905,0,1320,8,1321,5]
01-11 07:31:22.036 I/wm_activity_launch_time( 1487): [0,200644696,com.thundercomm.screensaver/android.service.dreams.DreamActivity,42]
01-11 07:31:22.038 V/DisplayPowerController[0]( 1487): Brightness [1.0] reason changing to: 'manual', previous reason: 'manual [ dim ]'.
01-11 07:31:22.038 I/sysui_multi_action( 1487): [757,1696,758,6,759,3]
01-11 07:31:22.039 I/input_focus( 1487): [Focus leaving 76b7596 com.android.launcher3/com.android.launcher3.uioverrides.QuickstepLauncher (server),reason=NO_WINDOW]
01-11 07:31:22.054 E/DisplayDeviceConfig( 1487): requesting nits when no mapping exists.
01-11 07:31:22.054 E/DisplayDeviceConfig( 1487): requesting nits when no mapping exists.
01-11 07:31:22.054 I/am_wtf ( 1487): [0,1487,system_server,-1,DisplayDeviceConfig,requesting nits when no mapping exists.]
01-11 07:31:22.054 I/am_wtf ( 1487): [0,1487,system_server,-1,DisplayDeviceConfig,requesting nits when no mapping exists.]
01-11 07:31:22.055 I/input_focus( 1487): [Focus entering a57e204 com.thundercomm.screensaver/android.service.dreams.DreamActivity (server),reason=Window became focusable. Previous reason: NOT_VISIBLE]
01-11 07:31:22.070 E/DisplayDeviceConfig( 1487): requesting nits when no mapping exists.
01-11 07:31:22.071 E/DisplayDeviceConfig( 1487): requesting nits when no mapping exists.
01-11 07:31:22.071 I/am_wtf ( 1487): [0,1487,system_server,-1,DisplayDeviceConfig,requesting nits when no mapping exists.]
01-11 07:31:22.071 I/am_wtf ( 1487): [0,1487,system_server,-1,DisplayDeviceConfig,requesting nits when no mapping exists.]
01-11 07:31:22.087 E/DisplayDeviceConfig( 1487): requesting nits when no mapping exists.
01-11 07:31:22.087 E/DisplayDeviceConfig( 1487): requesting nits when no mapping exists.
01-11 07:31:22.087 I/am_wtf ( 1487): [0,1487,system_server,-1,DisplayDeviceConfig,requesting nits when no mapping exists.]
01-11 07:31:22.088 I/am_wtf ( 1487): [0,1487,system_server,-1,DisplayDeviceConfig,requesting nits when no mapping exists.]
01-11 07:31:22.104 E/DisplayDeviceConfig( 1487): requesting nits when no mapping exists.
01-11 07:31:22.104 E/DisplayDeviceConfig( 1487): requesting nits when no mapping exists.
01-11 07:31:22.104 I/am_wtf ( 1487): [0,1487,system_server,-1,DisplayDeviceConfig,requesting nits when no mapping exists.]
01-11 07:31:22.105 I/am_wtf ( 1487): [0,1487,system_server,-1,DisplayDeviceConfig,requesting nits when no mapping exists.]
01-11 07:31:22.111 W/FreeFormWindowHelper( 1487): Current Display FreeFormTask is null
01-11 07:31:22.111 W/FreeFormWindowHelper( 1487): Current Display FreeFormTask is null
01-11 07:31:22.111 W/FreeFormWindowHelper( 1487): Current Display FreeFormTask is null
01-11 07:31:22.114 W/ContextImpl(19692): Calling a method in the system process without a qualified user: android.app.ContextImpl.startService:1816 android.content.ContextWrapper.startService:774 com.thundercomm.gamemode.ingame.services.GameModeActionUtils.startGameModeService:111 com.thundercomm.gamemode.ingame.services.GameModeActionUtils.startGameModeEntry:22 com.thundercomm.gamemode.ingame.services.ActivityMonitoringService$1.onActivityLaunch:129
01-11 07:31:22.115 I/GameModeConfig( 1487): Current uri is uri = content://com.thundercomm.gamemode.api/gamemode_settings/gamemode_isgaming
01-11 07:31:22.116 I/GameModeConfig( 1487): isGameModeOn = false
01-11 07:31:22.116 I/GameModeConfig( 1487): isGameModeOn = false
01-11 07:31:22.116 I/GameModeConfig( 1487): isDisableVoice = true
01-11 07:31:22.121 E/DisplayDeviceConfig( 1487): requesting nits when no mapping exists.
01-11 07:31:22.121 E/DisplayDeviceConfig( 1487): requesting nits when no mapping exists.
01-11 07:31:22.121 I/am_wtf ( 1487): [0,1487,system_server,-1,DisplayDeviceConfig,requesting nits when no mapping exists.]
01-11 07:31:22.121 I/am_wtf ( 1487): [0,1487,system_server,-1,DisplayDeviceConfig,requesting nits when no mapping exists.]
01-11 07:31:22.138 E/DisplayDeviceConfig( 1487): requesting nits when no mapping exists.
01-11 07:31:22.138 E/DisplayDeviceConfig( 1487): requesting nits when no mapping exists.
01-11 07:31:22.138 I/am_wtf ( 1487): [0,1487,system_server,-1,DisplayDeviceConfig,requesting nits when no mapping exists.]
01-11 07:31:22.138 I/am_wtf ( 1487): [0,1487,system_server,-1,DisplayDeviceConfig,requesting nits when no mapping exists.]
01-11 07:31:22.139 I/auditd ( 0): type=1400 audit(0.0:14310): avc: denied { kill } for comm="swapper/0" capability=5 scontext=u:r:kernel:s0 tcontext=u:r:kernel:s0 tclass=capability permissive=0
01-11 07:31:22.154 E/DisplayDeviceConfig( 1487): requesting nits when no mapping exists.
01-11 07:31:22.154 E/DisplayDeviceConfig( 1487): requesting nits when no mapping exists.
01-11 07:31:22.154 I/am_wtf ( 1487): [0,1487,system_server,-1,DisplayDeviceConfig,requesting nits when no mapping exists.]
01-11 07:31:22.155 I/am_wtf ( 1487): [0,1487,system_server,-1,DisplayDeviceConfig,requesting nits when no mapping exists.]
01-11 07:31:22.171 E/DisplayDeviceConfig( 1487): requesting nits when no mapping exists.
01-11 07:31:22.171 E/DisplayDeviceConfig( 1487): requesting nits when no mapping exists.
01-11 07:31:22.171 I/am_wtf ( 1487): [0,1487,system_server,-1,DisplayDeviceConfig,requesting nits when no mapping exists.]
01-11 07:31:22.172 I/am_wtf ( 1487): [0,1487,system_server,-1,DisplayDeviceConfig,requesting nits when no mapping exists.]
01-11 07:31:22.188 E/DisplayDeviceConfig( 1487): requesting nits when no mapping exists.
01-11 07:31:22.188 E/DisplayDeviceConfig( 1487): requesting nits when no mapping exists.
01-11 07:31:22.188 I/am_wtf ( 1487): [0,1487,system_server,-1,DisplayDeviceConfig,requesting nits when no mapping exists.]
01-11 07:31:22.188 I/am_wtf ( 1487): [0,1487,system_server,-1,DisplayDeviceConfig,requesting nits when no mapping exists.]
01-11 07:31:22.204 E/DisplayDeviceConfig( 1487): requesting nits when no mapping exists.
01-11 07:31:22.204 E/DisplayDeviceConfig( 1487): requesting nits when no mapping exists.
01-11 07:31:22.204 I/am_wtf ( 1487): [0,1487,system_server,-1,DisplayDeviceConfig,requesting nits when no mapping exists.]
01-11 07:31:22.205 I/am_wtf ( 1487): [0,1487,system_server,-1,DisplayDeviceConfig,requesting nits when no mapping exists.]
