01-11 07:27:22.738 W/ActivityTaskManager( 1487): getTaskSnapshot: taskId=1080 not found
01-11 07:27:22.743 W/FreeFormWindowHelper( 1487): Current Display FreeFormTask is null
01-11 07:27:22.754 I/sysui_multi_action( 1487): [319,8,322,67,325,12453,757,761,758,9,759,5,806,com.android.launcher3,871,com.android.launcher3.uioverrides.QuickstepLauncher,904,com.android.launcher3,905,0,1320,8,1321,5]
01-11 07:27:22.758 E/AndroidRuntime(24516): FATAL EXCEPTION: main
01-11 07:27:22.758 E/AndroidRuntime(24516): Process: com.android.launcher3, PID: 24516
01-11 07:27:22.758 E/AndroidRuntime(24516): java.lang.NullPointerException: Attempt to read from field 'android.content.Intent android.app.TaskInfo.baseIntent' on a null object reference
01-11 07:27:22.758 E/AndroidRuntime(24516): at com.android.quickstep.TouchInteractionService.newBaseConsumer(TouchInteractionService.java:739)
01-11 07:27:22.758 E/AndroidRuntime(24516): at com.android.quickstep.TouchInteractionService.newConsumer(TouchInteractionService.java:660)
01-11 07:27:22.758 E/AndroidRuntime(24516): at com.android.quickstep.TouchInteractionService.onInputEvent(TouchInteractionService.java:557)
01-11 07:27:22.758 E/AndroidRuntime(24516): at com.android.quickstep.TouchInteractionService.$r8$lambda$QnySfMPM3HQvC_OREg1W70p37mY(Unknown Source:0)
01-11 07:27:22.758 E/AndroidRuntime(24516): at com.android.quickstep.TouchInteractionService$$ExternalSyntheticLambda4.onInputEvent(Unknown Source:2)
01-11 07:27:22.758 E/AndroidRuntime(24516): at com.android.systemui.shared.system.InputChannelCompat$InputEventReceiver$1.onInputEvent(InputChannelCompat.java:74)
01-11 07:27:22.758 E/AndroidRuntime(24516): at android.view.InputEventReceiver.dispatchInputEvent(InputEventReceiver.java:260)
01-11 07:27:22.758 E/AndroidRuntime(24516): at android.os.MessageQueue.nativePollOnce(Native Method)
01-11 07:27:22.758 E/AndroidRuntime(24516): at android.os.MessageQueue.next(MessageQueue.java:335)
01-11 07:27:22.758 E/AndroidRuntime(24516): at android.os.Looper.loopOnce(Looper.java:161)
01-11 07:27:22.758 E/AndroidRuntime(24516): at android.os.Looper.loop(Looper.java:288)
01-11 07:27:22.758 E/AndroidRuntime(24516): at android.app.ActivityThread.main(ActivityThread.java:7880)
01-11 07:27:22.758 E/AndroidRuntime(24516): at java.lang.reflect.Method.invoke(Native Method)
01-11 07:27:22.758 E/AndroidRuntime(24516): at com.android.internal.os.RuntimeInit$MethodAndArgsCaller.run(RuntimeInit.java:548)
01-11 07:27:22.758 E/AndroidRuntime(24516): at com.android.internal.os.ZygoteInit.main(ZygoteInit.java:1009)
01-11 07:27:22.758 I/am_crash( 1487): [24516,0,com.android.launcher3,617332293,java.lang.NullPointerException,Attempt to read from field 'android.content.Intent android.app.TaskInfo.baseIntent' on a null object reference,TouchInteractionService.java,739]
01-11 07:27:22.759 W/ActivityTaskManager( 1487): Not force finishing home activity com.android.launcher3/.uioverrides.QuickstepLauncher
01-11 07:27:22.759 I/DropBoxManagerService( 1487): add tag=system_app_crash isTagEnabled=true flags=0x2
01-11 07:27:22.759 W/ActivityTaskManager( 1487): Not force finishing home activity com.android.launcher3/.uioverrides.QuickstepLauncher
01-11 07:27:22.760 I/sysui_multi_action( 1487): [757,316,758,4,759,-1]
01-11 07:27:22.773 I/ActivityManager( 1487): Process com.android.launcher3 (pid 24516) has died: vis TOP
01-11 07:27:22.773 I/am_proc_died( 1487): [0,24516,com.android.launcher3,100,2]
01-01 11:27:35.892 I/binder ( 0): undelivered transaction 1493751, process died.
01-11 07:27:22.774 I/WindowManager( 1487): WIN DEATH: Window{132a744 u0 com.android.launcher3/com.android.launcher3.uioverrides.QuickstepLauncher}
01-11 07:27:22.776 E/RecentsAnimationController( 1487): Failed to cancel recents animation
01-11 07:27:22.776 E/RecentsAnimationController( 1487): android.os.DeadObjectException
01-11 07:27:22.776 E/RecentsAnimationController( 1487): at android.os.BinderProxy.transactNative(Native Method)
01-11 07:27:22.776 E/RecentsAnimationController( 1487): at android.os.BinderProxy.transact(BinderProxy.java:571)
01-11 07:27:22.776 E/RecentsAnimationController( 1487): at android.view.IRecentsAnimationRunner$Stub$Proxy.onAnimationCanceled(IRecentsAnimationRunner.java:220)
01-11 07:27:22.776 E/RecentsAnimationController( 1487): at com.android.server.wm.RecentsAnimationController.cancelAnimation(RecentsAnimationController.java:879)
01-11 07:27:22.776 E/RecentsAnimationController( 1487): at com.android.server.wm.RecentsAnimationController.cancelAnimation(RecentsAnimationController.java:814)
01-11 07:27:22.776 E/RecentsAnimationController( 1487): at com.android.server.wm.RecentsAnimationController.forceCancelAnimation(RecentsAnimationController.java:807)
01-11 07:27:22.776 E/RecentsAnimationController( 1487): at com.android.server.wm.RecentsAnimationController.binderDied(RecentsAnimationController.java:1038)
01-11 07:27:22.776 E/RecentsAnimationController( 1487): at android.os.IBinder$DeathRecipient.binderDied(IBinder.java:314)
01-11 07:27:22.776 E/RecentsAnimationController( 1487): at android.os.BinderProxy.sendDeathNotice(BinderProxy.java:685)
01-11 07:27:22.778 I/wm_task_moved( 1487): [83,0,7]
01-11 07:27:22.778 I/wm_add_to_stopping( 1487): [0,124244050,com.android.launcher3/.uioverrides.QuickstepLauncher,makeInvisible]
01-11 07:27:22.784 I/input_interaction( 1487): Interaction with: de82099 com.android.music/com.android.music.MusicBrowserActivity (server), edge-swipe (server), PointerEventDispatcher0 (server),
01-11 07:27:22.784 W/ActivityManager( 1487): Scheduling restart of crashed service com.android.launcher3/com.android.quickstep.TouchInteractionService in 1000ms for connection
01-11 07:27:22.784 I/am_schedule_service_restart( 1487): [0,com.android.launcher3/com.android.quickstep.TouchInteractionService,1000]
01-11 07:27:22.785 I/am_uid_stopped( 1487): 10071
01-11 07:27:22.787 W/ActivityManager( 1487): setHasOverlayUi called on unknown pid: 24516
01-11 07:27:22.787 W/UsageStatsService( 1487): Unexpected activity event reported! (com.android.launcher3/com.android.launcher3.uioverrides.QuickstepLauncher event : 23 instanceId : 199892189)
01-11 07:27:22.790 I/am_uid_running( 1487): 10071
01-11 07:27:22.791 D/CompatibilityChangeReporter( 1487): Compat change id reported: 135634846; UID 10071; state: DISABLED
01-11 07:27:22.791 D/CompatibilityChangeReporter( 1487): Compat change id reported: 177438394; UID 10071; state: DISABLED
01-11 07:27:22.791 D/CompatibilityChangeReporter( 1487): Compat change id reported: 135772972; UID 10071; state: DISABLED
01-11 07:27:22.791 D/CompatibilityChangeReporter( 1487): Compat change id reported: 135754954; UID 10071; state: ENABLED
01-11 07:27:22.791 D/CompatibilityChangeReporter( 1487): Compat change id reported: 143937733; UID 10071; state: ENABLED
01-11 07:27:22.798 I/am_proc_start( 1487): [0,24595,10071,com.android.launcher3,service,{com.android.launcher3/com.android.quickstep.TouchInteractionService}]
01-11 07:27:22.798 I/ActivityManager( 1487): Start proc 24595:com.android.launcher3/u0a71 for service {com.android.launcher3/com.android.quickstep.TouchInteractionService}
01-01 11:27:35.932 I/binder ( 0): 24595:24595 ioctl 40046210 7ffca76594 returned -22
01-11 07:27:22.816 I/am_proc_bound( 1487): [0,24595,com.android.launcher3]
01-11 07:27:22.817 D/CompatibilityChangeReporter( 1487): Compat change id reported: 168419799; UID 10071; state: DISABLED
01-11 07:27:22.818 I/am_uid_active( 1487): 10071
01-11 07:27:22.858 I/ActivityTaskManager( 1487): The Process com.android.launcher3 Already Exists in BG. So sending its PID: 24595
01-11 07:27:22.860 I/wm_restart_activity( 1487): [0,124244050,84,com.android.launcher3/.uioverrides.QuickstepLauncher]
01-11 07:27:22.860 I/wm_add_to_stopping( 1487): [0,124244050,com.android.launcher3/.uioverrides.QuickstepLauncher,preloadRecents]
01-11 07:27:22.873 W/ContextImpl(19692): Calling a method in the system process without a qualified user: android.app.ContextImpl.startService:1816 android.content.ContextWrapper.startService:774 com.thundercomm.gamemode.ingame.services.GameModeActionUtils.startGameModeService:111 com.thundercomm.gamemode.ingame.services.GameModeActionUtils.startGameModeEntry:22 com.thundercomm.gamemode.ingame.services.ActivityMonitoringService$1.onActivityLaunch:129
01-11 07:27:22.875 I/GameModeConfig( 1487): Current uri is uri = content://com.thundercomm.gamemode.api/gamemode_settings/gamemode_isgaming
01-11 07:27:22.876 I/GameModeConfig( 1487): isGameModeOn = false
01-11 07:27:22.876 I/GameModeConfig( 1487): isGameModeOn = false
01-11 07:27:22.876 I/GameModeConfig( 1487): isDisableVoice = true
01-01 11:27:36.002 I/binder ( 0): 24595:24620 ioctl 40046210 783d33c254 returned -22
01-11 07:27:22.892 I/service_manager_stats( 1487): [100,39,18197]
01-11 07:27:22.938 I/commit_sys_config_file( 1487): [settings-1-0,4]
01-11 07:27:22.969 W/FreeFormWindowHelper( 1487): Current Display FreeFormTask is null
01-11 07:27:22.978 I/wm_on_create_called(24595): [124244050,com.android.launcher3.uioverrides.QuickstepLauncher,performCreate]
01-11 07:27:22.978 I/wm_on_start_called(24595): [124244050,com.android.launcher3.uioverrides.QuickstepLauncher,handleStartActivity]
01-11 07:27:22.979 I/wm_on_resume_called(24595): [124244050,com.android.launcher3.uioverrides.QuickstepLauncher,LIFECYCLER_RESUME_ACTIVITY]
01-11 07:27:22.982 I/wm_on_paused_called(24595): [124244050,com.android.launcher3.uioverrides.QuickstepLauncher,performPause]
01-11 07:27:22.984 W/FreeFormWindowHelper( 1487): Current Display FreeFormTask is null
01-11 07:27:22.990 W/FreeFormWindowHelper( 1487): Current Display FreeFormTask is null
01-11 07:27:23.005 I/wm_stop_activity( 1487): [0,124244050,com.android.launcher3/.uioverrides.QuickstepLauncher]
01-11 07:27:23.019 I/wm_on_stop_called(24595): [124244050,com.android.launcher3.uioverrides.QuickstepLauncher,STOP_ACTIVITY_ITEM]
01-11 07:27:23.043 W/ContextImpl(19692): Calling a method in the system process without a qualified user: android.app.ContextImpl.startService:1816 android.content.ContextWrapper.startService:774 com.thundercomm.gamemode.ingame.services.GameModeActionUtils.startGameModeService:111 com.thundercomm.gamemode.ingame.services.GameModeActionUtils.startGameModeEntry:22 com.thundercomm.gamemode.ingame.services.ActivityMonitoringService$1.onActivityLaunch:129
01-11 07:27:23.047 I/GameModeConfig( 1487): Current uri is uri = content://com.thundercomm.gamemode.api/gamemode_settings/gamemode_isgaming
01-11 07:27:23.052 I/GameModeConfig( 1487): isGameModeOn = false
01-11 07:27:23.053 I/GameModeConfig( 1487): isGameModeOn = false
01-11 07:27:23.053 I/GameModeConfig( 1487): isDisableVoice = true
01-11 07:27:23.143 I/auditd ( 0): type=1400 audit(0.0:14035): avc: denied { kill } for comm="swapper/7" capability=5 scontext=u:r:kernel:s0 tcontext=u:r:kernel:s0 tclass=capability permissive=0
01-11 07:27:23.457 I/input_interaction( 1487): Interaction with: de82099 com.android.music/com.android.music.MusicBrowserActivity (server), edge-swipe (server), swipe-up (server), PointerEventDispatcher0 (server),
01-11 07:27:23.459 I/input_interaction( 1487): Interaction with: de82099 com.android.music/com.android.music.MusicBrowserActivity (server), 52e4d57 StatusBar (server), edge-swipe (server), swipe-up (server), PointerEventDispatcher0 (server),
01-11 07:27:23.461 I/sysui_multi_action( 2006): [757,803,799,panel_open,802,1]
01-11 07:27:23.463 I/sysui_multi_action( 2006): [757,1328,758,4,1326,46,1327,5,1329,0]
01-11 07:27:23.479 W/FreeFormWindowHelper( 1487): Current Display FreeFormTask is null
01-11 07:27:23.479 W/FreeFormWindowHelper( 1487): Current Display FreeFormTask is null
01-11 07:27:23.479 W/FreeFormWindowHelper( 1487): Current Display FreeFormTask is null
01-11 07:27:23.481 W/FreeFormWindowHelper( 1487): Current Display FreeFormTask is null
01-11 07:27:23.483 W/FreeFormWindowHelper( 1487): Current Display FreeFormTask is null
01-11 07:27:23.487 I/wm_task_moved( 1487): [83,0,0]
01-11 07:27:23.487 I/wm_task_moved( 1487): [83,0,7]
01-11 07:27:23.500 I/wm_on_restart_called(24595): [124244050,com.android.launcher3.uioverrides.QuickstepLauncher,performRestartActivity]
01-11 07:27:23.502 W/FreeFormWindowHelper( 1487): Current Display FreeFormTask is null
01-11 07:27:23.507 W/ContextImpl(19692): Calling a method in the system process without a qualified user: android.app.ContextImpl.startService:1816 android.content.ContextWrapper.startService:774 com.thundercomm.gamemode.ingame.services.GameModeActionUtils.startGameModeService:111 com.thundercomm.gamemode.ingame.services.GameModeActionUtils.startGameModeEntry:22 com.thundercomm.gamemode.ingame.services.ActivityMonitoringService$1.onActivityLaunch:129
01-11 07:27:23.511 I/GameModeConfig( 1487): Current uri is uri = content://com.thundercomm.gamemode.api/gamemode_settings/gamemode_isgaming
01-11 07:27:23.513 I/GameModeConfig( 1487): isGameModeOn = false
01-11 07:27:23.514 I/GameModeConfig( 1487): isGameModeOn = false
01-11 07:27:23.514 I/GameModeConfig( 1487): isDisableVoice = true
01-11 07:27:23.525 I/wm_on_start_called(24595): [124244050,com.android.launcher3.uioverrides.QuickstepLauncher,handleStartActivity]
01-11 07:27:23.526 I/view_enqueue_input_event( 2006): [Motion - Cancel,StatusBar]
01-11 07:27:23.526 I/view_enqueue_input_event(21853): [Motion - Cancel,com.android.music/com.android.music.MusicBrowserActivity]
01-11 07:27:23.528 I/input_focus( 1487): [Focus request recents_animation_input_consumer,reason=UpdateInputWindows]
01-11 07:27:23.532 W/ActivityTaskManager( 1487): getTaskSnapshot: taskId=3080 not found
01-11 07:27:23.533 W/FreeFormWindowHelper( 1487): Current Display FreeFormTask is null
01-11 07:27:23.534 W/FreeFormWindowHelper( 1487): Current Display FreeFormTask is null
01-11 07:27:23.535 I/sysui_latency(24595): [1,66]
01-11 07:27:23.536 W/ActivityTaskManager( 1487): getTaskSnapshot: taskId=1080 not found
01-11 07:27:23.537 W/ActivityTaskManager( 1487): getTaskSnapshot: taskId=2080 not found
01-11 07:27:23.537 I/input_interaction( 1487): Interaction with: edge-swipe (server), swipe-up (server), PointerEventDispatcher0 (server),
01-11 07:27:23.538 W/ActivityTaskManager( 1487): getTaskSnapshot: taskId=3080 not found
01-11 07:27:23.546 W/FreeFormWindowHelper( 1487): Current Display FreeFormTask is null
01-11 07:27:23.549 I/input_focus( 1487): [Focus leaving de82099 com.android.music/com.android.music.MusicBrowserActivity (server),reason=NOT_FOCUSABLE]
01-11 07:27:23.549 I/input_focus( 1487): [Focus entering recents_animation_input_consumer (server),reason=setFocusedWindow]
01-11 07:27:23.551 W/ActivityTaskManager( 1487): getTaskSnapshot: taskId=3080 not found
01-11 07:27:23.551 W/ActivityTaskManager( 1487): getTaskSnapshot: taskId=2080 not found
01-11 07:27:23.551 W/ActivityTaskManager( 1487): getTaskSnapshot: taskId=1080 not found
01-11 07:27:23.554 I/sysui_multi_action( 1487): [319,8,322,60,325,12454,757,761,758,9,759,5,806,com.android.launcher3,871,com.android.launcher3.uioverrides.QuickstepLauncher,904,com.android.launcher3,905,0,1320,8,1321,5]
01-11 07:27:23.560 W/FreeFormWindowHelper( 1487): Current Display FreeFormTask is null
01-11 07:27:23.569 W/FreeFormWindowHelper( 1487): Current Display FreeFormTask is null
01-11 07:27:23.656 W/FreeFormWindowHelper( 1487): Current Display FreeFormTask is null
01-01 11:27:36.830 I/ ( 0): read descriptors
01-01 11:27:36.830 I/ ( 0): read strings
01-11 07:27:23.728 I/commit_sys_config_file( 1487): [settings-1-0,3]
01-11 07:27:23.851 I/sysui_latency( 1487): [8,77]
01-11 07:27:24.139 I/auditd ( 0): type=1400 audit(0.0:14036): avc: denied { kill } for comm="swapper/7" capability=5 scontext=u:r:kernel:s0 tcontext=u:r:kernel:s0 tclass=capability permissive=0
01-01 11:27:37.863 I/ ( 0): read descriptors
01-01 11:27:37.864 I/ ( 0): read strings
01-11 07:27:24.751 W/FreeFormWindowHelper( 1487): Current Display FreeFormTask is null
01-11 07:27:24.760 I/wm_task_moved( 1487): [83,1,8]
01-11 07:27:24.761 I/wm_task_moved( 1487): [84,1,2147483647]
01-11 07:27:24.761 I/wm_task_to_front( 1487): [0,84]
01-11 07:27:24.761 I/wm_focused_root_task( 1487): [0,0,83,82,RecentsAnimation.onAnimationFinished()]
01-11 07:27:24.761 I/wm_set_resumed_activity( 1487): [0,com.android.launcher3/.uioverrides.QuickstepLauncher,RecentsAnimation.onAnimationFinished()]
01-11 07:27:24.762 I/wm_pause_activity( 1487): [0,247989949,com.android.music/.MusicBrowserActivity,userLeaving=true,pauseBackTasks]
01-11 07:27:24.764 I/wm_add_to_stopping( 1487): [0,247989949,com.android.music/.MusicBrowserActivity,makeInvisible]
01-11 07:27:24.764 I/ActivityTaskManager( 1487): FOREGROUND_APPLICATION_CHANGED to com.android.launcher3.uioverrides.QuickstepLauncher
01-11 07:27:24.764 I/wm_set_resumed_activity( 1487): [0,com.android.launcher3/.uioverrides.QuickstepLauncher,resumeTopActivityInnerLocked]
01-11 07:27:24.766 D/CompatibilityChangeReporter( 1487): Compat change id reported: 174042980; UID 10071; state: DISABLED
01-11 07:27:24.766 D/CompatibilityChangeReporter( 1487): Compat change id reported: 181136395; UID 10071; state: DISABLED
01-11 07:27:24.766 D/CompatibilityChangeReporter( 1487): Compat change id reported: 174042936; UID 10071; state: DISABLED
01-11 07:27:24.767 D/CompatibilityChangeReporter( 1487): Compat change id reported: 184838306; UID 10071; state: DISABLED
01-11 07:27:24.768 I/wm_on_top_resumed_lost_called(21853): [247989949,com.android.music.MusicBrowserActivity,topStateChangedWhenResumed]
01-11 07:27:24.769 D/CompatibilityChangeReporter( 1487): Compat change id reported: 185004937; UID 10071; state: DISABLED
01-11 07:27:24.769 I/wm_resume_activity( 1487): [0,124244050,84,com.android.launcher3/.uioverrides.QuickstepLauncher]
01-11 07:27:24.770 I/wm_on_resume_called(24595): [124244050,com.android.launcher3.uioverrides.QuickstepLauncher,RESUME_ACTIVITY]
01-11 07:27:24.775 I/input_focus( 1487): [Focus request 84fe8a0 com.android.launcher3/com.android.launcher3.uioverrides.QuickstepLauncher,reason=UpdateInputWindows]
01-11 07:27:24.778 I/wm_on_paused_called(21853): [247989949,com.android.music.MusicBrowserActivity,performPause]
01-11 07:27:24.781 I/wm_stop_activity( 1487): [0,247989949,com.android.music/.MusicBrowserActivity]
01-11 07:27:24.781 I/sysui_multi_action( 1487): [757,803,799,window_time_0,802,3]
01-11 07:27:24.782 I/sysui_multi_action( 1487): [757,803,799,window_time_0,802,0]
01-11 07:27:24.786 I/input_focus( 1487): [Focus leaving recents_animation_input_consumer (server),reason=NOT_VISIBLE]
01-11 07:27:24.786 I/input_focus( 1487): [Focus entering 84fe8a0 com.android.launcher3/com.android.launcher3.uioverrides.QuickstepLauncher (server),reason=setFocusedWindow]
01-11 07:27:24.787 I/wm_on_top_resumed_gained_called(24595): [124244050,com.android.launcher3.uioverrides.QuickstepLauncher,topStateChangedWhenResumed]
01-11 07:27:24.808 I/wm_on_stop_called(21853): [247989949,com.android.music.MusicBrowserActivity,STOP_ACTIVITY_ITEM]
01-11 07:27:24.825 W/ContextImpl(19692): Calling a method in the system process without a qualified user: android.app.ContextImpl.startService:1816 android.content.ContextWrapper.startService:774 com.thundercomm.gamemode.ingame.services.GameModeActionUtils.startGameModeService:111 com.thundercomm.gamemode.ingame.services.GameModeActionUtils.startGameModeEntry:22 com.thundercomm.gamemode.ingame.services.ActivityMonitoringService$1.onActivityLaunch:129
01-11 07:27:24.828 I/GameModeConfig( 1487): Current uri is uri = content://com.thundercomm.gamemode.api/gamemode_settings/gamemode_isgaming
01-11 07:27:24.830 I/GameModeConfig( 1487): isGameModeOn = false
01-11 07:27:24.830 I/GameModeConfig( 1487): isGameModeOn = false
01-11 07:27:24.830 I/GameModeConfig( 1487): isDisableVoice = true
01-11 07:27:24.884 W/FreeFormWindowHelper( 1487): Current Display FreeFormTask is null
01-11 07:27:24.884 W/FreeFormWindowHelper( 1487): Current Display FreeFormTask is null
01-11 07:27:24.884 W/FreeFormWindowHelper( 1487): Current Display FreeFormTask is null
01-11 07:27:24.890 W/ContextImpl(19692): Calling a method in the system process without a qualified user: android.app.ContextImpl.startService:1816 android.content.ContextWrapper.startService:774 com.thundercomm.gamemode.ingame.services.GameModeActionUtils.startGameModeService:111 com.thundercomm.gamemode.ingame.services.GameModeActionUtils.startGameModeEntry:22 com.thundercomm.gamemode.ingame.services.ActivityMonitoringService$1.onActivityLaunch:129
01-11 07:27:24.895 I/GameModeConfig( 1487): Current uri is uri = content://com.thundercomm.gamemode.api/gamemode_settings/gamemode_isgaming
01-11 07:27:24.898 I/GameModeConfig( 1487): isGameModeOn = false
01-11 07:27:24.898 I/GameModeConfig( 1487): isGameModeOn = false
01-11 07:27:24.898 I/GameModeConfig( 1487): isDisableVoice = true
01-11 07:27:24.940 E/TaskPersister( 1487): File error accessing recents directory (directory doesn't exist?).
01-11 07:27:25.139 I/auditd ( 0): type=1400 audit(0.0:14037): avc: denied { kill } for comm="swapper/3" capability=5 scontext=u:r:kernel:s0 tcontext=u:r:kernel:s0 tclass=capability permissive=0
01-11 07:27:25.392 I/input_interaction( 1487): Interaction with: 84fe8a0 com.android.launcher3/com.android.launcher3.uioverrides.QuickstepLauncher (server), c9f455c com.android.systemui.ImageWallpaper (server), edge-swipe (server), swipe-up (server), PointerEventDispatcher0 (server),
01-11 07:27:25.457 W/WindowManager( 1487): removeWindowToken: Attempted to remove non-existing token: android.os.Binder@d8e329a
01-11 07:27:25.518 I/thunderperf( 1487): PlatormCompat.setOverrides: Uid1=10071 Pid1=24595 Uid2=10071 Pid2=24595
01-11 07:27:25.518 I/thunderperf( 1487): PlatormCompat.setOverrides: needCheck:false
01-11 07:27:25.519 I/thunderperf( 1487): CompatConfig.addOverrideUnsafe: bef-state=1
01-11 07:27:25.519 E/thunderperf( 1487): CompatConfig.addOverrideUnsafe: exception:java.lang.SecurityException: Cannot override a change on a non-debuggable app and user build.
01-11 07:27:25.519 I/thunderperf( 1487): CompatConfig.addOverrideUnsafe: aft-state=1
01-11 07:27:25.520 I/thunderperf( 1487): CompatConfig.addOverrideUnsafe: bef-state=1
01-11 07:27:25.521 E/thunderperf( 1487): CompatConfig.addOverrideUnsafe: exception:java.lang.SecurityException: Cannot override a change on a non-debuggable app and user build.
01-11 07:27:25.521 I/thunderperf( 1487): CompatConfig.addOverrideUnsafe: aft-state=1
01-11 07:27:25.521 I/thunderperf( 1487): CompatConfig.addOverrideUnsafe: bef-state=1
01-11 07:27:25.522 E/thunderperf( 1487): CompatConfig.addOverrideUnsafe: exception:java.lang.SecurityException: Cannot override a change on a non-debuggable app and user build.
01-11 07:27:25.522 I/thunderperf( 1487): CompatConfig.addOverrideUnsafe: aft-state=1
01-11 07:27:25.522 I/thunderperf( 1487): CompatConfig.addOverrideUnsafe: bef-state=1
01-11 07:27:25.522 E/thunderperf( 1487): CompatConfig.addOverrideUnsafe: exception:java.lang.SecurityException: Cannot override a change on a non-debuggable app and user build.
01-11 07:27:25.523 I/thunderperf( 1487): CompatConfig.addOverrideUnsafe: aft-state=1
01-11 07:27:25.523 I/thunderperf( 1487): CompatConfig.addOverrideUnsafe: bef-state=1
01-11 07:27:25.523 E/thunderperf( 1487): CompatConfig.addOverrideUnsafe: exception:java.lang.SecurityException: Cannot override a change on a non-debuggable app and user build.
01-11 07:27:25.523 I/thunderperf( 1487): CompatConfig.addOverrideUnsafe: aft-state=1
01-11 07:27:25.524 I/thunderperf( 1487): CompatConfig.addOverrideUnsafe: bef-state=1
01-11 07:27:25.524 E/thunderperf( 1487): CompatConfig.addOverrideUnsafe: exception:java.lang.SecurityException: Cannot override a change on a non-debuggable app and user build.
01-11 07:27:25.525 I/thunderperf( 1487): CompatConfig.addOverrideUnsafe: aft-state=1
01-11 07:27:25.525 I/thunderperf( 1487): CompatConfig.addOverrideUnsafe: bef-state=1
01-11 07:27:25.525 E/thunderperf( 1487): CompatConfig.addOverrideUnsafe: exception:java.lang.SecurityException: Cannot override a change on a non-debuggable app and user build.
01-11 07:27:25.526 I/thunderperf( 1487): CompatConfig.addOverrideUnsafe: aft-state=1
01-11 07:27:25.526 I/thunderperf( 1487): CompatConfig.addOverrideUnsafe: bef-state=1
01-11 07:27:25.527 E/thunderperf( 1487): CompatConfig.addOverrideUnsafe: exception:java.lang.SecurityException: Cannot override a change on a non-debuggable app and user build.
01-11 07:27:25.527 I/thunderperf( 1487): CompatConfig.addOverrideUnsafe: aft-state=1
01-11 07:27:25.527 I/thunderperf( 1487): CompatConfig.addOverrideUnsafe: bef-state=1
01-11 07:27:25.528 E/thunderperf( 1487): CompatConfig.addOverrideUnsafe: exception:java.lang.SecurityException: Cannot override a change on a non-debuggable app and user build.
01-11 07:27:25.528 I/thunderperf( 1487): CompatConfig.addOverrideUnsafe: aft-state=1
01-11 07:27:25.528 I/thunderperf( 1487): CompatConfig.addOverrideUnsafe: bef-state=1
01-11 07:27:25.529 E/thunderperf( 1487): CompatConfig.addOverrideUnsafe: exception:java.lang.SecurityException: Cannot override a change on a non-debuggable app and user build.
01-11 07:27:25.529 I/thunderperf( 1487): CompatConfig.addOverrideUnsafe: aft-state=1
01-11 07:27:25.529 I/thunderperf( 1487): CompatConfig.addOverrideUnsafe: bef-state=1
01-11 07:27:25.530 E/thunderperf( 1487): CompatConfig.addOverrideUnsafe: exception:java.lang.SecurityException: Cannot override a change on a non-debuggable app and user build.
01-11 07:27:25.530 I/thunderperf( 1487): CompatConfig.addOverrideUnsafe: aft-state=1
01-11 07:27:25.530 I/thunderperf( 1487): CompatConfig.addOverrideUnsafe: bef-state=1
01-11 07:27:25.530 E/thunderperf( 1487): CompatConfig.addOverrideUnsafe: exception:java.lang.SecurityException: Cannot override a change on a non-debuggable app and user build.
01-11 07:27:25.530 I/thunderperf( 1487): CompatConfig.addOverrideUnsafe: aft-state=1
01-11 07:27:25.531 I/thunderperf( 1487): CompatConfig.addOverrideUnsafe: bef-state=1
01-11 07:27:25.531 E/thunderperf( 1487): CompatConfig.addOverrideUnsafe: exception:java.lang.SecurityException: Cannot override a change on a non-debuggable app and user build.
01-11 07:27:25.531 I/thunderperf( 1487): CompatConfig.addOverrideUnsafe: aft-state=1
01-11 07:27:25.531 I/thunderperf( 1487): CompatConfig.addOverrideUnsafe: bef-state=1
01-11 07:27:25.531 E/thunderperf( 1487): CompatConfig.addOverrideUnsafe: exception:java.lang.SecurityException: Cannot override a change on a non-debuggable app and user build.
01-11 07:27:25.531 I/thunderperf( 1487): CompatConfig.addOverrideUnsafe: aft-state=1
01-11 07:27:25.537 I/ActivityTaskManager( 1487): START u0 {act=android.intent.action.MAIN cat=[android.intent.category.LAUNCHER] flg=0x10200000 cmp=com.android.gallery3d/.app.GalleryActivity bnds=[2128,110][2314,310]} from uid 10071
01-11 07:27:25.538 I/wm_task_moved( 1487): [81,1,8]
01-11 07:27:25.538 I/wm_task_to_front( 1487): [0,81]
01-11 07:27:25.539 I/wm_focused_root_task( 1487): [0,0,81,83,bringingFoundTaskToFront]
01-11 07:27:25.539 I/wm_set_resumed_activity( 1487): [0,com.android.gallery3d/.app.GalleryActivity,bringingFoundTaskToFront]
01-11 07:27:25.542 I/wm_pause_activity( 1487): [0,124244050,com.android.launcher3/.uioverrides.QuickstepLauncher,userLeaving=true,pauseBackTasks]
01-11 07:27:25.547 I/wm_on_top_resumed_lost_called(24595): [124244050,com.android.launcher3.uioverrides.QuickstepLauncher,topStateChangedWhenResumed]
01-11 07:27:25.549 I/wm_on_paused_called(24595): [124244050,com.android.launcher3.uioverrides.QuickstepLauncher,performPause]
01-11 07:27:25.552 I/ActivityTaskManager( 1487): FOREGROUND_APPLICATION_CHANGED to com.android.gallery3d.app.GalleryActivity
01-11 07:27:25.556 I/wm_set_resumed_activity( 1487): [0,com.android.gallery3d/.app.GalleryActivity,resumeTopActivityInnerLocked]
01-11 07:27:25.556 I/wm_add_to_stopping( 1487): [0,124244050,com.android.launcher3/.uioverrides.QuickstepLauncher,makeInvisible]
01-11 07:27:25.561 I/wm_resume_activity( 1487): [0,176919600,81,com.android.gallery3d/.app.GalleryActivity]
01-11 07:27:25.566 I/sysui_multi_action( 1487): [757,803,799,window_time_0,802,1]
01-11 07:27:25.571 I/input_focus( 1487): [Focus leaving 84fe8a0 com.android.launcher3/com.android.launcher3.uioverrides.QuickstepLauncher (server),reason=NO_WINDOW]
01-11 07:27:25.572 W/ContextImpl(19692): Calling a method in the system process without a qualified user: android.app.ContextImpl.startService:1816 android.content.ContextWrapper.startService:774 com.thundercomm.gamemode.ingame.services.GameModeActionUtils.startGameModeService:111 com.thundercomm.gamemode.ingame.services.GameModeActionUtils.startGameModeEntry:22 com.thundercomm.gamemode.ingame.services.ActivityMonitoringService$1.onActivityLaunch:129
01-11 07:27:25.572 I/wm_on_restart_called(22945): [176919600,com.android.gallery3d.app.GalleryActivity,performRestartActivity]
01-11 07:27:25.573 I/wm_on_start_called(22945): [176919600,com.android.gallery3d.app.GalleryActivity,handleStartActivity]
01-11 07:27:25.575 I/GameModeConfig( 1487): Current uri is uri = content://com.thundercomm.gamemode.api/gamemode_settings/gamemode_isgaming
01-11 07:27:25.575 I/wm_on_resume_called(22945): [176919600,com.android.gallery3d.app.GalleryActivity,RESUME_ACTIVITY]
01-11 07:27:25.575 I/wm_on_top_resumed_gained_called(22945): [176919600,com.android.gallery3d.app.GalleryActivity,topWhenResuming]
01-11 07:27:25.576 I/GameModeConfig( 1487): isGameModeOn = false
01-11 07:27:25.577 I/GameModeConfig( 1487): isGameModeOn = false
01-11 07:27:25.577 I/GameModeConfig( 1487): isDisableVoice = true
01-11 07:27:25.594 I/input_focus( 1487): [Focus request de81bb6 com.android.gallery3d/com.android.gallery3d.app.GalleryActivity,reason=UpdateInputWindows]
01-11 07:27:25.612 I/sysui_multi_action( 1487): [319,31,321,30,322,73,325,12456,757,761,758,9,759,4,806,com.android.gallery3d,871,com.android.gallery3d.app.GalleryActivity,904,com.android.launcher3,905,0,1320,17,1321,1]
01-11 07:27:25.623 I/input_focus( 1487): [Focus entering de81bb6 com.android.gallery3d/com.android.gallery3d.app.GalleryActivity (server),reason=setFocusedWindow]
01-11 07:27:25.663 W/FreeFormWindowHelper( 1487): Current Display FreeFormTask is null
01-11 07:27:25.663 W/FreeFormWindowHelper( 1487): Current Display FreeFormTask is null
01-11 07:27:25.663 W/FreeFormWindowHelper( 1487): Current Display FreeFormTask is null
01-11 07:27:25.667 W/ContextImpl(19692): Calling a method in the system process without a qualified user: android.app.ContextImpl.startService:1816 android.content.ContextWrapper.startService:774 com.thundercomm.gamemode.ingame.services.GameModeActionUtils.startGameModeService:111 com.thundercomm.gamemode.ingame.services.GameModeActionUtils.startGameModeEntry:22 com.thundercomm.gamemode.ingame.services.ActivityMonitoringService$1.onActivityLaunch:129
01-11 07:27:25.672 I/GameModeConfig( 1487): Current uri is uri = content://com.thundercomm.gamemode.api/gamemode_settings/gamemode_isgaming
01-11 07:27:25.673 I/GameModeConfig( 1487): isGameModeOn = false
01-11 07:27:25.674 I/GameModeConfig( 1487): isGameModeOn = false
01-11 07:27:25.674 I/GameModeConfig( 1487): isDisableVoice = true
01-01 11:27:38.885 I/ ( 0): read descriptors
01-01 11:27:38.885 I/ ( 0): read strings
01-11 07:27:26.110 I/wm_stop_activity( 1487): [0,124244050,com.android.launcher3/.uioverrides.QuickstepLauncher]
01-11 07:27:26.129 I/wm_on_stop_called(24595): [124244050,com.android.launcher3.uioverrides.QuickstepLauncher,STOP_ACTIVITY_ITEM]
01-11 07:27:26.149 W/ContextImpl(19692): Calling a method in the system process without a qualified user: android.app.ContextImpl.startService:1816 android.content.ContextWrapper.startService:774 com.thundercomm.gamemode.ingame.services.GameModeActionUtils.startGameModeService:111 com.thundercomm.gamemode.ingame.services.GameModeActionUtils.startGameModeEntry:22 com.thundercomm.gamemode.ingame.services.ActivityMonitoringService$1.onActivityLaunch:129
01-11 07:27:26.152 I/GameModeConfig( 1487): Current uri is uri = content://com.thundercomm.gamemode.api/gamemode_settings/gamemode_isgaming
01-11 07:27:26.155 I/GameModeConfig( 1487): isGameModeOn = false
01-11 07:27:26.155 I/GameModeConfig( 1487): isGameModeOn = false
01-11 07:27:26.155 I/GameModeConfig( 1487): isDisableVoice = true
01-11 07:27:26.271 I/input_interaction( 1487): Interaction with: de81bb6 com.android.gallery3d/com.android.gallery3d.app.GalleryActivity (server), edge-swipe (server), swipe-up (server), PointerEventDispatcher0 (server),
01-11 07:27:26.357 W/FreeFormWindowHelper( 1487): Current Display FreeFormTask is null
01-11 07:27:26.357 W/FreeFormWindowHelper( 1487): Current Display FreeFormTask is null
01-11 07:27:26.357 W/FreeFormWindowHelper( 1487): Current Display FreeFormTask is null
01-11 07:27:26.360 I/wm_task_moved( 1487): [83,0,0]
01-11 07:27:26.361 I/wm_task_moved( 1487): [83,0,7]
01-11 07:27:26.372 I/wm_on_restart_called(24595): [124244050,com.android.launcher3.uioverrides.QuickstepLauncher,performRestartActivity]
01-11 07:27:26.373 W/FreeFormWindowHelper( 1487): Current Display FreeFormTask is null
01-11 07:27:26.382 W/ContextImpl(19692): Calling a method in the system process without a qualified user: android.app.ContextImpl.startService:1816 android.content.ContextWrapper.startService:774 com.thundercomm.gamemode.ingame.services.GameModeActionUtils.startGameModeService:111 com.thundercomm.gamemode.ingame.services.GameModeActionUtils.startGameModeEntry:22 com.thundercomm.gamemode.ingame.services.ActivityMonitoringService$1.onActivityLaunch:129
01-11 07:27:26.385 I/GameModeConfig( 1487): Current uri is uri = content://com.thundercomm.gamemode.api/gamemode_settings/gamemode_isgaming
01-11 07:27:26.387 I/GameModeConfig( 1487): isGameModeOn = false
01-11 07:27:26.387 I/GameModeConfig( 1487): isGameModeOn = false
01-11 07:27:26.387 I/GameModeConfig( 1487): isDisableVoice = true
01-11 07:27:26.400 I/wm_on_start_called(24595): [124244050,com.android.launcher3.uioverrides.QuickstepLauncher,handleStartActivity]
01-11 07:27:26.402 W/ActivityTaskManager( 1487): getTaskSnapshot: taskId=3080 not found
01-11 07:27:26.404 W/ActivityTaskManager( 1487): getTaskSnapshot: taskId=2080 not found
01-11 07:27:26.406 W/ActivityTaskManager( 1487): getTaskSnapshot: taskId=1080 not found
01-11 07:27:26.407 W/FreeFormWindowHelper( 1487): Current Display FreeFormTask is null
01-11 07:27:26.408 W/ActivityTaskManager( 1487): getTaskSnapshot: taskId=3080 not found
01-11 07:27:26.408 W/ActivityTaskManager( 1487): getTaskSnapshot: taskId=2080 not found
01-11 07:27:26.409 W/ActivityTaskManager( 1487): getTaskSnapshot: taskId=1080 not found
01-11 07:27:26.412 I/view_enqueue_input_event(22945): [Motion - Cancel,com.android.gallery3d/com.android.gallery3d.app.GalleryActivity]
01-11 07:27:26.412 I/sysui_latency(24595): [1,56]
01-11 07:27:26.413 I/input_focus( 1487): [Focus request recents_animation_input_consumer,reason=UpdateInputWindows]
01-11 07:27:26.413 W/FreeFormWindowHelper( 1487): Current Display FreeFormTask is null
01-11 07:27:26.417 W/ActivityTaskManager( 1487): getTaskSnapshot: taskId=3080 not found
01-11 07:27:26.418 W/ActivityTaskManager( 1487): getTaskSnapshot: taskId=3080 not found
01-11 07:27:26.418 W/ActivityTaskManager( 1487): getTaskSnapshot: taskId=2080 not found
01-11 07:27:26.419 W/ActivityTaskManager( 1487): getTaskSnapshot: taskId=1080 not found
01-11 07:27:26.421 W/FreeFormWindowHelper( 1487): Current Display FreeFormTask is null
01-11 07:27:26.422 I/sysui_multi_action( 1487): [319,9,322,54,325,12457,757,761,758,9,759,5,806,com.android.launcher3,871,com.android.launcher3.uioverrides.QuickstepLauncher,904,com.android.launcher3,905,0,1320,8,1321,5]
01-11 07:27:26.423 I/input_focus( 1487): [Focus leaving de81bb6 com.android.gallery3d/com.android.gallery3d.app.GalleryActivity (server),reason=NOT_FOCUSABLE]
01-11 07:27:26.423 I/input_focus( 1487): [Focus entering recents_animation_input_consumer (server),reason=setFocusedWindow]
01-11 07:27:26.426 I/input_interaction( 1487): Interaction with: edge-swipe (server), swipe-up (server), PointerEventDispatcher0 (server),
01-11 07:27:26.438 W/FreeFormWindowHelper( 1487): Current Display FreeFormTask is null
01-11 07:27:26.555 W/FreeFormWindowHelper( 1487): Current Display FreeFormTask is null
01-11 07:27:26.606 I/commit_sys_config_file( 1487): [settings-1-0,6]
01-11 07:27:26.717 I/sysui_latency( 1487): [8,61]
01-01 11:27:39.918 I/ ( 0): read descriptors
01-01 11:27:39.918 I/ ( 0): read strings
01-11 07:27:27.139 I/auditd ( 0): type=1400 audit(0.0:14038): avc: denied { kill } for comm="swapper/3" capability=5 scontext=u:r:kernel:s0 tcontext=u:r:kernel:s0 tclass=capability permissive=0
01-11 07:27:27.659 W/FreeFormWindowHelper( 1487): Current Display FreeFormTask is null
01-11 07:27:27.667 I/wm_task_moved( 1487): [83,1,8]
01-11 07:27:27.670 I/wm_on_top_resumed_lost_called(22945): [176919600,com.android.gallery3d.app.GalleryActivity,topStateChangedWhenResumed]
01-11 07:27:27.670 I/wm_task_moved( 1487): [84,1,2147483647]
01-11 07:27:27.670 I/wm_task_to_front( 1487): [0,84]
01-11 07:27:27.670 I/wm_focused_root_task( 1487): [0,0,83,81,RecentsAnimation.onAnimationFinished()]
01-11 07:27:27.671 I/wm_set_resumed_activity( 1487): [0,com.android.launcher3/.uioverrides.QuickstepLauncher,RecentsAnimation.onAnimationFinished()]
01-11 07:27:27.674 I/wm_pause_activity( 1487): [0,176919600,com.android.gallery3d/.app.GalleryActivity,userLeaving=true,pauseBackTasks]
01-11 07:27:27.675 I/wm_add_to_stopping( 1487): [0,176919600,com.android.gallery3d/.app.GalleryActivity,makeInvisible]
01-11 07:27:27.675 I/ActivityTaskManager( 1487): FOREGROUND_APPLICATION_CHANGED to com.android.launcher3.uioverrides.QuickstepLauncher
01-11 07:27:27.676 I/wm_set_resumed_activity( 1487): [0,com.android.launcher3/.uioverrides.QuickstepLauncher,resumeTopActivityInnerLocked]
01-11 07:27:27.681 I/wm_resume_activity( 1487): [0,124244050,84,com.android.launcher3/.uioverrides.QuickstepLauncher]
01-11 07:27:27.682 I/wm_on_resume_called(24595): [124244050,com.android.launcher3.uioverrides.QuickstepLauncher,RESUME_ACTIVITY]
01-11 07:27:27.691 I/input_focus( 1487): [Focus request 84fe8a0 com.android.launcher3/com.android.launcher3.uioverrides.QuickstepLauncher,reason=UpdateInputWindows]
01-11 07:27:27.696 I/wm_on_top_resumed_gained_called(24595): [124244050,com.android.launcher3.uioverrides.QuickstepLauncher,topStateChangedWhenResumed]
01-11 07:27:27.698 I/wm_on_paused_called(22945): [176919600,com.android.gallery3d.app.GalleryActivity,performPause]
01-11 07:27:27.698 I/wm_stop_activity( 1487): [0,176919600,com.android.gallery3d/.app.GalleryActivity]
01-11 07:27:27.700 I/sysui_multi_action( 1487): [757,803,799,window_time_0,802,2]
01-11 07:27:27.708 I/NotificationService( 1487): cancelToast pkg=com.android.gallery3d token=android.os.BinderProxy@26ea3d2
01-11 07:27:27.710 I/input_focus( 1487): [Focus leaving recents_animation_input_consumer (server),reason=NOT_VISIBLE]
01-11 07:27:27.710 I/input_focus( 1487): [Focus entering 84fe8a0 com.android.launcher3/com.android.launcher3.uioverrides.QuickstepLauncher (server),reason=setFocusedWindow]
01-11 07:27:27.710 I/sysui_multi_action( 1487): [757,803,799,window_time_0,802,0]
01-11 07:27:27.714 W/WindowManager( 1487): removeWindowToken: Attempted to remove non-existing token: android.os.Binder@292d9f8
01-11 07:27:27.730 I/wm_on_stop_called(22945): [176919600,com.android.gallery3d.app.GalleryActivity,STOP_ACTIVITY_ITEM]
01-11 07:27:27.750 W/ContextImpl(19692): Calling a method in the system process without a qualified user: android.app.ContextImpl.startService:1816 android.content.ContextWrapper.startService:774 com.thundercomm.gamemode.ingame.services.GameModeActionUtils.startGameModeService:111 com.thundercomm.gamemode.ingame.services.GameModeActionUtils.startGameModeEntry:22 com.thundercomm.gamemode.ingame.services.ActivityMonitoringService$1.onActivityLaunch:129
01-11 07:27:27.754 I/GameModeConfig( 1487): Current uri is uri = content://com.thundercomm.gamemode.api/gamemode_settings/gamemode_isgaming
01-11 07:27:27.756 I/GameModeConfig( 1487): isGameModeOn = false
01-11 07:27:27.757 I/GameModeConfig( 1487): isGameModeOn = false
01-11 07:27:27.757 I/GameModeConfig( 1487): isDisableVoice = true
01-11 07:27:27.796 W/FreeFormWindowHelper( 1487): Current Display FreeFormTask is null
01-11 07:27:27.796 W/FreeFormWindowHelper( 1487): Current Display FreeFormTask is null
01-11 07:27:27.796 W/FreeFormWindowHelper( 1487): Current Display FreeFormTask is null
01-11 07:27:27.801 W/ContextImpl(19692): Calling a method in the system process without a qualified user: android.app.ContextImpl.startService:1816 android.content.ContextWrapper.startService:774 com.thundercomm.gamemode.ingame.services.GameModeActionUtils.startGameModeService:111 com.thundercomm.gamemode.ingame.services.GameModeActionUtils.startGameModeEntry:22 com.thundercomm.gamemode.ingame.services.ActivityMonitoringService$1.onActivityLaunch:129
01-11 07:27:27.804 I/GameModeConfig( 1487): Current uri is uri = content://com.thundercomm.gamemode.api/gamemode_settings/gamemode_isgaming
01-11 07:27:27.806 I/GameModeConfig( 1487): isGameModeOn = false
01-11 07:27:27.806 I/GameModeConfig( 1487): isGameModeOn = false
01-11 07:27:27.806 I/GameModeConfig( 1487): isDisableVoice = true
01-01 11:27:40.937 I/ ( 0): read descriptors
01-01 11:27:40.937 I/ ( 0): read strings
01-11 07:27:28.104 I/input_interaction( 1487): Interaction with: 84fe8a0 com.android.launcher3/com.android.launcher3.uioverrides.QuickstepLauncher (server), c9f455c com.android.systemui.ImageWallpaper (server), edge-swipe (server), swipe-up (server), PointerEventDispatcher0 (server),
01-11 07:27:28.139 I/auditd ( 0): type=1400 audit(0.0:14039): avc: denied { kill } for comm="swapper/3" capability=5 scontext=u:r:kernel:s0 tcontext=u:r:kernel:s0 tclass=capability permissive=0
01-11 07:27:28.246 I/thunderperf( 1487): PlatormCompat.setOverrides: Uid1=10071 Pid1=24595 Uid2=10071 Pid2=24595
01-11 07:27:28.246 I/thunderperf( 1487): PlatormCompat.setOverrides: needCheck:false
01-11 07:27:28.246 I/thunderperf( 1487): CompatConfig.addOverrideUnsafe: bef-state=1
01-11 07:27:28.247 E/thunderperf( 1487): CompatConfig.addOverrideUnsafe: exception:java.lang.SecurityException: Cannot override a change on a non-debuggable app and user build.
01-11 07:27:28.247 I/thunderperf( 1487): CompatConfig.addOverrideUnsafe: aft-state=1
01-11 07:27:28.248 I/thunderperf( 1487): CompatConfig.addOverrideUnsafe: bef-state=1
01-11 07:27:28.249 E/thunderperf( 1487): CompatConfig.addOverrideUnsafe: exception:java.lang.SecurityException: Cannot override a change on a non-debuggable app and user build.
01-11 07:27:28.249 I/thunderperf( 1487): CompatConfig.addOverrideUnsafe: aft-state=1
01-11 07:27:28.250 I/thunderperf( 1487): CompatConfig.addOverrideUnsafe: bef-state=1
01-11 07:27:28.250 E/thunderperf( 1487): CompatConfig.addOverrideUnsafe: exception:java.lang.SecurityException: Cannot override a change on a non-debuggable app and user build.
01-11 07:27:28.250 I/thunderperf( 1487): CompatConfig.addOverrideUnsafe: aft-state=1
01-11 07:27:28.251 I/thunderperf( 1487): CompatConfig.addOverrideUnsafe: bef-state=1
01-11 07:27:28.251 E/thunderperf( 1487): CompatConfig.addOverrideUnsafe: exception:java.lang.SecurityException: Cannot override a change on a non-debuggable app and user build.
01-11 07:27:28.251 I/thunderperf( 1487): CompatConfig.addOverrideUnsafe: aft-state=1
01-11 07:27:28.252 I/thunderperf( 1487): CompatConfig.addOverrideUnsafe: bef-state=1
01-11 07:27:28.252 E/thunderperf( 1487): CompatConfig.addOverrideUnsafe: exception:java.lang.SecurityException: Cannot override a change on a non-debuggable app and user build.
01-11 07:27:28.252 I/thunderperf( 1487): CompatConfig.addOverrideUnsafe: aft-state=1
01-11 07:27:28.253 I/thunderperf( 1487): CompatConfig.addOverrideUnsafe: bef-state=1
01-11 07:27:28.253 E/thunderperf( 1487): CompatConfig.addOverrideUnsafe: exception:java.lang.SecurityException: Cannot override a change on a non-debuggable app and user build.
01-11 07:27:28.253 I/thunderperf( 1487): CompatConfig.addOverrideUnsafe: aft-state=1
01-11 07:27:28.254 I/thunderperf( 1487): CompatConfig.addOverrideUnsafe: bef-state=1
01-11 07:27:28.254 E/thunderperf( 1487): CompatConfig.addOverrideUnsafe: exception:java.lang.SecurityException: Cannot override a change on a non-debuggable app and user build.
01-11 07:27:28.254 I/thunderperf( 1487): CompatConfig.addOverrideUnsafe: aft-state=1
01-11 07:27:28.255 I/thunderperf( 1487): CompatConfig.addOverrideUnsafe: bef-state=1
01-11 07:27:28.255 E/thunderperf( 1487): CompatConfig.addOverrideUnsafe: exception:java.lang.SecurityException: Cannot override a change on a non-debuggable app and user build.
01-11 07:27:28.255 I/thunderperf( 1487): CompatConfig.addOverrideUnsafe: aft-state=1
01-11 07:27:28.256 I/thunderperf( 1487): CompatConfig.addOverrideUnsafe: bef-state=1
01-11 07:27:28.256 E/thunderperf( 1487): CompatConfig.addOverrideUnsafe: exception:java.lang.SecurityException: Cannot override a change on a non-debuggable app and user build.
01-11 07:27:28.256 I/thunderperf( 1487): CompatConfig.addOverrideUnsafe: aft-state=1
01-11 07:27:28.257 I/thunderperf( 1487): CompatConfig.addOverrideUnsafe: bef-state=1
01-11 07:27:28.257 E/thunderperf( 1487): CompatConfig.addOverrideUnsafe: exception:java.lang.SecurityException: Cannot override a change on a non-debuggable app and user build.
01-11 07:27:28.257 I/thunderperf( 1487): CompatConfig.addOverrideUnsafe: aft-state=1
01-11 07:27:28.258 I/thunderperf( 1487): CompatConfig.addOverrideUnsafe: bef-state=1
01-11 07:27:28.258 E/thunderperf( 1487): CompatConfig.addOverrideUnsafe: exception:java.lang.SecurityException: Cannot override a change on a non-debuggable app and user build.
01-11 07:27:28.258 I/thunderperf( 1487): CompatConfig.addOverrideUnsafe: aft-state=1
01-11 07:27:28.259 I/thunderperf( 1487): CompatConfig.addOverrideUnsafe: bef-state=1
01-11 07:27:28.259 E/thunderperf( 1487): CompatConfig.addOverrideUnsafe: exception:java.lang.SecurityException: Cannot override a change on a non-debuggable app and user build.
01-11 07:27:28.259 I/thunderperf( 1487): CompatConfig.addOverrideUnsafe: aft-state=1
01-11 07:27:28.260 I/thunderperf( 1487): CompatConfig.addOverrideUnsafe: bef-state=1
01-11 07:27:28.260 E/thunderperf( 1487): CompatConfig.addOverrideUnsafe: exception:java.lang.SecurityException: Cannot override a change on a non-debuggable app and user build.
01-11 07:27:28.260 I/thunderperf( 1487): CompatConfig.addOverrideUnsafe: aft-state=1
01-11 07:27:28.261 I/thunderperf( 1487): CompatConfig.addOverrideUnsafe: bef-state=1
01-11 07:27:28.261 E/thunderperf( 1487): CompatConfig.addOverrideUnsafe: exception:java.lang.SecurityException: Cannot override a change on a non-debuggable app and user build.
01-11 07:27:28.261 I/thunderperf( 1487): CompatConfig.addOverrideUnsafe: aft-state=1
01-11 07:27:28.268 I/ActivityTaskManager( 1487): START u0 {act=android.intent.action.MAIN cat=[android.intent.category.LAUNCHER] flg=0x10200000 cmp=com.android.settings/.Settings bnds=[2128,710][2314,910]} from uid 10071
01-11 07:27:28.275 I/wm_task_moved( 1487): [80,1,8]
01-11 07:27:28.275 I/wm_task_to_front( 1487): [0,80]
01-11 07:27:28.276 I/wm_focused_root_task( 1487): [0,0,80,83,bringingFoundTaskToFront]
01-11 07:27:28.277 I/wm_set_resumed_activity( 1487): [0,com.android.settings/.Settings,bringingFoundTaskToFront]
01-11 07:27:28.277 I/wm_new_intent( 1487): [0,112333459,80,com.android.settings/.Settings,android.intent.action.MAIN,NULL,NULL,270532608]
01-11 07:27:28.279 I/wm_pause_activity( 1487): [0,124244050,com.android.launcher3/.uioverrides.QuickstepLauncher,userLeaving=true,pauseBackTasks]
01-11 07:27:28.283 I/wm_on_top_resumed_lost_called(24595): [124244050,com.android.launcher3.uioverrides.QuickstepLauncher,topStateChangedWhenResumed]
01-11 07:27:28.285 I/wm_on_paused_called(24595): [124244050,com.android.launcher3.uioverrides.QuickstepLauncher,performPause]
01-11 07:27:28.285 I/ActivityTaskManager( 1487): FOREGROUND_APPLICATION_CHANGED to com.android.settings.homepage.SettingsHomepageActivity
01-11 07:27:28.287 I/wm_set_resumed_activity( 1487): [0,com.android.settings/.Settings,resumeTopActivityInnerLocked]
01-11 07:27:28.287 I/wm_add_to_stopping( 1487): [0,124244050,com.android.launcher3/.uioverrides.QuickstepLauncher,makeInvisible]
01-11 07:27:28.289 I/wm_resume_activity( 1487): [0,112333459,80,com.android.settings/.Settings]
01-11 07:27:28.293 I/sysui_multi_action( 1487): [757,803,799,window_time_0,802,1]
01-11 07:27:28.295 I/wm_on_restart_called(22944): [112333459,com.android.settings.Settings,performRestartActivity]
01-11 07:27:28.301 I/wm_on_start_called(22944): [112333459,com.android.settings.Settings,handleStartActivity]
01-11 07:27:28.301 W/ContextImpl(19692): Calling a method in the system process without a qualified user: android.app.ContextImpl.startService:1816 android.content.ContextWrapper.startService:774 com.thundercomm.gamemode.ingame.services.GameModeActionUtils.startGameModeService:111 com.thundercomm.gamemode.ingame.services.GameModeActionUtils.startGameModeEntry:22 com.thundercomm.gamemode.ingame.services.ActivityMonitoringService$1.onActivityLaunch:129
01-11 07:27:28.301 I/snet_event_log(22944): [120484087,-1,]
01-11 07:27:28.301 I/wm_on_resume_called(22944): [112333459,com.android.settings.Settings,RESUME_ACTIVITY]
01-11 07:27:28.302 I/sysui_multi_action(22944): [757,35,758,1,833,0,1089,0]
01-11 07:27:28.304 I/GameModeConfig( 1487): Current uri is uri = content://com.thundercomm.gamemode.api/gamemode_settings/gamemode_isgaming
01-11 07:27:28.306 I/GameModeConfig( 1487): isGameModeOn = false
01-11 07:27:28.307 I/GameModeConfig( 1487): isGameModeOn = false
01-11 07:27:28.307 I/GameModeConfig( 1487): isDisableVoice = true
01-11 07:27:28.310 I/input_focus( 1487): [Focus leaving 84fe8a0 com.android.launcher3/com.android.launcher3.uioverrides.QuickstepLauncher (server),reason=NO_WINDOW]
