01-11 07:28:24.024 W/ContextImpl(19692): Calling a method in the system process without a qualified user: android.app.ContextImpl.startService:1816 android.content.ContextWrapper.startService:774 com.thundercomm.gamemode.ingame.services.GameModeActionUtils.startGameModeService:111 com.thundercomm.gamemode.ingame.services.GameModeActionUtils.startGameModeEntry:22 com.thundercomm.gamemode.ingame.services.ActivityMonitoringService$1.onActivityLaunch:129
01-11 07:28:24.029 I/GameModeConfig( 1487): Current uri is uri = content://com.thundercomm.gamemode.api/gamemode_settings/gamemode_isgaming
01-11 07:28:24.030 I/GameModeConfig( 1487): isGameModeOn = false
01-11 07:28:24.030 I/GameModeConfig( 1487): isGameModeOn = false
01-11 07:28:24.030 I/GameModeConfig( 1487): isDisableVoice = true
01-11 07:28:24.139 I/auditd ( 0): type=1400 audit(0.0:14091): avc: denied { kill } for comm="swapper/2" capability=5 scontext=u:r:kernel:s0 tcontext=u:r:kernel:s0 tclass=capability permissive=0
01-11 07:28:24.466 I/wm_stop_activity( 1487): [0,124244050,com.android.launcher3/.uioverrides.QuickstepLauncher]
01-11 07:28:24.489 I/wm_on_stop_called(24595): [124244050,com.android.launcher3.uioverrides.QuickstepLauncher,STOP_ACTIVITY_ITEM]
01-11 07:28:24.505 W/ContextImpl(19692): Calling a method in the system process without a qualified user: android.app.ContextImpl.startService:1816 android.content.ContextWrapper.startService:774 com.thundercomm.gamemode.ingame.services.GameModeActionUtils.startGameModeService:111 com.thundercomm.gamemode.ingame.services.GameModeActionUtils.startGameModeEntry:22 com.thundercomm.gamemode.ingame.services.ActivityMonitoringService$1.onActivityLaunch:129
01-11 07:28:24.510 I/GameModeConfig( 1487): Current uri is uri = content://com.thundercomm.gamemode.api/gamemode_settings/gamemode_isgaming
01-11 07:28:24.513 I/GameModeConfig( 1487): isGameModeOn = false
01-11 07:28:24.513 I/GameModeConfig( 1487): isGameModeOn = false
01-11 07:28:24.513 I/GameModeConfig( 1487): isDisableVoice = true
01-01 11:28:38.033 I/ ( 0): read descriptors
01-01 11:28:38.033 I/ ( 0): read strings
01-11 07:28:25.007 I/input_interaction( 1487): Interaction with: da75cc2 com.android.calendar/com.android.calendar.AllInOneActivity (server), edge-swipe (server), swipe-up (server), PointerEventDispatcher0 (server),
01-11 07:28:25.013 W/FreeFormWindowHelper( 1487): Current Display FreeFormTask is null
01-11 07:28:25.013 W/FreeFormWindowHelper( 1487): Current Display FreeFormTask is null
01-11 07:28:25.014 W/FreeFormWindowHelper( 1487): Current Display FreeFormTask is null
01-11 07:28:25.014 W/FreeFormWindowHelper( 1487): Current Display FreeFormTask is null
01-11 07:28:25.014 W/FreeFormWindowHelper( 1487): Current Display FreeFormTask is null
01-11 07:28:25.014 W/FreeFormWindowHelper( 1487): Current Display FreeFormTask is null
01-11 07:28:25.014 W/FreeFormWindowHelper( 1487): Current Display FreeFormTask is null
01-11 07:28:25.017 I/wm_task_moved( 1487): [83,0,0]
01-11 07:28:25.017 I/wm_task_moved( 1487): [83,0,11]
01-11 07:28:25.029 I/wm_on_restart_called(24595): [124244050,com.android.launcher3.uioverrides.QuickstepLauncher,performRestartActivity]
01-11 07:28:25.032 W/FreeFormWindowHelper( 1487): Current Display FreeFormTask is null
01-11 07:28:25.035 W/ContextImpl(19692): Calling a method in the system process without a qualified user: android.app.ContextImpl.startService:1816 android.content.ContextWrapper.startService:774 com.thundercomm.gamemode.ingame.services.GameModeActionUtils.startGameModeService:111 com.thundercomm.gamemode.ingame.services.GameModeActionUtils.startGameModeEntry:22 com.thundercomm.gamemode.ingame.services.ActivityMonitoringService$1.onActivityLaunch:129
01-11 07:28:25.040 I/GameModeConfig( 1487): Current uri is uri = content://com.thundercomm.gamemode.api/gamemode_settings/gamemode_isgaming
01-11 07:28:25.041 I/GameModeConfig( 1487): isGameModeOn = false
01-11 07:28:25.041 I/GameModeConfig( 1487): isGameModeOn = false
01-11 07:28:25.041 I/GameModeConfig( 1487): isDisableVoice = true
01-11 07:28:25.053 I/wm_on_start_called(24595): [124244050,com.android.launcher3.uioverrides.QuickstepLauncher,handleStartActivity]
01-11 07:28:25.058 W/FreeFormWindowHelper( 1487): Current Display FreeFormTask is null
01-11 07:28:25.065 E/AndroidRuntime(24595): FATAL EXCEPTION: main
01-11 07:28:25.065 E/AndroidRuntime(24595): Process: com.android.launcher3, PID: 24595
01-11 07:28:25.065 E/AndroidRuntime(24595): java.lang.NullPointerException: Attempt to read from field 'android.content.Intent android.app.TaskInfo.baseIntent' on a null object reference
01-11 07:28:25.065 E/AndroidRuntime(24595): at com.android.quickstep.TouchInteractionService.newBaseConsumer(TouchInteractionService.java:739)
01-11 07:28:25.065 E/AndroidRuntime(24595): at com.android.quickstep.TouchInteractionService.newConsumer(TouchInteractionService.java:660)
01-11 07:28:25.065 E/AndroidRuntime(24595): at com.android.quickstep.TouchInteractionService.onInputEvent(TouchInteractionService.java:557)
01-11 07:28:25.065 E/AndroidRuntime(24595): at com.android.quickstep.TouchInteractionService.$r8$lambda$QnySfMPM3HQvC_OREg1W70p37mY(Unknown Source:0)
01-11 07:28:25.065 E/AndroidRuntime(24595): at com.android.quickstep.TouchInteractionService$$ExternalSyntheticLambda4.onInputEvent(Unknown Source:2)
01-11 07:28:25.065 E/AndroidRuntime(24595): at com.android.systemui.shared.system.InputChannelCompat$InputEventReceiver$1.onInputEvent(InputChannelCompat.java:74)
01-11 07:28:25.065 E/AndroidRuntime(24595): at android.view.InputEventReceiver.dispatchInputEvent(InputEventReceiver.java:260)
01-11 07:28:25.065 E/AndroidRuntime(24595): at android.os.MessageQueue.nativePollOnce(Native Method)
01-11 07:28:25.065 E/AndroidRuntime(24595): at android.os.MessageQueue.next(MessageQueue.java:335)
01-11 07:28:25.065 E/AndroidRuntime(24595): at android.os.Looper.loopOnce(Looper.java:161)
01-11 07:28:25.065 E/AndroidRuntime(24595): at android.os.Looper.loop(Looper.java:288)
01-11 07:28:25.065 E/AndroidRuntime(24595): at android.app.ActivityThread.main(ActivityThread.java:7880)
01-11 07:28:25.065 E/AndroidRuntime(24595): at java.lang.reflect.Method.invoke(Native Method)
01-11 07:28:25.065 E/AndroidRuntime(24595): at com.android.internal.os.RuntimeInit$MethodAndArgsCaller.run(RuntimeInit.java:548)
01-11 07:28:25.065 E/AndroidRuntime(24595): at com.android.internal.os.ZygoteInit.main(ZygoteInit.java:1009)
01-11 07:28:25.065 I/am_crash( 1487): [24595,0,com.android.launcher3,617332293,java.lang.NullPointerException,Attempt to read from field 'android.content.Intent android.app.TaskInfo.baseIntent' on a null object reference,TouchInteractionService.java,739]
01-11 07:28:25.067 W/ActivityTaskManager( 1487): Not force finishing home activity com.android.launcher3/.uioverrides.QuickstepLauncher
01-11 07:28:25.067 W/ActivityTaskManager( 1487): Not force finishing home activity com.android.launcher3/.uioverrides.QuickstepLauncher
01-11 07:28:25.067 I/sysui_multi_action( 1487): [757,316,758,4,759,-1]
01-11 07:28:25.067 I/DropBoxManagerService( 1487): add tag=system_app_crash isTagEnabled=true flags=0x2
01-11 07:28:25.117 I/WindowManager( 1487): WIN DEATH: Window{84fe8a0 u0 com.android.launcher3/com.android.launcher3.uioverrides.QuickstepLauncher}
01-11 07:28:25.119 I/ActivityManager( 1487): Process com.android.launcher3 (pid 24595) has died: vis TOP
01-11 07:28:25.119 I/am_proc_died( 1487): [0,24595,com.android.launcher3,100,2]
01-01 11:28:38.234 I/binder ( 0): undelivered transaction 1556971, process died.
01-11 07:28:25.121 E/RecentsAnimationController( 1487): Failed to cancel recents animation
01-11 07:28:25.121 E/RecentsAnimationController( 1487): android.os.DeadObjectException
01-11 07:28:25.121 E/RecentsAnimationController( 1487): at android.os.BinderProxy.transactNative(Native Method)
01-11 07:28:25.121 E/RecentsAnimationController( 1487): at android.os.BinderProxy.transact(BinderProxy.java:571)
01-11 07:28:25.121 E/RecentsAnimationController( 1487): at android.view.IRecentsAnimationRunner$Stub$Proxy.onAnimationCanceled(IRecentsAnimationRunner.java:220)
01-11 07:28:25.121 E/RecentsAnimationController( 1487): at com.android.server.wm.RecentsAnimationController.cancelAnimation(RecentsAnimationController.java:879)
01-11 07:28:25.121 E/RecentsAnimationController( 1487): at com.android.server.wm.RecentsAnimationController.cancelAnimation(RecentsAnimationController.java:814)
01-11 07:28:25.121 E/RecentsAnimationController( 1487): at com.android.server.wm.RecentsAnimationController.forceCancelAnimation(RecentsAnimationController.java:807)
01-11 07:28:25.121 E/RecentsAnimationController( 1487): at com.android.server.wm.RecentsAnimationController.binderDied(RecentsAnimationController.java:1038)
01-11 07:28:25.121 E/RecentsAnimationController( 1487): at android.os.IBinder$DeathRecipient.binderDied(IBinder.java:314)
01-11 07:28:25.121 E/RecentsAnimationController( 1487): at android.os.BinderProxy.sendDeathNotice(BinderProxy.java:685)
01-11 07:28:25.121 I/input_interaction( 1487): Interaction with: da75cc2 com.android.calendar/com.android.calendar.AllInOneActivity (server), edge-swipe (server), PointerEventDispatcher0 (server),
01-11 07:28:25.122 I/service_manager_stats( 1487): [100,45,17512]
01-11 07:28:25.122 I/wm_task_moved( 1487): [83,0,11]
01-11 07:28:25.123 I/wm_add_to_stopping( 1487): [0,124244050,com.android.launcher3/.uioverrides.QuickstepLauncher,makeInvisible]
01-11 07:28:25.127 W/ActivityManager( 1487): Scheduling restart of crashed service com.android.launcher3/com.android.quickstep.TouchInteractionService in 1000ms for connection
01-11 07:28:25.127 I/am_schedule_service_restart( 1487): [0,com.android.launcher3/com.android.quickstep.TouchInteractionService,1000]
01-11 07:28:25.127 I/am_uid_stopped( 1487): 10071
01-11 07:28:25.131 W/ActivityManager( 1487): setHasOverlayUi called on unknown pid: 24595
01-11 07:28:25.131 I/sysui_multi_action( 1487): [757,1144,758,9,806,com.android.launcher3,871,com.android.launcher3.uioverrides.QuickstepLauncher]
01-11 07:28:25.133 W/UsageStatsService( 1487): Unexpected activity event reported! (com.android.launcher3/com.android.launcher3.uioverrides.QuickstepLauncher event : 23 instanceId : 199892189)
01-11 07:28:25.137 I/am_uid_running( 1487): 10071
01-11 07:28:25.137 D/CompatibilityChangeReporter( 1487): Compat change id reported: 135634846; UID 10071; state: DISABLED
01-11 07:28:25.137 D/CompatibilityChangeReporter( 1487): Compat change id reported: 177438394; UID 10071; state: DISABLED
01-11 07:28:25.137 D/CompatibilityChangeReporter( 1487): Compat change id reported: 135772972; UID 10071; state: DISABLED
01-11 07:28:25.137 D/CompatibilityChangeReporter( 1487): Compat change id reported: 135754954; UID 10071; state: ENABLED
01-11 07:28:25.138 D/CompatibilityChangeReporter( 1487): Compat change id reported: 143937733; UID 10071; state: ENABLED
01-11 07:28:25.139 I/auditd ( 0): type=1400 audit(0.0:14092): avc: denied { kill } for comm="swapper/2" capability=5 scontext=u:r:kernel:s0 tcontext=u:r:kernel:s0 tclass=capability permissive=0
01-11 07:28:25.145 I/am_proc_start( 1487): [0,25108,10071,com.android.launcher3,service,{com.android.launcher3/com.android.quickstep.TouchInteractionService}]
01-11 07:28:25.145 I/ActivityManager( 1487): Start proc 25108:com.android.launcher3/u0a71 for service {com.android.launcher3/com.android.quickstep.TouchInteractionService}
01-01 11:28:38.277 I/binder ( 0): 25108:25108 ioctl 40046210 7ffca76594 returned -22
01-11 07:28:25.161 I/am_proc_bound( 1487): [0,25108,com.android.launcher3]
01-11 07:28:25.162 D/CompatibilityChangeReporter( 1487): Compat change id reported: 168419799; UID 10071; state: DISABLED
01-11 07:28:25.164 I/am_uid_active( 1487): 10071
01-11 07:28:25.206 I/ActivityTaskManager( 1487): The Process com.android.launcher3 Already Exists in BG. So sending its PID: 25108
01-11 07:28:25.207 I/wm_restart_activity( 1487): [0,124244050,84,com.android.launcher3/.uioverrides.QuickstepLauncher]
01-11 07:28:25.208 I/wm_add_to_stopping( 1487): [0,124244050,com.android.launcher3/.uioverrides.QuickstepLauncher,preloadRecents]
01-11 07:28:25.223 W/ContextImpl(19692): Calling a method in the system process without a qualified user: android.app.ContextImpl.startService:1816 android.content.ContextWrapper.startService:774 com.thundercomm.gamemode.ingame.services.GameModeActionUtils.startGameModeService:111 com.thundercomm.gamemode.ingame.services.GameModeActionUtils.startGameModeEntry:22 com.thundercomm.gamemode.ingame.services.ActivityMonitoringService$1.onActivityLaunch:129
01-11 07:28:25.225 I/GameModeConfig( 1487): Current uri is uri = content://com.thundercomm.gamemode.api/gamemode_settings/gamemode_isgaming
01-11 07:28:25.227 I/GameModeConfig( 1487): isGameModeOn = false
01-11 07:28:25.227 I/GameModeConfig( 1487): isGameModeOn = false
01-11 07:28:25.227 I/GameModeConfig( 1487): isDisableVoice = true
01-11 07:28:25.235 I/commit_sys_config_file( 1487): [settings-1-0,3]
01-01 11:28:38.353 I/binder ( 0): 25108:25132 ioctl 40046210 783dff8254 returned -22
01-11 07:28:25.323 W/FreeFormWindowHelper( 1487): Current Display FreeFormTask is null
01-11 07:28:25.333 I/wm_on_create_called(25108): [124244050,com.android.launcher3.uioverrides.QuickstepLauncher,performCreate]
01-11 07:28:25.333 I/wm_on_start_called(25108): [124244050,com.android.launcher3.uioverrides.QuickstepLauncher,handleStartActivity]
01-11 07:28:25.334 I/wm_on_resume_called(25108): [124244050,com.android.launcher3.uioverrides.QuickstepLauncher,LIFECYCLER_RESUME_ACTIVITY]
01-11 07:28:25.338 I/wm_on_paused_called(25108): [124244050,com.android.launcher3.uioverrides.QuickstepLauncher,performPause]
01-11 07:28:25.348 W/FreeFormWindowHelper( 1487): Current Display FreeFormTask is null
01-11 07:28:25.356 W/FreeFormWindowHelper( 1487): Current Display FreeFormTask is null
01-11 07:28:25.385 I/wm_stop_activity( 1487): [0,124244050,com.android.launcher3/.uioverrides.QuickstepLauncher]
01-11 07:28:25.408 I/wm_on_stop_called(25108): [124244050,com.android.launcher3.uioverrides.QuickstepLauncher,STOP_ACTIVITY_ITEM]
01-11 07:28:25.427 W/ContextImpl(19692): Calling a method in the system process without a qualified user: android.app.ContextImpl.startService:1816 android.content.ContextWrapper.startService:774 com.thundercomm.gamemode.ingame.services.GameModeActionUtils.startGameModeService:111 com.thundercomm.gamemode.ingame.services.GameModeActionUtils.startGameModeEntry:22 com.thundercomm.gamemode.ingame.services.ActivityMonitoringService$1.onActivityLaunch:129
01-11 07:28:25.432 I/GameModeConfig( 1487): Current uri is uri = content://com.thundercomm.gamemode.api/gamemode_settings/gamemode_isgaming
01-11 07:28:25.435 I/GameModeConfig( 1487): isGameModeOn = false
01-11 07:28:25.435 I/GameModeConfig( 1487): isGameModeOn = false
01-11 07:28:25.435 I/GameModeConfig( 1487): isDisableVoice = true
01-01 11:28:39.053 I/ ( 0): read descriptors
01-01 11:28:39.053 I/ ( 0): read strings
01-11 07:28:25.970 I/input_interaction( 1487): Interaction with: da75cc2 com.android.calendar/com.android.calendar.AllInOneActivity (server), edge-swipe (server), swipe-up (server), PointerEventDispatcher0 (server),
01-11 07:28:25.980 I/input_interaction( 1487): Interaction with: da75cc2 com.android.calendar/com.android.calendar.AllInOneActivity (server), 52e4d57 StatusBar (server), edge-swipe (server), swipe-up (server), PointerEventDispatcher0 (server),
01-11 07:28:26.007 W/FreeFormWindowHelper( 1487): Current Display FreeFormTask is null
01-11 07:28:26.007 W/FreeFormWindowHelper( 1487): Current Display FreeFormTask is null
01-11 07:28:26.007 W/FreeFormWindowHelper( 1487): Current Display FreeFormTask is null
01-11 07:28:26.007 W/FreeFormWindowHelper( 1487): Current Display FreeFormTask is null
01-11 07:28:26.007 W/FreeFormWindowHelper( 1487): Current Display FreeFormTask is null
01-11 07:28:26.007 W/FreeFormWindowHelper( 1487): Current Display FreeFormTask is null
01-11 07:28:26.008 W/FreeFormWindowHelper( 1487): Current Display FreeFormTask is null
01-11 07:28:26.010 W/FreeFormWindowHelper( 1487): Current Display FreeFormTask is null
01-11 07:28:26.011 W/FreeFormWindowHelper( 1487): Current Display FreeFormTask is null
01-11 07:28:26.015 I/wm_task_moved( 1487): [83,0,0]
01-11 07:28:26.015 I/wm_task_moved( 1487): [83,0,11]
01-11 07:28:26.032 I/wm_on_restart_called(25108): [124244050,com.android.launcher3.uioverrides.QuickstepLauncher,performRestartActivity]
01-11 07:28:26.033 W/FreeFormWindowHelper( 1487): Current Display FreeFormTask is null
01-11 07:28:26.034 W/ContextImpl(19692): Calling a method in the system process without a qualified user: android.app.ContextImpl.startService:1816 android.content.ContextWrapper.startService:774 com.thundercomm.gamemode.ingame.services.GameModeActionUtils.startGameModeService:111 com.thundercomm.gamemode.ingame.services.GameModeActionUtils.startGameModeEntry:22 com.thundercomm.gamemode.ingame.services.ActivityMonitoringService$1.onActivityLaunch:129
01-11 07:28:26.039 I/GameModeConfig( 1487): Current uri is uri = content://com.thundercomm.gamemode.api/gamemode_settings/gamemode_isgaming
01-11 07:28:26.040 I/GameModeConfig( 1487): isGameModeOn = false
01-11 07:28:26.040 I/GameModeConfig( 1487): isGameModeOn = false
01-11 07:28:26.040 I/GameModeConfig( 1487): isDisableVoice = true
01-11 07:28:26.054 I/wm_on_start_called(25108): [124244050,com.android.launcher3.uioverrides.QuickstepLauncher,handleStartActivity]
01-11 07:28:26.055 I/view_enqueue_input_event( 2006): [Motion - Cancel,StatusBar]
01-11 07:28:26.055 I/view_enqueue_input_event(23992): [Motion - Cancel,com.android.calendar/com.android.calendar.AllInOneActivity]
01-11 07:28:26.056 I/input_focus( 1487): [Focus request recents_animation_input_consumer,reason=UpdateInputWindows]
01-11 07:28:26.061 W/FreeFormWindowHelper( 1487): Current Display FreeFormTask is null
01-11 07:28:26.062 I/sysui_latency(25108): [1,67]
01-11 07:28:26.063 I/input_interaction( 1487): Interaction with: edge-swipe (server), swipe-up (server), PointerEventDispatcher0 (server),
01-11 07:28:26.065 I/input_focus( 1487): [Focus leaving da75cc2 com.android.calendar/com.android.calendar.AllInOneActivity (server),reason=NOT_FOCUSABLE]
01-11 07:28:26.066 I/input_focus( 1487): [Focus entering recents_animation_input_consumer (server),reason=setFocusedWindow]
01-11 07:28:26.081 I/sysui_multi_action( 1487): [319,8,322,59,325,12516,757,761,758,9,759,5,806,com.android.launcher3,871,com.android.launcher3.uioverrides.QuickstepLauncher,904,com.android.launcher3,905,0,1320,8,1321,5]
01-11 07:28:26.082 W/FreeFormWindowHelper( 1487): Current Display FreeFormTask is null
01-11 07:28:26.099 W/FreeFormWindowHelper( 1487): Current Display FreeFormTask is null
01-11 07:28:26.139 I/auditd ( 0): type=1400 audit(0.0:14093): avc: denied { kill } for comm="swapper/2" capability=5 scontext=u:r:kernel:s0 tcontext=u:r:kernel:s0 tclass=capability permissive=0
01-11 07:28:26.199 W/FreeFormWindowHelper( 1487): Current Display FreeFormTask is null
01-11 07:28:26.257 I/commit_sys_config_file( 1487): [settings-1-0,4]
01-11 07:28:26.376 I/sysui_latency( 1487): [8,77]
01-11 07:28:26.914 E/TaskPersister( 1487): File error accessing recents directory (directory doesn't exist?).
01-01 11:28:40.073 I/ ( 0): read descriptors
01-01 11:28:40.073 I/ ( 0): read strings
01-11 07:28:27.139 I/auditd ( 0): type=1400 audit(0.0:14094): avc: denied { kill } for comm="swapper/2" capability=5 scontext=u:r:kernel:s0 tcontext=u:r:kernel:s0 tclass=capability permissive=0
01-11 07:28:27.301 W/FreeFormWindowHelper( 1487): Current Display FreeFormTask is null
01-11 07:28:27.304 I/wm_task_moved( 1487): [83,1,12]
01-11 07:28:27.305 I/wm_task_moved( 1487): [84,1,2147483647]
01-11 07:28:27.305 I/wm_task_to_front( 1487): [0,84]
01-11 07:28:27.305 I/wm_focused_root_task( 1487): [0,0,83,87,RecentsAnimation.onAnimationFinished()]
01-11 07:28:27.305 I/wm_on_top_resumed_lost_called(23992): [35450703,com.android.calendar.AllInOneActivity,topStateChangedWhenResumed]
01-11 07:28:27.305 I/wm_set_resumed_activity( 1487): [0,com.android.launcher3/.uioverrides.QuickstepLauncher,RecentsAnimation.onAnimationFinished()]
01-11 07:28:27.307 I/wm_pause_activity( 1487): [0,35450703,com.android.calendar/.AllInOneActivity,userLeaving=true,pauseBackTasks]
01-11 07:28:27.309 I/wm_add_to_stopping( 1487): [0,35450703,com.android.calendar/.AllInOneActivity,makeInvisible]
01-11 07:28:27.309 I/ActivityTaskManager( 1487): FOREGROUND_APPLICATION_CHANGED to com.android.launcher3.uioverrides.QuickstepLauncher
01-11 07:28:27.309 I/wm_set_resumed_activity( 1487): [0,com.android.launcher3/.uioverrides.QuickstepLauncher,resumeTopActivityInnerLocked]
01-11 07:28:27.311 D/CompatibilityChangeReporter( 1487): Compat change id reported: 174042980; UID 10071; state: DISABLED
01-11 07:28:27.311 D/CompatibilityChangeReporter( 1487): Compat change id reported: 181136395; UID 10071; state: DISABLED
01-11 07:28:27.312 D/CompatibilityChangeReporter( 1487): Compat change id reported: 174042936; UID 10071; state: DISABLED
01-11 07:28:27.312 D/CompatibilityChangeReporter( 1487): Compat change id reported: 184838306; UID 10071; state: DISABLED
01-11 07:28:27.313 D/CompatibilityChangeReporter( 1487): Compat change id reported: 185004937; UID 10071; state: DISABLED
01-11 07:28:27.313 I/wm_resume_activity( 1487): [0,124244050,84,com.android.launcher3/.uioverrides.QuickstepLauncher]
01-11 07:28:27.314 I/wm_on_resume_called(25108): [124244050,com.android.launcher3.uioverrides.QuickstepLauncher,RESUME_ACTIVITY]
01-11 07:28:27.321 I/input_focus( 1487): [Focus request 76b7596 com.android.launcher3/com.android.launcher3.uioverrides.QuickstepLauncher,reason=UpdateInputWindows]
01-11 07:28:27.323 I/wm_on_top_resumed_gained_called(25108): [124244050,com.android.launcher3.uioverrides.QuickstepLauncher,topStateChangedWhenResumed]
01-11 07:28:27.323 I/wm_on_paused_called(23992): [35450703,com.android.calendar.AllInOneActivity,performPause]
01-11 07:28:27.326 I/wm_stop_activity( 1487): [0,35450703,com.android.calendar/.AllInOneActivity]
01-11 07:28:27.329 I/sysui_multi_action( 1487): [757,803,799,window_time_0,802,4]
01-11 07:28:27.330 I/sysui_multi_action( 1487): [757,803,799,window_time_0,802,0]
01-11 07:28:27.335 I/input_focus( 1487): [Focus leaving recents_animation_input_consumer (server),reason=NOT_VISIBLE]
01-11 07:28:27.335 I/input_focus( 1487): [Focus entering 76b7596 com.android.launcher3/com.android.launcher3.uioverrides.QuickstepLauncher (server),reason=setFocusedWindow]
01-11 07:28:27.346 I/wm_on_stop_called(23992): [35450703,com.android.calendar.AllInOneActivity,STOP_ACTIVITY_ITEM]
01-11 07:28:27.359 W/ContextImpl(19692): Calling a method in the system process without a qualified user: android.app.ContextImpl.startService:1816 android.content.ContextWrapper.startService:774 com.thundercomm.gamemode.ingame.services.GameModeActionUtils.startGameModeService:111 com.thundercomm.gamemode.ingame.services.GameModeActionUtils.startGameModeEntry:22 com.thundercomm.gamemode.ingame.services.ActivityMonitoringService$1.onActivityLaunch:129
01-11 07:28:27.364 I/GameModeConfig( 1487): Current uri is uri = content://com.thundercomm.gamemode.api/gamemode_settings/gamemode_isgaming
01-11 07:28:27.365 I/GameModeConfig( 1487): isGameModeOn = false
01-11 07:28:27.365 I/GameModeConfig( 1487): isGameModeOn = false
01-11 07:28:27.365 I/GameModeConfig( 1487): isDisableVoice = true
01-11 07:28:27.426 W/FreeFormWindowHelper( 1487): Current Display FreeFormTask is null
01-11 07:28:27.426 W/FreeFormWindowHelper( 1487): Current Display FreeFormTask is null
01-11 07:28:27.426 W/FreeFormWindowHelper( 1487): Current Display FreeFormTask is null
01-11 07:28:27.434 W/ContextImpl(19692): Calling a method in the system process without a qualified user: android.app.ContextImpl.startService:1816 android.content.ContextWrapper.startService:774 com.thundercomm.gamemode.ingame.services.GameModeActionUtils.startGameModeService:111 com.thundercomm.gamemode.ingame.services.GameModeActionUtils.startGameModeEntry:22 com.thundercomm.gamemode.ingame.services.ActivityMonitoringService$1.onActivityLaunch:129
01-11 07:28:27.437 I/GameModeConfig( 1487): Current uri is uri = content://com.thundercomm.gamemode.api/gamemode_settings/gamemode_isgaming
01-11 07:28:27.439 I/GameModeConfig( 1487): isGameModeOn = false
01-11 07:28:27.439 I/GameModeConfig( 1487): isGameModeOn = false
01-11 07:28:27.439 I/GameModeConfig( 1487): isDisableVoice = true
01-11 07:28:27.711 I/am_uid_idle( 1487): 10068
01-01 11:28:41.085 I/ ( 0): read descriptors
01-01 11:28:41.085 I/ ( 0): read strings
01-11 07:28:28.139 I/auditd ( 0): type=1400 audit(0.0:14095): avc: denied { kill } for comm="swapper/2" capability=5 scontext=u:r:kernel:s0 tcontext=u:r:kernel:s0 tclass=capability permissive=0
01-01 11:28:42.105 I/ ( 0): read descriptors
01-01 11:28:42.105 I/ ( 0): read strings
01-11 07:28:29.143 I/auditd ( 0): type=1400 audit(0.0:14096): avc: denied { kill } for comm="swapper/2" capability=5 scontext=u:r:kernel:s0 tcontext=u:r:kernel:s0 tclass=capability permissive=0
01-01 11:28:43.125 I/ ( 0): read descriptors
01-01 11:28:43.125 I/ ( 0): read strings
01-11 07:28:30.143 I/auditd ( 0): type=1400 audit(0.0:14097): avc: denied { kill } for comm="swapper/2" capability=5 scontext=u:r:kernel:s0 tcontext=u:r:kernel:s0 tclass=capability permissive=0
01-11 07:28:30.395 I/input_interaction( 1487): Interaction with: 76b7596 com.android.launcher3/com.android.launcher3.uioverrides.QuickstepLauncher (server), c9f455c com.android.systemui.ImageWallpaper (server), edge-swipe (server), swipe-up (server), PointerEventDispatcher0 (server),
01-11 07:28:30.775 I/commit_sys_config_file( 1487): [settings-1-0,5]
01-01 11:28:44.145 I/ ( 0): read descriptors
01-01 11:28:44.145 I/ ( 0): read strings
01-11 07:28:31.139 I/auditd ( 0): type=1400 audit(0.0:14098): avc: denied { kill } for comm="swapper/2" capability=5 scontext=u:r:kernel:s0 tcontext=u:r:kernel:s0 tclass=capability permissive=0
01-11 07:28:31.540 I/thunderperf( 1487): PlatormCompat.setOverrides: Uid1=10071 Pid1=25108 Uid2=10071 Pid2=25108
01-11 07:28:31.540 I/thunderperf( 1487): PlatormCompat.setOverrides: needCheck:false
01-11 07:28:31.541 I/thunderperf( 1487): CompatConfig.addOverrideUnsafe: bef-state=1
01-11 07:28:31.541 E/thunderperf( 1487): CompatConfig.addOverrideUnsafe: exception:java.lang.SecurityException: Cannot override a change on a non-debuggable app and user build.
01-11 07:28:31.541 I/thunderperf( 1487): CompatConfig.addOverrideUnsafe: aft-state=1
01-11 07:28:31.542 I/thunderperf( 1487): CompatConfig.addOverrideUnsafe: bef-state=1
01-11 07:28:31.543 E/thunderperf( 1487): CompatConfig.addOverrideUnsafe: exception:java.lang.SecurityException: Cannot override a change on a non-debuggable app and user build.
01-11 07:28:31.543 I/thunderperf( 1487): CompatConfig.addOverrideUnsafe: aft-state=1
01-11 07:28:31.544 I/thunderperf( 1487): CompatConfig.addOverrideUnsafe: bef-state=1
01-11 07:28:31.544 E/thunderperf( 1487): CompatConfig.addOverrideUnsafe: exception:java.lang.SecurityException: Cannot override a change on a non-debuggable app and user build.
01-11 07:28:31.544 I/thunderperf( 1487): CompatConfig.addOverrideUnsafe: aft-state=1
01-11 07:28:31.545 I/thunderperf( 1487): CompatConfig.addOverrideUnsafe: bef-state=1
01-11 07:28:31.545 E/thunderperf( 1487): CompatConfig.addOverrideUnsafe: exception:java.lang.SecurityException: Cannot override a change on a non-debuggable app and user build.
01-11 07:28:31.545 I/thunderperf( 1487): CompatConfig.addOverrideUnsafe: aft-state=1
01-11 07:28:31.546 I/thunderperf( 1487): CompatConfig.addOverrideUnsafe: bef-state=1
01-11 07:28:31.546 E/thunderperf( 1487): CompatConfig.addOverrideUnsafe: exception:java.lang.SecurityException: Cannot override a change on a non-debuggable app and user build.
01-11 07:28:31.546 I/thunderperf( 1487): CompatConfig.addOverrideUnsafe: aft-state=1
01-11 07:28:31.547 I/thunderperf( 1487): CompatConfig.addOverrideUnsafe: bef-state=1
01-11 07:28:31.547 E/thunderperf( 1487): CompatConfig.addOverrideUnsafe: exception:java.lang.SecurityException: Cannot override a change on a non-debuggable app and user build.
01-11 07:28:31.547 I/thunderperf( 1487): CompatConfig.addOverrideUnsafe: aft-state=1
01-11 07:28:31.548 I/thunderperf( 1487): CompatConfig.addOverrideUnsafe: bef-state=1
01-11 07:28:31.548 E/thunderperf( 1487): CompatConfig.addOverrideUnsafe: exception:java.lang.SecurityException: Cannot override a change on a non-debuggable app and user build.
01-11 07:28:31.548 I/thunderperf( 1487): CompatConfig.addOverrideUnsafe: aft-state=1
01-11 07:28:31.549 I/thunderperf( 1487): CompatConfig.addOverrideUnsafe: bef-state=1
01-11 07:28:31.549 E/thunderperf( 1487): CompatConfig.addOverrideUnsafe: exception:java.lang.SecurityException: Cannot override a change on a non-debuggable app and user build.
01-11 07:28:31.549 I/thunderperf( 1487): CompatConfig.addOverrideUnsafe: aft-state=1
01-11 07:28:31.550 I/thunderperf( 1487): CompatConfig.addOverrideUnsafe: bef-state=1
01-11 07:28:31.550 E/thunderperf( 1487): CompatConfig.addOverrideUnsafe: exception:java.lang.SecurityException: Cannot override a change on a non-debuggable app and user build.
01-11 07:28:31.550 I/thunderperf( 1487): CompatConfig.addOverrideUnsafe: aft-state=1
01-11 07:28:31.551 I/thunderperf( 1487): CompatConfig.addOverrideUnsafe: bef-state=1
01-11 07:28:31.551 E/thunderperf( 1487): CompatConfig.addOverrideUnsafe: exception:java.lang.SecurityException: Cannot override a change on a non-debuggable app and user build.
01-11 07:28:31.551 I/thunderperf( 1487): CompatConfig.addOverrideUnsafe: aft-state=1
01-11 07:28:31.552 I/thunderperf( 1487): CompatConfig.addOverrideUnsafe: bef-state=1
01-11 07:28:31.552 E/thunderperf( 1487): CompatConfig.addOverrideUnsafe: exception:java.lang.SecurityException: Cannot override a change on a non-debuggable app and user build.
01-11 07:28:31.552 I/thunderperf( 1487): CompatConfig.addOverrideUnsafe: aft-state=1
01-11 07:28:31.553 I/thunderperf( 1487): CompatConfig.addOverrideUnsafe: bef-state=1
01-11 07:28:31.553 E/thunderperf( 1487): CompatConfig.addOverrideUnsafe: exception:java.lang.SecurityException: Cannot override a change on a non-debuggable app and user build.
01-11 07:28:31.553 I/thunderperf( 1487): CompatConfig.addOverrideUnsafe: aft-state=1
01-11 07:28:31.554 I/thunderperf( 1487): CompatConfig.addOverrideUnsafe: bef-state=1
01-11 07:28:31.554 E/thunderperf( 1487): CompatConfig.addOverrideUnsafe: exception:java.lang.SecurityException: Cannot override a change on a non-debuggable app and user build.
01-11 07:28:31.554 I/thunderperf( 1487): CompatConfig.addOverrideUnsafe: aft-state=1
01-11 07:28:31.555 I/thunderperf( 1487): CompatConfig.addOverrideUnsafe: bef-state=1
01-11 07:28:31.555 E/thunderperf( 1487): CompatConfig.addOverrideUnsafe: exception:java.lang.SecurityException: Cannot override a change on a non-debuggable app and user build.
01-11 07:28:31.555 I/thunderperf( 1487): CompatConfig.addOverrideUnsafe: aft-state=1
01-11 07:28:31.563 I/ActivityTaskManager( 1487): START u0 {act=android.intent.action.MAIN cat=[android.intent.category.LAUNCHER] flg=0x10200000 cmp=com.android.deskclock/.DeskClock bnds=[590,252][890,550]} from uid 10071
01-11 07:28:31.564 I/wm_task_moved( 1487): [86,1,12]
01-11 07:28:31.564 I/wm_task_to_front( 1487): [0,86]
01-11 07:28:31.565 I/wm_focused_root_task( 1487): [0,0,86,83,bringingFoundTaskToFront]
01-11 07:28:31.566 I/wm_set_resumed_activity( 1487): [0,com.android.deskclock/.DeskClock,bringingFoundTaskToFront]
01-11 07:28:31.566 I/wm_new_intent( 1487): [0,73309397,86,com.android.deskclock/.DeskClock,android.intent.action.MAIN,NULL,NULL,270532608]
01-11 07:28:31.568 I/wm_pause_activity( 1487): [0,124244050,com.android.launcher3/.uioverrides.QuickstepLauncher,userLeaving=true,pauseBackTasks]
01-11 07:28:31.576 I/wm_on_top_resumed_lost_called(25108): [124244050,com.android.launcher3.uioverrides.QuickstepLauncher,topStateChangedWhenResumed]
01-11 07:28:31.582 I/wm_on_paused_called(25108): [124244050,com.android.launcher3.uioverrides.QuickstepLauncher,performPause]
01-11 07:28:31.583 I/ActivityTaskManager( 1487): FOREGROUND_APPLICATION_CHANGED to com.android.deskclock.DeskClock
01-11 07:28:31.585 I/wm_set_resumed_activity( 1487): [0,com.android.deskclock/.DeskClock,resumeTopActivityInnerLocked]
01-11 07:28:31.585 I/wm_add_to_stopping( 1487): [0,124244050,com.android.launcher3/.uioverrides.QuickstepLauncher,makeInvisible]
01-11 07:28:31.587 I/wm_resume_activity( 1487): [0,73309397,86,com.android.deskclock/.DeskClock]
01-11 07:28:31.600 I/wm_on_restart_called(23991): [73309397,com.android.deskclock.DeskClock,performRestartActivity]
01-11 07:28:31.600 I/sysui_multi_action( 1487): [757,803,799,window_time_0,802,4]
01-11 07:28:31.602 I/wm_on_start_called(23991): [73309397,com.android.deskclock.DeskClock,handleStartActivity]
01-11 07:28:31.603 I/wm_on_resume_called(23991): [73309397,com.android.deskclock.DeskClock,RESUME_ACTIVITY]
01-11 07:28:31.605 I/wm_on_top_resumed_gained_called(23991): [73309397,com.android.deskclock.DeskClock,topWhenResuming]
01-11 07:28:31.606 W/ContextImpl(19692): Calling a method in the system process without a qualified user: android.app.ContextImpl.startService:1816 android.content.ContextWrapper.startService:774 com.thundercomm.gamemode.ingame.services.GameModeActionUtils.startGameModeService:111 com.thundercomm.gamemode.ingame.services.GameModeActionUtils.startGameModeEntry:22 com.thundercomm.gamemode.ingame.services.ActivityMonitoringService$1.onActivityLaunch:129
01-11 07:28:31.610 I/GameModeConfig( 1487): Current uri is uri = content://com.thundercomm.gamemode.api/gamemode_settings/gamemode_isgaming
01-11 07:28:31.613 I/input_focus( 1487): [Focus leaving 76b7596 com.android.launcher3/com.android.launcher3.uioverrides.QuickstepLauncher (server),reason=NO_WINDOW]
01-11 07:28:31.614 I/GameModeConfig( 1487): isGameModeOn = false
01-11 07:28:31.614 I/GameModeConfig( 1487): isGameModeOn = false
01-11 07:28:31.614 I/GameModeConfig( 1487): isDisableVoice = true
01-11 07:28:31.619 I/input_focus( 1487): [Focus request 6506da8 com.android.deskclock/com.android.deskclock.DeskClock,reason=UpdateInputWindows]
01-11 07:28:31.634 I/sysui_multi_action( 1487): [319,30,321,26,322,67,325,12522,757,761,758,9,759,4,806,com.android.deskclock,871,com.android.deskclock.DeskClock,904,com.android.launcher3,905,0,1320,17,1321,1]
01-11 07:28:31.647 I/input_focus( 1487): [Focus entering 6506da8 com.android.deskclock/com.android.deskclock.DeskClock (server),reason=setFocusedWindow]
01-11 07:28:31.691 W/FreeFormWindowHelper( 1487): Current Display FreeFormTask is null
01-11 07:28:31.691 W/FreeFormWindowHelper( 1487): Current Display FreeFormTask is null
01-11 07:28:31.691 W/FreeFormWindowHelper( 1487): Current Display FreeFormTask is null
01-11 07:28:31.696 W/ContextImpl(19692): Calling a method in the system process without a qualified user: android.app.ContextImpl.startService:1816 android.content.ContextWrapper.startService:774 com.thundercomm.gamemode.ingame.services.GameModeActionUtils.startGameModeService:111 com.thundercomm.gamemode.ingame.services.GameModeActionUtils.startGameModeEntry:22 com.thundercomm.gamemode.ingame.services.ActivityMonitoringService$1.onActivityLaunch:129
01-11 07:28:31.700 I/GameModeConfig( 1487): Current uri is uri = content://com.thundercomm.gamemode.api/gamemode_settings/gamemode_isgaming
01-11 07:28:31.701 I/GameModeConfig( 1487): isGameModeOn = false
01-11 07:28:31.701 I/GameModeConfig( 1487): isGameModeOn = false
01-11 07:28:31.701 I/GameModeConfig( 1487): isDisableVoice = true
01-01 11:28:45.165 I/ ( 0): read descriptors
01-01 11:28:45.165 I/ ( 0): read strings
01-11 07:28:32.135 I/wm_stop_activity( 1487): [0,124244050,com.android.launcher3/.uioverrides.QuickstepLauncher]
01-11 07:28:32.154 I/wm_on_stop_called(25108): [124244050,com.android.launcher3.uioverrides.QuickstepLauncher,STOP_ACTIVITY_ITEM]
01-11 07:28:32.176 W/ContextImpl(19692): Calling a method in the system process without a qualified user: android.app.ContextImpl.startService:1816 android.content.ContextWrapper.startService:774 com.thundercomm.gamemode.ingame.services.GameModeActionUtils.startGameModeService:111 com.thundercomm.gamemode.ingame.services.GameModeActionUtils.startGameModeEntry:22 com.thundercomm.gamemode.ingame.services.ActivityMonitoringService$1.onActivityLaunch:129
01-11 07:28:32.181 I/GameModeConfig( 1487): Current uri is uri = content://com.thundercomm.gamemode.api/gamemode_settings/gamemode_isgaming
01-11 07:28:32.183 I/GameModeConfig( 1487): isGameModeOn = false
01-11 07:28:32.183 I/GameModeConfig( 1487): isGameModeOn = false
01-11 07:28:32.183 I/GameModeConfig( 1487): isDisableVoice = true
01-11 07:28:32.331 I/input_interaction( 1487): Interaction with: 6506da8 com.android.deskclock/com.android.deskclock.DeskClock (server), edge-swipe (server), swipe-up (server), PointerEventDispatcher0 (server),
01-11 07:28:32.384 I/input_interaction( 1487): Interaction with: 6506da8 com.android.deskclock/com.android.deskclock.DeskClock (server), 52e4d57 StatusBar (server), edge-swipe (server), swipe-up (server), PointerEventDispatcher0 (server),
01-11 07:28:32.389 I/sysui_multi_action( 2006): [757,803,799,panel_open,802,1]
01-11 07:28:32.390 I/sysui_multi_action( 2006): [757,1328,758,4,1326,28,1327,6,1329,0]
01-11 07:28:32.417 W/FreeFormWindowHelper( 1487): Current Display FreeFormTask is null
01-11 07:28:32.418 W/FreeFormWindowHelper( 1487): Current Display FreeFormTask is null
01-11 07:28:32.418 W/FreeFormWindowHelper( 1487): Current Display FreeFormTask is null
01-11 07:28:32.418 W/FreeFormWindowHelper( 1487): Current Display FreeFormTask is null
01-11 07:28:32.418 W/FreeFormWindowHelper( 1487): Current Display FreeFormTask is null
01-11 07:28:32.418 W/FreeFormWindowHelper( 1487): Current Display FreeFormTask is null
01-11 07:28:32.418 W/FreeFormWindowHelper( 1487): Current Display FreeFormTask is null
01-11 07:28:32.422 I/wm_task_moved( 1487): [83,0,0]
01-11 07:28:32.422 I/wm_task_moved( 1487): [83,0,11]
01-11 07:28:32.431 I/wm_on_restart_called(25108): [124244050,com.android.launcher3.uioverrides.QuickstepLauncher,performRestartActivity]
01-11 07:28:32.438 W/FreeFormWindowHelper( 1487): Current Display FreeFormTask is null
01-11 07:28:32.443 W/ContextImpl(19692): Calling a method in the system process without a qualified user: android.app.ContextImpl.startService:1816 android.content.ContextWrapper.startService:774 com.thundercomm.gamemode.ingame.services.GameModeActionUtils.startGameModeService:111 com.thundercomm.gamemode.ingame.services.GameModeActionUtils.startGameModeEntry:22 com.thundercomm.gamemode.ingame.services.ActivityMonitoringService$1.onActivityLaunch:129
01-11 07:28:32.448 I/GameModeConfig( 1487): Current uri is uri = content://com.thundercomm.gamemode.api/gamemode_settings/gamemode_isgaming
01-11 07:28:32.449 I/GameModeConfig( 1487): isGameModeOn = false
01-11 07:28:32.450 I/GameModeConfig( 1487): isGameModeOn = false
01-11 07:28:32.450 I/GameModeConfig( 1487): isDisableVoice = true
01-11 07:28:32.462 I/wm_on_start_called(25108): [124244050,com.android.launcher3.uioverrides.QuickstepLauncher,handleStartActivity]
01-11 07:28:32.463 I/view_enqueue_input_event(23991): [Motion - Cancel,com.android.deskclock/com.android.deskclock.DeskClock]
01-11 07:28:32.464 I/view_enqueue_input_event( 2006): [Motion - Cancel,StatusBar]
01-11 07:28:32.468 W/FreeFormWindowHelper( 1487): Current Display FreeFormTask is null
01-11 07:28:32.469 I/sysui_latency(25108): [1,57]
01-11 07:28:32.469 I/input_focus( 1487): [Focus request recents_animation_input_consumer,reason=UpdateInputWindows]
01-11 07:28:32.474 I/input_interaction( 1487): Interaction with: edge-swipe (server), swipe-up (server), PointerEventDispatcher0 (server),
01-11 07:28:32.480 I/sysui_multi_action( 1487): [319,9,322,51,325,12523,757,761,758,9,759,5,806,com.android.launcher3,871,com.android.launcher3.uioverrides.QuickstepLauncher,904,com.android.launcher3,905,0,1320,8,1321,5]
01-11 07:28:32.481 W/FreeFormWindowHelper( 1487): Current Display FreeFormTask is null
01-11 07:28:32.482 I/input_focus( 1487): [Focus leaving 6506da8 com.android.deskclock/com.android.deskclock.DeskClock (server),reason=NOT_FOCUSABLE]
01-11 07:28:32.482 I/input_focus( 1487): [Focus entering recents_animation_input_consumer (server),reason=setFocusedWindow]
01-11 07:28:32.497 W/FreeFormWindowHelper( 1487): Current Display FreeFormTask is null
01-11 07:28:32.598 W/FreeFormWindowHelper( 1487): Current Display FreeFormTask is null
01-11 07:28:32.638 I/commit_sys_config_file( 1487): [settings-1-0,4]
01-11 07:28:32.775 I/sysui_latency( 1487): [8,58]
01-01 11:28:46.191 I/ ( 0): read descriptors
01-01 11:28:46.191 I/ ( 0): read strings
01-11 07:28:33.139 I/auditd ( 0): type=1400 audit(0.0:14099): avc: denied { kill } for comm="swapper/2" capability=5 scontext=u:r:kernel:s0 tcontext=u:r:kernel:s0 tclass=capability permissive=0
01-11 07:28:33.701 W/FreeFormWindowHelper( 1487): Current Display FreeFormTask is null
01-11 07:28:33.708 I/wm_task_moved( 1487): [83,1,12]
01-11 07:28:33.711 I/wm_task_moved( 1487): [84,1,2147483647]
01-11 07:28:33.711 I/wm_task_to_front( 1487): [0,84]
01-11 07:28:33.711 I/wm_focused_root_task( 1487): [0,0,83,86,RecentsAnimation.onAnimationFinished()]
01-11 07:28:33.711 I/wm_on_top_resumed_lost_called(23991): [73309397,com.android.deskclock.DeskClock,topStateChangedWhenResumed]
01-11 07:28:33.711 I/wm_set_resumed_activity( 1487): [0,com.android.launcher3/.uioverrides.QuickstepLauncher,RecentsAnimation.onAnimationFinished()]
01-11 07:28:33.715 I/wm_pause_activity( 1487): [0,73309397,com.android.deskclock/.DeskClock,userLeaving=true,pauseBackTasks]
01-11 07:28:33.717 I/wm_add_to_stopping( 1487): [0,73309397,com.android.deskclock/.DeskClock,makeInvisible]
01-11 07:28:33.718 I/ActivityTaskManager( 1487): FOREGROUND_APPLICATION_CHANGED to com.android.launcher3.uioverrides.QuickstepLauncher
01-11 07:28:33.718 I/wm_set_resumed_activity( 1487): [0,com.android.launcher3/.uioverrides.QuickstepLauncher,resumeTopActivityInnerLocked]
01-11 07:28:33.722 I/wm_resume_activity( 1487): [0,124244050,84,com.android.launcher3/.uioverrides.QuickstepLauncher]
01-11 07:28:33.723 I/wm_on_resume_called(25108): [124244050,com.android.launcher3.uioverrides.QuickstepLauncher,RESUME_ACTIVITY]
01-11 07:28:33.729 I/input_focus( 1487): [Focus request 76b7596 com.android.launcher3/com.android.launcher3.uioverrides.QuickstepLauncher,reason=UpdateInputWindows]
01-11 07:28:33.730 I/wm_on_top_resumed_gained_called(25108): [124244050,com.android.launcher3.uioverrides.QuickstepLauncher,topStateChangedWhenResumed]
01-11 07:28:33.733 I/wm_on_paused_called(23991): [73309397,com.android.deskclock.DeskClock,performPause]
01-11 07:28:33.734 I/input_focus( 1487): [Focus leaving recents_animation_input_consumer (server),reason=NOT_VISIBLE]
01-11 07:28:33.742 I/wm_stop_activity( 1487): [0,73309397,com.android.deskclock/.DeskClock]
01-11 07:28:33.743 I/sysui_multi_action( 1487): [757,803,799,window_time_0,802,2]
01-11 07:28:33.746 I/sysui_multi_action( 1487): [757,803,799,window_time_0,802,0]
01-11 07:28:33.756 I/input_focus( 1487): [Focus entering 76b7596 com.android.launcher3/com.android.launcher3.uioverrides.QuickstepLauncher (server),reason=setFocusedWindow]
01-11 07:28:33.756 I/am_pss ( 1487): [25025,10019,com.hryt.hiphishowfsecontrol,18248704,15237120,0,106176512,0,19,6]
01-11 07:28:33.764 I/wm_on_stop_called(23991): [73309397,com.android.deskclock.DeskClock,STOP_ACTIVITY_ITEM]
01-11 07:28:33.779 W/ContextImpl(19692): Calling a method in the system process without a qualified user: android.app.ContextImpl.startService:1816 android.content.ContextWrapper.startService:774 com.thundercomm.gamemode.ingame.services.GameModeActionUtils.startGameModeService:111 com.thundercomm.gamemode.ingame.services.GameModeActionUtils.startGameModeEntry:22 com.thundercomm.gamemode.ingame.services.ActivityMonitoringService$1.onActivityLaunch:129
01-11 07:28:33.783 I/GameModeConfig( 1487): Current uri is uri = content://com.thundercomm.gamemode.api/gamemode_settings/gamemode_isgaming
01-11 07:28:33.785 I/GameModeConfig( 1487): isGameModeOn = false
01-11 07:28:33.785 I/GameModeConfig( 1487): isGameModeOn = false
01-11 07:28:33.785 I/GameModeConfig( 1487): isDisableVoice = true
01-11 07:28:33.831 W/FreeFormWindowHelper( 1487): Current Display FreeFormTask is null
01-11 07:28:33.831 W/FreeFormWindowHelper( 1487): Current Display FreeFormTask is null
01-11 07:28:33.831 W/FreeFormWindowHelper( 1487): Current Display FreeFormTask is null
01-11 07:28:33.837 W/ContextImpl(19692): Calling a method in the system process without a qualified user: android.app.ContextImpl.startService:1816 android.content.ContextWrapper.startService:774 com.thundercomm.gamemode.ingame.services.GameModeActionUtils.startGameModeService:111 com.thundercomm.gamemode.ingame.services.GameModeActionUtils.startGameModeEntry:22 com.thundercomm.gamemode.ingame.services.ActivityMonitoringService$1.onActivityLaunch:129
01-11 07:28:33.840 I/GameModeConfig( 1487): Current uri is uri = content://com.thundercomm.gamemode.api/gamemode_settings/gamemode_isgaming
01-11 07:28:33.842 I/GameModeConfig( 1487): isGameModeOn = false
01-11 07:28:33.843 I/GameModeConfig( 1487): isGameModeOn = false
01-11 07:28:33.843 I/GameModeConfig( 1487): isDisableVoice = true
01-01 11:28:47.213 I/ ( 0): read descriptors
01-01 11:28:47.213 I/ ( 0): read strings
01-11 07:28:34.139 I/auditd ( 0): type=1400 audit(0.0:14100): avc: denied { kill } for comm="swapper/2" capability=5 scontext=u:r:kernel:s0 tcontext=u:r:kernel:s0 tclass=capability permissive=0
01-11 07:28:34.592 E/TaskPersister( 1487): File error accessing recents directory (directory doesn't exist?).
01-01 11:28:48.229 I/ ( 0): read descriptors
01-01 11:28:48.229 I/ ( 0): read strings
01-11 07:28:35.139 I/auditd ( 0): type=1400 audit(0.0:14101): avc: denied { kill } for comm="swapper/2" capability=5 scontext=u:r:kernel:s0 tcontext=u:r:kernel:s0 tclass=capability permissive=0
01-01 11:28:49.245 I/ ( 0): read descriptors
01-01 11:28:49.245 I/ ( 0): read strings
01-11 07:28:36.139 I/auditd ( 0): type=1400 audit(0.0:14102): avc: denied { kill } for comm="swapper/2" capability=5 scontext=u:r:kernel:s0 tcontext=u:r:kernel:s0 tclass=capability permissive=0
01-11 07:28:37.139 I/auditd ( 0): type=1400 audit(0.0:14103): avc: denied { kill } for comm="swapper/2" capability=5 scontext=u:r:kernel:s0 tcontext=u:r:kernel:s0 tclass=capability permissive=0
01-01 11:28:50.261 I/ ( 0): read descriptors
01-01 11:28:50.261 I/ ( 0): read strings
01-11 07:28:38.139 I/auditd ( 0): type=1400 audit(0.0:14104): avc: denied { kill } for comm="swapper/2" capability=5 scontext=u:r:kernel:s0 tcontext=u:r:kernel:s0 tclass=capability permissive=0
01-01 11:28:51.285 I/ ( 0): read descriptors
01-01 11:28:51.285 I/ ( 0): read strings
01-11 07:28:39.139 I/auditd ( 0): type=1400 audit(0.0:14105): avc: denied { kill } for comm="swapper/2" capability=5 scontext=u:r:kernel:s0 tcontext=u:r:kernel:s0 tclass=capability permissive=0
01-01 11:28:52.301 I/ ( 0): read descriptors
01-01 11:28:52.301 I/ ( 0): read strings
01-11 07:28:40.143 I/auditd ( 0): type=1400 audit(0.0:14106): avc: denied { kill } for comm="swapper/2" capability=5 scontext=u:r:kernel:s0 tcontext=u:r:kernel:s0 tclass=capability permissive=0
01-01 11:28:53.317 I/ ( 0): read descriptors
01-01 11:28:53.317 I/ ( 0): read strings
01-11 07:28:41.139 I/auditd ( 0): type=1400 audit(0.0:14107): avc: denied { kill } for comm="swapper/2" capability=5 scontext=u:r:kernel:s0 tcontext=u:r:kernel:s0 tclass=capability permissive=0
01-01 11:28:54.329 I/ ( 0): read descriptors
01-01 11:28:54.329 I/ ( 0): read strings
01-11 07:28:42.143 I/auditd ( 0): type=1400 audit(0.0:14108): avc: denied { kill } for comm="swapper/2" capability=5 scontext=u:r:kernel:s0 tcontext=u:r:kernel:s0 tclass=capability permissive=0
01-01 11:28:55.345 I/ ( 0): read descriptors
01-01 11:28:55.345 I/ ( 0): read strings
01-11 07:28:42.485 I/input_interaction( 1487): Interaction with: 76b7596 com.android.launcher3/com.android.launcher3.uioverrides.QuickstepLauncher (server), c9f455c com.android.systemui.ImageWallpaper (server), edge-swipe (server), swipe-up (server), PointerEventDispatcher0 (server),
01-11 07:28:42.850 I/commit_sys_config_file( 1487): [settings-1-0,7]
01-11 07:28:43.143 I/auditd ( 0): type=1400 audit(0.0:14109): avc: denied { kill } for comm="swapper/2" capability=5 scontext=u:r:kernel:s0 tcontext=u:r:kernel:s0 tclass=capability permissive=0
01-01 11:28:56.361 I/ ( 0): read descriptors
01-01 11:28:56.361 I/ ( 0): read strings
01-11 07:28:43.469 I/thunderperf( 1487): PlatormCompat.setOverrides: Uid1=10071 Pid1=25108 Uid2=10071 Pid2=25108
01-11 07:28:43.469 I/thunderperf( 1487): PlatormCompat.setOverrides: needCheck:false
01-11 07:28:43.470 I/thunderperf( 1487): CompatConfig.addOverrideUnsafe: bef-state=1
01-11 07:28:43.472 E/thunderperf( 1487): CompatConfig.addOverrideUnsafe: exception:java.lang.SecurityException: Cannot override a change on a non-debuggable app and user build.
01-11 07:28:43.472 I/thunderperf( 1487): CompatConfig.addOverrideUnsafe: aft-state=1
01-11 07:28:43.474 I/thunderperf( 1487): CompatConfig.addOverrideUnsafe: bef-state=1
01-11 07:28:43.474 E/thunderperf( 1487): CompatConfig.addOverrideUnsafe: exception:java.lang.SecurityException: Cannot override a change on a non-debuggable app and user build.
01-11 07:28:43.474 I/thunderperf( 1487): CompatConfig.addOverrideUnsafe: aft-state=1
01-11 07:28:43.475 I/thunderperf( 1487): CompatConfig.addOverrideUnsafe: bef-state=1
01-11 07:28:43.476 E/thunderperf( 1487): CompatConfig.addOverrideUnsafe: exception:java.lang.SecurityException: Cannot override a change on a non-debuggable app and user build.
01-11 07:28:43.476 I/thunderperf( 1487): CompatConfig.addOverrideUnsafe: aft-state=1
