01-11 07:27:37.775 I/GameModeConfig( 1487): Current uri is uri = content://com.thundercomm.gamemode.api/gamemode_settings/gamemode_isgaming
01-11 07:27:37.775 I/GameModeConfig( 1487): isGameModeOn = false
01-11 07:27:37.775 I/GameModeConfig( 1487): isGameModeOn = false
01-11 07:27:37.775 I/GameModeConfig( 1487): isDisableVoice = true
01-01 11:27:51.156 I/ ( 0): read descriptors
01-01 11:27:51.156 I/ ( 0): read strings
01-11 07:27:38.139 I/auditd ( 0): type=1400 audit(0.0:14048): avc: denied { kill } for comm="swapper/0" capability=5 scontext=u:r:kernel:s0 tcontext=u:r:kernel:s0 tclass=capability permissive=0
01-11 07:27:38.217 I/wm_stop_activity( 1487): [0,124244050,com.android.launcher3/.uioverrides.QuickstepLauncher]
01-11 07:27:38.235 I/wm_on_stop_called(24595): [124244050,com.android.launcher3.uioverrides.QuickstepLauncher,STOP_ACTIVITY_ITEM]
01-11 07:27:38.253 W/ContextImpl(19692): Calling a method in the system process without a qualified user: android.app.ContextImpl.startService:1816 android.content.ContextWrapper.startService:774 com.thundercomm.gamemode.ingame.services.GameModeActionUtils.startGameModeService:111 com.thundercomm.gamemode.ingame.services.GameModeActionUtils.startGameModeEntry:22 com.thundercomm.gamemode.ingame.services.ActivityMonitoringService$1.onActivityLaunch:129
01-11 07:27:38.255 I/GameModeConfig( 1487): Current uri is uri = content://com.thundercomm.gamemode.api/gamemode_settings/gamemode_isgaming
01-11 07:27:38.255 I/GameModeConfig( 1487): isGameModeOn = false
01-11 07:27:38.255 I/GameModeConfig( 1487): isGameModeOn = false
01-11 07:27:38.255 I/GameModeConfig( 1487): isDisableVoice = true
01-11 07:27:38.471 I/input_interaction( 1487): Interaction with: 4b74ea0 com.android.music/com.android.music.VideoBrowserActivity (server), edge-swipe (server), swipe-up (server), PointerEventDispatcher0 (server),
01-11 07:27:38.527 W/FreeFormWindowHelper( 1487): Current Display FreeFormTask is null
01-11 07:27:38.527 W/FreeFormWindowHelper( 1487): Current Display FreeFormTask is null
01-11 07:27:38.527 W/FreeFormWindowHelper( 1487): Current Display FreeFormTask is null
01-11 07:27:38.527 W/FreeFormWindowHelper( 1487): Current Display FreeFormTask is null
01-11 07:27:38.527 W/FreeFormWindowHelper( 1487): Current Display FreeFormTask is null
01-11 07:27:38.528 I/wm_task_moved( 1487): [83,0,0]
01-11 07:27:38.528 I/wm_task_moved( 1487): [83,0,8]
01-11 07:27:38.534 I/wm_on_restart_called(24595): [124244050,com.android.launcher3.uioverrides.QuickstepLauncher,performRestartActivity]
01-11 07:27:38.534 W/FreeFormWindowHelper( 1487): Current Display FreeFormTask is null
01-11 07:27:38.535 W/ContextImpl(19692): Calling a method in the system process without a qualified user: android.app.ContextImpl.startService:1816 android.content.ContextWrapper.startService:774 com.thundercomm.gamemode.ingame.services.GameModeActionUtils.startGameModeService:111 com.thundercomm.gamemode.ingame.services.GameModeActionUtils.startGameModeEntry:22 com.thundercomm.gamemode.ingame.services.ActivityMonitoringService$1.onActivityLaunch:129
01-11 07:27:38.537 I/GameModeConfig( 1487): Current uri is uri = content://com.thundercomm.gamemode.api/gamemode_settings/gamemode_isgaming
01-11 07:27:38.537 I/GameModeConfig( 1487): isGameModeOn = false
01-11 07:27:38.538 I/GameModeConfig( 1487): isGameModeOn = false
01-11 07:27:38.538 I/GameModeConfig( 1487): isDisableVoice = true
01-11 07:27:38.546 I/wm_on_start_called(24595): [124244050,com.android.launcher3.uioverrides.QuickstepLauncher,handleStartActivity]
01-11 07:27:38.547 W/ActivityTaskManager( 1487): getTaskSnapshot: taskId=2081 not found
01-11 07:27:38.547 W/ActivityTaskManager( 1487): getTaskSnapshot: taskId=1081 not found
01-11 07:27:38.552 W/FreeFormWindowHelper( 1487): Current Display FreeFormTask is null
01-11 07:27:38.552 W/ActivityTaskManager( 1487): getTaskSnapshot: taskId=2081 not found
01-11 07:27:38.553 W/ActivityTaskManager( 1487): getTaskSnapshot: taskId=1081 not found
01-11 07:27:38.557 I/sysui_multi_action( 1487): [319,2,322,27,325,12469,757,761,758,9,759,5,806,com.android.launcher3,871,com.android.launcher3.uioverrides.QuickstepLauncher,904,com.android.launcher3,905,0,1320,8,1321,5]
01-11 07:27:38.567 W/FreeFormWindowHelper( 1487): Current Display FreeFormTask is null
01-11 07:27:38.568 I/view_enqueue_input_event(21853): [Motion - Cancel,com.android.music/com.android.music.VideoBrowserActivity]
01-11 07:27:38.577 I/sysui_latency(24595): [1,27]
01-11 07:27:38.581 I/input_interaction( 1487): Interaction with: edge-swipe (server), swipe-up (server), PointerEventDispatcher0 (server),
01-11 07:27:38.586 I/input_focus( 1487): [Focus request recents_animation_input_consumer,reason=UpdateInputWindows]
01-11 07:27:38.586 W/FreeFormWindowHelper( 1487): Current Display FreeFormTask is null
01-11 07:27:38.601 W/FreeFormWindowHelper( 1487): Current Display FreeFormTask is null
01-11 07:27:38.617 W/FreeFormWindowHelper( 1487): Current Display FreeFormTask is null
01-11 07:27:38.617 I/input_focus( 1487): [Focus leaving 4b74ea0 com.android.music/com.android.music.VideoBrowserActivity (server),reason=NOT_FOCUSABLE]
01-11 07:27:38.618 I/input_focus( 1487): [Focus entering recents_animation_input_consumer (server),reason=setFocusedWindow]
01-11 07:27:38.700 W/FreeFormWindowHelper( 1487): Current Display FreeFormTask is null
01-11 07:27:38.713 W/WindowManager( 1487): removeWindowToken: Attempted to remove non-existing token: android.os.Binder@292d9f8
01-11 07:27:38.748 I/commit_sys_config_file( 1487): [settings-1-0,1]
01-11 07:27:38.856 I/sysui_latency( 1487): [8,29]
01-01 11:27:52.172 I/ ( 0): read descriptors
01-01 11:27:52.172 I/ ( 0): read strings
01-11 07:27:39.139 I/auditd ( 0): type=1400 audit(0.0:14049): avc: denied { kill } for comm="swapper/0" capability=5 scontext=u:r:kernel:s0 tcontext=u:r:kernel:s0 tclass=capability permissive=0
01-11 07:27:39.804 W/FreeFormWindowHelper( 1487): Current Display FreeFormTask is null
01-11 07:27:39.810 I/wm_task_moved( 1487): [83,1,9]
01-11 07:27:39.814 I/wm_task_moved( 1487): [84,1,2147483647]
01-11 07:27:39.814 I/wm_task_to_front( 1487): [0,84]
01-11 07:27:39.815 I/wm_focused_root_task( 1487): [0,0,83,85,RecentsAnimation.onAnimationFinished()]
01-11 07:27:39.815 I/wm_on_top_resumed_lost_called(21853): [196477483,com.android.music.VideoBrowserActivity,topStateChangedWhenResumed]
01-11 07:27:39.815 I/wm_set_resumed_activity( 1487): [0,com.android.launcher3/.uioverrides.QuickstepLauncher,RecentsAnimation.onAnimationFinished()]
01-11 07:27:39.818 I/wm_pause_activity( 1487): [0,196477483,com.android.music/.VideoBrowserActivity,userLeaving=true,pauseBackTasks]
01-11 07:27:39.819 I/wm_add_to_stopping( 1487): [0,196477483,com.android.music/.VideoBrowserActivity,makeInvisible]
01-11 07:27:39.820 I/ActivityTaskManager( 1487): FOREGROUND_APPLICATION_CHANGED to com.android.launcher3.uioverrides.QuickstepLauncher
01-11 07:27:39.820 I/wm_set_resumed_activity( 1487): [0,com.android.launcher3/.uioverrides.QuickstepLauncher,resumeTopActivityInnerLocked]
01-11 07:27:39.823 I/wm_resume_activity( 1487): [0,124244050,84,com.android.launcher3/.uioverrides.QuickstepLauncher]
01-11 07:27:39.829 I/wm_on_resume_called(24595): [124244050,com.android.launcher3.uioverrides.QuickstepLauncher,RESUME_ACTIVITY]
01-11 07:27:39.831 I/input_focus( 1487): [Focus request 84fe8a0 com.android.launcher3/com.android.launcher3.uioverrides.QuickstepLauncher,reason=UpdateInputWindows]
01-11 07:27:39.832 I/wm_on_paused_called(21853): [196477483,com.android.music.VideoBrowserActivity,performPause]
01-11 07:27:39.833 I/wm_on_top_resumed_gained_called(24595): [124244050,com.android.launcher3.uioverrides.QuickstepLauncher,topStateChangedWhenResumed]
01-11 07:27:39.838 I/wm_stop_activity( 1487): [0,196477483,com.android.music/.VideoBrowserActivity]
01-11 07:27:39.843 I/input_focus( 1487): [Focus leaving recents_animation_input_consumer (server),reason=NOT_VISIBLE]
01-11 07:27:39.843 I/input_focus( 1487): [Focus entering 84fe8a0 com.android.launcher3/com.android.launcher3.uioverrides.QuickstepLauncher (server),reason=setFocusedWindow]
01-11 07:27:39.847 I/sysui_multi_action( 1487): [757,803,799,window_time_0,802,2]
01-11 07:27:39.850 I/wm_on_stop_called(21853): [196477483,com.android.music.VideoBrowserActivity,STOP_ACTIVITY_ITEM]
01-11 07:27:39.852 I/sysui_multi_action( 1487): [757,803,799,window_time_0,802,0]
01-11 07:27:39.867 W/ContextImpl(19692): Calling a method in the system process without a qualified user: android.app.ContextImpl.startService:1816 android.content.ContextWrapper.startService:774 com.thundercomm.gamemode.ingame.services.GameModeActionUtils.startGameModeService:111 com.thundercomm.gamemode.ingame.services.GameModeActionUtils.startGameModeEntry:22 com.thundercomm.gamemode.ingame.services.ActivityMonitoringService$1.onActivityLaunch:129
01-11 07:27:39.870 I/GameModeConfig( 1487): Current uri is uri = content://com.thundercomm.gamemode.api/gamemode_settings/gamemode_isgaming
01-11 07:27:39.875 I/GameModeConfig( 1487): isGameModeOn = false
01-11 07:27:39.875 I/GameModeConfig( 1487): isGameModeOn = false
01-11 07:27:39.875 I/GameModeConfig( 1487): isDisableVoice = true
01-11 07:27:39.934 W/FreeFormWindowHelper( 1487): Current Display FreeFormTask is null
01-11 07:27:39.934 W/FreeFormWindowHelper( 1487): Current Display FreeFormTask is null
01-11 07:27:39.934 W/FreeFormWindowHelper( 1487): Current Display FreeFormTask is null
01-11 07:27:39.940 W/ContextImpl(19692): Calling a method in the system process without a qualified user: android.app.ContextImpl.startService:1816 android.content.ContextWrapper.startService:774 com.thundercomm.gamemode.ingame.services.GameModeActionUtils.startGameModeService:111 com.thundercomm.gamemode.ingame.services.GameModeActionUtils.startGameModeEntry:22 com.thundercomm.gamemode.ingame.services.ActivityMonitoringService$1.onActivityLaunch:129
01-11 07:27:39.945 I/GameModeConfig( 1487): Current uri is uri = content://com.thundercomm.gamemode.api/gamemode_settings/gamemode_isgaming
01-11 07:27:39.947 I/GameModeConfig( 1487): isGameModeOn = false
01-11 07:27:39.947 I/GameModeConfig( 1487): isGameModeOn = false
01-11 07:27:39.947 I/GameModeConfig( 1487): isDisableVoice = true
01-01 11:27:53.185 I/ ( 0): read descriptors
01-01 11:27:53.185 I/ ( 0): read strings
01-11 07:27:40.143 I/auditd ( 0): type=1400 audit(0.0:14050): avc: denied { kill } for comm="swapper/0" capability=5 scontext=u:r:kernel:s0 tcontext=u:r:kernel:s0 tclass=capability permissive=0
01-11 07:27:40.673 E/TaskPersister( 1487): File error accessing recents directory (directory doesn't exist?).
01-01 11:27:54.201 I/ ( 0): read descriptors
01-01 11:27:54.201 I/ ( 0): read strings
01-11 07:27:41.143 I/auditd ( 0): type=1400 audit(0.0:14051): avc: denied { kill } for comm="swapper/0" capability=5 scontext=u:r:kernel:s0 tcontext=u:r:kernel:s0 tclass=capability permissive=0
01-11 07:27:41.526 I/input_interaction( 1487): Interaction with: 84fe8a0 com.android.launcher3/com.android.launcher3.uioverrides.QuickstepLauncher (server), c9f455c com.android.systemui.ImageWallpaper (server), edge-swipe (server), swipe-up (server), PointerEventDispatcher0 (server),
01-11 07:27:41.878 I/commit_sys_config_file( 1487): [settings-1-0,4]
01-01 11:27:55.222 I/ ( 0): read descriptors
01-01 11:27:55.222 I/ ( 0): read strings
01-11 07:27:42.139 I/auditd ( 0): type=1400 audit(0.0:14052): avc: denied { kill } for comm="swapper/0" capability=5 scontext=u:r:kernel:s0 tcontext=u:r:kernel:s0 tclass=capability permissive=0
01-11 07:27:42.743 I/thunderperf( 1487): PlatormCompat.setOverrides: Uid1=10071 Pid1=24595 Uid2=10071 Pid2=24595
01-11 07:27:42.743 I/thunderperf( 1487): PlatormCompat.setOverrides: needCheck:false
01-11 07:27:42.744 I/thunderperf( 1487): CompatConfig.addOverrideUnsafe: bef-state=1
01-11 07:27:42.745 E/thunderperf( 1487): CompatConfig.addOverrideUnsafe: exception:java.lang.SecurityException: Cannot override a change on a non-debuggable app and user build.
01-11 07:27:42.745 I/thunderperf( 1487): CompatConfig.addOverrideUnsafe: aft-state=1
01-11 07:27:42.746 I/thunderperf( 1487): CompatConfig.addOverrideUnsafe: bef-state=1
01-11 07:27:42.746 E/thunderperf( 1487): CompatConfig.addOverrideUnsafe: exception:java.lang.SecurityException: Cannot override a change on a non-debuggable app and user build.
01-11 07:27:42.746 I/thunderperf( 1487): CompatConfig.addOverrideUnsafe: aft-state=1
01-11 07:27:42.747 I/thunderperf( 1487): CompatConfig.addOverrideUnsafe: bef-state=1
01-11 07:27:42.748 E/thunderperf( 1487): CompatConfig.addOverrideUnsafe: exception:java.lang.SecurityException: Cannot override a change on a non-debuggable app and user build.
01-11 07:27:42.748 I/thunderperf( 1487): CompatConfig.addOverrideUnsafe: aft-state=1
01-11 07:27:42.749 I/thunderperf( 1487): CompatConfig.addOverrideUnsafe: bef-state=1
01-11 07:27:42.749 E/thunderperf( 1487): CompatConfig.addOverrideUnsafe: exception:java.lang.SecurityException: Cannot override a change on a non-debuggable app and user build.
01-11 07:27:42.749 I/thunderperf( 1487): CompatConfig.addOverrideUnsafe: aft-state=1
01-11 07:27:42.750 I/thunderperf( 1487): CompatConfig.addOverrideUnsafe: bef-state=1
01-11 07:27:42.751 E/thunderperf( 1487): CompatConfig.addOverrideUnsafe: exception:java.lang.SecurityException: Cannot override a change on a non-debuggable app and user build.
01-11 07:27:42.751 I/thunderperf( 1487): CompatConfig.addOverrideUnsafe: aft-state=1
01-11 07:27:42.752 I/thunderperf( 1487): CompatConfig.addOverrideUnsafe: bef-state=1
01-11 07:27:42.752 E/thunderperf( 1487): CompatConfig.addOverrideUnsafe: exception:java.lang.SecurityException: Cannot override a change on a non-debuggable app and user build.
01-11 07:27:42.752 I/thunderperf( 1487): CompatConfig.addOverrideUnsafe: aft-state=1
01-11 07:27:42.753 I/thunderperf( 1487): CompatConfig.addOverrideUnsafe: bef-state=1
01-11 07:27:42.753 E/thunderperf( 1487): CompatConfig.addOverrideUnsafe: exception:java.lang.SecurityException: Cannot override a change on a non-debuggable app and user build.
01-11 07:27:42.753 I/thunderperf( 1487): CompatConfig.addOverrideUnsafe: aft-state=1
01-11 07:27:42.754 I/thunderperf( 1487): CompatConfig.addOverrideUnsafe: bef-state=1
01-11 07:27:42.755 E/thunderperf( 1487): CompatConfig.addOverrideUnsafe: exception:java.lang.SecurityException: Cannot override a change on a non-debuggable app and user build.
01-11 07:27:42.755 I/thunderperf( 1487): CompatConfig.addOverrideUnsafe: aft-state=1
01-11 07:27:42.756 I/thunderperf( 1487): CompatConfig.addOverrideUnsafe: bef-state=1
01-11 07:27:42.756 E/thunderperf( 1487): CompatConfig.addOverrideUnsafe: exception:java.lang.SecurityException: Cannot override a change on a non-debuggable app and user build.
01-11 07:27:42.756 I/thunderperf( 1487): CompatConfig.addOverrideUnsafe: aft-state=1
01-11 07:27:42.757 I/thunderperf( 1487): CompatConfig.addOverrideUnsafe: bef-state=1
01-11 07:27:42.757 E/thunderperf( 1487): CompatConfig.addOverrideUnsafe: exception:java.lang.SecurityException: Cannot override a change on a non-debuggable app and user build.
01-11 07:27:42.757 I/thunderperf( 1487): CompatConfig.addOverrideUnsafe: aft-state=1
01-11 07:27:42.758 I/thunderperf( 1487): CompatConfig.addOverrideUnsafe: bef-state=1
01-11 07:27:42.759 E/thunderperf( 1487): CompatConfig.addOverrideUnsafe: exception:java.lang.SecurityException: Cannot override a change on a non-debuggable app and user build.
01-11 07:27:42.759 I/thunderperf( 1487): CompatConfig.addOverrideUnsafe: aft-state=1
01-11 07:27:42.760 I/thunderperf( 1487): CompatConfig.addOverrideUnsafe: bef-state=1
01-11 07:27:42.760 E/thunderperf( 1487): CompatConfig.addOverrideUnsafe: exception:java.lang.SecurityException: Cannot override a change on a non-debuggable app and user build.
01-11 07:27:42.760 I/thunderperf( 1487): CompatConfig.addOverrideUnsafe: aft-state=1
01-11 07:27:42.761 I/thunderperf( 1487): CompatConfig.addOverrideUnsafe: bef-state=1
01-11 07:27:42.761 E/thunderperf( 1487): CompatConfig.addOverrideUnsafe: exception:java.lang.SecurityException: Cannot override a change on a non-debuggable app and user build.
01-11 07:27:42.761 I/thunderperf( 1487): CompatConfig.addOverrideUnsafe: aft-state=1
01-11 07:27:42.762 I/thunderperf( 1487): CompatConfig.addOverrideUnsafe: bef-state=1
01-11 07:27:42.762 E/thunderperf( 1487): CompatConfig.addOverrideUnsafe: exception:java.lang.SecurityException: Cannot override a change on a non-debuggable app and user build.
01-11 07:27:42.762 I/thunderperf( 1487): CompatConfig.addOverrideUnsafe: aft-state=1
01-11 07:27:42.768 I/ActivityTaskManager( 1487): START u0 {act=android.intent.action.MAIN cat=[android.intent.category.LAUNCHER] flg=0x10200000 cmp=com.android.deskclock/.DeskClock bnds=[590,252][890,550]} from uid 10071
01-11 07:27:42.775 I/wm_task_created( 1487): [86,-1]
01-11 07:27:42.775 W/ActivityTaskManager( 1487): Can't find TaskDisplayArea to determine support for multi window. Task id=86 attached=false
01-11 07:27:42.776 D/CompatibilityChangeReporter( 1487): Compat change id reported: 174042980; UID 10067; state: DISABLED
01-11 07:27:42.777 D/CompatibilityChangeReporter( 1487): Compat change id reported: 184838306; UID 10067; state: DISABLED
01-11 07:27:42.777 D/CompatibilityChangeReporter( 1487): Compat change id reported: 185004937; UID 10067; state: DISABLED
01-11 07:27:42.777 D/CompatibilityChangeReporter( 1487): Compat change id reported: 181136395; UID 10067; state: DISABLED
01-11 07:27:42.777 D/CompatibilityChangeReporter( 1487): Compat change id reported: 174042936; UID 10067; state: DISABLED
01-11 07:27:42.778 I/wm_task_moved( 1487): [86,1,10]
01-11 07:27:42.778 I/wm_task_to_front( 1487): [0,86]
01-11 07:27:42.778 I/wm_create_task( 1487): [0,86]
01-11 07:27:42.778 I/wm_create_activity( 1487): [0,73309397,86,com.android.deskclock/.DeskClock,android.intent.action.MAIN,NULL,NULL,270532608]
01-11 07:27:42.778 I/wm_task_moved( 1487): [86,1,10]
01-11 07:27:42.778 D/CompatibilityChangeReporter( 1487): Compat change id reported: 168419799; UID 10067; state: DISABLED
01-11 07:27:42.779 I/wm_pause_activity( 1487): [0,124244050,com.android.launcher3/.uioverrides.QuickstepLauncher,userLeaving=true,pauseBackTasks]
01-11 07:27:42.782 I/wm_on_top_resumed_lost_called(24595): [124244050,com.android.launcher3.uioverrides.QuickstepLauncher,topStateChangedWhenResumed]
01-11 07:27:42.782 I/wm_on_paused_called(24595): [124244050,com.android.launcher3.uioverrides.QuickstepLauncher,performPause]
01-11 07:27:42.783 I/ActivityTaskManager( 1487): FOREGROUND_APPLICATION_CHANGED to com.android.deskclock.DeskClock
01-11 07:27:42.783 I/ActivityTaskManager( 1487): The Process com.android.deskclock Already Exists in BG. So sending its PID: 23991
01-11 07:27:42.783 I/wm_add_to_stopping( 1487): [0,124244050,com.android.launcher3/.uioverrides.QuickstepLauncher,makeInvisible]
01-11 07:27:42.783 I/wm_restart_activity( 1487): [0,73309397,86,com.android.deskclock/.DeskClock]
01-11 07:27:42.784 I/wm_set_resumed_activity( 1487): [0,com.android.deskclock/.DeskClock,minimalResumeActivityLocked]
01-11 07:27:42.786 I/am_uid_active( 1487): 10067
01-11 07:27:42.787 I/sysui_multi_action( 1487): [757,803,799,window_time_0,802,3]
01-11 07:27:42.791 W/ContextImpl(19692): Calling a method in the system process without a qualified user: android.app.ContextImpl.startService:1816 android.content.ContextWrapper.startService:774 com.thundercomm.gamemode.ingame.services.GameModeActionUtils.startGameModeService:111 com.thundercomm.gamemode.ingame.services.GameModeActionUtils.startGameModeEntry:22 com.thundercomm.gamemode.ingame.services.ActivityMonitoringService$1.onActivityLaunch:129
01-11 07:27:42.793 I/GameModeConfig( 1487): Current uri is uri = content://com.thundercomm.gamemode.api/gamemode_settings/gamemode_isgaming
01-11 07:27:42.795 I/input_focus( 1487): [Focus leaving 84fe8a0 com.android.launcher3/com.android.launcher3.uioverrides.QuickstepLauncher (server),reason=NO_WINDOW]
01-11 07:27:42.795 I/GameModeConfig( 1487): isGameModeOn = false
01-11 07:27:42.796 I/GameModeConfig( 1487): isGameModeOn = false
01-11 07:27:42.796 I/GameModeConfig( 1487): isDisableVoice = true
01-11 07:27:42.827 I/wm_on_create_called(23991): [73309397,com.android.deskclock.DeskClock,performCreate]
01-11 07:27:42.828 I/wm_on_start_called(23991): [73309397,com.android.deskclock.DeskClock,handleStartActivity]
01-11 07:27:42.829 I/wm_on_resume_called(23991): [73309397,com.android.deskclock.DeskClock,RESUME_ACTIVITY]
01-11 07:27:42.832 I/wm_on_top_resumed_gained_called(23991): [73309397,com.android.deskclock.DeskClock,topStateChangedWhenResumed]
01-11 07:27:42.885 W/FreeFormWindowHelper( 1487): Current Display FreeFormTask is null
01-11 07:27:42.885 W/FreeFormWindowHelper( 1487): Current Display FreeFormTask is null
01-11 07:27:42.885 W/FreeFormWindowHelper( 1487): Current Display FreeFormTask is null
01-11 07:27:42.888 W/ContextImpl(19692): Calling a method in the system process without a qualified user: android.app.ContextImpl.startService:1816 android.content.ContextWrapper.startService:774 com.thundercomm.gamemode.ingame.services.GameModeActionUtils.startGameModeService:111 com.thundercomm.gamemode.ingame.services.GameModeActionUtils.startGameModeEntry:22 com.thundercomm.gamemode.ingame.services.ActivityMonitoringService$1.onActivityLaunch:129
01-11 07:27:42.889 I/GameModeConfig( 1487): Current uri is uri = content://com.thundercomm.gamemode.api/gamemode_settings/gamemode_isgaming
01-11 07:27:42.890 I/GameModeConfig( 1487): isGameModeOn = false
01-11 07:27:42.890 I/GameModeConfig( 1487): isGameModeOn = false
01-11 07:27:42.890 I/GameModeConfig( 1487): isDisableVoice = true
01-11 07:27:42.912 D/CompatibilityChangeReporter( 1487): Compat change id reported: 149924527; UID 10067; state: ENABLED
01-11 07:27:42.912 D/CompatibilityChangeReporter( 1487): Compat change id reported: 132649864; UID 10067; state: DISABLED
01-11 07:27:42.912 D/CompatibilityChangeReporter( 1487): Compat change id reported: 182734110; UID 10067; state: DISABLED
01-11 07:27:42.924 I/input_focus( 1487): [Focus request 6506da8 com.android.deskclock/com.android.deskclock.DeskClock,reason=UpdateInputWindows]
01-01 11:27:56.058 I/binder ( 0): 23991:24744 ioctl 40046210 78a777b1f4 returned -22
01-11 07:27:42.953 I/sysui_multi_action( 1487): [319,33,321,32,322,183,325,12473,757,761,758,8,759,1,806,com.android.deskclock,871,com.android.deskclock.DeskClock,904,com.android.launcher3,905,0,1320,17,1321,1]
01-11 07:27:42.953 I/wm_activity_launch_time( 1487): [0,73309397,com.android.deskclock/.DeskClock,183]
01-11 07:27:42.962 I/input_focus( 1487): [Focus entering 6506da8 com.android.deskclock/com.android.deskclock.DeskClock (server),reason=Window became focusable. Previous reason: NOT_VISIBLE]
01-01 11:27:56.244 I/ ( 0): read descriptors
01-01 11:27:56.244 I/ ( 0): read strings
01-11 07:27:43.139 I/auditd ( 0): type=1400 audit(0.0:14053): avc: denied { kill } for comm="swapper/0" capability=5 scontext=u:r:kernel:s0 tcontext=u:r:kernel:s0 tclass=capability permissive=0
01-11 07:27:43.330 I/wm_stop_activity( 1487): [0,124244050,com.android.launcher3/.uioverrides.QuickstepLauncher]
01-11 07:27:43.347 I/wm_on_stop_called(24595): [124244050,com.android.launcher3.uioverrides.QuickstepLauncher,STOP_ACTIVITY_ITEM]
01-11 07:27:43.366 W/ContextImpl(19692): Calling a method in the system process without a qualified user: android.app.ContextImpl.startService:1816 android.content.ContextWrapper.startService:774 com.thundercomm.gamemode.ingame.services.GameModeActionUtils.startGameModeService:111 com.thundercomm.gamemode.ingame.services.GameModeActionUtils.startGameModeEntry:22 com.thundercomm.gamemode.ingame.services.ActivityMonitoringService$1.onActivityLaunch:129
01-11 07:27:43.367 I/GameModeConfig( 1487): Current uri is uri = content://com.thundercomm.gamemode.api/gamemode_settings/gamemode_isgaming
01-11 07:27:43.368 I/GameModeConfig( 1487): isGameModeOn = false
01-11 07:27:43.368 I/GameModeConfig( 1487): isGameModeOn = false
01-11 07:27:43.368 I/GameModeConfig( 1487): isDisableVoice = true
01-11 07:27:43.512 I/GameModeConfig( 1487): isGameModeOn = false
01-11 07:27:43.743 I/input_interaction( 1487): Interaction with: 6506da8 com.android.deskclock/com.android.deskclock.DeskClock (server), edge-swipe (server), swipe-up (server), PointerEventDispatcher0 (server),
01-11 07:27:43.798 W/FreeFormWindowHelper( 1487): Current Display FreeFormTask is null
01-11 07:27:43.798 W/FreeFormWindowHelper( 1487): Current Display FreeFormTask is null
01-11 07:27:43.798 W/FreeFormWindowHelper( 1487): Current Display FreeFormTask is null
01-11 07:27:43.798 W/FreeFormWindowHelper( 1487): Current Display FreeFormTask is null
01-11 07:27:43.798 W/FreeFormWindowHelper( 1487): Current Display FreeFormTask is null
01-11 07:27:43.799 W/FreeFormWindowHelper( 1487): Current Display FreeFormTask is null
01-11 07:27:43.800 I/wm_task_moved( 1487): [83,0,0]
01-11 07:27:43.800 I/wm_task_moved( 1487): [83,0,9]
01-11 07:27:43.807 W/ContextImpl(19692): Calling a method in the system process without a qualified user: android.app.ContextImpl.startService:1816 android.content.ContextWrapper.startService:774 com.thundercomm.gamemode.ingame.services.GameModeActionUtils.startGameModeService:111 com.thundercomm.gamemode.ingame.services.GameModeActionUtils.startGameModeEntry:22 com.thundercomm.gamemode.ingame.services.ActivityMonitoringService$1.onActivityLaunch:129
01-11 07:27:43.808 I/GameModeConfig( 1487): Current uri is uri = content://com.thundercomm.gamemode.api/gamemode_settings/gamemode_isgaming
01-11 07:27:43.809 I/GameModeConfig( 1487): isGameModeOn = false
01-11 07:27:43.809 I/GameModeConfig( 1487): isGameModeOn = false
01-11 07:27:43.809 I/GameModeConfig( 1487): isDisableVoice = true
01-11 07:27:43.813 I/wm_on_restart_called(24595): [124244050,com.android.launcher3.uioverrides.QuickstepLauncher,performRestartActivity]
01-11 07:27:43.815 W/FreeFormWindowHelper( 1487): Current Display FreeFormTask is null
01-11 07:27:43.827 I/wm_on_start_called(24595): [124244050,com.android.launcher3.uioverrides.QuickstepLauncher,handleStartActivity]
01-11 07:27:43.828 W/ActivityTaskManager( 1487): getTaskSnapshot: taskId=1081 not found
01-11 07:27:43.833 W/FreeFormWindowHelper( 1487): Current Display FreeFormTask is null
01-11 07:27:43.833 W/ActivityTaskManager( 1487): getTaskSnapshot: taskId=1081 not found
01-11 07:27:43.837 I/sysui_multi_action( 1487): [319,2,322,35,325,12474,757,761,758,9,759,5,806,com.android.launcher3,871,com.android.launcher3.uioverrides.QuickstepLauncher,904,com.android.launcher3,905,0,1320,8,1321,5]
01-11 07:27:43.846 W/FreeFormWindowHelper( 1487): Current Display FreeFormTask is null
01-11 07:27:43.880 I/view_enqueue_input_event(23991): [Motion - Cancel,com.android.deskclock/com.android.deskclock.DeskClock]
01-11 07:27:43.889 I/sysui_latency(24595): [1,36]
01-11 07:27:43.894 I/input_interaction( 1487): Interaction with: edge-swipe (server), swipe-up (server), PointerEventDispatcher0 (server),
01-11 07:27:43.894 I/input_interaction( 1487): Interaction with: 6506da8 com.android.deskclock/com.android.deskclock.DeskClock (server), edge-swipe (server), swipe-up (server), PointerEventDispatcher0 (server),
01-11 07:27:43.898 I/input_focus( 1487): [Focus request recents_animation_input_consumer,reason=UpdateInputWindows]
01-11 07:27:43.898 W/FreeFormWindowHelper( 1487): Current Display FreeFormTask is null
01-11 07:27:43.913 W/FreeFormWindowHelper( 1487): Current Display FreeFormTask is null
01-11 07:27:43.930 W/FreeFormWindowHelper( 1487): Current Display FreeFormTask is null
01-11 07:27:43.931 I/input_focus( 1487): [Focus leaving 6506da8 com.android.deskclock/com.android.deskclock.DeskClock (server),reason=NOT_FOCUSABLE]
01-11 07:27:43.931 I/input_focus( 1487): [Focus entering recents_animation_input_consumer (server),reason=setFocusedWindow]
01-11 07:27:43.989 I/input_interaction( 1487): Interaction with: edge-swipe (server), swipe-up (server), PointerEventDispatcher0 (server),
01-11 07:27:44.017 I/commit_sys_config_file( 1487): [settings-1-0,1]
01-11 07:27:44.050 W/FreeFormWindowHelper( 1487): Current Display FreeFormTask is null
01-11 07:27:44.136 I/sysui_latency( 1487): [8,37]
01-11 07:27:44.139 I/auditd ( 0): type=1400 audit(0.0:14054): avc: denied { kill } for comm="swapper/0" capability=5 scontext=u:r:kernel:s0 tcontext=u:r:kernel:s0 tclass=capability permissive=0
01-01 11:27:57.260 I/ ( 0): read descriptors
01-01 11:27:57.260 I/ ( 0): read strings
01-11 07:27:44.247 I/commit_sys_config_file( 1487): [settings-1-0,2]
01-11 07:27:44.501 I/GameModeConfig( 1487): isGameModeOn = false
01-11 07:27:45.150 W/FreeFormWindowHelper( 1487): Current Display FreeFormTask is null
01-11 07:27:45.155 I/wm_task_moved( 1487): [83,1,10]
01-11 07:27:45.157 I/wm_task_moved( 1487): [84,1,2147483647]
01-11 07:27:45.157 I/wm_task_to_front( 1487): [0,84]
01-11 07:27:45.157 I/wm_focused_root_task( 1487): [0,0,83,86,RecentsAnimation.onAnimationFinished()]
01-11 07:27:45.157 I/wm_on_top_resumed_lost_called(23991): [73309397,com.android.deskclock.DeskClock,topStateChangedWhenResumed]
01-11 07:27:45.157 I/wm_set_resumed_activity( 1487): [0,com.android.launcher3/.uioverrides.QuickstepLauncher,RecentsAnimation.onAnimationFinished()]
01-11 07:27:45.159 I/wm_pause_activity( 1487): [0,73309397,com.android.deskclock/.DeskClock,userLeaving=true,pauseBackTasks]
01-11 07:27:45.160 I/wm_add_to_stopping( 1487): [0,73309397,com.android.deskclock/.DeskClock,makeInvisible]
01-11 07:27:45.160 I/ActivityTaskManager( 1487): FOREGROUND_APPLICATION_CHANGED to com.android.launcher3.uioverrides.QuickstepLauncher
01-11 07:27:45.161 I/wm_set_resumed_activity( 1487): [0,com.android.launcher3/.uioverrides.QuickstepLauncher,resumeTopActivityInnerLocked]
01-11 07:27:45.163 I/wm_resume_activity( 1487): [0,124244050,84,com.android.launcher3/.uioverrides.QuickstepLauncher]
01-11 07:27:45.165 I/wm_on_resume_called(24595): [124244050,com.android.launcher3.uioverrides.QuickstepLauncher,RESUME_ACTIVITY]
01-11 07:27:45.172 I/input_focus( 1487): [Focus request 84fe8a0 com.android.launcher3/com.android.launcher3.uioverrides.QuickstepLauncher,reason=UpdateInputWindows]
01-11 07:27:45.174 I/wm_on_top_resumed_gained_called(24595): [124244050,com.android.launcher3.uioverrides.QuickstepLauncher,topStateChangedWhenResumed]
01-11 07:27:45.175 I/wm_on_paused_called(23991): [73309397,com.android.deskclock.DeskClock,performPause]
01-01 11:27:58.291 I/ ( 0): read descriptors
01-01 11:27:58.292 I/ ( 0): read strings
01-11 07:27:45.177 I/wm_stop_activity( 1487): [0,73309397,com.android.deskclock/.DeskClock]
01-11 07:27:45.179 I/sysui_multi_action( 1487): [757,803,799,window_time_0,802,3]
01-11 07:27:45.180 I/sysui_multi_action( 1487): [757,803,799,window_time_0,802,0]
01-11 07:27:45.185 I/input_focus( 1487): [Focus leaving recents_animation_input_consumer (server),reason=NOT_VISIBLE]
01-11 07:27:45.185 I/input_focus( 1487): [Focus entering 84fe8a0 com.android.launcher3/com.android.launcher3.uioverrides.QuickstepLauncher (server),reason=setFocusedWindow]
01-11 07:27:45.197 I/wm_on_stop_called(23991): [73309397,com.android.deskclock.DeskClock,STOP_ACTIVITY_ITEM]
01-11 07:27:45.216 W/ContextImpl(19692): Calling a method in the system process without a qualified user: android.app.ContextImpl.startService:1816 android.content.ContextWrapper.startService:774 com.thundercomm.gamemode.ingame.services.GameModeActionUtils.startGameModeService:111 com.thundercomm.gamemode.ingame.services.GameModeActionUtils.startGameModeEntry:22 com.thundercomm.gamemode.ingame.services.ActivityMonitoringService$1.onActivityLaunch:129
01-11 07:27:45.221 I/GameModeConfig( 1487): Current uri is uri = content://com.thundercomm.gamemode.api/gamemode_settings/gamemode_isgaming
01-11 07:27:45.223 I/GameModeConfig( 1487): isGameModeOn = false
01-11 07:27:45.223 I/GameModeConfig( 1487): isGameModeOn = false
01-11 07:27:45.223 I/GameModeConfig( 1487): isDisableVoice = true
01-11 07:27:45.275 W/FreeFormWindowHelper( 1487): Current Display FreeFormTask is null
01-11 07:27:45.275 W/FreeFormWindowHelper( 1487): Current Display FreeFormTask is null
01-11 07:27:45.275 W/FreeFormWindowHelper( 1487): Current Display FreeFormTask is null
01-11 07:27:45.280 W/ContextImpl(19692): Calling a method in the system process without a qualified user: android.app.ContextImpl.startService:1816 android.content.ContextWrapper.startService:774 com.thundercomm.gamemode.ingame.services.GameModeActionUtils.startGameModeService:111 com.thundercomm.gamemode.ingame.services.GameModeActionUtils.startGameModeEntry:22 com.thundercomm.gamemode.ingame.services.ActivityMonitoringService$1.onActivityLaunch:129
01-11 07:27:45.286 I/GameModeConfig( 1487): Current uri is uri = content://com.thundercomm.gamemode.api/gamemode_settings/gamemode_isgaming
01-11 07:27:45.288 I/GameModeConfig( 1487): isGameModeOn = false
01-11 07:27:45.288 I/GameModeConfig( 1487): isGameModeOn = false
01-11 07:27:45.288 I/GameModeConfig( 1487): isDisableVoice = true
01-11 07:27:45.788 E/TaskPersister( 1487): File error accessing recents directory (directory doesn't exist?).
01-11 07:27:45.962 I/input_interaction( 1487): Interaction with: 84fe8a0 com.android.launcher3/com.android.launcher3.uioverrides.QuickstepLauncher (server), c9f455c com.android.systemui.ImageWallpaper (server), edge-swipe (server), swipe-up (server), PointerEventDispatcher0 (server),
01-11 07:27:45.964 I/service_manager_stats( 1487): [100,47,23072]
01-01 11:27:59.301 I/ ( 0): read descriptors
01-01 11:27:59.301 I/ ( 0): read strings
01-11 07:27:46.324 I/commit_sys_config_file( 1487): [settings-1-0,5]
01-11 07:27:46.872 I/thunderperf( 1487): PlatormCompat.setOverrides: Uid1=10071 Pid1=24595 Uid2=10071 Pid2=24595
01-11 07:27:46.872 I/thunderperf( 1487): PlatormCompat.setOverrides: needCheck:false
01-11 07:27:46.872 I/thunderperf( 1487): CompatConfig.addOverrideUnsafe: bef-state=1
01-11 07:27:46.873 E/thunderperf( 1487): CompatConfig.addOverrideUnsafe: exception:java.lang.SecurityException: Cannot override a change on a non-debuggable app and user build.
01-11 07:27:46.873 I/thunderperf( 1487): CompatConfig.addOverrideUnsafe: aft-state=1
01-11 07:27:46.875 I/thunderperf( 1487): CompatConfig.addOverrideUnsafe: bef-state=1
01-11 07:27:46.875 E/thunderperf( 1487): CompatConfig.addOverrideUnsafe: exception:java.lang.SecurityException: Cannot override a change on a non-debuggable app and user build.
01-11 07:27:46.875 I/thunderperf( 1487): CompatConfig.addOverrideUnsafe: aft-state=1
01-11 07:27:46.876 I/thunderperf( 1487): CompatConfig.addOverrideUnsafe: bef-state=1
01-11 07:27:46.876 E/thunderperf( 1487): CompatConfig.addOverrideUnsafe: exception:java.lang.SecurityException: Cannot override a change on a non-debuggable app and user build.
01-11 07:27:46.877 I/thunderperf( 1487): CompatConfig.addOverrideUnsafe: aft-state=1
01-11 07:27:46.878 I/thunderperf( 1487): CompatConfig.addOverrideUnsafe: bef-state=1
01-11 07:27:46.878 E/thunderperf( 1487): CompatConfig.addOverrideUnsafe: exception:java.lang.SecurityException: Cannot override a change on a non-debuggable app and user build.
01-11 07:27:46.878 I/thunderperf( 1487): CompatConfig.addOverrideUnsafe: aft-state=1
01-11 07:27:46.879 I/thunderperf( 1487): CompatConfig.addOverrideUnsafe: bef-state=1
01-11 07:27:46.879 E/thunderperf( 1487): CompatConfig.addOverrideUnsafe: exception:java.lang.SecurityException: Cannot override a change on a non-debuggable app and user build.
01-11 07:27:46.879 I/thunderperf( 1487): CompatConfig.addOverrideUnsafe: aft-state=1
01-11 07:27:46.880 I/thunderperf( 1487): CompatConfig.addOverrideUnsafe: bef-state=1
01-11 07:27:46.881 E/thunderperf( 1487): CompatConfig.addOverrideUnsafe: exception:java.lang.SecurityException: Cannot override a change on a non-debuggable app and user build.
01-11 07:27:46.881 I/thunderperf( 1487): CompatConfig.addOverrideUnsafe: aft-state=1
01-11 07:27:46.882 I/thunderperf( 1487): CompatConfig.addOverrideUnsafe: bef-state=1
01-11 07:27:46.883 E/thunderperf( 1487): CompatConfig.addOverrideUnsafe: exception:java.lang.SecurityException: Cannot override a change on a non-debuggable app and user build.
01-11 07:27:46.883 I/thunderperf( 1487): CompatConfig.addOverrideUnsafe: aft-state=1
01-11 07:27:46.883 I/thunderperf( 1487): CompatConfig.addOverrideUnsafe: bef-state=1
01-11 07:27:46.884 E/thunderperf( 1487): CompatConfig.addOverrideUnsafe: exception:java.lang.SecurityException: Cannot override a change on a non-debuggable app and user build.
01-11 07:27:46.884 I/thunderperf( 1487): CompatConfig.addOverrideUnsafe: aft-state=1
01-11 07:27:46.885 I/thunderperf( 1487): CompatConfig.addOverrideUnsafe: bef-state=1
01-11 07:27:46.885 E/thunderperf( 1487): CompatConfig.addOverrideUnsafe: exception:java.lang.SecurityException: Cannot override a change on a non-debuggable app and user build.
01-11 07:27:46.885 I/thunderperf( 1487): CompatConfig.addOverrideUnsafe: aft-state=1
01-11 07:27:46.886 I/thunderperf( 1487): CompatConfig.addOverrideUnsafe: bef-state=1
01-11 07:27:46.887 E/thunderperf( 1487): CompatConfig.addOverrideUnsafe: exception:java.lang.SecurityException: Cannot override a change on a non-debuggable app and user build.
01-11 07:27:46.887 I/thunderperf( 1487): CompatConfig.addOverrideUnsafe: aft-state=1
01-11 07:27:46.888 I/thunderperf( 1487): CompatConfig.addOverrideUnsafe: bef-state=1
01-11 07:27:46.888 E/thunderperf( 1487): CompatConfig.addOverrideUnsafe: exception:java.lang.SecurityException: Cannot override a change on a non-debuggable app and user build.
01-11 07:27:46.888 I/thunderperf( 1487): CompatConfig.addOverrideUnsafe: aft-state=1
01-11 07:27:46.889 I/thunderperf( 1487): CompatConfig.addOverrideUnsafe: bef-state=1
01-11 07:27:46.890 E/thunderperf( 1487): CompatConfig.addOverrideUnsafe: exception:java.lang.SecurityException: Cannot override a change on a non-debuggable app and user build.
01-11 07:27:46.890 I/thunderperf( 1487): CompatConfig.addOverrideUnsafe: aft-state=1
01-11 07:27:46.890 I/thunderperf( 1487): CompatConfig.addOverrideUnsafe: bef-state=1
01-11 07:27:46.891 E/thunderperf( 1487): CompatConfig.addOverrideUnsafe: exception:java.lang.SecurityException: Cannot override a change on a non-debuggable app and user build.
01-11 07:27:46.891 I/thunderperf( 1487): CompatConfig.addOverrideUnsafe: aft-state=1
01-11 07:27:46.891 I/thunderperf( 1487): CompatConfig.addOverrideUnsafe: bef-state=1
01-11 07:27:46.891 E/thunderperf( 1487): CompatConfig.addOverrideUnsafe: exception:java.lang.SecurityException: Cannot override a change on a non-debuggable app and user build.
01-11 07:27:46.891 I/thunderperf( 1487): CompatConfig.addOverrideUnsafe: aft-state=1
01-11 07:27:46.897 I/ActivityTaskManager( 1487): START u0 {act=android.intent.action.MAIN cat=[android.intent.category.LAUNCHER] flg=0x10200000 cmp=com.android.calendar/.AllInOneActivity bnds=[290,252][590,550]} from uid 10071
01-11 07:27:46.904 I/wm_task_created( 1487): [87,-1]
01-11 07:27:46.904 W/ActivityTaskManager( 1487): Can't find TaskDisplayArea to determine support for multi window. Task id=87 attached=false
01-11 07:27:46.905 D/CompatibilityChangeReporter( 1487): Compat change id reported: 174042980; UID 10064; state: DISABLED
01-11 07:27:46.905 D/CompatibilityChangeReporter( 1487): Compat change id reported: 184838306; UID 10064; state: DISABLED
01-11 07:27:46.906 D/CompatibilityChangeReporter( 1487): Compat change id reported: 185004937; UID 10064; state: DISABLED
01-11 07:27:46.906 D/CompatibilityChangeReporter( 1487): Compat change id reported: 181136395; UID 10064; state: DISABLED
01-11 07:27:46.906 D/CompatibilityChangeReporter( 1487): Compat change id reported: 174042936; UID 10064; state: DISABLED
01-11 07:27:46.906 I/wm_task_moved( 1487): [87,1,11]
01-11 07:27:46.906 I/wm_task_to_front( 1487): [0,87]
01-11 07:27:46.906 I/wm_create_task( 1487): [0,87]
01-11 07:27:46.906 I/wm_create_activity( 1487): [0,35450703,87,com.android.calendar/.AllInOneActivity,android.intent.action.MAIN,NULL,NULL,270532608]
01-11 07:27:46.907 I/wm_task_moved( 1487): [87,1,11]
01-11 07:27:46.907 D/CompatibilityChangeReporter( 1487): Compat change id reported: 168419799; UID 10064; state: DISABLED
01-11 07:27:46.908 I/wm_pause_activity( 1487): [0,124244050,com.android.launcher3/.uioverrides.QuickstepLauncher,userLeaving=true,pauseBackTasks]
01-11 07:27:46.911 I/wm_on_top_resumed_lost_called(24595): [124244050,com.android.launcher3.uioverrides.QuickstepLauncher,topStateChangedWhenResumed]
01-11 07:27:46.911 I/wm_on_paused_called(24595): [124244050,com.android.launcher3.uioverrides.QuickstepLauncher,performPause]
01-11 07:27:46.912 I/ActivityTaskManager( 1487): FOREGROUND_APPLICATION_CHANGED to com.android.calendar.AllInOneActivity
01-11 07:27:46.912 I/ActivityTaskManager( 1487): The Process com.android.calendar Already Exists in BG. So sending its PID: 23992
01-11 07:27:46.913 I/wm_add_to_stopping( 1487): [0,124244050,com.android.launcher3/.uioverrides.QuickstepLauncher,makeInvisible]
01-11 07:27:46.913 I/wm_restart_activity( 1487): [0,35450703,87,com.android.calendar/.AllInOneActivity]
01-11 07:27:46.914 I/wm_set_resumed_activity( 1487): [0,com.android.calendar/.AllInOneActivity,minimalResumeActivityLocked]
01-11 07:27:46.915 I/am_uid_active( 1487): 10064
01-11 07:27:46.916 I/sysui_multi_action( 1487): [757,803,799,window_time_0,802,1]
01-11 07:27:46.920 W/ContextImpl(19692): Calling a method in the system process without a qualified user: android.app.ContextImpl.startService:1816 android.content.ContextWrapper.startService:774 com.thundercomm.gamemode.ingame.services.GameModeActionUtils.startGameModeService:111 com.thundercomm.gamemode.ingame.services.GameModeActionUtils.startGameModeEntry:22 com.thundercomm.gamemode.ingame.services.ActivityMonitoringService$1.onActivityLaunch:129
01-11 07:27:46.923 I/GameModeConfig( 1487): Current uri is uri = content://com.thundercomm.gamemode.api/gamemode_settings/gamemode_isgaming
01-11 07:27:46.923 I/am_uid_active( 1487): 10034
01-11 07:27:46.925 I/GameModeConfig( 1487): isGameModeOn = false
01-11 07:27:46.925 I/GameModeConfig( 1487): isGameModeOn = false
01-11 07:27:46.925 I/GameModeConfig( 1487): isDisableVoice = true
01-11 07:27:46.925 D/CompatibilityChangeReporter( 1487): Compat change id reported: 143231523; UID 10064; state: DISABLED
01-11 07:27:46.932 I/wm_on_create_called(23992): [35450703,com.android.calendar.AllInOneActivity,performCreate]
01-11 07:27:46.939 I/input_focus( 1487): [Focus leaving 84fe8a0 com.android.launcher3/com.android.launcher3.uioverrides.QuickstepLauncher (server),reason=NO_WINDOW]
01-11 07:27:46.944 I/wm_on_start_called(23992): [35450703,com.android.calendar.AllInOneActivity,handleStartActivity]
01-11 07:27:46.946 I/wm_on_resume_called(23992): [35450703,com.android.calendar.AllInOneActivity,RESUME_ACTIVITY]
01-11 07:27:46.949 I/wm_on_top_resumed_gained_called(23992): [35450703,com.android.calendar.AllInOneActivity,topStateChangedWhenResumed]
01-11 07:27:46.958 I/input_focus( 1487): [Focus request da75cc2 com.android.calendar/com.android.calendar.AllInOneActivity,reason=UpdateInputWindows]
01-01 11:28:00.089 I/binder ( 0): 23992:24779 ioctl 40046210 78a77791f4 returned -22
01-11 07:27:46.983 I/sysui_multi_action( 1487): [319,32,321,30,322,85,325,12477,757,761,758,8,759,1,806,com.android.calendar,871,com.android.calendar.AllInOneActivity,904,com.android.launcher3,905,0,1320,4,1321,1]
01-11 07:27:46.984 I/wm_activity_launch_time( 1487): [0,35450703,com.android.calendar/.AllInOneActivity,85]
01-11 07:27:46.988 I/input_focus( 1487): [Focus entering da75cc2 com.android.calendar/com.android.calendar.AllInOneActivity (server),reason=setFocusedWindow]
01-11 07:27:47.015 W/FreeFormWindowHelper( 1487): Current Display FreeFormTask is null
01-11 07:27:47.015 W/FreeFormWindowHelper( 1487): Current Display FreeFormTask is null
01-11 07:27:47.015 W/FreeFormWindowHelper( 1487): Current Display FreeFormTask is null
01-11 07:27:47.018 W/ContextImpl(19692): Calling a method in the system process without a qualified user: android.app.ContextImpl.startService:1816 android.content.ContextWrapper.startService:774 com.thundercomm.gamemode.ingame.services.GameModeActionUtils.startGameModeService:111 com.thundercomm.gamemode.ingame.services.GameModeActionUtils.startGameModeEntry:22 com.thundercomm.gamemode.ingame.services.ActivityMonitoringService$1.onActivityLaunch:129
01-11 07:27:47.019 I/GameModeConfig( 1487): Current uri is uri = content://com.thundercomm.gamemode.api/gamemode_settings/gamemode_isgaming
01-11 07:27:47.020 I/GameModeConfig( 1487): isGameModeOn = false
01-11 07:27:47.020 I/GameModeConfig( 1487): isGameModeOn = false
01-11 07:27:47.020 I/GameModeConfig( 1487): isDisableVoice = true
01-01 11:28:00.316 I/ ( 0): read descriptors
01-01 11:28:00.316 I/ ( 0): read strings
01-11 07:27:47.456 I/wm_stop_activity( 1487): [0,124244050,com.android.launcher3/.uioverrides.QuickstepLauncher]
01-11 07:27:47.474 I/wm_on_stop_called(24595): [124244050,com.android.launcher3.uioverrides.QuickstepLauncher,STOP_ACTIVITY_ITEM]
01-11 07:27:47.493 W/ContextImpl(19692): Calling a method in the system process without a qualified user: android.app.ContextImpl.startService:1816 android.content.ContextWrapper.startService:774 com.thundercomm.gamemode.ingame.services.GameModeActionUtils.startGameModeService:111 com.thundercomm.gamemode.ingame.services.GameModeActionUtils.startGameModeEntry:22 com.thundercomm.gamemode.ingame.services.ActivityMonitoringService$1.onActivityLaunch:129
01-11 07:27:47.494 I/GameModeConfig( 1487): Current uri is uri = content://com.thundercomm.gamemode.api/gamemode_settings/gamemode_isgaming
01-11 07:27:47.495 I/GameModeConfig( 1487): isGameModeOn = false
01-11 07:27:47.495 I/GameModeConfig( 1487): isGameModeOn = false
01-11 07:27:47.495 I/GameModeConfig( 1487): isDisableVoice = true
01-11 07:27:47.762 I/input_interaction( 1487): Interaction with: da75cc2 com.android.calendar/com.android.calendar.AllInOneActivity (server), edge-swipe (server), swipe-up (server), PointerEventDispatcher0 (server),
01-11 07:27:47.775 W/FreeFormWindowHelper( 1487): Current Display FreeFormTask is null
01-11 07:27:47.775 W/FreeFormWindowHelper( 1487): Current Display FreeFormTask is null
01-11 07:27:47.775 W/FreeFormWindowHelper( 1487): Current Display FreeFormTask is null
01-11 07:27:47.775 W/FreeFormWindowHelper( 1487): Current Display FreeFormTask is null
01-11 07:27:47.775 W/FreeFormWindowHelper( 1487): Current Display FreeFormTask is null
01-11 07:27:47.775 W/FreeFormWindowHelper( 1487): Current Display FreeFormTask is null
01-11 07:27:47.776 W/FreeFormWindowHelper( 1487): Current Display FreeFormTask is null
01-11 07:27:47.776 I/wm_task_moved( 1487): [83,0,0]
01-11 07:27:47.777 I/wm_task_moved( 1487): [83,0,10]
01-11 07:27:47.785 W/ContextImpl(19692): Calling a method in the system process without a qualified user: android.app.ContextImpl.startService:1816 android.content.ContextWrapper.startService:774 com.thundercomm.gamemode.ingame.services.GameModeActionUtils.startGameModeService:111 com.thundercomm.gamemode.ingame.services.GameModeActionUtils.startGameModeEntry:22 com.thundercomm.gamemode.ingame.services.ActivityMonitoringService$1.onActivityLaunch:129
01-11 07:27:47.786 I/GameModeConfig( 1487): Current uri is uri = content://com.thundercomm.gamemode.api/gamemode_settings/gamemode_isgaming
01-11 07:27:47.787 I/GameModeConfig( 1487): isGameModeOn = false
01-11 07:27:47.787 I/GameModeConfig( 1487): isGameModeOn = false
01-11 07:27:47.787 I/GameModeConfig( 1487): isDisableVoice = true
01-11 07:27:47.790 I/wm_on_restart_called(24595): [124244050,com.android.launcher3.uioverrides.QuickstepLauncher,performRestartActivity]
01-11 07:27:47.791 W/FreeFormWindowHelper( 1487): Current Display FreeFormTask is null
01-11 07:27:47.803 I/wm_on_start_called(24595): [124244050,com.android.launcher3.uioverrides.QuickstepLauncher,handleStartActivity]
01-11 07:27:47.808 W/FreeFormWindowHelper( 1487): Current Display FreeFormTask is null
01-11 07:27:47.813 I/sysui_multi_action( 1487): [319,3,322,34,325,12478,757,761,758,9,759,5,806,com.android.launcher3,871,com.android.launcher3.uioverrides.QuickstepLauncher,904,com.android.launcher3,905,0,1320,8,1321,5]
01-11 07:27:47.822 W/FreeFormWindowHelper( 1487): Current Display FreeFormTask is null
01-11 07:27:47.830 I/view_enqueue_input_event(23992): [Motion - Cancel,com.android.calendar/com.android.calendar.AllInOneActivity]
01-11 07:27:47.839 I/sysui_latency(24595): [1,34]
01-11 07:27:47.843 I/input_interaction( 1487): Interaction with: edge-swipe (server), swipe-up (server), PointerEventDispatcher0 (server),
01-11 07:27:47.848 I/input_focus( 1487): [Focus request recents_animation_input_consumer,reason=UpdateInputWindows]
01-11 07:27:47.848 W/FreeFormWindowHelper( 1487): Current Display FreeFormTask is null
01-11 07:27:47.855 W/FreeFormWindowHelper( 1487): Current Display FreeFormTask is null
01-11 07:27:47.873 W/FreeFormWindowHelper( 1487): Current Display FreeFormTask is null
01-11 07:27:47.873 I/input_focus( 1487): [Focus leaving da75cc2 com.android.calendar/com.android.calendar.AllInOneActivity (server),reason=NOT_FOCUSABLE]
01-11 07:27:47.873 I/input_focus( 1487): [Focus entering recents_animation_input_consumer (server),reason=setFocusedWindow]
01-11 07:27:47.993 I/commit_sys_config_file( 1487): [settings-1-0,1]
01-11 07:27:48.023 W/FreeFormWindowHelper( 1487): Current Display FreeFormTask is null
01-11 07:27:48.112 I/sysui_latency( 1487): [8,36]
01-11 07:27:48.139 I/auditd ( 0): type=1400 audit(0.0:14055): avc: denied { kill } for comm="swapper/7" capability=5 scontext=u:r:kernel:s0 tcontext=u:r:kernel:s0 tclass=capability permissive=0
01-01 11:28:01.332 I/ ( 0): read descriptors
01-01 11:28:01.332 I/ ( 0): read strings
01-11 07:27:48.224 I/commit_sys_config_file( 1487): [settings-1-0,1]
01-11 07:27:49.143 W/FreeFormWindowHelper( 1487): Current Display FreeFormTask is null
