01-11 07:28:58.860 E/thunderperf( 1487): CompatConfig.addOverrideUnsafe: exception:java.lang.SecurityException: Cannot override a change on a non-debuggable app and user build.
01-11 07:28:58.860 I/thunderperf( 1487): CompatConfig.addOverrideUnsafe: aft-state=1
01-11 07:28:58.860 I/thunderperf( 1487): CompatConfig.addOverrideUnsafe: bef-state=1
01-11 07:28:58.860 E/thunderperf( 1487): CompatConfig.addOverrideUnsafe: exception:java.lang.SecurityException: Cannot override a change on a non-debuggable app and user build.
01-11 07:28:58.860 I/thunderperf( 1487): CompatConfig.addOverrideUnsafe: aft-state=1
01-11 07:28:58.861 I/thunderperf( 1487): CompatConfig.addOverrideUnsafe: bef-state=1
01-11 07:28:58.861 E/thunderperf( 1487): CompatConfig.addOverrideUnsafe: exception:java.lang.SecurityException: Cannot override a change on a non-debuggable app and user build.
01-11 07:28:58.861 I/thunderperf( 1487): CompatConfig.addOverrideUnsafe: aft-state=1
01-11 07:28:58.862 I/thunderperf( 1487): CompatConfig.addOverrideUnsafe: bef-state=1
01-11 07:28:58.862 E/thunderperf( 1487): CompatConfig.addOverrideUnsafe: exception:java.lang.SecurityException: Cannot override a change on a non-debuggable app and user build.
01-11 07:28:58.862 I/thunderperf( 1487): CompatConfig.addOverrideUnsafe: aft-state=1
01-11 07:28:58.862 I/thunderperf( 1487): CompatConfig.addOverrideUnsafe: bef-state=1
01-11 07:28:58.862 E/thunderperf( 1487): CompatConfig.addOverrideUnsafe: exception:java.lang.SecurityException: Cannot override a change on a non-debuggable app and user build.
01-11 07:28:58.862 I/thunderperf( 1487): CompatConfig.addOverrideUnsafe: aft-state=1
01-11 07:28:58.868 I/ActivityTaskManager( 1487): START u0 {act=android.intent.action.MAIN cat=[android.intent.category.LAUNCHER] flg=0x10200000 cmp=com.android.deskclock/.DeskClock bnds=[590,252][890,550]} from uid 10071
01-11 07:28:58.870 I/wm_task_moved( 1487): [86,1,12]
01-11 07:28:58.870 I/wm_task_to_front( 1487): [0,86]
01-11 07:28:58.871 I/wm_focused_root_task( 1487): [0,0,86,83,bringingFoundTaskToFront]
01-11 07:28:58.871 I/wm_set_resumed_activity( 1487): [0,com.android.deskclock/.DeskClock,bringingFoundTaskToFront]
01-11 07:28:58.871 I/wm_new_intent( 1487): [0,73309397,86,com.android.deskclock/.DeskClock,android.intent.action.MAIN,NULL,NULL,270532608]
01-11 07:28:58.874 I/wm_pause_activity( 1487): [0,124244050,com.android.launcher3/.uioverrides.QuickstepLauncher,userLeaving=true,pauseBackTasks]
01-11 07:28:58.882 I/wm_on_top_resumed_lost_called(25108): [124244050,com.android.launcher3.uioverrides.QuickstepLauncher,topStateChangedWhenResumed]
01-11 07:28:58.886 I/wm_on_paused_called(25108): [124244050,com.android.launcher3.uioverrides.QuickstepLauncher,performPause]
01-11 07:28:58.887 I/ActivityTaskManager( 1487): FOREGROUND_APPLICATION_CHANGED to com.android.deskclock.DeskClock
01-11 07:28:58.888 I/wm_set_resumed_activity( 1487): [0,com.android.deskclock/.DeskClock,resumeTopActivityInnerLocked]
01-11 07:28:58.889 I/wm_add_to_stopping( 1487): [0,124244050,com.android.launcher3/.uioverrides.QuickstepLauncher,makeInvisible]
01-11 07:28:58.892 I/wm_resume_activity( 1487): [0,73309397,86,com.android.deskclock/.DeskClock]
01-11 07:28:58.900 I/sysui_multi_action( 1487): [757,803,799,window_time_0,802,1]
01-11 07:28:58.902 I/wm_on_restart_called(23991): [73309397,com.android.deskclock.DeskClock,performRestartActivity]
01-11 07:28:58.904 I/wm_on_start_called(23991): [73309397,com.android.deskclock.DeskClock,handleStartActivity]
01-11 07:28:58.905 I/wm_on_resume_called(23991): [73309397,com.android.deskclock.DeskClock,RESUME_ACTIVITY]
01-11 07:28:58.907 I/wm_on_top_resumed_gained_called(23991): [73309397,com.android.deskclock.DeskClock,topWhenResuming]
01-11 07:28:58.912 I/input_focus( 1487): [Focus leaving 76b7596 com.android.launcher3/com.android.launcher3.uioverrides.QuickstepLauncher (server),reason=NO_WINDOW]
01-11 07:28:58.913 W/ContextImpl(19692): Calling a method in the system process without a qualified user: android.app.ContextImpl.startService:1816 android.content.ContextWrapper.startService:774 com.thundercomm.gamemode.ingame.services.GameModeActionUtils.startGameModeService:111 com.thundercomm.gamemode.ingame.services.GameModeActionUtils.startGameModeEntry:22 com.thundercomm.gamemode.ingame.services.ActivityMonitoringService$1.onActivityLaunch:129
01-11 07:28:58.916 I/input_focus( 1487): [Focus request 6506da8 com.android.deskclock/com.android.deskclock.DeskClock,reason=UpdateInputWindows]
01-11 07:28:58.918 I/GameModeConfig( 1487): Current uri is uri = content://com.thundercomm.gamemode.api/gamemode_settings/gamemode_isgaming
01-11 07:28:58.920 I/GameModeConfig( 1487): isGameModeOn = false
01-11 07:28:58.921 I/GameModeConfig( 1487): isGameModeOn = false
01-11 07:28:58.921 I/GameModeConfig( 1487): isDisableVoice = true
01-11 07:28:58.931 I/sysui_multi_action( 1487): [319,28,321,25,322,61,325,12549,757,761,758,9,759,4,806,com.android.deskclock,871,com.android.deskclock.DeskClock,904,com.android.launcher3,905,0,1320,17,1321,1]
01-11 07:28:58.946 I/input_focus( 1487): [Focus entering 6506da8 com.android.deskclock/com.android.deskclock.DeskClock (server),reason=setFocusedWindow]
01-11 07:28:58.995 W/FreeFormWindowHelper( 1487): Current Display FreeFormTask is null
01-11 07:28:58.995 W/FreeFormWindowHelper( 1487): Current Display FreeFormTask is null
01-11 07:28:58.995 W/FreeFormWindowHelper( 1487): Current Display FreeFormTask is null
01-11 07:28:59.003 W/ContextImpl(19692): Calling a method in the system process without a qualified user: android.app.ContextImpl.startService:1816 android.content.ContextWrapper.startService:774 com.thundercomm.gamemode.ingame.services.GameModeActionUtils.startGameModeService:111 com.thundercomm.gamemode.ingame.services.GameModeActionUtils.startGameModeEntry:22 com.thundercomm.gamemode.ingame.services.ActivityMonitoringService$1.onActivityLaunch:129
01-11 07:28:59.006 I/GameModeConfig( 1487): Current uri is uri = content://com.thundercomm.gamemode.api/gamemode_settings/gamemode_isgaming
01-11 07:28:59.007 I/GameModeConfig( 1487): isGameModeOn = false
01-11 07:28:59.008 I/GameModeConfig( 1487): isGameModeOn = false
01-11 07:28:59.008 I/GameModeConfig( 1487): isDisableVoice = true
01-11 07:28:59.435 I/wm_stop_activity( 1487): [0,124244050,com.android.launcher3/.uioverrides.QuickstepLauncher]
01-11 07:28:59.454 I/wm_on_stop_called(25108): [124244050,com.android.launcher3.uioverrides.QuickstepLauncher,STOP_ACTIVITY_ITEM]
01-11 07:28:59.476 W/ContextImpl(19692): Calling a method in the system process without a qualified user: android.app.ContextImpl.startService:1816 android.content.ContextWrapper.startService:774 com.thundercomm.gamemode.ingame.services.GameModeActionUtils.startGameModeService:111 com.thundercomm.gamemode.ingame.services.GameModeActionUtils.startGameModeEntry:22 com.thundercomm.gamemode.ingame.services.ActivityMonitoringService$1.onActivityLaunch:129
01-11 07:28:59.482 I/GameModeConfig( 1487): Current uri is uri = content://com.thundercomm.gamemode.api/gamemode_settings/gamemode_isgaming
01-11 07:28:59.485 I/GameModeConfig( 1487): isGameModeOn = false
01-11 07:28:59.485 I/GameModeConfig( 1487): isGameModeOn = false
01-11 07:28:59.485 I/GameModeConfig( 1487): isDisableVoice = true
01-01 11:29:12.705 I/ ( 0): read descriptors
01-01 11:29:12.705 I/ ( 0): read strings
01-11 07:28:59.666 I/input_interaction( 1487): Interaction with: 6506da8 com.android.deskclock/com.android.deskclock.DeskClock (server), edge-swipe (server), swipe-up (server), PointerEventDispatcher0 (server),
01-11 07:28:59.696 W/FreeFormWindowHelper( 1487): Current Display FreeFormTask is null
01-11 07:28:59.696 W/FreeFormWindowHelper( 1487): Current Display FreeFormTask is null
01-11 07:28:59.696 W/FreeFormWindowHelper( 1487): Current Display FreeFormTask is null
01-11 07:28:59.696 W/FreeFormWindowHelper( 1487): Current Display FreeFormTask is null
01-11 07:28:59.696 W/FreeFormWindowHelper( 1487): Current Display FreeFormTask is null
01-11 07:28:59.696 W/FreeFormWindowHelper( 1487): Current Display FreeFormTask is null
01-11 07:28:59.696 W/FreeFormWindowHelper( 1487): Current Display FreeFormTask is null
01-11 07:28:59.700 I/wm_task_moved( 1487): [83,0,0]
01-11 07:28:59.701 I/wm_task_moved( 1487): [83,0,11]
01-11 07:28:59.713 I/wm_on_restart_called(25108): [124244050,com.android.launcher3.uioverrides.QuickstepLauncher,performRestartActivity]
01-11 07:28:59.717 W/FreeFormWindowHelper( 1487): Current Display FreeFormTask is null
01-11 07:28:59.722 W/ContextImpl(19692): Calling a method in the system process without a qualified user: android.app.ContextImpl.startService:1816 android.content.ContextWrapper.startService:774 com.thundercomm.gamemode.ingame.services.GameModeActionUtils.startGameModeService:111 com.thundercomm.gamemode.ingame.services.GameModeActionUtils.startGameModeEntry:22 com.thundercomm.gamemode.ingame.services.ActivityMonitoringService$1.onActivityLaunch:129
01-11 07:28:59.725 I/GameModeConfig( 1487): Current uri is uri = content://com.thundercomm.gamemode.api/gamemode_settings/gamemode_isgaming
01-11 07:28:59.727 I/GameModeConfig( 1487): isGameModeOn = false
01-11 07:28:59.727 I/GameModeConfig( 1487): isGameModeOn = false
01-11 07:28:59.727 I/GameModeConfig( 1487): isDisableVoice = true
01-11 07:28:59.745 I/wm_on_start_called(25108): [124244050,com.android.launcher3.uioverrides.QuickstepLauncher,handleStartActivity]
01-11 07:28:59.752 E/TaskPersister( 1487): File error accessing recents directory (directory doesn't exist?).
01-11 07:28:59.752 W/FreeFormWindowHelper( 1487): Current Display FreeFormTask is null
01-11 07:28:59.757 I/view_enqueue_input_event(23991): [Motion - Cancel,com.android.deskclock/com.android.deskclock.DeskClock]
01-11 07:28:59.757 I/sysui_latency(25108): [1,61]
01-11 07:28:59.761 I/input_interaction( 1487): Interaction with: edge-swipe (server), swipe-up (server), PointerEventDispatcher0 (server),
01-11 07:28:59.761 I/input_focus( 1487): [Focus request recents_animation_input_consumer,reason=UpdateInputWindows]
01-11 07:28:59.763 W/FreeFormWindowHelper( 1487): Current Display FreeFormTask is null
01-11 07:28:59.767 I/sysui_multi_action( 1487): [319,8,322,59,325,12550,757,761,758,9,759,5,806,com.android.launcher3,871,com.android.launcher3.uioverrides.QuickstepLauncher,904,com.android.launcher3,905,0,1320,8,1321,5]
01-11 07:28:59.779 W/FreeFormWindowHelper( 1487): Current Display FreeFormTask is null
01-11 07:28:59.780 I/input_focus( 1487): [Focus leaving 6506da8 com.android.deskclock/com.android.deskclock.DeskClock (server),reason=NOT_FOCUSABLE]
01-11 07:28:59.780 I/input_focus( 1487): [Focus entering recents_animation_input_consumer (server),reason=setFocusedWindow]
01-11 07:28:59.796 W/FreeFormWindowHelper( 1487): Current Display FreeFormTask is null
01-11 07:28:59.907 W/FreeFormWindowHelper( 1487): Current Display FreeFormTask is null
01-11 07:28:59.926 I/commit_sys_config_file( 1487): [settings-1-0,9]
01-11 07:29:00.061 I/sysui_latency( 1487): [8,66]
01-11 07:29:00.139 I/auditd ( 0): type=1400 audit(0.0:14125): avc: denied { kill } for comm="swapper/2" capability=5 scontext=u:r:kernel:s0 tcontext=u:r:kernel:s0 tclass=capability permissive=0
01-01 11:29:13.729 I/ ( 0): read descriptors
01-01 11:29:13.729 I/ ( 0): read strings
01-11 07:29:01.016 W/FreeFormWindowHelper( 1487): Current Display FreeFormTask is null
01-11 07:29:01.024 I/wm_task_moved( 1487): [83,1,12]
01-11 07:29:01.027 I/wm_task_moved( 1487): [84,1,2147483647]
01-11 07:29:01.027 I/wm_task_to_front( 1487): [0,84]
01-11 07:29:01.027 I/wm_focused_root_task( 1487): [0,0,83,86,RecentsAnimation.onAnimationFinished()]
01-11 07:29:01.028 I/wm_set_resumed_activity( 1487): [0,com.android.launcher3/.uioverrides.QuickstepLauncher,RecentsAnimation.onAnimationFinished()]
01-11 07:29:01.028 I/wm_on_top_resumed_lost_called(23991): [73309397,com.android.deskclock.DeskClock,topStateChangedWhenResumed]
01-11 07:29:01.032 I/wm_pause_activity( 1487): [0,73309397,com.android.deskclock/.DeskClock,userLeaving=true,pauseBackTasks]
01-11 07:29:01.033 I/wm_add_to_stopping( 1487): [0,73309397,com.android.deskclock/.DeskClock,makeInvisible]
01-11 07:29:01.034 I/ActivityTaskManager( 1487): FOREGROUND_APPLICATION_CHANGED to com.android.launcher3.uioverrides.QuickstepLauncher
01-11 07:29:01.034 I/wm_set_resumed_activity( 1487): [0,com.android.launcher3/.uioverrides.QuickstepLauncher,resumeTopActivityInnerLocked]
01-11 07:29:01.040 I/wm_resume_activity( 1487): [0,124244050,84,com.android.launcher3/.uioverrides.QuickstepLauncher]
01-11 07:29:01.041 I/wm_on_resume_called(25108): [124244050,com.android.launcher3.uioverrides.QuickstepLauncher,RESUME_ACTIVITY]
01-11 07:29:01.050 I/input_focus( 1487): [Focus request 76b7596 com.android.launcher3/com.android.launcher3.uioverrides.QuickstepLauncher,reason=UpdateInputWindows]
01-11 07:29:01.055 I/wm_stop_activity( 1487): [0,73309397,com.android.deskclock/.DeskClock]
01-11 07:29:01.060 I/wm_on_paused_called(23991): [73309397,com.android.deskclock.DeskClock,performPause]
01-11 07:29:01.060 I/wm_on_top_resumed_gained_called(25108): [124244050,com.android.launcher3.uioverrides.QuickstepLauncher,topStateChangedWhenResumed]
01-11 07:29:01.061 I/sysui_multi_action( 1487): [757,803,799,window_time_0,802,2]
01-11 07:29:01.062 I/sysui_multi_action( 1487): [757,803,799,window_time_0,802,0]
01-11 07:29:01.064 I/wm_on_stop_called(23991): [73309397,com.android.deskclock.DeskClock,STOP_ACTIVITY_ITEM]
01-11 07:29:01.067 I/input_focus( 1487): [Focus leaving recents_animation_input_consumer (server),reason=NOT_VISIBLE]
01-11 07:29:01.067 I/input_focus( 1487): [Focus entering 76b7596 com.android.launcher3/com.android.launcher3.uioverrides.QuickstepLauncher (server),reason=setFocusedWindow]
01-11 07:29:01.084 W/ContextImpl(19692): Calling a method in the system process without a qualified user: android.app.ContextImpl.startService:1816 android.content.ContextWrapper.startService:774 com.thundercomm.gamemode.ingame.services.GameModeActionUtils.startGameModeService:111 com.thundercomm.gamemode.ingame.services.GameModeActionUtils.startGameModeEntry:22 com.thundercomm.gamemode.ingame.services.ActivityMonitoringService$1.onActivityLaunch:129
01-11 07:29:01.088 I/GameModeConfig( 1487): Current uri is uri = content://com.thundercomm.gamemode.api/gamemode_settings/gamemode_isgaming
01-11 07:29:01.090 I/GameModeConfig( 1487): isGameModeOn = false
01-11 07:29:01.090 I/GameModeConfig( 1487): isGameModeOn = false
01-11 07:29:01.090 I/GameModeConfig( 1487): isDisableVoice = true
01-11 07:29:01.139 I/auditd ( 0): type=1400 audit(0.0:14126): avc: denied { kill } for comm="swapper/2" capability=5 scontext=u:r:kernel:s0 tcontext=u:r:kernel:s0 tclass=capability permissive=0
01-11 07:29:01.153 W/FreeFormWindowHelper( 1487): Current Display FreeFormTask is null
01-11 07:29:01.154 W/FreeFormWindowHelper( 1487): Current Display FreeFormTask is null
01-11 07:29:01.154 W/FreeFormWindowHelper( 1487): Current Display FreeFormTask is null
01-11 07:29:01.160 W/ContextImpl(19692): Calling a method in the system process without a qualified user: android.app.ContextImpl.startService:1816 android.content.ContextWrapper.startService:774 com.thundercomm.gamemode.ingame.services.GameModeActionUtils.startGameModeService:111 com.thundercomm.gamemode.ingame.services.GameModeActionUtils.startGameModeEntry:22 com.thundercomm.gamemode.ingame.services.ActivityMonitoringService$1.onActivityLaunch:129
01-11 07:29:01.166 I/GameModeConfig( 1487): Current uri is uri = content://com.thundercomm.gamemode.api/gamemode_settings/gamemode_isgaming
01-11 07:29:01.168 I/GameModeConfig( 1487): isGameModeOn = false
01-11 07:29:01.169 I/GameModeConfig( 1487): isGameModeOn = false
01-11 07:29:01.169 I/GameModeConfig( 1487): isDisableVoice = true
01-01 11:29:14.749 I/ ( 0): read descriptors
01-01 11:29:14.749 I/ ( 0): read strings
01-11 07:29:02.143 I/auditd ( 0): type=1400 audit(0.0:14127): avc: denied { kill } for comm="swapper/2" capability=5 scontext=u:r:kernel:s0 tcontext=u:r:kernel:s0 tclass=capability permissive=0
01-01 11:29:15.765 I/ ( 0): read descriptors
01-01 11:29:15.765 I/ ( 0): read strings
01-11 07:29:03.143 I/auditd ( 0): type=1400 audit(0.0:14128): avc: denied { kill } for comm="swapper/2" capability=5 scontext=u:r:kernel:s0 tcontext=u:r:kernel:s0 tclass=capability permissive=0
01-01 11:29:16.781 I/ ( 0): read descriptors
01-01 11:29:16.781 I/ ( 0): read strings
01-11 07:29:04.143 I/auditd ( 0): type=1400 audit(0.0:14129): avc: denied { kill } for comm="swapper/2" capability=5 scontext=u:r:kernel:s0 tcontext=u:r:kernel:s0 tclass=capability permissive=0
01-01 11:29:17.801 I/ ( 0): read descriptors
01-01 11:29:17.801 I/ ( 0): read strings
01-11 07:29:05.143 I/auditd ( 0): type=1400 audit(0.0:14130): avc: denied { kill } for comm="swapper/2" capability=5 scontext=u:r:kernel:s0 tcontext=u:r:kernel:s0 tclass=capability permissive=0
01-01 11:29:18.821 I/ ( 0): read descriptors
01-01 11:29:18.821 I/ ( 0): read strings
01-11 07:29:06.143 I/auditd ( 0): type=1400 audit(0.0:14131): avc: denied { kill } for comm="swapper/2" capability=5 scontext=u:r:kernel:s0 tcontext=u:r:kernel:s0 tclass=capability permissive=0
01-01 11:29:19.841 I/ ( 0): read descriptors
01-01 11:29:19.841 I/ ( 0): read strings
01-11 07:29:06.827 I/input_interaction( 1487): Interaction with: 76b7596 com.android.launcher3/com.android.launcher3.uioverrides.QuickstepLauncher (server), c9f455c com.android.systemui.ImageWallpaper (server), edge-swipe (server), swipe-up (server), PointerEventDispatcher0 (server),
01-11 07:29:07.139 I/auditd ( 0): type=1400 audit(0.0:14132): avc: denied { kill } for comm="swapper/2" capability=5 scontext=u:r:kernel:s0 tcontext=u:r:kernel:s0 tclass=capability permissive=0
01-11 07:29:07.193 I/commit_sys_config_file( 1487): [settings-1-0,8]
01-01 11:29:20.857 I/ ( 0): read descriptors
01-01 11:29:20.857 I/ ( 0): read strings
01-11 07:29:07.822 I/thunderperf( 1487): PlatormCompat.setOverrides: Uid1=10071 Pid1=25108 Uid2=10071 Pid2=25108
01-11 07:29:07.822 I/thunderperf( 1487): PlatormCompat.setOverrides: needCheck:false
01-11 07:29:07.822 I/thunderperf( 1487): CompatConfig.addOverrideUnsafe: bef-state=1
01-11 07:29:07.822 E/thunderperf( 1487): CompatConfig.addOverrideUnsafe: exception:java.lang.SecurityException: Cannot override a change on a non-debuggable app and user build.
01-11 07:29:07.822 I/thunderperf( 1487): CompatConfig.addOverrideUnsafe: aft-state=1
01-11 07:29:07.823 I/thunderperf( 1487): CompatConfig.addOverrideUnsafe: bef-state=1
01-11 07:29:07.824 E/thunderperf( 1487): CompatConfig.addOverrideUnsafe: exception:java.lang.SecurityException: Cannot override a change on a non-debuggable app and user build.
01-11 07:29:07.824 I/thunderperf( 1487): CompatConfig.addOverrideUnsafe: aft-state=1
01-11 07:29:07.824 I/thunderperf( 1487): CompatConfig.addOverrideUnsafe: bef-state=1
01-11 07:29:07.825 E/thunderperf( 1487): CompatConfig.addOverrideUnsafe: exception:java.lang.SecurityException: Cannot override a change on a non-debuggable app and user build.
01-11 07:29:07.825 I/thunderperf( 1487): CompatConfig.addOverrideUnsafe: aft-state=1
01-11 07:29:07.825 I/thunderperf( 1487): CompatConfig.addOverrideUnsafe: bef-state=1
01-11 07:29:07.826 E/thunderperf( 1487): CompatConfig.addOverrideUnsafe: exception:java.lang.SecurityException: Cannot override a change on a non-debuggable app and user build.
01-11 07:29:07.826 I/thunderperf( 1487): CompatConfig.addOverrideUnsafe: aft-state=1
01-11 07:29:07.826 I/thunderperf( 1487): CompatConfig.addOverrideUnsafe: bef-state=1
01-11 07:29:07.826 E/thunderperf( 1487): CompatConfig.addOverrideUnsafe: exception:java.lang.SecurityException: Cannot override a change on a non-debuggable app and user build.
01-11 07:29:07.826 I/thunderperf( 1487): CompatConfig.addOverrideUnsafe: aft-state=1
01-11 07:29:07.827 I/thunderperf( 1487): CompatConfig.addOverrideUnsafe: bef-state=1
01-11 07:29:07.827 E/thunderperf( 1487): CompatConfig.addOverrideUnsafe: exception:java.lang.SecurityException: Cannot override a change on a non-debuggable app and user build.
01-11 07:29:07.827 I/thunderperf( 1487): CompatConfig.addOverrideUnsafe: aft-state=1
01-11 07:29:07.828 I/thunderperf( 1487): CompatConfig.addOverrideUnsafe: bef-state=1
01-11 07:29:07.828 E/thunderperf( 1487): CompatConfig.addOverrideUnsafe: exception:java.lang.SecurityException: Cannot override a change on a non-debuggable app and user build.
01-11 07:29:07.828 I/thunderperf( 1487): CompatConfig.addOverrideUnsafe: aft-state=1
01-11 07:29:07.829 I/thunderperf( 1487): CompatConfig.addOverrideUnsafe: bef-state=1
01-11 07:29:07.829 E/thunderperf( 1487): CompatConfig.addOverrideUnsafe: exception:java.lang.SecurityException: Cannot override a change on a non-debuggable app and user build.
01-11 07:29:07.829 I/thunderperf( 1487): CompatConfig.addOverrideUnsafe: aft-state=1
01-11 07:29:07.830 I/thunderperf( 1487): CompatConfig.addOverrideUnsafe: bef-state=1
01-11 07:29:07.830 E/thunderperf( 1487): CompatConfig.addOverrideUnsafe: exception:java.lang.SecurityException: Cannot override a change on a non-debuggable app and user build.
01-11 07:29:07.830 I/thunderperf( 1487): CompatConfig.addOverrideUnsafe: aft-state=1
01-11 07:29:07.831 I/thunderperf( 1487): CompatConfig.addOverrideUnsafe: bef-state=1
01-11 07:29:07.831 E/thunderperf( 1487): CompatConfig.addOverrideUnsafe: exception:java.lang.SecurityException: Cannot override a change on a non-debuggable app and user build.
01-11 07:29:07.831 I/thunderperf( 1487): CompatConfig.addOverrideUnsafe: aft-state=1
01-11 07:29:07.832 I/thunderperf( 1487): CompatConfig.addOverrideUnsafe: bef-state=1
01-11 07:29:07.832 E/thunderperf( 1487): CompatConfig.addOverrideUnsafe: exception:java.lang.SecurityException: Cannot override a change on a non-debuggable app and user build.
01-11 07:29:07.832 I/thunderperf( 1487): CompatConfig.addOverrideUnsafe: aft-state=1
01-11 07:29:07.833 I/thunderperf( 1487): CompatConfig.addOverrideUnsafe: bef-state=1
01-11 07:29:07.833 E/thunderperf( 1487): CompatConfig.addOverrideUnsafe: exception:java.lang.SecurityException: Cannot override a change on a non-debuggable app and user build.
01-11 07:29:07.833 I/thunderperf( 1487): CompatConfig.addOverrideUnsafe: aft-state=1
01-11 07:29:07.833 I/thunderperf( 1487): CompatConfig.addOverrideUnsafe: bef-state=1
01-11 07:29:07.834 E/thunderperf( 1487): CompatConfig.addOverrideUnsafe: exception:java.lang.SecurityException: Cannot override a change on a non-debuggable app and user build.
01-11 07:29:07.834 I/thunderperf( 1487): CompatConfig.addOverrideUnsafe: aft-state=1
01-11 07:29:07.834 I/thunderperf( 1487): CompatConfig.addOverrideUnsafe: bef-state=1
01-11 07:29:07.834 E/thunderperf( 1487): CompatConfig.addOverrideUnsafe: exception:java.lang.SecurityException: Cannot override a change on a non-debuggable app and user build.
01-11 07:29:07.834 I/thunderperf( 1487): CompatConfig.addOverrideUnsafe: aft-state=1
01-11 07:29:07.839 I/ActivityTaskManager( 1487): START u0 {act=android.intent.action.MAIN cat=[android.intent.category.LAUNCHER] flg=0x10200000 cmp=com.android.calendar/.AllInOneActivity bnds=[290,252][590,550]} from uid 10071
01-11 07:29:07.841 I/wm_task_moved( 1487): [87,1,12]
01-11 07:29:07.841 I/wm_task_to_front( 1487): [0,87]
01-11 07:29:07.842 I/wm_focused_root_task( 1487): [0,0,87,83,bringingFoundTaskToFront]
01-11 07:29:07.842 I/wm_set_resumed_activity( 1487): [0,com.android.calendar/.AllInOneActivity,bringingFoundTaskToFront]
01-11 07:29:07.843 I/wm_new_intent( 1487): [0,35450703,87,com.android.calendar/.AllInOneActivity,android.intent.action.MAIN,NULL,NULL,270532608]
01-11 07:29:07.845 I/wm_pause_activity( 1487): [0,124244050,com.android.launcher3/.uioverrides.QuickstepLauncher,userLeaving=true,pauseBackTasks]
01-11 07:29:07.851 I/wm_on_top_resumed_lost_called(25108): [124244050,com.android.launcher3.uioverrides.QuickstepLauncher,topStateChangedWhenResumed]
01-11 07:29:07.860 I/wm_on_paused_called(25108): [124244050,com.android.launcher3.uioverrides.QuickstepLauncher,performPause]
01-11 07:29:07.861 I/ActivityTaskManager( 1487): FOREGROUND_APPLICATION_CHANGED to com.android.calendar.AllInOneActivity
01-11 07:29:07.863 I/wm_set_resumed_activity( 1487): [0,com.android.calendar/.AllInOneActivity,resumeTopActivityInnerLocked]
01-11 07:29:07.863 I/wm_add_to_stopping( 1487): [0,124244050,com.android.launcher3/.uioverrides.QuickstepLauncher,makeInvisible]
01-11 07:29:07.866 I/wm_resume_activity( 1487): [0,35450703,87,com.android.calendar/.AllInOneActivity]
01-11 07:29:07.872 I/sysui_multi_action( 1487): [757,803,799,window_time_0,802,7]
01-11 07:29:07.884 I/input_focus( 1487): [Focus leaving 76b7596 com.android.launcher3/com.android.launcher3.uioverrides.QuickstepLauncher (server),reason=NO_WINDOW]
01-11 07:29:07.885 I/wm_on_restart_called(23992): [35450703,com.android.calendar.AllInOneActivity,performRestartActivity]
01-11 07:29:07.885 I/wm_on_start_called(23992): [35450703,com.android.calendar.AllInOneActivity,handleStartActivity]
01-11 07:29:07.886 I/wm_on_resume_called(23992): [35450703,com.android.calendar.AllInOneActivity,RESUME_ACTIVITY]
01-11 07:29:07.887 I/wm_on_top_resumed_gained_called(23992): [35450703,com.android.calendar.AllInOneActivity,topWhenResuming]
01-11 07:29:07.893 W/ContextImpl(19692): Calling a method in the system process without a qualified user: android.app.ContextImpl.startService:1816 android.content.ContextWrapper.startService:774 com.thundercomm.gamemode.ingame.services.GameModeActionUtils.startGameModeService:111 com.thundercomm.gamemode.ingame.services.GameModeActionUtils.startGameModeEntry:22 com.thundercomm.gamemode.ingame.services.ActivityMonitoringService$1.onActivityLaunch:129
01-11 07:29:07.896 I/GameModeConfig( 1487): Current uri is uri = content://com.thundercomm.gamemode.api/gamemode_settings/gamemode_isgaming
01-11 07:29:07.899 I/GameModeConfig( 1487): isGameModeOn = false
01-11 07:29:07.900 I/GameModeConfig( 1487): isGameModeOn = false
01-11 07:29:07.900 I/GameModeConfig( 1487): isDisableVoice = true
01-11 07:29:07.904 I/input_focus( 1487): [Focus request da75cc2 com.android.calendar/com.android.calendar.AllInOneActivity,reason=UpdateInputWindows]
01-11 07:29:07.913 I/sysui_multi_action( 1487): [319,38,321,34,322,71,325,12558,757,761,758,9,759,4,806,com.android.calendar,871,com.android.calendar.AllInOneActivity,904,com.android.launcher3,905,0,1320,4,1321,1]
01-11 07:29:07.918 I/input_focus( 1487): [Focus entering da75cc2 com.android.calendar/com.android.calendar.AllInOneActivity (server),reason=setFocusedWindow]
01-11 07:29:07.972 W/FreeFormWindowHelper( 1487): Current Display FreeFormTask is null
01-11 07:29:07.972 W/FreeFormWindowHelper( 1487): Current Display FreeFormTask is null
01-11 07:29:07.972 W/FreeFormWindowHelper( 1487): Current Display FreeFormTask is null
01-11 07:29:07.977 W/ContextImpl(19692): Calling a method in the system process without a qualified user: android.app.ContextImpl.startService:1816 android.content.ContextWrapper.startService:774 com.thundercomm.gamemode.ingame.services.GameModeActionUtils.startGameModeService:111 com.thundercomm.gamemode.ingame.services.GameModeActionUtils.startGameModeEntry:22 com.thundercomm.gamemode.ingame.services.ActivityMonitoringService$1.onActivityLaunch:129
01-11 07:29:07.980 I/GameModeConfig( 1487): Current uri is uri = content://com.thundercomm.gamemode.api/gamemode_settings/gamemode_isgaming
01-11 07:29:07.982 I/GameModeConfig( 1487): isGameModeOn = false
01-11 07:29:07.982 I/GameModeConfig( 1487): isGameModeOn = false
01-11 07:29:07.982 I/GameModeConfig( 1487): isDisableVoice = true
01-11 07:29:08.139 I/auditd ( 0): type=1400 audit(0.0:14133): avc: denied { kill } for comm="swapper/2" capability=5 scontext=u:r:kernel:s0 tcontext=u:r:kernel:s0 tclass=capability permissive=0
01-11 07:29:08.422 I/wm_stop_activity( 1487): [0,124244050,com.android.launcher3/.uioverrides.QuickstepLauncher]
01-11 07:29:08.442 I/wm_on_stop_called(25108): [124244050,com.android.launcher3.uioverrides.QuickstepLauncher,STOP_ACTIVITY_ITEM]
01-11 07:29:08.469 W/ContextImpl(19692): Calling a method in the system process without a qualified user: android.app.ContextImpl.startService:1816 android.content.ContextWrapper.startService:774 com.thundercomm.gamemode.ingame.services.GameModeActionUtils.startGameModeService:111 com.thundercomm.gamemode.ingame.services.GameModeActionUtils.startGameModeEntry:22 com.thundercomm.gamemode.ingame.services.ActivityMonitoringService$1.onActivityLaunch:129
01-11 07:29:08.473 I/GameModeConfig( 1487): Current uri is uri = content://com.thundercomm.gamemode.api/gamemode_settings/gamemode_isgaming
01-11 07:29:08.475 I/GameModeConfig( 1487): isGameModeOn = false
01-11 07:29:08.476 I/GameModeConfig( 1487): isGameModeOn = false
01-11 07:29:08.476 I/GameModeConfig( 1487): isDisableVoice = true
01-11 07:29:08.631 I/input_interaction( 1487): Interaction with: 52e4d57 StatusBar (server), edge-swipe (server), swipe-up (server), PointerEventDispatcher0 (server),
01-11 07:29:08.635 I/sysui_multi_action( 2006): [757,803,799,panel_open,802,1]
01-11 07:29:08.636 I/sysui_multi_action( 2006): [757,1328,758,4,1326,30,1327,5,1329,0]
01-11 07:29:08.669 I/input_interaction( 1487): Interaction with: 52e4d57 StatusBar (server), da75cc2 com.android.calendar/com.android.calendar.AllInOneActivity (server), edge-swipe (server), swipe-up (server), PointerEventDispatcher0 (server),
01-11 07:29:08.694 W/FreeFormWindowHelper( 1487): Current Display FreeFormTask is null
01-11 07:29:08.695 W/FreeFormWindowHelper( 1487): Current Display FreeFormTask is null
01-11 07:29:08.695 W/FreeFormWindowHelper( 1487): Current Display FreeFormTask is null
01-11 07:29:08.695 W/FreeFormWindowHelper( 1487): Current Display FreeFormTask is null
01-11 07:29:08.695 W/FreeFormWindowHelper( 1487): Current Display FreeFormTask is null
01-11 07:29:08.695 W/FreeFormWindowHelper( 1487): Current Display FreeFormTask is null
01-11 07:29:08.695 W/FreeFormWindowHelper( 1487): Current Display FreeFormTask is null
01-11 07:29:08.698 I/wm_task_moved( 1487): [83,0,0]
01-11 07:29:08.699 I/wm_task_moved( 1487): [83,0,11]
01-11 07:29:08.717 W/ContextImpl(19692): Calling a method in the system process without a qualified user: android.app.ContextImpl.startService:1816 android.content.ContextWrapper.startService:774 com.thundercomm.gamemode.ingame.services.GameModeActionUtils.startGameModeService:111 com.thundercomm.gamemode.ingame.services.GameModeActionUtils.startGameModeEntry:22 com.thundercomm.gamemode.ingame.services.ActivityMonitoringService$1.onActivityLaunch:129
01-11 07:29:08.721 I/wm_on_restart_called(25108): [124244050,com.android.launcher3.uioverrides.QuickstepLauncher,performRestartActivity]
01-11 07:29:08.721 I/GameModeConfig( 1487): Current uri is uri = content://com.thundercomm.gamemode.api/gamemode_settings/gamemode_isgaming
01-11 07:29:08.723 I/GameModeConfig( 1487): isGameModeOn = false
01-11 07:29:08.723 I/GameModeConfig( 1487): isGameModeOn = false
01-11 07:29:08.723 I/GameModeConfig( 1487): isDisableVoice = true
01-11 07:29:08.723 W/FreeFormWindowHelper( 1487): Current Display FreeFormTask is null
01-11 07:29:08.750 I/wm_on_start_called(25108): [124244050,com.android.launcher3.uioverrides.QuickstepLauncher,handleStartActivity]
01-11 07:29:08.757 W/FreeFormWindowHelper( 1487): Current Display FreeFormTask is null
01-11 07:29:08.763 I/view_enqueue_input_event( 2006): [Motion - Cancel,StatusBar]
01-11 07:29:08.763 I/view_enqueue_input_event(23992): [Motion - Cancel,com.android.calendar/com.android.calendar.AllInOneActivity]
01-11 07:29:08.764 I/sysui_latency(25108): [1,74]
01-01 11:29:21.881 I/ ( 0): read descriptors
01-01 11:29:21.881 I/ ( 0): read strings
01-11 07:29:08.767 W/FreeFormWindowHelper( 1487): Current Display FreeFormTask is null
01-11 07:29:08.769 I/input_interaction( 1487): Interaction with: edge-swipe (server), swipe-up (server), PointerEventDispatcher0 (server),
01-11 07:29:08.771 I/input_focus( 1487): [Focus request recents_animation_input_consumer,reason=UpdateInputWindows]
01-11 07:29:08.774 I/sysui_multi_action( 1487): [319,8,322,69,325,12559,757,761,758,9,759,5,806,com.android.launcher3,871,com.android.launcher3.uioverrides.QuickstepLauncher,904,com.android.launcher3,905,0,1320,8,1321,5]
01-11 07:29:08.784 W/FreeFormWindowHelper( 1487): Current Display FreeFormTask is null
01-11 07:29:08.785 I/input_focus( 1487): [Focus leaving da75cc2 com.android.calendar/com.android.calendar.AllInOneActivity (server),reason=NOT_FOCUSABLE]
01-11 07:29:08.785 I/input_focus( 1487): [Focus entering recents_animation_input_consumer (server),reason=setFocusedWindow]
01-11 07:29:08.801 W/FreeFormWindowHelper( 1487): Current Display FreeFormTask is null
01-11 07:29:08.902 W/FreeFormWindowHelper( 1487): Current Display FreeFormTask is null
01-11 07:29:08.927 I/commit_sys_config_file( 1487): [settings-1-0,4]
01-11 07:29:09.068 I/sysui_latency( 1487): [8,75]
01-11 07:29:09.139 I/auditd ( 0): type=1400 audit(0.0:14134): avc: denied { kill } for comm="swapper/1" capability=5 scontext=u:r:kernel:s0 tcontext=u:r:kernel:s0 tclass=capability permissive=0
01-01 11:29:22.901 I/ ( 0): read descriptors
01-01 11:29:22.901 I/ ( 0): read strings
01-11 07:29:09.988 W/FreeFormWindowHelper( 1487): Current Display FreeFormTask is null
01-11 07:29:09.994 I/wm_task_moved( 1487): [83,1,12]
01-11 07:29:09.998 I/wm_task_moved( 1487): [84,1,2147483647]
01-11 07:29:09.998 I/wm_task_to_front( 1487): [0,84]
01-11 07:29:09.998 I/wm_focused_root_task( 1487): [0,0,83,87,RecentsAnimation.onAnimationFinished()]
01-11 07:29:09.998 I/wm_set_resumed_activity( 1487): [0,com.android.launcher3/.uioverrides.QuickstepLauncher,RecentsAnimation.onAnimationFinished()]
01-11 07:29:09.999 I/wm_on_top_resumed_lost_called(23992): [35450703,com.android.calendar.AllInOneActivity,topStateChangedWhenResumed]
01-11 07:29:10.000 I/wm_pause_activity( 1487): [0,35450703,com.android.calendar/.AllInOneActivity,userLeaving=true,pauseBackTasks]
01-11 07:29:10.003 I/wm_add_to_stopping( 1487): [0,35450703,com.android.calendar/.AllInOneActivity,makeInvisible]
01-11 07:29:10.003 I/ActivityTaskManager( 1487): FOREGROUND_APPLICATION_CHANGED to com.android.launcher3.uioverrides.QuickstepLauncher
01-11 07:29:10.004 I/wm_set_resumed_activity( 1487): [0,com.android.launcher3/.uioverrides.QuickstepLauncher,resumeTopActivityInnerLocked]
01-11 07:29:10.007 I/wm_resume_activity( 1487): [0,124244050,84,com.android.launcher3/.uioverrides.QuickstepLauncher]
01-11 07:29:10.008 I/wm_on_resume_called(25108): [124244050,com.android.launcher3.uioverrides.QuickstepLauncher,RESUME_ACTIVITY]
01-11 07:29:10.015 I/input_focus( 1487): [Focus request 76b7596 com.android.launcher3/com.android.launcher3.uioverrides.QuickstepLauncher,reason=UpdateInputWindows]
01-11 07:29:10.017 I/wm_stop_activity( 1487): [0,35450703,com.android.calendar/.AllInOneActivity]
01-11 07:29:10.017 I/sysui_multi_action( 1487): [757,803,799,window_time_0,802,2]
01-11 07:29:10.022 I/input_focus( 1487): [Focus leaving recents_animation_input_consumer (server),reason=NOT_VISIBLE]
01-11 07:29:10.022 I/input_focus( 1487): [Focus entering 76b7596 com.android.launcher3/com.android.launcher3.uioverrides.QuickstepLauncher (server),reason=setFocusedWindow]
01-11 07:29:10.027 I/sysui_multi_action( 1487): [757,803,799,window_time_0,802,0]
01-11 07:29:10.031 I/wm_on_top_resumed_gained_called(25108): [124244050,com.android.launcher3.uioverrides.QuickstepLauncher,topStateChangedWhenResumed]
01-11 07:29:10.032 I/wm_on_paused_called(23992): [35450703,com.android.calendar.AllInOneActivity,performPause]
01-11 07:29:10.033 I/wm_on_stop_called(23992): [35450703,com.android.calendar.AllInOneActivity,STOP_ACTIVITY_ITEM]
01-11 07:29:10.054 W/ContextImpl(19692): Calling a method in the system process without a qualified user: android.app.ContextImpl.startService:1816 android.content.ContextWrapper.startService:774 com.thundercomm.gamemode.ingame.services.GameModeActionUtils.startGameModeService:111 com.thundercomm.gamemode.ingame.services.GameModeActionUtils.startGameModeEntry:22 com.thundercomm.gamemode.ingame.services.ActivityMonitoringService$1.onActivityLaunch:129
01-11 07:29:10.058 I/GameModeConfig( 1487): Current uri is uri = content://com.thundercomm.gamemode.api/gamemode_settings/gamemode_isgaming
01-11 07:29:10.060 I/GameModeConfig( 1487): isGameModeOn = false
01-11 07:29:10.060 I/GameModeConfig( 1487): isGameModeOn = false
01-11 07:29:10.060 I/GameModeConfig( 1487): isDisableVoice = true
01-11 07:29:10.117 W/FreeFormWindowHelper( 1487): Current Display FreeFormTask is null
01-11 07:29:10.117 W/FreeFormWindowHelper( 1487): Current Display FreeFormTask is null
01-11 07:29:10.117 W/FreeFormWindowHelper( 1487): Current Display FreeFormTask is null
01-11 07:29:10.123 W/ContextImpl(19692): Calling a method in the system process without a qualified user: android.app.ContextImpl.startService:1816 android.content.ContextWrapper.startService:774 com.thundercomm.gamemode.ingame.services.GameModeActionUtils.startGameModeService:111 com.thundercomm.gamemode.ingame.services.GameModeActionUtils.startGameModeEntry:22 com.thundercomm.gamemode.ingame.services.ActivityMonitoringService$1.onActivityLaunch:129
01-11 07:29:10.127 I/GameModeConfig( 1487): Current uri is uri = content://com.thundercomm.gamemode.api/gamemode_settings/gamemode_isgaming
01-11 07:29:10.129 I/GameModeConfig( 1487): isGameModeOn = false
01-11 07:29:10.129 I/GameModeConfig( 1487): isGameModeOn = false
01-11 07:29:10.129 I/GameModeConfig( 1487): isDisableVoice = true
01-11 07:29:10.139 I/auditd ( 0): type=1400 audit(0.0:14135): avc: denied { kill } for comm="swapper/1" capability=5 scontext=u:r:kernel:s0 tcontext=u:r:kernel:s0 tclass=capability permissive=0
01-11 07:29:10.311 I/input_interaction( 1487): Interaction with: 76b7596 com.android.launcher3/com.android.launcher3.uioverrides.QuickstepLauncher (server), c9f455c com.android.systemui.ImageWallpaper (server), edge-swipe (server), swipe-up (server), PointerEventDispatcher0 (server),
01-11 07:29:10.669 I/commit_sys_config_file( 1487): [settings-1-0,4]
01-01 11:29:23.917 I/ ( 0): read descriptors
01-01 11:29:23.917 I/ ( 0): read strings
01-11 07:29:10.871 E/TaskPersister( 1487): File error accessing recents directory (directory doesn't exist?).
01-11 07:29:11.139 I/auditd ( 0): type=1400 audit(0.0:14136): avc: denied { kill } for comm="swapper/1" capability=5 scontext=u:r:kernel:s0 tcontext=u:r:kernel:s0 tclass=capability permissive=0
01-11 07:29:11.280 I/thunderperf( 1487): PlatormCompat.setOverrides: Uid1=10071 Pid1=25108 Uid2=10071 Pid2=25108
01-11 07:29:11.280 I/thunderperf( 1487): PlatormCompat.setOverrides: needCheck:false
01-11 07:29:11.280 I/thunderperf( 1487): CompatConfig.addOverrideUnsafe: bef-state=1
01-11 07:29:11.281 E/thunderperf( 1487): CompatConfig.addOverrideUnsafe: exception:java.lang.SecurityException: Cannot override a change on a non-debuggable app and user build.
01-11 07:29:11.281 I/thunderperf( 1487): CompatConfig.addOverrideUnsafe: aft-state=1
01-11 07:29:11.282 I/thunderperf( 1487): CompatConfig.addOverrideUnsafe: bef-state=1
01-11 07:29:11.282 E/thunderperf( 1487): CompatConfig.addOverrideUnsafe: exception:java.lang.SecurityException: Cannot override a change on a non-debuggable app and user build.
01-11 07:29:11.282 I/thunderperf( 1487): CompatConfig.addOverrideUnsafe: aft-state=1
01-11 07:29:11.282 I/thunderperf( 1487): CompatConfig.addOverrideUnsafe: bef-state=1
01-11 07:29:11.283 E/thunderperf( 1487): CompatConfig.addOverrideUnsafe: exception:java.lang.SecurityException: Cannot override a change on a non-debuggable app and user build.
01-11 07:29:11.283 I/thunderperf( 1487): CompatConfig.addOverrideUnsafe: aft-state=1
01-11 07:29:11.283 I/thunderperf( 1487): CompatConfig.addOverrideUnsafe: bef-state=1
01-11 07:29:11.283 E/thunderperf( 1487): CompatConfig.addOverrideUnsafe: exception:java.lang.SecurityException: Cannot override a change on a non-debuggable app and user build.
01-11 07:29:11.283 I/thunderperf( 1487): CompatConfig.addOverrideUnsafe: aft-state=1
01-11 07:29:11.284 I/thunderperf( 1487): CompatConfig.addOverrideUnsafe: bef-state=1
01-11 07:29:11.284 E/thunderperf( 1487): CompatConfig.addOverrideUnsafe: exception:java.lang.SecurityException: Cannot override a change on a non-debuggable app and user build.
01-11 07:29:11.284 I/thunderperf( 1487): CompatConfig.addOverrideUnsafe: aft-state=1
01-11 07:29:11.285 I/thunderperf( 1487): CompatConfig.addOverrideUnsafe: bef-state=1
01-11 07:29:11.285 E/thunderperf( 1487): CompatConfig.addOverrideUnsafe: exception:java.lang.SecurityException: Cannot override a change on a non-debuggable app and user build.
01-11 07:29:11.285 I/thunderperf( 1487): CompatConfig.addOverrideUnsafe: aft-state=1
01-11 07:29:11.285 I/thunderperf( 1487): CompatConfig.addOverrideUnsafe: bef-state=1
01-11 07:29:11.286 E/thunderperf( 1487): CompatConfig.addOverrideUnsafe: exception:java.lang.SecurityException: Cannot override a change on a non-debuggable app and user build.
01-11 07:29:11.286 I/thunderperf( 1487): CompatConfig.addOverrideUnsafe: aft-state=1
01-11 07:29:11.286 I/thunderperf( 1487): CompatConfig.addOverrideUnsafe: bef-state=1
01-11 07:29:11.286 E/thunderperf( 1487): CompatConfig.addOverrideUnsafe: exception:java.lang.SecurityException: Cannot override a change on a non-debuggable app and user build.
01-11 07:29:11.286 I/thunderperf( 1487): CompatConfig.addOverrideUnsafe: aft-state=1
01-11 07:29:11.287 I/thunderperf( 1487): CompatConfig.addOverrideUnsafe: bef-state=1
01-11 07:29:11.287 E/thunderperf( 1487): CompatConfig.addOverrideUnsafe: exception:java.lang.SecurityException: Cannot override a change on a non-debuggable app and user build.
01-11 07:29:11.287 I/thunderperf( 1487): CompatConfig.addOverrideUnsafe: aft-state=1
01-11 07:29:11.288 I/thunderperf( 1487): CompatConfig.addOverrideUnsafe: bef-state=1
01-11 07:29:11.288 E/thunderperf( 1487): CompatConfig.addOverrideUnsafe: exception:java.lang.SecurityException: Cannot override a change on a non-debuggable app and user build.
01-11 07:29:11.288 I/thunderperf( 1487): CompatConfig.addOverrideUnsafe: aft-state=1
01-11 07:29:11.288 I/thunderperf( 1487): CompatConfig.addOverrideUnsafe: bef-state=1
01-11 07:29:11.289 E/thunderperf( 1487): CompatConfig.addOverrideUnsafe: exception:java.lang.SecurityException: Cannot override a change on a non-debuggable app and user build.
01-11 07:29:11.289 I/thunderperf( 1487): CompatConfig.addOverrideUnsafe: aft-state=1
01-11 07:29:11.289 I/thunderperf( 1487): CompatConfig.addOverrideUnsafe: bef-state=1
01-11 07:29:11.289 E/thunderperf( 1487): CompatConfig.addOverrideUnsafe: exception:java.lang.SecurityException: Cannot override a change on a non-debuggable app and user build.
01-11 07:29:11.289 I/thunderperf( 1487): CompatConfig.addOverrideUnsafe: aft-state=1
01-11 07:29:11.290 I/thunderperf( 1487): CompatConfig.addOverrideUnsafe: bef-state=1
01-11 07:29:11.290 E/thunderperf( 1487): CompatConfig.addOverrideUnsafe: exception:java.lang.SecurityException: Cannot override a change on a non-debuggable app and user build.
01-11 07:29:11.290 I/thunderperf( 1487): CompatConfig.addOverrideUnsafe: aft-state=1
01-11 07:29:11.293 I/thunderperf( 1487): CompatConfig.addOverrideUnsafe: bef-state=1
01-11 07:29:11.294 E/thunderperf( 1487): CompatConfig.addOverrideUnsafe: exception:java.lang.SecurityException: Cannot override a change on a non-debuggable app and user build.
01-11 07:29:11.294 I/thunderperf( 1487): CompatConfig.addOverrideUnsafe: aft-state=1
01-11 07:29:11.299 I/ActivityTaskManager( 1487): START u0 {act=android.intent.action.MAIN cat=[android.intent.category.LAUNCHER] flg=0x10200000 cmp=com.android.documentsui/.LauncherActivity bnds=[890,252][1190,550]} from uid 10071
01-11 07:29:11.303 I/wm_task_created( 1487): [94,-1]
01-11 07:29:11.303 W/ActivityTaskManager( 1487): Can't find TaskDisplayArea to determine support for multi window. Task id=94 attached=false
01-11 07:29:11.305 I/wm_task_moved( 1487): [94,1,13]
01-11 07:29:11.305 I/wm_task_to_front( 1487): [0,94]
01-11 07:29:11.305 I/wm_create_task( 1487): [0,94]
01-11 07:29:11.305 I/wm_create_activity( 1487): [0,66609481,94,com.android.documentsui/.LauncherActivity,android.intent.action.MAIN,NULL,NULL,270532608]
01-11 07:29:11.305 I/wm_task_moved( 1487): [94,1,13]
01-11 07:29:11.306 I/wm_pause_activity( 1487): [0,124244050,com.android.launcher3/.uioverrides.QuickstepLauncher,userLeaving=true,pauseBackTasks]
01-11 07:29:11.309 I/wm_on_top_resumed_lost_called(25108): [124244050,com.android.launcher3.uioverrides.QuickstepLauncher,topStateChangedWhenResumed]
01-11 07:29:11.309 I/wm_on_paused_called(25108): [124244050,com.android.launcher3.uioverrides.QuickstepLauncher,performPause]
01-11 07:29:11.310 I/ActivityTaskManager( 1487): FOREGROUND_APPLICATION_CHANGED to com.android.documentsui.files.LauncherActivity
01-11 07:29:11.310 I/ActivityTaskManager( 1487): The Process com.android.documentsui Already Exists in BG. So sending its PID: 24813
01-11 07:29:11.310 W/ActivityTaskManager( 1487): Tried to set launchTime (0) < mLastActivityLaunchTime (12546118)
01-11 07:29:11.310 I/wm_restart_activity( 1487): [0,66609481,94,com.android.documentsui/.LauncherActivity]
01-11 07:29:11.311 I/wm_set_resumed_activity( 1487): [0,com.android.documentsui/.LauncherActivity,minimalResumeActivityLocked]
01-11 07:29:11.314 I/sysui_multi_action( 1487): [757,803,799,window_time_0,802,2]
01-11 07:29:11.316 I/thunderperf( 1487): PlatormCompat.setOverrides: Uid1=10026 Pid1=24813 Uid2=10026 Pid2=24813
01-11 07:29:11.316 I/thunderperf( 1487): PlatormCompat.setOverrides: needCheck:false
01-11 07:29:11.316 I/thunderperf( 1487): CompatConfig.addOverrideUnsafe: bef-state=1
01-11 07:29:11.316 E/thunderperf( 1487): CompatConfig.addOverrideUnsafe: exception:java.lang.SecurityException: Cannot override a change on a non-debuggable app and user build.
01-11 07:29:11.316 I/thunderperf( 1487): CompatConfig.addOverrideUnsafe: aft-state=1
01-11 07:29:11.317 I/thunderperf( 1487): CompatConfig.addOverrideUnsafe: bef-state=1
01-11 07:29:11.317 E/thunderperf( 1487): CompatConfig.addOverrideUnsafe: exception:java.lang.SecurityException: Cannot override a change on a non-debuggable app and user build.
01-11 07:29:11.317 I/thunderperf( 1487): CompatConfig.addOverrideUnsafe: aft-state=1
01-11 07:29:11.317 I/thunderperf( 1487): CompatConfig.addOverrideUnsafe: bef-state=1
01-11 07:29:11.317 E/thunderperf( 1487): CompatConfig.addOverrideUnsafe: exception:java.lang.SecurityException: Cannot override a change on a non-debuggable app and user build.
01-11 07:29:11.317 I/thunderperf( 1487): CompatConfig.addOverrideUnsafe: aft-state=1
01-11 07:29:11.317 I/thunderperf( 1487): CompatConfig.addOverrideUnsafe: bef-state=1
01-11 07:29:11.317 W/ContextImpl(19692): Calling a method in the system process without a qualified user: android.app.ContextImpl.startService:1816 android.content.ContextWrapper.startService:774 com.thundercomm.gamemode.ingame.services.GameModeActionUtils.startGameModeService:111 com.thundercomm.gamemode.ingame.services.GameModeActionUtils.startGameModeEntry:22 com.thundercomm.gamemode.ingame.services.ActivityMonitoringService$1.onActivityLaunch:129
01-11 07:29:11.317 E/thunderperf( 1487): CompatConfig.addOverrideUnsafe: exception:java.lang.SecurityException: Cannot override a change on a non-debuggable app and user build.
01-11 07:29:11.317 I/thunderperf( 1487): CompatConfig.addOverrideUnsafe: aft-state=1
01-11 07:29:11.318 I/thunderperf( 1487): CompatConfig.addOverrideUnsafe: bef-state=1
01-11 07:29:11.318 E/thunderperf( 1487): CompatConfig.addOverrideUnsafe: exception:java.lang.SecurityException: Cannot override a change on a non-debuggable app and user build.
01-11 07:29:11.318 I/thunderperf( 1487): CompatConfig.addOverrideUnsafe: aft-state=1
01-11 07:29:11.318 I/thunderperf( 1487): CompatConfig.addOverrideUnsafe: bef-state=1
01-11 07:29:11.318 E/thunderperf( 1487): CompatConfig.addOverrideUnsafe: exception:java.lang.SecurityException: Cannot override a change on a non-debuggable app and user build.
01-11 07:29:11.318 I/thunderperf( 1487): CompatConfig.addOverrideUnsafe: aft-state=1
01-11 07:29:11.318 I/thunderperf( 1487): CompatConfig.addOverrideUnsafe: bef-state=1
01-11 07:29:11.318 E/thunderperf( 1487): CompatConfig.addOverrideUnsafe: exception:java.lang.SecurityException: Cannot override a change on a non-debuggable app and user build.
01-11 07:29:11.318 I/thunderperf( 1487): CompatConfig.addOverrideUnsafe: aft-state=1
01-11 07:29:11.319 I/thunderperf( 1487): CompatConfig.addOverrideUnsafe: bef-state=1
01-11 07:29:11.319 I/GameModeConfig( 1487): Current uri is uri = content://com.thundercomm.gamemode.api/gamemode_settings/gamemode_isgaming
01-11 07:29:11.319 E/thunderperf( 1487): CompatConfig.addOverrideUnsafe: exception:java.lang.SecurityException: Cannot override a change on a non-debuggable app and user build.
01-11 07:29:11.319 I/thunderperf( 1487): CompatConfig.addOverrideUnsafe: aft-state=1
01-11 07:29:11.319 I/thunderperf( 1487): CompatConfig.addOverrideUnsafe: bef-state=1
01-11 07:29:11.319 E/thunderperf( 1487): CompatConfig.addOverrideUnsafe: exception:java.lang.SecurityException: Cannot override a change on a non-debuggable app and user build.
01-11 07:29:11.319 I/thunderperf( 1487): CompatConfig.addOverrideUnsafe: aft-state=1
01-11 07:29:11.319 I/thunderperf( 1487): CompatConfig.addOverrideUnsafe: bef-state=1
01-11 07:29:11.319 E/thunderperf( 1487): CompatConfig.addOverrideUnsafe: exception:java.lang.SecurityException: Cannot override a change on a non-debuggable app and user build.
01-11 07:29:11.319 I/GameModeConfig( 1487): isGameModeOn = false
01-11 07:29:11.319 I/thunderperf( 1487): CompatConfig.addOverrideUnsafe: aft-state=1
01-11 07:29:11.320 I/thunderperf( 1487): CompatConfig.addOverrideUnsafe: bef-state=1
