01-11 07:31:37.976 I/am_proc_start( 1487): [0,25828,10093,com.android.permissioncontroller,service,{com.android.permissioncontroller/com.android.permissioncontroller.permission.service.PermissionControllerServiceImpl}]
01-11 07:31:37.976 I/ActivityManager( 1487): Start proc 25828:com.android.permissioncontroller/u0a93 for service {com.android.permissioncontroller/com.android.permissioncontroller.permission.service.PermissionControllerServiceImpl}
01-01 11:31:51.103 I/binder ( 0): 25828:25828 ioctl 40046210 7ffca76594 returned -22
01-11 07:31:37.987 I/am_proc_bound( 1487): [0,25828,com.android.permissioncontroller]
01-11 07:31:37.990 D/CompatibilityChangeReporter( 1487): Compat change id reported: 168419799; UID 10093; state: DISABLED
01-11 07:31:37.999 I/am_uid_active( 1487): 10093
01-11 07:31:38.002 W/ActivityManager( 1487): ProcessRecord{6919f14 0:com.android.shell/2000} is attached to a previous process 3764
01-11 07:31:38.003 I/am_uid_running( 1487): 2000
01-11 07:31:38.003 W/VoiceInteractionManager( 1487): no available voice recognition services found for user 0
01-11 07:31:38.003 I/ActivityManager( 1487): com.android.shell is exempt from freezer
01-11 07:31:38.003 D/CompatibilityChangeReporter( 1487): Compat change id reported: 135634846; UID 2000; state: DISABLED
01-11 07:31:38.003 D/CompatibilityChangeReporter( 1487): Compat change id reported: 177438394; UID 2000; state: DISABLED
01-11 07:31:38.003 D/CompatibilityChangeReporter( 1487): Compat change id reported: 135772972; UID 2000; state: DISABLED
01-11 07:31:38.003 D/CompatibilityChangeReporter( 1487): Compat change id reported: 135754954; UID 2000; state: ENABLED
01-11 07:31:38.010 V/ActivityManager( 1487): Got obituary of 3764:com.android.shell
01-11 07:31:38.017 W/NotificationService( 1487): Toast already killed. pkg=com.android.settings token=android.os.BinderProxy@452ba71
01-11 07:31:38.022 I/am_proc_start( 1487): [0,25851,2000,com.android.shell,content provider,{com.android.shell/com.android.shell.BugreportStorageProvider}]
01-11 07:31:38.022 I/ActivityManager( 1487): Start proc 25851:com.android.shell/2000 for content provider {com.android.shell/com.android.shell.BugreportStorageProvider}
01-01 11:31:51.158 I/binder ( 0): 25851:25851 ioctl 40046210 7ffca76594 returned -22
01-11 07:31:38.046 I/am_proc_bound( 1487): [0,25851,com.android.shell]
01-11 07:31:38.047 D/CompatibilityChangeReporter( 1487): Compat change id reported: 168419799; UID 2000; state: DISABLED
01-11 07:31:38.131 I/sysui_multi_action(22944): [757,830,758,4,833,0,854,build_number,1089,0]
01-11 07:31:38.139 I/auditd ( 0): type=1400 audit(0.0:14324): avc: denied { kill } for comm="swapper/3" capability=5 scontext=u:r:kernel:s0 tcontext=u:r:kernel:s0 tclass=capability permissive=0
01-11 07:31:38.149 I/commit_sys_config_file( 1487): [settings-0-0,9]
01-11 07:31:38.334 I/sysui_multi_action(22944): [757,830,758,4,833,0,854,build_number,1089,0]
01-01 11:31:51.461 I/ ( 0): read descriptors
01-01 11:31:51.461 I/ ( 0): read strings
01-11 07:31:38.989 D/CompanionDeviceManagerService( 1487): onPackageModified(packageName = com.android.settings)
01-01 11:31:52.112 I/init ( 0): starting service 'idmap2d'...
01-11 07:31:38.993 I/Telecom ( 1487): DefaultDialerCache: Refreshing default dialer for user 0: now null: DDC.oR@AC8
01-01 11:31:52.126 I/init ( 0): Control message: Processed ctl.start for 'idmap2d' from pid: 1487 (system_server)
01-11 07:31:39.012 W/VoiceInteractionManager( 1487): no available voice recognition services found for user 0
01-01 11:31:52.145 I/binder ( 0): 25879:25879 ioctl 40046210 7fd29c5284 returned -22
01-11 07:31:39.080 I/sysui_multi_action(22944): [757,830,758,4,833,0,854,top_level_game,1089,0]
01-11 07:31:39.139 I/auditd ( 0): type=1400 audit(0.0:14325): avc: denied { kill } for comm="swapper/3" capability=5 scontext=u:r:kernel:s0 tcontext=u:r:kernel:s0 tclass=capability permissive=0
01-11 07:31:39.192 I/sysui_multi_action(22944): [757,40,758,2,1089,4065]
01-11 07:31:39.209 I/sysui_multi_action(22944): [757,3000,758,1,833,0,1089,14]
01-11 07:31:39.209 I/sysui_multi_action(22944): [757,1729,758,4,854,isParalleledControllers:false,1089,14]
01-01 11:31:52.481 I/ ( 0): read descriptors
01-01 11:31:52.481 I/ ( 0): read strings
01-11 07:31:39.482 I/sysui_multi_action(22944): [757,830,758,4,833,0,854,top_level_system,1089,0]
01-11 07:31:39.583 I/sysui_multi_action(22944): [757,3000,758,2,1089,374]
01-11 07:31:39.608 I/sysui_multi_action(22944): [757,744,758,1,833,0,1089,22]
01-11 07:31:39.612 I/sysui_multi_action(22944): [757,1729,758,4,854,isParalleledControllers:false,1089,25]
01-11 07:31:40.139 I/auditd ( 0): type=1400 audit(0.0:14326): avc: denied { kill } for comm="swapper/3" capability=5 scontext=u:r:kernel:s0 tcontext=u:r:kernel:s0 tclass=capability permissive=0
01-01 11:31:53.502 I/ ( 0): read descriptors
01-01 11:31:53.502 I/ ( 0): read strings
01-11 07:31:40.551 I/sysui_multi_action(22944): [757,830,758,4,833,0,854,dashboard_tile_pref_com.android.settings.Settings$DevelopmentSettingsDashboardActivity,1089,0]
01-11 07:31:40.555 I/sysui_multi_action(22944): [757,744,758,2,1089,947]
01-11 07:31:40.593 E/UserRestrictionsUtils( 1487): Unknown restriction queried by uid 1000 (com.tc.logclient et al): null
01-11 07:31:40.594 E/UserRestrictionsUtils( 1487): Unknown restriction queried by uid 1000 (com.tc.logclient et al): null
01-11 07:31:40.595 E/UserRestrictionsUtils( 1487): Unknown restriction queried by uid 1000 (com.tc.logclient et al): null
01-11 07:31:40.595 E/UserRestrictionsUtils( 1487): Unknown restriction queried by uid 1000 (com.tc.logclient et al): null
01-11 07:31:40.596 E/UserRestrictionsUtils( 1487): Unknown restriction queried by uid 1000 (com.tc.logclient et al): null
01-11 07:31:40.597 E/UserRestrictionsUtils( 1487): Unknown restriction queried by uid 1000 (com.tc.logclient et al): null
01-11 07:31:40.597 E/UserRestrictionsUtils( 1487): Unknown restriction queried by uid 1000 (com.tc.logclient et al): null
01-11 07:31:40.598 E/UserRestrictionsUtils( 1487): Unknown restriction queried by uid 1000 (com.tc.logclient et al): null
01-11 07:31:40.603 E/UserRestrictionsUtils( 1487): Unknown restriction queried by uid 1000 (com.tc.logclient et al): null
01-11 07:31:40.635 I/ProcessStatsService( 1487): Added stats: 1970-01-08-06-56-40, over +35s678ms
01-11 07:31:40.646 I/ProcessStatsService( 1487): Added stats: 1970-01-01-08-00-09, over +3h3m5s558ms
01-11 07:31:40.647 I/auditd (22944): type=1400 audit(0.0:14327): avc: denied { read } for comm="ndroid.settings" name="pagetypeinfo" dev="proc" ino=4026531857 scontext=u:r:system_app:s0 tcontext=u:object_r:proc_pagetypeinfo:s0 tclass=file permissive=0
01-11 07:31:40.651 I/auditd (22944): type=1400 audit(0.0:14328): avc: denied { search } for comm="ndroid.settings" name="zram0" dev="sysfs" ino=56702 scontext=u:r:system_app:s0 tcontext=u:object_r:sysfs_zram:s0 tclass=dir permissive=0
01-11 07:31:40.651 I/auditd (22944): type=1400 audit(0.0:14329): avc: denied { search } for comm="ndroid.settings" name="zram0" dev="sysfs" ino=56702 scontext=u:r:system_app:s0 tcontext=u:object_r:sysfs_zram:s0 tclass=dir permissive=0
01-11 07:31:40.682 I/sysui_multi_action(22944): [757,853,758,4,854,null/switch_bar,1089,1]
01-11 07:31:40.684 I/sysui_multi_action(22944): [757,39,758,1,833,0,1089,127]
01-11 07:31:40.684 D/TelephonyRegistry( 1487): listen oscl: mHasNotifySubscriptionInfoChangedOccurred==false no callback
01-11 07:31:40.686 D/TelephonyRegistry( 1487): listen oscl: mHasNotifySubscriptionInfoChangedOccurred==false no callback
01-11 07:31:40.706 I/ProcessStatsService( 1487): Added stats: 1970-01-08-06-56-40, over +35s678ms
01-11 07:31:40.709 I/ProcessStatsService( 1487): Added stats: 1970-01-01-08-00-09, over +3h3m5s558ms
01-11 07:31:40.710 I/sysui_multi_action(22944): [757,1729,758,4,854,isParalleledControllers:false,1089,154]
01-11 07:31:40.707 I/auditd (22944): type=1400 audit(0.0:14330): avc: denied { read } for comm="pool-2-thread-1" name="pagetypeinfo" dev="proc" ino=4026531857 scontext=u:r:system_app:s0 tcontext=u:object_r:proc_pagetypeinfo:s0 tclass=file permissive=0
01-11 07:31:40.707 I/auditd (22944): type=1400 audit(0.0:14331): avc: denied { search } for comm="pool-2-thread-1" name="zram0" dev="sysfs" ino=56702 scontext=u:r:system_app:s0 tcontext=u:object_r:sysfs_zram:s0 tclass=dir permissive=0
01-01 11:31:53.831 W/audit ( 0): audit_lost=1718 audit_rate_limit=5 audit_backlog_limit=64
01-01 11:31:53.831 E/audit ( 0): rate limit exceeded
01-11 07:31:40.884 I/commit_sys_config_file( 1487): [settings-0-0,5]
01-01 11:31:54.526 I/ ( 0): read descriptors
01-01 11:31:54.526 I/ ( 0): read strings
01-11 07:31:42.035 I/sysui_multi_action( 1487): [757,1717,758,1,759,0]
01-11 07:31:42.035 I/sysui_multi_action( 1487): [757,1717,758,2,759,0]
01-11 07:31:42.036 I/sysui_multi_action( 1487): [757,1717,758,3,759,0]
01-11 07:31:42.059 W/NotificationService( 1487): Toast already killed. pkg=com.android.settings token=android.os.BinderProxy@719b39c
01-11 07:31:42.139 I/auditd ( 0): type=1400 audit(0.0:14334): avc: denied { kill } for comm="swapper/3" capability=5 scontext=u:r:kernel:s0 tcontext=u:r:kernel:s0 tclass=capability permissive=0
01-01 11:31:55.545 I/ ( 0): read descriptors
01-01 11:31:55.545 I/ ( 0): read strings
01-11 07:31:43.139 I/auditd ( 0): type=1400 audit(0.0:14335): avc: denied { kill } for comm="swapper/3" capability=5 scontext=u:r:kernel:s0 tcontext=u:r:kernel:s0 tclass=capability permissive=0
01-11 07:31:43.418 I/sysui_multi_action(22944): [757,830,758,4,833,0,854,enable_adb,1089,0]
01-01 11:31:56.569 I/ ( 0): read descriptors
01-01 11:31:56.569 I/ ( 0): read strings
01-11 07:31:43.476 I/sysui_multi_action(22944): [757,1222,758,1,833,0,1089,37]
01-11 07:31:43.488 I/input_focus( 1487): [Focus request 42a997a com.android.settings/com.android.settings.Settings,reason=UpdateInputWindows]
01-11 07:31:43.509 I/input_focus( 1487): [Focus leaving c6452e2 com.android.settings/com.android.settings.Settings (server),reason=setFocusedWindow]
01-11 07:31:43.509 I/input_focus( 1487): [Focus entering 42a997a com.android.settings/com.android.settings.Settings (server),reason=setFocusedWindow]
01-01 11:31:57.589 I/ ( 0): read descriptors
01-01 11:31:57.589 I/ ( 0): read strings
01-11 07:31:44.561 I/input_interaction( 1487): Interaction with: 42a997a com.android.settings/com.android.settings.Settings (server), edge-swipe (server), swipe-up (server), PointerEventDispatcher0 (server),
01-01 11:31:57.822 I/init ( 0): Control message: Processed ctl.start for 'adbd' from pid: 1487 (system_server)
01-11 07:31:44.711 I/UsbDeviceManager( 1487): Setting USB config to adb
01-01 11:31:57.836 I/init ( 0): processing action (sys.usb.config=none && sys.usb.configfs=1) from (/vendor/etc/init/hw/init.qcom.usb.rc:142)
01-11 07:31:44.717 I/input_focus( 1487): [Focus request c6452e2 com.android.settings/com.android.settings.Settings,reason=UpdateInputWindows]
01-01 11:31:57.837 I/ ( 0): mtp_release
01-11 07:31:44.723 I/sysui_multi_action(22944): [757,1222,758,2,1089,1247]
01-01 11:31:57.843 I/init ( 0): Command 'rm /config/usb_gadget/g1/configs/b.1/f2' action=sys.usb.config=none && sys.usb.configfs=1 (/vendor/etc/init/hw/init.qcom.usb.rc:144) took 0ms and failed: unlink() failed: No such file or directory
01-01 11:31:57.843 I/init ( 0): Command 'rm /config/usb_gadget/g1/configs/b.1/f3' action=sys.usb.config=none && sys.usb.configfs=1 (/vendor/etc/init/hw/init.qcom.usb.rc:145) took 0ms and failed: unlink() failed: No such file or directory
01-01 11:31:57.843 I/init ( 0): Command 'rm /config/usb_gadget/g1/configs/b.1/f4' action=sys.usb.config=none && sys.usb.configfs=1 (/vendor/etc/init/hw/init.qcom.usb.rc:146) took 0ms and failed: unlink() failed: No such file or directory
01-01 11:31:57.843 I/init ( 0): Command 'rm /config/usb_gadget/g1/configs/b.1/f5' action=sys.usb.config=none && sys.usb.configfs=1 (/vendor/etc/init/hw/init.qcom.usb.rc:147) took 0ms and failed: unlink() failed: No such file or directory
01-01 11:31:57.844 I/init ( 0): Command 'rm /config/usb_gadget/g1/configs/b.1/f6' action=sys.usb.config=none && sys.usb.configfs=1 (/vendor/etc/init/hw/init.qcom.usb.rc:148) took 0ms and failed: unlink() failed: No such file or directory
01-01 11:31:57.844 I/init ( 0): Command 'rm /config/usb_gadget/g1/configs/b.1/f7' action=sys.usb.config=none && sys.usb.configfs=1 (/vendor/etc/init/hw/init.qcom.usb.rc:149) took 0ms and failed: unlink() failed: No such file or directory
01-01 11:31:57.844 I/init ( 0): Command 'rm /config/usb_gadget/g1/configs/b.1/f8' action=sys.usb.config=none && sys.usb.configfs=1 (/vendor/etc/init/hw/init.qcom.usb.rc:150) took 0ms and failed: unlink() failed: No such file or directory
01-01 11:31:57.844 I/init ( 0): Command 'rm /config/usb_gadget/g1/configs/b.1/f9' action=sys.usb.config=none && sys.usb.configfs=1 (/vendor/etc/init/hw/init.qcom.usb.rc:151) took 0ms and failed: unlink() failed: No such file or directory
01-11 07:31:44.744 I/input_focus( 1487): [Focus entering c6452e2 com.android.settings/com.android.settings.Settings (server),reason=setFocusedWindow]
01-01 11:31:57.911 I/ ( 0): read descriptors
01-01 11:31:57.911 I/ ( 0): read strings
01-01 11:31:57.982 I/android_work( 0): sent uevent USB_STATE=DISCONNECTED
01-11 07:31:44.906 I/commit_sys_config_file( 1487): [settings-0-0,6]
01-11 07:31:44.917 W/Looper ( 1487): Slow dispatch took 214ms android.fg h=com.android.server.usb.UsbDeviceManager$UsbHandlerLegacy c=null m=1
01-11 07:31:44.917 I/notification_enqueue( 1487): [1000,1487,android,26,NULL,-1,Notification(channel=DEVELOPER_IMPORTANT shortcut=null contentView=null vibrate=null sound=null tick defaults=0x0 flags=0x2 color=0x00000000 vis=PUBLIC),0]
01-11 07:31:44.918 W/Looper ( 1487): Slow delivery took 214ms android.fg h=com.android.server.adb.AdbDebuggingManager$AdbDebuggingHandler c=null m=1
01-11 07:31:44.921 W/Looper ( 1487): Drained
01-01 11:31:58.087 E/msm-dwc3 a600000.ssusb( 0): Could not get usb psy
01-01 11:31:58.181 E/msm-dwc3 a600000.ssusb( 0): Could not get usb psy
01-01 11:31:58.181 I/android_work( 0): did not send uevent (0 0 0000000000000000)
01-11 07:31:45.119 I/sysui_multi_action( 1487): [757,1501,758,1,793,204,794,0,795,204,796,26,806,android,857,DEVELOPER_IMPORTANT,858,4,947,0,1500,0]
01-11 07:31:45.119 I/sysui_multi_action( 1487): [757,804,799,note_interruptive,801,0,802,1]
01-11 07:31:45.120 I/GameModeConfig( 1487): isGameModeOn = false
01-11 07:31:45.123 I/sysui_multi_action( 1487): [757,1501,758,1,793,207,794,0,795,207,796,26,806,android,857,DEVELOPER_IMPORTANT,858,4,947,0,1500,0,1688,1]
01-11 07:31:45.123 I/sysui_multi_action( 1487): [757,804,799,note_interruptive,801,0,802,1]
01-11 07:31:45.123 I/sysui_multi_action( 1487): [757,199,758,1,759,2,793,208,794,0,795,208,796,26,806,android,857,DEVELOPER_IMPORTANT,858,4,947,0,1500,1,1688,1]
01-11 07:31:45.123 I/notification_alert( 1487): [-1|android|26|null|1000,0,1,0]
01-11 07:31:45.125 W/NotificationHistory( 1487): Attempted to add notif for locked/gone/disabled user 0
01-01 11:31:58.270 I/android_work( 0): sent uevent USB_STATE=CONNECTED
01-01 11:31:58.289 E/msm-dwc3 a600000.ssusb( 0): Could not get usb psy
01-01 11:31:58.294 I/configfs-gadget gadget( 0): high-speed config #1: b
01-01 11:31:58.294 E/msm-dwc3 a600000.ssusb( 0): Could not get usb psy
01-01 11:31:58.294 I/android_work( 0): sent uevent USB_STATE=CONFIGURED
01-11 07:31:45.222 I/sysui_multi_action( 2006): [757,803,799,note_peek,802,1]
01-11 07:31:45.227 I/sysui_multi_action( 1487): [757,127,758,1]
01-11 07:31:45.227 I/sysui_multi_action( 1487): [757,804,799,note_load,801,1,802,1]
01-11 07:31:45.227 I/notification_panel_revealed( 1487): 1
01-11 07:31:45.228 I/sysui_heads_up_status( 2006): [-1|android|26|null|1000,1]
01-11 07:31:45.231 I/sysui_multi_action( 1487): [757,128,758,1,793,12656935,794,0,795,12656935,796,17303299,797,com.android.wifi,798,1,806,android,857,NETWORK_AVAILABLE,858,2,947,0,1395,3,1500,12656733,1688,1]
01-11 07:31:45.231 I/sysui_multi_action( 1487): [757,804,799,note_freshness,801,12656935,802,1]
01-11 07:31:45.231 I/notification_visibility( 1487): [0|android|17303299|com.android.wifi|1000,1,12656935,12656935,0,1]
01-11 07:31:45.231 I/sysui_multi_action( 1487): [757,128,758,1,793,12705260,794,0,795,12705260,796,32,798,2,806,android,857,USB,858,1,947,0,1395,3,1500,12704856,1688,1]
01-11 07:31:45.232 I/sysui_multi_action( 1487): [757,804,799,note_freshness,801,12705260,802,1]
01-11 07:31:45.232 I/notification_visibility( 1487): [-1|android|32|null|1000,1,12705260,12705260,0,2]
01-11 07:31:45.732 I/sysui_multi_action( 1487): [757,128,758,1,793,817,794,0,795,817,796,26,798,0,806,android,857,DEVELOPER_IMPORTANT,858,4,947,0,1395,3,1500,610,1688,1]
01-11 07:31:45.732 I/sysui_multi_action( 1487): [757,804,799,note_freshness,801,817,802,1]
01-11 07:31:45.732 I/notification_visibility( 1487): [-1|android|26|null|1000,1,817,817,0,0]
01-11 07:31:45.733 I/sysui_multi_action( 1487): [757,128,758,2,793,12657437,794,502,795,12657437,796,17303299,797,com.android.wifi,798,1,806,android,857,NETWORK_AVAILABLE,858,2,947,0,1395,3,1500,12657235,1688,1]
01-11 07:31:45.733 I/notification_visibility( 1487): [0|android|17303299|com.android.wifi|1000,0,12657437,12657437,0,1]
01-11 07:31:45.733 I/sysui_multi_action( 1487): [757,128,758,2,793,12705762,794,502,795,12705762,796,32,798,2,806,android,857,USB,858,1,947,0,1395,3,1500,12705358,1688,1]
01-11 07:31:45.733 I/notification_visibility( 1487): [-1|android|32|null|1000,0,12705762,12705762,0,2]
01-01 11:31:58.876 I/afe_find_cal_topo_id_by_port( 0): port id: 0x9000, dev_acdb_id: 0
01-01 11:31:58.876 I/afe_find_cal_topo_id_by_port( 0): top_id:112fc acdb_id:15 afe_port:0x9000
01-01 11:31:58.876 I/afe_get_cal_topology_id( 0): port_id = 0x9000 acdb_id = 15 topology_id = 0x112fc cal_type_index=8 ret=0
01-01 11:31:58.876 I/afe_send_port_topology_id( 0): AFE set topology id 0x112fc enable for port 0x9000 ret 0
01-01 11:31:58.876 I/send_afe_cal_type( 0): cal_index is 0
01-01 11:31:58.876 I/send_afe_cal_type( 0): dev_acdb_id[55] is 0
01-01 11:31:58.876 I/send_afe_cal_type( 0): Sending cal_index cal 0
01-01 11:31:58.876 E/send_afe_cal_type( 0): No cal sent for cal_index 0, port_id = 0x9000! ret -22
01-01 11:31:58.877 I/afe_send_hw_delay( 0): port_id 0x9000 rate 48000 delay_usec 474 status 0
01-11 07:31:45.897 I/commit_sys_config_file( 1487): [settings-2-0,5]
01-11 07:31:46.139 I/auditd ( 0): type=1400 audit(0.0:14336): avc: denied { kill } for comm="swapper/3" capability=5 scontext=u:r:kernel:s0 tcontext=u:r:kernel:s0 tclass=capability permissive=0
01-11 07:31:47.139 I/auditd ( 0): type=1400 audit(0.0:14337): avc: denied { kill } for comm="swapper/3" capability=5 scontext=u:r:kernel:s0 tcontext=u:r:kernel:s0 tclass=capability permissive=0
01-11 07:31:47.962 I/commit_sys_config_file( 1487): [package-user-0,6]
01-11 07:31:48.139 I/auditd ( 0): type=1400 audit(0.0:14338): avc: denied { kill } for comm="swapper/3" capability=5 scontext=u:r:kernel:s0 tcontext=u:r:kernel:s0 tclass=capability permissive=0
01-11 07:31:48.190 W/WindowManager( 1487): removeWindowToken: Attempted to remove non-existing token: android.os.Binder@272ff85
01-11 07:31:48.384 W/WindowManager( 1487): removeWindowToken: Attempted to remove non-existing token: android.os.Binder@14d7f94
01-11 07:31:48.741 W/WindowManager( 1487): removeWindowToken: Attempted to remove non-existing token: android.os.Binder@44d0100
01-11 07:31:48.941 W/WindowManager( 1487): removeWindowToken: Attempted to remove non-existing token: android.os.Binder@6e0056
01-11 07:31:49.048 W/OverlayManager( 1487): service 'idmap' died
01-11 07:31:49.143 I/auditd ( 0): type=1400 audit(0.0:14339): avc: denied { kill } for comm="swapper/3" capability=5 scontext=u:r:kernel:s0 tcontext=u:r:kernel:s0 tclass=capability permissive=0
01-11 07:31:50.139 I/auditd ( 0): type=1400 audit(0.0:14340): avc: denied { kill } for comm="swapper/3" capability=5 scontext=u:r:kernel:s0 tcontext=u:r:kernel:s0 tclass=capability permissive=0
01-01 11:32:03.830 I/afe_close( 0): port_id = 0x9000
01-11 07:31:50.932 I/sysui_heads_up_status( 2006): [-1|android|26|null|1000,0]
01-11 07:31:51.139 I/auditd ( 0): type=1400 audit(0.0:14341): avc: denied { kill } for comm="swapper/3" capability=5 scontext=u:r:kernel:s0 tcontext=u:r:kernel:s0 tclass=capability permissive=0
01-11 07:31:51.389 I/sysui_multi_action( 1487): [757,128,758,1,793,12663093,794,0,795,12663093,796,17303299,797,com.android.wifi,798,1,806,android,857,NETWORK_AVAILABLE,858,2,947,0,1395,3,1500,12662891,1688,1]
01-11 07:31:51.390 I/sysui_multi_action( 1487): [757,804,799,note_freshness,801,12663093,802,1]
01-11 07:31:51.390 I/notification_visibility( 1487): [0|android|17303299|com.android.wifi|1000,1,12663093,12663093,0,1]
01-11 07:31:51.391 I/sysui_multi_action( 1487): [757,128,758,1,793,12711419,794,0,795,12711419,796,32,798,2,806,android,857,USB,858,1,947,0,1395,3,1500,12711015,1688,1]
01-11 07:31:51.391 I/sysui_multi_action( 1487): [757,804,799,note_freshness,801,12711419,802,1]
01-11 07:31:51.391 I/notification_visibility( 1487): [-1|android|32|null|1000,1,12711419,12711419,0,2]
01-11 07:31:51.393 I/sysui_multi_action( 1487): [757,128,758,2,793,6477,794,5660,795,6477,796,26,798,0,806,android,857,DEVELOPER_IMPORTANT,858,4,947,0,1395,3,1500,6270,1688,1]
01-11 07:31:51.398 I/notification_visibility( 1487): [-1|android|26|null|1000,0,6477,6477,0,0]
01-11 07:31:51.399 I/sysui_multi_action( 1487): [757,128,758,2,793,12663103,794,10,795,12663103,796,17303299,797,com.android.wifi,798,1,806,android,857,NETWORK_AVAILABLE,858,2,947,0,1395,3,1500,12662901,1688,1]
01-11 07:31:51.399 I/notification_visibility( 1487): [0|android|17303299|com.android.wifi|1000,0,12663103,12663103,0,1]
01-11 07:31:51.399 I/sysui_multi_action( 1487): [757,128,758,2,793,12711428,794,9,795,12711428,796,32,798,2,806,android,857,USB,858,1,947,0,1395,3,1500,12711024,1688,1]
01-11 07:31:51.399 I/notification_visibility( 1487): [-1|android|32|null|1000,0,12711428,12711428,0,2]
01-11 07:31:51.400 I/sysui_multi_action( 1487): [757,127,758,2]
01-11 07:31:51.400 I/notification_panel_hidden( 1487):
01-11 07:31:52.139 I/auditd ( 0): type=1400 audit(0.0:14342): avc: denied { kill } for comm="swapper/3" capability=5 scontext=u:r:kernel:s0 tcontext=u:r:kernel:s0 tclass=capability permissive=0
01-11 07:31:52.319 I/auditd ( 1487): type=1400 audit(0.0:14343): avc: denied { getopt } for comm="Binder:1487_13" scontext=u:r:system_server:s0 tcontext=u:r:shell:s0 tclass=unix_stream_socket permissive=0
01-11 07:31:52.319 I/auditd ( 1487): type=1400 audit(0.0:14344): avc: denied { getopt } for comm="Binder:1487_13" scontext=u:r:system_server:s0 tcontext=u:r:shell:s0 tclass=unix_stream_socket permissive=0
01-11 07:31:52.319 I/auditd ( 1487): type=1400 audit(0.0:14345): avc: denied { getopt } for comm="Binder:1487_13" scontext=u:r:system_server:s0 tcontext=u:r:shell:s0 tclass=unix_stream_socket permissive=0
01-01 11:32:05.440 I/binder ( 0): 25940:25942 ioctl 40046210 781abf1924 returned -22
01-11 07:31:52.338 I/commit_sys_config_file( 1487): [package-session,12714091]
01-11 07:31:52.346 I/commit_sys_config_file( 1487): [package-session,12714099]
01-11 07:31:52.802 W/WindowManager( 1487): removeWindowToken: Attempted to remove non-existing token: android.os.Binder@edb73
01-11 07:31:53.031 I/auditd ( 1487): type=1400 audit(0.0:14346): avc: denied { getopt } for comm="Binder:1487_13" scontext=u:r:system_server:s0 tcontext=u:r:shell:s0 tclass=unix_stream_socket permissive=0
01-11 07:31:53.042 I/commit_sys_config_file( 1487): [package-session,12714794]
01-11 07:31:53.139 I/auditd ( 0): type=1400 audit(0.0:14347): avc: denied { kill } for comm="swapper/3" capability=5 scontext=u:r:kernel:s0 tcontext=u:r:kernel:s0 tclass=capability permissive=0
01-11 07:31:53.257 W/PackageParsing( 1487): Ignoring duplicate uses-permissions/uses-permissions-sdk-m: android.permission.ACCESS_WIFI_STATE in package: com.tencent.qqmusicpad at: Binary XML file line #17
01-11 07:31:53.258 W/PackageParsing( 1487): Unknown element under : supports-gl-texture at /data/app/vmdl1898604161.tmp/base.apk Binary XML file line #43
01-11 07:31:53.259 W/PackageParsing( 1487): Unknown element under : supports-gl-texture at /data/app/vmdl1898604161.tmp/base.apk Binary XML file line #44
01-11 07:31:53.263 W/PackageParsing( 1487): No actions in intent-filter at /data/app/vmdl1898604161.tmp/base.apk Binary XML file line #217
01-11 07:31:53.284 W/RuleEvaluation( 1487): Integrity rule files are not available.
01-11 07:31:53.284 I/PackageManager( 1487): Integrity check passed for file:///data/app/vmdl1898604161.tmp
01-11 07:31:53.299 W/PackageParsing( 1487): Ignoring duplicate uses-permissions/uses-permissions-sdk-m: android.permission.ACCESS_WIFI_STATE in package: com.tencent.qqmusicpad at: Binary XML file line #17
01-11 07:31:53.300 W/PackageParsing( 1487): Unknown element under : supports-gl-texture at /data/app/vmdl1898604161.tmp/base.apk Binary XML file line #43
01-11 07:31:53.300 W/PackageParsing( 1487): Unknown element under : supports-gl-texture at /data/app/vmdl1898604161.tmp/base.apk Binary XML file line #44
01-11 07:31:53.303 W/PackageParsing( 1487): No actions in intent-filter at /data/app/vmdl1898604161.tmp/base.apk Binary XML file line #217
01-11 07:31:53.345 D/CompatibilityChangeReporter( 1487): Compat change id reported: 133396946; UID -1; state: DISABLED
01-11 07:31:53.349 I/PackageManager( 1487): Permission ownership changed. Updating all permissions.
01-01 11:32:06.511 I/logd ( 0): start watching /data/system/packages.list ...
01-11 07:31:53.393 I/commit_sys_config_file( 1487): [package-user-0,1]
01-11 07:31:53.393 I/commit_sys_config_file( 1487): [package,26]
01-01 11:32:06.522 I/logd ( 0): ReadPackageList, total packages: 104
01-11 07:31:53.459 V/StorageManagerService( 1487): Package null has legacy storage
01-11 07:31:54.139 I/auditd (24475): type=1400 audit(0.0:14348): avc: denied { kill } for comm="kworker/u16:12" capability=5 scontext=u:r:kernel:s0 tcontext=u:r:kernel:s0 tclass=capability permissive=0
01-11 07:31:54.368 V/BackupManagerService( 1487): [UserID:0] restoreAtInstall pkg=com.tencent.qqmusicpad token=1 restoreSet=0
01-11 07:31:54.368 V/BackupManagerService( 1487): [UserID:0] Finishing install immediately
01-11 07:31:54.370 I/unknown_sources_enabled( 1487): 1
01-11 07:31:54.373 D/CompatibilityChangeReporter( 1487): Compat change id reported: 168419799; UID 10093; state: DISABLED
01-11 07:31:54.377 D/CompatibilityChangeReporter( 1487): Compat change id reported: 168419799; UID 10096; state: DISABLED
01-11 07:31:54.378 I/commit_sys_config_file( 1487): [package-session,12716131]
01-11 07:31:54.375 I/auditd ( 1487): type=1400 audit(0.0:14349): avc: denied { getopt } for comm="Binder:1487_13" scontext=u:r:system_server:s0 tcontext=u:r:shell:s0 tclass=unix_stream_socket permissive=0
01-11 07:31:54.375 I/auditd ( 1487): type=1400 audit(0.0:14350): avc: denied { getopt } for comm="Binder:1487_13" scontext=u:r:system_server:s0 tcontext=u:r:shell:s0 tclass=unix_stream_socket permissive=0
01-11 07:31:54.375 I/auditd ( 1487): type=1400 audit(0.0:14351): avc: denied { getopt } for comm="Binder:1487_13" scontext=u:r:system_server:s0 tcontext=u:r:shell:s0 tclass=unix_stream_socket permissive=0
01-11 07:31:54.381 I/commit_sys_config_file( 1487): [overlays,12717458]
01-11 07:31:54.387 D/VcnManagementService( 1487): new snapshot: TelephonySubscriptionSnapshot{ mActiveDataSubId=-1, mSubIdToInfoMap={}, mPrivilegedPackages={} }
01-11 07:31:54.397 D/CompatibilityChangeReporter( 1487): Compat change id reported: 168419799; UID 10071; state: DISABLED
01-11 07:31:54.399 W/BroadcastQueue( 1487): Background execution not allowed: receiving Intent { act=android.intent.action.PACKAGE_ADDED dat=package:com.tencent.qqmusicpad flg=0x4000010 (has extras) } to com.android.packageinstaller/.PackageInstalledReceiver
01-11 07:31:54.399 W/BroadcastQueue( 1487): Background execution not allowed: receiving Intent { act=android.intent.action.PACKAGE_ADDED dat=package:com.tencent.qqmusicpad flg=0x4000010 (has extras) } to com.android.gallery3d/.app.PackagesMonitor
01-11 07:31:54.401 I/Telecom ( 1487): DefaultDialerCache: Refreshing default dialer for user 0: now null: DDC.oR@ADA
01-11 07:31:54.403 V/BackupManagerConstants( 1487): getFullBackupIntervalMilliseconds(...) returns 86400000
01-11 07:31:54.404 V/BackupManagerConstants( 1487): getFullBackupRequiredNetworkType(...) returns 2
01-11 07:31:54.404 V/BackupManagerConstants( 1487): getFullBackupRequireCharging(...) returns true
01-11 07:31:54.406 D/CompatibilityChangeReporter( 1487): Compat change id reported: 168419799; UID 10022; state: DISABLED
01-11 07:31:54.410 I/notification_cancel_all( 1487): [1000,1487,com.tencent.qqmusicpad,0,0,0,5,NULL]
01-11 07:31:54.415 W/VoiceInteractionManager( 1487): no available voice recognition services found for user 0
01-11 07:31:54.417 W/PackageManager( 1487): Failed registering loading progress callback. Package is fully loaded.
01-11 07:31:54.424 D/CompanionDeviceManagerService( 1487): onPackageModified(packageName = com.tencent.qqmusicpad)
01-11 07:31:54.424 I/Telecom ( 1487): DefaultDialerCache: Refreshing default dialer for user 0: now null: DDC.oR@ADE
01-11 07:31:54.428 I/am_pss ( 1487): [25108,10071,com.android.launcher3,74970112,60420096,0,225259520,0,5,9]
01-11 07:31:54.462 W/VoiceInteractionManager( 1487): no available voice recognition services found for user 0
01-11 07:31:55.129 I/GameModeConfig( 1487): isGameModeOn = false
01-11 07:31:55.143 I/auditd ( 0): type=1400 audit(0.0:14352): avc: denied { kill } for comm="swapper/3" capability=5 scontext=u:r:kernel:s0 tcontext=u:r:kernel:s0 tclass=capability permissive=0
01-11 07:31:56.143 I/auditd ( 0): type=1400 audit(0.0:14353): avc: denied { kill } for comm="swapper/3" capability=5 scontext=u:r:kernel:s0 tcontext=u:r:kernel:s0 tclass=capability permissive=0
01-11 07:31:57.143 I/auditd ( 0): type=1400 audit(0.0:14354): avc: denied { kill } for comm="swapper/3" capability=5 scontext=u:r:kernel:s0 tcontext=u:r:kernel:s0 tclass=capability permissive=0
01-11 07:31:57.194 I/input_interaction( 1487): Interaction with: c6452e2 com.android.settings/com.android.settings.Settings (server), edge-swipe (server), swipe-up (server), PointerEventDispatcher0 (server),
01-11 07:31:58.794 W/FreeFormWindowHelper( 1487): Current Display FreeFormTask is null
01-11 07:31:58.794 W/FreeFormWindowHelper( 1487): Current Display FreeFormTask is null
01-11 07:31:58.794 W/FreeFormWindowHelper( 1487): Current Display FreeFormTask is null
01-11 07:31:58.794 W/FreeFormWindowHelper( 1487): Current Display FreeFormTask is null
01-11 07:31:58.794 W/FreeFormWindowHelper( 1487): Current Display FreeFormTask is null
01-11 07:31:58.794 W/FreeFormWindowHelper( 1487): Current Display FreeFormTask is null
01-11 07:31:58.794 W/FreeFormWindowHelper( 1487): Current Display FreeFormTask is null
01-11 07:31:58.794 W/FreeFormWindowHelper( 1487): Current Display FreeFormTask is null
01-11 07:31:58.794 W/FreeFormWindowHelper( 1487): Current Display FreeFormTask is null
01-11 07:31:58.802 I/wm_task_moved( 1487): [83,0,0]
01-11 07:31:58.803 I/wm_task_moved( 1487): [83,0,13]
01-11 07:31:58.831 I/wm_on_restart_called(25108): [124244050,com.android.launcher3.uioverrides.QuickstepLauncher,performRestartActivity]
01-11 07:31:58.832 W/FreeFormWindowHelper( 1487): Current Display FreeFormTask is null
01-11 07:31:58.835 W/ContextImpl(19692): Calling a method in the system process without a qualified user: android.app.ContextImpl.startService:1816 android.content.ContextWrapper.startService:774 com.thundercomm.gamemode.ingame.services.GameModeActionUtils.startGameModeService:111 com.thundercomm.gamemode.ingame.services.GameModeActionUtils.startGameModeEntry:22 com.thundercomm.gamemode.ingame.services.ActivityMonitoringService$1.onActivityLaunch:129
01-11 07:31:58.842 I/GameModeConfig( 1487): Current uri is uri = content://com.thundercomm.gamemode.api/gamemode_settings/gamemode_isgaming
01-11 07:31:58.849 I/GameModeConfig( 1487): isGameModeOn = false
01-11 07:31:58.849 I/GameModeConfig( 1487): isGameModeOn = false
01-11 07:31:58.849 I/GameModeConfig( 1487): isDisableVoice = true
01-11 07:31:58.853 I/wm_on_start_called(25108): [124244050,com.android.launcher3.uioverrides.QuickstepLauncher,handleStartActivity]
01-11 07:31:58.854 I/view_enqueue_input_event(22944): [Motion - Cancel,com.android.settings/com.android.settings.Settings]
01-11 07:31:58.854 I/input_interaction( 1487): Interaction with: edge-swipe (server), swipe-up (server), PointerEventDispatcher0 (server),
01-11 07:31:58.858 I/input_focus( 1487): [Focus request recents_animation_input_consumer,reason=UpdateInputWindows]
01-11 07:31:58.862 W/FreeFormWindowHelper( 1487): Current Display FreeFormTask is null
01-11 07:31:58.863 I/sysui_latency(25108): [1,76]
01-11 07:31:58.869 W/FreeFormWindowHelper( 1487): Current Display FreeFormTask is null
01-11 07:31:58.875 I/sysui_multi_action( 1487): [319,15,322,67,325,12729,757,761,758,9,759,5,806,com.android.launcher3,871,com.android.launcher3.uioverrides.QuickstepLauncher,904,com.android.launcher3,905,0,1320,8,1321,5]
01-11 07:31:58.878 I/input_focus( 1487): [Focus leaving c6452e2 com.android.settings/com.android.settings.Settings (server),reason=NOT_FOCUSABLE]
01-11 07:31:58.879 I/input_focus( 1487): [Focus entering recents_animation_input_consumer (server),reason=setFocusedWindow]
01-11 07:31:58.880 W/FreeFormWindowHelper( 1487): Current Display FreeFormTask is null
01-11 07:31:58.893 W/FreeFormWindowHelper( 1487): Current Display FreeFormTask is null
01-11 07:31:58.927 W/FreeFormWindowHelper( 1487): Current Display FreeFormTask is null
01-11 07:31:59.058 I/commit_sys_config_file( 1487): [settings-1-0,4]
01-11 07:31:59.172 I/sysui_latency( 1487): [8,80]
01-11 07:31:59.561 W/FreeFormWindowHelper( 1487): Current Display FreeFormTask is null
01-11 07:31:59.563 I/wm_task_moved( 1487): [83,1,14]
01-11 07:31:59.565 I/wm_task_moved( 1487): [84,1,2147483647]
01-11 07:31:59.565 I/wm_task_to_front( 1487): [0,84]
01-11 07:31:59.565 I/wm_focused_root_task( 1487): [0,0,83,80,RecentsAnimation.onAnimationFinished()]
01-11 07:31:59.565 I/wm_set_resumed_activity( 1487): [0,com.android.launcher3/.uioverrides.QuickstepLauncher,RecentsAnimation.onAnimationFinished()]
01-11 07:31:59.566 I/wm_on_top_resumed_lost_called(22944): [112333459,com.android.settings.Settings,topStateChangedWhenResumed]
01-11 07:31:59.566 I/wm_pause_activity( 1487): [0,112333459,com.android.settings/.Settings,userLeaving=true,pauseBackTasks]
01-11 07:31:59.567 I/wm_add_to_stopping( 1487): [0,112333459,com.android.settings/.Settings,makeInvisible]
01-11 07:31:59.567 I/ActivityTaskManager( 1487): FOREGROUND_APPLICATION_CHANGED to com.android.launcher3.uioverrides.QuickstepLauncher
01-11 07:31:59.568 I/wm_set_resumed_activity( 1487): [0,com.android.launcher3/.uioverrides.QuickstepLauncher,resumeTopActivityInnerLocked]
01-11 07:31:59.570 I/wm_resume_activity( 1487): [0,124244050,84,com.android.launcher3/.uioverrides.QuickstepLauncher]
01-11 07:31:59.571 I/wm_on_resume_called(25108): [124244050,com.android.launcher3.uioverrides.QuickstepLauncher,RESUME_ACTIVITY]
01-11 07:31:59.579 I/input_focus( 1487): [Focus leaving recents_animation_input_consumer (server),reason=NOT_VISIBLE]
01-11 07:31:59.580 I/input_focus( 1487): [Focus request 76b7596 com.android.launcher3/com.android.launcher3.uioverrides.QuickstepLauncher,reason=UpdateInputWindows]
01-11 07:31:59.581 I/wm_on_top_resumed_gained_called(25108): [124244050,com.android.launcher3.uioverrides.QuickstepLauncher,topStateChangedWhenResumed]
01-11 07:31:59.581 I/sysui_multi_action(22944): [757,35,758,2,1089,26365]
01-11 07:31:59.583 I/sysui_multi_action(22944): [757,39,758,2,1089,18900]
01-11 07:31:59.584 I/wm_on_paused_called(22944): [112333459,com.android.settings.Settings,performPause]
01-11 07:31:59.586 I/wm_stop_activity( 1487): [0,112333459,com.android.settings/.Settings]
01-11 07:31:59.590 I/sysui_multi_action( 1487): [757,803,799,window_time_0,802,26]
01-11 07:31:59.592 I/sysui_multi_action( 1487): [757,803,799,window_time_0,802,0]
01-11 07:31:59.596 I/input_focus( 1487): [Focus entering 76b7596 com.android.launcher3/com.android.launcher3.uioverrides.QuickstepLauncher (server),reason=setFocusedWindow]
01-11 07:31:59.603 I/am_pss ( 1487): [25579,90000,com.microsoft.emmx:sandboxed_process0:org.chromium.content.app.SandboxedProcessService0:0,15010816,3899392,0,111058944,0,19,7]
01-11 07:31:59.610 I/am_pss ( 1487): [25851,2000,com.android.shell,5948416,4145152,0,91889664,0,19,5]
01-11 07:31:59.619 I/wm_on_stop_called(22944): [112333459,com.android.settings.Settings,STOP_ACTIVITY_ITEM]
01-11 07:31:59.644 W/ContextImpl(19692): Calling a method in the system process without a qualified user: android.app.ContextImpl.startService:1816 android.content.ContextWrapper.startService:774 com.thundercomm.gamemode.ingame.services.GameModeActionUtils.startGameModeService:111 com.thundercomm.gamemode.ingame.services.GameModeActionUtils.startGameModeEntry:22 com.thundercomm.gamemode.ingame.services.ActivityMonitoringService$1.onActivityLaunch:129
01-11 07:31:59.647 I/GameModeConfig( 1487): Current uri is uri = content://com.thundercomm.gamemode.api/gamemode_settings/gamemode_isgaming
01-11 07:31:59.648 I/GameModeConfig( 1487): isGameModeOn = false
01-11 07:31:59.649 I/GameModeConfig( 1487): isGameModeOn = false
01-11 07:31:59.649 I/GameModeConfig( 1487): isDisableVoice = true
01-11 07:31:59.679 W/FreeFormWindowHelper( 1487): Current Display FreeFormTask is null
01-11 07:31:59.679 W/FreeFormWindowHelper( 1487): Current Display FreeFormTask is null
01-11 07:31:59.679 W/FreeFormWindowHelper( 1487): Current Display FreeFormTask is null
01-11 07:31:59.686 W/ContextImpl(19692): Calling a method in the system process without a qualified user: android.app.ContextImpl.startService:1816 android.content.ContextWrapper.startService:774 com.thundercomm.gamemode.ingame.services.GameModeActionUtils.startGameModeService:111 com.thundercomm.gamemode.ingame.services.GameModeActionUtils.startGameModeEntry:22 com.thundercomm.gamemode.ingame.services.ActivityMonitoringService$1.onActivityLaunch:129
01-11 07:31:59.689 I/GameModeConfig( 1487): Current uri is uri = content://com.thundercomm.gamemode.api/gamemode_settings/gamemode_isgaming
01-11 07:31:59.691 I/GameModeConfig( 1487): isGameModeOn = false
01-11 07:31:59.692 I/GameModeConfig( 1487): isGameModeOn = false
01-11 07:31:59.692 I/GameModeConfig( 1487): isDisableVoice = true
01-11 07:32:00.143 I/auditd ( 0): type=1400 audit(0.0:14355): avc: denied { kill } for comm="swapper/0" capability=5 scontext=u:r:kernel:s0 tcontext=u:r:kernel:s0 tclass=capability permissive=0
01-11 07:32:01.139 I/auditd ( 0): type=1400 audit(0.0:14356): avc: denied { kill } for comm="swapper/0" capability=5 scontext=u:r:kernel:s0 tcontext=u:r:kernel:s0 tclass=capability permissive=0
01-11 07:32:02.139 I/auditd ( 0): type=1400 audit(0.0:14357): avc: denied { kill } for comm="swapper/0" capability=5 scontext=u:r:kernel:s0 tcontext=u:r:kernel:s0 tclass=capability permissive=0
01-11 07:32:03.139 I/auditd ( 0): type=1400 audit(0.0:14358): avc: denied { kill } for comm="swapper/0" capability=5 scontext=u:r:kernel:s0 tcontext=u:r:kernel:s0 tclass=capability permissive=0
01-11 07:32:03.826 I/input_interaction( 1487): Interaction with: 76b7596 com.android.launcher3/com.android.launcher3.uioverrides.QuickstepLauncher (server), c9f455c com.android.systemui.ImageWallpaper (server), edge-swipe (server), swipe-up (server), PointerEventDispatcher0 (server),
01-11 07:32:04.139 I/auditd ( 0): type=1400 audit(0.0:14359): avc: denied { kill } for comm="swapper/0" capability=5 scontext=u:r:kernel:s0 tcontext=u:r:kernel:s0 tclass=capability permissive=0
01-11 07:32:05.143 I/auditd ( 0): type=1400 audit(0.0:14360): avc: denied { kill } for comm="swapper/0" capability=5 scontext=u:r:kernel:s0 tcontext=u:r:kernel:s0 tclass=capability permissive=0
01-11 07:32:07.139 I/auditd ( 0): type=1400 audit(0.0:14361): avc: denied { kill } for comm="swapper/0" capability=5 scontext=u:r:kernel:s0 tcontext=u:r:kernel:s0 tclass=capability permissive=0
01-11 07:32:08.139 I/auditd ( 0): type=1400 audit(0.0:14362): avc: denied { kill } for comm="swapper/0" capability=5 scontext=u:r:kernel:s0 tcontext=u:r:kernel:s0 tclass=capability permissive=0
01-11 07:32:09.139 I/auditd ( 0): type=1400 audit(0.0:14363): avc: denied { kill } for comm="swapper/0" capability=5 scontext=u:r:kernel:s0 tcontext=u:r:kernel:s0 tclass=capability permissive=0
01-11 07:32:10.139 I/auditd ( 0): type=1400 audit(0.0:14364): avc: denied { kill } for comm="swapper/0" capability=5 scontext=u:r:kernel:s0 tcontext=u:r:kernel:s0 tclass=capability permissive=0
01-11 07:32:10.333 I/service_manager_stats( 1487): [100,61,38384]
01-11 07:32:11.139 I/auditd ( 0): type=1400 audit(0.0:14365): avc: denied { kill } for comm="swapper/0" capability=5 scontext=u:r:kernel:s0 tcontext=u:r:kernel:s0 tclass=capability permissive=0
01-11 07:32:12.139 I/auditd ( 0): type=1400 audit(0.0:14366): avc: denied { kill } for comm="swapper/0" capability=5 scontext=u:r:kernel:s0 tcontext=u:r:kernel:s0 tclass=capability permissive=0
01-11 07:32:14.143 I/auditd ( 0): type=1400 audit(0.0:14367): avc: denied { kill } for comm="swapper/2" capability=5 scontext=u:r:kernel:s0 tcontext=u:r:kernel:s0 tclass=capability permissive=0
01-11 07:32:15.139 I/auditd ( 0): type=1400 audit(0.0:14368): avc: denied { kill } for comm="swapper/2" capability=5 scontext=u:r:kernel:s0 tcontext=u:r:kernel:s0 tclass=capability permissive=0
01-11 07:32:16.139 I/auditd ( 0): type=1400 audit(0.0:14369): avc: denied { kill } for comm="swapper/2" capability=5 scontext=u:r:kernel:s0 tcontext=u:r:kernel:s0 tclass=capability permissive=0
01-11 07:32:17.139 I/auditd ( 0): type=1400 audit(0.0:14370): avc: denied { kill } for comm="swapper/2" capability=5 scontext=u:r:kernel:s0 tcontext=u:r:kernel:s0 tclass=capability permissive=0
01-11 07:32:18.139 I/auditd ( 0): type=1400 audit(0.0:14371): avc: denied { kill } for comm="swapper/2" capability=5 scontext=u:r:kernel:s0 tcontext=u:r:kernel:s0 tclass=capability permissive=0
01-11 07:32:19.139 I/auditd ( 0): type=1400 audit(0.0:14372): avc: denied { kill } for comm="swapper/2" capability=5 scontext=u:r:kernel:s0 tcontext=u:r:kernel:s0 tclass=capability permissive=0
01-11 07:32:20.139 I/auditd ( 0): type=1400 audit(0.0:14373): avc: denied { kill } for comm="swapper/2" capability=5 scontext=u:r:kernel:s0 tcontext=u:r:kernel:s0 tclass=capability permissive=0
01-11 07:32:22.143 I/auditd ( 0): type=1400 audit(0.0:14374): avc: denied { kill } for comm="swapper/3" capability=5 scontext=u:r:kernel:s0 tcontext=u:r:kernel:s0 tclass=capability permissive=0
01-11 07:32:23.139 I/auditd ( 0): type=1400 audit(0.0:14375): avc: denied { kill } for comm="swapper/3" capability=5 scontext=u:r:kernel:s0 tcontext=u:r:kernel:s0 tclass=capability permissive=0
01-11 07:32:24.139 I/auditd ( 0): type=1400 audit(0.0:14376): avc: denied { kill } for comm="swapper/3" capability=5 scontext=u:r:kernel:s0 tcontext=u:r:kernel:s0 tclass=capability permissive=0
01-11 07:32:25.143 I/auditd ( 0): type=1400 audit(0.0:14377): avc: denied { kill } for comm="swapper/3" capability=5 scontext=u:r:kernel:s0 tcontext=u:r:kernel:s0 tclass=capability permissive=0
01-11 07:32:26.139 I/auditd ( 0): type=1400 audit(0.0:14378): avc: denied { kill } for comm="swapper/3" capability=5 scontext=u:r:kernel:s0 tcontext=u:r:kernel:s0 tclass=capability permissive=0
01-11 07:32:27.139 I/auditd ( 0): type=1400 audit(0.0:14379): avc: denied { kill } for comm="swapper/3" capability=5 scontext=u:r:kernel:s0 tcontext=u:r:kernel:s0 tclass=capability permissive=0
01-11 07:32:28.139 I/auditd ( 0): type=1400 audit(0.0:14380): avc: denied { kill } for comm="swapper/3" capability=5 scontext=u:r:kernel:s0 tcontext=u:r:kernel:s0 tclass=capability permissive=0
01-11 07:32:29.139 I/auditd ( 0): type=1400 audit(0.0:14381): avc: denied { kill } for comm="swapper/3" capability=5 scontext=u:r:kernel:s0 tcontext=u:r:kernel:s0 tclass=capability permissive=0
01-11 07:32:30.139 I/auditd ( 0): type=1400 audit(0.0:14382): avc: denied { kill } for comm="swapper/3" capability=5 scontext=u:r:kernel:s0 tcontext=u:r:kernel:s0 tclass=capability permissive=0
01-11 07:32:31.139 I/auditd ( 0): type=1400 audit(0.0:14383): avc: denied { kill } for comm="swapper/3" capability=5 scontext=u:r:kernel:s0 tcontext=u:r:kernel:s0 tclass=capability permissive=0
01-11 07:32:32.265 I/am_uid_idle( 1487): 10052
01-11 07:32:33.139 I/auditd ( 0): type=1400 audit(0.0:14384): avc: denied { kill } for comm="swapper/1" capability=5 scontext=u:r:kernel:s0 tcontext=u:r:kernel:s0 tclass=capability permissive=0
01-11 07:32:34.139 I/auditd ( 0): type=1400 audit(0.0:14385): avc: denied { kill } for comm="swapper/1" capability=5 scontext=u:r:kernel:s0 tcontext=u:r:kernel:s0 tclass=capability permissive=0
01-11 07:32:35.139 I/auditd ( 0): type=1400 audit(0.0:14386): avc: denied { kill } for comm="swapper/1" capability=5 scontext=u:r:kernel:s0 tcontext=u:r:kernel:s0 tclass=capability permissive=0
01-11 07:32:36.015 I/service_manager_stats( 1487): [100,52,25683]
01-11 07:32:36.139 I/auditd ( 0): type=1400 audit(0.0:14387): avc: denied { kill } for comm="swapper/1" capability=5 scontext=u:r:kernel:s0 tcontext=u:r:kernel:s0 tclass=capability permissive=0
01-11 07:32:37.139 I/auditd ( 0): type=1400 audit(0.0:14388): avc: denied { kill } for comm="swapper/1" capability=5 scontext=u:r:kernel:s0 tcontext=u:r:kernel:s0 tclass=capability permissive=0
01-11 07:32:38.139 I/auditd ( 0): type=1400 audit(0.0:14389): avc: denied { kill } for comm="swapper/1" capability=5 scontext=u:r:kernel:s0 tcontext=u:r:kernel:s0 tclass=capability permissive=0
01-11 07:32:40.139 I/auditd ( 0): type=1400 audit(0.0:14390): avc: denied { kill } for comm="swapper/1" capability=5 scontext=u:r:kernel:s0 tcontext=u:r:kernel:s0 tclass=capability permissive=0
01-11 07:32:41.139 I/auditd ( 0): type=1400 audit(0.0:14391): avc: denied { kill } for comm="swapper/1" capability=5 scontext=u:r:kernel:s0 tcontext=u:r:kernel:s0 tclass=capability permissive=0
01-11 07:32:42.139 I/auditd ( 0): type=1400 audit(0.0:14392): avc: denied { kill } for comm="swapper/1" capability=5 scontext=u:r:kernel:s0 tcontext=u:r:kernel:s0 tclass=capability permissive=0
01-11 07:32:43.139 I/auditd ( 0): type=1400 audit(0.0:14393): avc: denied { kill } for comm="swapper/1" capability=5 scontext=u:r:kernel:s0 tcontext=u:r:kernel:s0 tclass=capability permissive=0
01-11 07:32:44.139 I/auditd ( 0): type=1400 audit(0.0:14394): avc: denied { kill } for comm="swapper/1" capability=5 scontext=u:r:kernel:s0 tcontext=u:r:kernel:s0 tclass=capability permissive=0
01-11 07:32:45.139 I/auditd ( 0): type=1400 audit(0.0:14395): avc: denied { kill } for comm="swapper/1" capability=5 scontext=u:r:kernel:s0 tcontext=u:r:kernel:s0 tclass=capability permissive=0
01-11 07:32:46.139 I/auditd ( 0): type=1400 audit(0.0:14396): avc: denied { kill } for comm="swapper/1" capability=5 scontext=u:r:kernel:s0 tcontext=u:r:kernel:s0 tclass=capability permissive=0
01-11 07:32:47.139 I/auditd ( 0): type=1400 audit(0.0:14397): avc: denied { kill } for comm="swapper/1" capability=5 scontext=u:r:kernel:s0 tcontext=u:r:kernel:s0 tclass=capability permissive=0
01-11 07:32:48.139 I/auditd ( 0): type=1400 audit(0.0:14398): avc: denied { kill } for comm="swapper/1" capability=5 scontext=u:r:kernel:s0 tcontext=u:r:kernel:s0 tclass=capability permissive=0
01-11 07:32:49.143 I/auditd ( 0): type=1400 audit(0.0:14399): avc: denied { kill } for comm="swapper/1" capability=5 scontext=u:r:kernel:s0 tcontext=u:r:kernel:s0 tclass=capability permissive=0
01-11 07:32:50.143 I/auditd ( 0): type=1400 audit(0.0:14400): avc: denied { kill } for comm="swapper/1" capability=5 scontext=u:r:kernel:s0 tcontext=u:r:kernel:s0 tclass=capability permissive=0
01-11 07:32:51.143 I/auditd ( 0): type=1400 audit(0.0:14401): avc: denied { kill } for comm="swapper/1" capability=5 scontext=u:r:kernel:s0 tcontext=u:r:kernel:s0 tclass=capability permissive=0
01-11 07:32:52.139 I/auditd ( 0): type=1400 audit(0.0:14402): avc: denied { kill } for comm="swapper/1" capability=5 scontext=u:r:kernel:s0 tcontext=u:r:kernel:s0 tclass=capability permissive=0
01-11 07:32:53.143 I/auditd ( 0): type=1400 audit(0.0:14403): avc: denied { kill } for comm="swapper/1" capability=5 scontext=u:r:kernel:s0 tcontext=u:r:kernel:s0 tclass=capability permissive=0
01-11 07:32:54.139 I/auditd ( 0): type=1400 audit(0.0:14404): avc: denied { kill } for comm="swapper/1" capability=5 scontext=u:r:kernel:s0 tcontext=u:r:kernel:s0 tclass=capability permissive=0
01-11 07:32:55.143 I/auditd ( 0): type=1400 audit(0.0:14405): avc: denied { kill } for comm="swapper/1" capability=5 scontext=u:r:kernel:s0 tcontext=u:r:kernel:s0 tclass=capability permissive=0
01-11 07:32:56.139 I/auditd ( 0): type=1400 audit(0.0:14406): avc: denied { kill } for comm="swapper/1" capability=5 scontext=u:r:kernel:s0 tcontext=u:r:kernel:s0 tclass=capability permissive=0
01-11 07:32:57.139 I/auditd ( 0): type=1400 audit(0.0:14407): avc: denied { kill } for comm="swapper/1" capability=5 scontext=u:r:kernel:s0 tcontext=u:r:kernel:s0 tclass=capability permissive=0
01-11 07:32:58.143 I/auditd ( 0): type=1400 audit(0.0:14408): avc: denied { kill } for comm="swapper/1" capability=5 scontext=u:r:kernel:s0 tcontext=u:r:kernel:s0 tclass=capability permissive=0
01-11 07:32:59.139 I/auditd ( 0): type=1400 audit(0.0:14409): avc: denied { kill } for comm="swapper/1" capability=5 scontext=u:r:kernel:s0 tcontext=u:r:kernel:s0 tclass=capability permissive=0
01-11 07:33:00.139 I/auditd ( 0): type=1400 audit(0.0:14410): avc: denied { kill } for comm="swapper/1" capability=5 scontext=u:r:kernel:s0 tcontext=u:r:kernel:s0 tclass=capability permissive=0
