01-11 07:30:12.141 I/GameModeConfig( 1487): Current uri is uri = content://com.thundercomm.gamemode.api/gamemode_settings/gamemode_isgaming
01-11 07:30:12.141 I/GameModeConfig( 1487): isGameModeOn = false
01-11 07:30:12.142 I/GameModeConfig( 1487): isGameModeOn = false
01-11 07:30:12.142 I/GameModeConfig( 1487): isDisableVoice = true
01-11 07:30:12.149 I/wm_on_start_called(25108): [124244050,com.android.launcher3.uioverrides.QuickstepLauncher,handleStartActivity]
01-11 07:30:12.155 W/FreeFormWindowHelper( 1487): Current Display FreeFormTask is null
01-11 07:30:12.160 I/sysui_multi_action( 1487): [319,3,322,26,325,12623,757,761,758,9,759,5,806,com.android.launcher3,871,com.android.launcher3.uioverrides.QuickstepLauncher,904,com.android.launcher3,905,0,1320,8,1321,5]
01-11 07:30:12.170 W/FreeFormWindowHelper( 1487): Current Display FreeFormTask is null
01-11 07:30:12.198 I/view_enqueue_input_event( 2771): [Motion - Cancel,com.hht.lebocast/com.hht.lebocast.GuidanceActivity]
01-11 07:30:12.210 I/sysui_latency(25108): [1,27]
01-11 07:30:12.211 I/input_interaction( 1487): Interaction with: edge-swipe (server), swipe-up (server), PointerEventDispatcher0 (server),
01-11 07:30:12.221 I/input_focus( 1487): [Focus request recents_animation_input_consumer,reason=UpdateInputWindows]
01-11 07:30:12.221 W/FreeFormWindowHelper( 1487): Current Display FreeFormTask is null
01-11 07:30:12.236 W/FreeFormWindowHelper( 1487): Current Display FreeFormTask is null
01-11 07:30:12.253 W/FreeFormWindowHelper( 1487): Current Display FreeFormTask is null
01-11 07:30:12.254 I/input_focus( 1487): [Focus leaving 4d512a1 com.hht.lebocast/com.hht.lebocast.GuidanceActivity (server),reason=NOT_FOCUSABLE]
01-11 07:30:12.254 I/input_focus( 1487): [Focus entering recents_animation_input_consumer (server),reason=setFocusedWindow]
01-11 07:30:12.350 I/commit_sys_config_file( 1487): [settings-1-0,1]
01-11 07:30:12.370 W/FreeFormWindowHelper( 1487): Current Display FreeFormTask is null
01-11 07:30:12.459 I/sysui_latency( 1487): [8,28]
01-11 07:30:12.565 I/commit_sys_config_file( 1487): [settings-1-0,2]
01-01 11:30:26.016 I/ ( 0): read descriptors
01-01 11:30:26.016 I/ ( 0): read strings
01-11 07:30:13.139 I/auditd ( 0): type=1400 audit(0.0:14241): avc: denied { kill } for comm="swapper/7" capability=5 scontext=u:r:kernel:s0 tcontext=u:r:kernel:s0 tclass=capability permissive=0
01-11 07:30:13.474 W/FreeFormWindowHelper( 1487): Current Display FreeFormTask is null
01-11 07:30:13.480 I/wm_task_moved( 1487): [83,1,13]
01-11 07:30:13.484 I/wm_task_moved( 1487): [84,1,2147483647]
01-11 07:30:13.484 I/wm_task_to_front( 1487): [0,84]
01-11 07:30:13.484 I/wm_focused_root_task( 1487): [0,0,83,98,RecentsAnimation.onAnimationFinished()]
01-11 07:30:13.485 I/wm_on_top_resumed_lost_called( 2771): [103291245,com.hht.lebocast.GuidanceActivity,topStateChangedWhenResumed]
01-11 07:30:13.485 I/wm_set_resumed_activity( 1487): [0,com.android.launcher3/.uioverrides.QuickstepLauncher,RecentsAnimation.onAnimationFinished()]
01-11 07:30:13.487 I/wm_pause_activity( 1487): [0,103291245,com.hht.lebocast/.GuidanceActivity,userLeaving=true,pauseBackTasks]
01-11 07:30:13.489 I/wm_add_to_stopping( 1487): [0,103291245,com.hht.lebocast/.GuidanceActivity,makeInvisible]
01-11 07:30:13.490 I/ActivityTaskManager( 1487): FOREGROUND_APPLICATION_CHANGED to com.android.launcher3.uioverrides.QuickstepLauncher
01-11 07:30:13.490 I/wm_set_resumed_activity( 1487): [0,com.android.launcher3/.uioverrides.QuickstepLauncher,resumeTopActivityInnerLocked]
01-11 07:30:13.494 I/wm_resume_activity( 1487): [0,124244050,84,com.android.launcher3/.uioverrides.QuickstepLauncher]
01-11 07:30:13.496 I/wm_on_resume_called(25108): [124244050,com.android.launcher3.uioverrides.QuickstepLauncher,RESUME_ACTIVITY]
01-11 07:30:13.506 I/input_focus( 1487): [Focus request 76b7596 com.android.launcher3/com.android.launcher3.uioverrides.QuickstepLauncher,reason=UpdateInputWindows]
01-11 07:30:13.508 I/wm_on_paused_called( 2771): [103291245,com.hht.lebocast.GuidanceActivity,performPause]
01-11 07:30:13.508 I/input_focus( 1487): [Focus leaving recents_animation_input_consumer (server),reason=NOT_VISIBLE]
01-11 07:30:13.510 I/wm_on_top_resumed_gained_called(25108): [124244050,com.android.launcher3.uioverrides.QuickstepLauncher,topStateChangedWhenResumed]
01-11 07:30:13.515 I/wm_stop_activity( 1487): [0,103291245,com.hht.lebocast/.GuidanceActivity]
01-11 07:30:13.518 I/sysui_multi_action( 1487): [757,803,799,window_time_0,802,2]
01-11 07:30:13.521 I/sysui_multi_action( 1487): [757,803,799,window_time_0,802,0]
01-11 07:30:13.526 I/wm_on_stop_called( 2771): [103291245,com.hht.lebocast.GuidanceActivity,STOP_ACTIVITY_ITEM]
01-11 07:30:13.529 I/input_focus( 1487): [Focus entering 76b7596 com.android.launcher3/com.android.launcher3.uioverrides.QuickstepLauncher (server),reason=setFocusedWindow]
01-11 07:30:13.608 W/FreeFormWindowHelper( 1487): Current Display FreeFormTask is null
01-11 07:30:13.608 W/FreeFormWindowHelper( 1487): Current Display FreeFormTask is null
01-11 07:30:13.609 W/FreeFormWindowHelper( 1487): Current Display FreeFormTask is null
01-11 07:30:13.616 W/ContextImpl(19692): Calling a method in the system process without a qualified user: android.app.ContextImpl.startService:1816 android.content.ContextWrapper.startService:774 com.thundercomm.gamemode.ingame.services.GameModeActionUtils.startGameModeService:111 com.thundercomm.gamemode.ingame.services.GameModeActionUtils.startGameModeEntry:22 com.thundercomm.gamemode.ingame.services.ActivityMonitoringService$1.onActivityLaunch:129
01-11 07:30:13.622 I/GameModeConfig( 1487): Current uri is uri = content://com.thundercomm.gamemode.api/gamemode_settings/gamemode_isgaming
01-11 07:30:13.624 I/GameModeConfig( 1487): isGameModeOn = false
01-11 07:30:13.624 I/GameModeConfig( 1487): isGameModeOn = false
01-11 07:30:13.624 I/GameModeConfig( 1487): isDisableVoice = true
01-01 11:30:27.029 I/ ( 0): read descriptors
01-01 11:30:27.029 I/ ( 0): read strings
01-11 07:30:14.048 I/input_interaction( 1487): Interaction with: 76b7596 com.android.launcher3/com.android.launcher3.uioverrides.QuickstepLauncher (server), c9f455c com.android.systemui.ImageWallpaper (server), edge-swipe (server), swipe-up (server), PointerEventDispatcher0 (server),
01-11 07:30:14.139 I/auditd ( 0): type=1400 audit(0.0:14242): avc: denied { kill } for comm="swapper/7" capability=5 scontext=u:r:kernel:s0 tcontext=u:r:kernel:s0 tclass=capability permissive=0
01-11 07:30:14.174 I/thunderperf( 1487): PlatormCompat.setOverrides: Uid1=10071 Pid1=25108 Uid2=10071 Pid2=25108
01-11 07:30:14.174 I/thunderperf( 1487): PlatormCompat.setOverrides: needCheck:false
01-11 07:30:14.175 I/thunderperf( 1487): CompatConfig.addOverrideUnsafe: bef-state=0
01-11 07:30:14.175 I/thunderperf( 1487): CompatConfig.addOverrideUnsafe: aft-state=0
01-11 07:30:14.176 I/thunderperf( 1487): CompatConfig.addOverrideUnsafe: bef-state=0
01-11 07:30:14.176 I/thunderperf( 1487): CompatConfig.addOverrideUnsafe: aft-state=0
01-11 07:30:14.176 I/thunderperf( 1487): CompatConfig.addOverrideUnsafe: bef-state=0
01-11 07:30:14.176 I/thunderperf( 1487): CompatConfig.addOverrideUnsafe: aft-state=0
01-11 07:30:14.177 I/thunderperf( 1487): CompatConfig.addOverrideUnsafe: bef-state=0
01-11 07:30:14.177 I/thunderperf( 1487): CompatConfig.addOverrideUnsafe: aft-state=0
01-11 07:30:14.178 I/thunderperf( 1487): CompatConfig.addOverrideUnsafe: bef-state=0
01-11 07:30:14.178 I/thunderperf( 1487): CompatConfig.addOverrideUnsafe: aft-state=0
01-11 07:30:14.179 I/thunderperf( 1487): CompatConfig.addOverrideUnsafe: bef-state=0
01-11 07:30:14.179 I/thunderperf( 1487): CompatConfig.addOverrideUnsafe: aft-state=0
01-11 07:30:14.180 I/thunderperf( 1487): CompatConfig.addOverrideUnsafe: bef-state=0
01-11 07:30:14.180 I/thunderperf( 1487): CompatConfig.addOverrideUnsafe: aft-state=0
01-11 07:30:14.180 I/thunderperf( 1487): CompatConfig.addOverrideUnsafe: bef-state=0
01-11 07:30:14.180 I/thunderperf( 1487): CompatConfig.addOverrideUnsafe: aft-state=0
01-11 07:30:14.181 I/thunderperf( 1487): CompatConfig.addOverrideUnsafe: bef-state=0
01-11 07:30:14.181 I/thunderperf( 1487): CompatConfig.addOverrideUnsafe: aft-state=0
01-11 07:30:14.182 I/thunderperf( 1487): CompatConfig.addOverrideUnsafe: bef-state=0
01-11 07:30:14.182 I/thunderperf( 1487): CompatConfig.addOverrideUnsafe: aft-state=0
01-11 07:30:14.182 I/thunderperf( 1487): CompatConfig.addOverrideUnsafe: bef-state=0
01-11 07:30:14.182 I/thunderperf( 1487): CompatConfig.addOverrideUnsafe: aft-state=0
01-11 07:30:14.183 I/thunderperf( 1487): CompatConfig.addOverrideUnsafe: bef-state=0
01-11 07:30:14.183 I/thunderperf( 1487): CompatConfig.addOverrideUnsafe: aft-state=0
01-11 07:30:14.184 I/thunderperf( 1487): CompatConfig.addOverrideUnsafe: bef-state=0
01-11 07:30:14.184 I/thunderperf( 1487): CompatConfig.addOverrideUnsafe: aft-state=0
01-11 07:30:14.184 I/thunderperf( 1487): CompatConfig.addOverrideUnsafe: bef-state=0
01-11 07:30:14.185 I/thunderperf( 1487): CompatConfig.addOverrideUnsafe: aft-state=0
01-11 07:30:14.193 I/ActivityTaskManager( 1487): START u0 {act=android.intent.action.MAIN cat=[android.intent.category.LAUNCHER] flg=0x10200000 cmp=com.hryt.hiphishowfsecontrol/.mce_app.MainActivity bnds=[1216,120][1492,396]} from uid 10071
01-11 07:30:14.199 I/wm_task_created( 1487): [99,-1]
01-11 07:30:14.199 W/ActivityTaskManager( 1487): Can't find TaskDisplayArea to determine support for multi window. Task id=99 attached=false
01-11 07:30:14.200 D/CompatibilityChangeReporter( 1487): Compat change id reported: 174042980; UID 10019; state: DISABLED
01-11 07:30:14.201 D/CompatibilityChangeReporter( 1487): Compat change id reported: 184838306; UID 10019; state: DISABLED
01-11 07:30:14.201 D/CompatibilityChangeReporter( 1487): Compat change id reported: 185004937; UID 10019; state: DISABLED
01-11 07:30:14.201 D/CompatibilityChangeReporter( 1487): Compat change id reported: 181136395; UID 10019; state: DISABLED
01-11 07:30:14.202 D/CompatibilityChangeReporter( 1487): Compat change id reported: 174042936; UID 10019; state: DISABLED
01-11 07:30:14.202 I/wm_task_moved( 1487): [99,1,14]
01-11 07:30:14.202 I/wm_task_to_front( 1487): [0,99]
01-11 07:30:14.202 I/wm_create_task( 1487): [0,99]
01-11 07:30:14.202 I/wm_create_activity( 1487): [0,203669472,99,com.hryt.hiphishowfsecontrol/.mce_app.MainActivity,android.intent.action.MAIN,NULL,NULL,270532608]
01-11 07:30:14.202 I/wm_task_moved( 1487): [99,1,14]
01-11 07:30:14.202 D/CompatibilityChangeReporter( 1487): Compat change id reported: 168419799; UID 10019; state: DISABLED
01-11 07:30:14.203 I/wm_pause_activity( 1487): [0,124244050,com.android.launcher3/.uioverrides.QuickstepLauncher,userLeaving=true,pauseBackTasks]
01-11 07:30:14.205 I/wm_on_top_resumed_lost_called(25108): [124244050,com.android.launcher3.uioverrides.QuickstepLauncher,topStateChangedWhenResumed]
01-11 07:30:14.207 I/wm_on_paused_called(25108): [124244050,com.android.launcher3.uioverrides.QuickstepLauncher,performPause]
01-11 07:30:14.208 I/ActivityTaskManager( 1487): FOREGROUND_APPLICATION_CHANGED to com.hryt.hiphishowfsecontrol.mce_app.MainActivity
01-11 07:30:14.208 I/ActivityTaskManager( 1487): The Process com.hryt.hiphishowfsecontrol Already Exists in BG. So sending its PID: 25025
01-11 07:30:14.208 I/wm_add_to_stopping( 1487): [0,124244050,com.android.launcher3/.uioverrides.QuickstepLauncher,makeInvisible]
01-11 07:30:14.209 I/wm_restart_activity( 1487): [0,203669472,99,com.hryt.hiphishowfsecontrol/.mce_app.MainActivity]
01-11 07:30:14.209 I/wm_set_resumed_activity( 1487): [0,com.hryt.hiphishowfsecontrol/.mce_app.MainActivity,minimalResumeActivityLocked]
01-11 07:30:14.210 I/am_uid_active( 1487): 10019
01-11 07:30:14.223 I/sysui_multi_action( 1487): [757,803,799,window_time_0,802,1]
01-11 07:30:14.226 I/input_focus( 1487): [Focus leaving 76b7596 com.android.launcher3/com.android.launcher3.uioverrides.QuickstepLauncher (server),reason=NO_WINDOW]
01-11 07:30:14.251 I/wm_on_create_called(25025): [203669472,com.hryt.hiphishowfsecontrol.mce_app.MainActivity,performCreate]
01-11 07:30:14.252 I/wm_on_start_called(25025): [203669472,com.hryt.hiphishowfsecontrol.mce_app.MainActivity,handleStartActivity]
01-11 07:30:14.253 I/wm_on_resume_called(25025): [203669472,com.hryt.hiphishowfsecontrol.mce_app.MainActivity,RESUME_ACTIVITY]
01-11 07:30:14.261 I/wm_on_top_resumed_gained_called(25025): [203669472,com.hryt.hiphishowfsecontrol.mce_app.MainActivity,topStateChangedWhenResumed]
01-11 07:30:14.281 I/input_focus( 1487): [Focus request 7c2060e com.hryt.hiphishowfsecontrol/com.hryt.hiphishowfsecontrol.mce_app.MainActivity,reason=UpdateInputWindows]
01-01 11:30:27.411 I/binder ( 0): 25025:25681 ioctl 40046210 78a769b1f4 returned -22
01-11 07:30:14.303 I/sysui_multi_action( 1487): [319,25,321,23,322,108,325,12625,757,761,758,8,759,1,806,com.hryt.hiphishowfsecontrol,871,com.hryt.hiphishowfsecontrol.mce_app.MainActivity,904,com.android.launcher3,905,0,1320,4,1321,2]
01-11 07:30:14.303 I/wm_activity_launch_time( 1487): [0,203669472,com.hryt.hiphishowfsecontrol/.mce_app.MainActivity,108]
01-11 07:30:14.310 I/input_focus( 1487): [Focus entering 7c2060e com.hryt.hiphishowfsecontrol/com.hryt.hiphishowfsecontrol.mce_app.MainActivity (server),reason=setFocusedWindow]
01-11 07:30:14.312 W/FreeFormWindowHelper( 1487): Current Display FreeFormTask is null
01-11 07:30:14.312 W/FreeFormWindowHelper( 1487): Current Display FreeFormTask is null
01-11 07:30:14.312 W/FreeFormWindowHelper( 1487): Current Display FreeFormTask is null
01-11 07:30:14.317 W/ContextImpl(19692): Calling a method in the system process without a qualified user: android.app.ContextImpl.startService:1816 android.content.ContextWrapper.startService:774 com.thundercomm.gamemode.ingame.services.GameModeActionUtils.startGameModeService:111 com.thundercomm.gamemode.ingame.services.GameModeActionUtils.startGameModeEntry:22 com.thundercomm.gamemode.ingame.services.ActivityMonitoringService$1.onActivityLaunch:129
01-11 07:30:14.318 I/GameModeConfig( 1487): Current uri is uri = content://com.thundercomm.gamemode.api/gamemode_settings/gamemode_isgaming
01-11 07:30:14.319 I/GameModeConfig( 1487): isGameModeOn = false
01-11 07:30:14.319 I/GameModeConfig( 1487): isGameModeOn = false
01-11 07:30:14.319 I/GameModeConfig( 1487): isDisableVoice = true
01-11 07:30:14.743 I/wm_stop_activity( 1487): [0,124244050,com.android.launcher3/.uioverrides.QuickstepLauncher]
01-11 07:30:14.761 I/wm_on_stop_called(25108): [124244050,com.android.launcher3.uioverrides.QuickstepLauncher,STOP_ACTIVITY_ITEM]
01-11 07:30:14.780 W/ContextImpl(19692): Calling a method in the system process without a qualified user: android.app.ContextImpl.startService:1816 android.content.ContextWrapper.startService:774 com.thundercomm.gamemode.ingame.services.GameModeActionUtils.startGameModeService:111 com.thundercomm.gamemode.ingame.services.GameModeActionUtils.startGameModeEntry:22 com.thundercomm.gamemode.ingame.services.ActivityMonitoringService$1.onActivityLaunch:129
01-11 07:30:14.781 I/GameModeConfig( 1487): Current uri is uri = content://com.thundercomm.gamemode.api/gamemode_settings/gamemode_isgaming
01-11 07:30:14.782 I/GameModeConfig( 1487): isGameModeOn = false
01-11 07:30:14.782 I/GameModeConfig( 1487): isGameModeOn = false
01-11 07:30:14.782 I/GameModeConfig( 1487): isDisableVoice = true
01-01 11:30:28.048 I/ ( 0): read descriptors
01-01 11:30:28.048 I/ ( 0): read strings
01-11 07:30:15.108 I/input_interaction( 1487): Interaction with: 7c2060e com.hryt.hiphishowfsecontrol/com.hryt.hiphishowfsecontrol.mce_app.MainActivity (server), edge-swipe (server), swipe-up (server), PointerEventDispatcher0 (server),
01-11 07:30:15.139 I/auditd ( 0): type=1400 audit(0.0:14243): avc: denied { kill } for comm="swapper/7" capability=5 scontext=u:r:kernel:s0 tcontext=u:r:kernel:s0 tclass=capability permissive=0
01-11 07:30:15.177 W/FreeFormWindowHelper( 1487): Current Display FreeFormTask is null
01-11 07:30:15.178 W/FreeFormWindowHelper( 1487): Current Display FreeFormTask is null
01-11 07:30:15.178 W/FreeFormWindowHelper( 1487): Current Display FreeFormTask is null
01-11 07:30:15.178 W/FreeFormWindowHelper( 1487): Current Display FreeFormTask is null
01-11 07:30:15.178 W/FreeFormWindowHelper( 1487): Current Display FreeFormTask is null
01-11 07:30:15.178 W/FreeFormWindowHelper( 1487): Current Display FreeFormTask is null
01-11 07:30:15.178 W/FreeFormWindowHelper( 1487): Current Display FreeFormTask is null
01-11 07:30:15.178 W/FreeFormWindowHelper( 1487): Current Display FreeFormTask is null
01-11 07:30:15.178 W/FreeFormWindowHelper( 1487): Current Display FreeFormTask is null
01-11 07:30:15.178 W/FreeFormWindowHelper( 1487): Current Display FreeFormTask is null
01-11 07:30:15.179 I/wm_task_moved( 1487): [83,0,0]
01-11 07:30:15.179 I/wm_task_moved( 1487): [83,0,13]
01-11 07:30:15.187 W/ContextImpl(19692): Calling a method in the system process without a qualified user: android.app.ContextImpl.startService:1816 android.content.ContextWrapper.startService:774 com.thundercomm.gamemode.ingame.services.GameModeActionUtils.startGameModeService:111 com.thundercomm.gamemode.ingame.services.GameModeActionUtils.startGameModeEntry:22 com.thundercomm.gamemode.ingame.services.ActivityMonitoringService$1.onActivityLaunch:129
01-11 07:30:15.188 I/GameModeConfig( 1487): Current uri is uri = content://com.thundercomm.gamemode.api/gamemode_settings/gamemode_isgaming
01-11 07:30:15.189 I/GameModeConfig( 1487): isGameModeOn = false
01-11 07:30:15.189 I/GameModeConfig( 1487): isGameModeOn = false
01-11 07:30:15.189 I/GameModeConfig( 1487): isDisableVoice = true
01-11 07:30:15.194 I/wm_on_restart_called(25108): [124244050,com.android.launcher3.uioverrides.QuickstepLauncher,performRestartActivity]
01-11 07:30:15.194 W/FreeFormWindowHelper( 1487): Current Display FreeFormTask is null
01-11 07:30:15.203 I/wm_on_start_called(25108): [124244050,com.android.launcher3.uioverrides.QuickstepLauncher,handleStartActivity]
01-11 07:30:15.212 W/FreeFormWindowHelper( 1487): Current Display FreeFormTask is null
01-11 07:30:15.217 I/sysui_multi_action( 1487): [319,3,322,36,325,12626,757,761,758,9,759,5,806,com.android.launcher3,871,com.android.launcher3.uioverrides.QuickstepLauncher,904,com.android.launcher3,905,0,1320,8,1321,5]
01-11 07:30:15.230 W/FreeFormWindowHelper( 1487): Current Display FreeFormTask is null
01-11 07:30:15.232 I/view_enqueue_input_event(25025): [Motion - Cancel,com.hryt.hiphishowfsecontrol/com.hryt.hiphishowfsecontrol.mce_app.MainActivity]
01-11 07:30:15.245 I/input_interaction( 1487): Interaction with: edge-swipe (server), swipe-up (server), PointerEventDispatcher0 (server),
01-11 07:30:15.246 I/sysui_latency(25108): [1,36]
01-11 07:30:15.258 I/input_focus( 1487): [Focus request recents_animation_input_consumer,reason=UpdateInputWindows]
01-11 07:30:15.258 W/FreeFormWindowHelper( 1487): Current Display FreeFormTask is null
01-11 07:30:15.260 W/FreeFormWindowHelper( 1487): Current Display FreeFormTask is null
01-11 07:30:15.277 W/FreeFormWindowHelper( 1487): Current Display FreeFormTask is null
01-11 07:30:15.278 I/input_focus( 1487): [Focus leaving 7c2060e com.hryt.hiphishowfsecontrol/com.hryt.hiphishowfsecontrol.mce_app.MainActivity (server),reason=NOT_FOCUSABLE]
01-11 07:30:15.278 I/input_focus( 1487): [Focus entering recents_animation_input_consumer (server),reason=setFocusedWindow]
01-11 07:30:15.294 W/FreeFormWindowHelper( 1487): Current Display FreeFormTask is null
01-11 07:30:15.405 I/commit_sys_config_file( 1487): [settings-1-0,2]
01-11 07:30:15.410 W/FreeFormWindowHelper( 1487): Current Display FreeFormTask is null
01-11 07:30:15.516 I/sysui_latency( 1487): [8,38]
01-01 11:30:29.064 I/ ( 0): read descriptors
01-01 11:30:29.064 I/ ( 0): read strings
01-11 07:30:16.139 I/auditd ( 0): type=1400 audit(0.0:14244): avc: denied { kill } for comm="swapper/7" capability=5 scontext=u:r:kernel:s0 tcontext=u:r:kernel:s0 tclass=capability permissive=0
01-11 07:30:16.515 W/FreeFormWindowHelper( 1487): Current Display FreeFormTask is null
01-11 07:30:16.520 I/wm_task_moved( 1487): [83,1,14]
01-11 07:30:16.523 I/wm_task_moved( 1487): [84,1,2147483647]
01-11 07:30:16.523 I/wm_task_to_front( 1487): [0,84]
01-11 07:30:16.524 I/wm_focused_root_task( 1487): [0,0,83,99,RecentsAnimation.onAnimationFinished()]
01-11 07:30:16.524 I/wm_set_resumed_activity( 1487): [0,com.android.launcher3/.uioverrides.QuickstepLauncher,RecentsAnimation.onAnimationFinished()]
01-11 07:30:16.525 I/wm_on_top_resumed_lost_called(25025): [203669472,com.hryt.hiphishowfsecontrol.mce_app.MainActivity,topStateChangedWhenResumed]
01-11 07:30:16.525 I/wm_pause_activity( 1487): [0,203669472,com.hryt.hiphishowfsecontrol/.mce_app.MainActivity,userLeaving=true,pauseBackTasks]
01-11 07:30:16.526 I/wm_add_to_stopping( 1487): [0,203669472,com.hryt.hiphishowfsecontrol/.mce_app.MainActivity,makeInvisible]
01-11 07:30:16.527 I/ActivityTaskManager( 1487): FOREGROUND_APPLICATION_CHANGED to com.android.launcher3.uioverrides.QuickstepLauncher
01-11 07:30:16.527 I/wm_set_resumed_activity( 1487): [0,com.android.launcher3/.uioverrides.QuickstepLauncher,resumeTopActivityInnerLocked]
01-11 07:30:16.531 I/wm_resume_activity( 1487): [0,124244050,84,com.android.launcher3/.uioverrides.QuickstepLauncher]
01-11 07:30:16.536 I/wm_on_resume_called(25108): [124244050,com.android.launcher3.uioverrides.QuickstepLauncher,RESUME_ACTIVITY]
01-11 07:30:16.539 I/input_focus( 1487): [Focus request 76b7596 com.android.launcher3/com.android.launcher3.uioverrides.QuickstepLauncher,reason=UpdateInputWindows]
01-11 07:30:16.540 I/wm_on_top_resumed_gained_called(25108): [124244050,com.android.launcher3.uioverrides.QuickstepLauncher,topStateChangedWhenResumed]
01-11 07:30:16.541 I/wm_on_paused_called(25025): [203669472,com.hryt.hiphishowfsecontrol.mce_app.MainActivity,performPause]
01-11 07:30:16.545 I/wm_stop_activity( 1487): [0,203669472,com.hryt.hiphishowfsecontrol/.mce_app.MainActivity]
01-11 07:30:16.549 I/sysui_multi_action( 1487): [757,803,799,window_time_0,802,2]
01-11 07:30:16.550 I/input_focus( 1487): [Focus leaving recents_animation_input_consumer (server),reason=NOT_VISIBLE]
01-11 07:30:16.550 I/sysui_multi_action( 1487): [757,803,799,window_time_0,802,0]
01-11 07:30:16.550 I/input_focus( 1487): [Focus entering 76b7596 com.android.launcher3/com.android.launcher3.uioverrides.QuickstepLauncher (server),reason=setFocusedWindow]
01-11 07:30:16.564 I/am_pss ( 1487): [21853,10089,com.android.music,22456320,17870848,0,143204352,0,4,7]
01-11 07:30:16.570 I/wm_on_stop_called(25025): [203669472,com.hryt.hiphishowfsecontrol.mce_app.MainActivity,STOP_ACTIVITY_ITEM]
01-11 07:30:16.595 W/ContextImpl(19692): Calling a method in the system process without a qualified user: android.app.ContextImpl.startService:1816 android.content.ContextWrapper.startService:774 com.thundercomm.gamemode.ingame.services.GameModeActionUtils.startGameModeService:111 com.thundercomm.gamemode.ingame.services.GameModeActionUtils.startGameModeEntry:22 com.thundercomm.gamemode.ingame.services.ActivityMonitoringService$1.onActivityLaunch:129
01-11 07:30:16.601 I/GameModeConfig( 1487): Current uri is uri = content://com.thundercomm.gamemode.api/gamemode_settings/gamemode_isgaming
01-11 07:30:16.603 I/GameModeConfig( 1487): isGameModeOn = false
01-11 07:30:16.603 I/GameModeConfig( 1487): isGameModeOn = false
01-11 07:30:16.603 I/GameModeConfig( 1487): isDisableVoice = true
01-11 07:30:16.645 W/FreeFormWindowHelper( 1487): Current Display FreeFormTask is null
01-11 07:30:16.646 W/FreeFormWindowHelper( 1487): Current Display FreeFormTask is null
01-11 07:30:16.646 W/FreeFormWindowHelper( 1487): Current Display FreeFormTask is null
01-11 07:30:16.654 W/ContextImpl(19692): Calling a method in the system process without a qualified user: android.app.ContextImpl.startService:1816 android.content.ContextWrapper.startService:774 com.thundercomm.gamemode.ingame.services.GameModeActionUtils.startGameModeService:111 com.thundercomm.gamemode.ingame.services.GameModeActionUtils.startGameModeEntry:22 com.thundercomm.gamemode.ingame.services.ActivityMonitoringService$1.onActivityLaunch:129
01-11 07:30:16.658 I/GameModeConfig( 1487): Current uri is uri = content://com.thundercomm.gamemode.api/gamemode_settings/gamemode_isgaming
01-11 07:30:16.660 I/GameModeConfig( 1487): isGameModeOn = false
01-11 07:30:16.661 I/GameModeConfig( 1487): isGameModeOn = false
01-11 07:30:16.661 I/GameModeConfig( 1487): isDisableVoice = true
01-01 11:30:30.078 I/ ( 0): read descriptors
01-01 11:30:30.078 I/ ( 0): read strings
01-11 07:30:17.139 I/auditd ( 0): type=1400 audit(0.0:14245): avc: denied { kill } for comm="swapper/7" capability=5 scontext=u:r:kernel:s0 tcontext=u:r:kernel:s0 tclass=capability permissive=0
01-11 07:30:17.212 E/TaskPersister( 1487): File error accessing recents directory (directory doesn't exist?).
01-01 11:30:31.098 I/ ( 0): read descriptors
01-01 11:30:31.098 I/ ( 0): read strings
01-11 07:30:18.143 I/auditd ( 0): type=1400 audit(0.0:14246): avc: denied { kill } for comm="swapper/7" capability=5 scontext=u:r:kernel:s0 tcontext=u:r:kernel:s0 tclass=capability permissive=0
01-01 11:30:32.113 I/ ( 0): read descriptors
01-01 11:30:32.113 I/ ( 0): read strings
01-11 07:30:19.115 I/input_interaction( 1487): Interaction with: 76b7596 com.android.launcher3/com.android.launcher3.uioverrides.QuickstepLauncher (server), c9f455c com.android.systemui.ImageWallpaper (server), edge-swipe (server), swipe-up (server), PointerEventDispatcher0 (server),
01-11 07:30:19.139 I/auditd ( 0): type=1400 audit(0.0:14247): avc: denied { kill } for comm="swapper/7" capability=5 scontext=u:r:kernel:s0 tcontext=u:r:kernel:s0 tclass=capability permissive=0
01-11 07:30:19.255 I/thunderperf( 1487): PlatormCompat.setOverrides: Uid1=10071 Pid1=25108 Uid2=10071 Pid2=25108
01-11 07:30:19.255 I/thunderperf( 1487): PlatormCompat.setOverrides: needCheck:false
01-11 07:30:19.255 I/thunderperf( 1487): CompatConfig.addOverrideUnsafe: bef-state=1
01-11 07:30:19.256 E/thunderperf( 1487): CompatConfig.addOverrideUnsafe: exception:java.lang.SecurityException: Cannot override a change on a non-debuggable app and user build.
01-11 07:30:19.256 I/thunderperf( 1487): CompatConfig.addOverrideUnsafe: aft-state=1
01-11 07:30:19.257 I/thunderperf( 1487): CompatConfig.addOverrideUnsafe: bef-state=1
01-11 07:30:19.257 E/thunderperf( 1487): CompatConfig.addOverrideUnsafe: exception:java.lang.SecurityException: Cannot override a change on a non-debuggable app and user build.
01-11 07:30:19.257 I/thunderperf( 1487): CompatConfig.addOverrideUnsafe: aft-state=1
01-11 07:30:19.258 I/thunderperf( 1487): CompatConfig.addOverrideUnsafe: bef-state=1
01-11 07:30:19.258 E/thunderperf( 1487): CompatConfig.addOverrideUnsafe: exception:java.lang.SecurityException: Cannot override a change on a non-debuggable app and user build.
01-11 07:30:19.258 I/thunderperf( 1487): CompatConfig.addOverrideUnsafe: aft-state=1
01-11 07:30:19.259 I/thunderperf( 1487): CompatConfig.addOverrideUnsafe: bef-state=1
01-11 07:30:19.259 E/thunderperf( 1487): CompatConfig.addOverrideUnsafe: exception:java.lang.SecurityException: Cannot override a change on a non-debuggable app and user build.
01-11 07:30:19.259 I/thunderperf( 1487): CompatConfig.addOverrideUnsafe: aft-state=1
01-11 07:30:19.260 I/thunderperf( 1487): CompatConfig.addOverrideUnsafe: bef-state=1
01-11 07:30:19.260 E/thunderperf( 1487): CompatConfig.addOverrideUnsafe: exception:java.lang.SecurityException: Cannot override a change on a non-debuggable app and user build.
01-11 07:30:19.260 I/thunderperf( 1487): CompatConfig.addOverrideUnsafe: aft-state=1
01-11 07:30:19.261 I/thunderperf( 1487): CompatConfig.addOverrideUnsafe: bef-state=1
01-11 07:30:19.261 E/thunderperf( 1487): CompatConfig.addOverrideUnsafe: exception:java.lang.SecurityException: Cannot override a change on a non-debuggable app and user build.
01-11 07:30:19.261 I/thunderperf( 1487): CompatConfig.addOverrideUnsafe: aft-state=1
01-11 07:30:19.262 I/thunderperf( 1487): CompatConfig.addOverrideUnsafe: bef-state=1
01-11 07:30:19.262 E/thunderperf( 1487): CompatConfig.addOverrideUnsafe: exception:java.lang.SecurityException: Cannot override a change on a non-debuggable app and user build.
01-11 07:30:19.262 I/thunderperf( 1487): CompatConfig.addOverrideUnsafe: aft-state=1
01-11 07:30:19.263 I/thunderperf( 1487): CompatConfig.addOverrideUnsafe: bef-state=1
01-11 07:30:19.263 E/thunderperf( 1487): CompatConfig.addOverrideUnsafe: exception:java.lang.SecurityException: Cannot override a change on a non-debuggable app and user build.
01-11 07:30:19.263 I/thunderperf( 1487): CompatConfig.addOverrideUnsafe: aft-state=1
01-11 07:30:19.264 I/thunderperf( 1487): CompatConfig.addOverrideUnsafe: bef-state=1
01-11 07:30:19.264 E/thunderperf( 1487): CompatConfig.addOverrideUnsafe: exception:java.lang.SecurityException: Cannot override a change on a non-debuggable app and user build.
01-11 07:30:19.264 I/thunderperf( 1487): CompatConfig.addOverrideUnsafe: aft-state=1
01-11 07:30:19.265 I/thunderperf( 1487): CompatConfig.addOverrideUnsafe: bef-state=1
01-11 07:30:19.265 E/thunderperf( 1487): CompatConfig.addOverrideUnsafe: exception:java.lang.SecurityException: Cannot override a change on a non-debuggable app and user build.
01-11 07:30:19.265 I/thunderperf( 1487): CompatConfig.addOverrideUnsafe: aft-state=1
01-11 07:30:19.266 I/thunderperf( 1487): CompatConfig.addOverrideUnsafe: bef-state=1
01-11 07:30:19.266 E/thunderperf( 1487): CompatConfig.addOverrideUnsafe: exception:java.lang.SecurityException: Cannot override a change on a non-debuggable app and user build.
01-11 07:30:19.266 I/thunderperf( 1487): CompatConfig.addOverrideUnsafe: aft-state=1
01-11 07:30:19.267 I/thunderperf( 1487): CompatConfig.addOverrideUnsafe: bef-state=1
01-11 07:30:19.267 E/thunderperf( 1487): CompatConfig.addOverrideUnsafe: exception:java.lang.SecurityException: Cannot override a change on a non-debuggable app and user build.
01-11 07:30:19.267 I/thunderperf( 1487): CompatConfig.addOverrideUnsafe: aft-state=1
01-11 07:30:19.267 I/thunderperf( 1487): CompatConfig.addOverrideUnsafe: bef-state=1
01-11 07:30:19.268 E/thunderperf( 1487): CompatConfig.addOverrideUnsafe: exception:java.lang.SecurityException: Cannot override a change on a non-debuggable app and user build.
01-11 07:30:19.268 I/thunderperf( 1487): CompatConfig.addOverrideUnsafe: aft-state=1
01-11 07:30:19.268 I/thunderperf( 1487): CompatConfig.addOverrideUnsafe: bef-state=1
01-11 07:30:19.269 E/thunderperf( 1487): CompatConfig.addOverrideUnsafe: exception:java.lang.SecurityException: Cannot override a change on a non-debuggable app and user build.
01-11 07:30:19.269 I/thunderperf( 1487): CompatConfig.addOverrideUnsafe: aft-state=1
01-11 07:30:19.276 I/ActivityTaskManager( 1487): START u0 {act=android.intent.action.MAIN cat=[android.intent.category.LAUNCHER] flg=0x10200000 cmp=com.android.gallery3d/.app.GalleryActivity bnds=[2128,110][2314,310]} from uid 10071
01-11 07:30:19.280 I/wm_task_moved( 1487): [81,1,14]
01-11 07:30:19.280 I/wm_task_to_front( 1487): [0,81]
01-11 07:30:19.281 I/wm_focused_root_task( 1487): [0,0,81,83,bringingFoundTaskToFront]
01-11 07:30:19.281 I/wm_set_resumed_activity( 1487): [0,com.android.gallery3d/.app.GalleryActivity,bringingFoundTaskToFront]
01-11 07:30:19.284 I/wm_pause_activity( 1487): [0,124244050,com.android.launcher3/.uioverrides.QuickstepLauncher,userLeaving=true,pauseBackTasks]
01-11 07:30:19.290 I/wm_on_top_resumed_lost_called(25108): [124244050,com.android.launcher3.uioverrides.QuickstepLauncher,topStateChangedWhenResumed]
01-11 07:30:19.292 I/wm_on_paused_called(25108): [124244050,com.android.launcher3.uioverrides.QuickstepLauncher,performPause]
01-11 07:30:19.292 I/ActivityTaskManager( 1487): FOREGROUND_APPLICATION_CHANGED to com.android.gallery3d.app.GalleryActivity
01-11 07:30:19.295 I/wm_set_resumed_activity( 1487): [0,com.android.gallery3d/.app.GalleryActivity,resumeTopActivityInnerLocked]
01-11 07:30:19.295 I/wm_add_to_stopping( 1487): [0,124244050,com.android.launcher3/.uioverrides.QuickstepLauncher,makeInvisible]
01-11 07:30:19.298 I/wm_resume_activity( 1487): [0,176919600,81,com.android.gallery3d/.app.GalleryActivity]
01-11 07:30:19.314 I/wm_on_restart_called(22945): [176919600,com.android.gallery3d.app.GalleryActivity,performRestartActivity]
01-11 07:30:19.314 I/sysui_multi_action( 1487): [757,803,799,window_time_0,802,3]
01-11 07:30:19.315 I/wm_on_start_called(22945): [176919600,com.android.gallery3d.app.GalleryActivity,handleStartActivity]
01-11 07:30:19.317 I/wm_on_resume_called(22945): [176919600,com.android.gallery3d.app.GalleryActivity,RESUME_ACTIVITY]
01-11 07:30:19.317 I/wm_on_top_resumed_gained_called(22945): [176919600,com.android.gallery3d.app.GalleryActivity,topWhenResuming]
01-11 07:30:19.320 W/ContextImpl(19692): Calling a method in the system process without a qualified user: android.app.ContextImpl.startService:1816 android.content.ContextWrapper.startService:774 com.thundercomm.gamemode.ingame.services.GameModeActionUtils.startGameModeService:111 com.thundercomm.gamemode.ingame.services.GameModeActionUtils.startGameModeEntry:22 com.thundercomm.gamemode.ingame.services.ActivityMonitoringService$1.onActivityLaunch:129
01-11 07:30:19.323 I/input_focus( 1487): [Focus leaving 76b7596 com.android.launcher3/com.android.launcher3.uioverrides.QuickstepLauncher (server),reason=NO_WINDOW]
01-11 07:30:19.324 I/input_focus( 1487): [Focus request de81bb6 com.android.gallery3d/com.android.gallery3d.app.GalleryActivity,reason=UpdateInputWindows]
01-11 07:30:19.329 I/GameModeConfig( 1487): Current uri is uri = content://com.thundercomm.gamemode.api/gamemode_settings/gamemode_isgaming
01-11 07:30:19.331 I/GameModeConfig( 1487): isGameModeOn = false
01-11 07:30:19.332 I/GameModeConfig( 1487): isGameModeOn = false
01-11 07:30:19.332 I/GameModeConfig( 1487): isDisableVoice = true
01-11 07:30:19.344 I/sysui_multi_action( 1487): [319,33,321,31,322,63,325,12630,757,761,758,9,759,4,806,com.android.gallery3d,871,com.android.gallery3d.app.GalleryActivity,904,com.android.launcher3,905,0,1320,17,1321,1]
01-11 07:30:19.356 I/input_focus( 1487): [Focus entering de81bb6 com.android.gallery3d/com.android.gallery3d.app.GalleryActivity (server),reason=setFocusedWindow]
01-11 07:30:19.399 W/FreeFormWindowHelper( 1487): Current Display FreeFormTask is null
01-11 07:30:19.400 W/FreeFormWindowHelper( 1487): Current Display FreeFormTask is null
01-11 07:30:19.400 W/FreeFormWindowHelper( 1487): Current Display FreeFormTask is null
01-11 07:30:19.405 W/ContextImpl(19692): Calling a method in the system process without a qualified user: android.app.ContextImpl.startService:1816 android.content.ContextWrapper.startService:774 com.thundercomm.gamemode.ingame.services.GameModeActionUtils.startGameModeService:111 com.thundercomm.gamemode.ingame.services.GameModeActionUtils.startGameModeEntry:22 com.thundercomm.gamemode.ingame.services.ActivityMonitoringService$1.onActivityLaunch:129
01-11 07:30:19.409 I/GameModeConfig( 1487): Current uri is uri = content://com.thundercomm.gamemode.api/gamemode_settings/gamemode_isgaming
01-11 07:30:19.410 I/GameModeConfig( 1487): isGameModeOn = false
01-11 07:30:19.410 I/GameModeConfig( 1487): isGameModeOn = false
01-11 07:30:19.410 I/GameModeConfig( 1487): isDisableVoice = true
01-11 07:30:19.844 I/wm_stop_activity( 1487): [0,124244050,com.android.launcher3/.uioverrides.QuickstepLauncher]
01-11 07:30:19.865 I/wm_on_stop_called(25108): [124244050,com.android.launcher3.uioverrides.QuickstepLauncher,STOP_ACTIVITY_ITEM]
01-11 07:30:19.883 W/ContextImpl(19692): Calling a method in the system process without a qualified user: android.app.ContextImpl.startService:1816 android.content.ContextWrapper.startService:774 com.thundercomm.gamemode.ingame.services.GameModeActionUtils.startGameModeService:111 com.thundercomm.gamemode.ingame.services.GameModeActionUtils.startGameModeEntry:22 com.thundercomm.gamemode.ingame.services.ActivityMonitoringService$1.onActivityLaunch:129
01-11 07:30:19.887 I/GameModeConfig( 1487): Current uri is uri = content://com.thundercomm.gamemode.api/gamemode_settings/gamemode_isgaming
01-11 07:30:19.890 I/GameModeConfig( 1487): isGameModeOn = false
01-11 07:30:19.890 I/GameModeConfig( 1487): isGameModeOn = false
01-11 07:30:19.890 I/GameModeConfig( 1487): isDisableVoice = true
01-01 11:30:33.129 I/ ( 0): read descriptors
01-01 11:30:33.130 I/ ( 0): read strings
01-11 07:30:20.055 I/input_interaction( 1487): Interaction with: de81bb6 com.android.gallery3d/com.android.gallery3d.app.GalleryActivity (server), edge-swipe (server), swipe-up (server), PointerEventDispatcher0 (server),
01-11 07:30:20.071 W/FreeFormWindowHelper( 1487): Current Display FreeFormTask is null
01-11 07:30:20.071 W/FreeFormWindowHelper( 1487): Current Display FreeFormTask is null
01-11 07:30:20.071 W/FreeFormWindowHelper( 1487): Current Display FreeFormTask is null
01-11 07:30:20.072 W/FreeFormWindowHelper( 1487): Current Display FreeFormTask is null
01-11 07:30:20.072 W/FreeFormWindowHelper( 1487): Current Display FreeFormTask is null
01-11 07:30:20.072 W/FreeFormWindowHelper( 1487): Current Display FreeFormTask is null
01-11 07:30:20.072 W/FreeFormWindowHelper( 1487): Current Display FreeFormTask is null
01-11 07:30:20.072 W/FreeFormWindowHelper( 1487): Current Display FreeFormTask is null
01-11 07:30:20.072 W/FreeFormWindowHelper( 1487): Current Display FreeFormTask is null
01-11 07:30:20.075 I/wm_task_moved( 1487): [83,0,0]
01-11 07:30:20.076 I/wm_task_moved( 1487): [83,0,13]
01-11 07:30:20.094 I/wm_on_restart_called(25108): [124244050,com.android.launcher3.uioverrides.QuickstepLauncher,performRestartActivity]
01-11 07:30:20.095 W/FreeFormWindowHelper( 1487): Current Display FreeFormTask is null
01-11 07:30:20.097 W/ContextImpl(19692): Calling a method in the system process without a qualified user: android.app.ContextImpl.startService:1816 android.content.ContextWrapper.startService:774 com.thundercomm.gamemode.ingame.services.GameModeActionUtils.startGameModeService:111 com.thundercomm.gamemode.ingame.services.GameModeActionUtils.startGameModeEntry:22 com.thundercomm.gamemode.ingame.services.ActivityMonitoringService$1.onActivityLaunch:129
01-11 07:30:20.101 I/GameModeConfig( 1487): Current uri is uri = content://com.thundercomm.gamemode.api/gamemode_settings/gamemode_isgaming
01-11 07:30:20.103 I/GameModeConfig( 1487): isGameModeOn = false
01-11 07:30:20.104 I/GameModeConfig( 1487): isGameModeOn = false
01-11 07:30:20.104 I/GameModeConfig( 1487): isDisableVoice = true
01-11 07:30:20.124 I/wm_on_start_called(25108): [124244050,com.android.launcher3.uioverrides.QuickstepLauncher,handleStartActivity]
01-11 07:30:20.131 W/FreeFormWindowHelper( 1487): Current Display FreeFormTask is null
01-11 07:30:20.140 I/view_enqueue_input_event(22945): [Motion - Cancel,com.android.gallery3d/com.android.gallery3d.app.GalleryActivity]
01-11 07:30:20.139 I/auditd ( 0): type=1400 audit(0.0:14248): avc: denied { kill } for comm="swapper/7" capability=5 scontext=u:r:kernel:s0 tcontext=u:r:kernel:s0 tclass=capability permissive=0
01-11 07:30:20.143 I/sysui_latency(25108): [1,65]
01-11 07:30:20.147 I/input_focus( 1487): [Focus request recents_animation_input_consumer,reason=UpdateInputWindows]
01-11 07:30:20.148 I/sysui_multi_action( 1487): [319,10,322,63,325,12630,757,761,758,9,759,5,806,com.android.launcher3,871,com.android.launcher3.uioverrides.QuickstepLauncher,904,com.android.launcher3,905,0,1320,8,1321,5]
01-11 07:30:20.150 W/FreeFormWindowHelper( 1487): Current Display FreeFormTask is null
01-11 07:30:20.150 I/input_interaction( 1487): Interaction with: edge-swipe (server), swipe-up (server), PointerEventDispatcher0 (server),
01-11 07:30:20.150 W/FreeFormWindowHelper( 1487): Current Display FreeFormTask is null
01-11 07:30:20.156 W/FreeFormWindowHelper( 1487): Current Display FreeFormTask is null
01-11 07:30:20.172 W/FreeFormWindowHelper( 1487): Current Display FreeFormTask is null
01-11 07:30:20.173 I/input_focus( 1487): [Focus leaving de81bb6 com.android.gallery3d/com.android.gallery3d.app.GalleryActivity (server),reason=NOT_FOCUSABLE]
01-11 07:30:20.173 I/input_focus( 1487): [Focus entering recents_animation_input_consumer (server),reason=setFocusedWindow]
01-11 07:30:20.293 W/FreeFormWindowHelper( 1487): Current Display FreeFormTask is null
01-11 07:30:20.330 I/commit_sys_config_file( 1487): [settings-1-0,6]
01-11 07:30:20.440 I/sysui_latency( 1487): [8,70]
01-01 11:30:34.153 I/ ( 0): read descriptors
01-01 11:30:34.154 I/ ( 0): read strings
01-11 07:30:21.139 I/auditd ( 0): type=1400 audit(0.0:14249): avc: denied { kill } for comm="swapper/7" capability=5 scontext=u:r:kernel:s0 tcontext=u:r:kernel:s0 tclass=capability permissive=0
01-11 07:30:21.393 W/FreeFormWindowHelper( 1487): Current Display FreeFormTask is null
01-11 07:30:21.403 I/wm_task_moved( 1487): [83,1,14]
01-11 07:30:21.406 I/wm_task_moved( 1487): [84,1,2147483647]
01-11 07:30:21.406 I/wm_task_to_front( 1487): [0,84]
01-11 07:30:21.406 I/wm_focused_root_task( 1487): [0,0,83,81,RecentsAnimation.onAnimationFinished()]
01-11 07:30:21.406 I/wm_on_top_resumed_lost_called(22945): [176919600,com.android.gallery3d.app.GalleryActivity,topStateChangedWhenResumed]
01-11 07:30:21.406 I/wm_set_resumed_activity( 1487): [0,com.android.launcher3/.uioverrides.QuickstepLauncher,RecentsAnimation.onAnimationFinished()]
01-11 07:30:21.408 I/wm_pause_activity( 1487): [0,176919600,com.android.gallery3d/.app.GalleryActivity,userLeaving=true,pauseBackTasks]
01-11 07:30:21.409 I/wm_add_to_stopping( 1487): [0,176919600,com.android.gallery3d/.app.GalleryActivity,makeInvisible]
01-11 07:30:21.409 I/ActivityTaskManager( 1487): FOREGROUND_APPLICATION_CHANGED to com.android.launcher3.uioverrides.QuickstepLauncher
01-11 07:30:21.410 I/wm_set_resumed_activity( 1487): [0,com.android.launcher3/.uioverrides.QuickstepLauncher,resumeTopActivityInnerLocked]
01-11 07:30:21.412 I/wm_resume_activity( 1487): [0,124244050,84,com.android.launcher3/.uioverrides.QuickstepLauncher]
01-11 07:30:21.413 I/wm_on_resume_called(25108): [124244050,com.android.launcher3.uioverrides.QuickstepLauncher,RESUME_ACTIVITY]
01-11 07:30:21.421 I/input_focus( 1487): [Focus request 76b7596 com.android.launcher3/com.android.launcher3.uioverrides.QuickstepLauncher,reason=UpdateInputWindows]
01-11 07:30:21.425 I/wm_on_paused_called(22945): [176919600,com.android.gallery3d.app.GalleryActivity,performPause]
01-11 07:30:21.427 I/input_focus( 1487): [Focus leaving recents_animation_input_consumer (server),reason=NOT_VISIBLE]
01-11 07:30:21.432 I/wm_on_top_resumed_gained_called(25108): [124244050,com.android.launcher3.uioverrides.QuickstepLauncher,topStateChangedWhenResumed]
01-11 07:30:21.434 I/wm_stop_activity( 1487): [0,176919600,com.android.gallery3d/.app.GalleryActivity]
01-11 07:30:21.435 I/sysui_multi_action( 1487): [757,803,799,window_time_0,802,2]
01-11 07:30:21.440 I/NotificationService( 1487): cancelToast pkg=com.android.gallery3d token=android.os.BinderProxy@fed9b8e
01-11 07:30:21.443 W/WindowManager( 1487): removeWindowToken: Attempted to remove non-existing token: android.os.Binder@b957994
01-11 07:30:21.443 I/input_focus( 1487): [Focus entering 76b7596 com.android.launcher3/com.android.launcher3.uioverrides.QuickstepLauncher (server),reason=setFocusedWindow]
01-11 07:30:21.444 I/sysui_multi_action( 1487): [757,803,799,window_time_0,802,0]
01-11 07:30:21.456 I/wm_on_stop_called(22945): [176919600,com.android.gallery3d.app.GalleryActivity,STOP_ACTIVITY_ITEM]
01-11 07:30:21.469 W/ContextImpl(19692): Calling a method in the system process without a qualified user: android.app.ContextImpl.startService:1816 android.content.ContextWrapper.startService:774 com.thundercomm.gamemode.ingame.services.GameModeActionUtils.startGameModeService:111 com.thundercomm.gamemode.ingame.services.GameModeActionUtils.startGameModeEntry:22 com.thundercomm.gamemode.ingame.services.ActivityMonitoringService$1.onActivityLaunch:129
01-11 07:30:21.474 I/GameModeConfig( 1487): Current uri is uri = content://com.thundercomm.gamemode.api/gamemode_settings/gamemode_isgaming
01-11 07:30:21.480 I/GameModeConfig( 1487): isGameModeOn = false
01-11 07:30:21.481 I/GameModeConfig( 1487): isGameModeOn = false
01-11 07:30:21.481 I/GameModeConfig( 1487): isDisableVoice = true
01-11 07:30:21.524 W/FreeFormWindowHelper( 1487): Current Display FreeFormTask is null
01-11 07:30:21.524 W/FreeFormWindowHelper( 1487): Current Display FreeFormTask is null
01-11 07:30:21.524 W/FreeFormWindowHelper( 1487): Current Display FreeFormTask is null
01-11 07:30:21.531 W/ContextImpl(19692): Calling a method in the system process without a qualified user: android.app.ContextImpl.startService:1816 android.content.ContextWrapper.startService:774 com.thundercomm.gamemode.ingame.services.GameModeActionUtils.startGameModeService:111 com.thundercomm.gamemode.ingame.services.GameModeActionUtils.startGameModeEntry:22 com.thundercomm.gamemode.ingame.services.ActivityMonitoringService$1.onActivityLaunch:129
01-11 07:30:21.535 I/GameModeConfig( 1487): Current uri is uri = content://com.thundercomm.gamemode.api/gamemode_settings/gamemode_isgaming
01-11 07:30:21.537 I/GameModeConfig( 1487): isGameModeOn = false
01-11 07:30:21.537 I/GameModeConfig( 1487): isGameModeOn = false
01-11 07:30:21.537 I/GameModeConfig( 1487): isDisableVoice = true
01-01 11:30:35.169 I/ ( 0): read descriptors
01-01 11:30:35.169 I/ ( 0): read strings
01-11 07:30:22.139 I/auditd ( 0): type=1400 audit(0.0:14250): avc: denied { kill } for comm="swapper/0" capability=5 scontext=u:r:kernel:s0 tcontext=u:r:kernel:s0 tclass=capability permissive=0
01-11 07:30:22.303 E/TaskPersister( 1487): File error accessing recents directory (directory doesn't exist?).
01-01 11:30:36.189 I/ ( 0): read descriptors
01-01 11:30:36.189 I/ ( 0): read strings
01-11 07:30:23.143 I/auditd ( 0): type=1400 audit(0.0:14251): avc: denied { kill } for comm="swapper/0" capability=5 scontext=u:r:kernel:s0 tcontext=u:r:kernel:s0 tclass=capability permissive=0
01-11 07:30:23.359 W/WindowManager( 1487): Unable to start animation, surface is null or no children.
01-01 11:30:37.209 I/ ( 0): read descriptors
01-01 11:30:37.209 I/ ( 0): read strings
01-11 07:30:24.139 I/auditd ( 0): type=1400 audit(0.0:14252): avc: denied { kill } for comm="swapper/0" capability=5 scontext=u:r:kernel:s0 tcontext=u:r:kernel:s0 tclass=capability permissive=0
01-01 11:30:38.229 I/ ( 0): read descriptors
01-01 11:30:38.229 I/ ( 0): read strings
01-11 07:30:25.139 I/auditd ( 0): type=1400 audit(0.0:14253): avc: denied { kill } for comm="swapper/0" capability=5 scontext=u:r:kernel:s0 tcontext=u:r:kernel:s0 tclass=capability permissive=0
01-01 11:30:39.249 I/ ( 0): read descriptors
01-01 11:30:39.249 I/ ( 0): read strings
01-11 07:30:26.139 I/auditd ( 0): type=1400 audit(0.0:14254): avc: denied { kill } for comm="swapper/0" capability=5 scontext=u:r:kernel:s0 tcontext=u:r:kernel:s0 tclass=capability permissive=0
01-01 11:30:39.398 D/cnss ( 0): Host time = 12639399020 us, device time = 12618572290 us, offset = 20826730 us
01-01 11:30:39.398 D/cnss ( 0): Updated time sync regs [0x984] = 0x13dca6a, [0x988] = 0x0
01-11 07:30:27.139 I/auditd ( 0): type=1400 audit(0.0:14255): avc: denied { kill } for comm="swapper/0" capability=5 scontext=u:r:kernel:s0 tcontext=u:r:kernel:s0 tclass=capability permissive=0
01-01 11:30:40.265 I/ ( 0): read descriptors
01-01 11:30:40.265 I/ ( 0): read strings
01-11 07:30:28.139 I/auditd ( 0): type=1400 audit(0.0:14256): avc: denied { kill } for comm="swapper/0" capability=5 scontext=u:r:kernel:s0 tcontext=u:r:kernel:s0 tclass=capability permissive=0
01-01 11:30:41.281 I/ ( 0): read descriptors
01-01 11:30:41.281 I/ ( 0): read strings
01-11 07:30:29.143 I/auditd ( 0): type=1400 audit(0.0:14257): avc: denied { kill } for comm="swapper/0" capability=5 scontext=u:r:kernel:s0 tcontext=u:r:kernel:s0 tclass=capability permissive=0
01-01 11:30:42.297 I/ ( 0): read descriptors
01-01 11:30:42.297 I/ ( 0): read strings
01-11 07:30:30.139 I/auditd ( 0): type=1400 audit(0.0:14258): avc: denied { kill } for comm="swapper/0" capability=5 scontext=u:r:kernel:s0 tcontext=u:r:kernel:s0 tclass=capability permissive=0
01-01 11:30:43.317 I/ ( 0): read descriptors
01-01 11:30:43.317 I/ ( 0): read strings
01-11 07:30:31.143 I/auditd ( 0): type=1400 audit(0.0:14259): avc: denied { kill } for comm="swapper/0" capability=5 scontext=u:r:kernel:s0 tcontext=u:r:kernel:s0 tclass=capability permissive=0
01-01 11:30:44.333 I/ ( 0): read descriptors
01-01 11:30:44.333 I/ ( 0): read strings
01-11 07:30:32.139 I/auditd ( 0): type=1400 audit(0.0:14260): avc: denied { kill } for comm="swapper/0" capability=5 scontext=u:r:kernel:s0 tcontext=u:r:kernel:s0 tclass=capability permissive=0
01-01 11:30:45.353 I/ ( 0): read descriptors
01-01 11:30:45.353 I/ ( 0): read strings
01-11 07:30:32.451 W/WindowManager( 1487): removeWindowToken: Attempted to remove non-existing token: android.os.Binder@b957994
01-11 07:30:33.143 I/auditd ( 0): type=1400 audit(0.0:14261): avc: denied { kill } for comm="swapper/0" capability=5 scontext=u:r:kernel:s0 tcontext=u:r:kernel:s0 tclass=capability permissive=0
01-01 11:30:46.369 I/ ( 0): read descriptors
01-01 11:30:46.369 I/ ( 0): read strings
01-11 07:30:34.143 I/auditd ( 0): type=1400 audit(0.0:14262): avc: denied { kill } for comm="swapper/0" capability=5 scontext=u:r:kernel:s0 tcontext=u:r:kernel:s0 tclass=capability permissive=0
01-01 11:30:47.389 I/ ( 0): read descriptors
01-01 11:30:47.389 I/ ( 0): read strings
01-11 07:30:35.139 I/auditd ( 0): type=1400 audit(0.0:14263): avc: denied { kill } for comm="swapper/0" capability=5 scontext=u:r:kernel:s0 tcontext=u:r:kernel:s0 tclass=capability permissive=0
01-01 11:30:48.405 I/ ( 0): read descriptors
01-01 11:30:48.405 I/ ( 0): read strings
