01-01 11:23:26.265 I/ ( 0): read strings
01-01 11:23:26.914 I/[schedu][0x3691b49a46][07:23:13.795172] wlan( 0): [3487:I:OSIF] vdev 0, scan id 41027 type COMPLETED(1) reason COMPLETED(1) scan found 90 bss
01-01 11:23:27.289 I/ ( 0): read descriptors
01-01 11:23:27.289 I/ ( 0): read strings
01-01 11:23:28.305 I/ ( 0): read descriptors
01-01 11:23:28.305 I/ ( 0): read strings
01-01 11:23:29.321 I/ ( 0): read descriptors
01-01 11:23:29.321 I/ ( 0): read strings
01-01 11:23:30.348 I/ ( 0): read descriptors
01-01 11:23:30.348 I/ ( 0): read strings
01-01 11:23:31.361 I/ ( 0): read descriptors
01-01 11:23:31.361 I/ ( 0): read strings
01-01 11:23:32.389 I/ ( 0): read descriptors
01-01 11:23:32.389 I/ ( 0): read strings
01-01 11:23:33.405 I/ ( 0): read descriptors
01-01 11:23:33.405 I/ ( 0): read strings
01-01 11:23:34.421 I/ ( 0): read descriptors
01-01 11:23:34.421 I/ ( 0): read strings
01-01 11:23:35.437 I/ ( 0): read descriptors
01-01 11:23:35.437 I/ ( 0): read strings
01-01 11:23:36.449 I/ ( 0): read descriptors
01-01 11:23:36.449 I/ ( 0): read strings
01-01 11:23:37.461 I/ ( 0): read descriptors
01-01 11:23:37.461 I/ ( 0): read strings
01-01 11:23:38.473 I/ ( 0): read descriptors
01-01 11:23:38.473 I/ ( 0): read strings
01-01 11:23:39.485 I/ ( 0): read descriptors
01-01 11:23:39.485 I/ ( 0): read strings
01-01 11:23:40.497 I/ ( 0): read descriptors
01-01 11:23:40.497 I/ ( 0): read strings
01-01 11:23:41.509 I/ ( 0): read descriptors
01-01 11:23:41.509 I/ ( 0): read strings
01-01 11:23:42.526 I/ ( 0): read descriptors
01-01 11:23:42.526 I/ ( 0): read strings
01-01 11:23:43.538 I/ ( 0): read descriptors
01-01 11:23:43.538 I/ ( 0): read strings
01-01 11:23:44.549 I/ ( 0): read descriptors
01-01 11:23:44.549 I/ ( 0): read strings
01-01 11:23:45.561 I/ ( 0): read descriptors
01-01 11:23:45.561 I/ ( 0): read strings
01-01 11:23:46.577 I/ ( 0): read descriptors
01-01 11:23:46.577 I/ ( 0): read strings
01-01 11:23:47.593 I/ ( 0): read descriptors
01-01 11:23:47.593 I/ ( 0): read strings
01-01 11:23:48.613 I/ ( 0): read descriptors
01-01 11:23:48.613 I/ ( 0): read strings
01-01 11:23:49.637 I/ ( 0): read descriptors
01-01 11:23:49.637 I/ ( 0): read strings
01-01 11:23:50.649 I/ ( 0): read descriptors
01-01 11:23:50.649 I/ ( 0): read strings
01-01 11:23:51.669 I/ ( 0): read descriptors
01-01 11:23:51.669 I/ ( 0): read strings
01-01 11:23:52.689 I/ ( 0): read descriptors
01-01 11:23:52.689 I/ ( 0): read strings
01-01 11:23:53.709 I/ ( 0): read descriptors
01-01 11:23:53.709 I/ ( 0): read strings
01-01 11:23:54.726 I/ ( 0): read descriptors
01-01 11:23:54.726 I/ ( 0): read strings
01-01 11:23:55.742 I/ ( 0): read descriptors
01-01 11:23:55.742 I/ ( 0): read strings
01-01 11:23:56.770 I/ ( 0): read descriptors
01-01 11:23:56.770 I/ ( 0): read strings
01-01 11:23:57.786 I/ ( 0): read descriptors
01-01 11:23:57.786 I/ ( 0): read strings
01-01 11:23:58.805 I/ ( 0): read descriptors
01-01 11:23:58.805 I/ ( 0): read strings
01-01 11:23:59.825 I/ ( 0): read descriptors
01-01 11:23:59.826 I/ ( 0): read strings
01-01 11:24:00.841 I/ ( 0): read descriptors
01-01 11:24:00.841 I/ ( 0): read strings
01-01 11:24:01.857 I/ ( 0): read descriptors
01-01 11:24:01.857 I/ ( 0): read strings
01-01 11:24:02.873 I/ ( 0): read descriptors
01-01 11:24:02.873 I/ ( 0): read strings
01-01 11:24:03.885 I/ ( 0): read descriptors
01-01 11:24:03.885 I/ ( 0): read strings
01-01 11:24:04.901 I/ ( 0): read descriptors
01-01 11:24:04.901 I/ ( 0): read strings
01-01 11:24:05.917 I/ ( 0): read descriptors
01-01 11:24:05.918 I/ ( 0): read strings
01-01 11:24:06.945 I/ ( 0): read descriptors
01-01 11:24:06.945 I/ ( 0): read strings
01-01 11:24:07.975 I/ ( 0): read descriptors
01-01 11:24:07.975 I/ ( 0): read strings
01-01 11:24:08.993 I/ ( 0): read descriptors
01-01 11:24:08.993 I/ ( 0): read strings
01-01 11:24:10.009 I/ ( 0): read descriptors
01-01 11:24:10.009 I/ ( 0): read strings
01-01 11:24:11.030 I/ ( 0): read descriptors
01-01 11:24:11.030 I/ ( 0): read strings
01-01 11:24:12.049 I/ ( 0): read descriptors
01-01 11:24:12.049 I/ ( 0): read strings
01-01 11:24:13.073 I/ ( 0): read descriptors
01-01 11:24:13.073 I/ ( 0): read strings
01-01 11:24:14.097 I/ ( 0): read descriptors
01-01 11:24:14.097 I/ ( 0): read strings
01-01 11:24:15.113 I/ ( 0): read descriptors
01-01 11:24:15.113 I/ ( 0): read strings
01-01 11:24:16.125 I/ ( 0): read descriptors
01-01 11:24:16.126 I/ ( 0): read strings
01-01 11:24:17.137 I/ ( 0): read descriptors
01-01 11:24:17.137 I/ ( 0): read strings
01-01 11:24:18.149 I/ ( 0): read descriptors
01-01 11:24:18.149 I/ ( 0): read strings
01-01 11:24:19.173 I/ ( 0): read descriptors
01-01 11:24:19.173 I/ ( 0): read strings
01-01 11:24:20.197 I/ ( 0): read descriptors
01-01 11:24:20.197 I/ ( 0): read strings
01-01 11:24:21.225 I/ ( 0): read descriptors
01-01 11:24:21.225 I/ ( 0): read strings
01-01 11:24:22.241 I/ ( 0): read descriptors
01-01 11:24:22.241 I/ ( 0): read strings
01-01 11:24:23.257 I/ ( 0): read descriptors
01-01 11:24:23.257 I/ ( 0): read strings
01-01 11:24:24.281 I/ ( 0): read descriptors
01-01 11:24:24.281 I/ ( 0): read strings
01-01 11:24:25.301 I/ ( 0): read descriptors
01-01 11:24:25.301 I/ ( 0): read strings
01-01 11:24:26.325 I/ ( 0): read descriptors
01-01 11:24:26.325 I/ ( 0): read strings
01-01 11:24:27.345 I/ ( 0): read descriptors
01-01 11:24:27.345 I/ ( 0): read strings
01-01 11:24:28.366 I/ ( 0): read descriptors
01-01 11:24:28.366 I/ ( 0): read strings
01-01 11:24:29.381 I/ ( 0): read descriptors
01-01 11:24:29.381 I/ ( 0): read strings
01-01 11:24:30.401 I/ ( 0): read descriptors
01-01 11:24:30.401 I/ ( 0): read strings
01-01 11:24:31.417 I/ ( 0): read descriptors
01-01 11:24:31.417 I/ ( 0): read strings
01-01 11:24:32.433 I/ ( 0): read descriptors
01-01 11:24:32.433 I/ ( 0): read strings
01-01 11:24:33.449 I/ ( 0): read descriptors
01-01 11:24:33.449 I/ ( 0): read strings
01-01 11:24:34.465 I/ ( 0): read descriptors
01-01 11:24:34.465 I/ ( 0): read strings
01-01 11:24:35.481 I/ ( 0): read descriptors
01-01 11:24:35.481 I/ ( 0): read strings
01-01 11:24:35.741 I/[schedu][0x36e078b160][07:24:22.621933] wlan( 0): [3487:I:OSIF] scan start scan id 41028
01-01 11:24:36.501 I/ ( 0): read descriptors
01-01 11:24:36.501 I/ ( 0): read strings
01-01 11:24:36.930 I/[schedu][0x36e1d509f6][07:24:23.810954] wlan( 0): [3487:I:OSIF] vdev 0, scan id 41028 type COMPLETED(1) reason COMPLETED(1) scan found 79 bss
01-01 11:24:37.517 I/ ( 0): read descriptors
01-01 11:24:37.517 I/ ( 0): read strings
01-01 11:24:38.533 I/ ( 0): read descriptors
01-01 11:24:38.533 I/ ( 0): read strings
01-01 11:24:39.549 I/ ( 0): read descriptors
01-01 11:24:39.549 I/ ( 0): read strings
01-01 11:24:40.565 I/ ( 0): read descriptors
01-01 11:24:40.565 I/ ( 0): read strings
01-01 11:24:41.581 I/ ( 0): read descriptors
01-01 11:24:41.581 I/ ( 0): read strings
01-01 11:24:42.597 I/ ( 0): read descriptors
01-01 11:24:42.597 I/ ( 0): read strings
01-01 11:24:43.613 I/ ( 0): read descriptors
01-01 11:24:43.613 I/ ( 0): read strings
01-01 11:24:44.633 I/ ( 0): read descriptors
01-01 11:24:44.633 I/ ( 0): read strings
01-01 11:24:45.649 I/ ( 0): read descriptors
01-01 11:24:45.649 I/ ( 0): read strings
01-01 11:24:46.665 I/ ( 0): read descriptors
01-01 11:24:46.665 I/ ( 0): read strings
01-01 11:24:47.681 I/ ( 0): read descriptors
01-01 11:24:47.681 I/ ( 0): read strings
01-01 11:24:48.697 I/ ( 0): read descriptors
01-01 11:24:48.697 I/ ( 0): read strings
01-01 11:24:49.713 I/ ( 0): read descriptors
01-01 11:24:49.713 I/ ( 0): read strings
01-01 11:24:50.729 I/ ( 0): read descriptors
01-01 11:24:50.729 I/ ( 0): read strings
01-01 11:24:50.775 I/binder ( 0): 1487:1698 ioctl 400c620e 7808a775d8 returned -22
01-01 11:24:50.777 I/binder ( 0): 1487:1698 ioctl c00c620f 7808a775b8 returned -22
01-01 11:24:51.749 I/ ( 0): read descriptors
01-01 11:24:51.749 I/ ( 0): read strings
01-01 11:24:51.868 I/binder ( 0): 23871:23871 ioctl 40046210 7ffca76594 returned -22
01-01 11:24:52.765 I/ ( 0): read descriptors
01-01 11:24:52.765 I/ ( 0): read strings
01-01 11:24:53.781 I/ ( 0): read descriptors
01-01 11:24:53.781 I/ ( 0): read strings
01-01 11:24:54.797 I/ ( 0): read descriptors
01-01 11:24:54.797 I/ ( 0): read strings
01-01 11:24:55.821 I/ ( 0): read descriptors
01-01 11:24:55.821 I/ ( 0): read strings
01-01 11:24:56.837 I/ ( 0): read descriptors
01-01 11:24:56.837 I/ ( 0): read strings
01-01 11:24:57.853 I/ ( 0): read descriptors
01-01 11:24:57.853 I/ ( 0): read strings
01-01 11:24:58.869 I/ ( 0): read descriptors
01-01 11:24:58.869 I/ ( 0): read strings
01-01 11:24:59.885 I/ ( 0): read descriptors
01-01 11:24:59.885 I/ ( 0): read strings
01-01 11:25:00.901 I/ ( 0): read descriptors
01-01 11:25:00.901 I/ ( 0): read strings
01-01 11:25:01.921 I/ ( 0): read descriptors
01-01 11:25:01.921 I/ ( 0): read strings
01-01 11:25:02.937 I/ ( 0): read descriptors
01-01 11:25:02.937 I/ ( 0): read strings
01-01 11:25:03.957 I/ ( 0): read descriptors
01-01 11:25:03.957 I/ ( 0): read strings
01-01 11:25:04.977 I/ ( 0): read descriptors
01-01 11:25:04.977 I/ ( 0): read strings
01-01 11:25:05.993 I/ ( 0): read descriptors
01-01 11:25:05.993 I/ ( 0): read strings
01-01 11:25:07.005 I/ ( 0): read descriptors
01-01 11:25:07.005 I/ ( 0): read strings
01-01 11:25:08.017 I/ ( 0): read descriptors
01-01 11:25:08.017 I/ ( 0): read strings
01-01 11:25:09.033 I/ ( 0): read descriptors
01-01 11:25:09.033 I/ ( 0): read strings
01-01 11:25:10.045 I/ ( 0): read descriptors
01-01 11:25:10.045 I/ ( 0): read strings
01-01 11:25:11.057 I/ ( 0): read descriptors
01-01 11:25:11.057 I/ ( 0): read strings
01-01 11:25:12.077 I/ ( 0): read descriptors
01-01 11:25:12.077 I/ ( 0): read strings
01-01 11:25:13.089 I/ ( 0): read descriptors
01-01 11:25:13.089 I/ ( 0): read strings
01-01 11:25:14.105 I/ ( 0): read descriptors
01-01 11:25:14.105 I/ ( 0): read strings
01-01 11:25:15.121 I/ ( 0): read descriptors
01-01 11:25:15.121 I/ ( 0): read strings
01-01 11:25:16.137 I/ ( 0): read descriptors
01-01 11:25:16.137 I/ ( 0): read strings
01-01 11:25:17.153 I/ ( 0): read descriptors
01-01 11:25:17.153 I/ ( 0): read strings
01-01 11:25:18.169 I/ ( 0): read descriptors
01-01 11:25:18.169 I/ ( 0): read strings
01-01 11:25:19.185 I/ ( 0): read descriptors
01-01 11:25:19.185 I/ ( 0): read strings
01-01 11:25:20.205 I/ ( 0): read descriptors
01-01 11:25:20.205 I/ ( 0): read strings
01-01 11:25:21.221 I/ ( 0): read descriptors
01-01 11:25:21.221 I/ ( 0): read strings
01-01 11:25:22.245 I/ ( 0): read descriptors
01-01 11:25:22.245 I/ ( 0): read strings
01-01 11:25:23.261 I/ ( 0): read descriptors
01-01 11:25:23.261 I/ ( 0): read strings
01-01 11:25:24.277 I/ ( 0): read descriptors
01-01 11:25:24.277 I/ ( 0): read strings
01-01 11:25:25.297 I/ ( 0): read descriptors
01-01 11:25:25.297 I/ ( 0): read strings
01-01 11:25:26.321 I/ ( 0): read descriptors
01-01 11:25:26.321 I/ ( 0): read strings
01-01 11:25:27.341 I/ ( 0): read descriptors
01-01 11:25:27.341 I/ ( 0): read strings
01-01 11:25:28.356 I/ ( 0): read descriptors
01-01 11:25:28.356 I/ ( 0): read strings
01-01 11:25:29.372 I/ ( 0): read descriptors
01-01 11:25:29.372 I/ ( 0): read strings
01-01 11:25:30.389 I/ ( 0): read descriptors
01-01 11:25:30.389 I/ ( 0): read strings
01-01 11:25:31.409 I/ ( 0): read descriptors
01-01 11:25:31.409 I/ ( 0): read strings
01-01 11:25:32.425 I/ ( 0): read descriptors
01-01 11:25:32.425 I/ ( 0): read strings
01-01 11:25:33.441 I/ ( 0): read descriptors
01-01 11:25:33.441 I/ ( 0): read strings
01-01 11:25:34.457 I/ ( 0): read descriptors
01-01 11:25:34.457 I/ ( 0): read strings
01-01 11:25:35.473 I/ ( 0): read descriptors
01-01 11:25:35.473 I/ ( 0): read strings
01-01 11:25:36.489 I/ ( 0): read descriptors
01-01 11:25:36.489 I/ ( 0): read strings
01-01 11:25:37.501 I/ ( 0): read descriptors
01-01 11:25:37.501 I/ ( 0): read strings
01-01 11:25:38.517 I/ ( 0): read descriptors
01-01 11:25:38.517 I/ ( 0): read strings
01-01 11:25:39.533 I/ ( 0): read descriptors
01-01 11:25:39.533 I/ ( 0): read strings
01-01 11:25:40.549 I/ ( 0): read descriptors
01-01 11:25:40.549 I/ ( 0): read strings
01-01 11:25:41.565 I/ ( 0): read descriptors
01-01 11:25:41.565 I/ ( 0): read strings
01-01 11:25:42.582 I/ ( 0): read descriptors
01-01 11:25:42.582 I/ ( 0): read strings
01-01 11:25:43.600 I/ ( 0): read descriptors
01-01 11:25:43.600 I/ ( 0): read strings
01-01 11:25:44.616 I/ ( 0): read descriptors
01-01 11:25:44.616 I/ ( 0): read strings
01-01 11:25:45.649 I/ ( 0): read descriptors
01-01 11:25:45.649 I/ ( 0): read strings
01-01 11:25:46.670 I/ ( 0): read descriptors
01-01 11:25:46.670 I/ ( 0): read strings
01-01 11:25:47.689 I/ ( 0): read descriptors
01-01 11:25:47.690 I/ ( 0): read strings
01-01 11:25:48.713 I/ ( 0): read descriptors
01-01 11:25:48.713 I/ ( 0): read strings
01-01 11:25:49.733 I/ ( 0): read descriptors
01-01 11:25:49.733 I/ ( 0): read strings
01-01 11:25:50.745 I/ ( 0): read descriptors
01-01 11:25:50.745 I/ ( 0): read strings
01-01 11:25:51.761 I/ ( 0): read descriptors
01-01 11:25:51.762 I/ ( 0): read strings
01-01 11:25:52.013 I/binder ( 0): undelivered transaction 1398568, process died.
01-01 11:25:52.014 I/binder ( 0): undelivered transaction 1398527, process died.
01-01 11:25:52.017 I/binder ( 0): undelivered TRANSACTION_COMPLETE
01-01 11:25:52.017 I/binder ( 0): undelivered transaction 1398587, process died.
01-01 11:25:52.077 I/binder ( 0): 23991:23991 ioctl 40046210 7ffca76594 returned -22
01-01 11:25:52.083 I/binder ( 0): 23992:23992 ioctl 40046210 7ffca76594 returned -22
01-01 11:25:52.790 I/ ( 0): read descriptors
01-01 11:25:52.791 I/ ( 0): read strings
01-01 11:25:53.662 W/audit ( 0): audit_lost=1578 audit_rate_limit=5 audit_backlog_limit=64
01-01 11:25:53.662 E/audit ( 0): rate limit exceeded
01-01 11:25:53.689 I/binder ( 0): 22944:24036 ioctl 40046210 78a76aa1f4 returned -22
01-11 07:25:40.641 W/CarrierConfigManager(22944): Error getting config for subId -1 ICarrierConfigLoader is null
01-11 07:25:40.660 D/TelephonyRegistry( 1487): listen oscl: mHasNotifySubscriptionInfoChangedOccurred==false no callback
01-11 07:25:40.663 D/TelephonyRegistry( 1487): listen oscl: mHasNotifySubscriptionInfoChangedOccurred==false no callback
01-01 11:25:53.808 I/ ( 0): read descriptors
01-01 11:25:53.808 I/ ( 0): read strings
01-01 11:25:53.830 I/[schedu][0x3739d66730][07:25:40.711184] wlan( 0): [3487:I:OSIF] scan start scan id 41029
01-01 11:25:54.828 I/ ( 0): read descriptors
01-01 11:25:54.828 I/ ( 0): read strings
01-01 11:25:55.010 I/[schedu][0x373b303c92][07:25:41.891629] wlan( 0): [3487:I:OSIF] vdev 0, scan id 41029 type COMPLETED(1) reason COMPLETED(1) scan found 82 bss
01-01 11:25:55.845 I/ ( 0): read descriptors
01-01 11:25:55.845 I/ ( 0): read strings
01-01 11:25:56.865 I/ ( 0): read descriptors
01-01 11:25:56.865 I/ ( 0): read strings
01-01 11:25:57.889 I/ ( 0): read descriptors
01-01 11:25:57.889 I/ ( 0): read strings
01-11 07:25:44.868 D/TelephonyRegistry( 1487): listen oscl: mHasNotifySubscriptionInfoChangedOccurred==false no callback
01-11 07:25:44.870 D/TelephonyRegistry( 1487): listen oscl: mHasNotifySubscriptionInfoChangedOccurred==false no callback
01-01 11:25:58.073 I/[schedu][0x373eb181df][07:25:44.954313] wlan( 0): [3487:I:OSIF] scan start scan id 41030
01-01 11:25:58.909 I/ ( 0): read descriptors
01-01 11:25:58.909 I/ ( 0): read strings
01-01 11:25:59.259 I/[schedu][0x37400ce127][07:25:46.140010] wlan( 0): [3487:I:OSIF] vdev 0, scan id 41030 type COMPLETED(1) reason COMPLETED(1) scan found 78 bss
01-01 11:25:59.814 I/binder ( 0): 1487:1580 transaction failed 29189/-22, size 188-0 line 3071
01-01 11:25:59.815 I/binder ( 0): 1487:1580 transaction failed 29189/-22, size 188-0 line 3071
01-01 11:25:59.925 I/ ( 0): read descriptors
01-01 11:25:59.926 I/ ( 0): read strings
01-01 11:26:00.945 I/ ( 0): read descriptors
01-01 11:26:00.945 I/ ( 0): read strings
01-11 07:25:48.241 D/TelephonyRegistry( 1487): listen oscl: mHasNotifySubscriptionInfoChangedOccurred==false no callback
01-11 07:25:48.243 D/TelephonyRegistry( 1487): listen oscl: mHasNotifySubscriptionInfoChangedOccurred==false no callback
01-01 11:26:01.446 I/[schedu][0x37428dc2f6][07:25:48.327554] wlan( 0): [3487:I:OSIF] scan start scan id 41031
01-01 11:26:01.969 I/ ( 0): read descriptors
01-01 11:26:01.969 I/ ( 0): read strings
01-01 11:26:02.630 I/[schedu][0x3743e8642c][07:25:49.510717] wlan( 0): [3487:I:OSIF] vdev 0, scan id 41031 type COMPLETED(1) reason COMPLETED(1) scan found 73 bss
01-01 11:26:02.981 I/ ( 0): read descriptors
01-01 11:26:02.981 I/ ( 0): read strings
01-01 11:26:03.997 I/ ( 0): read descriptors
01-01 11:26:03.997 I/ ( 0): read strings
01-11 07:25:51.726 D/TelephonyRegistry( 1487): listen oscl: mHasNotifySubscriptionInfoChangedOccurred==false no callback
01-11 07:25:51.728 D/TelephonyRegistry( 1487): listen oscl: mHasNotifySubscriptionInfoChangedOccurred==false no callback
01-01 11:26:04.939 I/[schedu][0x37468cfa8b][07:25:51.820135] wlan( 0): [3487:I:OSIF] scan start scan id 41032
01-01 11:26:05.017 I/ ( 0): read descriptors
01-01 11:26:05.017 I/ ( 0): read strings
01-01 11:26:06.038 I/ ( 0): read descriptors
01-01 11:26:06.038 I/ ( 0): read strings
01-01 11:26:06.115 I/[schedu][0x3747e596ef][07:25:52.996407] wlan( 0): [3487:I:OSIF] vdev 0, scan id 41032 type COMPLETED(1) reason COMPLETED(1) scan found 82 bss
01-01 11:26:07.061 I/ ( 0): read descriptors
01-01 11:26:07.061 I/ ( 0): read strings
01-11 07:25:54.047 D/TelephonyRegistry( 1487): listen oscl: mHasNotifySubscriptionInfoChangedOccurred==false no callback
01-11 07:25:54.048 D/TelephonyRegistry( 1487): listen oscl: mHasNotifySubscriptionInfoChangedOccurred==false no callback
01-01 11:26:07.249 I/[schedu][0x374931bde9][07:25:54.130153] wlan( 0): [3487:I:OSIF] scan start scan id 41033
01-01 11:26:08.080 I/ ( 0): read descriptors
01-01 11:26:08.080 I/ ( 0): read strings
01-01 11:26:08.430 I/[schedu][0x374a8bad5b][07:25:55.310946] wlan( 0): [3487:I:OSIF] vdev 0, scan id 41033 type COMPLETED(1) reason COMPLETED(1) scan found 86 bss
01-11 07:25:55.968 D/TelephonyRegistry( 1487): listen oscl: mHasNotifySubscriptionInfoChangedOccurred==false no callback
01-11 07:25:55.970 D/TelephonyRegistry( 1487): listen oscl: mHasNotifySubscriptionInfoChangedOccurred==false no callback
01-01 11:26:09.106 I/ ( 0): read descriptors
01-01 11:26:09.106 I/ ( 0): read strings
01-01 11:26:09.176 I/[schedu][0x374b6642da][07:25:56.057046] wlan( 0): [3487:I:OSIF] scan start scan id 41034
01-01 11:26:10.125 I/ ( 0): read descriptors
01-01 11:26:10.125 I/ ( 0): read strings
01-01 11:26:10.345 I/[schedu][0x374cbcb973][07:25:57.225987] wlan( 0): [3487:I:OSIF] vdev 0, scan id 41034 type COMPLETED(1) reason COMPLETED(1) scan found 71 bss
01-11 07:25:57.758 D/TelephonyRegistry( 1487): listen oscl: mHasNotifySubscriptionInfoChangedOccurred==false no callback
01-11 07:25:57.760 D/TelephonyRegistry( 1487): listen oscl: mHasNotifySubscriptionInfoChangedOccurred==false no callback
01-01 11:26:10.971 I/[schedu][0x374d744922][07:25:57.852543] wlan( 0): [3487:I:OSIF] scan start scan id 41035
01-01 11:26:11.154 I/ ( 0): read descriptors
01-01 11:26:11.154 I/ ( 0): read strings
01-01 11:26:12.139 I/[schedu][0x374eca4ec3][07:25:59.019978] wlan( 0): [3487:I:OSIF] vdev 0, scan id 41035 type COMPLETED(1) reason COMPLETED(1) scan found 77 bss
01-01 11:26:12.178 I/ ( 0): read descriptors
01-01 11:26:12.179 I/ ( 0): read strings
01-01 11:26:13.193 I/ ( 0): read descriptors
01-01 11:26:13.193 I/ ( 0): read strings
01-01 11:26:14.209 I/ ( 0): read descriptors
01-01 11:26:14.209 I/ ( 0): read strings
01-01 11:26:15.225 I/ ( 0): read descriptors
01-01 11:26:15.225 I/ ( 0): read strings
01-01 11:26:16.249 I/ ( 0): read descriptors
01-01 11:26:16.249 I/ ( 0): read strings
01-01 11:26:17.269 I/ ( 0): read descriptors
01-01 11:26:17.269 I/ ( 0): read strings
01-01 11:26:18.285 I/ ( 0): read descriptors
01-01 11:26:18.286 I/ ( 0): read strings
01-01 11:26:19.301 I/ ( 0): read descriptors
01-01 11:26:19.301 I/ ( 0): read strings
01-01 11:26:20.321 I/ ( 0): read descriptors
01-01 11:26:20.321 I/ ( 0): read strings
01-01 11:26:21.341 I/ ( 0): read descriptors
01-01 11:26:21.341 I/ ( 0): read strings
01-01 11:26:22.353 I/ ( 0): read descriptors
01-01 11:26:22.353 I/ ( 0): read strings
01-01 11:26:23.365 I/ ( 0): read descriptors
01-01 11:26:23.365 I/ ( 0): read strings
01-01 11:26:24.381 I/ ( 0): read descriptors
01-01 11:26:24.381 I/ ( 0): read strings
01-01 11:26:25.401 I/ ( 0): read descriptors
01-01 11:26:25.401 I/ ( 0): read strings
01-01 11:26:26.421 I/ ( 0): read descriptors
01-01 11:26:26.421 I/ ( 0): read strings
01-01 11:26:27.437 I/ ( 0): read descriptors
01-01 11:26:27.437 I/ ( 0): read strings
01-01 11:26:28.457 I/ ( 0): read descriptors
01-01 11:26:28.457 I/ ( 0): read strings
01-01 11:26:29.473 I/ ( 0): read descriptors
01-01 11:26:29.473 I/ ( 0): read strings
01-01 11:26:30.493 I/ ( 0): read descriptors
01-01 11:26:30.493 I/ ( 0): read strings
01-01 11:26:31.509 I/ ( 0): read descriptors
01-01 11:26:31.509 I/ ( 0): read strings
01-01 11:26:32.525 I/ ( 0): read descriptors
01-01 11:26:32.525 I/ ( 0): read strings
01-01 11:26:33.541 I/ ( 0): read descriptors
01-01 11:26:33.541 I/ ( 0): read strings
01-01 11:26:34.561 I/ ( 0): read descriptors
01-01 11:26:34.561 I/ ( 0): read strings
01-01 11:26:35.577 I/ ( 0): read descriptors
01-01 11:26:35.577 I/ ( 0): read strings
01-01 11:26:36.593 I/ ( 0): read descriptors
01-01 11:26:36.593 I/ ( 0): read strings
01-01 11:26:37.609 I/ ( 0): read descriptors
01-01 11:26:37.609 I/ ( 0): read strings
01-11 07:26:25.026 D/TelephonyRegistry( 1487): listen oscl: mHasNotifySubscriptionInfoChangedOccurred==false no callback
01-11 07:26:25.032 D/TelephonyRegistry( 1487): listen oscl: mHasNotifySubscriptionInfoChangedOccurred==false no callback
01-01 11:26:38.226 I/[schedu][0x376ca51eeb][07:26:25.107447] wlan( 0): [3487:I:OSIF] scan start scan id 41036
01-01 11:26:38.629 I/ ( 0): read descriptors
01-01 11:26:38.629 I/ ( 0): read strings
01-01 11:26:39.395 I/[schedu][0x376dfb81bb][07:26:26.276124] wlan( 0): [3487:I:OSIF] vdev 0, scan id 41036 type COMPLETED(1) reason COMPLETED(1) scan found 79 bss
01-01 11:26:39.645 I/ ( 0): read descriptors
01-01 11:26:39.645 I/ ( 0): read strings
01-11 07:26:26.885 D/TelephonyRegistry( 1487): listen oscl: mHasNotifySubscriptionInfoChangedOccurred==false no callback
01-11 07:26:26.887 D/TelephonyRegistry( 1487): listen oscl: mHasNotifySubscriptionInfoChangedOccurred==false no callback
01-01 11:26:40.094 I/[schedu][0x376ec83b22][07:26:26.974916] wlan( 0): [3487:I:OSIF] scan start scan id 41037
01-01 11:26:40.669 I/ ( 0): read descriptors
01-01 11:26:40.669 I/ ( 0): read strings
01-01 11:26:41.272 I/[schedu][0x3770216d1e][07:26:28.153183] wlan( 0): [3487:I:OSIF] vdev 0, scan id 41037 type COMPLETED(1) reason COMPLETED(1) scan found 72 bss
01-01 11:26:41.701 I/ ( 0): read descriptors
01-01 11:26:41.701 I/ ( 0): read strings
01-11 07:26:29.161 D/TelephonyRegistry( 1487): listen oscl: mHasNotifySubscriptionInfoChangedOccurred==false no callback
01-11 07:26:29.163 D/TelephonyRegistry( 1487): listen oscl: mHasNotifySubscriptionInfoChangedOccurred==false no callback
01-01 11:26:42.362 I/[schedu][0x377160cbd2][07:26:29.243299] wlan( 0): [3487:I:OSIF] scan start scan id 41038
01-01 11:26:42.722 I/ ( 0): read descriptors
01-01 11:26:42.722 I/ ( 0): read strings
01-01 11:26:43.549 I/[schedu][0x3772bc92a9][07:26:30.430377] wlan( 0): [3487:I:OSIF] vdev 0, scan id 41038 type COMPLETED(1) reason COMPLETED(1) scan found 88 bss
01-01 11:26:43.749 I/ ( 0): read descriptors
01-01 11:26:43.749 I/ ( 0): read strings
01-11 07:26:30.985 D/TelephonyRegistry( 1487): listen oscl: mHasNotifySubscriptionInfoChangedOccurred==false no callback
01-11 07:26:30.987 D/TelephonyRegistry( 1487): listen oscl: mHasNotifySubscriptionInfoChangedOccurred==false no callback
01-01 11:26:44.192 I/[schedu][0x377378f45e][07:26:31.073386] wlan( 0): [3487:I:OSIF] scan start scan id 41039
01-01 11:26:44.769 I/ ( 0): read descriptors
01-01 11:26:44.769 I/ ( 0): read strings
01-01 11:26:45.378 I/[schedu][0x3774d480fd][07:26:32.259688] wlan( 0): [3487:I:OSIF] vdev 0, scan id 41039 type COMPLETED(1) reason COMPLETED(1) scan found 81 bss
01-01 11:26:45.797 I/ ( 0): read descriptors
01-01 11:26:45.797 I/ ( 0): read strings
01-11 07:26:32.894 D/TelephonyRegistry( 1487): listen oscl: mHasNotifySubscriptionInfoChangedOccurred==false no callback
01-11 07:26:32.896 D/TelephonyRegistry( 1487): listen oscl: mHasNotifySubscriptionInfoChangedOccurred==false no callback
01-01 11:26:46.122 I/[schedu][0x3775ae743c][07:26:33.003624] wlan( 0): [3487:I:OSIF] scan start scan id 41040
01-01 11:26:46.825 I/ ( 0): read descriptors
01-01 11:26:46.825 I/ ( 0): read strings --------- beginning of events
01-11 07:26:33.735 I/wm_on_start_called( 2583): [50041834,com.android.launcher3.uioverrides.QuickstepLauncher,handleStartActivity]
01-11 07:26:33.736 I/view_enqueue_input_event(22944): [Motion - Cancel,com.android.settings/com.android.settings.Settings]
01-11 07:26:33.738 I/input_focus( 1487): [Focus request recents_animation_input_consumer,reason=UpdateInputWindows]
01-11 07:26:33.742 I/sysui_latency( 2583): [1,63]
01-11 07:26:33.746 I/input_focus( 1487): [Focus leaving c6452e2 com.android.settings/com.android.settings.Settings (server),reason=NOT_FOCUSABLE]
01-11 07:26:33.746 I/input_focus( 1487): [Focus entering recents_animation_input_consumer (server),reason=setFocusedWindow]
01-11 07:26:33.753 I/sysui_multi_action( 1487): [319,10,322,56,325,12404,757,761,758,9,759,5,806,com.android.launcher3,871,com.android.launcher3.uioverrides.QuickstepLauncher,904,com.android.launcher3,905,0,1320,8,1321,5]
01-11 07:26:33.753 I/input_interaction( 1487): Interaction with: edge-swipe (server), swipe-up (server), PointerEventDispatcher0 (server),
01-11 07:26:33.940 I/commit_sys_config_file( 1487): [settings-1-0,3]
01-11 07:26:34.054 I/sysui_latency( 1487): [8,65]
01-11 07:26:34.139 I/auditd ( 0): type=1400 audit(0.0:13994): avc: denied { kill } for comm="swapper/2" capability=5 scontext=u:r:kernel:s0 tcontext=u:r:kernel:s0 tclass=capability permissive=0
01-01 11:26:47.321 I/[schedu][0x37770db5b4][07:26:34.202577] wlan( 0): [3487:I:OSIF] vdev 0, scan id 41040 type COMPLETED(1) reason COMPLETED(1) scan found 83 bss
01-11 07:26:34.211 I/liblog ( 1370): 9
01-11 07:26:34.535 I/wm_task_moved( 1487): [1,1,6]
01-11 07:26:34.535 I/wm_task_moved( 1487): [9,1,2147483647]
01-11 07:26:34.535 I/wm_task_to_front( 1487): [0,9]
01-11 07:26:34.537 I/wm_focused_root_task( 1487): [0,0,1,80,RecentsAnimation.onAnimationFinished()]
01-11 07:26:34.538 I/wm_set_resumed_activity( 1487): [0,com.android.launcher3/.uioverrides.QuickstepLauncher,RecentsAnimation.onAnimationFinished()]
01-11 07:26:34.540 I/wm_pause_activity( 1487): [0,112333459,com.android.settings/.Settings,userLeaving=true,pauseBackTasks]
01-11 07:26:34.541 I/wm_add_to_stopping( 1487): [0,112333459,com.android.settings/.Settings,makeInvisible]
01-11 07:26:34.541 I/wm_set_resumed_activity( 1487): [0,com.android.launcher3/.uioverrides.QuickstepLauncher,resumeTopActivityInnerLocked]
01-11 07:26:34.544 I/wm_resume_activity( 1487): [0,50041834,9,com.android.launcher3/.uioverrides.QuickstepLauncher]
01-11 07:26:34.545 I/wm_on_resume_called( 2583): [50041834,com.android.launcher3.uioverrides.QuickstepLauncher,RESUME_ACTIVITY]
01-11 07:26:34.547 I/input_focus( 1487): [Focus request 7dc3aaa com.android.launcher3/com.android.launcher3.uioverrides.QuickstepLauncher,reason=UpdateInputWindows]
01-11 07:26:34.548 I/wm_on_top_resumed_lost_called(22944): [112333459,com.android.settings.Settings,topStateChangedWhenResumed]
01-11 07:26:34.553 I/wm_on_top_resumed_gained_called( 2583): [50041834,com.android.launcher3.uioverrides.QuickstepLauncher,topStateChangedWhenResumed]
01-11 07:26:34.554 I/sysui_multi_action(22944): [757,35,758,2,1089,1666]
01-11 07:26:34.555 I/wm_stop_activity( 1487): [0,112333459,com.android.settings/.Settings]
01-11 07:26:34.555 I/sysui_multi_action(22944): [757,746,758,2,1089,1662]
01-11 07:26:34.556 I/sysui_multi_action( 1487): [757,803,799,window_time_0,802,2]
01-11 07:26:34.557 I/sysui_multi_action( 1487): [757,803,799,window_time_0,802,0]
01-11 07:26:34.559 I/wm_on_paused_called(22944): [112333459,com.android.settings.Settings,performPause]
01-11 07:26:34.565 I/input_focus( 1487): [Focus leaving recents_animation_input_consumer (server),reason=NOT_VISIBLE]
01-11 07:26:34.565 I/input_focus( 1487): [Focus entering 7dc3aaa com.android.launcher3/com.android.launcher3.uioverrides.QuickstepLauncher (server),reason=setFocusedWindow]
01-11 07:26:34.575 I/wm_on_stop_called(22944): [112333459,com.android.settings.Settings,STOP_ACTIVITY_ITEM]
01-11 07:26:34.586 I/input_interaction( 1487): Interaction with: 7dc3aaa com.android.launcher3/com.android.launcher3.uioverrides.QuickstepLauncher (server), c9f455c com.android.systemui.ImageWallpaper (server), edge-swipe (server), swipe-up (server), PointerEventDispatcher0 (server),
01-01 11:26:47.845 I/ ( 0): read descriptors
01-01 11:26:47.845 I/ ( 0): read strings
01-11 07:26:34.764 I/wm_task_moved( 1487): [80,1,6]
01-11 07:26:34.764 I/wm_task_to_front( 1487): [0,80]
01-11 07:26:34.765 I/wm_focused_root_task( 1487): [0,0,80,1,bringingFoundTaskToFront]
01-11 07:26:34.765 I/wm_set_resumed_activity( 1487): [0,com.android.settings/.Settings,bringingFoundTaskToFront]
01-11 07:26:34.766 I/wm_new_intent( 1487): [0,112333459,80,com.android.settings/.Settings,android.intent.action.MAIN,NULL,NULL,270532608]
01-11 07:26:34.768 I/wm_pause_activity( 1487): [0,50041834,com.android.launcher3/.uioverrides.QuickstepLauncher,userLeaving=true,pauseBackTasks]
01-11 07:26:34.775 I/wm_on_top_resumed_lost_called( 2583): [50041834,com.android.launcher3.uioverrides.QuickstepLauncher,topStateChangedWhenResumed]
01-11 07:26:34.779 I/wm_on_paused_called( 2583): [50041834,com.android.launcher3.uioverrides.QuickstepLauncher,performPause]
01-11 07:26:34.781 I/wm_set_resumed_activity( 1487): [0,com.android.settings/.Settings,resumeTopActivityInnerLocked]
01-11 07:26:34.781 I/wm_add_to_stopping( 1487): [0,50041834,com.android.launcher3/.uioverrides.QuickstepLauncher,makeInvisible]
01-11 07:26:34.782 I/wm_resume_activity( 1487): [0,112333459,80,com.android.settings/.Settings]
01-11 07:26:34.792 I/sysui_multi_action( 1487): [757,803,799,window_time_0,802,0]
01-11 07:26:34.798 I/wm_on_restart_called(22944): [112333459,com.android.settings.Settings,performRestartActivity]
01-11 07:26:34.799 I/input_focus( 1487): [Focus leaving 7dc3aaa com.android.launcher3/com.android.launcher3.uioverrides.QuickstepLauncher (server),reason=NO_WINDOW]
01-11 07:26:34.803 I/wm_on_start_called(22944): [112333459,com.android.settings.Settings,handleStartActivity]
01-11 07:26:34.804 I/snet_event_log(22944): [120484087,-1,]
01-11 07:26:34.804 I/wm_on_resume_called(22944): [112333459,com.android.settings.Settings,RESUME_ACTIVITY]
01-11 07:26:34.804 I/sysui_multi_action(22944): [757,35,758,1,833,0,1089,0]
01-11 07:26:34.809 I/sysui_multi_action(22944): [757,746,758,1,833,0,1089,0]
01-11 07:26:34.809 D/TelephonyRegistry( 1487): listen oscl: mHasNotifySubscriptionInfoChangedOccurred==false no callback
01-11 07:26:34.811 D/TelephonyRegistry( 1487): listen oscl: mHasNotifySubscriptionInfoChangedOccurred==false no callback
01-11 07:26:34.818 I/wm_on_top_resumed_gained_called(22944): [112333459,com.android.settings.Settings,topWhenResuming]
01-11 07:26:34.823 I/input_focus( 1487): [Focus request c6452e2 com.android.settings/com.android.settings.Settings,reason=UpdateInputWindows]
01-11 07:26:34.832 I/sysui_multi_action( 1487): [319,26,321,25,322,68,325,12405,757,761,758,9,759,4,806,com.android.settings,871,com.android.settings.Settings,904,com.android.launcher3,905,0,1320,8,1321,5]
01-11 07:26:34.848 I/input_focus( 1487): [Focus entering c6452e2 com.android.settings/com.android.settings.Settings (server),reason=Window became focusable. Previous reason: NOT_VISIBLE]
01-01 11:26:48.048 I/[schedu][0x3777e2a4fa][07:26:34.929394] wlan( 0): [3487:I:OSIF] scan start scan id 41041
01-11 07:26:35.321 I/wm_stop_activity( 1487): [0,50041834,com.android.launcher3/.uioverrides.QuickstepLauncher]
01-11 07:26:35.343 I/wm_on_stop_called( 2583): [50041834,com.android.launcher3.uioverrides.QuickstepLauncher,STOP_ACTIVITY_ITEM]
01-11 07:26:35.563 I/input_interaction( 1487): Interaction with: c6452e2 com.android.settings/com.android.settings.Settings (server), edge-swipe (server), swipe-up (server), PointerEventDispatcher0 (server),
01-11 07:26:35.577 I/wm_task_moved( 1487): [1,0,0]
01-11 07:26:35.577 I/wm_task_moved( 1487): [1,0,5]
01-11 07:26:35.584 I/wm_on_restart_called( 2583): [50041834,com.android.launcher3.uioverrides.QuickstepLauncher,performRestartActivity]
01-11 07:26:35.608 I/wm_on_start_called( 2583): [50041834,com.android.launcher3.uioverrides.QuickstepLauncher,handleStartActivity]
01-11 07:26:35.609 I/view_enqueue_input_event(22944): [Motion - Cancel,com.android.settings/com.android.settings.Settings]
01-11 07:26:35.610 I/input_focus( 1487): [Focus request recents_animation_input_consumer,reason=UpdateInputWindows]
01-11 07:26:35.614 I/input_interaction( 1487): Interaction with: edge-swipe (server), swipe-up (server), PointerEventDispatcher0 (server),
01-11 07:26:35.616 I/sysui_latency( 2583): [1,53]
01-11 07:26:35.617 I/input_focus( 1487): [Focus leaving c6452e2 com.android.settings/com.android.settings.Settings (server),reason=NOT_FOCUSABLE]
01-11 07:26:35.617 I/input_focus( 1487): [Focus entering recents_animation_input_consumer (server),reason=setFocusedWindow]
01-11 07:26:35.626 I/sysui_multi_action( 1487): [319,9,322,46,325,12406,757,761,758,9,759,5,806,com.android.launcher3,871,com.android.launcher3.uioverrides.QuickstepLauncher,904,com.android.launcher3,905,0,1320,8,1321,5]
01-01 11:26:48.865 I/ ( 0): read descriptors
01-01 11:26:48.865 I/ ( 0): read strings
01-11 07:26:35.811 I/commit_sys_config_file( 1487): [settings-1-0,4]
01-11 07:26:35.925 I/sysui_latency( 1487): [8,55]
01-11 07:26:36.083 I/am_uid_idle( 1487): 10052
01-01 11:26:49.227 I/[schedu][0x37793bed2b][07:26:36.107957] wlan( 0): [3487:I:OSIF] vdev 0, scan id 41041 type COMPLETED(1) reason COMPLETED(1) scan found 84 bss
01-11 07:26:36.376 I/wm_task_moved( 1487): [1,1,6]
01-11 07:26:36.377 I/wm_task_moved( 1487): [9,1,2147483647]
01-11 07:26:36.377 I/wm_task_to_front( 1487): [0,9]
01-11 07:26:36.377 I/wm_on_top_resumed_lost_called(22944): [112333459,com.android.settings.Settings,topStateChangedWhenResumed]
01-11 07:26:36.377 I/wm_focused_root_task( 1487): [0,0,1,80,RecentsAnimation.onAnimationFinished()]
01-11 07:26:36.377 I/wm_set_resumed_activity( 1487): [0,com.android.launcher3/.uioverrides.QuickstepLauncher,RecentsAnimation.onAnimationFinished()]
01-11 07:26:36.378 I/wm_pause_activity( 1487): [0,112333459,com.android.settings/.Settings,userLeaving=true,pauseBackTasks]
01-11 07:26:36.378 I/wm_add_to_stopping( 1487): [0,112333459,com.android.settings/.Settings,makeInvisible]
01-11 07:26:36.379 I/wm_set_resumed_activity( 1487): [0,com.android.launcher3/.uioverrides.QuickstepLauncher,resumeTopActivityInnerLocked]
01-11 07:26:36.380 I/wm_resume_activity( 1487): [0,50041834,9,com.android.launcher3/.uioverrides.QuickstepLauncher]
01-11 07:26:36.381 I/wm_on_resume_called( 2583): [50041834,com.android.launcher3.uioverrides.QuickstepLauncher,RESUME_ACTIVITY]
01-11 07:26:36.387 I/input_focus( 1487): [Focus request 7dc3aaa com.android.launcher3/com.android.launcher3.uioverrides.QuickstepLauncher,reason=UpdateInputWindows]
01-11 07:26:36.388 I/sysui_multi_action(22944): [757,35,758,2,1089,1585]
01-11 07:26:36.389 I/wm_on_top_resumed_gained_called( 2583): [50041834,com.android.launcher3.uioverrides.QuickstepLauncher,topStateChangedWhenResumed]
01-11 07:26:36.391 I/sysui_multi_action(22944): [757,746,758,2,1089,1582]
01-11 07:26:36.392 I/wm_stop_activity( 1487): [0,112333459,com.android.settings/.Settings]
01-11 07:26:36.394 I/sysui_multi_action( 1487): [757,803,799,window_time_0,802,2]
01-11 07:26:36.396 I/wm_on_paused_called(22944): [112333459,com.android.settings.Settings,performPause]
01-11 07:26:36.400 I/sysui_multi_action( 1487): [757,803,799,window_time_0,802,0]
01-11 07:26:36.402 I/input_focus( 1487): [Focus leaving recents_animation_input_consumer (server),reason=NOT_VISIBLE]
01-11 07:26:36.402 I/input_focus( 1487): [Focus entering 7dc3aaa com.android.launcher3/com.android.launcher3.uioverrides.QuickstepLauncher (server),reason=setFocusedWindow]
01-11 07:26:36.416 I/wm_on_stop_called(22944): [112333459,com.android.settings.Settings,STOP_ACTIVITY_ITEM]
01-11 07:26:36.500 I/input_interaction( 1487): Interaction with: 7dc3aaa com.android.launcher3/com.android.launcher3.uioverrides.QuickstepLauncher (server), c9f455c com.android.systemui.ImageWallpaper (server), edge-swipe (server), swipe-up (server), PointerEventDispatcher0 (server),
01-11 07:26:36.648 I/wm_task_moved( 1487): [80,1,6]
01-11 07:26:36.648 I/wm_task_to_front( 1487): [0,80]
01-11 07:26:36.648 I/wm_focused_root_task( 1487): [0,0,80,1,bringingFoundTaskToFront]
01-11 07:26:36.649 I/wm_set_resumed_activity( 1487): [0,com.android.settings/.Settings,bringingFoundTaskToFront]
01-11 07:26:36.649 I/wm_new_intent( 1487): [0,112333459,80,com.android.settings/.Settings,android.intent.action.MAIN,NULL,NULL,270532608]
01-11 07:26:36.651 I/wm_pause_activity( 1487): [0,50041834,com.android.launcher3/.uioverrides.QuickstepLauncher,userLeaving=true,pauseBackTasks]
01-11 07:26:36.656 I/wm_on_top_resumed_lost_called( 2583): [50041834,com.android.launcher3.uioverrides.QuickstepLauncher,topStateChangedWhenResumed]
01-11 07:26:36.660 I/wm_on_paused_called( 2583): [50041834,com.android.launcher3.uioverrides.QuickstepLauncher,performPause]
01-11 07:26:36.663 I/wm_set_resumed_activity( 1487): [0,com.android.settings/.Settings,resumeTopActivityInnerLocked]
01-11 07:26:36.663 I/wm_add_to_stopping( 1487): [0,50041834,com.android.launcher3/.uioverrides.QuickstepLauncher,makeInvisible]
01-11 07:26:36.665 I/wm_resume_activity( 1487): [0,112333459,80,com.android.settings/.Settings]
01-11 07:26:36.672 I/sysui_multi_action( 1487): [757,803,799,window_time_0,802,0]
01-11 07:26:36.676 I/wm_on_restart_called(22944): [112333459,com.android.settings.Settings,performRestartActivity]
01-11 07:26:36.682 I/wm_on_start_called(22944): [112333459,com.android.settings.Settings,handleStartActivity]
01-11 07:26:36.683 I/snet_event_log(22944): [120484087,-1,]
01-11 07:26:36.683 I/wm_on_resume_called(22944): [112333459,com.android.settings.Settings,RESUME_ACTIVITY]
01-11 07:26:36.683 I/sysui_multi_action(22944): [757,35,758,1,833,0,1089,0]
01-11 07:26:36.687 I/input_focus( 1487): [Focus leaving 7dc3aaa com.android.launcher3/com.android.launcher3.uioverrides.QuickstepLauncher (server),reason=NO_WINDOW]
01-11 07:26:36.697 I/sysui_multi_action(22944): [757,746,758,1,833,0,1089,0]
01-11 07:26:36.697 D/TelephonyRegistry( 1487): listen oscl: mHasNotifySubscriptionInfoChangedOccurred==false no callback
01-11 07:26:36.699 D/TelephonyRegistry( 1487): listen oscl: mHasNotifySubscriptionInfoChangedOccurred==false no callback
01-11 07:26:36.708 I/wm_on_top_resumed_gained_called(22944): [112333459,com.android.settings.Settings,topWhenResuming]
01-11 07:26:36.713 I/input_focus( 1487): [Focus request c6452e2 com.android.settings/com.android.settings.Settings,reason=UpdateInputWindows]
01-11 07:26:36.727 I/sysui_multi_action( 1487): [319,24,321,23,322,76,325,12407,757,761,758,9,759,4,806,com.android.settings,871,com.android.settings.Settings,904,com.android.launcher3,905,0,1320,8,1321,5]
01-11 07:26:36.737 I/input_focus( 1487): [Focus entering c6452e2 com.android.settings/com.android.settings.Settings (server),reason=setFocusedWindow]
01-01 11:26:49.901 I/ ( 0): read descriptors
01-01 11:26:49.901 I/ ( 0): read strings
01-01 11:26:49.903 I/[schedu][0x377a01f457][07:26:36.783892] wlan( 0): [3487:I:OSIF] scan start scan id 41042
01-11 07:26:37.139 I/auditd ( 0): type=1400 audit(0.0:13995): avc: denied { kill } for comm="swapper/3" capability=5 scontext=u:r:kernel:s0 tcontext=u:r:kernel:s0 tclass=capability permissive=0
01-11 07:26:37.208 I/wm_stop_activity( 1487): [0,50041834,com.android.launcher3/.uioverrides.QuickstepLauncher]
01-11 07:26:37.228 I/wm_on_stop_called( 2583): [50041834,com.android.launcher3.uioverrides.QuickstepLauncher,STOP_ACTIVITY_ITEM]
01-11 07:26:37.376 I/input_interaction( 1487): Interaction with: c6452e2 com.android.settings/com.android.settings.Settings (server), edge-swipe (server), swipe-up (server), PointerEventDispatcher0 (server),
01-11 07:26:37.389 I/wm_task_moved( 1487): [1,0,0]
01-11 07:26:37.390 I/wm_task_moved( 1487): [1,0,5]
01-11 07:26:37.404 I/wm_on_restart_called( 2583): [50041834,com.android.launcher3.uioverrides.QuickstepLauncher,performRestartActivity]
01-11 07:26:37.422 I/wm_on_start_called( 2583): [50041834,com.android.launcher3.uioverrides.QuickstepLauncher,handleStartActivity]
01-11 07:26:37.423 I/view_enqueue_input_event(22944): [Motion - Cancel,com.android.settings/com.android.settings.Settings]
01-11 07:26:37.424 I/input_focus( 1487): [Focus request recents_animation_input_consumer,reason=UpdateInputWindows]
01-11 07:26:37.428 I/input_interaction( 1487): Interaction with: edge-swipe (server), swipe-up (server), PointerEventDispatcher0 (server),
01-11 07:26:37.429 I/sysui_latency( 2583): [1,53]
01-11 07:26:37.438 I/input_focus( 1487): [Focus leaving c6452e2 com.android.settings/com.android.settings.Settings (server),reason=NOT_FOCUSABLE]
01-11 07:26:37.438 I/input_focus( 1487): [Focus entering recents_animation_input_consumer (server),reason=setFocusedWindow]
01-11 07:26:37.443 I/sysui_multi_action( 1487): [319,7,322,48,325,12408,757,761,758,9,759,5,806,com.android.launcher3,871,com.android.launcher3.uioverrides.QuickstepLauncher,904,com.android.launcher3,905,0,1320,8,1321,5] --------- beginning of system
01-11 07:26:37.537 W/FreeFormWindowHelper( 1487): Current Display FreeFormTask is null
01-11 07:26:37.626 I/commit_sys_config_file( 1487): [settings-1-0,4]
01-11 07:26:37.739 I/sysui_latency( 1487): [8,58]
01-01 11:26:50.921 I/ ( 0): read descriptors
01-01 11:26:50.921 I/ ( 0): read strings
01-01 11:26:51.083 I/[schedu][0x377b5bbc8e][07:26:37.964162] wlan( 0): [3487:I:OSIF] vdev 0, scan id 41042 type COMPLETED(1) reason COMPLETED(1) scan found 75 bss
01-11 07:26:38.139 I/auditd ( 0): type=1400 audit(0.0:13996): avc: denied { kill } for comm="swapper/3" capability=5 scontext=u:r:kernel:s0 tcontext=u:r:kernel:s0 tclass=capability permissive=0
01-11 07:26:38.172 W/FreeFormWindowHelper( 1487): Current Display FreeFormTask is null
01-11 07:26:38.176 I/wm_task_moved( 1487): [1,1,6]
01-11 07:26:38.177 I/wm_task_moved( 1487): [9,1,2147483647]
01-11 07:26:38.177 I/wm_task_to_front( 1487): [0,9]
01-11 07:26:38.177 I/wm_focused_root_task( 1487): [0,0,1,80,RecentsAnimation.onAnimationFinished()]
01-11 07:26:38.177 I/wm_set_resumed_activity( 1487): [0,com.android.launcher3/.uioverrides.QuickstepLauncher,RecentsAnimation.onAnimationFinished()]
01-11 07:26:38.177 I/wm_on_top_resumed_lost_called(22944): [112333459,com.android.settings.Settings,topStateChangedWhenResumed]
01-11 07:26:38.178 I/wm_pause_activity( 1487): [0,112333459,com.android.settings/.Settings,userLeaving=true,pauseBackTasks]
01-11 07:26:38.179 I/wm_add_to_stopping( 1487): [0,112333459,com.android.settings/.Settings,makeInvisible]
01-11 07:26:38.180 I/ActivityTaskManager( 1487): FOREGROUND_APPLICATION_CHANGED to com.android.launcher3.uioverrides.QuickstepLauncher
01-11 07:26:38.180 I/wm_set_resumed_activity( 1487): [0,com.android.launcher3/.uioverrides.QuickstepLauncher,resumeTopActivityInnerLocked]
01-11 07:26:38.183 I/wm_resume_activity( 1487): [0,50041834,9,com.android.launcher3/.uioverrides.QuickstepLauncher]
01-11 07:26:38.183 I/wm_on_resume_called( 2583): [50041834,com.android.launcher3.uioverrides.QuickstepLauncher,RESUME_ACTIVITY]
01-11 07:26:38.187 I/input_focus( 1487): [Focus request 7dc3aaa com.android.launcher3/com.android.launcher3.uioverrides.QuickstepLauncher,reason=UpdateInputWindows]
01-11 07:26:38.188 I/wm_on_top_resumed_gained_called( 2583): [50041834,com.android.launcher3.uioverrides.QuickstepLauncher,topStateChangedWhenResumed]
01-11 07:26:38.189 I/sysui_multi_action(22944): [757,35,758,2,1089,1506]
01-11 07:26:38.190 I/input_focus( 1487): [Focus leaving recents_animation_input_consumer (server),reason=NOT_VISIBLE]
01-11 07:26:38.191 I/sysui_multi_action(22944): [757,746,758,2,1089,1493]
01-11 07:26:38.192 I/wm_stop_activity( 1487): [0,112333459,com.android.settings/.Settings]
01-11 07:26:38.193 I/wm_on_paused_called(22944): [112333459,com.android.settings.Settings,performPause]
01-11 07:26:38.199 I/sysui_multi_action( 1487): [757,803,799,window_time_0,802,2]
01-11 07:26:38.200 I/sysui_multi_action( 1487): [757,803,799,window_time_0,802,0]
01-11 07:26:38.206 I/input_focus( 1487): [Focus entering 7dc3aaa com.android.launcher3/com.android.launcher3.uioverrides.QuickstepLauncher (server),reason=setFocusedWindow]
01-11 07:26:38.222 I/wm_on_stop_called(22944): [112333459,com.android.settings.Settings,STOP_ACTIVITY_ITEM]
01-11 07:26:38.236 W/ContextImpl(19692): Calling a method in the system process without a qualified user: android.app.ContextImpl.startService:1816 android.content.ContextWrapper.startService:774 com.thundercomm.gamemode.ingame.services.GameModeActionUtils.startGameModeService:111 com.thundercomm.gamemode.ingame.services.GameModeActionUtils.startGameModeEntry:22 com.thundercomm.gamemode.ingame.services.ActivityMonitoringService$1.onActivityLaunch:129
01-11 07:26:38.237 I/GameModeConfig( 1487): Current uri is uri = content://com.thundercomm.gamemode.api/gamemode_settings/gamemode_isgaming
01-11 07:26:38.239 I/GameModeConfig( 1487): isGameModeOn = false
01-11 07:26:38.239 I/GameModeConfig( 1487): isGameModeOn = false
01-11 07:26:38.239 I/GameModeConfig( 1487): isDisableVoice = true
01-11 07:26:38.290 W/FreeFormWindowHelper( 1487): Current Display FreeFormTask is null
01-11 07:26:38.295 W/ContextImpl(19692): Calling a method in the system process without a qualified user: android.app.ContextImpl.startService:1816 android.content.ContextWrapper.startService:774 com.thundercomm.gamemode.ingame.services.GameModeActionUtils.startGameModeService:111 com.thundercomm.gamemode.ingame.services.GameModeActionUtils.startGameModeEntry:22 com.thundercomm.gamemode.ingame.services.ActivityMonitoringService$1.onActivityLaunch:129
01-11 07:26:38.300 I/GameModeConfig( 1487): Current uri is uri = content://com.thundercomm.gamemode.api/gamemode_settings/gamemode_isgaming
01-11 07:26:38.302 I/GameModeConfig( 1487): isGameModeOn = false
01-11 07:26:38.302 I/GameModeConfig( 1487): isGameModeOn = false
01-11 07:26:38.302 I/GameModeConfig( 1487): isDisableVoice = true
01-11 07:26:38.310 I/input_interaction( 1487): Interaction with: 7dc3aaa com.android.launcher3/com.android.launcher3.uioverrides.QuickstepLauncher (server), c9f455c com.android.systemui.ImageWallpaper (server), edge-swipe (server), swipe-up (server), PointerEventDispatcher0 (server),
01-11 07:26:38.468 I/thunderperf( 1487): PlatormCompat.setOverrides: Uid1=10071 Pid1=2583 Uid2=10071 Pid2=2583
01-11 07:26:38.468 I/thunderperf( 1487): PlatormCompat.setOverrides: needCheck:false
01-11 07:26:38.468 I/thunderperf( 1487): CompatConfig.addOverrideUnsafe: bef-state=1
01-11 07:26:38.468 E/thunderperf( 1487): CompatConfig.addOverrideUnsafe: exception:java.lang.SecurityException: Cannot override a change on a non-debuggable app and user build.
01-11 07:26:38.468 I/thunderperf( 1487): CompatConfig.addOverrideUnsafe: aft-state=1
01-11 07:26:38.469 I/thunderperf( 1487): CompatConfig.addOverrideUnsafe: bef-state=1
01-11 07:26:38.470 E/thunderperf( 1487): CompatConfig.addOverrideUnsafe: exception:java.lang.SecurityException: Cannot override a change on a non-debuggable app and user build.
01-11 07:26:38.470 I/thunderperf( 1487): CompatConfig.addOverrideUnsafe: aft-state=1
01-11 07:26:38.470 I/thunderperf( 1487): CompatConfig.addOverrideUnsafe: bef-state=1
01-11 07:26:38.470 E/thunderperf( 1487): CompatConfig.addOverrideUnsafe: exception:java.lang.SecurityException: Cannot override a change on a non-debuggable app and user build.
01-11 07:26:38.470 I/thunderperf( 1487): CompatConfig.addOverrideUnsafe: aft-state=1
01-11 07:26:38.471 I/thunderperf( 1487): CompatConfig.addOverrideUnsafe: bef-state=1
01-11 07:26:38.471 E/thunderperf( 1487): CompatConfig.addOverrideUnsafe: exception:java.lang.SecurityException: Cannot override a change on a non-debuggable app and user build.
01-11 07:26:38.471 I/thunderperf( 1487): CompatConfig.addOverrideUnsafe: aft-state=1
01-11 07:26:38.472 I/thunderperf( 1487): CompatConfig.addOverrideUnsafe: bef-state=1
01-11 07:26:38.472 E/thunderperf( 1487): CompatConfig.addOverrideUnsafe: exception:java.lang.SecurityException: Cannot override a change on a non-debuggable app and user build.
01-11 07:26:38.472 I/thunderperf( 1487): CompatConfig.addOverrideUnsafe: aft-state=1
01-11 07:26:38.473 I/thunderperf( 1487): CompatConfig.addOverrideUnsafe: bef-state=1
01-11 07:26:38.473 E/thunderperf( 1487): CompatConfig.addOverrideUnsafe: exception:java.lang.SecurityException: Cannot override a change on a non-debuggable app and user build.
01-11 07:26:38.473 I/thunderperf( 1487): CompatConfig.addOverrideUnsafe: aft-state=1
01-11 07:26:38.473 I/thunderperf( 1487): CompatConfig.addOverrideUnsafe: bef-state=1
01-11 07:26:38.474 E/thunderperf( 1487): CompatConfig.addOverrideUnsafe: exception:java.lang.SecurityException: Cannot override a change on a non-debuggable app and user build.
01-11 07:26:38.474 I/thunderperf( 1487): CompatConfig.addOverrideUnsafe: aft-state=1
01-11 07:26:38.477 I/thunderperf( 1487): CompatConfig.addOverrideUnsafe: bef-state=1
01-11 07:26:38.477 E/thunderperf( 1487): CompatConfig.addOverrideUnsafe: exception:java.lang.SecurityException: Cannot override a change on a non-debuggable app and user build.
