02-08 05:53:10.968 I/wm_focused_root_task( 1466): [0,0,12,1,bringingFoundTaskToFront]
02-08 05:53:10.968 I/wm_set_resumed_activity( 1466): [0,com.android.music/.VideoBrowserActivity,bringingFoundTaskToFront]
02-08 05:53:10.973 I/wm_pause_activity( 1466): [0,163962840,com.android.launcher3/.uioverrides.QuickstepLauncher,userLeaving=true,pauseBackTasks]
02-08 05:53:10.980 I/wm_on_top_resumed_lost_called( 2862): [163962840,com.android.launcher3.uioverrides.QuickstepLauncher,topStateChangedWhenResumed]
02-08 05:53:10.984 I/wm_on_paused_called( 2862): [163962840,com.android.launcher3.uioverrides.QuickstepLauncher,performPause]
02-08 05:53:10.987 I/wm_set_resumed_activity( 1466): [0,com.android.music/.VideoBrowserActivity,resumeTopActivityInnerLocked]
02-08 05:53:10.987 I/wm_add_to_stopping( 1466): [0,163962840,com.android.launcher3/.uioverrides.QuickstepLauncher,makeInvisible]
02-08 05:53:10.990 I/wm_resume_activity( 1466): [0,94960461,12,com.android.music/.VideoBrowserActivity]
02-08 05:53:10.992 I/sysui_multi_action( 1466): [757,803,799,window_time_0,802,0]
02-08 05:53:11.002 I/wm_on_restart_called( 6004): [94960461,com.android.music.VideoBrowserActivity,performRestartActivity]
02-08 05:53:11.002 I/wm_on_start_called( 6004): [94960461,com.android.music.VideoBrowserActivity,handleStartActivity]
02-08 05:53:11.002 I/wm_on_resume_called( 6004): [94960461,com.android.music.VideoBrowserActivity,RESUME_ACTIVITY]
02-08 05:53:11.002 I/wm_on_top_resumed_gained_called( 6004): [94960461,com.android.music.VideoBrowserActivity,topWhenResuming]
02-08 05:53:11.011 I/input_focus( 1466): [Focus leaving 75d5c14 com.android.launcher3/com.android.launcher3.uioverrides.QuickstepLauncher (server),reason=NO_WINDOW]
02-08 05:53:11.013 I/am_pss ( 1466): [5915,10093,com.android.permissioncontroller,20986880,16584704,0,128884736,0,19,6]
02-08 05:53:11.019 I/input_focus( 1466): [Focus request 2216514 com.android.music/com.android.music.VideoBrowserActivity,reason=UpdateInputWindows]
02-08 05:53:11.023 I/sysui_multi_action( 1466): [319,32,321,28,322,55,325,1002,757,761,758,9,759,4,806,com.android.music,871,com.android.music.VideoBrowserActivity,904,com.android.launcher3,905,0,1320,4,1321,1]
02-08 05:53:11.027 I/input_focus( 1466): [Focus entering 2216514 com.android.music/com.android.music.VideoBrowserActivity (server),reason=setFocusedWindow]
02-08 05:53:11.532 I/wm_stop_activity( 1466): [0,163962840,com.android.launcher3/.uioverrides.QuickstepLauncher]
02-08 05:53:11.556 I/wm_on_stop_called( 2862): [163962840,com.android.launcher3.uioverrides.QuickstepLauncher,STOP_ACTIVITY_ITEM]
02-08 05:53:12.515 I/input_interaction( 1466): Interaction with: 2216514 com.android.music/com.android.music.VideoBrowserActivity (server), edge-swipe (server), swipe-up (server), PointerEventDispatcher0 (server),
02-08 05:53:12.533 I/wm_task_moved( 1466): [1,0,0]
02-08 05:53:12.533 I/wm_task_moved( 1466): [1,0,6]
02-08 05:53:12.541 I/view_enqueue_input_event( 6004): [Motion - Cancel,com.android.music/com.android.music.VideoBrowserActivity]
02-08 05:53:12.544 I/wm_on_restart_called( 2862): [163962840,com.android.launcher3.uioverrides.QuickstepLauncher,performRestartActivity]
02-08 05:53:12.555 I/input_interaction( 1466): Interaction with: edge-swipe (server), swipe-up (server), PointerEventDispatcher0 (server),
02-08 05:53:12.567 I/wm_on_start_called( 2862): [163962840,com.android.launcher3.uioverrides.QuickstepLauncher,handleStartActivity]
02-08 05:53:12.569 I/input_focus( 1466): [Focus request recents_animation_input_consumer,reason=UpdateInputWindows]
02-08 05:53:12.574 I/sysui_latency( 2862): [1,59]
02-08 05:53:12.579 I/input_focus( 1466): [Focus leaving 2216514 com.android.music/com.android.music.VideoBrowserActivity (server),reason=NOT_FOCUSABLE]
02-08 05:53:12.579 I/input_focus( 1466): [Focus entering recents_animation_input_consumer (server),reason=setFocusedWindow]
02-08 05:53:12.589 I/sysui_multi_action( 1466): [319,10,322,49,325,1004,757,761,758,9,759,5,806,com.android.launcher3,871,com.android.launcher3.uioverrides.QuickstepLauncher,905,0,1320,4,1321,1]
02-08 05:53:12.772 I/commit_sys_config_file( 1466): [settings-1-0,7]
02-08 05:53:12.884 I/sysui_latency( 1466): [8,63]
02-08 05:53:13.220 I/wm_task_moved( 1466): [1,1,7]
02-08 05:53:13.221 I/wm_focused_root_task( 1466): [0,0,1,12,RecentsAnimation.onAnimationFinished()]
02-08 05:53:13.224 I/wm_pause_activity( 1466): [0,94960461,com.android.music/.VideoBrowserActivity,userLeaving=false,pauseBackTasks]
02-08 05:53:13.227 I/wm_set_resumed_activity( 1466): [0,com.android.launcher3/.uioverrides.QuickstepLauncher,resumeTopActivityInnerLocked]
02-08 05:53:13.228 I/wm_on_top_resumed_lost_called( 6004): [94960461,com.android.music.VideoBrowserActivity,topStateChangedWhenResumed]
02-08 05:53:13.230 I/wm_resume_activity( 1466): [0,163962840,10,com.android.launcher3/.uioverrides.QuickstepLauncher]
02-08 05:53:13.231 I/wm_add_to_stopping( 1466): [0,94960461,com.android.music/.VideoBrowserActivity,makeInvisible]
02-08 05:53:13.233 I/wm_on_resume_called( 2862): [163962840,com.android.launcher3.uioverrides.QuickstepLauncher,RESUME_ACTIVITY]
02-08 05:53:13.236 I/input_focus( 1466): [Focus request 75d5c14 com.android.launcher3/com.android.launcher3.uioverrides.QuickstepLauncher,reason=UpdateInputWindows]
02-08 05:53:13.237 I/sysui_multi_action( 1466): [757,803,799,window_time_0,802,3]
02-08 05:53:13.238 I/wm_on_paused_called( 6004): [94960461,com.android.music.VideoBrowserActivity,performPause]
02-08 05:53:13.241 I/wm_stop_activity( 1466): [0,94960461,com.android.music/.VideoBrowserActivity]
02-08 05:53:13.243 I/sysui_multi_action( 1466): [757,803,799,window_time_0,802,0]
02-08 05:53:13.249 I/input_focus( 1466): [Focus leaving recents_animation_input_consumer (server),reason=NOT_VISIBLE]
02-08 05:53:13.249 I/input_focus( 1466): [Focus entering 75d5c14 com.android.launcher3/com.android.launcher3.uioverrides.QuickstepLauncher (server),reason=setFocusedWindow]
02-08 05:53:13.253 I/wm_on_stop_called( 6004): [94960461,com.android.music.VideoBrowserActivity,STOP_ACTIVITY_ITEM]
02-08 05:53:13.263 I/wm_on_top_resumed_gained_called( 2862): [163962840,com.android.launcher3.uioverrides.QuickstepLauncher,topStateChangedWhenResumed]
02-08 05:53:13.452 I/commit_sys_config_file( 1466): [settings-1-0,4]
02-08 05:53:15.003 I/input_interaction( 1466): Interaction with: 75d5c14 com.android.launcher3/com.android.launcher3.uioverrides.QuickstepLauncher (server), 8682221 com.android.systemui.ImageWallpaper (server), edge-swipe (server), swipe-up (server), PointerEventDispatcher0 (server),
02-08 05:53:15.523 I/wm_task_created( 1466): [16,-1]
02-08 05:53:15.526 I/wm_task_moved( 1466): [16,1,8]
02-08 05:53:15.526 I/wm_task_to_front( 1466): [0,16]
02-08 05:53:15.526 I/wm_create_task( 1466): [0,16]
02-08 05:53:15.526 I/wm_create_activity( 1466): [0,148235563,16,com.android.calendar/.AllInOneActivity,NULL,NULL,NULL,268468224]
02-08 05:53:15.526 I/wm_task_moved( 1466): [16,1,8]
02-08 05:53:15.529 I/am_uid_running( 1466): 10064
02-08 05:53:15.530 I/wm_on_top_resumed_lost_called( 2862): [163962840,com.android.launcher3.uioverrides.QuickstepLauncher,topStateChangedWhenResumed]
02-08 05:53:15.535 I/am_proc_start( 1466): [0,6467,10064,com.android.calendar,top-activity,{com.android.calendar/com.android.calendar.AllInOneActivity}]
02-08 05:53:15.546 I/am_proc_bound( 1466): [0,6467,com.android.calendar]
02-08 05:53:15.548 I/wm_restart_activity( 1466): [0,148235563,16,com.android.calendar/.AllInOneActivity]
02-08 05:53:15.549 I/wm_set_resumed_activity( 1466): [0,com.android.calendar/.AllInOneActivity,minimalResumeActivityLocked]
02-08 05:53:15.549 I/am_uid_active( 1466): 10064
02-08 05:53:15.566 I/am_uid_running( 1466): 10029
02-08 05:53:15.572 I/am_proc_start( 1466): [0,6490,10029,com.android.providers.calendar,content provider,{com.android.providers.calendar/com.android.providers.calendar.CalendarProvider2}]
02-08 05:53:15.582 I/wm_on_create_called( 6467): [148235563,com.android.calendar.AllInOneActivity,performCreate]
02-08 05:53:15.584 I/am_proc_bound( 1466): [0,6490,com.android.providers.calendar]
02-08 05:53:15.585 I/am_uid_active( 1466): 10029
02-08 05:53:15.596 I/wm_on_start_called( 6467): [148235563,com.android.calendar.AllInOneActivity,handleStartActivity]
02-08 05:53:15.597 I/wm_on_resume_called( 6467): [148235563,com.android.calendar.AllInOneActivity,RESUME_ACTIVITY]
02-08 05:53:15.600 I/wm_on_top_resumed_gained_called( 6467): [148235563,com.android.calendar.AllInOneActivity,topStateChangedWhenResumed]
02-08 05:53:15.613 I/input_focus( 1466): [Focus request 903d6c9 com.android.calendar/com.android.calendar.AllInOneActivity,reason=UpdateInputWindows]
02-08 05:53:15.637 I/input_focus( 1466): [Focus leaving 75d5c14 com.android.launcher3/com.android.launcher3.uioverrides.QuickstepLauncher (server),reason=Waiting for window because NOT_VISIBLE]
02-08 05:53:15.666 I/sysui_multi_action( 1466): [319,148,322,147,325,1007,757,761,758,7,759,2,806,com.android.calendar,871,com.android.calendar.AllInOneActivity,904,com.android.launcher3,905,0,945,30,1320,4,1321,1]
02-08 05:53:15.666 I/wm_activity_launch_time( 1466): [0,148235563,com.android.calendar/.AllInOneActivity,147]
02-08 05:53:15.671 I/input_focus( 1466): [Focus entering 903d6c9 com.android.calendar/com.android.calendar.AllInOneActivity (server),reason=Window became focusable. Previous reason: NOT_VISIBLE]
02-08 05:53:15.710 I/am_pss ( 1466): [6326,10065,com.android.deskclock,8334336,5931008,0,95805440,0,19,5]
02-08 05:53:16.760 I/input_interaction( 1466): Interaction with: 903d6c9 com.android.calendar/com.android.calendar.AllInOneActivity (server), edge-swipe (server), swipe-up (server), PointerEventDispatcher0 (server),
02-08 05:53:16.811 I/view_enqueue_input_event( 6467): [Motion - Cancel,com.android.calendar/com.android.calendar.AllInOneActivity]
02-08 05:53:16.813 I/input_interaction( 1466): Interaction with: edge-swipe (server), swipe-up (server), PointerEventDispatcher0 (server),
02-08 05:53:17.006 I/commit_sys_config_file( 1466): [settings-1-0,2]
02-08 05:53:17.375 I/commit_sys_config_file( 1466): [settings-1-0,1]
02-08 05:53:17.491 I/wm_finish_activity( 1466): [0,148235563,16,com.android.calendar/.AllInOneActivity,app-request]
02-08 05:53:17.491 I/wm_task_moved( 1466): [1,1,8]
02-08 05:53:17.492 I/wm_set_resumed_activity( 1466): [0,com.android.launcher3/.uioverrides.QuickstepLauncher,positionChildAt]
02-08 05:53:17.492 I/wm_task_moved( 1466): [10,1,2147483647]
02-08 05:53:17.492 I/wm_task_to_front( 1466): [0,10]
02-08 05:53:17.492 I/wm_on_top_resumed_lost_called( 6467): [148235563,com.android.calendar.AllInOneActivity,topStateChangedWhenResumed]
02-08 05:53:17.492 I/wm_focused_root_task( 1466): [0,0,1,-1,finish-top adjustFocusToNextFocusableTask]
02-08 05:53:17.492 I/wm_set_resumed_activity( 1466): [0,com.android.launcher3/.uioverrides.QuickstepLauncher,finish-top]
02-08 05:53:17.501 I/wm_pause_activity( 1466): [0,148235563,com.android.calendar/.AllInOneActivity,userLeaving=false,finish]
02-08 05:53:17.503 I/input_focus( 1466): [Focus request 75d5c14 com.android.launcher3/com.android.launcher3.uioverrides.QuickstepLauncher,reason=UpdateInputWindows]
02-08 05:53:17.505 I/wm_on_paused_called( 6467): [148235563,com.android.calendar.AllInOneActivity,performPause]
02-08 05:53:17.506 I/wm_destroy_activity( 1466): [0,148235563,16,com.android.calendar/.AllInOneActivity,finish-imm:completePausedLocked]
02-08 05:53:17.510 I/input_focus( 1466): [Focus leaving 903d6c9 com.android.calendar/com.android.calendar.AllInOneActivity (server),reason=NO_WINDOW]
02-08 05:53:17.510 I/input_focus( 1466): [Focus entering 75d5c14 com.android.launcher3/com.android.launcher3.uioverrides.QuickstepLauncher (server),reason=setFocusedWindow]
02-08 05:53:17.513 I/wm_on_stop_called( 6467): [148235563,com.android.calendar.AllInOneActivity,LIFECYCLER_STOP_ACTIVITY]
02-08 05:53:17.513 I/sysui_multi_action( 1466): [757,803,799,window_time_0,802,4]
02-08 05:53:17.518 I/wm_on_destroy_called( 6467): [148235563,com.android.calendar.AllInOneActivity,performDestroy]
02-08 05:53:17.518 I/wm_on_top_resumed_gained_called( 2862): [163962840,com.android.launcher3.uioverrides.QuickstepLauncher,topStateChangedWhenResumed]
02-08 05:53:17.809 I/wm_task_removed( 1466): [16,removeChild:removeChild last r=ActivityRecord{8d5e52b u0 com.android.calendar/.AllInOneActivity t-1 f}} in t=Task{84c897a #16 type=standard A=10064:android.task.calendar U=0 visible=false mode=freeform translucent=true sz=0}]
02-08 05:53:17.809 I/wm_task_removed( 1466): [16,removeChild]
02-08 05:53:18.096 I/input_interaction( 1466): Interaction with: 75d5c14 com.android.launcher3/com.android.launcher3.uioverrides.QuickstepLauncher (server), 8682221 com.android.systemui.ImageWallpaper (server), edge-swipe (server), swipe-up (server), PointerEventDispatcher0 (server),
02-08 05:53:18.933 I/am_kill ( 1466): [0,6467,com.android.calendar,900,remove task]
02-08 05:53:18.936 I/sysui_multi_action( 1466): [757,803,799,window_time_0,802,1]
02-08 05:53:18.969 I/am_proc_died( 1466): [0,6467,com.android.calendar,900,18]
02-08 05:53:18.970 I/am_uid_stopped( 1466): 10064
02-08 05:53:18.978 I/am_uid_running( 1466): 10064
02-08 05:53:18.986 I/am_pss ( 1466): [6134,1000,com.android.settings,131082240,114483200,0,270548992,0,16,10]
02-08 05:53:18.992 I/am_proc_start( 1466): [0,6536,10064,com.android.calendar,NULL,]
02-08 05:53:19.027 I/am_proc_bound( 1466): [0,6536,com.android.calendar]
02-08 05:53:36.168 I/am_uid_idle( 1466): 10087
02-08 05:53:50.901 I/am_uid_idle( 1466): 10093
02-08 05:54:13.258 I/am_uid_idle( 1466): 10083
02-08 05:54:13.650 I/sysui_multi_action( 1466): [757,1696,758,6,759,2]
02-08 05:54:13.652 I/am_wtf ( 1466): [0,1466,system_server,-1,DisplayDeviceConfig,requesting nits when no mapping exists.]
02-08 05:54:13.656 I/am_wtf ( 1466): [0,1466,system_server,-1,DisplayDeviceConfig,requesting nits when no mapping exists.]
02-08 05:54:17.511 I/am_uid_idle( 1466): 10029
02-08 05:54:20.653 I/sysui_multi_action( 1466): [757,222,758,1]
02-08 05:54:20.657 I/am_uid_running( 1466): 10049
02-08 05:54:20.661 I/am_pss ( 1466): [6004,10083,com.android.music,30611456,23908352,0,155901952,0,15,13]
02-08 05:54:20.668 I/am_pss ( 1466): [6536,10064,com.android.calendar,6046720,3915776,0,91787264,0,19,7]
02-08 05:54:20.674 I/am_pss ( 1466): [6490,10029,com.android.providers.calendar,7238656,5042176,0,98275328,0,19,5]
02-08 05:54:20.679 I/am_proc_start( 1466): [0,6616,10049,com.thundercomm.screensaver,service,{com.thundercomm.screensaver/com.thundercomm.saverclock.service.ClockScreensaver}]
02-08 05:54:20.680 I/am_pss ( 1466): [6384,10035,com.android.musicfx,5633024,3829760,0,89952256,0,19,5]
02-08 05:54:20.686 I/am_pss ( 1466): [6326,10065,com.android.deskclock,8307712,5931008,0,95805440,0,19,5]
02-08 05:54:20.692 I/am_pss ( 1466): [5915,10093,com.android.permissioncontroller,20874240,16584704,0,128884736,0,19,6]
02-08 05:54:20.718 I/am_proc_bound( 1466): [0,6616,com.thundercomm.screensaver]
02-08 05:54:20.723 I/am_uid_active( 1466): 10049
02-08 05:54:20.804 I/wm_task_created( 1466): [17,-1]
02-08 05:54:20.808 I/wm_task_moved( 1466): [17,1,8]
02-08 05:54:20.808 I/wm_task_to_front( 1466): [0,17]
02-08 05:54:20.809 I/wm_create_task( 1466): [0,17]
02-08 05:54:20.809 I/wm_create_activity( 1466): [0,134218717,17,com.thundercomm.screensaver/android.service.dreams.DreamActivity,NULL,NULL,NULL,276824064]
02-08 05:54:20.809 I/wm_task_moved( 1466): [17,1,8]
02-08 05:54:20.809 I/wm_on_top_resumed_lost_called( 2862): [163962840,com.android.launcher3.uioverrides.QuickstepLauncher,topStateChangedWhenResumed]
02-08 05:54:20.810 I/wm_pause_activity( 1466): [0,163962840,com.android.launcher3/.uioverrides.QuickstepLauncher,userLeaving=true,pauseBackTasks]
02-08 05:54:20.812 I/wm_on_paused_called( 2862): [163962840,com.android.launcher3.uioverrides.QuickstepLauncher,performPause]
02-08 05:54:20.813 I/wm_add_to_stopping( 1466): [0,163962840,com.android.launcher3/.uioverrides.QuickstepLauncher,makeInvisible]
02-08 05:54:20.814 I/wm_restart_activity( 1466): [0,134218717,17,com.thundercomm.screensaver/android.service.dreams.DreamActivity]
02-08 05:54:20.814 I/wm_set_resumed_activity( 1466): [0,com.thundercomm.screensaver/android.service.dreams.DreamActivity,minimalResumeActivityLocked]
02-08 05:54:20.818 I/sysui_multi_action( 1466): [757,803,799,window_time_0,802,62]
02-08 05:54:20.823 I/wm_on_create_called( 6616): [134218717,android.service.dreams.DreamActivity,performCreate]
02-08 05:54:20.824 I/wm_on_start_called( 6616): [134218717,android.service.dreams.DreamActivity,handleStartActivity]
02-08 05:54:20.824 I/wm_on_resume_called( 6616): [134218717,android.service.dreams.DreamActivity,RESUME_ACTIVITY]
02-08 05:54:20.829 I/wm_on_top_resumed_gained_called( 6616): [134218717,android.service.dreams.DreamActivity,topStateChangedWhenResumed]
02-08 05:54:20.843 I/input_focus( 1466): [Focus leaving 75d5c14 com.android.launcher3/com.android.launcher3.uioverrides.QuickstepLauncher (server),reason=NO_WINDOW]
02-08 05:54:20.860 I/input_focus( 1466): [Focus request f6df211 com.thundercomm.screensaver/android.service.dreams.DreamActivity,reason=UpdateInputWindows]
02-08 05:54:20.862 I/am_wtf ( 1466): [0,2370,com.android.systemui,818462221,KeyguardBouncer,onFullyShown when view was null]
02-08 05:54:20.864 I/sysui_multi_action( 2370): [757,196,758,2,759,0]
02-08 05:54:20.865 I/sysui_status_bar_state( 2370): [0,0,1,0,0,1]
02-08 05:54:20.891 I/sysui_multi_action( 1466): [319,91,322,91,325,1072,757,761,758,8,759,2,806,com.thundercomm.screensaver,871,android.service.dreams.DreamActivity,904,com.thundercomm.screensaver,905,0,1320,4,1321,2]
02-08 05:54:20.891 I/wm_activity_launch_time( 1466): [0,134218717,com.thundercomm.screensaver/android.service.dreams.DreamActivity,91]
02-08 05:54:20.891 I/sysui_multi_action( 1466): [757,1696,758,6,759,3]
02-08 05:54:20.893 I/am_wtf ( 1466): [0,1466,system_server,-1,DisplayDeviceConfig,requesting nits when no mapping exists.]
02-08 05:54:20.894 I/am_wtf ( 1466): [0,1466,system_server,-1,DisplayDeviceConfig,requesting nits when no mapping exists.]
02-08 05:54:20.894 I/input_focus( 1466): [Focus entering f6df211 com.thundercomm.screensaver/android.service.dreams.DreamActivity (server),reason=Window became focusable. Previous reason: NOT_VISIBLE]
02-08 05:54:20.910 I/am_wtf ( 1466): [0,1466,system_server,-1,DisplayDeviceConfig,requesting nits when no mapping exists.]
02-08 05:54:20.910 I/am_wtf ( 1466): [0,1466,system_server,-1,DisplayDeviceConfig,requesting nits when no mapping exists.]
02-08 05:54:20.926 I/am_wtf ( 1466): [0,1466,system_server,-1,DisplayDeviceConfig,requesting nits when no mapping exists.]
02-08 05:54:20.927 I/am_wtf ( 1466): [0,1466,system_server,-1,DisplayDeviceConfig,requesting nits when no mapping exists.]
02-08 05:54:20.943 I/am_wtf ( 1466): [0,1466,system_server,-1,DisplayDeviceConfig,requesting nits when no mapping exists.]
02-08 05:54:20.943 I/am_wtf ( 1466): [0,1466,system_server,-1,DisplayDeviceConfig,requesting nits when no mapping exists.]
02-08 05:54:20.960 I/am_wtf ( 1466): [0,1466,system_server,-1,DisplayDeviceConfig,requesting nits when no mapping exists.]
02-08 05:54:20.960 I/am_wtf ( 1466): [0,1466,system_server,-1,DisplayDeviceConfig,requesting nits when no mapping exists.]
02-08 05:54:20.977 I/am_wtf ( 1466): [0,1466,system_server,-1,DisplayDeviceConfig,requesting nits when no mapping exists.]
02-08 05:54:20.977 I/am_wtf ( 1466): [0,1466,system_server,-1,DisplayDeviceConfig,requesting nits when no mapping exists.]
02-08 05:54:20.994 I/am_wtf ( 1466): [0,1466,system_server,-1,DisplayDeviceConfig,requesting nits when no mapping exists.]
02-08 05:54:20.994 I/am_wtf ( 1466): [0,1466,system_server,-1,DisplayDeviceConfig,requesting nits when no mapping exists.]
02-08 05:54:21.010 I/am_wtf ( 1466): [0,1466,system_server,-1,DisplayDeviceConfig,requesting nits when no mapping exists.]
02-08 05:54:21.011 I/am_wtf ( 1466): [0,1466,system_server,-1,DisplayDeviceConfig,requesting nits when no mapping exists.]
02-08 05:54:21.026 I/am_wtf ( 1466): [0,1466,system_server,-1,DisplayDeviceConfig,requesting nits when no mapping exists.]
02-08 05:54:21.027 I/am_wtf ( 1466): [0,1466,system_server,-1,DisplayDeviceConfig,requesting nits when no mapping exists.]
02-08 05:54:21.044 I/am_wtf ( 1466): [0,1466,system_server,-1,DisplayDeviceConfig,requesting nits when no mapping exists.]
02-08 05:54:21.044 I/am_wtf ( 1466): [0,1466,system_server,-1,DisplayDeviceConfig,requesting nits when no mapping exists.]
02-08 05:54:21.061 I/am_wtf ( 1466): [0,1466,system_server,-1,DisplayDeviceConfig,requesting nits when no mapping exists.]
02-08 05:54:21.061 I/am_wtf ( 1466): [0,1466,system_server,-1,DisplayDeviceConfig,requesting nits when no mapping exists.]
02-08 05:54:21.077 I/am_wtf ( 1466): [0,1466,system_server,-1,DisplayDeviceConfig,requesting nits when no mapping exists.]
02-08 05:54:21.077 I/am_wtf ( 1466): [0,1466,system_server,-1,DisplayDeviceConfig,requesting nits when no mapping exists.]
02-08 05:54:21.094 I/am_wtf ( 1466): [0,1466,system_server,-1,DisplayDeviceConfig,requesting nits when no mapping exists.]
02-08 05:54:21.095 I/am_wtf ( 1466): [0,1466,system_server,-1,DisplayDeviceConfig,requesting nits when no mapping exists.]
02-08 05:54:21.111 I/am_wtf ( 1466): [0,1466,system_server,-1,DisplayDeviceConfig,requesting nits when no mapping exists.]
02-08 05:54:21.111 I/am_wtf ( 1466): [0,1466,system_server,-1,DisplayDeviceConfig,requesting nits when no mapping exists.]
02-08 05:54:21.127 I/am_wtf ( 1466): [0,1466,system_server,-1,DisplayDeviceConfig,requesting nits when no mapping exists.]
02-08 05:54:21.127 I/am_wtf ( 1466): [0,1466,system_server,-1,DisplayDeviceConfig,requesting nits when no mapping exists.]
02-08 05:54:21.144 I/am_wtf ( 1466): [0,1466,system_server,-1,DisplayDeviceConfig,requesting nits when no mapping exists.]
02-08 05:54:21.144 I/am_wtf ( 1466): [0,1466,system_server,-1,DisplayDeviceConfig,requesting nits when no mapping exists.]
02-08 05:54:21.161 I/am_wtf ( 1466): [0,1466,system_server,-1,DisplayDeviceConfig,requesting nits when no mapping exists.]
02-08 05:54:21.161 I/am_wtf ( 1466): [0,1466,system_server,-1,DisplayDeviceConfig,requesting nits when no mapping exists.]
02-08 05:54:21.178 I/am_wtf ( 1466): [0,1466,system_server,-1,DisplayDeviceConfig,requesting nits when no mapping exists.]
02-08 05:54:21.178 I/am_wtf ( 1466): [0,1466,system_server,-1,DisplayDeviceConfig,requesting nits when no mapping exists.]
02-08 05:54:21.178 I/wm_stop_activity( 1466): [0,163962840,com.android.launcher3/.uioverrides.QuickstepLauncher]
02-08 05:54:21.194 I/am_wtf ( 1466): [0,1466,system_server,-1,DisplayDeviceConfig,requesting nits when no mapping exists.]
02-08 05:54:21.194 I/am_wtf ( 1466): [0,1466,system_server,-1,DisplayDeviceConfig,requesting nits when no mapping exists.]
02-08 05:54:21.200 I/wm_on_stop_called( 2862): [163962840,com.android.launcher3.uioverrides.QuickstepLauncher,STOP_ACTIVITY_ITEM]
02-08 05:54:21.211 I/am_wtf ( 1466): [0,1466,system_server,-1,DisplayDeviceConfig,requesting nits when no mapping exists.]
02-08 05:54:21.211 I/am_wtf ( 1466): [0,1466,system_server,-1,DisplayDeviceConfig,requesting nits when no mapping exists.]
02-08 05:54:21.227 I/am_wtf ( 1466): [0,1466,system_server,-1,DisplayDeviceConfig,requesting nits when no mapping exists.]
02-08 05:54:21.228 I/am_wtf ( 1466): [0,1466,system_server,-1,DisplayDeviceConfig,requesting nits when no mapping exists.]
02-08 05:54:21.243 I/am_wtf ( 1466): [0,1466,system_server,-1,DisplayDeviceConfig,requesting nits when no mapping exists.]
02-08 05:54:21.244 I/am_wtf ( 1466): [0,1466,system_server,-1,DisplayDeviceConfig,requesting nits when no mapping exists.]
02-08 05:54:21.261 I/am_wtf ( 1466): [0,1466,system_server,-1,DisplayDeviceConfig,requesting nits when no mapping exists.]
02-08 05:54:21.261 I/am_wtf ( 1466): [0,1466,system_server,-1,DisplayDeviceConfig,requesting nits when no mapping exists.]
02-08 05:54:21.278 I/am_wtf ( 1466): [0,1466,system_server,-1,DisplayDeviceConfig,requesting nits when no mapping exists.]
02-08 05:54:21.278 I/service_manager_stats( 1466): [100,27,70815]
02-08 05:54:21.278 I/am_wtf ( 1466): [0,1466,system_server,-1,DisplayDeviceConfig,requesting nits when no mapping exists.]
02-08 05:54:21.294 I/am_wtf ( 1466): [0,1466,system_server,-1,DisplayDeviceConfig,requesting nits when no mapping exists.]
02-08 05:54:21.294 I/am_wtf ( 1466): [0,1466,system_server,-1,DisplayDeviceConfig,requesting nits when no mapping exists.]
02-08 05:54:21.311 I/am_wtf ( 1466): [0,1466,system_server,-1,DisplayDeviceConfig,requesting nits when no mapping exists.]
02-08 05:54:21.312 I/am_wtf ( 1466): [0,1466,system_server,-1,DisplayDeviceConfig,requesting nits when no mapping exists.]
02-08 05:54:21.328 I/am_wtf ( 1466): [0,1466,system_server,-1,DisplayDeviceConfig,requesting nits when no mapping exists.]
02-08 05:54:21.328 I/am_wtf ( 1466): [0,1466,system_server,-1,DisplayDeviceConfig,requesting nits when no mapping exists.]
02-08 05:54:21.345 I/am_wtf ( 1466): [0,1466,system_server,-1,DisplayDeviceConfig,requesting nits when no mapping exists.]
02-08 05:54:21.345 I/am_wtf ( 1466): [0,1466,system_server,-1,DisplayDeviceConfig,requesting nits when no mapping exists.]
02-08 05:54:21.361 I/am_wtf ( 1466): [0,1466,system_server,-1,DisplayDeviceConfig,requesting nits when no mapping exists.]
02-08 05:54:21.362 I/am_wtf ( 1466): [0,1466,system_server,-1,DisplayDeviceConfig,requesting nits when no mapping exists.]
02-08 05:54:21.378 I/am_wtf ( 1466): [0,1466,system_server,-1,DisplayDeviceConfig,requesting nits when no mapping exists.]
02-08 05:54:21.379 I/am_wtf ( 1466): [0,1466,system_server,-1,DisplayDeviceConfig,requesting nits when no mapping exists.]
02-08 05:54:21.395 I/am_wtf ( 1466): [0,1466,system_server,-1,DisplayDeviceConfig,requesting nits when no mapping exists.]
02-08 05:54:21.395 I/am_wtf ( 1466): [0,1466,system_server,-1,DisplayDeviceConfig,requesting nits when no mapping exists.]
02-08 05:54:21.411 I/am_wtf ( 1466): [0,1466,system_server,-1,DisplayDeviceConfig,requesting nits when no mapping exists.]
02-08 05:54:21.411 I/am_wtf ( 1466): [0,1466,system_server,-1,DisplayDeviceConfig,requesting nits when no mapping exists.]
02-08 05:54:21.428 I/am_wtf ( 1466): [0,1466,system_server,-1,DisplayDeviceConfig,requesting nits when no mapping exists.]
02-08 05:54:21.428 I/am_wtf ( 1466): [0,1466,system_server,-1,DisplayDeviceConfig,requesting nits when no mapping exists.]
02-08 05:54:21.445 I/am_wtf ( 1466): [0,1466,system_server,-1,DisplayDeviceConfig,requesting nits when no mapping exists.]
02-08 05:54:21.445 I/am_wtf ( 1466): [0,1466,system_server,-1,DisplayDeviceConfig,requesting nits when no mapping exists.]
02-08 05:54:21.462 I/am_wtf ( 1466): [0,1466,system_server,-1,DisplayDeviceConfig,requesting nits when no mapping exists.]
02-08 05:54:21.462 I/am_wtf ( 1466): [0,1466,system_server,-1,DisplayDeviceConfig,requesting nits when no mapping exists.]
02-08 05:54:21.478 I/am_wtf ( 1466): [0,1466,system_server,-1,DisplayDeviceConfig,requesting nits when no mapping exists.]
02-08 05:54:21.479 I/am_wtf ( 1466): [0,1466,system_server,-1,DisplayDeviceConfig,requesting nits when no mapping exists.]
02-08 05:54:21.495 I/am_wtf ( 1466): [0,1466,system_server,-1,DisplayDeviceConfig,requesting nits when no mapping exists.]
02-08 05:54:21.496 I/am_wtf ( 1466): [0,1466,system_server,-1,DisplayDeviceConfig,requesting nits when no mapping exists.]
02-08 05:54:21.511 I/am_wtf ( 1466): [0,1466,system_server,-1,DisplayDeviceConfig,requesting nits when no mapping exists.]
02-08 05:54:21.511 I/am_wtf ( 1466): [0,1466,system_server,-1,DisplayDeviceConfig,requesting nits when no mapping exists.]
02-08 05:54:21.528 I/am_wtf ( 1466): [0,1466,system_server,-1,DisplayDeviceConfig,requesting nits when no mapping exists.]
02-08 05:54:21.528 I/am_wtf ( 1466): [0,1466,system_server,-1,DisplayDeviceConfig,requesting nits when no mapping exists.]
02-08 05:54:21.545 I/am_wtf ( 1466): [0,1466,system_server,-1,DisplayDeviceConfig,requesting nits when no mapping exists.]
02-08 05:54:21.545 I/am_wtf ( 1466): [0,1466,system_server,-1,DisplayDeviceConfig,requesting nits when no mapping exists.]
02-08 05:54:21.561 I/am_wtf ( 1466): [0,1466,system_server,-1,DisplayDeviceConfig,requesting nits when no mapping exists.]
02-08 05:54:21.562 I/am_wtf ( 1466): [0,1466,system_server,-1,DisplayDeviceConfig,requesting nits when no mapping exists.]
02-08 05:54:21.578 I/am_wtf ( 1466): [0,1466,system_server,-1,DisplayDeviceConfig,requesting nits when no mapping exists.]
02-08 05:54:21.578 I/am_wtf ( 1466): [0,1466,system_server,-1,DisplayDeviceConfig,requesting nits when no mapping exists.]
02-08 05:54:21.595 I/am_wtf ( 1466): [0,1466,system_server,-1,DisplayDeviceConfig,requesting nits when no mapping exists.]
02-08 05:54:21.595 I/am_wtf ( 1466): [0,1466,system_server,-1,DisplayDeviceConfig,requesting nits when no mapping exists.]
02-08 05:54:21.612 I/am_wtf ( 1466): [0,1466,system_server,-1,DisplayDeviceConfig,requesting nits when no mapping exists.]
02-08 05:54:21.612 I/am_wtf ( 1466): [0,1466,system_server,-1,DisplayDeviceConfig,requesting nits when no mapping exists.]
02-08 05:54:21.629 I/am_wtf ( 1466): [0,1466,system_server,-1,DisplayDeviceConfig,requesting nits when no mapping exists.]
02-08 05:54:21.629 I/am_wtf ( 1466): [0,1466,system_server,-1,DisplayDeviceConfig,requesting nits when no mapping exists.]
02-08 05:54:21.645 I/am_wtf ( 1466): [0,1466,system_server,-1,DisplayDeviceConfig,requesting nits when no mapping exists.]
02-08 05:54:21.645 I/am_wtf ( 1466): [0,1466,system_server,-1,DisplayDeviceConfig,requesting nits when no mapping exists.]
02-08 05:54:21.662 I/am_wtf ( 1466): [0,1466,system_server,-1,DisplayDeviceConfig,requesting nits when no mapping exists.]
02-08 05:54:21.662 I/am_wtf ( 1466): [0,1466,system_server,-1,DisplayDeviceConfig,requesting nits when no mapping exists.]
02-08 05:54:21.678 I/am_wtf ( 1466): [0,1466,system_server,-1,DisplayDeviceConfig,requesting nits when no mapping exists.]
02-08 05:54:21.678 I/am_wtf ( 1466): [0,1466,system_server,-1,DisplayDeviceConfig,requesting nits when no mapping exists.]
02-08 05:54:21.695 I/am_wtf ( 1466): [0,1466,system_server,-1,DisplayDeviceConfig,requesting nits when no mapping exists.]
02-08 05:54:21.695 I/am_wtf ( 1466): [0,1466,system_server,-1,DisplayDeviceConfig,requesting nits when no mapping exists.]
02-08 05:54:21.712 I/am_wtf ( 1466): [0,1466,system_server,-1,DisplayDeviceConfig,requesting nits when no mapping exists.]
02-08 05:54:21.712 I/am_wtf ( 1466): [0,1466,system_server,-1,DisplayDeviceConfig,requesting nits when no mapping exists.]
02-08 05:54:21.728 I/am_wtf ( 1466): [0,1466,system_server,-1,DisplayDeviceConfig,requesting nits when no mapping exists.]
02-08 05:54:21.729 I/am_wtf ( 1466): [0,1466,system_server,-1,DisplayDeviceConfig,requesting nits when no mapping exists.]
02-08 05:54:21.745 I/am_wtf ( 1466): [0,1466,system_server,-1,DisplayDeviceConfig,requesting nits when no mapping exists.]
02-08 05:54:21.745 I/am_wtf ( 1466): [0,1466,system_server,-1,DisplayDeviceConfig,requesting nits when no mapping exists.]
02-08 05:54:21.762 I/am_wtf ( 1466): [0,1466,system_server,-1,DisplayDeviceConfig,requesting nits when no mapping exists.]
02-08 05:54:21.762 I/am_wtf ( 1466): [0,1466,system_server,-1,DisplayDeviceConfig,requesting nits when no mapping exists.]
02-08 05:54:21.778 I/am_wtf ( 1466): [0,1466,system_server,-1,DisplayDeviceConfig,requesting nits when no mapping exists.]
02-08 05:54:21.779 I/am_wtf ( 1466): [0,1466,system_server,-1,DisplayDeviceConfig,requesting nits when no mapping exists.]
02-08 05:54:21.795 I/am_wtf ( 1466): [0,1466,system_server,-1,DisplayDeviceConfig,requesting nits when no mapping exists.]
02-08 05:54:21.795 I/am_wtf ( 1466): [0,1466,system_server,-1,DisplayDeviceConfig,requesting nits when no mapping exists.]
02-08 05:54:21.812 I/am_wtf ( 1466): [0,1466,system_server,-1,DisplayDeviceConfig,requesting nits when no mapping exists.]
02-08 05:54:21.812 I/am_wtf ( 1466): [0,1466,system_server,-1,DisplayDeviceConfig,requesting nits when no mapping exists.]
02-08 05:54:21.829 I/am_wtf ( 1466): [0,1466,system_server,-1,DisplayDeviceConfig,requesting nits when no mapping exists.]
02-08 05:54:21.829 I/am_wtf ( 1466): [0,1466,system_server,-1,DisplayDeviceConfig,requesting nits when no mapping exists.]
02-08 05:54:21.846 I/am_wtf ( 1466): [0,1466,system_server,-1,DisplayDeviceConfig,requesting nits when no mapping exists.]
02-08 05:54:21.846 I/am_wtf ( 1466): [0,1466,system_server,-1,DisplayDeviceConfig,requesting nits when no mapping exists.]
02-08 05:54:59.655 I/liblog ( 1379): 340
02-08 05:55:00.911 I/liblog ( 1379): 104
02-08 05:55:00.911 I/liblog ( 1379): 1
02-08 05:55:00.912 I/liblog ( 1379): 20
02-08 05:55:27.227 I/am_uid_idle( 1466): 10068
02-08 05:56:54.171 I/am_freeze( 1466): [3753,android.process.acore]
02-08 05:56:54.173 I/am_kill ( 1466): [0,3753,android.process.acore,955,Unable to freeze binder interface]
02-08 05:56:54.204 I/am_proc_died( 1466): [0,3753,android.process.acore,955,19]
02-08 05:56:54.205 I/am_uid_stopped( 1466): 10031
02-08 05:56:54.216 I/am_pss ( 1466): [6616,10049,com.thundercomm.screensaver,61693952,54874112,0,185245696,0,2,8]
02-08 05:56:54.227 I/am_pss ( 1466): [2862,10080,com.android.launcher3,104470528,93534208,0,242432000,0,6,10]
02-08 05:56:54.236 I/am_pss ( 1466): [6004,10083,com.android.music,30325760,23908352,0,155901952,0,15,8]
02-08 05:56:54.243 I/am_pss ( 1466): [6536,10064,com.android.calendar,6059008,3915776,0,91787264,0,19,6]
02-08 05:56:54.249 I/am_pss ( 1466): [6490,10029,com.android.providers.calendar,7246848,4980736,0,98275328,0,19,6]
02-08 05:56:54.254 I/am_pss ( 1466): [6384,10035,com.android.musicfx,5660672,3829760,0,89952256,0,19,5]
02-08 05:56:54.260 I/am_pss ( 1466): [4221,2000,com.android.shell,5949440,4145152,0,90578944,0,19,5]
02-08 05:56:54.264 I/am_pss ( 1466): [4200,10033,com.android.packageinstaller,7430144,5656576,0,91373568,0,19,4]
02-08 05:56:54.269 I/am_pss ( 1466): [3776,10036,com.android.managedprovisioning,9505792,7614464,0,95694848,0,19,4]
02-08 05:56:54.275 I/am_pss ( 1466): [2814,1000,com.qualcomm.qti.qdma,9683968,6676480,0,106532864,0,0,6]
02-08 05:56:54.281 I/am_pss ( 1466): [2737,1000,com.thundercomm.tcservice,9583616,7446528,0,98762752,0,0,6]
02-08 05:56:54.287 I/am_pss ( 1466): [2734,1000,com.thundercomm.remotecontrolservice,12214272,9736192,0,103997440,0,0,5]
02-08 05:56:54.293 I/am_pss ( 1466): [2696,10089,com.qti.qualcomm.mstatssystemservice,5553152,3756032,0,89878528,0,0,5]
02-08 05:56:54.298 I/am_pss ( 1466): [2714,1068,com.android.se,5900288,4050944,0,91504640,0,0,5]
02-08 05:56:54.307 I/am_pss ( 1466): [2658,1000,com.thundercomm.tcsetupwizard,56304640,50388992,0,180793344,0,0,9]
02-08 05:56:54.313 I/am_pss ( 1466): [2665,1000,vendor.qti.qesdk.sysservice,5649408,3780608,0,91209728,0,0,5]
02-08 05:56:54.319 I/am_pss ( 1466): [2641,1000,com.tc.logclient,7579648,5435392,0,98082816,0,0,5]
02-08 05:56:54.324 I/am_pss ( 1466): [2629,1000,com.thundercomm.tchttpserver,10945536,9113600,0,96260096,0,0,5]
02-08 05:56:54.330 I/am_pss ( 1466): [2622,10055,.qtidataservices,5986304,4145152,0,91537408,0,0,5]
02-08 05:56:54.336 I/am_pss ( 1466): [2588,1000,com.thundercomm.microsettings,35678208,32526336,0,128503808,0,0,6]
02-08 05:56:54.342 I/am_pss ( 1466): [2586,1000,com.thundercomm.microservice,9086976,7139328,0,96083968,0,0,5]
02-08 05:56:54.349 I/am_pss ( 1466): [2568,1000,com.thundercomm.gamemode,31713280,26693632,0,140795904,0,0,7]
02-08 06:00:53.452 I/input_interaction( 1466): Interaction with: f6df211 com.thundercomm.screensaver/android.service.dreams.DreamActivity (server), edge-swipe (server), swipe-up (server), PointerEventDispatcher0 (server),
02-08 06:00:53.456 I/wm_finish_activity( 1466): [0,134218717,17,com.thundercomm.screensaver/android.service.dreams.DreamActivity,finish-activity]
02-08 06:00:53.456 I/wm_task_moved( 1466): [1,1,7]
02-08 06:00:53.457 I/wm_task_moved( 1466): [10,1,2147483647]
02-08 06:00:53.457 I/wm_task_to_front( 1466): [0,10]
02-08 06:00:53.457 I/wm_focused_root_task( 1466): [0,0,1,17,finish-top adjustFocusToNextFocusableTask]
02-08 06:00:53.457 I/wm_set_resumed_activity( 1466): [0,com.android.launcher3/.uioverrides.QuickstepLauncher,finish-top adjustFocusToNextFocusableTask]
02-08 06:00:53.459 I/wm_pause_activity( 1466): [0,134218717,com.thundercomm.screensaver/android.service.dreams.DreamActivity,userLeaving=false,finish]
02-08 06:00:53.464 I/wm_on_top_resumed_lost_called( 6616): [134218717,android.service.dreams.DreamActivity,topStateChangedWhenResumed]
02-08 06:00:53.465 I/wm_on_paused_called( 6616): [134218717,android.service.dreams.DreamActivity,performPause]
02-08 06:00:53.465 I/sysui_multi_action( 1466): [757,803,799,window_time_0,802,393]
02-08 06:00:53.467 I/wm_add_to_stopping( 1466): [0,134218717,com.thundercomm.screensaver/android.service.dreams.DreamActivity,completeFinishing]
02-08 06:00:53.471 I/wm_set_resumed_activity( 1466): [0,com.android.launcher3/.uioverrides.QuickstepLauncher,resumeTopActivityInnerLocked]
02-08 06:00:53.474 I/wm_resume_activity( 1466): [0,163962840,10,com.android.launcher3/.uioverrides.QuickstepLauncher]
02-08 06:00:53.482 I/sysui_multi_action( 1466): [757,803,799,window_time_0,802,0]
02-08 06:00:53.486 I/wm_on_restart_called( 2862): [163962840,com.android.launcher3.uioverrides.QuickstepLauncher,performRestartActivity]
02-08 06:00:53.486 I/wm_on_start_called( 2862): [163962840,com.android.launcher3.uioverrides.QuickstepLauncher,handleStartActivity]
02-08 06:00:53.486 I/wm_on_resume_called( 2862): [163962840,com.android.launcher3.uioverrides.QuickstepLauncher,RESUME_ACTIVITY]
02-08 06:00:53.486 I/wm_on_top_resumed_gained_called( 2862): [163962840,com.android.launcher3.uioverrides.QuickstepLauncher,topWhenResuming]
02-08 06:00:53.492 I/am_uid_active( 1466): 10068
02-08 06:00:53.493 I/am_pss ( 1466): [3476,10020,android.process.media,11071488,8548352,0,104460288,0,10,6]
02-08 06:00:53.498 I/am_pss ( 1466): [3912,1000,com.qti.diagservices,6076416,3866624,0,94846976,0,10,4]
02-08 06:00:53.504 I/input_focus( 1466): [Focus request 75d5c14 com.android.launcher3/com.android.launcher3.uioverrides.QuickstepLauncher,reason=UpdateInputWindows]
02-08 06:00:53.504 I/am_pss ( 1466): [3404,10084,com.qualcomm.qti.workloadclassifier,11251712,8871936,0,102866944,0,0,6]
02-08 06:00:53.504 I/view_enqueue_input_event( 6616): [Motion - Cancel,com.thundercomm.screensaver/android.service.dreams.DreamActivity]
02-08 06:00:53.504 I/input_focus( 1466): [Focus leaving f6df211 com.thundercomm.screensaver/android.service.dreams.DreamActivity (server),reason=NO_WINDOW]
02-08 06:00:53.504 I/input_interaction( 1466): Interaction with: edge-swipe (server), swipe-up (server), PointerEventDispatcher0 (server),
02-08 06:00:53.510 I/am_pss ( 1466): [3386,10088,com.qualcomm.qti.qccnetstat,6144000,4255744,0,91951104,0,0,5]
02-08 06:00:53.516 I/am_pss ( 1466): [3380,10072,com.qualcomm.qti.services.systemhelper:systemhelper_service,6419456,4468736,0,93872128,0,0,5]
02-08 06:00:53.521 I/am_pss ( 1466): [3356,10054,.pasr,5477376,3678208,0,89366528,0,0,5]
02-08 06:00:53.522 I/input_focus( 1466): [Focus entering 75d5c14 com.android.launcher3/com.android.launcher3.uioverrides.QuickstepLauncher (server),reason=setFocusedWindow]
02-08 06:00:53.526 I/am_pss ( 1466): [3333,10059,ts.car.uart,6267904,4472832,0,90443776,0,0,4]
02-08 06:00:53.533 I/am_pss ( 1466): [3302,10082,com.hht.lebocast,46630912,23158784,0,114348032,0,0,6]
02-08 06:00:53.539 I/am_pss ( 1466): [3913,10063,com.qualcomm.qti.devicestatisticsservice,5428224,3633152,0,89206784,0,0,5]
02-08 06:00:53.758 I/wm_destroy_activity( 1466): [0,134218717,17,com.thundercomm.screensaver/android.service.dreams.DreamActivity,finish-imm:idle]
02-08 06:00:53.777 I/wm_on_stop_called( 6616): [134218717,android.service.dreams.DreamActivity,LIFECYCLER_STOP_ACTIVITY]
02-08 06:00:53.777 I/wm_on_destroy_called( 6616): [134218717,android.service.dreams.DreamActivity,performDestroy]
02-08 06:00:53.781 I/sysui_multi_action( 1466): [757,222,758,2]
02-08 06:00:53.781 I/sysui_multi_action( 1466): [757,804,799,dreaming_minutes,801,6,802,1]
02-08 06:00:53.788 I/wm_task_removed( 1466): [17,removeChild:removeChild last r=ActivityRecord{80003dd u0 com.thundercomm.screensaver/android.service.dreams.DreamActivity t-1 f}} in t=Task{329ea03 #17 type=dream A=10049:android:com.thundercomm.screensaver/dream U=0 visible=false mode=fullscreen translucent=true sz=0}]
02-08 06:00:53.788 I/wm_task_removed( 1466): [17,removeChild]
02-08 06:00:54.829 I/input_interaction( 1466): Interaction with: 75d5c14 com.android.launcher3/com.android.launcher3.uioverrides.QuickstepLauncher (server), 8682221 com.android.systemui.ImageWallpaper (server), edge-swipe (server), swipe-up (server), PointerEventDispatcher0 (server),
02-08 06:00:55.891 I/view_enqueue_input_event( 2862): [Motion - Cancel,com.android.launcher3/com.android.launcher3.uioverrides.QuickstepLauncher]
02-08 06:00:55.901 I/input_interaction( 1466): Interaction with: edge-swipe (server), swipe-up (server), PointerEventDispatcher0 (server),
02-08 06:00:56.071 I/commit_sys_config_file( 1466): [settings-1-0,6]
02-08 06:00:56.415 I/commit_sys_config_file( 1466): [settings-1-0,8]
02-08 06:00:57.079 I/input_interaction( 1466): Interaction with: 75d5c14 com.android.launcher3/com.android.launcher3.uioverrides.QuickstepLauncher (server), 8682221 com.android.systemui.ImageWallpaper (server), edge-swipe (server), swipe-up (server), PointerEventDispatcher0 (server),
02-08 06:00:58.836 I/view_enqueue_input_event( 2862): [Motion - Cancel,com.android.launcher3/com.android.launcher3.uioverrides.QuickstepLauncher]
02-08 06:00:58.841 I/input_interaction( 1466): Interaction with: edge-swipe (server), swipe-up (server), PointerEventDispatcher0 (server),
02-08 06:00:59.024 I/commit_sys_config_file( 1466): [settings-1-0,5]
02-08 06:00:59.435 I/commit_sys_config_file( 1466): [settings-1-0,5]
02-08 06:01:00.026 I/input_interaction( 1466): Interaction with: 75d5c14 com.android.launcher3/com.android.launcher3.uioverrides.QuickstepLauncher (server), 8682221 com.android.systemui.ImageWallpaper (server), edge-swipe (server), swipe-up (server), PointerEventDispatcher0 (server),
02-08 06:01:00.574 I/wm_finish_activity( 1466): [0,231764763,13,com.android.settings/.Settings,recent-task-trimmed]
02-08 06:01:00.576 I/wm_destroy_activity( 1466): [0,231764763,13,com.android.settings/.Settings,finish-imm:finishIfPossible]
02-08 06:01:00.579 I/am_kill ( 1466): [0,6134,com.android.settings,900,remove task]
02-08 06:01:00.583 I/wm_finish_activity( 1466): [0,94960461,12,com.android.music/.VideoBrowserActivity,recent-task-trimmed]
02-08 06:01:00.585 I/wm_destroy_activity( 1466): [0,94960461,12,com.android.music/.VideoBrowserActivity,finish-imm:finishIfPossible]
02-08 06:01:00.589 I/wm_on_destroy_called( 6004): [94960461,com.android.music.VideoBrowserActivity,performDestroy]
02-08 06:01:00.592 I/sysui_multi_action( 1466): [757,803,799,window_time_0,802,7]
02-08 06:01:00.598 I/wm_task_removed( 1466): [12,removeChild:removeChild last r=ActivityRecord{5a8fb4d u0 com.android.music/.VideoBrowserActivity t-1 f}} in t=Task{f474705 #12 type=standard A=10083:android.task.video U=0 visible=false mode=fullscreen translucent=true sz=0}]
02-08 06:01:00.599 I/wm_task_removed( 1466): [12,removeChild]
02-08 06:01:00.601 I/am_kill ( 1466): [0,6004,com.android.music,905,remove task]
02-08 06:01:00.605 I/sysui_multi_action( 1466): [757,803,799,window_time_0,802,0]
02-08 06:01:00.640 I/am_proc_died( 1466): [0,6134,com.android.settings,900,18]
02-08 06:01:00.652 I/wm_task_removed( 1466): [13,removeChild:removeChild last r=ActivityRecord{dd0731b u0 com.android.settings/.Settings t-1 f}} in t=Task{c902a93 #13 type=standard A=1000:com.android.settings.root U=0 visible=false mode=fullscreen translucent=true sz=0}]
02-08 06:01:00.652 I/wm_task_removed( 1466): [13,removeChild]
02-08 06:01:00.655 I/am_proc_died( 1466): [0,6004,com.android.music,905,19]
02-08 06:01:00.656 I/am_uid_stopped( 1466): 10083
02-08 06:01:00.660 I/am_uid_running( 1466): 10083
02-08 06:01:00.674 I/am_proc_start( 1466): [0,7107,10083,com.android.music,NULL,]
02-08 06:01:00.689 I/am_proc_start( 1466): [0,7109,1000,com.android.settings,NULL,]
02-08 06:01:00.705 I/am_proc_bound( 1466): [0,7107,com.android.music]
02-08 06:01:00.713 I/am_proc_bound( 1466): [0,7109,com.android.settings]
02-08 06:01:00.761 I/service_manager_stats( 1466): [100,29,399482]
02-08 06:01:00.775 I/am_wtf ( 1466): [0,7109,com.android.settings,952647173,RoleParser,com.android.permissioncontroller.role.model.AssistantRoleBehavior]
02-08 06:01:00.778 I/am_wtf ( 1466): [0,7109,com.android.settings,952647173,RoleParser,com.android.permissioncontroller.role.model.BrowserRoleBehavior]
02-08 06:01:00.780 I/am_wtf ( 1466): [0,7109,com.android.settings,952647173,RoleParser,com.android.permissioncontroller.role.model.DialerRoleBehavior]
02-08 06:01:00.783 I/am_wtf ( 1466): [0,7109,com.android.settings,952647173,RoleParser,com.android.permissioncontroller.role.model.SmsRoleBehavior]
02-08 06:01:00.787 I/am_wtf ( 1466): [0,7109,com.android.settings,952647173,RoleParser,com.android.permissioncontroller.role.model.EmergencyRoleBehavior]
02-08 06:01:00.789 I/am_wtf ( 1466): [0,7109,com.android.settings,952647173,RoleParser,com.android.permissioncontroller.role.model.HomeRoleBehavior]
02-08 06:01:00.792 I/am_wtf ( 1466): [0,7109,com.android.settings,952647173,RoleParser,com.android.permissioncontroller.role.model.SystemAutomotiveClusterRoleBehavior]
02-08 06:01:00.794 I/am_wtf ( 1466): [0,7109,com.android.settings,952647173,RoleParser,com.android.permissioncontroller.role.model.CompanionDeviceWatchRoleBehavior]
02-08 06:01:00.796 I/am_wtf ( 1466): [0,7109,com.android.settings,952647173,RoleParser,com.android.permissioncontroller.role.model.SystemShellRoleBehavior]
02-08 06:01:00.799 I/am_wtf ( 1466): [0,7109,com.android.settings,952647173,RoleParser,com.android.permissioncontroller.role.model.TelevisionRoleBehavior]
02-08 06:01:00.804 I/am_wtf ( 1466): [0,7109,com.android.settings,952647173,RoleParser,com.android.permissioncontroller.role.model.TelevisionRoleBehavior]
02-08 06:01:03.967 I/wm_task_created( 1466): [18,-1]
02-08 06:01:03.969 I/wm_task_moved( 1466): [18,1,6]
02-08 06:01:03.969 I/wm_task_to_front( 1466): [0,18]
02-08 06:01:03.969 I/wm_create_task( 1466): [0,18]
02-08 06:01:03.969 I/wm_create_activity( 1466): [0,101732248,18,com.android.settings/.Settings,android.intent.action.MAIN,NULL,NULL,270532608]
02-08 06:01:03.969 I/wm_task_moved( 1466): [18,1,6]
02-08 06:01:03.970 I/wm_pause_activity( 1466): [0,163962840,com.android.launcher3/.uioverrides.QuickstepLauncher,userLeaving=true,pauseBackTasks]
02-08 06:01:03.974 I/wm_on_top_resumed_lost_called( 2862): [163962840,com.android.launcher3.uioverrides.QuickstepLauncher,topStateChangedWhenResumed]
02-08 06:01:03.975 I/wm_on_paused_called( 2862): [163962840,com.android.launcher3.uioverrides.QuickstepLauncher,performPause]
02-08 06:01:03.976 I/wm_add_to_stopping( 1466): [0,163962840,com.android.launcher3/.uioverrides.QuickstepLauncher,makeInvisible]
02-08 06:01:03.977 I/wm_restart_activity( 1466): [0,101732248,18,com.android.settings/.Settings]
02-08 06:01:03.977 I/wm_set_resumed_activity( 1466): [0,com.android.settings/.Settings,minimalResumeActivityLocked]
02-08 06:01:03.987 I/sysui_multi_action( 1466): [757,803,799,window_time_0,802,3]
02-08 06:01:03.997 I/input_focus( 1466): [Focus leaving 75d5c14 com.android.launcher3/com.android.launcher3.uioverrides.QuickstepLauncher (server),reason=NO_WINDOW]
02-08 06:01:04.097 I/am_uid_active( 1466): 10087
02-08 06:01:04.101 I/wm_on_create_called( 7109): [101732248,com.android.settings.Settings,performCreate]
02-08 06:01:04.136 I/wm_on_start_called( 7109): [101732248,com.android.settings.Settings,handleStartActivity]
02-08 06:01:04.137 I/snet_event_log( 7109): [120484087,-1,]
02-08 06:01:04.138 I/wm_on_resume_called( 7109): [101732248,com.android.settings.Settings,RESUME_ACTIVITY]
02-08 06:01:04.139 I/sysui_multi_action( 7109): [757,35,758,1,833,0,1089,36]
02-08 06:01:04.144 I/sysui_multi_action( 7109): [757,1729,758,4,854,isParalleledControllers:false,1089,42]
02-08 06:01:04.150 I/wm_on_top_resumed_gained_called( 7109): [101732248,com.android.settings.Settings,topStateChangedWhenResumed]
02-08 06:01:04.155 I/auditd ( 567): type=1400 audit(0.0:558): avc: denied { read } for comm="Binder:567_2" name="wakeup58" dev="sysfs" ino=71792 scontext=u:r:system_suspend:s0 tcontext=u:object_r:sysfs:s0 tclass=dir permissive=0
02-08 06:01:04.155 I/auditd ( 567): type=1400 audit(0.0:559): avc: denied { read } for comm="Binder:567_2" name="wakeup4" dev="sysfs" ino=47054 scontext=u:r:system_suspend:s0 tcontext=u:object_r:sysfs:s0 tclass=dir permissive=0
02-08 06:01:04.155 I/auditd ( 567): type=1400 audit(0.0:560): avc: denied { read } for comm="Binder:567_2" name="wakeup76" dev="sysfs" ino=76686 scontext=u:r:system_suspend:s0 tcontext=u:object_r:sysfs:s0 tclass=dir permissive=0
02-08 06:01:04.155 I/auditd ( 567): type=1400 audit(0.0:561): avc: denied { read } for comm="Binder:567_2" name="wakeup28" dev="sysfs" ino=53259 scontext=u:r:system_suspend:s0 tcontext=u:object_r:sysfs:s0 tclass=dir permissive=0
02-08 06:01:04.155 I/auditd ( 567): type=1400 audit(0.0:562): avc: denied { read } for comm="Binder:567_2" name="wakeup56" dev="sysfs" ino=71720 scontext=u:r:system_suspend:s0 tcontext=u:object_r:sysfs:s0 tclass=dir permissive=0
02-08 06:01:04.186 I/input_focus( 1466): [Focus request a3caed1 com.android.settings/com.android.settings.Settings,reason=UpdateInputWindows]
02-08 06:01:04.226 I/sysui_multi_action( 1466): [324,1,757,1090,758,12,806,com.android.settings,871,com.android.settings.Settings,1091,264]
