02-08 08:36:07.951 I/sysui_multi_action( 2370): [757,803,799,panel_open,802,1]
02-08 08:36:07.953 I/sysui_multi_action( 2370): [757,1328,758,4,1326,38,1327,6,1329,0]
02-08 08:36:08.002 I/sysui_multi_action( 1466): [757,127,758,1]
02-08 08:36:08.002 I/sysui_multi_action( 1466): [757,804,799,note_load,801,2,802,1]
02-08 08:36:08.003 I/notification_panel_revealed( 1466): 2
02-08 08:36:08.017 I/input_focus( 1466): [Focus request e8dc244 NotificationShade,reason=UpdateInputWindows]
02-08 08:36:08.023 I/sysui_multi_action( 1466): [757,128,758,1,793,10752342,794,0,795,10752342,796,17303299,797,com.android.wifi,798,0,806,android,857,NETWORK_AVAILABLE,858,2,947,0,1395,2,1500,10752142,1688,1]
02-08 08:36:08.023 I/sysui_multi_action( 1466): [757,804,799,note_freshness,801,10752342,802,1]
02-08 08:36:08.024 I/notification_visibility( 1466): [0|android|17303299|com.android.wifi|1000,1,10752342,10752342,0,0]
02-08 08:36:08.024 I/sysui_multi_action( 1466): [757,128,758,1,793,10752966,794,0,795,10752966,796,32,798,1,806,android,857,USB,858,1,947,0,1395,2,1500,10752910,1688,1]
02-08 08:36:08.024 I/sysui_multi_action( 1466): [757,804,799,note_freshness,801,10752966,802,1]
02-08 08:36:08.024 I/notification_visibility( 1466): [-1|android|32|null|1000,1,10752966,10752966,0,1]
02-08 08:36:08.029 I/input_focus( 1466): [Focus leaving 75d5c14 com.android.launcher3/com.android.launcher3.uioverrides.QuickstepLauncher (server),reason=setFocusedWindow]
02-08 08:36:08.029 I/input_focus( 1466): [Focus entering e8dc244 NotificationShade (server),reason=setFocusedWindow]
02-08 08:36:08.096 I/sysui_multi_action( 2370): [757,111,758,1]
02-08 08:36:08.096 I/sysui_multi_action( 2370): [757,126,758,1,759,126,927,0,928,1,1593,0]
02-08 08:36:08.097 I/sysui_multi_action( 2370): [757,113,758,1,759,113,927,1,928,1,1593,0]
02-08 08:36:08.097 I/sysui_multi_action( 2370): [757,0,758,1,759,0,927,2,928,0,1593,0]
02-08 08:36:08.097 I/sysui_multi_action( 2370): [757,0,758,1,759,0,927,3,928,0,1593,0]
02-08 08:36:08.097 I/sysui_multi_action( 2370): [757,491,758,1,759,491,927,4,928,0,1311,-1,1593,0]
02-08 08:36:08.098 I/sysui_multi_action( 2370): [757,0,758,1,759,0,927,5,928,0,1593,0]
02-08 08:36:08.098 I/sysui_multi_action( 2370): [757,111,758,1]
02-08 08:36:08.098 I/sysui_multi_action( 2370): [757,126,758,1,759,126,927,0,928,1,1593,0]
02-08 08:36:08.098 I/sysui_multi_action( 2370): [757,113,758,1,759,113,927,1,928,1,1593,0]
02-08 08:36:08.098 I/sysui_multi_action( 2370): [757,0,758,1,759,0,927,2,928,0,1593,0]
02-08 08:36:08.098 I/sysui_multi_action( 2370): [757,0,758,1,759,0,927,3,928,0,1593,0]
02-08 08:36:09.510 I/input_interaction( 1466): Interaction with: e8dc244 NotificationShade (server), edge-swipe (server), swipe-up (server), PointerEventDispatcher0 (server),
02-08 08:36:09.955 I/notification_enqueue( 1466): [10081,2370,com.android.systemui,2048,NULL,0,Notification(channel=updateNotification shortcut=null contentView=null vibrate=null sound=null defaults=0x0 flags=0x0 color=0x00000000 vis=PRIVATE),1]
02-08 08:36:09.956 I/sysui_multi_action( 2370): [757,111,758,2]
02-08 08:36:09.957 I/sysui_multi_action( 2370): [757,111,758,2]
02-08 08:36:10.181 I/input_focus( 1466): [Focus request 75d5c14 com.android.launcher3/com.android.launcher3.uioverrides.QuickstepLauncher,reason=UpdateInputWindows]
02-08 08:36:10.190 I/sysui_multi_action( 1466): [757,128,758,2,793,10754509,794,2167,795,10754509,796,17303299,797,com.android.wifi,798,0,806,android,857,NETWORK_AVAILABLE,858,2,947,0,1395,2,1500,10754309,1688,1]
02-08 08:36:10.190 I/notification_visibility( 1466): [0|android|17303299|com.android.wifi|1000,0,10754509,10754509,0,0]
02-08 08:36:10.191 I/sysui_multi_action( 1466): [757,128,758,2,793,10755133,794,2167,795,10755133,796,32,798,1,806,android,857,USB,858,1,947,0,1395,2,1500,10755077,1688,1]
02-08 08:36:10.191 I/notification_visibility( 1466): [-1|android|32|null|1000,0,10755133,10755133,0,1]
02-08 08:36:10.191 I/sysui_multi_action( 1466): [757,127,758,2]
02-08 08:36:10.192 I/notification_panel_hidden( 1466):
02-08 08:36:10.201 I/input_focus( 1466): [Focus leaving e8dc244 NotificationShade (server),reason=NOT_FOCUSABLE]
02-08 08:36:10.201 I/input_focus( 1466): [Focus entering 75d5c14 com.android.launcher3/com.android.launcher3.uioverrides.QuickstepLauncher (server),reason=setFocusedWindow]
02-08 08:36:10.941 I/input_interaction( 1466): Interaction with: 75d5c14 com.android.launcher3/com.android.launcher3.uioverrides.QuickstepLauncher (server), 8682221 com.android.systemui.ImageWallpaper (server), edge-swipe (server), swipe-up (server), PointerEventDispatcher0 (server),
02-08 08:36:11.112 I/wm_task_moved( 1466): [18,1,6]
02-08 08:36:11.112 I/wm_task_to_front( 1466): [0,18]
02-08 08:36:11.113 I/wm_focused_root_task( 1466): [0,0,18,1,bringingFoundTaskToFront]
02-08 08:36:11.113 I/wm_set_resumed_activity( 1466): [0,com.android.settings/.Settings,bringingFoundTaskToFront]
02-08 08:36:11.113 I/wm_new_intent( 1466): [0,101732248,18,com.android.settings/.Settings,android.intent.action.MAIN,NULL,NULL,270532608]
02-08 08:36:11.116 I/wm_pause_activity( 1466): [0,163962840,com.android.launcher3/.uioverrides.QuickstepLauncher,userLeaving=true,pauseBackTasks]
02-08 08:36:11.123 I/wm_on_top_resumed_lost_called( 2862): [163962840,com.android.launcher3.uioverrides.QuickstepLauncher,topStateChangedWhenResumed]
02-08 08:36:11.124 I/wm_on_paused_called( 2862): [163962840,com.android.launcher3.uioverrides.QuickstepLauncher,performPause]
02-08 08:36:11.128 I/wm_set_resumed_activity( 1466): [0,com.android.settings/.Settings,resumeTopActivityInnerLocked]
02-08 08:36:11.129 I/wm_add_to_stopping( 1466): [0,163962840,com.android.launcher3/.uioverrides.QuickstepLauncher,makeInvisible]
02-08 08:36:11.131 I/wm_resume_activity( 1466): [0,101732248,18,com.android.settings/.Settings]
02-08 08:36:11.152 I/input_focus( 1466): [Focus leaving 75d5c14 com.android.launcher3/com.android.launcher3.uioverrides.QuickstepLauncher (server),reason=NO_WINDOW]
02-08 08:36:11.158 I/wm_on_restart_called( 7109): [101732248,com.android.settings.Settings,performRestartActivity]
02-08 08:36:11.158 I/sysui_multi_action( 1466): [757,803,799,window_time_0,802,4]
02-08 08:36:11.183 I/wm_on_start_called( 7109): [101732248,com.android.settings.Settings,handleStartActivity]
02-08 08:36:11.183 I/snet_event_log( 7109): [120484087,-1,]
02-08 08:36:11.184 I/wm_on_resume_called( 7109): [101732248,com.android.settings.Settings,RESUME_ACTIVITY]
02-08 08:36:11.184 I/sysui_multi_action( 7109): [757,35,758,1,833,0,1089,0]
02-08 08:36:11.185 I/sysui_multi_action( 7109): [757,747,758,1,833,0,1089,0]
02-08 08:36:11.187 I/wm_on_top_resumed_gained_called( 7109): [101732248,com.android.settings.Settings,topWhenResuming]
02-08 08:36:11.194 I/input_focus( 1466): [Focus request a3caed1 com.android.settings/com.android.settings.Settings,reason=UpdateInputWindows]
02-08 08:36:11.213 I/sysui_multi_action( 1466): [319,43,321,39,322,94,325,10783,757,761,758,9,759,4,806,com.android.settings,871,com.android.settings.Settings,904,com.android.launcher3,905,0,1320,21,1321,5]
02-08 08:36:11.211 I/auditd ( 567): type=1400 audit(0.0:1467): avc: denied { read } for comm="Binder:567_2" name="wakeup58" dev="sysfs" ino=71792 scontext=u:r:system_suspend:s0 tcontext=u:object_r:sysfs:s0 tclass=dir permissive=0
02-08 08:36:11.211 I/auditd ( 567): type=1400 audit(0.0:1468): avc: denied { read } for comm="Binder:567_2" name="wakeup4" dev="sysfs" ino=47054 scontext=u:r:system_suspend:s0 tcontext=u:object_r:sysfs:s0 tclass=dir permissive=0
02-08 08:36:11.211 I/auditd ( 567): type=1400 audit(0.0:1469): avc: denied { read } for comm="Binder:567_2" name="wakeup76" dev="sysfs" ino=76686 scontext=u:r:system_suspend:s0 tcontext=u:object_r:sysfs:s0 tclass=dir permissive=0
02-08 08:36:11.211 I/auditd ( 567): type=1400 audit(0.0:1470): avc: denied { read } for comm="Binder:567_2" name="wakeup28" dev="sysfs" ino=53259 scontext=u:r:system_suspend:s0 tcontext=u:object_r:sysfs:s0 tclass=dir permissive=0
02-08 08:36:11.211 I/auditd ( 567): type=1400 audit(0.0:1471): avc: denied { read } for comm="Binder:567_2" name="wakeup56" dev="sysfs" ino=71720 scontext=u:r:system_suspend:s0 tcontext=u:object_r:sysfs:s0 tclass=dir permissive=0
02-08 08:36:11.211 I/auditd ( 567): type=1400 audit(0.0:1472): avc: denied { read } for comm="Binder:567_2" name="wakeup2" dev="sysfs" ino=46578 scontext=u:r:system_suspend:s0 tcontext=u:object_r:sysfs:s0 tclass=dir permissive=0
02-08 08:36:11.211 I/auditd ( 567): type=1400 audit(0.0:1473): avc: denied { read } for comm="Binder:567_2" name="wakeup36" dev="sysfs" ino=62492 scontext=u:r:system_suspend:s0 tcontext=u:object_r:sysfs:s0 tclass=dir permissive=0
02-08 08:36:11.220 I/input_focus( 1466): [Focus entering a3caed1 com.android.settings/com.android.settings.Settings (server),reason=setFocusedWindow]
02-08 08:36:11.691 I/wm_stop_activity( 1466): [0,163962840,com.android.launcher3/.uioverrides.QuickstepLauncher]
02-08 08:36:11.713 I/wm_on_stop_called( 2862): [163962840,com.android.launcher3.uioverrides.QuickstepLauncher,STOP_ACTIVITY_ITEM]
02-08 08:36:28.107 I/auditd ( 567): type=1400 audit(0.0:1567): avc: denied { read } for comm="Binder:567_2" name="wakeup58" dev="sysfs" ino=71792 scontext=u:r:system_suspend:s0 tcontext=u:object_r:sysfs:s0 tclass=dir permissive=0
02-08 08:36:28.111 I/auditd ( 567): type=1400 audit(0.0:1568): avc: denied { read } for comm="Binder:567_2" name="wakeup4" dev="sysfs" ino=47054 scontext=u:r:system_suspend:s0 tcontext=u:object_r:sysfs:s0 tclass=dir permissive=0
02-08 08:36:28.111 I/auditd ( 567): type=1400 audit(0.0:1569): avc: denied { read } for comm="Binder:567_2" name="wakeup76" dev="sysfs" ino=76686 scontext=u:r:system_suspend:s0 tcontext=u:object_r:sysfs:s0 tclass=dir permissive=0
02-08 08:36:28.111 I/auditd ( 567): type=1400 audit(0.0:1570): avc: denied { read } for comm="Binder:567_2" name="wakeup28" dev="sysfs" ino=53259 scontext=u:r:system_suspend:s0 tcontext=u:object_r:sysfs:s0 tclass=dir permissive=0
02-08 08:36:28.111 I/auditd ( 567): type=1400 audit(0.0:1571): avc: denied { read } for comm="Binder:567_2" name="wakeup56" dev="sysfs" ino=71720 scontext=u:r:system_suspend:s0 tcontext=u:object_r:sysfs:s0 tclass=dir permissive=0
02-08 08:36:28.146 I/commit_sys_config_file( 1466): [batterystats,5]
02-08 08:36:28.146 I/commit_sys_config_file( 1466): [batterystats,1]
02-08 08:36:30.693 I/input_interaction( 1466): Interaction with: a3caed1 com.android.settings/com.android.settings.Settings (server), edge-swipe (server), swipe-up (server), PointerEventDispatcher0 (server),
02-08 08:36:32.841 I/sysui_multi_action( 7109): [757,830,758,4,833,0,854,connection_preferences,1089,0]
02-08 08:36:32.848 I/sysui_multi_action( 7109): [757,747,758,2,1089,21663]
02-08 08:36:32.884 I/sysui_multi_action( 7109): [757,1264,758,1,833,0,1089,31]
02-08 08:36:32.885 I/sysui_multi_action( 7109): [757,1729,758,4,854,isParalleledControllers:false,1089,31]
02-08 08:36:33.812 I/sysui_multi_action( 7109): [757,830,758,4,833,0,854,bluetooth_switchbar_screen,1089,0]
02-08 08:36:33.826 I/sysui_multi_action( 7109): [757,1264,758,2,1089,941]
02-08 08:36:33.869 I/sysui_multi_action( 7109): [757,1390,758,1,833,0,1089,39]
02-08 08:36:33.871 I/sysui_multi_action( 7109): [757,1729,758,4,854,isParalleledControllers:false,1089,41]
02-08 08:36:33.884 I/am_pss ( 1466): [20879,10065,com.android.deskclock,8781824,5976064,0,95420416,0,19,6]
02-08 08:36:33.890 I/am_pss ( 1466): [20880,10064,com.android.calendar,6345728,3964928,0,91361280,0,19,5]
02-08 08:36:33.897 I/am_pss ( 1466): [20850,10068,com.thundercomm.gamemode.provider,8260608,5910528,0,95707136,0,19,7]
02-08 08:36:36.202 I/sysui_multi_action( 7109): [757,161,758,4]
02-08 08:36:36.204 I/sysui_multi_action( 7109): [757,830,758,4,833,0,854,bluetooth_screen_bt_pair_rename_devices,1089,0]
02-08 08:36:36.251 I/sysui_multi_action( 7109): [757,538,758,1,833,0,1089,37]
02-08 08:36:36.263 I/input_focus( 1466): [Focus request 5c7b224 com.android.settings/com.android.settings.Settings,reason=UpdateInputWindows]
02-08 08:36:36.282 I/input_focus( 1466): [Focus leaving a3caed1 com.android.settings/com.android.settings.Settings (server),reason=setFocusedWindow]
02-08 08:36:36.282 I/input_focus( 1466): [Focus entering 5c7b224 com.android.settings/com.android.settings.Settings (server),reason=setFocusedWindow]
02-08 08:36:37.286 I/input_interaction( 1466): Interaction with: caa863e PopupWindow:5544e42 (server), edge-swipe (server), swipe-up (server), PointerEventDispatcher0 (server),
02-08 08:36:40.093 I/service_manager_stats( 1466): [100,73,5220352]
02-08 08:36:52.308 I/wm_task_moved( 1466): [1,0,0]
02-08 08:36:52.309 I/wm_task_moved( 1466): [1,0,5]
02-08 08:36:52.317 I/wm_on_restart_called( 2862): [163962840,com.android.launcher3.uioverrides.QuickstepLauncher,performRestartActivity]
02-08 08:36:52.344 I/wm_on_start_called( 2862): [163962840,com.android.launcher3.uioverrides.QuickstepLauncher,handleStartActivity]
02-08 08:36:52.366 I/sysui_multi_action( 1466): [319,10,322,52,325,10824,757,761,758,9,759,5,806,com.android.launcher3,871,com.android.launcher3.uioverrides.QuickstepLauncher,905,0,1320,8,1321,5]
02-08 08:36:52.466 I/input_interaction( 1466): Interaction with: 5c7b224 com.android.settings/com.android.settings.Settings (server), edge-swipe (server), swipe-up (server), PointerEventDispatcher0 (server),
02-08 08:36:52.545 I/commit_sys_config_file( 1466): [settings-1-0,4]
02-08 08:36:52.550 I/wm_task_moved( 1466): [1,0,5]
02-08 08:36:52.551 I/wm_add_to_stopping( 1466): [0,163962840,com.android.launcher3/.uioverrides.QuickstepLauncher,makeInvisible]
02-08 08:36:52.558 I/wm_stop_activity( 1466): [0,163962840,com.android.launcher3/.uioverrides.QuickstepLauncher]
02-08 08:36:52.575 I/input_interaction( 1466): Interaction with: 5c7b224 com.android.settings/com.android.settings.Settings (server), caa863e PopupWindow:5544e42 (server), edge-swipe (server), swipe-up (server), PointerEventDispatcher0 (server),
02-08 08:36:52.592 I/wm_task_moved( 1466): [1,0,0]
02-08 08:36:52.593 I/wm_task_moved( 1466): [1,0,5]
02-08 08:36:52.597 I/wm_on_stop_called( 2862): [163962840,com.android.launcher3.uioverrides.QuickstepLauncher,STOP_ACTIVITY_ITEM]
02-08 08:36:52.598 I/wm_on_restart_called( 2862): [163962840,com.android.launcher3.uioverrides.QuickstepLauncher,performRestartActivity]
02-08 08:36:52.599 I/wm_on_start_called( 2862): [163962840,com.android.launcher3.uioverrides.QuickstepLauncher,handleStartActivity]
02-08 08:36:52.622 I/sysui_multi_action( 1466): [319,6,322,21,325,10824,757,761,758,9,759,5,806,com.android.launcher3,871,com.android.launcher3.uioverrides.QuickstepLauncher,905,0,1320,8,1321,5]
02-08 08:36:52.677 I/input_focus( 1466): [Focus request a3caed1 com.android.settings/com.android.settings.Settings,reason=UpdateInputWindows]
02-08 08:36:52.686 I/input_focus( 1466): [Focus entering a3caed1 com.android.settings/com.android.settings.Settings (server),reason=setFocusedWindow]
02-08 08:36:52.687 I/sysui_multi_action( 7109): [757,538,758,2,1089,16437]
02-08 08:36:52.796 I/wm_task_moved( 1466): [1,0,5]
02-08 08:36:52.797 I/wm_add_to_stopping( 1466): [0,163962840,com.android.launcher3/.uioverrides.QuickstepLauncher,makeInvisible]
02-08 08:36:52.808 I/wm_stop_activity( 1466): [0,163962840,com.android.launcher3/.uioverrides.QuickstepLauncher]
02-08 08:36:52.813 I/wm_on_stop_called( 2862): [163962840,com.android.launcher3.uioverrides.QuickstepLauncher,STOP_ACTIVITY_ITEM]
02-08 08:36:53.057 I/input_interaction( 1466): Interaction with: a3caed1 com.android.settings/com.android.settings.Settings (server), edge-swipe (server), swipe-up (server), PointerEventDispatcher0 (server),
02-08 08:36:53.946 I/am_pss ( 1466): [20879,10065,com.android.deskclock,8781824,5976064,0,95420416,0,19,10]
02-08 08:36:53.955 I/am_pss ( 1466): [20880,10064,com.android.calendar,6345728,3964928,0,91361280,0,19,7]
02-08 08:36:55.928 I/sysui_multi_action( 7109): [757,161,758,4]
02-08 08:36:55.930 I/sysui_multi_action( 7109): [757,830,758,4,833,0,854,bluetooth_screen_bt_pair_rename_devices,1089,0]
02-08 08:36:55.971 I/sysui_multi_action( 7109): [757,538,758,1,833,0,1089,35]
02-08 08:36:55.982 I/input_focus( 1466): [Focus request 15954b9 com.android.settings/com.android.settings.Settings,reason=UpdateInputWindows]
02-08 08:36:55.997 I/input_focus( 1466): [Focus leaving a3caed1 com.android.settings/com.android.settings.Settings (server),reason=Waiting for window because NOT_VISIBLE]
02-08 08:36:56.013 I/input_focus( 1466): [Focus entering 15954b9 com.android.settings/com.android.settings.Settings (server),reason=Window became focusable. Previous reason: NOT_VISIBLE]
02-08 08:36:57.297 I/input_interaction( 1466): Interaction with: 7536947 PopupWindow:5544e42 (server), edge-swipe (server), swipe-up (server), PointerEventDispatcher0 (server),
02-08 08:36:57.498 I/wm_task_moved( 1466): [1,0,0]
02-08 08:36:57.499 I/wm_task_moved( 1466): [1,0,5]
02-08 08:36:57.513 I/wm_on_restart_called( 2862): [163962840,com.android.launcher3.uioverrides.QuickstepLauncher,performRestartActivity]
02-08 08:36:57.527 I/wm_on_start_called( 2862): [163962840,com.android.launcher3.uioverrides.QuickstepLauncher,handleStartActivity]
02-08 08:36:57.553 I/sysui_multi_action( 1466): [319,8,322,46,325,10829,757,761,758,9,759,5,806,com.android.launcher3,871,com.android.launcher3.uioverrides.QuickstepLauncher,905,0,1320,8,1321,5]
02-08 08:36:57.624 I/input_interaction( 1466): Interaction with: 7536947 PopupWindow:5544e42 (server), 15954b9 com.android.settings/com.android.settings.Settings (server), edge-swipe (server), swipe-up (server), PointerEventDispatcher0 (server),
02-08 08:36:57.640 I/input_interaction( 1466): Interaction with: 15954b9 com.android.settings/com.android.settings.Settings (server), edge-swipe (server), swipe-up (server), PointerEventDispatcher0 (server),
02-08 08:36:57.729 I/commit_sys_config_file( 1466): [settings-1-0,4]
02-08 08:36:57.846 I/sysui_latency( 1466): [8,56]
02-08 08:36:57.992 I/commit_sys_config_file( 1466): [settings-1-0,4]
02-08 08:36:58.683 I/service_manager_stats( 1466): [100,60,18591]
02-08 08:36:58.866 I/input_focus( 1466): [Focus request a3caed1 com.android.settings/com.android.settings.Settings,reason=UpdateInputWindows]
02-08 08:36:58.878 I/input_interaction( 1466): Interaction with: 7536947 PopupWindow:5544e42 (server), edge-swipe (server), swipe-up (server), PointerEventDispatcher0 (server),
02-08 08:36:58.884 I/input_focus( 1466): [Focus entering a3caed1 com.android.settings/com.android.settings.Settings (server),reason=setFocusedWindow]
02-08 08:36:58.885 I/sysui_multi_action( 7109): [757,538,758,2,1089,2914]
02-08 08:36:58.915 I/input_interaction( 1466): Interaction with: edge-swipe (server), swipe-up (server), PointerEventDispatcher0 (server),
02-08 08:36:58.986 I/input_interaction( 1466): Interaction with: a3caed1 com.android.settings/com.android.settings.Settings (server), edge-swipe (server), swipe-up (server), PointerEventDispatcher0 (server),
02-08 08:36:59.413 I/input_interaction( 1466): Interaction with: a3caed1 com.android.settings/com.android.settings.Settings (server), 8682221 com.android.systemui.ImageWallpaper (server), edge-swipe (server), swipe-up (server), PointerEventDispatcher0 (server),
02-08 08:36:59.835 I/am_uid_idle( 1466): 10049
02-08 08:37:02.716 I/view_enqueue_input_event( 7109): [Motion - Cancel,com.android.settings/com.android.settings.Settings]
02-08 08:37:02.730 I/input_interaction( 1466): Interaction with: edge-swipe (server), swipe-up (server), PointerEventDispatcher0 (server),
02-08 08:37:02.811 I/sysui_multi_action( 1466): [757,803,799,key_back_press,802,1]
02-08 08:37:02.814 I/input_interaction( 1466): Interaction with: a3caed1 com.android.settings/com.android.settings.Settings (server), PointerEventDispatcher0 (server),
02-08 08:37:02.817 I/sysui_multi_action( 7109): [757,1390,758,2,1089,28947]
02-08 08:37:02.836 I/sysui_multi_action( 7109): [757,1264,758,1,833,0,1089,0]
02-08 08:37:03.787 I/input_interaction( 1466): Interaction with: a3caed1 com.android.settings/com.android.settings.Settings (server), 8682221 com.android.systemui.ImageWallpaper (server), edge-swipe (server), swipe-up (server), PointerEventDispatcher0 (server),
02-08 08:37:03.853 I/view_enqueue_input_event( 7109): [Motion - Cancel,com.android.settings/com.android.settings.Settings]
02-08 08:37:03.866 I/input_interaction( 1466): Interaction with: edge-swipe (server), swipe-up (server), PointerEventDispatcher0 (server),
02-08 08:37:04.006 I/sysui_multi_action( 1466): [757,803,799,key_back_press,802,1]
02-08 08:37:04.009 I/input_interaction( 1466): Interaction with: a3caed1 com.android.settings/com.android.settings.Settings (server), PointerEventDispatcher0 (server),
02-08 08:37:04.012 I/sysui_multi_action( 7109): [757,1264,758,2,1089,1175]
02-08 08:37:04.056 I/sysui_multi_action( 7109): [757,747,758,1,833,0,1089,0]
02-08 08:37:04.403 I/auditd (21069): type=1400 audit(0.0:1617): avc: denied { read } for comm="ls" name="/" dev="dm-5" ino=2 scontext=u:r:system_app:s0 tcontext=u:object_r:rootfs:s0 tclass=dir permissive=0
02-08 08:37:04.523 I/auditd (21075): type=1400 audit(0.0:1618): avc: denied { read } for comm="ls" name="/" dev="dm-5" ino=2 scontext=u:r:system_app:s0 tcontext=u:object_r:rootfs:s0 tclass=dir permissive=0
02-08 08:37:04.888 I/input_interaction( 1466): Interaction with: a3caed1 com.android.settings/com.android.settings.Settings (server), 8682221 com.android.systemui.ImageWallpaper (server), edge-swipe (server), swipe-up (server), PointerEventDispatcher0 (server),
02-08 08:37:04.940 I/view_enqueue_input_event( 7109): [Motion - Cancel,com.android.settings/com.android.settings.Settings]
02-08 08:37:04.952 I/input_interaction( 1466): Interaction with: edge-swipe (server), swipe-up (server), PointerEventDispatcher0 (server),
02-08 08:37:05.119 I/sysui_multi_action( 1466): [757,803,799,key_back_press,802,1]
02-08 08:37:05.122 I/input_interaction( 1466): Interaction with: a3caed1 com.android.settings/com.android.settings.Settings (server), PointerEventDispatcher0 (server),
02-08 08:37:05.124 I/wm_task_moved( 1466): [18,0,0]
02-08 08:37:05.133 I/wm_focused_root_task( 1466): [0,0,1,18,moveTaskToBackLocked]
02-08 08:37:05.133 I/wm_add_to_stopping( 1466): [0,101732248,com.android.settings/.Settings,makeInvisible]
02-08 08:37:05.136 I/wm_pause_activity( 1466): [0,101732248,com.android.settings/.Settings,userLeaving=false,pauseBackTasks]
02-08 08:37:05.137 I/wm_set_resumed_activity( 1466): [0,com.android.launcher3/.uioverrides.QuickstepLauncher,resumeTopActivityInnerLocked]
02-08 08:37:05.140 I/wm_resume_activity( 1466): [0,163962840,10,com.android.launcher3/.uioverrides.QuickstepLauncher]
02-08 08:37:05.141 I/input_focus( 1466): [Focus request 75d5c14 com.android.launcher3/com.android.launcher3.uioverrides.QuickstepLauncher,reason=UpdateInputWindows]
02-08 08:37:05.141 I/wm_on_top_resumed_lost_called( 7109): [101732248,com.android.settings.Settings,topStateChangedWhenResumed]
02-08 08:37:05.141 I/wm_on_resume_called( 2862): [163962840,com.android.launcher3.uioverrides.QuickstepLauncher,RESUME_ACTIVITY]
02-08 08:37:05.149 I/input_focus( 1466): [Focus leaving a3caed1 com.android.settings/com.android.settings.Settings (server),reason=NO_WINDOW]
02-08 08:37:05.149 I/input_focus( 1466): [Focus entering 75d5c14 com.android.launcher3/com.android.launcher3.uioverrides.QuickstepLauncher (server),reason=setFocusedWindow]
02-08 08:37:05.153 I/sysui_multi_action( 7109): [757,35,758,2,1089,53969]
02-08 08:37:05.154 I/sysui_multi_action( 7109): [757,747,758,2,1089,1098]
02-08 08:37:05.154 I/wm_on_paused_called( 7109): [101732248,com.android.settings.Settings,performPause]
02-08 08:37:05.155 I/sysui_multi_action( 1466): [757,803,799,window_time_0,802,54]
02-08 08:37:05.157 I/wm_on_top_resumed_gained_called( 2862): [163962840,com.android.launcher3.uioverrides.QuickstepLauncher,topStateChangedWhenResumed]
02-08 08:37:06.502 I/input_interaction( 1466): Interaction with: 75d5c14 com.android.launcher3/com.android.launcher3.uioverrides.QuickstepLauncher (server), 8682221 com.android.systemui.ImageWallpaper (server), edge-swipe (server), swipe-up (server), PointerEventDispatcher0 (server),
02-08 08:37:06.571 I/view_enqueue_input_event( 2862): [Motion - Cancel,com.android.launcher3/com.android.launcher3.uioverrides.QuickstepLauncher]
02-08 08:37:06.581 I/input_interaction( 1466): Interaction with: edge-swipe (server), swipe-up (server), PointerEventDispatcher0 (server),
02-08 08:37:06.747 I/commit_sys_config_file( 1466): [settings-1-0,3]
02-08 08:37:07.148 I/commit_sys_config_file( 1466): [settings-1-0,5]
02-08 08:37:07.274 I/input_interaction( 1466): Interaction with: 75d5c14 com.android.launcher3/com.android.launcher3.uioverrides.QuickstepLauncher (server), 8682221 com.android.systemui.ImageWallpaper (server), edge-swipe (server), swipe-up (server), PointerEventDispatcher0 (server),
02-08 08:37:15.218 I/sysui_multi_action( 1466): [757,127,758,1]
02-08 08:37:15.218 I/sysui_multi_action( 1466): [757,804,799,note_load,801,2,802,1]
02-08 08:37:15.218 I/notification_panel_revealed( 1466): 2
02-08 08:37:15.228 I/input_focus( 1466): [Focus request e8dc244 NotificationShade,reason=UpdateInputWindows]
02-08 08:37:15.235 I/sysui_multi_action( 1466): [757,128,758,1,793,10819554,794,0,795,10819554,796,17303299,797,com.android.wifi,798,0,806,android,857,NETWORK_AVAILABLE,858,2,947,0,1395,2,1500,10819354,1688,1]
02-08 08:37:15.235 I/sysui_multi_action( 1466): [757,804,799,note_freshness,801,10819554,802,1]
02-08 08:37:15.235 I/notification_visibility( 1466): [0|android|17303299|com.android.wifi|1000,1,10819554,10819554,0,0]
02-08 08:37:15.235 I/sysui_multi_action( 1466): [757,128,758,1,793,10820177,794,0,795,10820177,796,32,798,1,806,android,857,USB,858,1,947,0,1395,2,1500,10820121,1688,1]
02-08 08:37:15.236 I/sysui_multi_action( 1466): [757,804,799,note_freshness,801,10820177,802,1]
02-08 08:37:15.236 I/notification_visibility( 1466): [-1|android|32|null|1000,1,10820177,10820177,0,1]
02-08 08:37:15.242 I/input_focus( 1466): [Focus leaving 75d5c14 com.android.launcher3/com.android.launcher3.uioverrides.QuickstepLauncher (server),reason=setFocusedWindow]
02-08 08:37:15.242 I/input_focus( 1466): [Focus entering e8dc244 NotificationShade (server),reason=setFocusedWindow]
02-08 08:37:15.249 I/input_interaction( 1466): Interaction with: 75d5c14 com.android.launcher3/com.android.launcher3.uioverrides.QuickstepLauncher (server), 8682221 com.android.systemui.ImageWallpaper (server), e8dc244 NotificationShade (server), edge-swipe (server), swipe-up (server), PointerEventDispatcher0 (server),
02-08 08:37:15.249 I/view_enqueue_input_event( 2862): [Motion - Cancel,com.android.launcher3/com.android.launcher3.uioverrides.QuickstepLauncher]
02-08 08:37:15.250 I/sysui_multi_action( 2370): [757,803,799,panel_open,802,1]
02-08 08:37:15.251 I/sysui_multi_action( 2370): [757,1328,758,4,1326,55,1327,74,1329,0]
02-08 08:37:15.263 I/input_interaction( 1466): Interaction with: 8682221 com.android.systemui.ImageWallpaper (server), e8dc244 NotificationShade (server), edge-swipe (server), swipe-up (server), PointerEventDispatcher0 (server),
02-08 08:37:15.356 I/sysui_multi_action( 2370): [757,111,758,1]
02-08 08:37:15.356 I/sysui_multi_action( 2370): [757,126,758,1,759,126,927,0,928,1,1593,0]
02-08 08:37:15.356 I/sysui_multi_action( 2370): [757,113,758,1,759,113,927,1,928,1,1593,0]
02-08 08:37:15.356 I/sysui_multi_action( 2370): [757,0,758,1,759,0,927,2,928,0,1593,0]
02-08 08:37:15.356 I/sysui_multi_action( 2370): [757,0,758,1,759,0,927,3,928,0,1593,0]
02-08 08:37:15.357 I/sysui_multi_action( 2370): [757,491,758,1,759,491,927,4,928,0,1311,-1,1593,0]
02-08 08:37:15.357 I/sysui_multi_action( 2370): [757,0,758,1,759,0,927,5,928,0,1593,0]
02-08 08:37:15.357 I/sysui_multi_action( 2370): [757,111,758,1]
02-08 08:37:15.357 I/sysui_multi_action( 2370): [757,126,758,1,759,126,927,0,928,1,1593,0]
02-08 08:37:15.357 I/sysui_multi_action( 2370): [757,113,758,1,759,113,927,1,928,1,1593,0]
02-08 08:37:15.358 I/sysui_multi_action( 2370): [757,0,758,1,759,0,927,2,928,0,1593,0]
02-08 08:37:15.358 I/sysui_multi_action( 2370): [757,0,758,1,759,0,927,3,928,0,1593,0]
02-08 08:37:16.210 I/input_interaction( 1466): Interaction with: e8dc244 NotificationShade (server), edge-swipe (server), swipe-up (server), PointerEventDispatcher0 (server),
02-08 08:37:16.214 I/wm_task_moved( 1466): [1,0,0]
02-08 08:37:16.215 I/wm_on_top_resumed_lost_called( 2862): [163962840,com.android.launcher3.uioverrides.QuickstepLauncher,topStateChangedWhenResumed]
02-08 08:37:16.217 I/wm_pause_activity( 1466): [0,163962840,com.android.launcher3/.uioverrides.QuickstepLauncher,userLeaving=false,pauseBackTasks]
02-08 08:37:16.218 I/wm_add_to_stopping( 1466): [0,163962840,com.android.launcher3/.uioverrides.QuickstepLauncher,makeInvisible]
02-08 08:37:16.226 I/wm_on_paused_called( 2862): [163962840,com.android.launcher3.uioverrides.QuickstepLauncher,performPause]
02-08 08:37:16.230 I/wm_set_resumed_activity( 1466): [0,com.android.settings/.Settings,resumeTopActivityInnerLocked]
02-08 08:37:16.231 I/wm_resume_activity( 1466): [0,101732248,18,com.android.settings/.Settings]
02-08 08:37:16.232 I/wm_on_resume_called( 7109): [101732248,com.android.settings.Settings,RESUME_ACTIVITY]
02-08 08:37:16.234 I/sysui_multi_action( 7109): [757,35,758,1,833,0,1089,0]
02-08 08:37:16.237 I/wm_stop_activity( 1466): [0,163962840,com.android.launcher3/.uioverrides.QuickstepLauncher]
02-08 08:37:16.238 I/sysui_multi_action( 7109): [757,747,758,1,833,0,1089,0]
02-08 08:37:16.244 I/sysui_multi_action( 1466): [757,803,799,window_time_0,802,11]
02-08 08:37:16.248 I/wm_on_top_resumed_gained_called( 7109): [101732248,com.android.settings.Settings,topWhenResuming]
02-08 08:37:16.255 I/wm_on_stop_called( 2862): [163962840,com.android.launcher3.uioverrides.QuickstepLauncher,STOP_ACTIVITY_ITEM]
02-08 08:37:16.629 I/notification_enqueue( 1466): [10081,2370,com.android.systemui,2048,NULL,0,Notification(channel=updateNotification shortcut=null contentView=null vibrate=null sound=null defaults=0x0 flags=0x0 color=0x00000000 vis=PRIVATE),1]
02-08 08:37:16.630 I/sysui_multi_action( 2370): [757,111,758,2]
02-08 08:37:16.632 I/sysui_multi_action( 2370): [757,111,758,2]
02-08 08:37:16.776 I/input_focus( 1466): [Focus request a3caed1 com.android.settings/com.android.settings.Settings,reason=UpdateInputWindows]
02-08 08:37:16.779 I/sysui_multi_action( 1466): [757,128,758,2,793,10821098,794,1544,795,10821098,796,17303299,797,com.android.wifi,798,0,806,android,857,NETWORK_AVAILABLE,858,2,947,0,1395,2,1500,10820898,1688,1]
02-08 08:37:16.780 I/notification_visibility( 1466): [0|android|17303299|com.android.wifi|1000,0,10821098,10821098,0,0]
02-08 08:37:16.783 I/sysui_multi_action( 1466): [757,128,758,2,793,10821722,794,1545,795,10821722,796,32,798,1,806,android,857,USB,858,1,947,0,1395,2,1500,10821666,1688,1]
02-08 08:37:16.783 I/notification_visibility( 1466): [-1|android|32|null|1000,0,10821722,10821722,0,1]
02-08 08:37:16.783 I/sysui_multi_action( 1466): [757,127,758,2]
02-08 08:37:16.783 I/notification_panel_hidden( 1466):
02-08 08:37:16.796 I/input_focus( 1466): [Focus leaving e8dc244 NotificationShade (server),reason=NO_WINDOW]
02-08 08:37:16.796 I/input_focus( 1466): [Focus entering a3caed1 com.android.settings/com.android.settings.Settings (server),reason=setFocusedWindow]
02-08 08:37:18.412 I/input_interaction( 1466): Interaction with: a3caed1 com.android.settings/com.android.settings.Settings (server), edge-swipe (server), swipe-up (server), PointerEventDispatcher0 (server),
02-08 08:37:18.576 I/sysui_multi_action( 7109): [757,830,758,4,833,0,854,connection_preferences,1089,0]
02-08 08:37:18.579 I/sysui_multi_action( 7109): [757,747,758,2,1089,2342]
02-08 08:37:18.610 I/sysui_multi_action( 7109): [757,1264,758,1,833,0,1089,26]
02-08 08:37:18.611 I/sysui_multi_action( 7109): [757,1729,758,4,854,isParalleledControllers:false,1089,26]
02-08 08:37:19.454 I/sysui_multi_action( 7109): [757,830,758,4,833,0,854,bluetooth_switchbar_screen,1089,0]
02-08 08:37:19.470 I/sysui_multi_action( 7109): [757,1264,758,2,1089,858]
02-08 08:37:19.518 I/sysui_multi_action( 7109): [757,1390,758,1,833,0,1089,41]
02-08 08:37:19.520 I/sysui_multi_action( 7109): [757,1729,758,4,854,isParalleledControllers:false,1089,43]
02-08 08:37:20.859 I/sysui_multi_action( 7109): [757,161,758,4]
02-08 08:37:20.861 I/sysui_multi_action( 7109): [757,830,758,4,833,0,854,bluetooth_screen_bt_pair_rename_devices,1089,0]
02-08 08:37:20.909 I/sysui_multi_action( 7109): [757,538,758,1,833,0,1089,38]
02-08 08:37:20.923 I/input_focus( 1466): [Focus request 234c4c4 com.android.settings/com.android.settings.Settings,reason=UpdateInputWindows]
02-08 08:37:20.940 I/input_focus( 1466): [Focus leaving a3caed1 com.android.settings/com.android.settings.Settings (server),reason=Waiting for window because NOT_VISIBLE]
02-08 08:37:20.955 I/input_focus( 1466): [Focus entering 234c4c4 com.android.settings/com.android.settings.Settings (server),reason=Window became focusable. Previous reason: NOT_VISIBLE]
02-08 08:38:13.863 I/sysui_multi_action( 1466): [757,1696,758,6,759,2]
02-08 08:38:13.865 I/am_wtf ( 1466): [0,1466,system_server,-1,DisplayDeviceConfig,requesting nits when no mapping exists.]
02-08 08:38:13.869 I/am_wtf ( 1466): [0,1466,system_server,-1,DisplayDeviceConfig,requesting nits when no mapping exists.]
02-08 08:38:13.881 I/am_wtf ( 1466): [0,1466,system_server,-1,DisplayDeviceConfig,requesting nits when no mapping exists.]
02-08 08:38:13.883 I/am_wtf ( 1466): [0,1466,system_server,-1,DisplayDeviceConfig,requesting nits when no mapping exists.]
02-08 08:38:13.897 I/am_wtf ( 1466): [0,1466,system_server,-1,DisplayDeviceConfig,requesting nits when no mapping exists.]
02-08 08:38:13.899 I/am_wtf ( 1466): [0,1466,system_server,-1,DisplayDeviceConfig,requesting nits when no mapping exists.]
02-08 08:38:13.914 I/am_wtf ( 1466): [0,1466,system_server,-1,DisplayDeviceConfig,requesting nits when no mapping exists.]
02-08 08:38:13.915 I/am_wtf ( 1466): [0,1466,system_server,-1,DisplayDeviceConfig,requesting nits when no mapping exists.]
02-08 08:38:13.931 I/am_wtf ( 1466): [0,1466,system_server,-1,DisplayDeviceConfig,requesting nits when no mapping exists.]
02-08 08:38:13.932 I/am_wtf ( 1466): [0,1466,system_server,-1,DisplayDeviceConfig,requesting nits when no mapping exists.]
02-08 08:38:13.948 I/am_wtf ( 1466): [0,1466,system_server,-1,DisplayDeviceConfig,requesting nits when no mapping exists.]
02-08 08:38:13.949 I/am_wtf ( 1466): [0,1466,system_server,-1,DisplayDeviceConfig,requesting nits when no mapping exists.]
02-08 08:38:13.965 I/am_wtf ( 1466): [0,1466,system_server,-1,DisplayDeviceConfig,requesting nits when no mapping exists.]
02-08 08:38:13.966 I/am_wtf ( 1466): [0,1466,system_server,-1,DisplayDeviceConfig,requesting nits when no mapping exists.]
02-08 08:38:13.981 I/am_wtf ( 1466): [0,1466,system_server,-1,DisplayDeviceConfig,requesting nits when no mapping exists.]
02-08 08:38:13.982 I/am_wtf ( 1466): [0,1466,system_server,-1,DisplayDeviceConfig,requesting nits when no mapping exists.]
02-08 08:38:13.998 I/am_wtf ( 1466): [0,1466,system_server,-1,DisplayDeviceConfig,requesting nits when no mapping exists.]
02-08 08:38:13.999 I/am_wtf ( 1466): [0,1466,system_server,-1,DisplayDeviceConfig,requesting nits when no mapping exists.]
02-08 08:38:14.014 I/am_wtf ( 1466): [0,1466,system_server,-1,DisplayDeviceConfig,requesting nits when no mapping exists.]
02-08 08:38:14.015 I/am_wtf ( 1466): [0,1466,system_server,-1,DisplayDeviceConfig,requesting nits when no mapping exists.]
02-08 08:38:14.031 I/am_wtf ( 1466): [0,1466,system_server,-1,DisplayDeviceConfig,requesting nits when no mapping exists.]
02-08 08:38:14.032 I/am_wtf ( 1466): [0,1466,system_server,-1,DisplayDeviceConfig,requesting nits when no mapping exists.]
02-08 08:38:14.048 I/am_wtf ( 1466): [0,1466,system_server,-1,DisplayDeviceConfig,requesting nits when no mapping exists.]
02-08 08:38:14.048 I/am_wtf ( 1466): [0,1466,system_server,-1,DisplayDeviceConfig,requesting nits when no mapping exists.]
02-08 08:38:14.064 I/am_wtf ( 1466): [0,1466,system_server,-1,DisplayDeviceConfig,requesting nits when no mapping exists.]
02-08 08:38:14.065 I/am_wtf ( 1466): [0,1466,system_server,-1,DisplayDeviceConfig,requesting nits when no mapping exists.]
02-08 08:38:14.082 I/am_wtf ( 1466): [0,1466,system_server,-1,DisplayDeviceConfig,requesting nits when no mapping exists.]
02-08 08:38:14.082 I/am_wtf ( 1466): [0,1466,system_server,-1,DisplayDeviceConfig,requesting nits when no mapping exists.]
02-08 08:38:14.098 I/am_wtf ( 1466): [0,1466,system_server,-1,DisplayDeviceConfig,requesting nits when no mapping exists.]
02-08 08:38:14.099 I/am_wtf ( 1466): [0,1466,system_server,-1,DisplayDeviceConfig,requesting nits when no mapping exists.]
02-08 08:38:14.116 I/am_wtf ( 1466): [0,1466,system_server,-1,DisplayDeviceConfig,requesting nits when no mapping exists.]
02-08 08:38:14.117 I/am_wtf ( 1466): [0,1466,system_server,-1,DisplayDeviceConfig,requesting nits when no mapping exists.]
02-08 08:38:14.132 I/am_wtf ( 1466): [0,1466,system_server,-1,DisplayDeviceConfig,requesting nits when no mapping exists.]
02-08 08:38:14.133 I/am_wtf ( 1466): [0,1466,system_server,-1,DisplayDeviceConfig,requesting nits when no mapping exists.]
02-08 08:38:14.147 I/am_wtf ( 1466): [0,1466,system_server,-1,DisplayDeviceConfig,requesting nits when no mapping exists.]
02-08 08:38:14.148 I/am_wtf ( 1466): [0,1466,system_server,-1,DisplayDeviceConfig,requesting nits when no mapping exists.]
02-08 08:38:14.165 I/am_wtf ( 1466): [0,1466,system_server,-1,DisplayDeviceConfig,requesting nits when no mapping exists.]
02-08 08:38:14.166 I/am_wtf ( 1466): [0,1466,system_server,-1,DisplayDeviceConfig,requesting nits when no mapping exists.]
02-08 08:38:14.181 I/am_wtf ( 1466): [0,1466,system_server,-1,DisplayDeviceConfig,requesting nits when no mapping exists.]
02-08 08:38:14.182 I/am_wtf ( 1466): [0,1466,system_server,-1,DisplayDeviceConfig,requesting nits when no mapping exists.]
02-08 08:38:14.198 I/am_wtf ( 1466): [0,1466,system_server,-1,DisplayDeviceConfig,requesting nits when no mapping exists.]
02-08 08:38:14.199 I/am_wtf ( 1466): [0,1466,system_server,-1,DisplayDeviceConfig,requesting nits when no mapping exists.]
02-08 08:38:14.215 I/am_wtf ( 1466): [0,1466,system_server,-1,DisplayDeviceConfig,requesting nits when no mapping exists.]
02-08 08:38:14.215 I/am_wtf ( 1466): [0,1466,system_server,-1,DisplayDeviceConfig,requesting nits when no mapping exists.]
02-08 08:38:14.232 I/am_wtf ( 1466): [0,1466,system_server,-1,DisplayDeviceConfig,requesting nits when no mapping exists.]
02-08 08:38:14.232 I/service_manager_stats( 1466): [100,44,75549]
02-08 08:38:14.232 I/am_wtf ( 1466): [0,1466,system_server,-1,DisplayDeviceConfig,requesting nits when no mapping exists.]
02-08 08:38:14.248 I/am_wtf ( 1466): [0,1466,system_server,-1,DisplayDeviceConfig,requesting nits when no mapping exists.]
02-08 08:38:14.249 I/am_wtf ( 1466): [0,1466,system_server,-1,DisplayDeviceConfig,requesting nits when no mapping exists.]
02-08 08:38:14.265 I/am_wtf ( 1466): [0,1466,system_server,-1,DisplayDeviceConfig,requesting nits when no mapping exists.]
02-08 08:38:14.266 I/am_wtf ( 1466): [0,1466,system_server,-1,DisplayDeviceConfig,requesting nits when no mapping exists.]
02-08 08:38:14.282 I/am_wtf ( 1466): [0,1466,system_server,-1,DisplayDeviceConfig,requesting nits when no mapping exists.]
02-08 08:38:14.282 I/am_wtf ( 1466): [0,1466,system_server,-1,DisplayDeviceConfig,requesting nits when no mapping exists.]
02-08 08:38:14.298 I/am_wtf ( 1466): [0,1466,system_server,-1,DisplayDeviceConfig,requesting nits when no mapping exists.]
02-08 08:38:14.299 I/am_wtf ( 1466): [0,1466,system_server,-1,DisplayDeviceConfig,requesting nits when no mapping exists.]
02-08 08:38:14.315 I/am_wtf ( 1466): [0,1466,system_server,-1,DisplayDeviceConfig,requesting nits when no mapping exists.]
02-08 08:38:14.316 I/am_wtf ( 1466): [0,1466,system_server,-1,DisplayDeviceConfig,requesting nits when no mapping exists.]
02-08 08:38:14.332 I/am_wtf ( 1466): [0,1466,system_server,-1,DisplayDeviceConfig,requesting nits when no mapping exists.]
02-08 08:38:14.333 I/am_wtf ( 1466): [0,1466,system_server,-1,DisplayDeviceConfig,requesting nits when no mapping exists.]
02-08 08:38:14.349 I/am_wtf ( 1466): [0,1466,system_server,-1,DisplayDeviceConfig,requesting nits when no mapping exists.]
02-08 08:38:14.349 I/am_wtf ( 1466): [0,1466,system_server,-1,DisplayDeviceConfig,requesting nits when no mapping exists.]
02-08 08:38:14.365 I/am_wtf ( 1466): [0,1466,system_server,-1,DisplayDeviceConfig,requesting nits when no mapping exists.]
02-08 08:38:14.366 I/am_wtf ( 1466): [0,1466,system_server,-1,DisplayDeviceConfig,requesting nits when no mapping exists.]
02-08 08:38:14.382 I/am_wtf ( 1466): [0,1466,system_server,-1,DisplayDeviceConfig,requesting nits when no mapping exists.]
02-08 08:38:14.383 I/am_wtf ( 1466): [0,1466,system_server,-1,DisplayDeviceConfig,requesting nits when no mapping exists.]
02-08 08:38:14.398 I/am_wtf ( 1466): [0,1466,system_server,-1,DisplayDeviceConfig,requesting nits when no mapping exists.]
02-08 08:38:14.399 I/am_wtf ( 1466): [0,1466,system_server,-1,DisplayDeviceConfig,requesting nits when no mapping exists.]
02-08 08:38:14.415 I/am_wtf ( 1466): [0,1466,system_server,-1,DisplayDeviceConfig,requesting nits when no mapping exists.]
02-08 08:38:14.416 I/am_wtf ( 1466): [0,1466,system_server,-1,DisplayDeviceConfig,requesting nits when no mapping exists.]
02-08 08:38:14.432 I/am_wtf ( 1466): [0,1466,system_server,-1,DisplayDeviceConfig,requesting nits when no mapping exists.]
02-08 08:38:14.433 I/am_wtf ( 1466): [0,1466,system_server,-1,DisplayDeviceConfig,requesting nits when no mapping exists.]
02-08 08:38:14.448 I/am_wtf ( 1466): [0,1466,system_server,-1,DisplayDeviceConfig,requesting nits when no mapping exists.]
02-08 08:38:14.449 I/am_wtf ( 1466): [0,1466,system_server,-1,DisplayDeviceConfig,requesting nits when no mapping exists.]
02-08 08:38:14.466 I/am_wtf ( 1466): [0,1466,system_server,-1,DisplayDeviceConfig,requesting nits when no mapping exists.]
02-08 08:38:14.466 I/am_wtf ( 1466): [0,1466,system_server,-1,DisplayDeviceConfig,requesting nits when no mapping exists.]
02-08 08:38:14.482 I/am_wtf ( 1466): [0,1466,system_server,-1,DisplayDeviceConfig,requesting nits when no mapping exists.]
02-08 08:38:14.483 I/am_wtf ( 1466): [0,1466,system_server,-1,DisplayDeviceConfig,requesting nits when no mapping exists.]
02-08 08:38:14.499 I/am_wtf ( 1466): [0,1466,system_server,-1,DisplayDeviceConfig,requesting nits when no mapping exists.]
02-08 08:38:14.500 I/am_wtf ( 1466): [0,1466,system_server,-1,DisplayDeviceConfig,requesting nits when no mapping exists.]
02-08 08:38:14.516 I/am_wtf ( 1466): [0,1466,system_server,-1,DisplayDeviceConfig,requesting nits when no mapping exists.]
02-08 08:38:14.517 I/am_wtf ( 1466): [0,1466,system_server,-1,DisplayDeviceConfig,requesting nits when no mapping exists.]
02-08 08:38:14.533 I/am_wtf ( 1466): [0,1466,system_server,-1,DisplayDeviceConfig,requesting nits when no mapping exists.]
02-08 08:38:14.533 I/am_wtf ( 1466): [0,1466,system_server,-1,DisplayDeviceConfig,requesting nits when no mapping exists.]
02-08 08:38:14.549 I/am_wtf ( 1466): [0,1466,system_server,-1,DisplayDeviceConfig,requesting nits when no mapping exists.]
02-08 08:38:14.550 I/am_wtf ( 1466): [0,1466,system_server,-1,DisplayDeviceConfig,requesting nits when no mapping exists.]
02-08 08:38:14.566 I/am_wtf ( 1466): [0,1466,system_server,-1,DisplayDeviceConfig,requesting nits when no mapping exists.]
02-08 08:38:14.567 I/am_wtf ( 1466): [0,1466,system_server,-1,DisplayDeviceConfig,requesting nits when no mapping exists.]
02-08 08:38:14.582 I/am_wtf ( 1466): [0,1466,system_server,-1,DisplayDeviceConfig,requesting nits when no mapping exists.]
02-08 08:38:14.583 I/am_wtf ( 1466): [0,1466,system_server,-1,DisplayDeviceConfig,requesting nits when no mapping exists.]
02-08 08:38:14.600 I/am_wtf ( 1466): [0,1466,system_server,-1,DisplayDeviceConfig,requesting nits when no mapping exists.]
02-08 08:38:14.600 I/am_wtf ( 1466): [0,1466,system_server,-1,DisplayDeviceConfig,requesting nits when no mapping exists.]
02-08 08:38:14.616 I/am_wtf ( 1466): [0,1466,system_server,-1,DisplayDeviceConfig,requesting nits when no mapping exists.]
02-08 08:38:14.617 I/am_wtf ( 1466): [0,1466,system_server,-1,DisplayDeviceConfig,requesting nits when no mapping exists.]
02-08 08:38:14.632 I/am_wtf ( 1466): [0,1466,system_server,-1,DisplayDeviceConfig,requesting nits when no mapping exists.]
02-08 08:38:14.633 I/am_wtf ( 1466): [0,1466,system_server,-1,DisplayDeviceConfig,requesting nits when no mapping exists.]
02-08 08:38:14.649 I/am_wtf ( 1466): [0,1466,system_server,-1,DisplayDeviceConfig,requesting nits when no mapping exists.]
02-08 08:38:14.650 I/am_wtf ( 1466): [0,1466,system_server,-1,DisplayDeviceConfig,requesting nits when no mapping exists.]
02-08 08:38:14.666 I/am_wtf ( 1466): [0,1466,system_server,-1,DisplayDeviceConfig,requesting nits when no mapping exists.]
02-08 08:38:14.667 I/am_wtf ( 1466): [0,1466,system_server,-1,DisplayDeviceConfig,requesting nits when no mapping exists.]
02-08 08:38:14.683 I/am_wtf ( 1466): [0,1466,system_server,-1,DisplayDeviceConfig,requesting nits when no mapping exists.]
02-08 08:38:14.684 I/am_wtf ( 1466): [0,1466,system_server,-1,DisplayDeviceConfig,requesting nits when no mapping exists.]
02-08 08:38:14.700 I/am_wtf ( 1466): [0,1466,system_server,-1,DisplayDeviceConfig,requesting nits when no mapping exists.]
02-08 08:38:14.701 I/am_wtf ( 1466): [0,1466,system_server,-1,DisplayDeviceConfig,requesting nits when no mapping exists.]
02-08 08:38:14.716 I/am_wtf ( 1466): [0,1466,system_server,-1,DisplayDeviceConfig,requesting nits when no mapping exists.]
02-08 08:38:14.717 I/am_wtf ( 1466): [0,1466,system_server,-1,DisplayDeviceConfig,requesting nits when no mapping exists.]
02-08 08:38:14.733 I/am_wtf ( 1466): [0,1466,system_server,-1,DisplayDeviceConfig,requesting nits when no mapping exists.]
02-08 08:38:14.734 I/am_wtf ( 1466): [0,1466,system_server,-1,DisplayDeviceConfig,requesting nits when no mapping exists.]
02-08 08:38:14.750 I/am_wtf ( 1466): [0,1466,system_server,-1,DisplayDeviceConfig,requesting nits when no mapping exists.]
02-08 08:38:14.750 I/am_wtf ( 1466): [0,1466,system_server,-1,DisplayDeviceConfig,requesting nits when no mapping exists.]
02-08 08:38:14.767 I/am_wtf ( 1466): [0,1466,system_server,-1,DisplayDeviceConfig,requesting nits when no mapping exists.]
02-08 08:38:14.768 I/am_wtf ( 1466): [0,1466,system_server,-1,DisplayDeviceConfig,requesting nits when no mapping exists.]
02-08 08:38:14.783 I/am_wtf ( 1466): [0,1466,system_server,-1,DisplayDeviceConfig,requesting nits when no mapping exists.]
02-08 08:38:14.784 I/am_wtf ( 1466): [0,1466,system_server,-1,DisplayDeviceConfig,requesting nits when no mapping exists.]
02-08 08:38:14.800 I/am_wtf ( 1466): [0,1466,system_server,-1,DisplayDeviceConfig,requesting nits when no mapping exists.]
02-08 08:38:14.801 I/am_wtf ( 1466): [0,1466,system_server,-1,DisplayDeviceConfig,requesting nits when no mapping exists.]
02-08 08:38:14.817 I/am_wtf ( 1466): [0,1466,system_server,-1,DisplayDeviceConfig,requesting nits when no mapping exists.]
02-08 08:38:14.817 I/am_wtf ( 1466): [0,1466,system_server,-1,DisplayDeviceConfig,requesting nits when no mapping exists.]
02-08 08:38:19.781 I/netstats_mobile_sample( 1466): [0,0,0,0,0,0,0,0,0,0,0,0,1675816699780]
02-08 08:38:19.781 I/netstats_wifi_sample( 1466): [0,0,0,0,0,0,0,0,0,0,0,0,1675816699780]
02-08 08:38:20.856 I/sysui_multi_action( 1466): [757,222,758,1]
02-08 08:38:20.859 I/am_uid_active( 1466): 10049
02-08 08:38:20.872 I/wm_task_created( 1466): [32,-1]
02-08 08:38:20.877 I/wm_task_moved( 1466): [32,1,7]
02-08 08:38:20.877 I/wm_task_to_front( 1466): [0,32]
02-08 08:38:20.877 I/wm_create_task( 1466): [0,32]
02-08 08:38:20.877 I/wm_create_activity( 1466): [0,169238030,32,com.thundercomm.screensaver/android.service.dreams.DreamActivity,NULL,NULL,NULL,276824064]
02-08 08:38:20.877 I/wm_task_moved( 1466): [32,1,7]
02-08 08:38:20.877 I/wm_on_top_resumed_lost_called( 7109): [101732248,com.android.settings.Settings,topStateChangedWhenResumed]
02-08 08:38:20.878 I/wm_pause_activity( 1466): [0,101732248,com.android.settings/.Settings,userLeaving=true,pauseBackTasks]
02-08 08:38:20.880 I/sysui_multi_action( 7109): [757,35,758,2,1089,64646]
02-08 08:38:20.881 I/sysui_multi_action( 7109): [757,1390,758,2,1089,61363]
02-08 08:38:20.881 I/sysui_multi_action( 7109): [757,538,758,2,1089,59973]
02-08 08:38:20.882 I/wm_on_paused_called( 7109): [101732248,com.android.settings.Settings,performPause]
02-08 08:38:20.883 I/wm_add_to_stopping( 1466): [0,101732248,com.android.settings/.Settings,makeInvisible]
02-08 08:38:20.883 I/wm_restart_activity( 1466): [0,169238030,32,com.thundercomm.screensaver/android.service.dreams.DreamActivity]
02-08 08:38:20.893 I/wm_set_resumed_activity( 1466): [0,com.thundercomm.screensaver/android.service.dreams.DreamActivity,minimalResumeActivityLocked]
02-08 08:38:20.897 I/sysui_multi_action( 1466): [757,803,799,window_time_0,802,64]
02-08 08:38:20.898 I/wm_on_create_called( 6616): [169238030,android.service.dreams.DreamActivity,performCreate]
02-08 08:38:20.899 I/wm_on_start_called( 6616): [169238030,android.service.dreams.DreamActivity,handleStartActivity]
02-08 08:38:20.899 I/wm_on_resume_called( 6616): [169238030,android.service.dreams.DreamActivity,RESUME_ACTIVITY]
02-08 08:38:20.902 I/wm_on_top_resumed_gained_called( 6616): [169238030,android.service.dreams.DreamActivity,topStateChangedWhenResumed]
02-08 08:38:20.914 I/input_focus( 1466): [Focus leaving 234c4c4 com.android.settings/com.android.settings.Settings (server),reason=NO_WINDOW]
