02-08 08:46:35.990 V/GameTypeUtils( 2862): judge isGame:com.hryt.hiphishowfsecontrol
02-08 08:46:35.990 V/GameTypeUtils( 2862): judge isGame:com.sohu.inputmethod.sogou.car
02-08 08:46:35.995 I/GameMode_ActivityMonitoringService( 2568): Updating top task to: TaskInfoContainer [topActivity=ComponentInfo{com.android.settings/com.android.settings.Settings}, taskId=38, stackId=38, userId=0, displayId=0, position=6
02-08 08:46:35.996 I/GameMode_ActivityMonitoringService( 2568): Notifying about top task: TaskInfoContainer [topActivity=ComponentInfo{com.android.settings/com.android.settings.Settings}, taskId=38, stackId=38, userId=0, displayId=0, position=6
02-08 08:46:35.996 I/GameMode_ActivityMonitoringService( 2568): WindowMode: 1
02-08 08:46:35.996 E/GameMode_ActivityMonitoringService( 2568): onActivityLaunch:com.android.settings
02-08 08:46:35.996 V/GameMode_GameTypeUtils( 2568): judge isGame:com.android.settings
02-08 08:46:35.996 V/GameMode_GpuUtils( 2568): fps:60
02-08 08:46:35.996 D/EditModeHelper( 2862): setHotseatVisibility: 8
02-08 08:46:35.997 D/GameMode_GameModeActionUtils( 2568): Show GameMode entry by service!
02-08 08:46:35.997 W/ContextImpl( 2568): Calling a method in the system process without a qualified user: android.app.ContextImpl.startService:1816 android.content.ContextWrapper.startService:774 com.thundercomm.gamemode.ingame.services.GameModeActionUtils.startGameModeService:111 com.thundercomm.gamemode.ingame.services.GameModeActionUtils.startGameModeEntry:22 com.thundercomm.gamemode.ingame.services.ActivityMonitoringService$1.onActivityLaunch:139
02-08 08:46:35.998 D/GameModeIF_GameModeSettings( 2568): getUriFor setting_content_uri_root = content://com.thundercomm.gamemode.api/gamemode_settings , name = gamemode_isgaming
02-08 08:46:35.998 D/GameMode_GameModeService( 2568): type=hide_entry
02-08 08:46:35.999 W/ActivityTaskManager( 1466): getTaskSnapshot: taskId=4038 not found
02-08 08:46:36.000 W/ActivityTaskManager( 1466): getTaskSnapshot: taskId=5038 not found
02-08 08:46:36.000 I/GameModeConfig( 1466): Current uri is uri = content://com.thundercomm.gamemode.api/gamemode_settings/gamemode_isgaming
02-08 08:46:36.000 D/GameModeIF_GameModeSettings( 1466): getUriFor setting_content_uri_root = content://com.thundercomm.gamemode.api/gamemode_settings , name = gamemode_isgaming
02-08 08:46:36.001 D/GameModeIF_GameModeSettings( 2568): gamemode_isgaming set to 0
02-08 08:46:36.001 I/wm_on_start_called( 2862): [163962840,com.android.launcher3.uioverrides.QuickstepLauncher,handleStartActivity]
02-08 08:46:36.001 I/GameMode_ActivityMonitoringService( 2568): [Perf]-lastSession=
02-08 08:46:36.001 D/GameModeIF_GameModeSettings( 2568): getUriFor setting_content_uri_root = content://com.thundercomm.gamemode.api/gamemode_settings , name = gamemode_enable
02-08 08:46:36.002 D/GameMode_GameSettingsObserver( 2568): Game Data change!!!! uri = content://com.thundercomm.gamemode.api/gamemode_settings/gamemode_isgaming
02-08 08:46:36.002 D/GameModeIF_GameModeSettings( 2568): getUriFor setting_content_uri_root = content://com.thundercomm.gamemode.api/gamemode_settings , name = gamemode_isgaming
02-08 08:46:36.003 I/GameModeConfig( 1466): isGameModeOn = false
02-08 08:46:36.003 I/GameModeConfig( 1466): isGameModeOn = false
02-08 08:46:36.003 I/GameModeConfig( 1466): isDisableVoice = true
02-08 08:46:36.005 D/GameMode_GameModeService( 2568): updateGlobalSettings = gamemode_isgaming
02-08 08:46:36.010 W/FreeFormWindowHelper( 1466): Current Display FreeFormTask is null
02-08 08:46:36.011 W/FreeFormWindowHelper( 1466): Current Display FreeFormTask is null
02-08 08:46:36.020 W/FreeFormWindowHelper( 1466): Current Display FreeFormTask is null
02-08 08:46:36.020 W/FreeFormWindowHelper( 1466): Current Display FreeFormTask is null
02-08 08:46:36.028 I/EventSequenceValidator( 1466): Transition from ACTIVITY_LAUNCHED to ACTIVITY_FINISHED
02-08 08:46:36.031 I/sysui_multi_action( 1466): [319,8,322,41,325,11407,757,761,758,9,759,5,806,com.android.launcher3,871,com.android.launcher3.uioverrides.QuickstepLauncher,905,0,1320,8,1321,5]
02-08 08:46:36.088 E/tlogd ( 1328): [TzLogger](isPathReadable) file /sys/kernel/debug/tzdbg/qsee_log isn't exist or no permission, err: No such file or directory
02-08 08:46:36.088 E/tlogd ( 1328): [TzLogger](saveTzlogAsync) /sys/kernel/debug/tzdbg/qsee_log can not read.
02-08 08:46:36.088 E/tlogd ( 1328): [TzLogger](isPathReadable) file /sys/kernel/debug/tzdbg/log isn't exist or no permission, err: No such file or directory
02-08 08:46:36.088 E/tlogd ( 1328): [TzLogger](saveTzlogAsync) /sys/kernel/debug/tzdbg/log can not read.
02-08 08:46:36.096 I/input_interaction( 1466): Interaction with: f871613 PopupWindow:5544e42 (server), ee404ab com.android.settings/com.android.settings.Settings (server), edge-swipe (server), swipe-up (server), PointerEventDispatcher0 (server),
02-08 08:46:36.103 I/input_interaction( 1466): Interaction with: ee404ab com.android.settings/com.android.settings.Settings (server), edge-swipe (server), swipe-up (server), PointerEventDispatcher0 (server),
01-02 02:35:20.962 E/DTC_ETH,link_delay_work_func( 0): 3003, SQI=0, link=0
02-08 08:46:36.191 W/hpplay-java( 3302): [main]:IPManager:getActiveNets invalid networkInfo:null
02-08 08:46:36.191 I/hpplay-java( 3302): [main]:IPManager:getActiveNets eth0:false wifi:false mobile:false ap:false
02-08 08:46:36.191 I/hpplay-java( 3302): [main]:ServerTaskManager:get local ip:null
02-08 08:46:36.200 I/commit_sys_config_file( 1466): [settings-1-0,3]
02-08 08:46:36.235 D/StateManager( 2862): goToState: Normal
02-08 08:46:36.236 D/FreeWindowHelper( 2862): enterOrExitRecentTasks: isEnterRecentTasks=false,mExitFlag=0
02-08 08:46:36.236 W/FreeFormWindowHelper( 1466): exitRecentTasks type=0
02-08 08:46:36.238 D/EditModeHelper( 2862): setHotseatVisibility: 0
02-08 08:46:36.245 W/FreeFormWindowHelper( 1466): Current Display FreeFormTask is null
02-08 08:46:36.245 W/FreeFormWindowHelper( 1466): Current Display FreeFormTask is null
02-08 08:46:36.246 W/View ( 2862): requestLayout() improperly called by com.android.launcher3.views.NoInsetView{4816642 V.ED..... ......ID 2038,0-2380,1020 #7f09007c app:id/bg_hotseat} during layout: running second layout pass
02-08 08:46:36.321 I/LatencyTracker( 1466): ACTION_START_RECENTS_ANIMATION latency=51
02-08 08:46:36.321 I/sysui_latency( 1466): [8,51]
02-08 08:46:36.329 W/InputManager-JNI( 1466): Input channel object 'ee404ab com.android.settings/com.android.settings.Settings (client)' was disposed without first being removed with the input manager!
02-08 08:46:36.343 W/InputEventReceiver(21927): Attempted to finish an input event but the input event receiver has already been disposed.
02-08 08:46:36.344 I/input_focus( 1466): [Focus request 28933a7 com.android.settings/com.android.settings.Settings,reason=UpdateInputWindows]
02-08 08:46:36.354 I/sysui_multi_action(21927): [757,538,758,2,1089,4363]
02-08 08:46:36.356 I/input_focus( 1466): [Focus entering 28933a7 com.android.settings/com.android.settings.Settings (server),reason=setFocusedWindow]
02-08 08:46:36.378 I/hintView( 3710): forceClose=true,resetShowChs=true
02-08 08:46:36.378 I/hintView( 3710): dismissPop()
02-08 08:46:36.379 I/hintView( 3710): forceClose=true,resetShowChs=true
02-08 08:46:36.379 I/hintView( 3710): dismissPop()
02-08 08:46:36.384 W/InputManager-JNI( 1466): Input channel object 'f871613 PopupWindow:5544e42 (client)' was disposed without first being removed with the input manager!
02-08 08:46:36.392 W/IInputConnectionWrapper(21927): getTextBeforeCursor on inactive InputConnection
02-08 08:46:36.404 W/IInputConnectionWrapper(21927): getTextAfterCursor on inactive InputConnection
02-08 08:46:36.408 I/OpenGLRenderer(21927): Davey! duration=9223360628507ms; Flags=0, FrameTimelineVsyncId=195915, IntendedVsync=11408347006318, Vsync=11408347006318, InputEventId=0, HandleInputStart=11408347407208, AnimationStart=11408347408979, PerformTraversalsStart=11408347410281, DrawStart=11408347863354, FrameDeadline=11408363672984, FrameInterval=11408347402677, FrameStartTime=16666666, SyncQueued=11408348134187, SyncStart=11408348241166, IssueDrawCommandsStart=11408348805229, SwapBuffers=11408362865229, FrameCompleted=9223372036854775807, DequeueBufferDuration=25052, QueueBufferDuration=749948, GpuCompleted=9223372036854775807, SwapBuffersCompleted=11408364514708, DisplayPresentTime=0,
02-08 08:46:36.446 I/commit_sys_config_file( 1466): [settings-1-0,5]
02-08 08:46:36.515 I/mpu_uart( 651): [MSG-P:RECV]:No message received in 1000 ms
02-08 08:46:37.194 W/hpplay-java( 3302): [main]:IPManager:getActiveNets invalid networkInfo:null
02-08 08:46:37.194 I/hpplay-java( 3302): [main]:IPManager:getActiveNets eth0:false wifi:false mobile:false ap:false
02-08 08:46:37.194 I/hpplay-java( 3302): [main]:ServerTaskManager:get local ip:null
02-08 08:46:37.515 I/mpu_uart( 651): [MSG-P:RECV]:No message received in 1000 ms
02-08 08:46:37.623 I/OMX-VENC: venc_dev( 1201): stats: avg. fps 19.30, bitrate 2013284
02-08 08:46:38.197 W/hpplay-java( 3302): [main]:IPManager:getActiveNets invalid networkInfo:null
02-08 08:46:38.197 I/hpplay-java( 3302): [main]:IPManager:getActiveNets eth0:false wifi:false mobile:false ap:false
02-08 08:46:38.197 I/hpplay-java( 3302): [main]:ServerTaskManager:get local ip:null
02-08 08:46:38.516 I/mpu_uart( 651): [MSG-P:RECV]:No message received in 1000 ms
02-08 08:46:38.838 I/mpu_uart( 651): [MSG-P:R]:recv sync frame timeout
02-08 08:46:39.199 W/hpplay-java( 3302): [main]:IPManager:getActiveNets invalid networkInfo:null
02-08 08:46:39.199 I/hpplay-java( 3302): [main]:IPManager:getActiveNets eth0:false wifi:false mobile:false ap:false
02-08 08:46:39.199 I/hpplay-java( 3302): [main]:ServerTaskManager:get local ip:null
02-08 08:46:39.516 I/mpu_uart( 651): [MSG-P:RECV]:No message received in 1000 ms
02-08 08:46:39.609 I/OMX-VENC: venc_dev( 1201): stats: avg. fps 1.01, bitrate 22034
02-08 08:46:39.702 D/RemoteControlService( 2734): startVlanDispatchThread
02-08 08:46:40.201 W/hpplay-java( 3302): [main]:IPManager:getActiveNets invalid networkInfo:null
02-08 08:46:40.202 I/hpplay-java( 3302): [main]:IPManager:getActiveNets eth0:false wifi:false mobile:false ap:false
02-08 08:46:40.202 I/hpplay-java( 3302): [main]:ServerTaskManager:get local ip:null
02-08 08:46:40.390 I/am_uid_idle( 1466): 10093
02-08 08:46:40.516 I/mpu_uart( 651): [MSG-P:RECV]:No message received in 1000 ms
02-08 08:46:40.612 I/OMX-VENC: venc_dev( 1201): stats: avg. fps 1.00, bitrate 43937
02-08 08:46:41.088 E/tlogd ( 1328): [TzLogger](isPathReadable) file /sys/kernel/debug/tzdbg/qsee_log isn't exist or no permission, err: No such file or directory
02-08 08:46:41.088 E/tlogd ( 1328): [TzLogger](saveTzlogAsync) /sys/kernel/debug/tzdbg/qsee_log can not read.
02-08 08:46:41.088 E/tlogd ( 1328): [TzLogger](isPathReadable) file /sys/kernel/debug/tzdbg/log isn't exist or no permission, err: No such file or directory
02-08 08:46:41.088 E/tlogd ( 1328): [TzLogger](saveTzlogAsync) /sys/kernel/debug/tzdbg/log can not read.
02-08 08:46:41.204 W/hpplay-java( 3302): [main]:IPManager:getActiveNets invalid networkInfo:null
02-08 08:46:41.204 I/hpplay-java( 3302): [main]:IPManager:getActiveNets eth0:false wifi:false mobile:false ap:false
02-08 08:46:41.204 I/hpplay-java( 3302): [main]:ServerTaskManager:get local ip:null
01-02 02:35:26.082 E/DTC_ETH,link_delay_work_func( 0): 3003, SQI=0, link=0
02-08 08:46:41.516 I/mpu_uart( 651): [MSG-P:RECV]:No message received in 1000 ms
02-08 08:46:41.618 I/OMX-VENC: venc_dev( 1201): stats: avg. fps 1.99, bitrate 63846
02-08 08:46:41.842 I/mpu_uart( 651): [MSG-P:R]:recv sync frame timeout
02-08 08:46:42.206 W/hpplay-java( 3302): [main]:IPManager:getActiveNets invalid networkInfo:null
02-08 08:46:42.206 I/hpplay-java( 3302): [main]:IPManager:getActiveNets eth0:false wifi:false mobile:false ap:false
02-08 08:46:42.207 I/hpplay-java( 3302): [main]:ServerTaskManager:get local ip:null
02-08 08:46:42.517 I/mpu_uart( 651): [MSG-P:RECV]:No message received in 1000 ms
02-08 08:46:43.209 W/hpplay-java( 3302): [main]:IPManager:getActiveNets invalid networkInfo:null
02-08 08:46:43.209 I/hpplay-java( 3302): [main]:IPManager:getActiveNets eth0:false wifi:false mobile:false ap:false
02-08 08:46:43.209 I/hpplay-java( 3302): [main]:ServerTaskManager:get local ip:null
02-08 08:46:43.517 I/mpu_uart( 651): [MSG-P:RECV]:No message received in 1000 ms
02-08 08:46:43.619 I/OMX-VENC: venc_dev( 1201): stats: avg. fps 1.00, bitrate 31387
02-08 08:46:44.211 W/hpplay-java( 3302): [main]:IPManager:getActiveNets invalid networkInfo:null
02-08 08:46:44.211 I/hpplay-java( 3302): [main]:IPManager:getActiveNets eth0:false wifi:false mobile:false ap:false
02-08 08:46:44.211 I/hpplay-java( 3302): [main]:ServerTaskManager:get local ip:null
02-08 08:46:44.517 I/mpu_uart( 651): [MSG-P:RECV]:No message received in 1000 ms
02-08 08:46:44.621 I/OMX-VENC: venc_dev( 1201): stats: avg. fps 1.00, bitrate 106642
02-08 08:46:44.711 D/RemoteControlService( 2734): startVlanDispatchThread
02-08 08:46:44.845 I/mpu_uart( 651): [MSG-P:R]:recv sync frame timeout
02-08 08:46:45.213 W/hpplay-java( 3302): [main]:IPManager:getActiveNets invalid networkInfo:null
02-08 08:46:45.213 I/hpplay-java( 3302): [main]:IPManager:getActiveNets eth0:false wifi:false mobile:false ap:false
02-08 08:46:45.214 I/hpplay-java( 3302): [main]:ServerTaskManager:get local ip:null
02-08 08:46:45.517 I/mpu_uart( 651): [MSG-P:RECV]:No message received in 1000 ms
02-08 08:46:45.624 I/OMX-VENC: venc_dev( 1201): stats: avg. fps 1.00, bitrate 115051
02-08 08:46:46.089 E/tlogd ( 1328): [TzLogger](isPathReadable) file /sys/kernel/debug/tzdbg/qsee_log isn't exist or no permission, err: No such file or directory
02-08 08:46:46.089 E/tlogd ( 1328): [TzLogger](saveTzlogAsync) /sys/kernel/debug/tzdbg/qsee_log can not read.
02-08 08:46:46.089 E/tlogd ( 1328): [TzLogger](isPathReadable) file /sys/kernel/debug/tzdbg/log isn't exist or no permission, err: No such file or directory
02-08 08:46:46.089 E/tlogd ( 1328): [TzLogger](saveTzlogAsync) /sys/kernel/debug/tzdbg/log can not read.
02-08 08:46:46.216 W/hpplay-java( 3302): [main]:IPManager:getActiveNets invalid networkInfo:null
02-08 08:46:46.216 I/hpplay-java( 3302): [main]:IPManager:getActiveNets eth0:false wifi:false mobile:false ap:false
02-08 08:46:46.216 I/hpplay-java( 3302): [main]:ServerTaskManager:get local ip:null
02-08 08:46:46.337 I/selfinstaller( 1193): create socket failed: Network is unreachable 101
01-02 02:35:31.202 E/DTC_ETH,link_delay_work_func( 0): 3003, SQI=0, link=0
02-08 08:46:46.518 I/mpu_uart( 651): [MSG-P:RECV]:No message received in 1000 ms
02-08 08:46:46.626 I/OMX-VENC: venc_dev( 1201): stats: avg. fps 1.00, bitrate 16280
02-08 08:46:47.218 W/hpplay-java( 3302): [main]:IPManager:getActiveNets invalid networkInfo:null
02-08 08:46:47.218 I/hpplay-java( 3302): [main]:IPManager:getActiveNets eth0:false wifi:false mobile:false ap:false
02-08 08:46:47.219 I/hpplay-java( 3302): [main]:ServerTaskManager:get local ip:null
02-08 08:46:47.518 I/mpu_uart( 651): [MSG-P:RECV]:No message received in 1000 ms
02-08 08:46:47.629 I/OMX-VENC: venc_dev( 1201): stats: avg. fps 1.00, bitrate 16613
02-08 08:46:47.849 I/mpu_uart( 651): [MSG-P:R]:recv sync frame timeout