02-08 08:45:37.020 I/sysui_multi_action( 1466): [757,128,758,1,793,11321962,794,0,795,11321962,796,32,798,2,806,android,857,USB,858,1,947,0,1395,3,1500,11321906,1688,1]
02-08 08:45:37.020 I/sysui_multi_action( 1466): [757,804,799,note_freshness,801,11321962,802,1]
02-08 08:45:37.020 I/notification_visibility( 1466): [-1|android|32|null|1000,1,11321962,11321962,0,2]
02-08 08:45:37.021 I/sysui_multi_action( 1466): [757,128,758,2,793,6468,794,5652,795,6468,796,26,798,0,806,android,857,DEVELOPER_IMPORTANT,858,4,947,0,1395,3,1500,6263,1688,1]
02-08 08:45:37.021 I/notification_visibility( 1466): [-1|android|26|null|1000,0,6468,6468,0,0]
02-08 08:45:37.022 I/sysui_multi_action( 1466): [757,128,758,2,793,11321340,794,2,795,11321340,796,17303299,797,com.android.wifi,798,1,806,android,857,NETWORK_AVAILABLE,858,2,947,0,1395,3,1500,11321140,1688,1]
02-08 08:45:37.022 I/notification_visibility( 1466): [0|android|17303299|com.android.wifi|1000,0,11321340,11321340,0,1]
02-08 08:45:37.022 I/sysui_multi_action( 1466): [757,128,758,2,793,11321964,794,2,795,11321964,796,32,798,2,806,android,857,USB,858,1,947,0,1395,3,1500,11321908,1688,1]
02-08 08:45:37.022 I/notification_visibility( 1466): [-1|android|32|null|1000,0,11321964,11321964,0,2]
02-08 08:45:37.022 I/sysui_multi_action( 1466): [757,127,758,2]
02-08 08:45:37.023 I/notification_panel_hidden( 1466):
02-08 08:45:37.058 I/am_proc_died( 1466): [0,7109,com.android.settings,900,18]
02-08 08:45:37.065 I/wm_task_removed( 1466): [18,removeChild:removeChild last r=ActivityRecord{6104f98 u0 com.android.settings/.Settings t-1 f}} in t=Task{286cd44 #18 type=standard A=1000:com.android.settings.root U=0 visible=false mode=fullscreen translucent=true sz=0}]
02-08 08:45:37.065 I/wm_task_removed( 1466): [18,removeChild]
02-08 08:45:37.074 I/am_pss ( 1466): [21763,10083,com.android.music,6970368,4698112,0,90853376,0,19,6]
02-08 08:45:37.083 I/am_proc_start( 1466): [0,21927,1000,com.android.settings,NULL,]
02-08 08:45:37.112 I/am_proc_bound( 1466): [0,21927,com.android.settings]
02-08 08:45:37.161 I/am_wtf ( 1466): [0,21927,com.android.settings,952647173,RoleParser,com.android.permissioncontroller.role.model.AssistantRoleBehavior]
02-08 08:45:37.163 I/am_wtf ( 1466): [0,21927,com.android.settings,952647173,RoleParser,com.android.permissioncontroller.role.model.BrowserRoleBehavior]
02-08 08:45:37.165 I/am_wtf ( 1466): [0,21927,com.android.settings,952647173,RoleParser,com.android.permissioncontroller.role.model.DialerRoleBehavior]
02-08 08:45:37.166 I/am_wtf ( 1466): [0,21927,com.android.settings,952647173,RoleParser,com.android.permissioncontroller.role.model.SmsRoleBehavior]
02-08 08:45:37.168 I/am_wtf ( 1466): [0,21927,com.android.settings,952647173,RoleParser,com.android.permissioncontroller.role.model.EmergencyRoleBehavior]
02-08 08:45:37.170 I/am_wtf ( 1466): [0,21927,com.android.settings,952647173,RoleParser,com.android.permissioncontroller.role.model.HomeRoleBehavior]
02-08 08:45:37.172 I/am_wtf ( 1466): [0,21927,com.android.settings,952647173,RoleParser,com.android.permissioncontroller.role.model.SystemAutomotiveClusterRoleBehavior]
02-08 08:45:37.173 I/am_wtf ( 1466): [0,21927,com.android.settings,952647173,RoleParser,com.android.permissioncontroller.role.model.CompanionDeviceWatchRoleBehavior]
02-08 08:45:37.173 I/service_manager_stats( 1466): [100,65,105949]
02-08 08:45:37.175 I/am_wtf ( 1466): [0,21927,com.android.settings,952647173,RoleParser,com.android.permissioncontroller.role.model.SystemShellRoleBehavior]
02-08 08:45:37.176 I/am_wtf ( 1466): [0,21927,com.android.settings,952647173,RoleParser,com.android.permissioncontroller.role.model.TelevisionRoleBehavior]
02-08 08:45:37.178 I/am_wtf ( 1466): [0,21927,com.android.settings,952647173,RoleParser,com.android.permissioncontroller.role.model.TelevisionRoleBehavior] --------- beginning of main
02-08 08:45:39.498 I/mpu_uart( 651): [MSG-P:RECV]:No message received in 1000 ms
02-08 08:45:39.583 D/RemoteControlService( 2734): startVlanDispatchThread --------- beginning of kernel
01-02 02:34:24.642 E/DTC_ETH,link_delay_work_func( 0): 3003, SQI=0, link=0
02-08 08:45:40.064 W/hpplay-java( 3302): [main]:IPManager:getActiveNets invalid networkInfo:null
02-08 08:45:40.064 I/hpplay-java( 3302): [main]:IPManager:getActiveNets eth0:false wifi:false mobile:false ap:false
02-08 08:45:40.064 I/hpplay-java( 3302): [main]:ServerTaskManager:get local ip:null --------- beginning of system
02-08 08:45:40.067 E/TaskPersister( 1466): File error accessing recents directory (directory doesn't exist?).
02-08 08:45:40.498 I/mpu_uart( 651): [MSG-P:RECV]:No message received in 1000 ms
02-08 08:45:40.793 I/GameModeConfig( 1466): isGameModeOn = false
02-08 08:45:40.902 I/GameModeConfig( 1466): isGameModeOn = false
02-08 08:45:41.066 W/hpplay-java( 3302): [main]:IPManager:getActiveNets invalid networkInfo:null
02-08 08:45:41.066 I/hpplay-java( 3302): [main]:IPManager:getActiveNets eth0:false wifi:false mobile:false ap:false
02-08 08:45:41.066 I/hpplay-java( 3302): [main]:ServerTaskManager:get local ip:null
02-08 08:45:41.078 E/tlogd ( 1328): [TzLogger](isPathReadable) file /sys/kernel/debug/tzdbg/qsee_log isn't exist or no permission, err: No such file or directory
02-08 08:45:41.078 E/tlogd ( 1328): [TzLogger](saveTzlogAsync) /sys/kernel/debug/tzdbg/qsee_log can not read.
02-08 08:45:41.078 E/tlogd ( 1328): [TzLogger](isPathReadable) file /sys/kernel/debug/tzdbg/log isn't exist or no permission, err: No such file or directory
02-08 08:45:41.078 E/tlogd ( 1328): [TzLogger](saveTzlogAsync) /sys/kernel/debug/tzdbg/log can not read.
02-08 08:45:41.499 I/mpu_uart( 651): [MSG-P:RECV]:No message received in 1000 ms
02-08 08:45:41.776 I/mpu_uart( 651): [MSG-P:R]:recv sync frame timeout
02-08 08:45:42.068 W/hpplay-java( 3302): [main]:IPManager:getActiveNets invalid networkInfo:null
02-08 08:45:42.069 I/hpplay-java( 3302): [main]:IPManager:getActiveNets eth0:false wifi:false mobile:false ap:false
02-08 08:45:42.069 I/hpplay-java( 3302): [main]:ServerTaskManager:get local ip:null
02-08 08:45:42.499 I/mpu_uart( 651): [MSG-P:RECV]:No message received in 1000 ms
02-08 08:45:43.071 W/hpplay-java( 3302): [main]:IPManager:getActiveNets invalid networkInfo:null
02-08 08:45:43.071 I/hpplay-java( 3302): [main]:IPManager:getActiveNets eth0:false wifi:false mobile:false ap:false
02-08 08:45:43.071 I/hpplay-java( 3302): [main]:ServerTaskManager:get local ip:null
02-08 08:45:43.499 I/mpu_uart( 651): [MSG-P:RECV]:No message received in 1000 ms
02-08 08:45:44.073 W/hpplay-java( 3302): [main]:IPManager:getActiveNets invalid networkInfo:null
02-08 08:45:44.073 I/hpplay-java( 3302): [main]:IPManager:getActiveNets eth0:false wifi:false mobile:false ap:false
02-08 08:45:44.073 I/hpplay-java( 3302): [main]:ServerTaskManager:get local ip:null
02-08 08:45:44.499 I/mpu_uart( 651): [MSG-P:RECV]:No message received in 1000 ms
02-08 08:45:44.597 D/RemoteControlService( 2734): startVlanDispatchThread
02-08 08:45:44.779 I/mpu_uart( 651): [MSG-P:R]:recv sync frame timeout
01-02 02:34:29.762 E/DTC_ETH,link_delay_work_func( 0): 3003, SQI=0, link=0
02-08 08:45:45.075 W/hpplay-java( 3302): [main]:IPManager:getActiveNets invalid networkInfo:null
02-08 08:45:45.075 I/hpplay-java( 3302): [main]:IPManager:getActiveNets eth0:false wifi:false mobile:false ap:false
02-08 08:45:45.075 I/hpplay-java( 3302): [main]:ServerTaskManager:get local ip:null
02-08 08:45:45.499 I/mpu_uart( 651): [MSG-P:RECV]:No message received in 1000 ms
02-08 08:45:46.078 W/hpplay-java( 3302): [main]:IPManager:getActiveNets invalid networkInfo:null
02-08 08:45:46.078 I/hpplay-java( 3302): [main]:IPManager:getActiveNets eth0:false wifi:false mobile:false ap:false
02-08 08:45:46.078 I/hpplay-java( 3302): [main]:ServerTaskManager:get local ip:null
02-08 08:45:46.078 E/tlogd ( 1328): [TzLogger](isPathReadable) file /sys/kernel/debug/tzdbg/qsee_log isn't exist or no permission, err: No such file or directory
02-08 08:45:46.079 E/tlogd ( 1328): [TzLogger](saveTzlogAsync) /sys/kernel/debug/tzdbg/qsee_log can not read.
02-08 08:45:46.079 E/tlogd ( 1328): [TzLogger](isPathReadable) file /sys/kernel/debug/tzdbg/log isn't exist or no permission, err: No such file or directory
02-08 08:45:46.079 E/tlogd ( 1328): [TzLogger](saveTzlogAsync) /sys/kernel/debug/tzdbg/log can not read.
02-08 08:45:46.302 I/selfinstaller( 1193): create socket failed: Network is unreachable 101
02-08 08:45:46.500 I/mpu_uart( 651): [MSG-P:RECV]:No message received in 1000 ms
02-08 08:45:47.080 W/hpplay-java( 3302): [main]:IPManager:getActiveNets invalid networkInfo:null
02-08 08:45:47.080 I/hpplay-java( 3302): [main]:IPManager:getActiveNets eth0:false wifi:false mobile:false ap:false
02-08 08:45:47.080 I/hpplay-java( 3302): [main]:ServerTaskManager:get local ip:null
02-08 08:45:47.500 I/mpu_uart( 651): [MSG-P:RECV]:No message received in 1000 ms
02-08 08:45:47.782 I/mpu_uart( 651): [MSG-P:R]:recv sync frame timeout
02-08 08:45:48.082 W/hpplay-java( 3302): [main]:IPManager:getActiveNets invalid networkInfo:null
02-08 08:45:48.082 I/hpplay-java( 3302): [main]:IPManager:getActiveNets eth0:false wifi:false mobile:false ap:false
02-08 08:45:48.082 I/hpplay-java( 3302): [main]:ServerTaskManager:get local ip:null
02-08 08:45:48.500 I/mpu_uart( 651): [MSG-P:RECV]:No message received in 1000 ms
02-08 08:45:49.084 W/hpplay-java( 3302): [main]:IPManager:getActiveNets invalid networkInfo:null
02-08 08:45:49.084 I/hpplay-java( 3302): [main]:IPManager:getActiveNets eth0:false wifi:false mobile:false ap:false
02-08 08:45:49.084 I/hpplay-java( 3302): [main]:ServerTaskManager:get local ip:null
02-08 08:45:49.500 I/mpu_uart( 651): [MSG-P:RECV]:No message received in 1000 ms
02-08 08:45:49.605 D/RemoteControlService( 2734): startVlanDispatchThread
01-02 02:34:34.882 E/DTC_ETH,link_delay_work_func( 0): 3003, SQI=0, link=0
02-08 08:45:50.086 W/hpplay-java( 3302): [main]:IPManager:getActiveNets invalid networkInfo:null
02-08 08:45:50.086 I/hpplay-java( 3302): [main]:IPManager:getActiveNets eth0:false wifi:false mobile:false ap:false
02-08 08:45:50.086 I/hpplay-java( 3302): [main]:ServerTaskManager:get local ip:null
02-08 08:45:50.500 I/mpu_uart( 651): [MSG-P:RECV]:No message received in 1000 ms
02-08 08:45:50.786 I/mpu_uart( 651): [MSG-P:R]:recv sync frame timeout
02-08 08:45:51.079 E/tlogd ( 1328): [TzLogger](isPathReadable) file /sys/kernel/debug/tzdbg/qsee_log isn't exist or no permission, err: No such file or directory
02-08 08:45:51.079 E/tlogd ( 1328): [TzLogger](saveTzlogAsync) /sys/kernel/debug/tzdbg/qsee_log can not read.
02-08 08:45:51.079 E/tlogd ( 1328): [TzLogger](isPathReadable) file /sys/kernel/debug/tzdbg/log isn't exist or no permission, err: No such file or directory
02-08 08:45:51.079 E/tlogd ( 1328): [TzLogger](saveTzlogAsync) /sys/kernel/debug/tzdbg/log can not read.
02-08 08:45:51.088 W/hpplay-java( 3302): [main]:IPManager:getActiveNets invalid networkInfo:null
02-08 08:45:51.088 I/hpplay-java( 3302): [main]:IPManager:getActiveNets eth0:false wifi:false mobile:false ap:false
02-08 08:45:51.088 I/hpplay-java( 3302): [main]:ServerTaskManager:get local ip:null
02-08 08:45:51.500 I/mpu_uart( 651): [MSG-P:RECV]:No message received in 1000 ms
02-08 08:45:52.090 W/hpplay-java( 3302): [main]:IPManager:getActiveNets invalid networkInfo:null
02-08 08:45:52.090 I/hpplay-java( 3302): [main]:IPManager:getActiveNets eth0:false wifi:false mobile:false ap:false
02-08 08:45:52.090 I/hpplay-java( 3302): [main]:ServerTaskManager:get local ip:null
02-08 08:45:52.501 I/mpu_uart( 651): [MSG-P:RECV]:No message received in 1000 ms
02-08 08:45:53.092 W/hpplay-java( 3302): [main]:IPManager:getActiveNets invalid networkInfo:null
02-08 08:45:53.092 I/hpplay-java( 3302): [main]:IPManager:getActiveNets eth0:false wifi:false mobile:false ap:false
02-08 08:45:53.093 I/hpplay-java( 3302): [main]:ServerTaskManager:get local ip:null
02-08 08:45:53.501 I/mpu_uart( 651): [MSG-P:RECV]:No message received in 1000 ms
02-08 08:45:53.789 I/mpu_uart( 651): [MSG-P:R]:recv sync frame timeout
02-08 08:45:54.094 W/hpplay-java( 3302): [main]:IPManager:getActiveNets invalid networkInfo:null
02-08 08:45:54.095 I/hpplay-java( 3302): [main]:IPManager:getActiveNets eth0:false wifi:false mobile:false ap:false
02-08 08:45:54.095 I/hpplay-java( 3302): [main]:ServerTaskManager:get local ip:null
02-08 08:45:54.501 I/mpu_uart( 651): [MSG-P:RECV]:No message received in 1000 ms
02-08 08:45:54.619 D/RemoteControlService( 2734): startVlanDispatchThread
02-08 08:45:55.096 W/hpplay-java( 3302): [main]:IPManager:getActiveNets invalid networkInfo:null
02-08 08:45:55.096 I/hpplay-java( 3302): [main]:IPManager:getActiveNets eth0:false wifi:false mobile:false ap:false
02-08 08:45:55.096 I/hpplay-java( 3302): [main]:ServerTaskManager:get local ip:null
01-02 02:34:40.002 E/DTC_ETH,link_delay_work_func( 0): 3003, SQI=0, link=0
02-08 08:45:55.501 I/mpu_uart( 651): [MSG-P:RECV]:No message received in 1000 ms
02-08 08:45:56.080 E/tlogd ( 1328): [TzLogger](isPathReadable) file /sys/kernel/debug/tzdbg/qsee_log isn't exist or no permission, err: No such file or directory
02-08 08:45:56.080 E/tlogd ( 1328): [TzLogger](saveTzlogAsync) /sys/kernel/debug/tzdbg/qsee_log can not read.
02-08 08:45:56.080 E/tlogd ( 1328): [TzLogger](isPathReadable) file /sys/kernel/debug/tzdbg/log isn't exist or no permission, err: No such file or directory
02-08 08:45:56.080 E/tlogd ( 1328): [TzLogger](saveTzlogAsync) /sys/kernel/debug/tzdbg/log can not read.
02-08 08:45:56.098 W/hpplay-java( 3302): [main]:IPManager:getActiveNets invalid networkInfo:null
02-08 08:45:56.098 I/hpplay-java( 3302): [main]:IPManager:getActiveNets eth0:false wifi:false mobile:false ap:false
02-08 08:45:56.098 I/hpplay-java( 3302): [main]:ServerTaskManager:get local ip:null
02-08 08:45:56.501 I/mpu_uart( 651): [MSG-P:RECV]:No message received in 1000 ms
02-08 08:45:56.792 I/mpu_uart( 651): [MSG-P:R]:recv sync frame timeout
02-08 08:45:57.100 W/hpplay-java( 3302): [main]:IPManager:getActiveNets invalid networkInfo:null
02-08 08:45:57.100 I/hpplay-java( 3302): [main]:IPManager:getActiveNets eth0:false wifi:false mobile:false ap:false
02-08 08:45:57.100 I/hpplay-java( 3302): [main]:ServerTaskManager:get local ip:null
02-08 08:45:57.501 I/mpu_uart( 651): [MSG-P:RECV]:No message received in 1000 ms
02-08 08:45:58.101 W/hpplay-java( 3302): [main]:IPManager:getActiveNets invalid networkInfo:null
02-08 08:45:58.101 I/hpplay-java( 3302): [main]:IPManager:getActiveNets eth0:false wifi:false mobile:false ap:false
02-08 08:45:58.101 I/hpplay-java( 3302): [main]:ServerTaskManager:get local ip:null
02-08 08:45:58.502 I/mpu_uart( 651): [MSG-P:RECV]:No message received in 1000 ms
02-08 08:45:59.047 I/input_interaction( 1466): Interaction with: cd90129 StatusBar (server), edge-swipe (server), swipe-up (server), PointerEventDispatcher0 (server),
02-08 08:45:59.053 I/sysui_multi_action( 2370): [757,803,799,panel_open,802,1]
02-08 08:45:59.054 I/sysui_multi_action( 2370): [757,1328,758,4,1326,53,1327,5,1329,0]
02-08 08:45:59.103 W/hpplay-java( 3302): [main]:IPManager:getActiveNets invalid networkInfo:null
02-08 08:45:59.103 I/hpplay-java( 3302): [main]:IPManager:getActiveNets eth0:false wifi:false mobile:false ap:false
02-08 08:45:59.103 I/hpplay-java( 3302): [main]:ServerTaskManager:get local ip:null
02-08 08:45:59.136 D/StatusBar( 2370): disable disable2
02-08 08:45:59.137 I/sysui_multi_action( 1466): [757,127,758,1]
02-08 08:45:59.137 I/sysui_multi_action( 1466): [757,804,799,note_load,801,3,802,1]
02-08 08:45:59.137 I/notification_panel_revealed( 1466): 3
02-08 08:45:59.143 W/RingtonePlayer( 2370): STOP command without a player
02-08 08:45:59.149 I/input_focus( 1466): [Focus request e8dc244 NotificationShade,reason=UpdateInputWindows]
02-08 08:45:59.158 I/sysui_multi_action( 1466): [757,128,758,1,793,28605,794,0,795,28605,796,26,798,0,806,android,857,DEVELOPER_IMPORTANT,858,4,947,0,1395,3,1500,28400,1688,1]
02-08 08:45:59.159 I/sysui_multi_action( 1466): [757,804,799,note_freshness,801,28605,802,1]
02-08 08:45:59.159 I/notification_visibility( 1466): [-1|android|26|null|1000,1,28605,28605,0,0]
02-08 08:45:59.159 I/sysui_multi_action( 1466): [757,128,758,1,793,11343478,794,0,795,11343478,796,17303299,797,com.android.wifi,798,1,806,android,857,NETWORK_AVAILABLE,858,2,947,0,1395,3,1500,11343278,1688,1]
02-08 08:45:59.159 I/sysui_multi_action( 1466): [757,804,799,note_freshness,801,11343478,802,1]
02-08 08:45:59.159 I/notification_visibility( 1466): [0|android|17303299|com.android.wifi|1000,1,11343478,11343478,0,1]
02-08 08:45:59.159 I/sysui_multi_action( 1466): [757,128,758,1,793,11344101,794,0,795,11344101,796,32,798,2,806,android,857,USB,858,1,947,0,1395,3,1500,11344045,1688,1]
02-08 08:45:59.159 I/sysui_multi_action( 1466): [757,804,799,note_freshness,801,11344101,802,1]
02-08 08:45:59.159 I/notification_visibility( 1466): [-1|android|32|null|1000,1,11344101,11344101,0,2]
02-08 08:45:59.168 I/input_focus( 1466): [Focus leaving 75d5c14 com.android.launcher3/com.android.launcher3.uioverrides.QuickstepLauncher (server),reason=setFocusedWindow]
02-08 08:45:59.168 I/input_focus( 1466): [Focus entering e8dc244 NotificationShade (server),reason=setFocusedWindow]
02-08 08:45:59.232 I/sysui_multi_action( 2370): [757,111,758,1]
02-08 08:45:59.232 I/sysui_multi_action( 2370): [757,126,758,1,759,126,927,0,928,1,1593,0]
02-08 08:45:59.233 I/sysui_multi_action( 2370): [757,113,758,1,759,113,927,1,928,1,1593,0]
02-08 08:45:59.233 I/sysui_multi_action( 2370): [757,0,758,1,759,0,927,2,928,0,1593,0]
02-08 08:45:59.233 I/sysui_multi_action( 2370): [757,0,758,1,759,0,927,3,928,0,1593,0]
02-08 08:45:59.233 I/sysui_multi_action( 2370): [757,491,758,1,759,491,927,4,928,0,1311,-1,1593,0]
02-08 08:45:59.233 I/sysui_multi_action( 2370): [757,0,758,1,759,0,927,5,928,0,1593,0]
02-08 08:45:59.234 I/sysui_multi_action( 2370): [757,111,758,1]
02-08 08:45:59.234 I/sysui_multi_action( 2370): [757,126,758,1,759,126,927,0,928,1,1593,0]
02-08 08:45:59.234 I/sysui_multi_action( 2370): [757,113,758,1,759,113,927,1,928,1,1593,0]
02-08 08:45:59.234 I/sysui_multi_action( 2370): [757,0,758,1,759,0,927,2,928,0,1593,0]
02-08 08:45:59.234 I/sysui_multi_action( 2370): [757,0,758,1,759,0,927,3,928,0,1593,0]
02-08 08:45:59.502 I/mpu_uart( 651): [MSG-P:RECV]:No message received in 1000 ms
02-08 08:45:59.623 D/RemoteControlService( 2734): startVlanDispatchThread
02-08 08:45:59.794 I/mpu_uart( 651): [MSG-P:R]:recv sync frame timeout
02-08 08:46:00.006 D/KeyguardUpdateMonitor( 2370): received broadcast android.intent.action.TIME_TICK
02-08 08:46:00.025 D/KeyguardUpdateMonitor( 2370): handleTimeUpdate
02-08 08:46:00.042 I/OpenGLRenderer( 2370): Davey! duration=9223360664855ms; Flags=0, FrameTimelineVsyncId=193567, IntendedVsync=11371993464198, Vsync=11371993464198, InputEventId=807644363, HandleInputStart=11371994118576, AnimationStart=11371994119618, PerformTraversalsStart=11371994120451, DrawStart=11371996627847, FrameDeadline=11372010130864, FrameInterval=11371994115868, FrameStartTime=16666666, SyncQueued=11371996656545, SyncStart=11372002316545, IssueDrawCommandsStart=11372002335139, SwapBuffers=11372002461909, FrameCompleted=9223372036854775807, DequeueBufferDuration=10156, QueueBufferDuration=676406, GpuCompleted=9223372036854775807, SwapBuffersCompleted=11372003469982, DisplayPresentTime=0,
02-08 08:46:00.105 W/hpplay-java( 3302): [main]:IPManager:getActiveNets invalid networkInfo:null
02-08 08:46:00.105 I/hpplay-java( 3302): [main]:IPManager:getActiveNets eth0:false wifi:false mobile:false ap:false
02-08 08:46:00.105 I/hpplay-java( 3302): [main]:ServerTaskManager:get local ip:null
01-02 02:34:45.122 E/DTC_ETH,link_delay_work_func( 0): 3003, SQI=0, link=0
02-08 08:46:00.502 I/mpu_uart( 651): [MSG-P:RECV]:No message received in 1000 ms
02-08 08:46:00.793 I/OpenGLRenderer( 2370): Davey! duration=9223360664109ms; Flags=0, FrameTimelineVsyncId=193574, IntendedVsync=11372745334682, Vsync=11372745334682, InputEventId=0, HandleInputStart=11372745918263, AnimationStart=11372745920503, PerformTraversalsStart=11372745922899, DrawStart=11372756200190, FrameDeadline=11372762001348, FrameInterval=11372745913367, FrameStartTime=16666666, SyncQueued=11372756873524, SyncStart=11372756969305, IssueDrawCommandsStart=11372757284826, SwapBuffers=11372759151232, FrameCompleted=9223372036854775807, DequeueBufferDuration=18125, QueueBufferDuration=510729, GpuCompleted=9223372036854775807, SwapBuffersCompleted=11372759934565, DisplayPresentTime=0,
02-08 08:46:01.080 E/tlogd ( 1328): [TzLogger](isPathReadable) file /sys/kernel/debug/tzdbg/qsee_log isn't exist or no permission, err: No such file or directory
02-08 08:46:01.081 E/tlogd ( 1328): [TzLogger](saveTzlogAsync) /sys/kernel/debug/tzdbg/qsee_log can not read.
02-08 08:46:01.081 E/tlogd ( 1328): [TzLogger](isPathReadable) file /sys/kernel/debug/tzdbg/log isn't exist or no permission, err: No such file or directory
02-08 08:46:01.081 E/tlogd ( 1328): [TzLogger](saveTzlogAsync) /sys/kernel/debug/tzdbg/log can not read.
02-08 08:46:01.108 W/hpplay-java( 3302): [main]:IPManager:getActiveNets invalid networkInfo:null
02-08 08:46:01.108 I/hpplay-java( 3302): [main]:IPManager:getActiveNets eth0:false wifi:false mobile:false ap:false
02-08 08:46:01.108 I/hpplay-java( 3302): [main]:ServerTaskManager:get local ip:null
02-08 08:46:01.178 I/input_interaction( 1466): Interaction with: e8dc244 NotificationShade (server), edge-swipe (server), swipe-up (server), PointerEventDispatcher0 (server),
02-08 08:46:01.276 I/sysui_multi_action( 2370): [757,925,758,4,759,0,927,3,928,0,1592,0,1593,1]
02-08 08:46:01.289 I/thunderperf( 1466): Maybe need boostperf for current app!
02-08 08:46:01.289 D/FgBoostPerfService( 2568): [FgBoostPerfService.perfBoostAcq]start: stat=true pkgName=com.android.systemui
02-08 08:46:01.289 I/FgBoostPerfService( 2568): [FgBoostPerfService.perfBoostAcq] not game-mode or game app!
02-08 08:46:01.289 I/ThunderPerfManager( 1466): PerfAcq error : state=true pkgName=com.android.systemui
02-08 08:46:01.290 V/GameMode_GameTypeUtils( 2568): judge isGame:com.android.systemui
02-08 08:46:01.290 I/FgBoostPerfService( 2568): [GetGpuMode] isMode=0 isGame=false mGpuMode=0
02-08 08:46:01.290 V/GameMode_GameTypeUtils( 2568): judge isGame:com.android.systemui
02-08 08:46:01.291 I/FgBoostPerfService( 2568): [GetGpuDpiType] isMode=0 isGame=false mGpuDpiType=0
02-08 08:46:01.291 I/thunderperf( 1466): Current app pkgName=com.android.systemui bm:com.thundercomm.perf.BoostPerfManager@f01ad1d gpuMode=-1 gpuType=-1
02-08 08:46:01.291 I/ThunderBoostPerfService( 1466): Resolution: Uid=10081 Pid=2370 gMode=-1 dType=-1
02-08 08:46:01.291 I/thunderperf( 1466): PlatormCompat.setOverrides: Uid1=10081 Pid1=2370 Uid2=10081 Pid2=2370
02-08 08:46:01.292 I/thunderperf( 1466): PlatormCompat.setOverrides: needCheck:false
02-08 08:46:01.292 I/thunderperf( 1466): CompatConfig.addOverrideUnsafe: bef-state=1
02-08 08:46:01.292 E/thunderperf( 1466): CompatConfig.addOverrideUnsafe: exception:java.lang.SecurityException: Cannot override a change on a non-debuggable app and user build.
02-08 08:46:01.292 I/thunderperf( 1466): CompatConfig.addOverrideUnsafe: aft-state=1
02-08 08:46:01.294 I/thunderperf( 1466): CompatConfig.addOverrideUnsafe: bef-state=1
02-08 08:46:01.295 E/thunderperf( 1466): CompatConfig.addOverrideUnsafe: exception:java.lang.SecurityException: Cannot override a change on a non-debuggable app and user build.
02-08 08:46:01.295 I/thunderperf( 1466): CompatConfig.addOverrideUnsafe: aft-state=1
02-08 08:46:01.296 I/thunderperf( 1466): CompatConfig.addOverrideUnsafe: bef-state=1
02-08 08:46:01.296 E/thunderperf( 1466): CompatConfig.addOverrideUnsafe: exception:java.lang.SecurityException: Cannot override a change on a non-debuggable app and user build.
02-08 08:46:01.296 I/thunderperf( 1466): CompatConfig.addOverrideUnsafe: aft-state=1
02-08 08:46:01.297 I/thunderperf( 1466): CompatConfig.addOverrideUnsafe: bef-state=1
02-08 08:46:01.297 I/OpenGLRenderer( 2370): Davey! duration=9223360663608ms; Flags=0, FrameTimelineVsyncId=193581, IntendedVsync=11373246454012, Vsync=11373246454012, InputEventId=438664830, HandleInputStart=11373246730971, AnimationStart=11373246732586, PerformTraversalsStart=11373246733992, DrawStart=11373246826284, FrameDeadline=11373279787344, FrameInterval=11373246726961, FrameStartTime=16666666, SyncQueued=11373250774773, SyncStart=11373251075815, IssueDrawCommandsStart=11373252147534, SwapBuffers=11373258178367, FrameCompleted=9223372036854775807, DequeueBufferDuration=43854, QueueBufferDuration=1627135, GpuCompleted=9223372036854775807, SwapBuffersCompleted=11373260512430, DisplayPresentTime=0,
02-08 08:46:01.297 E/thunderperf( 1466): CompatConfig.addOverrideUnsafe: exception:java.lang.SecurityException: Cannot override a change on a non-debuggable app and user build.
02-08 08:46:01.297 I/thunderperf( 1466): CompatConfig.addOverrideUnsafe: aft-state=1
02-08 08:46:01.297 I/thunderperf( 1466): CompatConfig.addOverrideUnsafe: bef-state=1
02-08 08:46:01.298 E/thunderperf( 1466): CompatConfig.addOverrideUnsafe: exception:java.lang.SecurityException: Cannot override a change on a non-debuggable app and user build.
02-08 08:46:01.298 I/thunderperf( 1466): CompatConfig.addOverrideUnsafe: aft-state=1
02-08 08:46:01.298 I/thunderperf( 1466): CompatConfig.addOverrideUnsafe: bef-state=1
02-08 08:46:01.299 E/thunderperf( 1466): CompatConfig.addOverrideUnsafe: exception:java.lang.SecurityException: Cannot override a change on a non-debuggable app and user build.
02-08 08:46:01.299 I/thunderperf( 1466): CompatConfig.addOverrideUnsafe: aft-state=1
02-08 08:46:01.299 I/thunderperf( 1466): CompatConfig.addOverrideUnsafe: bef-state=1
02-08 08:46:01.299 E/thunderperf( 1466): CompatConfig.addOverrideUnsafe: exception:java.lang.SecurityException: Cannot override a change on a non-debuggable app and user build.
02-08 08:46:01.299 I/thunderperf( 1466): CompatConfig.addOverrideUnsafe: aft-state=1
02-08 08:46:01.300 I/thunderperf( 1466): CompatConfig.addOverrideUnsafe: bef-state=1
02-08 08:46:01.300 E/thunderperf( 1466): CompatConfig.addOverrideUnsafe: exception:java.lang.SecurityException: Cannot override a change on a non-debuggable app and user build.
02-08 08:46:01.300 I/thunderperf( 1466): CompatConfig.addOverrideUnsafe: aft-state=1
02-08 08:46:01.300 I/thunderperf( 1466): CompatConfig.addOverrideUnsafe: bef-state=1
02-08 08:46:01.301 E/thunderperf( 1466): CompatConfig.addOverrideUnsafe: exception:java.lang.SecurityException: Cannot override a change on a non-debuggable app and user build.
02-08 08:46:01.301 I/thunderperf( 1466): CompatConfig.addOverrideUnsafe: aft-state=1
02-08 08:46:01.301 I/thunderperf( 1466): CompatConfig.addOverrideUnsafe: bef-state=1
02-08 08:46:01.301 E/thunderperf( 1466): CompatConfig.addOverrideUnsafe: exception:java.lang.SecurityException: Cannot override a change on a non-debuggable app and user build.
02-08 08:46:01.301 I/thunderperf( 1466): CompatConfig.addOverrideUnsafe: aft-state=1
02-08 08:46:01.302 I/thunderperf( 1466): CompatConfig.addOverrideUnsafe: bef-state=1
02-08 08:46:01.302 E/thunderperf( 1466): CompatConfig.addOverrideUnsafe: exception:java.lang.SecurityException: Cannot override a change on a non-debuggable app and user build.
02-08 08:46:01.302 I/thunderperf( 1466): CompatConfig.addOverrideUnsafe: aft-state=1
02-08 08:46:01.303 I/thunderperf( 1466): CompatConfig.addOverrideUnsafe: bef-state=1
02-08 08:46:01.303 E/thunderperf( 1466): CompatConfig.addOverrideUnsafe: exception:java.lang.SecurityException: Cannot override a change on a non-debuggable app and user build.
02-08 08:46:01.303 I/thunderperf( 1466): CompatConfig.addOverrideUnsafe: aft-state=1
02-08 08:46:01.303 I/thunderperf( 1466): CompatConfig.addOverrideUnsafe: bef-state=1
02-08 08:46:01.303 E/thunderperf( 1466): CompatConfig.addOverrideUnsafe: exception:java.lang.SecurityException: Cannot override a change on a non-debuggable app and user build.
02-08 08:46:01.304 I/thunderperf( 1466): CompatConfig.addOverrideUnsafe: aft-state=1
02-08 08:46:01.304 I/thunderperf( 1466): CompatConfig.addOverrideUnsafe: bef-state=1
02-08 08:46:01.304 E/thunderperf( 1466): CompatConfig.addOverrideUnsafe: exception:java.lang.SecurityException: Cannot override a change on a non-debuggable app and user build.
02-08 08:46:01.304 I/thunderperf( 1466): CompatConfig.addOverrideUnsafe: aft-state=1
02-08 08:46:01.308 I/ThunderBoostPerfService( 1466): Disable downscaling com.android.systemui to 2380x1020
02-08 08:46:01.308 I/ActivityTaskManager( 1466): START u0 {flg=0x10000000 cmp=com.android.systemui/.screenrecord.ScreenRecordDialog} from uid 10081
02-08 08:46:01.308 I/EventSequenceValidator( 1466): Transition from ACTIVITY_FINISHED to INTENT_STARTED
02-08 08:46:01.314 E/ANDR-PERF-JNI( 1466): com_qualcomm_qtiperformance_native_perf_io_prefetch_start
02-08 08:46:01.315 I/wm_task_created( 1466): [37,-1]
02-08 08:46:01.315 W/ActivityTaskManager( 1466): Can't find TaskDisplayArea to determine support for multi window. Task id=37 attached=false
02-08 08:46:01.316 E/ANDR-IOP( 866): io prefetch is disabled
02-08 08:46:01.316 D/CompatibilityChangeReporter( 1466): Compat change id reported: 174042980; UID 10081; state: DISABLED
02-08 08:46:01.316 D/CompatibilityChangeReporter( 1466): Compat change id reported: 184838306; UID 10081; state: DISABLED
02-08 08:46:01.316 D/CompatibilityChangeReporter( 1466): Compat change id reported: 185004937; UID 10081; state: DISABLED
02-08 08:46:01.317 D/CompatibilityChangeReporter( 1466): Compat change id reported: 181136395; UID 10081; state: DISABLED
02-08 08:46:01.317 D/CompatibilityChangeReporter( 1466): Compat change id reported: 174042936; UID 10081; state: DISABLED
02-08 08:46:01.317 I/wm_task_moved( 1466): [37,1,6]
02-08 08:46:01.317 I/wm_task_to_front( 1466): [0,37]
02-08 08:46:01.317 I/wm_create_task( 1466): [0,37]
02-08 08:46:01.317 I/wm_create_activity( 1466): [0,215268801,37,com.android.systemui/.screenrecord.ScreenRecordDialog,NULL,NULL,NULL,276824064]
02-08 08:46:01.317 I/wm_task_moved( 1466): [37,1,6]
02-08 08:46:01.317 I/wm_on_top_resumed_lost_called( 2862): [163962840,com.android.launcher3.uioverrides.QuickstepLauncher,topStateChangedWhenResumed]
02-08 08:46:01.318 D/CompatibilityInfo( 1466): mCompatibilityFlags - 4
02-08 08:46:01.318 D/CompatibilityInfo( 1466): applicationDensity - 240
02-08 08:46:01.318 D/CompatibilityInfo( 1466): applicationScale - 1.0
02-08 08:46:01.318 D/ActivityTrigger( 1466): ActivityTrigger activityPauseTrigger
02-08 08:46:01.318 I/wm_pause_activity( 1466): [0,163962840,com.android.launcher3/.uioverrides.QuickstepLauncher,userLeaving=true,pauseBackTasks]
02-08 08:46:01.319 V/ShadeControllerImpl( 2370): NotificationShadeWindow: com.android.systemui.statusbar.phone.NotificationShadeWindowView{9f2e9bc V.E...... ........ 0,0-2380,1020} canPanelBeCollapsed(): true
02-08 08:46:01.320 I/wm_on_paused_called( 2862): [163962840,com.android.launcher3.uioverrides.QuickstepLauncher,performPause]
02-08 08:46:01.320 I/ActivityTaskManager( 1466): FOREGROUND_APPLICATION_CHANGED to com.android.systemui.screenrecord.ScreenRecordDialog
02-08 08:46:01.321 I/ActivityTaskManager( 1466): The Process com.android.systemui Already Exists in BG. So sending its PID: 2370
02-08 08:46:01.321 I/wm_restart_activity( 1466): [0,215268801,37,com.android.systemui/.screenrecord.ScreenRecordDialog]
02-08 08:46:01.321 D/CompatibilityInfo( 1466): mCompatibilityFlags - 4
02-08 08:46:01.321 D/CompatibilityInfo( 1466): applicationDensity - 240
02-08 08:46:01.321 D/CompatibilityInfo( 1466): applicationScale - 1.0
02-08 08:46:01.322 I/wm_set_resumed_activity( 1466): [0,com.android.systemui/.screenrecord.ScreenRecordDialog,minimalResumeActivityLocked]
02-08 08:46:01.325 I/EventSequenceValidator( 1466): Transition from INTENT_STARTED to ACTIVITY_LAUNCHED
02-08 08:46:01.326 I/sysui_multi_action( 1466): [757,803,799,window_time_0,802,25]
02-08 08:46:01.338 I/input_focus( 1466): [Focus leaving e8dc244 NotificationShade (server),reason=NOT_FOCUSABLE]
02-08 08:46:01.341 I/wm_on_create_called( 2370): [215268801,com.android.systemui.screenrecord.ScreenRecordDialog,performCreate]
02-08 08:46:01.341 I/wm_on_start_called( 2370): [215268801,com.android.systemui.screenrecord.ScreenRecordDialog,handleStartActivity]
02-08 08:46:01.342 I/wm_on_resume_called( 2370): [215268801,com.android.systemui.screenrecord.ScreenRecordDialog,RESUME_ACTIVITY]
02-08 08:46:01.343 D/KeyguardViewMediator( 2370): setOccluded true
02-08 08:46:01.344 I/wm_on_top_resumed_gained_called( 2370): [215268801,com.android.systemui.screenrecord.ScreenRecordDialog,topStateChangedWhenResumed]
02-08 08:46:01.347 D/KeyguardViewMediator( 2370): setOccluded false
02-08 08:46:01.349 I/input_focus( 1466): [Focus request ac09f3e com.android.systemui/com.android.systemui.screenrecord.ScreenRecordDialog,reason=UpdateInputWindows]
02-08 08:46:01.360 I/sysui_multi_action( 1466): [319,49,322,49,325,11373,757,761,758,8,759,2,806,com.android.systemui,871,com.android.systemui.screenrecord.ScreenRecordDialog,904,com.android.systemui,905,0,1320,8,1321,5]
02-08 08:46:01.360 I/EventSequenceValidator( 1466): Transition from ACTIVITY_LAUNCHED to ACTIVITY_FINISHED
02-08 08:46:01.360 I/wm_activity_launch_time( 1466): [0,215268801,com.android.systemui/.screenrecord.ScreenRecordDialog,49]
02-08 08:46:01.360 I/ActivityTaskManager( 1466): Displayed com.android.systemui/.screenrecord.ScreenRecordDialog: +49ms
02-08 08:46:01.377 I/am_pss ( 1466): [21809,10093,com.android.permissioncontroller,13928448,11419648,0,102723584,0,19,5]
02-08 08:46:01.382 I/am_pss ( 1466): [21927,1000,com.android.settings,21018624,11808768,0,119746560,0,19,5]
02-08 08:46:01.387 I/input_focus( 1466): [Focus entering ac09f3e com.android.systemui/com.android.systemui.screenrecord.ScreenRecordDialog (server),reason=Window became focusable. Previous reason: NOT_VISIBLE]
02-08 08:46:01.387 I/am_pss ( 1466): [21876,10020,android.process.media,12133376,9478144,0,102883328,0,19,5]
02-08 08:46:01.393 I/am_pss ( 1466): [21763,10083,com.android.music,6923264,4698112,0,90853376,0,19,5]
02-08 08:46:01.411 I/hpplay-java( 3302): [main]:IMTask:getIMRoot
02-08 08:46:01.412 W/hpplay-java( 3302): [AsyncTask #443]:HttpRequest:
02-08 08:46:01.412 W/hpplay-java( 3302): [AsyncTask #443]:HttpRequest:
02-08 08:46:01.413 W/hpplay-java( 3302): [AsyncTask #443]:HttpRequest:
02-08 08:46:01.413 E/hpplay-java( 3302): [main]:IMTask:getIMRoot failed
02-08 08:46:01.423 I/GameMode_ActivityMonitoringService( 2568): onTaskStackChanged
02-08 08:46:01.424 W/FreeFormWindowHelper( 1466): Current Display FreeFormTask is null
02-08 08:46:01.424 I/GameMode_ActivityMonitoringService( 2568): Updating top task to: TaskInfoContainer [topActivity=ComponentInfo{com.android.systemui/com.android.systemui.screenrecord.ScreenRecordDialog}, taskId=37, stackId=37, userId=0, displayId=0, position=6
02-08 08:46:01.424 I/GameMode_ActivityMonitoringService( 2568): Notifying about top task: TaskInfoContainer [topActivity=ComponentInfo{com.android.systemui/com.android.systemui.screenrecord.ScreenRecordDialog}, taskId=37, stackId=37, userId=0, displayId=0, position=6
02-08 08:46:01.424 I/GameMode_ActivityMonitoringService( 2568): WindowMode: 1
02-08 08:46:01.424 E/GameMode_ActivityMonitoringService( 2568): onActivityLaunch:com.android.systemui
02-08 08:46:01.424 V/GameMode_GameTypeUtils( 2568): judge isGame:com.android.systemui
02-08 08:46:01.424 V/GameMode_GpuUtils( 2568): fps:60
02-08 08:46:01.425 W/FreeFormWindowHelper( 1466): Current Display FreeFormTask is null
02-08 08:46:01.425 D/GameMode_GameModeActionUtils( 2568): Show GameMode entry by service!
02-08 08:46:01.425 W/ContextImpl( 2568): Calling a method in the system process without a qualified user: android.app.ContextImpl.startService:1816 android.content.ContextWrapper.startService:774 com.thundercomm.gamemode.ingame.services.GameModeActionUtils.startGameModeService:111 com.thundercomm.gamemode.ingame.services.GameModeActionUtils.startGameModeEntry:22 com.thundercomm.gamemode.ingame.services.ActivityMonitoringService$1.onActivityLaunch:139
02-08 08:46:01.426 D/GameMode_GameModeService( 2568): type=hide_entry
02-08 08:46:01.426 D/GameModeIF_GameModeSettings( 2568): getUriFor setting_content_uri_root = content://com.thundercomm.gamemode.api/gamemode_settings , name = gamemode_isgaming
02-08 08:46:01.427 D/GameMode_GameSettingsObserver( 2568): Game Data change!!!! uri = content://com.thundercomm.gamemode.api/gamemode_settings/gamemode_isgaming
02-08 08:46:01.427 I/GameModeConfig( 1466): Current uri is uri = content://com.thundercomm.gamemode.api/gamemode_settings/gamemode_isgaming
02-08 08:46:01.427 D/GameModeIF_GameModeSettings( 1466): getUriFor setting_content_uri_root = content://com.thundercomm.gamemode.api/gamemode_settings , name = gamemode_isgaming
02-08 08:46:01.427 D/GameModeIF_GameModeSettings( 2568): getUriFor setting_content_uri_root = content://com.thundercomm.gamemode.api/gamemode_settings , name = gamemode_isgaming
02-08 08:46:01.427 D/GameModeIF_GameModeSettings( 2568): gamemode_isgaming set to 0
02-08 08:46:01.427 I/GameMode_ActivityMonitoringService( 2568): [Perf]-lastSession=
02-08 08:46:01.427 D/GameModeIF_GameModeSettings( 2568): getUriFor setting_content_uri_root = content://com.thundercomm.gamemode.api/gamemode_settings , name = gamemode_enable
02-08 08:46:01.428 I/GameModeConfig( 1466): isGameModeOn = false
02-08 08:46:01.428 D/GameMode_GameModeService( 2568): updateGlobalSettings = gamemode_isgaming
02-08 08:46:01.428 I/GameModeConfig( 1466): isGameModeOn = false
02-08 08:46:01.428 I/GameModeConfig( 1466): isDisableVoice = true
02-08 08:46:01.436 W/FreeFormWindowHelper( 1466): Current Display FreeFormTask is null
02-08 08:46:01.437 W/FreeFormWindowHelper( 1466): Current Display FreeFormTask is null
02-08 08:46:01.502 I/mpu_uart( 651): [MSG-P:RECV]:No message received in 1000 ms
02-08 08:46:01.620 I/GameModeConfig( 1466): isGameModeOn = false
02-08 08:46:01.620 I/GameModeConfig( 1466): isGameModeOn = false
02-08 08:46:01.620 I/GameModeConfig( 1466): isGameModeOn = false
02-08 08:46:01.621 I/GameModeConfig( 1466): isGameModeOn = false
02-08 08:46:01.621 I/GameModeConfig( 1466): isGameModeOn = false
02-08 08:46:01.621 I/notification_enqueue( 1466): [10081,2370,com.android.systemui,2048,NULL,0,Notification(channel=updateNotification shortcut=null contentView=null vibrate=null sound=null defaults=0x0 flags=0x0 color=0x00000000 vis=PRIVATE),1]
02-08 08:46:01.621 I/sysui_multi_action( 2370): [757,111,758,2]
02-08 08:46:01.621 I/sysui_multi_action( 2370): [757,111,758,2]
02-08 08:46:01.720 W/Choreographer( 2370): Frame time is 0.35754 ms in the future! Check that graphics HAL is generating vsync timestamps using the correct timebase.
02-08 08:46:01.822 I/GameModeConfig( 1466): isGameModeOn = false
02-08 08:46:01.823 V/GameMode_GameTypeUtils( 2568): judge isGame:com.android.systemui
02-08 08:46:01.823 E/GameMode_GameModeNotificationListenerService( 2568): title :content :,PackageName:com.android.systemui,isGameModeOn:false,isBulletScreenOn:false,isBulletScreenPackage:false
02-08 08:46:01.827 I/sysui_multi_action( 1466): [757,128,758,2,793,31274,794,2669,795,31274,796,26,798,0,806,android,857,DEVELOPER_IMPORTANT,858,4,947,0,1395,3,1500,31069,1688,1]
02-08 08:46:01.827 I/notification_visibility( 1466): [-1|android|26|null|1000,0,31274,31274,0,0]
02-08 08:46:01.827 I/sysui_multi_action( 1466): [757,128,758,2,793,11346146,794,2668,795,11346146,796,17303299,797,com.android.wifi,798,1,806,android,857,NETWORK_AVAILABLE,858,2,947,0,1395,3,1500,11345946,1688,1]
02-08 08:46:01.827 I/notification_visibility( 1466): [0|android|17303299|com.android.wifi|1000,0,11346146,11346146,0,1]
02-08 08:46:01.828 I/sysui_multi_action( 1466): [757,128,758,2,793,11346770,794,2669,795,11346770,796,32,798,2,806,android,857,USB,858,1,947,0,1395,3,1500,11346714,1688,1]
02-08 08:46:01.828 I/notification_visibility( 1466): [-1|android|32|null|1000,0,11346770,11346770,0,2]
02-08 08:46:01.828 D/StatusBar( 2370): disable disable2
02-08 08:46:01.828 I/sysui_multi_action( 1466): [757,127,758,2]
02-08 08:46:01.828 I/notification_panel_hidden( 1466):
02-08 08:46:01.841 D/InterruptionStateProvider( 2370): No bubble up: not allowed to bubble: 0|com.android.systemui|2048|null|10081
02-08 08:46:01.842 D/InterruptionStateProvider( 2370): No heads up: unimportant notification: 0|com.android.systemui|2048|null|10081
02-08 08:46:01.844 D/PeopleSpaceWidgetMgr( 2370): Sbn doesn't contain valid PeopleTileKey: null/0/com.android.systemui
02-08 08:46:01.855 V/KeyguardUpdateMonitor( 2370): *** unregister callback for com.android.keyguard.CarrierTextManager$2@c4deca2
02-08 08:46:01.912 D/ActivityManager( 1466): freezing 20880 com.android.calendar
02-08 08:46:01.912 E/ActivityManager( 1466): Unable to freeze binder for 20880 com.android.calendar
02-08 08:46:01.912 D/ActivityManager( 1466): froze 20880 com.android.calendar
02-08 08:46:01.913 I/am_freeze( 1466): [20880,com.android.calendar]
02-08 08:46:01.913 E/ActivityManager( 1466): Unable to freeze binder for 20880 com.android.calendar
02-08 08:46:01.913 D/ActivityManager( 1466): freezing 20879 com.android.deskclock
02-08 08:46:01.913 E/ActivityManager( 1466): Unable to freeze binder for 20879 com.android.deskclock
02-08 08:46:01.914 D/ActivityManager( 1466): froze 20879 com.android.deskclock
02-08 08:46:01.914 I/am_freeze( 1466): [20879,com.android.deskclock]
02-08 08:46:01.914 E/ActivityManager( 1466): Unable to freeze binder for 20879 com.android.deskclock
02-08 08:46:01.915 I/ActivityManager( 1466): Killing 20880:com.android.calendar/u0a64 (adj 975): Unable to freeze binder interface
02-08 08:46:01.915 I/am_kill ( 1466): [0,20880,com.android.calendar,975,Unable to freeze binder interface]
01-02 02:34:46.754 I/binder ( 0): 1466:1804 ioctl 400c620e 6eecb3f5d8 returned -22
01-02 02:34:46.755 I/binder ( 0): 1466:1804 ioctl c00c620f 6eecb3f5b8 returned -22
01-02 02:34:46.756 I/binder ( 0): 1466:1804 ioctl 400c620e 6eecb3f5d8 returned -22
01-02 02:34:46.757 I/binder ( 0): 1466:1804 ioctl c00c620f 6eecb3f5b8 returned -22
02-08 08:46:01.915 I/ActivityManager( 1466): Killing 20879:com.android.deskclock/u0a65 (adj 965): Unable to freeze binder interface
02-08 08:46:01.916 I/am_kill ( 1466): [0,20879,com.android.deskclock,965,Unable to freeze binder interface]
02-08 08:46:01.920 I/libprocessgroup( 1466): Successfully killed process cgroup uid 10064 pid 20880 in 5ms
02-08 08:46:01.931 I/Zygote ( 672): Process 20880 exited due to signal 9 (Killed)
02-08 08:46:01.931 I/Zygote ( 672): Process 20879 exited due to signal 9 (Killed)
02-08 08:46:01.931 I/am_proc_died( 1466): [0,20880,com.android.calendar,975,19]
02-08 08:46:01.931 I/am_uid_stopped( 1466): 10064
02-08 08:46:01.932 I/am_proc_died( 1466): [0,20879,com.android.deskclock,965,19]
02-08 08:46:01.933 I/am_uid_stopped( 1466): 10065
02-08 08:46:01.936 I/libprocessgroup( 1466): Successfully killed process cgroup uid 10065 pid 20879 in 0ms
02-08 08:46:02.110 W/hpplay-java( 3302): [main]:IPManager:getActiveNets invalid networkInfo:null
02-08 08:46:02.110 I/hpplay-java( 3302): [main]:IPManager:getActiveNets eth0:false wifi:false mobile:false ap:false
02-08 08:46:02.110 I/hpplay-java( 3302): [main]:ServerTaskManager:get local ip:null
02-08 08:46:02.502 I/mpu_uart( 651): [MSG-P:RECV]:No message received in 1000 ms
02-08 08:46:02.797 I/mpu_uart( 651): [MSG-P:R]:recv sync frame timeout
02-08 08:46:03.111 W/hpplay-java( 3302): [main]:IPManager:getActiveNets invalid networkInfo:null
02-08 08:46:03.111 I/hpplay-java( 3302): [main]:IPManager:getActiveNets eth0:false wifi:false mobile:false ap:false
02-08 08:46:03.111 I/hpplay-java( 3302): [main]:ServerTaskManager:get local ip:null
02-08 08:46:03.503 I/mpu_uart( 651): [MSG-P:RECV]:No message received in 1000 ms
02-08 08:46:04.114 W/hpplay-java( 3302): [main]:IPManager:getActiveNets invalid networkInfo:null
02-08 08:46:04.114 I/hpplay-java( 3302): [main]:IPManager:getActiveNets eth0:false wifi:false mobile:false ap:false
02-08 08:46:04.114 I/hpplay-java( 3302): [main]:ServerTaskManager:get local ip:null
02-08 08:46:04.217 I/input_interaction( 1466): Interaction with: ac09f3e com.android.systemui/com.android.systemui.screenrecord.ScreenRecordDialog (server), edge-swipe (server), swipe-up (server), PointerEventDispatcher0 (server),
02-08 08:46:04.342 I/wm_finish_activity( 1466): [0,215268801,37,com.android.systemui/.screenrecord.ScreenRecordDialog,app-request]
02-08 08:46:04.342 I/wm_task_moved( 1466): [1,1,6]
02-08 08:46:04.347 I/wm_task_moved( 1466): [10,1,2147483647]
02-08 08:46:04.347 I/wm_task_to_front( 1466): [0,10]
02-08 08:46:04.347 I/wm_focused_root_task( 1466): [0,0,1,-1,finish-top adjustFocusToNextFocusableTask]
02-08 08:46:04.356 D/ActivityTrigger( 1466): ActivityTrigger activityPauseTrigger
02-08 08:46:04.357 I/wm_pause_activity( 1466): [0,215268801,com.android.systemui/.screenrecord.ScreenRecordDialog,userLeaving=false,finish]
02-08 08:46:04.364 I/input_focus( 1466): [Focus request 75d5c14 com.android.launcher3/com.android.launcher3.uioverrides.QuickstepLauncher,reason=UpdateInputWindows]
02-08 08:46:04.372 I/wm_on_top_resumed_lost_called( 2370): [215268801,com.android.systemui.screenrecord.ScreenRecordDialog,topStateChangedWhenResumed]
02-08 08:46:04.373 I/wm_on_paused_called( 2370): [215268801,com.android.systemui.screenrecord.ScreenRecordDialog,performPause]
02-08 08:46:04.375 I/ActivityTaskManager( 1466): FOREGROUND_APPLICATION_CHANGED to com.android.launcher3.uioverrides.QuickstepLauncher
02-08 08:46:04.376 I/wm_set_resumed_activity( 1466): [0,com.android.launcher3/.uioverrides.QuickstepLauncher,resumeTopActivityInnerLocked]
02-08 08:46:04.380 I/wm_resume_activity( 1466): [0,163962840,10,com.android.launcher3/.uioverrides.QuickstepLauncher]
02-08 08:46:04.380 I/wm_on_resume_called( 2862): [163962840,com.android.launcher3.uioverrides.QuickstepLauncher,RESUME_ACTIVITY]
02-08 08:46:04.380 I/wm_on_top_resumed_gained_called( 2862): [163962840,com.android.launcher3.uioverrides.QuickstepLauncher,topWhenResuming]
02-08 08:46:04.392 I/sysui_multi_action( 1466): [757,803,799,window_time_0,802,3]
02-08 08:46:04.392 I/am_uid_running( 1466): 10065
02-08 08:46:04.393 D/CompatibilityChangeReporter( 1466): Compat change id reported: 135634846; UID 10065; state: DISABLED
02-08 08:46:04.393 D/CompatibilityChangeReporter( 1466): Compat change id reported: 177438394; UID 10065; state: DISABLED
02-08 08:46:04.393 D/CompatibilityChangeReporter( 1466): Compat change id reported: 135772972; UID 10065; state: DISABLED
02-08 08:46:04.393 D/CompatibilityChangeReporter( 1466): Compat change id reported: 135754954; UID 10065; state: DISABLED
02-08 08:46:04.394 D/CompatibilityChangeReporter( 1466): Compat change id reported: 143937733; UID 10065; state: DISABLED
02-08 08:46:04.394 I/am_uid_running( 1466): 10064
02-08 08:46:04.395 D/CompatibilityChangeReporter( 1466): Compat change id reported: 135634846; UID 10064; state: DISABLED
02-08 08:46:04.395 D/CompatibilityChangeReporter( 1466): Compat change id reported: 177438394; UID 10064; state: DISABLED
02-08 08:46:04.395 D/CompatibilityChangeReporter( 1466): Compat change id reported: 135772972; UID 10064; state: DISABLED
02-08 08:46:04.395 D/CompatibilityChangeReporter( 1466): Compat change id reported: 135754954; UID 10064; state: DISABLED
02-08 08:46:04.396 I/input_focus( 1466): [Focus leaving ac09f3e com.android.systemui/com.android.systemui.screenrecord.ScreenRecordDialog (server),reason=NO_WINDOW]
02-08 08:46:04.396 I/input_focus( 1466): [Focus entering 75d5c14 com.android.launcher3/com.android.launcher3.uioverrides.QuickstepLauncher (server),reason=setFocusedWindow]
02-08 08:46:04.410 I/wm_destroy_activity( 1466): [0,215268801,37,com.android.systemui/.screenrecord.ScreenRecordDialog,finish-idle]
02-08 08:46:04.416 D/Zygote ( 672): Forked child process 21972
02-08 08:46:04.416 I/am_proc_start( 1466): [0,21972,10065,com.android.deskclock,NULL,]
02-08 08:46:04.416 I/ActivityManager( 1466): Start proc 21972:com.android.deskclock/u0a65 for null
02-08 08:46:04.416 D/CompatibilityChangeReporter( 1466): Compat change id reported: 143937733; UID 10064; state: DISABLED
02-08 08:46:04.417 W/System ( 2862): A resource failed to call release.
02-08 08:46:04.417 W/System ( 2862): A resource failed to call release.
02-08 08:46:04.417 W/System ( 2862): A resource failed to call release.
02-08 08:46:04.422 D/Zygote ( 672): Forked child process 21973
02-08 08:46:04.422 I/am_proc_start( 1466): [0,21973,10064,com.android.calendar,NULL,]
02-08 08:46:04.422 I/ActivityManager( 1466): Start proc 21973:com.android.calendar/u0a64 for null
02-08 08:46:04.423 I/wm_on_stop_called( 2370): [215268801,com.android.systemui.screenrecord.ScreenRecordDialog,LIFECYCLER_STOP_ACTIVITY]
02-08 08:46:04.423 I/wm_on_destroy_called( 2370): [215268801,com.android.systemui.screenrecord.ScreenRecordDialog,performDestroy]
02-08 08:46:04.425 W/InputManager-JNI( 1466): Input channel object 'ac09f3e com.android.systemui/com.android.systemui.screenrecord.ScreenRecordDialog (client)' was disposed without first being removed with the input manager!
02-08 08:46:04.426 I/libc (21973): SetHeapTaggingLevel: tag level set to 0
02-08 08:46:04.427 I/libc (21972): SetHeapTaggingLevel: tag level set to 0
02-08 08:46:04.432 E/droid.deskcloc(21972): Not starting debugger since process cannot load the jdwp agent.
02-08 08:46:04.433 E/ndroid.calenda(21973): Not starting debugger since process cannot load the jdwp agent.
02-08 08:46:04.434 D/ProcessState(21973): Binder ioctl to enable oneway spam detection failed: Invalid argument
02-08 08:46:04.434 D/ProcessState(21972): Binder ioctl to enable oneway spam detection failed: Invalid argument
01-02 02:34:49.277 I/binder ( 0): 21973:21973 ioctl 40046210 7fda25f2c4 returned -22
01-02 02:34:49.277 I/binder ( 0): 21972:21972 ioctl 40046210 7fda25f2c4 returned -22
02-08 08:46:04.436 I/am_proc_bound( 1466): [0,21972,com.android.deskclock]
