02-08 08:46:11.265 D/LOWI-9.0.0.87.a( 1379): [LOWI-Scan] print_bss_handler: Report beacon TSF 11382152369 as it greater than probe TSF 11382152369
02-08 08:46:11.265 D/LOWI-9.0.0.87.a( 1379): [LOWI-Scan] decode_rsn_wpa_ie: LOWI_ENCRYPTION_TYPE_WPA_PSK
02-08 08:46:11.265 D/LOWI-9.0.0.87.a( 1379): [LOWI-Scan] is_qcom_ie, bss_age: 0
02-08 08:46:11.265 D/LOWI-9.0.0.87.a( 1379): [LOWI-Scan] BSS 18:6f:2d:81:16:e2 LOWI_PHY_MODE_11NG_HT20(5), Beacon Interval: 100, LOWI_ENCRYPTION_TYPE_WPA_PSK 11mcRanging: No, ANQP: No, LCI: No, Civic: No, capability(0x0531): ESS Privacy ShortPreamble SpectrumMgmt ShortSlotTime
02-08 08:46:11.265 D/LOWI-9.0.0.87.a( 1379): [LOWI-Scan] BSS 18:6f:2d:81:16:e2 FREQ: 2412, cFreq1[40:80:160] = [2412:0:0] cFreq2 = 0 Country Code = CN
02-08 08:46:11.265 I/liblog ( 1379): 1
02-08 08:46:11.265 D/LOWI-9.0.0.87.a( 1379): [LOWI-Scan]
02-08 08:46:11.265 D/LOWI-9.0.0.87.a( 1379): [LOWI-Scan] print_bss_handler: Report beacon TSF 11382153967 as it greater than probe TSF 11382153967
02-08 08:46:11.265 D/LOWI-9.0.0.87.a( 1379): [LOWI-Scan] decode_rsn_wpa_ie: LOWI_ENCRYPTION_TYPE_WPA_PSK
02-08 08:46:11.265 D/LOWI-9.0.0.87.a( 1379): [LOWI-Scan] is_qcom_ie, bss_age: 0
02-08 08:46:11.265 D/LOWI-9.0.0.87.a( 1379): [LOWI-Scan] BSS 18:6f:2d:81:16:e3 LOWI_PHY_MODE_11NG_HT20(5), Beacon Interval: 100, LOWI_ENCRYPTION_TYPE_WPA_PSK 11mcRanging: No, ANQP: No, LCI: No, Civic: No, capability(0x0531): ESS Privacy ShortPreamble SpectrumMgmt ShortSlotTime
02-08 08:46:11.265 D/LOWI-9.0.0.87.a( 1379): [LOWI-Scan] BSS 18:6f:2d:81:16:e3 FREQ: 2412, cFreq1[40:80:160] = [2412:0:0] cFreq2 = 0 Country Code = CN
02-08 08:46:11.265 I/liblog ( 1379): 1
02-08 08:46:11.265 D/LOWI-9.0.0.87.a( 1379): [LOWI-Scan]
02-08 08:46:11.265 D/LOWI-9.0.0.87.a( 1379): [LOWI-Scan] print_bss_handler: Report beacon TSF 11382241497 as it greater than probe TSF 11382241497
02-08 08:46:11.265 D/LOWI-9.0.0.87.a( 1379): [LOWI-Scan] decode_rsn_wpa_ie: LOWI_ENCRYPTION_TYPE_WPA_PSK
02-08 08:46:11.265 D/LOWI-9.0.0.87.a( 1379): [LOWI-Scan] is_qcom_ie, bss_age: 0
02-08 08:46:11.265 D/LOWI-9.0.0.87.a( 1379): [LOWI-Scan] BSS 18:6f:2d:25:4a:60 LOWI_PHY_MODE_11NG_HT20(5), Beacon Interval: 100, LOWI_ENCRYPTION_TYPE_WPA_PSK 11mcRanging: No, ANQP: No, LCI: No, Civic: No, capability(0x0531): ESS Privacy ShortPreamble SpectrumMgmt ShortSlotTime
02-08 08:46:11.265 I/liblog ( 1379): 1
02-08 08:46:11.265 I/liblog ( 1379): 1
02-08 08:46:11.265 D/LOWI-9.0.0.87.a( 1379): [LOWI-Scan]
02-08 08:46:11.265 D/LOWI-9.0.0.87.a( 1379): [LOWI-Scan] print_bss_handler: Report beacon TSF 11382242069 as it greater than probe TSF 11382242069
02-08 08:46:11.265 D/LOWI-9.0.0.87.a( 1379): [LOWI-Scan] decode_rsn_wpa_ie: LOWI_ENCRYPTION_TYPE_WPA_PSK
02-08 08:46:11.265 D/LOWI-9.0.0.87.a( 1379): [LOWI-Scan] is_qcom_ie, bss_age: 0
02-08 08:46:11.265 D/LOWI-9.0.0.87.a( 1379): [LOWI-Scan] BSS 18:6f:2d:25:4a:62 LOWI_PHY_MODE_11NG_HT20(5), Beacon Interval: 100, LOWI_ENCRYPTION_TYPE_WPA_PSK 11mcRanging: No, ANQP: No, LCI: No, Civic: No, capability(0x0531): ESS Privacy ShortPreamble SpectrumMgmt ShortSlotTime
02-08 08:46:11.265 D/LOWI-9.0.0.87.a( 1379): [LOWI-Scan] BSS 18:6f:2d:25:4a:62 FREQ: 2417, cFreq1[40:80:160] = [2417:0:0] cFreq2 = 0 Country Code = CN
02-08 08:46:11.265 D/LOWI-9.0.0.87.a( 1379): [LOWI-Scan] BSS 18:6f:2d:25:4a:62 (wlan0) ASSO: NO AddInfo: 0x1, TSF 0, 03:09:42.242, RSSI: -158, CPL: 127, AGE: 1000, SSID ThunderSoft_2.4G, TSFDelta: 0xa6cb8640, TXRate: 0
02-08 08:46:11.265 D/LOWI-9.0.0.87.a( 1379): [LOWI-Scan]
02-08 08:46:11.265 D/LOWI-9.0.0.87.a( 1379): [LOWI-Scan] print_bss_handler: Report beacon TSF 11382243641 as it greater than probe TSF 11382243641
02-08 08:46:11.265 D/LOWI-9.0.0.87.a( 1379): [LOWI-Scan] decode_rsn_wpa_ie: LOWI_ENCRYPTION_TYPE_WPA_PSK
02-08 08:46:11.265 D/LOWI-9.0.0.87.a( 1379): [LOWI-Scan] is_qcom_ie, bss_age: 0
02-08 08:46:11.265 D/LOWI-9.0.0.87.a( 1379): [LOWI-Scan] BSS 18:6f:2d:25:4a:64 LOWI_PHY_MODE_11NG_HT20(5), Beacon Interval: 100, LOWI_ENCRYPTION_TYPE_WPA_PSK 11mcRanging: No, ANQP: No, LCI: No, Civic: No, capability(0x0531): ESS Privacy ShortPreamble SpectrumMgmt ShortSlotTime
02-08 08:46:11.265 D/LOWI-9.0.0.87.a( 1379): [LOWI-Scan] BSS 18:6f:2d:25:4a:64 FREQ: 2417, cFreq1[40:80:160] = [2417:0:0] cFreq2 = 0 Country Code = CN
02-08 08:46:11.265 D/LOWI-9.0.0.87.a( 1379): [LOWI-Scan] BSS 18:6f:2d:25:4a:64 (wlan0) ASSO: NO AddInfo: 0x1, TSF 0, 03:09:42.243, RSSI: -156, CPL: 127, AGE: 1000, SSID Fanya, TSFDelta: 0xa6d792f7, TXRate: 0
02-08 08:46:11.265 D/LOWI-9.0.0.87.a( 1379): [LOWI-Scan]
02-08 08:46:11.265 D/LOWI-9.0.0.87.a( 1379): [LOWI-Scan] print_bss_handler: Report Probe TSF 11382297154 as it greater than Beacon TSF 0
02-08 08:46:11.265 D/LOWI-9.0.0.87.a( 1379): [LOWI-Scan] decode_rsn_wpa_ie: LOWI_ENCRYPTION_TYPE_WPA_PSK
02-08 08:46:11.265 I/liblog ( 1379): 4
02-08 08:46:11.265 D/LOWI-9.0.0.87.a( 1379): [LOWI-Scan]
02-08 08:46:11.265 I/liblog ( 1379): 1
02-08 08:46:11.265 I/liblog ( 1379): 1
02-08 08:46:11.265 I/liblog ( 1379): 1
02-08 08:46:11.265 I/liblog ( 1379): 1
02-08 08:46:11.265 I/liblog ( 1379): 1
02-08 08:46:11.265 I/liblog ( 1379): 1
02-08 08:46:11.265 D/LOWI-9.0.0.87.a( 1379): [LOWI-Scan]
02-08 08:46:11.265 D/LOWI-9.0.0.87.a( 1379): [LOWI-Scan] print_bss_handler: Report beacon TSF 11382385615 as it greater than probe TSF 11382385615
02-08 08:46:11.265 D/LOWI-9.0.0.87.a( 1379): [LOWI-Scan] decode_rsn_wpa_ie: LOWI_ENCRYPTION_TYPE_WPA_PSK
02-08 08:46:11.265 D/LOWI-9.0.0.87.a( 1379): [LOWI-Scan] is_qcom_ie, bss_age: 0
02-08 08:46:11.265 D/LOWI-9.0.0.87.a( 1379): [LOWI-Scan] BSS 44:94:fc:3d:da:95 LOWI_PHY_MODE_11NG_HT20(5), Beacon Interval: 100, LOWI_ENCRYPTION_TYPE_WPA_PSK 11mcRanging: No, ANQP: No, LCI: No, Civic: No, capability(0x1411): ESS Privacy ShortSlotTime
02-08 08:46:11.265 I/liblog ( 1379): 2
02-08 08:46:11.265 D/LOWI-9.0.0.87.a( 1379): [LOWI-Scan]
02-08 08:46:11.265 D/LOWI-9.0.0.87.a( 1379): [LOWI-Scan] print_bss_handler: Report beacon TSF 11382390621 as it greater than probe TSF 11382390621
02-08 08:46:11.265 I/liblog ( 1379): 1
02-08 08:46:11.265 I/liblog ( 1379): 1
02-08 08:46:11.265 D/LOWI-9.0.0.87.a( 1379): [LOWI-Scan] BSS 18:6f:2d:0a:ae:00 LOWI_PHY_MODE_11NG_HT20(5), Beacon Interval: 100, LOWI_ENCRYPTION_TYPE_WPA_PSK 11mcRanging: No, ANQP: No, LCI: No, Civic: No, capability(0x0531): ESS Privacy ShortPreamble SpectrumMgmt ShortSlotTime
02-08 08:46:11.265 I/liblog ( 1379): 1
02-08 08:46:11.265 D/LOWI-9.0.0.87.a( 1379): [LOWI-Scan] BSS 18:6f:2d:0a:ae:00 (wlan0) ASSO: NO AddInfo: 0x1, TSF 0, 03:09:42.390, RSSI: -164, CPL: 127, AGE: 852, SSID Testing , TSFDelta: 0x9b403477, TXRate: 0
02-08 08:46:11.265 D/LOWI-9.0.0.87.a( 1379): [LOWI-Scan]
02-08 08:46:11.265 I/liblog ( 1379): 1
02-08 08:46:11.265 I/liblog ( 1379): 1
02-08 08:46:11.265 I/liblog ( 1379): 1
02-08 08:46:11.265 D/LOWI-9.0.0.87.a( 1379): [LOWI-Scan] BSS 18:6f:2d:0a:ae:03 LOWI_PHY_MODE_11NG_HT20(5), Beacon Interval: 100, LOWI_ENCRYPTION_TYPE_WPA_PSK 11mcRanging: No, ANQP: No, LCI: No, Civic: No, capability(0x0531): ESS Privacy ShortPreamble SpectrumMgmt ShortSlotTime
02-08 08:46:11.265 I/liblog ( 1379): 1
02-08 08:46:11.265 I/liblog ( 1379): 1
02-08 08:46:11.265 D/LOWI-9.0.0.87.a( 1379): [LOWI-Scan]
02-08 08:46:11.265 D/LOWI-9.0.0.87.a( 1379): [LOWI-Scan] print_bss_handler: Report beacon TSF 11382393563 as it greater than probe TSF 11382393563
02-08 08:46:11.265 I/liblog ( 1379): 10
02-08 08:46:11.265 I/liblog ( 1379): 2
02-08 08:46:11.265 D/LOWI-9.0.0.87.a( 1379): [LOWI-Scan]
02-08 08:46:11.265 D/LOWI-9.0.0.87.a( 1379): [LOWI-Scan] print_bss_handler: Report beacon TSF 11382420848 as it greater than probe TSF 11382420848
02-08 08:46:11.265 D/LOWI-9.0.0.87.a( 1379): [LOWI-Scan] decode_rsn_wpa_ie: LOWI_ENCRYPTION_TYPE_WPA_PSK
02-08 08:46:11.265 I/liblog ( 1379): 1
02-08 08:46:11.265 I/liblog ( 1379): 2
02-08 08:46:11.265 I/liblog ( 1379): 1
02-08 08:46:11.265 D/LOWI-9.0.0.87.a( 1379): [LOWI-Scan]
02-08 08:46:11.265 D/LOWI-9.0.0.87.a( 1379): [LOWI-Scan] print_bss_handler: Report Probe TSF 11382619786 as it greater than Beacon TSF 11382539780
02-08 08:46:11.265 D/LOWI-9.0.0.87.a( 1379): [LOWI-Scan] decode_rsn_wpa_ie: LOWI_ENCRYPTION_TYPE_WPA_PSK
02-08 08:46:11.265 D/LOWI-9.0.0.87.a( 1379): [LOWI-Scan] is_qcom_ie, bss_age: 0
02-08 08:46:11.265 D/LOWI-9.0.0.87.a( 1379): [LOWI-Scan] BSS f4:84:8d:21:25:a7 LOWI_PHY_MODE_11NG_HT40(7), Beacon Interval: 100, LOWI_ENCRYPTION_TYPE_WPA_PSK 11mcRanging: No, ANQP: No, LCI: No, Civic: No, capability(0x1411): ESS Privacy ShortSlotTime
02-08 08:46:11.265 D/LOWI-9.0.0.87.a( 1379): [LOWI-Scan] BSS f4:84:8d:21:25:a7 FREQ: 2437, cFreq1[40:80:160] = [2427:0:0] cFreq2 = 0 Country Code = CN
02-08 08:46:11.265 D/LOWI-9.0.0.87.a( 1379): [LOWI-Scan] BSS f4:84:8d:21:25:a7 (wlan0) ASSO: NO AddInfo: 0x0, TSF 0, 03:09:42.619, RSSI: -130, CPL: 127, AGE: 624, SSID hht, TSFDelta: 0x1be10bd3, TXRate: 0
02-08 08:46:11.265 D/LOWI-9.0.0.87.a( 1379): [LOWI-Scan]
02-08 08:46:11.265 D/LOWI-9.0.0.87.a( 1379): [LOWI-Scan] print_bss_handler: Report Probe TSF 11382548240 as it greater than Beacon TSF 0
02-08 08:46:11.265 D/LOWI-9.0.0.87.a( 1379): [LOWI-Scan] is_qcom_ie, bss_age: 0
02-08 08:46:11.265 D/LOWI-9.0.0.87.a( 1379): [LOWI-Scan] BSS d4:1b:81:e9:bd:a2 LOWI_PHY_MODE_11NG_HT20(5), Beacon Interval: 100, LOWI_ENCRYPTION_TYPE_OPEN 11mcRanging: No, ANQP: No, LCI: No, Civic: No, capability(0x0421): ESS ShortPreamble ShortSlotTime
02-08 08:46:11.265 D/LOWI-9.0.0.87.a( 1379): [LOWI-Scan] BSS d4:1b:81:e9:bd:a2 FREQ: 2437, cFreq1[40:80:160] = [0:0:0] cFreq2 = 0 Country Code =
02-08 08:46:11.265 I/liblog ( 1379): 1
02-08 08:46:11.265 D/LOWI-9.0.0.87.a( 1379): [LOWI-Scan]
02-08 08:46:11.265 D/LOWI-9.0.0.87.a( 1379): [LOWI-Scan] print_bss_handler: Report Probe TSF 11382585251 as it greater than Beacon TSF 11382567396
02-08 08:46:11.265 I/liblog ( 1379): 1
02-08 08:46:11.265 D/LOWI-9.0.0.87.a( 1379): [LOWI-Scan] is_qcom_ie, bss_age: 0
02-08 08:46:11.265 D/LOWI-9.0.0.87.a( 1379): [LOWI-Scan] BSS ec:88:8f:86:24:e0 LOWI_PHY_MODE_11NG_HT40(7), Beacon Interval: 100, LOWI_ENCRYPTION_TYPE_WPA_PSK 11mcRanging: No, ANQP: No, LCI: No, Civic: No, capability(0x0431): ESS Privacy ShortPreamble ShortSlotTime
02-08 08:46:11.265 D/LOWI-9.0.0.87.a( 1379): [LOWI-Scan] BSS ec:88:8f:86:24:e0 (wlan0) ASSO: NO AddInfo: 0x0, TSF 0, 03:09:42.585, RSSI: -124, CPL: 127, AGE: 656, SSID FW_xts, TSFDelta: 0x986853, TXRate: 0
02-08 08:46:11.265 I/liblog ( 1379): 1
02-08 08:46:11.265 D/LOWI-9.0.0.87.a( 1379): [LOWI-Scan]
02-08 08:46:11.265 D/LOWI-9.0.0.87.a( 1379): [LOWI-Scan] print_bss_handler: Report Probe TSF 11382710872 as it greater than Beacon TSF 11382685064
02-08 08:46:11.265 D/LOWI-9.0.0.87.a( 1379): [LOWI-Scan] decode_rsn_wpa_ie: LOWI_ENCRYPTION_TYPE_WPA_PSK
02-08 08:46:11.265 D/LOWI-9.0.0.87.a( 1379): [LOWI-Scan] is_qcom_ie, bss_age: 0
02-08 08:46:11.265 D/LOWI-9.0.0.87.a( 1379): [LOWI-Scan] BSS 18:6f:2d:81:18:53 LOWI_PHY_MODE_11AC_VHT20(8), Beacon Interval: 100, LOWI_ENCRYPTION_TYPE_WPA_PSK 11mcRanging: No, ANQP: No, LCI: No, Civic: No, capability(0x0111): ESS Privacy SpectrumMgmt
02-08 08:46:11.265 I/liblog ( 1379): 1
02-08 08:46:11.265 I/liblog ( 1379): 1
02-08 08:46:11.265 D/LOWI-9.0.0.87.a( 1379): [LOWI-Scan]
02-08 08:46:11.265 D/LOWI-9.0.0.87.a( 1379): [LOWI-Scan] print_bss_handler: Report Probe TSF 11382712059 as it greater than Beacon TSF 11382685447
02-08 08:46:11.265 D/LOWI-9.0.0.87.a( 1379): [LOWI-Scan] decode_rsn_wpa_ie: LOWI_ENCRYPTION_TYPE_WPA_PSK
02-08 08:46:11.265 D/LOWI-9.0.0.87.a( 1379): [LOWI-Scan] is_qcom_ie, bss_age: 0
02-08 08:46:11.265 D/LOWI-9.0.0.87.a( 1379): [LOWI-Scan] BSS 18:6f:2d:81:18:54 LOWI_PHY_MODE_11AC_VHT20(8), Beacon Interval: 100, LOWI_ENCRYPTION_TYPE_WPA_PSK 11mcRanging: No, ANQP: No, LCI: No, Civic: No, capability(0x0111): ESS Privacy SpectrumMgmt
02-08 08:46:11.265 I/liblog ( 1379): 2
02-08 08:46:11.265 D/LOWI-9.0.0.87.a( 1379): [LOWI-Scan]
02-08 08:46:11.265 D/LOWI-9.0.0.87.a( 1379): [LOWI-Scan] print_bss_handler: Report Probe TSF 11382714130 as it greater than Beacon TSF 11382685667
02-08 08:46:11.265 I/liblog ( 1379): 2
02-08 08:46:11.265 D/LOWI-9.0.0.87.a( 1379): [LOWI-Scan] BSS 18:6f:2d:81:18:55 LOWI_PHY_MODE_11AC_VHT20(8), Beacon Interval: 100, LOWI_ENCRYPTION_TYPE_WPA_PSK 11mcRanging: No, ANQP: No, LCI: No, Civic: No, capability(0x0111): ESS Privacy SpectrumMgmt
02-08 08:46:11.265 I/liblog ( 1379): 1
02-08 08:46:11.265 I/liblog ( 1379): 1
02-08 08:46:11.265 D/LOWI-9.0.0.87.a( 1379): [LOWI-Scan]
02-08 08:46:11.265 D/LOWI-9.0.0.87.a( 1379): [LOWI-Scan] print_bss_handler: Report Probe TSF 11382748850 as it greater than Beacon TSF 11382730093
02-08 08:46:11.265 D/LOWI-9.0.0.87.a( 1379): [LOWI-Scan] decode_rsn_wpa_ie: LOWI_ENCRYPTION_TYPE_WPA_PSK
02-08 08:46:11.265 I/liblog ( 1379): 1
02-08 08:46:11.265 I/liblog ( 1379): 1
02-08 08:46:11.266 D/LOWI-9.0.0.87.a( 1379): [LOWI-Scan] BSS 8c:de:f9:3f:0d:aa (wlan0) ASSO: NO AddInfo: 0x0, TSF 0, 03:09:42.748, RSSI: -116, CPL: 127, AGE: 492, SSID Xiaomi_0DA9, TSFDelta: 0x28a9d4f, TXRate: 0
02-08 08:46:11.266 I/liblog ( 1379): 1
02-08 08:46:11.266 D/LOWI-9.0.0.87.a( 1379): [LOWI-Scan]
02-08 08:46:11.266 D/LOWI-9.0.0.87.a( 1379): [LOWI-Scan] decode_rsn_wpa_ie: LOWI_ENCRYPTION_TYPE_WPA_PSK
02-08 08:46:11.266 I/liblog ( 1379): 2
02-08 08:46:11.266 D/LOWI-9.0.0.87.a( 1379): [LOWI-Scan] BSS 18:6f:2d:81:23:c2 LOWI_PHY_MODE_11NG_HT20(5), Beacon Interval: 100, LOWI_ENCRYPTION_TYPE_WPA_PSK 11mcRanging: No, ANQP: No, LCI: No, Civic: No, capability(0x0531): ESS Privacy ShortPreamble SpectrumMgmt ShortSlotTime
02-08 08:46:11.266 I/liblog ( 1379): 1
02-08 08:46:11.266 I/liblog ( 1379): 1
02-08 08:46:11.266 D/LOWI-9.0.0.87.a( 1379): [LOWI-Scan]
02-08 08:46:11.266 D/LOWI-9.0.0.87.a( 1379): [LOWI-Scan] print_bss_handler: Report Probe TSF 11382846127 as it greater than Beacon TSF 0
02-08 08:46:11.266 D/LOWI-9.0.0.87.a( 1379): [LOWI-Scan] decode_rsn_wpa_ie: LOWI_ENCRYPTION_TYPE_WPA_PSK
02-08 08:46:11.266 I/liblog ( 1379): 1
02-08 08:46:11.266 D/LOWI-9.0.0.87.a( 1379): [LOWI-Scan] BSS 18:6f:2d:81:23:c3 LOWI_PHY_MODE_11NG_HT20(5), Beacon Interval: 100, LOWI_ENCRYPTION_TYPE_WPA_PSK 11mcRanging: No, ANQP: No, LCI: No, Civic: No, capability(0x0531): ESS Privacy ShortPreamble SpectrumMgmt ShortSlotTime
02-08 08:46:11.266 D/LOWI-9.0.0.87.a( 1379): [LOWI-Scan] BSS 18:6f:2d:81:23:c3 FREQ: 2452, cFreq1[40:80:160] = [2452:0:0] cFreq2 = 0 Country Code = CN
02-08 08:46:11.266 D/LOWI-9.0.0.87.a( 1379): [LOWI-Scan] BSS 18:6f:2d:81:23:c3 (wlan0) ASSO: NO AddInfo: 0x0, TSF 0, 03:09:42.846, RSSI: -156, CPL: 127, AGE: 396, SSID ZXHY, TSFDelta: 0x31f21496, TXRate: 0
02-08 08:46:11.266 D/LOWI-9.0.0.87.a( 1379): [LOWI-Scan]
02-08 08:46:11.266 D/LOWI-9.0.0.87.a( 1379): [LOWI-Scan] print_bss_handler: Report Probe TSF 11382850656 as it greater than Beacon TSF 0
02-08 08:46:11.266 D/LOWI-9.0.0.87.a( 1379): [LOWI-Scan] decode_rsn_wpa_ie: LOWI_ENCRYPTION_TYPE_WPA_PSK
02-08 08:46:11.266 D/LOWI-9.0.0.87.a( 1379): [LOWI-Scan] is_qcom_ie, bss_age: 0
02-08 08:46:11.266 D/LOWI-9.0.0.87.a( 1379): [LOWI-Scan] BSS 18:6f:2d:81:23:c4 LOWI_PHY_MODE_11NG_HT20(5), Beacon Interval: 100, LOWI_ENCRYPTION_TYPE_WPA_PSK 11mcRanging: No, ANQP: No, LCI: No, Civic: No, capability(0x0531): ESS Privacy ShortPreamble SpectrumMgmt ShortSlotTime
02-08 08:46:11.266 D/LOWI-9.0.0.87.a( 1379): [LOWI-Scan] BSS 18:6f:2d:81:23:c4 FREQ: 2452, cFreq1[40:80:160] = [2452:0:0] cFreq2 = 0 Country Code = CN
02-08 08:46:11.266 D/LOWI-9.0.0.87.a( 1379): [LOWI-Scan] BSS 18:6f:2d:81:23:c4 (wlan0) ASSO: NO AddInfo: 0x0, TSF 0, 03:09:42.850, RSSI: -162, CPL: 127, AGE: 392, SSID Fanya, TSFDelta: 0x3212f7c0, TXRate: 0
02-08 08:46:11.266 D/LOWI-9.0.0.87.a( 1379): [LOWI-Scan]
02-08 08:46:11.266 D/LOWI-9.0.0.87.a( 1379): [LOWI-Scan] print_bss_handler: Report beacon TSF 11382851597 as it greater than probe TSF 11382851597
02-08 08:46:11.266 D/LOWI-9.0.0.87.a( 1379): [LOWI-Scan] decode_rsn_wpa_ie: LOWI_ENCRYPTION_TYPE_WPA_PSK
02-08 08:46:11.266 D/LOWI-9.0.0.87.a( 1379): [LOWI-Scan] is_qcom_ie, bss_age: 0
02-08 08:46:11.266 D/LOWI-9.0.0.87.a( 1379): [LOWI-Scan] BSS 18:6f:2d:81:23:c0 LOWI_PHY_MODE_11NG_HT20(5), Beacon Interval: 100, LOWI_ENCRYPTION_TYPE_WPA_PSK 11mcRanging: No, ANQP: No, LCI: No, Civic: No, capability(0x0531): ESS Privacy ShortPreamble SpectrumMgmt ShortSlotTime
02-08 08:46:11.266 D/LOWI-9.0.0.87.a( 1379): [LOWI-Scan] BSS 18:6f:2d:81:23:c0 FREQ: 2452, cFreq1[40:80:160] = [2452:0:0] cFreq2 = 0 Country Code = CN
02-08 08:46:11.266 D/LOWI-9.0.0.87.a( 1379): [LOWI-Scan] BSS 18:6f:2d:81:23:c0 (wlan0) ASSO: NO AddInfo: 0x1, TSF 0, 03:09:42.851, RSSI: -162, CPL: 127, AGE: 392, SSID Testing , TSFDelta: 0x3218a5ed, TXRate: 0
02-08 08:46:11.266 D/LOWI-9.0.0.87.a( 1379): [LOWI-Scan]
02-08 08:46:11.266 D/LOWI-9.0.0.87.a( 1379): [LOWI-Scan] print_bss_handler: Report beacon TSF 11382852249 as it greater than probe TSF 11382852249
02-08 08:46:11.266 D/LOWI-9.0.0.87.a( 1379): [LOWI-Scan] is_qcom_ie, bss_age: 0
02-08 08:46:11.266 D/LOWI-9.0.0.87.a( 1379): [LOWI-Scan] BSS 18:6f:2d:81:23:c1 LOWI_PHY_MODE_11NG_HT20(5), Beacon Interval: 100, LOWI_ENCRYPTION_TYPE_OPEN 11mcRanging: No, ANQP: No, LCI: No, Civic: No, capability(0x0521): ESS ShortPreamble SpectrumMgmt ShortSlotTime
02-08 08:46:11.266 D/LOWI-9.0.0.87.a( 1379): [LOWI-Scan] BSS 18:6f:2d:81:23:c1 FREQ: 2452, cFreq1[40:80:160] = [2452:0:0] cFreq2 = 0 Country Code = CN
02-08 08:46:11.266 D/LOWI-9.0.0.87.a( 1379): [LOWI-Scan] BSS 18:6f:2d:81:23:c1 (wlan0) ASSO: NO AddInfo: 0x1, TSF 0, 03:09:42.852, RSSI: -164, CPL: 127, AGE: 388, SSID Guest, TSFDelta: 0x321e0435, TXRate: 0
02-08 08:46:11.266 D/LOWI-9.0.0.87.a( 1379): [LOWI-Scan]
02-08 08:46:11.266 D/LOWI-9.0.0.87.a( 1379): [LOWI-Scan] print_bss_handler: Report beacon TSF 11382944947 as it greater than probe TSF 11382907927
02-08 08:46:11.266 D/LOWI-9.0.0.87.a( 1379): [LOWI-Scan] decode_rsn_wpa_ie: LOWI_ENCRYPTION_TYPE_WPA_PSK
02-08 08:46:11.266 D/LOWI-9.0.0.87.a( 1379): [LOWI-Scan] is_qcom_ie, bss_age: 0
02-08 08:46:11.266 D/LOWI-9.0.0.87.a( 1379): [LOWI-Scan] BSS cc:2d:21:6a:c3:68 LOWI_PHY_MODE_11NG_HT20(5), Beacon Interval: 100, LOWI_ENCRYPTION_TYPE_WPA_PSK 11mcRanging: No, ANQP: No, LCI: No, Civic: No, capability(0x0411): ESS Privacy ShortSlotTime
02-08 08:46:11.266 D/LOWI-9.0.0.87.a( 1379): [LOWI-Scan] BSS cc:2d:21:6a:c3:68 FREQ: 2457, cFreq1[40:80:160] = [0:0:0] cFreq2 = 0 Country Code =
02-08 08:46:11.266 D/LOWI-9.0.0.87.a( 1379): [LOWI-Scan] BSS cc:2d:21:6a:c3:68 (wlan0) ASSO: NO AddInfo: 0x1, TSF 0, 03:09:42.944, RSSI: -136, CPL: 127, AGE: 296, SSID Tenda_6AC368, TSFDelta: 0x7dcec797, TXRate: 0
02-08 08:46:11.266 D/LOWI-9.0.0.87.a( 1379): [LOWI-Scan]
02-08 08:46:11.266 D/LOWI-9.0.0.87.a( 1379): [LOWI-Scan] print_bss_handler: Report beacon TSF 11382994677 as it greater than probe TSF 11382994677
02-08 08:46:11.266 D/LOWI-9.0.0.87.a( 1379): [LOWI-Scan] is_qcom_ie, bss_age: 0
02-08 08:46:11.266 D/LOWI-9.0.0.87.a( 1379): [LOWI-Scan] BSS 58:d9:d5:44:ba:d8 LOWI_PHY_MODE_11NG_HT20(5), Beacon Interval: 100, LOWI_ENCRYPTION_TYPE_OPEN 11mcRanging: No, ANQP: No, LCI: No, Civic: No, capability(0x0401): ESS ShortSlotTime
02-08 08:46:11.266 D/LOWI-9.0.0.87.a( 1379): [LOWI-Scan] BSS 58:d9:d5:44:ba:d8 FREQ: 2462, cFreq1[40:80:160] = [0:0:0] cFreq2 = 0 Country Code =
02-08 08:46:11.266 D/LOWI-9.0.0.87.a( 1379): [LOWI-Scan] BSS 58:d9:d5:44:ba:d8 (wlan0) ASSO: NO AddInfo: 0x1, TSF 0, 03:09:42.994, RSSI: -170, CPL: 127, AGE: 248, SSID Tenda_44BAD8, TSFDelta: 0x8094d714, TXRate: 0
02-08 08:46:11.266 D/LOWI-9.0.0.87.a( 1379): [LOWI-Scan]
02-08 08:46:11.266 D/LOWI-9.0.0.87.a( 1379): [LOWI-Scan] print_bss_handler: Report Probe TSF 11383041777 as it greater than Beacon TSF 0
02-08 08:46:11.266 D/LOWI-9.0.0.87.a( 1379): [LOWI-Scan] is_qcom_ie, bss_age: 0
02-08 08:46:11.266 D/LOWI-9.0.0.87.a( 1379): [LOWI-Scan] BSS 64:6e:97:1c:71:45 FREQ: 2462, cFreq1[40:80:160] = [2452:0:0] cFreq2 = 0 Country Code = CN
02-08 08:46:11.266 I/liblog ( 1379): 3
02-08 08:46:11.266 D/LOWI-9.0.0.87.a( 1379): [LOWI-Scan]
02-08 08:46:11.266 D/LOWI-9.0.0.87.a( 1379): [LOWI-Scan] print_bss_handler: Report beacon TSF 11383008725 as it greater than probe TSF 11383008725
02-08 08:46:11.266 D/LOWI-9.0.0.87.a( 1379): [LOWI-Scan] decode_rsn_wpa_ie: LOWI_ENCRYPTION_TYPE_WPA_PSK
02-08 08:46:11.266 I/liblog ( 1379): 1
02-08 08:46:11.266 I/liblog ( 1379): 2
02-08 08:46:11.266 I/liblog ( 1379): 1
02-08 08:46:11.266 D/LOWI-9.0.0.87.a( 1379): [LOWI-Scan]
02-08 08:46:11.266 D/LOWI-9.0.0.87.a( 1379): [LOWI-Scan] print_bss_handler: Report beacon TSF 11383046833 as it greater than probe TSF 11383046833
02-08 08:46:11.266 D/LOWI-9.0.0.87.a( 1379): [LOWI-Scan] decode_rsn_wpa_ie: LOWI_ENCRYPTION_TYPE_WPA_PSK
02-08 08:46:11.266 D/LOWI-9.0.0.87.a( 1379): [LOWI-Scan] is_qcom_ie, bss_age: 0
02-08 08:46:11.266 D/LOWI-9.0.0.87.a( 1379): [LOWI-Scan] BSS a4:1a:3a:00:9f:35 LOWI_PHY_MODE_11NG_HT40(7), Beacon Interval: 100, LOWI_ENCRYPTION_TYPE_WPA_PSK 11mcRanging: No, ANQP: No, LCI: No, Civic: No, capability(0x1411): ESS Privacy ShortSlotTime
02-08 08:46:11.266 D/LOWI-9.0.0.87.a( 1379): [LOWI-Scan] BSS a4:1a:3a:00:9f:35 FREQ: 2462, cFreq1[40:80:160] = [2452:0:0] cFreq2 = 0 Country Code = CN
02-08 08:46:11.266 I/liblog ( 1379): 1
02-08 08:46:11.266 D/LOWI-9.0.0.87.a( 1379): [LOWI-Scan]
02-08 08:46:11.266 D/LOWI-9.0.0.87.a( 1379): [LOWI-Scan] print_bss_handler: Report Probe TSF 11383139516 as it greater than Beacon TSF 0
02-08 08:46:11.266 D/LOWI-9.0.0.87.a( 1379): [LOWI-Scan] decode_rsn_wpa_ie: LOWI_ENCRYPTION_TYPE_WPA_PSK
02-08 08:46:11.266 D/LOWI-9.0.0.87.a( 1379): [LOWI-Scan] is_qcom_ie, bss_age: 0
02-08 08:46:11.266 D/LOWI-9.0.0.87.a( 1379): [LOWI-Scan] BSS 18:6f:2d:0a:b8:43 LOWI_PHY_MODE_11NG_HT20(5), Beacon Interval: 100, LOWI_ENCRYPTION_TYPE_WPA_PSK 11mcRanging: No, ANQP: No, LCI: No, Civic: No, capability(0x0531): ESS Privacy ShortPreamble SpectrumMgmt ShortSlotTime
02-08 08:46:11.266 I/liblog ( 1379): 2
02-08 08:46:11.266 D/LOWI-9.0.0.87.a( 1379): [LOWIDiagLog] Log: lowiMeasResult->request: invalid null argument
02-08 08:46:11.266 I/liblog ( 1379): 1
02-08 08:46:11.266 D/LOWI-9.0.0.87.a( 1379): [LOWI-Scan] WipsScanUsingNL: passive scan cached 0, took 190231 ms, err 0
02-08 08:46:11.266 D/LOWI-9.0.0.87.a( 1379): [LOWI-Scan] lowi_proc_req_passive_scan_with_live_meas - No WLAN Frames to be parsed
02-08 08:46:11.266 D/LOWI-9.0.0.87.a( 1379): [LOWIScanResultReceiver] Send scan meas to listener
02-08 08:46:11.266 D/LOWI-9.0.0.87.a( 1379): [LOWIScanResultReceiver] Enter passive listening mode
02-08 08:46:11.266 D/LOWI-9.0.0.87.a( 1379): [LOWIWifiDriverInterface] getMeasurements - Passive listening mode
02-08 08:46:11.266 D/LOWI-9.0.0.87.a( 1379): [LOWIEventReceiver] handleEvent:FROM:NA, TO:NA, REQ:NA, IREQ:NA, REQ_ID:0, RESP:NA, INFO:NA
02-08 08:46:11.266 D/LOWI-9.0.0.87.a( 1379): [LOWI-Scan] WipsScanUsingNL:wait -1 sec for netlink message
02-08 08:46:11.266 D/LOWI-9.0.0.87.a( 1379): [LOWIBackgroundScanMgr] isRspForBgScanMgr: evt(LOWI_NO_EVT) - not handled
02-08 08:46:11.266 D/LOWI-9.0.0.87.a( 1379): [LOWIScheduler] manageMsg: NULL results or NULL request in results
02-08 08:46:11.266 D/LOWI-9.0.0.87.a( 1379): [LOWIController] Measurements received
02-08 08:46:11.266 D/LOWI-9.0.0.87.a( 1379): [LOWICacheManager] putInCache:Num of Meas to add: 75
02-08 08:46:11.267 D/LOWI-9.0.0.87.a( 1379): [LOWICacheManager] addToCache: Cache Full, Cache Limit: 100, Purging: 50
02-08 08:46:11.267 D/LOWI-9.0.0.87.a( 1379): [LOWIController] processMeasurementResults: No current Request. Cache measurements
02-08 08:46:11.267 D/LOWI-9.0.0.87.a( 1379): [LOWIController] sendAsyncScanResponse: Request FreeWifiScanObserver_0 is from a different client.
02-08 08:46:11.267 D/LOWI-9.0.0.87.a( 1379): [LOWIController] generateResponse: Type (ASYNC_DISCOVERY_SCAN_RESULTS) ScanStatus (1) request FreeWifiScanObserver_0
02-08 08:46:11.267 D/LOWI-9.0.0.87.a( 1379): [LOWIEventDispatcher] sendResponse - originator = FreeWifiScanObserver
02-08 08:46:11.267 D/LOWI-9.0.0.87.a( 1379): [LOWIUtils] injectScanMeasurements - num of APs = 75
02-08 08:46:11.267 I/LOWI-9.0.0.87.a( 1379): [LOWIUtils] responseToOutPostcard - TO: FreeWifiScanObserver, FROM: LOWI-SERVER, RESP: LOWI_ASYNC_DISCOVERY_SCAN_RESULTS
02-08 08:46:11.267 D/LOWI-9.0.0.87.a( 1379): [LOWIControllerExtn] sendLOWILpDiscoveryScanResponse: Not a discovery scan response
02-08 08:46:11.280 D/PasspointManager( 1466): ANQP entry not found for: 0e:79:cf:24:bc:54:
02-08 08:46:11.280 D/PasspointManager( 1466): ANQP entry not found for: be:29:4c:2e:4b:fa:
02-08 08:46:11.280 D/PasspointManager( 1466): ANQP entry not found for: 96:a2:2d:73:57:cd:
02-08 08:46:11.325 W/WifiDebugService( 2737): Can not find target wifi network : hht_test_wifi_fc4318c9
02-08 08:46:11.506 I/mpu_uart( 651): [MSG-P:RECV]:No message received in 1000 ms
02-08 08:46:11.574 I/OMX-VENC: venc_dev( 1201): stats: avg. fps 28.73, bitrate 1974205
02-08 08:46:11.808 I/mpu_uart( 651): [MSG-P:R]:recv sync frame timeout
02-08 08:46:11.870 I/GameModeConfig( 1466): isGameModeOn = false
02-08 08:46:11.892 D/InterruptionStateProvider( 2370): No bubble up: not allowed to bubble: 0|com.android.systemui|4274|null|10081
02-08 08:46:11.892 D/InterruptionStateProvider( 2370): No bubble up: not allowed to bubble: -1|android|26|null|1000
02-08 08:46:11.892 D/InterruptionStateProvider( 2370): No alerting: filtered notification: 0|com.android.systemui|1|empty_media|10081
02-08 08:46:11.892 D/InterruptionStateProvider( 2370): No bubble up: not allowed to bubble: 0|com.android.systemui|2048|null|10081
02-08 08:46:11.892 D/InterruptionStateProvider( 2370): No bubble up: not allowed to bubble: 0|android|17303299|com.android.wifi|1000
02-08 08:46:11.892 D/InterruptionStateProvider( 2370): No bubble up: not allowed to bubble: -1|android|32|null|1000
02-08 08:46:12.133 W/hpplay-java( 3302): [main]:IPManager:getActiveNets invalid networkInfo:null
02-08 08:46:12.133 I/hpplay-java( 3302): [main]:IPManager:getActiveNets eth0:false wifi:false mobile:false ap:false
02-08 08:46:12.133 I/hpplay-java( 3302): [main]:ServerTaskManager:get local ip:null
02-08 08:46:12.223 D/audio_hw_primary( 807): out_set_parameters: enter: usecase(1: low-latency-playback) kvpairs: suspend_playback=false
02-08 08:46:12.223 D/audio_hw_extn( 807): audio_extn_fm_set_parameters: Enter
02-08 08:46:12.224 W/audio_hw_primary( 807): out_write: underrun(4) frames_by_time(48207) > out->last_fifo_frames_remaining(384)
02-08 08:46:12.265 D/audio_hw_primary( 807): out_set_parameters: enter: usecase(1: low-latency-playback) kvpairs: suspend_playback=true
02-08 08:46:12.265 D/audio_hw_extn( 807): audio_extn_fm_set_parameters: Enter
02-08 08:46:12.503 I/input_interaction( 1466): Interaction with: 28933a7 com.android.settings/com.android.settings.Settings (server), edge-swipe (server), swipe-up (server), PointerEventDispatcher0 (server),
02-08 08:46:12.506 I/mpu_uart( 651): [MSG-P:RECV]:No message received in 1000 ms
02-08 08:46:12.640 I/DashboardFragment(21927): onPreferenceTreeClick: onPreferenceTreeClick::com.android.settings.connecteddevice.ConnectedDeviceDashboardFragment
02-08 08:46:12.641 I/sysui_multi_action(21927): [757,830,758,4,833,0,854,top_level_connected_devices,1089,0]
02-08 08:46:12.642 I/TopLevelSettings(21927): TopLevelSettings: TopLevelSettings::com.android.settings.connecteddevice.ConnectedDeviceDashboardFragment
02-08 08:46:12.650 I/OMX-VENC: venc_dev( 1201): stats: avg. fps 22.29, bitrate 985676
02-08 08:46:12.754 I/sysui_multi_action(21927): [757,746,758,2,1089,2717]
02-08 08:46:12.760 D/BluetoothPan(21927): Unbinding service...
02-08 08:46:12.765 I/TetheringManager(21927): unregisterTetheringEventCallback caller:com.android.settings
02-08 08:46:12.773 E/TaskPersister( 1466): File error accessing recents directory (directory doesn't exist?).
02-08 08:46:12.775 D/BluetoothPan(21927): Unbinding service...
02-08 08:46:12.779 D/PrefCtrlListHelper(21927): Could not find Context-only controller for pref: com.android.settings.slices.SlicePreferenceController
02-08 08:46:12.782 D/BluetoothEventManager(21927): adding SourceInfo Handler
02-08 08:46:12.784 D/LocalBluetoothProfileManager(21927): LocalBluetoothProfileManager construction complete
02-08 08:46:12.784 D/LocalBluetoothProfileManager(21927): Adding local A2DP profile
02-08 08:46:12.785 D/BluetoothA2dp(21927): Binding service...
02-08 08:46:12.788 D/LocalBluetoothProfileManager(21927): Adding local HEADSET profile
02-08 08:46:12.788 D/BluetoothHeadset(21927): Binding service...
02-08 08:46:12.789 W/BluetoothManagerService( 1466): psc is not null in bindBluetoothProfileService
02-08 08:46:12.789 D/LocalBluetoothProfileManager(21927): Adding local MAP profile
02-08 08:46:12.789 D/BluetoothMap(21927): Create BluetoothMap proxy object
02-08 08:46:12.790 D/BluetoothMap(21927): Binding service...
02-08 08:46:12.791 D/LocalBluetoothProfileManager(21927): Adding local OPP profile
02-08 08:46:12.792 D/LocalBluetoothProfileManager(21927): Adding local Hearing Aid profile
02-08 08:46:12.792 D/BluetoothHearingAid(21927): Binding service...
02-08 08:46:12.794 D/LocalBluetoothProfileManager(21927): Adding local HID_HOST profile
02-08 08:46:12.794 D/BluetoothHidHost(21927): Binding service...
02-08 08:46:12.795 D/LocalBluetoothProfileManager(21927): Adding local PAN profile
02-08 08:46:12.796 D/BluetoothPan(21927): Binding service...
02-08 08:46:12.797 D/LocalBluetoothProfileManager(21927): Adding local PBAP profile
02-08 08:46:12.799 D/LocalBluetoothProfileManager(21927): Adding local SAP profile
02-08 08:46:12.800 D/BluetoothSap(21927): Create BluetoothSap proxy object
02-08 08:46:12.800 D/BluetoothSap(21927): Binding service...
02-08 08:46:12.808 D/LocalBluetoothProfileManager(21927): Current Profiles[]
02-08 08:46:12.808 D/LocalBluetoothProfileManager(21927): New Profiles[HEADSET, A2DP, PBAP Server]
02-08 08:46:12.810 D/CachedBluetoothDevice(21927): updating profiles for HUAWEI FreeBuds Pro 2
02-08 08:46:12.810 V/CachedBluetoothDevice(21927): Class: 240418
02-08 08:46:12.810 V/CachedBluetoothDevice(21927): UUID:
02-08 08:46:12.810 V/CachedBluetoothDevice(21927): 00001101-0000-1000-8000-00805f9b34fb
02-08 08:46:12.810 V/CachedBluetoothDevice(21927): 0000111e-0000-1000-8000-00805f9b34fb
02-08 08:46:12.810 V/CachedBluetoothDevice(21927): 0000110b-0000-1000-8000-00805f9b34fb
02-08 08:46:12.810 V/CachedBluetoothDevice(21927): 0000110e-0000-1000-8000-00805f9b34fb
02-08 08:46:12.810 V/CachedBluetoothDevice(21927): 00000000-0000-1000-8000-00805f9b34fb
02-08 08:46:12.810 V/CachedBluetoothDevice(21927): 00000000-0000-1000-8000-00805f9b34fb
02-08 08:46:12.810 V/CachedBluetoothDevice(21927): 00000000-0000-0000-0000-000000000000
02-08 08:46:12.810 V/CachedBluetoothDevice(21927): 00000000-0000-0000-0000-000000000000
02-08 08:46:12.810 V/CachedBluetoothDevice(21927): 00000000-0000-0000-0000-000000000000
02-08 08:46:12.810 V/CachedBluetoothDevice(21927): 00000000-0000-0000-0000-000000000000
02-08 08:46:12.810 V/CachedBluetoothDevice(21927): 00000000-0000-0000-0000-000000000000
02-08 08:46:12.810 V/CachedBluetoothDevice(21927): 00000000-0000-0000-0000-000000000000
02-08 08:46:12.810 V/CachedBluetoothDevice(21927): 00000000-0000-0000-0000-000000000000
02-08 08:46:12.810 V/CachedBluetoothDevice(21927): 00000000-0000-0000-0000-000000000000
02-08 08:46:12.810 V/CachedBluetoothDevice(21927): 00000000-0000-0000-0000-000000000000
02-08 08:46:12.810 V/CachedBluetoothDevice(21927): 00000000-0000-0000-0000-000000000000
02-08 08:46:12.811 V/CachedBluetoothDevice(21927): 00000000-0000-0000-0000-000000000000
02-08 08:46:12.811 V/CachedBluetoothDevice(21927): 00000000-0000-0000-0000-000000000000
02-08 08:46:12.811 V/CachedBluetoothDevice(21927): 00000000-0000-0000-0000-000000000000
02-08 08:46:12.811 V/CachedBluetoothDevice(21927): 00000000-0000-0000-0000-000000000000
02-08 08:46:12.811 V/CachedBluetoothDevice(21927): 00000000-0000-0000-0000-000000000000
02-08 08:46:12.811 V/CachedBluetoothDevice(21927): 00000000-0000-0000-0000-000000000000
02-08 08:46:12.811 V/CachedBluetoothDevice(21927): 00000000-0000-0000-0000-000000000000
02-08 08:46:12.811 V/CachedBluetoothDevice(21927): 00000000-0000-0000-0000-000000000000
02-08 08:46:12.811 V/CachedBluetoothDevice(21927): 00000000-0000-0000-0000-000000000000
02-08 08:46:12.811 V/CachedBluetoothDevice(21927): 00000000-0000-0000-0000-000000000000
02-08 08:46:12.811 V/CachedBluetoothDevice(21927): 00000000-0000-0000-0000-000000000000
02-08 08:46:12.811 V/CachedBluetoothDevice(21927): 00000000-0000-0000-0000-000000000000
02-08 08:46:12.811 V/CachedBluetoothDevice(21927): 00000000-0000-0000-0000-000000000000
02-08 08:46:12.811 V/CachedBluetoothDevice(21927): 00000000-0000-0000-0000-000000000000
02-08 08:46:12.811 V/CachedBluetoothDevice(21927): 00000000-0000-0000-0000-000000000000
02-08 08:46:12.811 V/CachedBluetoothDevice(21927): 00000000-0000-0000-0000-000000000000
02-08 08:46:12.813 D/PrefCtrlListHelper(21927): Could not find Context-only controller for pref: com.android.settings.connecteddevice.AddDevicePreferenceController
02-08 08:46:12.814 D/PrefCtrlListHelper(21927): Could not find Context-only controller for pref: com.android.settings.connecteddevice.PreviouslyConnectedDevicePreferenceController
02-08 08:46:12.815 D/PrefCtrlListHelper(21927): Could not find Context-only controller for pref: com.android.settings.connecteddevice.GroupPreviouslyConnectedDevicePreferenceController
02-08 08:46:12.815 D/PrefCtrlListHelper(21927): Could not find Context-only controller for pref: com.android.settings.connecteddevice.AdvancedConnectedDeviceController
02-08 08:46:12.815 D/PrefCtrlListHelper(21927): Could not find Context-only controller for pref: com.android.settings.connecteddevice.DiscoverableFooterPreferenceController
02-08 08:46:12.819 D/LocalBluetoothProfileManager(21927): getBCProfile returning: null
02-08 08:46:12.819 D/LocalBluetoothProfileManager(21927): getBCProfile returning: null
02-08 08:46:12.819 D/LocalBluetoothProfileManager(21927): getBCProfile returning: null
02-08 08:46:12.819 D/LocalBluetoothProfileManager(21927): getBCProfile returning: null
02-08 08:46:12.820 D/LocalBluetoothProfileManager(21927): getBCProfile returning: null
02-08 08:46:12.820 D/LocalBluetoothProfileManager(21927): getBCProfile returning: null
02-08 08:46:12.834 E/UserRestrictionsUtils( 1466): Unknown restriction queried by uid 1000 (com.android.location.fused et al): null
02-08 08:46:12.838 D/BluetoothDatabase( 9711): getBondedDevicesOrdered: Invalid address for device LocalStorage
02-08 08:46:12.842 W/BluetoothDatabase( 9711): Invalid metadata key 17
02-08 08:46:12.842 E/BluetoothDatabase( 9711): getCustomMeta: meta key invalid 17
02-08 08:46:12.844 D/AdaptiveHomepageIcon(21927): Setting background color -143384
02-08 08:46:12.848 D/BluetoothDatabase( 9711): getBondedDevicesOrdered: Invalid address for device LocalStorage
02-08 08:46:12.850 D/LocalBluetoothProfileManager(21927): getBCProfile returning: null
02-08 08:46:12.852 D/ConnectedDeviceFrag(21927): NO dashboard tiles for ConnectedDeviceFrag
02-08 08:46:12.852 D/ConnectedDeviceFrag(21927): All preferences added, reporting fully drawn
02-08 08:46:12.857 W/BluetoothDatabase( 9711): Invalid metadata key 17
02-08 08:46:12.857 E/BluetoothDatabase( 9711): getCustomMeta: meta key invalid 17
02-08 08:46:12.857 D/AdaptiveHomepageIcon(21927): Setting background color -143384
02-08 08:46:12.860 E/ActivityThread(21927): Failed to find provider info for com.google.android.gms.nearby.fastpair
02-08 08:46:12.860 D/LocalBluetoothManager(21927): setting foreground activity to non-null context
02-08 08:46:12.860 E/ActivityThread(21927): Failed to find provider info for com.google.android.gms.nearby.fastpair
02-08 08:46:12.861 W/SliceManager(21927): Unknown URI: content://com.google.android.gms.nearby.fastpair/device_status_list_item
02-08 08:46:12.861 D/LocalBluetoothManager(21927): setting foreground activity to non-null context
02-08 08:46:12.862 D/LocalBluetoothManager(21927): setting foreground activity to non-null context
02-08 08:46:12.864 D/LocalBluetoothManager(21927): setting foreground activity to non-null context
02-08 08:46:12.864 D/LocalBluetoothManager(21927): setting foreground activity to non-null context
02-08 08:46:12.865 D/BluetoothDatabase( 9711): getBondedDevicesOrdered: Invalid address for device LocalStorage
02-08 08:46:12.867 W/BluetoothDatabase( 9711): Invalid metadata key 17
02-08 08:46:12.867 E/BluetoothDatabase( 9711): getCustomMeta: meta key invalid 17
02-08 08:46:12.867 D/AdaptiveHomepageIcon(21927): Setting background color -143384
02-08 08:46:12.869 D/LocalBluetoothManager(21927): setting foreground activity to non-null context
02-08 08:46:12.870 D/BluetoothDatabase( 9711): getBondedDevicesOrdered: Invalid address for device LocalStorage
02-08 08:46:12.872 I/sysui_multi_action(21927): [757,747,758,1,833,0,1089,94]
02-08 08:46:12.873 I/sysui_multi_action(21927): [757,1729,758,4,854,isParalleledControllers:false,1089,95]
02-08 08:46:12.889 D/BluetoothHeadset(21927): Proxy object connected
02-08 08:46:12.895 D/BluetoothA2dp(21927): Proxy object connected
02-08 08:46:12.901 D/BluetoothDatabase( 9711): getBondedDevicesOrdered: Invalid address for device LocalStorage
02-08 08:46:12.904 D/BluetoothDatabase( 9711): getBondedDevicesOrdered: Invalid address for device LocalStorage
02-08 08:46:12.905 D/BluetoothMap(21927): Proxy object connected
02-08 08:46:12.905 D/BluetoothMap(21927): getConnectedDevices()
02-08 08:46:12.911 D/BluetoothDatabase( 9711): getBondedDevicesOrdered: Invalid address for device LocalStorage
02-08 08:46:12.913 D/BluetoothDatabase( 9711): getBondedDevicesOrdered: Invalid address for device LocalStorage
02-08 08:46:12.914 D/BluetoothHearingAid(21927): Proxy object connected
02-08 08:46:12.920 D/BluetoothDatabase( 9711): getBondedDevicesOrdered: Invalid address for device LocalStorage
02-08 08:46:12.921 D/BluetoothDatabase( 9711): getBondedDevicesOrdered: Invalid address for device LocalStorage
02-08 08:46:12.923 D/BluetoothHidHost(21927): Proxy object connected
02-08 08:46:12.923 D/BluetoothHidHostService( 9711): getDevicesMatchingConnectionStates()
02-08 08:46:12.923 D/BluetoothPan(21927): Proxy object connected
02-08 08:46:12.923 D/BluetoothSap(21927): Proxy object connected
02-08 08:46:12.923 D/BluetoothSap(21927): getConnectedDevices()
02-08 08:46:12.923 V/SapService( 9711): getConnectedDevices()
02-08 08:46:12.924 D/BluetoothPbapService( 9711): getConnectionState: 54:55:D5:0B:35:17
02-08 08:46:12.925 D/BluetoothPbapService( 9711): getConnectionState: 54:55:D5:0B:35:17
02-08 08:46:12.927 D/BluetoothPbapService( 9711): getConnectionState: 54:55:D5:0B:35:17
02-08 08:46:12.928 D/BluetoothPbapService( 9711): getConnectionState: 54:55:D5:0B:35:17
02-08 08:46:12.929 D/BluetoothDatabase( 9711): getBondedDevicesOrdered: Invalid address for device LocalStorage
02-08 08:46:12.930 D/BluetoothPbapService( 9711): getConnectionState: 54:55:D5:0B:35:17
02-08 08:46:12.931 D/BluetoothDatabase( 9711): getBondedDevicesOrdered: Invalid address for device LocalStorage
02-08 08:46:12.932 D/BluetoothPbapService( 9711): getConnectionState: 54:55:D5:0B:35:17
02-08 08:46:12.938 E/HeadsetStateMachine( 9711): returning mCurrentState as Disconnected
02-08 08:46:12.939 E/HeadsetStateMachine( 9711): returning mCurrentState as Disconnected
02-08 08:46:12.939 D/BluetoothPbapService( 9711): getConnectionState: 54:55:D5:0B:35:17
02-08 08:46:12.941 E/HeadsetStateMachine( 9711): returning mCurrentState as Disconnected
02-08 08:46:12.941 D/BluetoothPbapService( 9711): getConnectionState: 54:55:D5:0B:35:17
02-08 08:46:12.943 E/HeadsetStateMachine( 9711): returning mCurrentState as Disconnected
02-08 08:46:12.943 D/BluetoothPbapService( 9711): getConnectionState: 54:55:D5:0B:35:17
02-08 08:46:12.946 E/HeadsetStateMachine( 9711): returning mCurrentState as Disconnected
02-08 08:46:12.948 D/BluetoothPbapService( 9711): getConnectionState: 54:55:D5:0B:35:17
02-08 08:46:12.953 D/BluetoothDatabase( 9711): getBondedDevicesOrdered: Invalid address for device LocalStorage
02-08 08:46:12.955 E/HeadsetStateMachine( 9711): returning mCurrentState as Disconnected
02-08 08:46:12.956 D/BluetoothPbapService( 9711): getConnectionState: 54:55:D5:0B:35:17
02-08 08:46:12.958 D/BluetoothDatabase( 9711): getBondedDevicesOrdered: Invalid address for device LocalStorage
02-08 08:46:12.959 E/HeadsetStateMachine( 9711): returning mCurrentState as Disconnected
02-08 08:46:12.961 D/BluetoothPbapService( 9711): getConnectionState: 54:55:D5:0B:35:17
02-08 08:46:13.136 W/hpplay-java( 3302): [main]:IPManager:getActiveNets invalid networkInfo:null
02-08 08:46:13.137 I/hpplay-java( 3302): [main]:IPManager:getActiveNets eth0:false wifi:false mobile:false ap:false
02-08 08:46:13.137 I/hpplay-java( 3302): [main]:ServerTaskManager:get local ip:null
02-08 08:46:13.266 D/audio_hw_primary( 807): out_set_parameters: enter: usecase(1: low-latency-playback) kvpairs: suspend_playback=false
02-08 08:46:13.266 D/audio_hw_extn( 807): audio_extn_fm_set_parameters: Enter
02-08 08:46:13.266 D/audio_hw_primary( 807): out_standby: enter: stream (0xe37021a0) usecase(1: low-latency-playback)
01-02 02:34:58.122 I/afe_close( 0): port_id = 0x9000
02-08 08:46:13.287 D/audio_hw_primary( 807): disable_audio_route: reset and update mixer path: low-latency-playback
02-08 08:46:13.288 E/soundtrigger( 807): audio_extn_sound_trigger_update_stream_status: invalid input device 0x0, for event 2
02-08 08:46:13.288 D/soundtrigger( 807): audio_extn_sound_trigger_update_stream_status: uc_info->id 1 of type 0 for Event 2, with Raise=0
02-08 08:46:13.288 D/msm8974_platform( 807): platform_split_snd_device: snd_device(2) num devices(0) new_snd_devices(0)
02-08 08:46:13.288 I/msm8974_platform( 807): platform_get_custom_mtmx_params: no matching param with id 0 ip_ch 2 op_ch 2 uc_id 1 snd_dev 2
02-08 08:46:13.288 D/hardware_info( 807): hw_info_append_hw_type : device_name = speaker
02-08 08:46:13.288 D/audio_hw_primary( 807): disable_snd_device: snd_device(2: speaker)
02-08 08:46:13.288 D/msm8974_platform( 807): platform_split_snd_device: snd_device(2) num devices(0) new_snd_devices(0)
02-08 08:46:13.288 I/soundtrigger( 807): audio_extn_sound_trigger_update_device_status: device 0x2 of type 0 for Event 0, with Raise=0
02-08 08:46:13.288 D/audio_hw_primary( 807): out_standby: exit
02-08 08:46:13.294 D/BufferPoolAccessor2.0( 1239): evictor expired: 1, evicted: 0
02-08 08:46:13.506 I/mpu_uart( 651): [MSG-P:RECV]:No message received in 1000 ms
02-08 08:46:14.139 W/hpplay-java( 3302): [main]:IPManager:getActiveNets invalid networkInfo:null
02-08 08:46:14.139 I/hpplay-java( 3302): [main]:IPManager:getActiveNets eth0:false wifi:false mobile:false ap:false
02-08 08:46:14.139 I/hpplay-java( 3302): [main]:ServerTaskManager:get local ip:null
02-08 08:46:14.294 I/OMX-VENC: venc_dev( 1201): stats: avg. fps 34.07, bitrate 2013972
02-08 08:46:14.295 D/BufferPoolAccessor2.0( 1185): evictor expired: 1, evicted: 0
02-08 08:46:14.491 I/DashboardFragment(21927): onPreferenceTreeClick: onPreferenceTreeClick::com.android.settings.connecteddevice.AdvancedConnectedDeviceDashboardFragment
02-08 08:46:14.491 I/sysui_multi_action(21927): [757,830,758,4,833,0,854,connection_preferences,1089,0]
02-08 08:46:14.492 W/PreferenceFragment(21927): onPreferenceStartFragment is not implemented in the parent activity - attempting to use a fallback implementation. You should implement this method so that you can configure the new fragment that will be displayed, and set a transition between the fragments.
02-08 08:46:14.502 I/sysui_multi_action(21927): [757,747,758,2,1089,1631]
02-08 08:46:14.503 D/LocalBluetoothManager(21927): setting foreground activity to null
02-08 08:46:14.507 I/mpu_uart( 651): [MSG-P:RECV]:No message received in 1000 ms
02-08 08:46:14.509 W/PrintManager(21927): Feature android.software.print not available
02-08 08:46:14.510 D/PrefCtrlListHelper(21927): Could not find Context-only controller for pref: com.android.settings.connecteddevice.NfcAndPaymentFragmentController
02-08 08:46:14.511 D/PrefCtrlListHelper(21927): Could not find Context-only controller for pref: com.android.settings.wfd.WifiDisplayPreferenceController
02-08 08:46:14.517 V/MediaRouter(21927): Selecting route: RouteInfo{ name=骞虫澘鐢佃剳, description=null, status=null, category=RouteCategory{ name=绯荤粺 types=ROUTE_TYPE_LIVE_AUDIO ROUTE_TYPE_LIVE_VIDEO groupable=false }, supportedTypes=ROUTE_TYPE_LIVE_AUDIO ROUTE_TYPE_LIVE_VIDEO , presentationDisplay=Display id 2: DisplayInfo{"Recording Display", displayId 2", displayGroupId 0, FLAG_PRIVATE, FLAG_PRESENTATION, real 2380 x 1020, largest app 2380 x 2380, smallest app 1020 x 1020, appVsyncOff 0, presDeadline 16666666, mode 4, defaultMode 4, modes [{id=4, width=2380, height=1020, fps=60.0, alternativeRefreshRates=[]}], hdrCapabilities null, userDisabledHdrTypes [], minimalPostProcessingSupported false, rotation 0, state ON, type VIRTUAL, uniqueId "virtual:com.android.systemui,10081,Recording Display,0", app 2380 x 1020, density 240 (240.0 x 240.0) dpi, layerStack 2, colorMode 0, supportedColorModes [0], deviceProductInfo null, owner com.android.systemui (uid 10081), removeMode 1, refreshRateOverride 0.0, brightnessMinimum 0.0, brightnessMaximum 0.0, brightnessDefault 0.0}, DisplayMetrics{density=1.5, width=2380, height=1020, scaledDensity=1.5, xdpi=240.0, ydpi=240.0}, isValid=true }
02-08 08:46:14.517 I/MediaRouter(21927): Skip setBluetoothA2dpOn(): types=8388615, isPlaybackActive()=false, BT route=null
02-08 08:46:14.518 D/PrefCtrlListHelper(21927): Could not find Context-only controller for pref: com.android.settings.nfc.AndroidBeamPreferenceController
02-08 08:46:14.519 D/PrefCtrlListHelper(21927): Could not find Context-only controller for pref: com.android.settings.uwb.UwbPreferenceController
02-08 08:46:14.521 E/UserRestrictionsUtils( 1466): Unknown restriction queried by uid 1000 (com.android.location.fused et al): null
02-08 08:46:14.521 E/UserRestrictionsUtils( 1466): Unknown restriction queried by uid 1000 (com.android.location.fused et al): null
02-08 08:46:14.522 E/UserRestrictionsUtils( 1466): Unknown restriction queried by uid 1000 (com.android.location.fused et al): null
02-08 08:46:14.525 D/AdvancedConnectedDeviceFrag(21927): NO dashboard tiles for AdvancedConnectedDeviceFrag
02-08 08:46:14.525 D/AdvancedConnectedDeviceFrag(21927): All preferences added, reporting fully drawn
02-08 08:46:14.538 I/sysui_multi_action(21927): [757,1264,758,1,833,0,1089,33]
02-08 08:46:14.539 I/sysui_multi_action(21927): [757,1729,758,4,854,isParalleledControllers:false,1089,34]
02-08 08:46:14.648 D/RemoteControlService( 2734): startVlanDispatchThread
02-08 08:46:14.812 I/mpu_uart( 651): [MSG-P:R]:recv sync frame timeout
02-08 08:46:15.144 W/hpplay-java( 3302): [main]:IPManager:getActiveNets invalid networkInfo:null
02-08 08:46:15.145 I/hpplay-java( 3302): [main]:IPManager:getActiveNets eth0:false wifi:false mobile:false ap:false
02-08 08:46:15.145 I/hpplay-java( 3302): [main]:ServerTaskManager:get local ip:null
02-08 08:46:15.295 D/BufferPoolAccessor2.0( 1239): bufferpool2 0xb400007aaaa21188 : 0(0 size) total buffers - 0(0 size) used buffers - 94/97 (recycle/alloc) - 3/96 (fetch/transfer)
02-08 08:46:15.296 D/BufferPoolAccessor2.0( 1239): evictor expired: 1, evicted: 1
02-08 08:46:15.296 D/BufferPoolAccessor2.0( 1185): bufferpool2 0xf2242668 : 0(0 size) total buffers - 0(0 size) used buffers - 94/102 (recycle/alloc) - 8/198 (fetch/transfer)
02-08 08:46:15.296 D/BufferPoolAccessor2.0( 1185): evictor expired: 1, evicted: 1
02-08 08:46:15.306 I/OMX-VENC: venc_dev( 1201): stats: avg. fps 59.32, bitrate 3477241
02-08 08:46:15.507 I/mpu_uart( 651): [MSG-P:RECV]:No message received in 1000 ms
01-02 02:35:00.482 E/DTC_ETH,link_delay_work_func( 0): 3003, SQI=0, link=0
02-08 08:46:15.724 I/DashboardFragment(21927): onPreferenceTreeClick: onPreferenceTreeClick::com.android.settings.connecteddevice.BluetoothDashboardFragment
02-08 08:46:15.724 I/sysui_multi_action(21927): [757,830,758,4,833,0,854,bluetooth_switchbar_screen,1089,0]
02-08 08:46:15.725 W/PreferenceFragment(21927): onPreferenceStartFragment is not implemented in the parent activity - attempting to use a fallback implementation. You should implement this method so that you can configure the new fragment that will be displayed, and set a transition between the fragments.
02-08 08:46:15.737 I/sysui_multi_action(21927): [757,1264,758,2,1089,1199]
02-08 08:46:15.744 D/PrefCtrlListHelper(21927): Could not find Context-only controller for pref: com.android.settings.bluetooth.BluetoothDeviceRenamePreferenceController
02-08 08:46:15.745 D/PrefCtrlListHelper(21927): Could not find Context-only controller for pref: com.android.settings.connecteddevice.AddDevicePreferenceController
02-08 08:46:15.747 E/UserRestrictionsUtils( 1466): Unknown restriction queried by uid 1000 (com.android.location.fused et al): null
02-08 08:46:15.748 E/UserRestrictionsUtils( 1466): Unknown restriction queried by uid 1000 (com.android.location.fused et al): null
02-08 08:46:15.752 D/BluetoothDashboardFrag(21927): NO dashboard tiles for BluetoothDashboardFrag
02-08 08:46:15.752 D/BluetoothDashboardFrag(21927): All preferences added, reporting fully drawn
02-08 08:46:15.773 I/sysui_multi_action(21927): [757,853,758,4,854,null/switch_bar,1089,1]
02-08 08:46:15.780 D/AdapterProperties( 9711): Discoverable Timeout:120
02-08 08:46:15.780 D/vendor.qti.bluetooth@1.0-ibs_handler( 817): SerialClockVote: vote for UART CLK ON
02-08 08:46:15.781 I/sysui_multi_action(21927): [757,1390,758,1,833,0,1089,39]
02-08 08:46:15.781 D/vendor.qti.bluetooth@1.0-wake_lock( 817): Acquire wakelock is acquired
02-08 08:46:15.781 I/vendor.qti.bluetooth@1.0-ibs_handler( 817): DeviceWakeUp: Writing IBS_WAKE_IND
02-08 08:46:15.782 I/sysui_multi_action(21927): [757,1729,758,4,854,isParalleledControllers:false,1089,41]
02-08 08:46:15.784 D/AdapterProperties( 9711): Scan Mode:23
02-08 08:46:15.787 I/vendor.qti.bluetooth@1.0-ibs_handler( 817): ProcessIbsCmd: Received IBS_WAKE_ACK: 0xFC
02-08 08:46:15.787 I/vendor.qti.bluetooth@1.0-ibs_handler( 817): ProcessIbsCmd: Signal wack_cond_
