02-08 07:11:01.717 I/am_kill ( 1466): [0,13861,com.android.music,915,Unable to freeze binder interface]
02-08 07:11:01.750 I/am_proc_died( 1466): [0,13861,com.android.music,915,19]
02-08 07:11:01.751 I/am_uid_stopped( 1466): 10083
02-08 07:11:01.760 I/am_uid_running( 1466): 10083
02-08 07:11:01.763 I/am_pss ( 1466): [14501,10020,android.process.media,10761216,7962624,0,102400000,0,10,7]
02-08 07:11:01.770 I/am_pss ( 1466): [14053,10064,com.android.calendar,6366208,3940352,0,91750400,0,19,7]
02-08 07:11:01.777 I/am_pss ( 1466): [14009,10065,com.android.deskclock,8826880,5971968,0,95870976,0,19,6]
02-08 07:11:01.778 I/am_proc_start( 1466): [0,14908,10083,com.android.music,NULL,]
02-08 07:11:01.784 I/am_pss ( 1466): [13877,1000,com.qti.diagservices,6194176,3747840,0,93724672,0,10,6]
02-08 07:11:01.790 I/am_pss ( 1466): [4221,2000,com.android.shell,6224896,4145152,0,90578944,0,19,5]
02-08 07:11:01.796 I/am_pss ( 1466): [4200,10033,com.android.packageinstaller,7701504,5656576,0,91373568,0,19,5]
02-08 07:11:01.802 I/am_pss ( 1466): [3776,10036,com.android.managedprovisioning,9794560,7614464,0,95694848,0,19,5]
02-08 07:11:01.808 I/am_pss ( 1466): [2814,1000,com.qualcomm.qti.qdma,10018816,6610944,0,106532864,0,0,6]
02-08 07:11:01.809 I/am_proc_bound( 1466): [0,14908,com.android.music]
02-08 07:11:01.815 I/am_pss ( 1466): [2737,1000,com.thundercomm.tcservice,12385280,9969664,0,101285888,0,0,6]
02-08 07:11:01.822 I/am_pss ( 1466): [2734,1000,com.thundercomm.remotecontrolservice,22583296,19824640,0,114085888,0,0,6]
02-08 07:11:01.829 I/am_pss ( 1466): [2696,10089,com.qti.qualcomm.mstatssystemservice,5815296,3760128,0,89878528,0,0,5]
02-08 07:11:01.834 I/am_pss ( 1466): [2714,1068,com.android.se,6163456,4050944,0,91504640,0,0,5]
02-08 07:11:01.844 I/am_pss ( 1466): [2658,1000,com.thundercomm.tcsetupwizard,57222144,50446336,0,180846592,0,0,8]
02-08 07:11:01.850 I/am_pss ( 1466): [2665,1000,vendor.qti.qesdk.sysservice,5917696,3780608,0,91209728,0,0,5]
02-08 07:11:01.857 I/am_pss ( 1466): [2641,1000,com.tc.logclient,8008704,5595136,0,98234368,0,0,6]
02-08 07:11:01.864 I/am_pss ( 1466): [2629,1000,com.thundercomm.tchttpserver,23245824,21155840,0,108257280,0,0,6]
02-08 07:11:01.869 I/am_pss ( 1466): [2622,10055,.qtidataservices,6245376,4145152,0,91537408,0,0,5]
02-08 07:11:01.876 I/am_pss ( 1466): [2588,1000,com.thundercomm.microsettings,28512256,18665472,0,128520192,0,0,6]
02-08 07:11:01.882 I/am_pss ( 1466): [2586,1000,com.thundercomm.microservice,9354240,7139328,0,96083968,0,0,5]
02-08 07:11:01.890 I/am_pss ( 1466): [2568,1000,com.thundercomm.gamemode,39569408,33914880,0,147951616,0,0,7]
02-08 07:12:55.180 I/am_freeze( 1466): [14009,com.android.deskclock]
02-08 07:12:55.180 I/am_kill ( 1466): [0,14009,com.android.deskclock,915,Unable to freeze binder interface]
02-08 07:12:55.210 I/am_proc_died( 1466): [0,14009,com.android.deskclock,915,19]
02-08 07:12:55.210 I/am_uid_stopped( 1466): 10065
02-08 07:12:55.215 I/am_uid_running( 1466): 10065
02-08 07:12:55.226 I/am_pss ( 1466): [7109,1000,com.android.settings,186103808,165842944,0,333234176,0,2,12]
02-08 07:12:55.231 I/am_proc_start( 1466): [0,15040,10065,com.android.deskclock,NULL,]
02-08 07:12:55.232 I/am_pss ( 1466): [14908,10083,com.android.music,7286784,4812800,0,90861568,0,19,5]
02-08 07:12:55.238 I/am_pss ( 1466): [14501,10020,android.process.media,10735616,7962624,0,102400000,0,10,5]
02-08 07:12:55.243 I/am_pss ( 1466): [14053,10064,com.android.calendar,6355968,3940352,0,91750400,0,19,4]
02-08 07:12:55.274 I/am_proc_bound( 1466): [0,15040,com.android.deskclock]
02-08 07:13:19.906 I/am_freeze( 1466): [14053,com.android.calendar]
02-08 07:13:19.907 I/am_kill ( 1466): [0,14053,com.android.calendar,915,Unable to freeze binder interface]
02-08 07:13:19.938 I/am_proc_died( 1466): [0,14053,com.android.calendar,915,19]
02-08 07:13:19.938 I/am_uid_stopped( 1466): 10064
02-08 07:13:19.943 I/am_uid_running( 1466): 10064
02-08 07:13:19.947 I/am_pss ( 1466): [15040,10065,com.android.deskclock,8885248,6000640,0,95875072,0,19,5]
02-08 07:13:19.952 I/am_pss ( 1466): [14908,10083,com.android.music,7288832,4808704,0,90861568,0,19,4]
02-08 07:13:19.957 I/am_proc_start( 1466): [0,15084,10064,com.android.calendar,NULL,]
02-08 07:13:19.990 I/am_proc_bound( 1466): [0,15084,com.android.calendar]
02-08 07:14:58.909 I/storage_state( 1466): [41217664-9172-527a-b3d5-edabb50a7d69,0,0,116348145664,118610538496]
02-08 07:17:43.846 I/am_pss ( 1466): [6616,10049,com.thundercomm.screensaver,64855040,57188352,0,187670528,0,2,10]
02-08 07:17:43.854 I/am_pss ( 1466): [15084,10064,com.android.calendar,6350848,3952640,0,91799552,0,19,7]
02-08 07:17:43.861 I/am_pss ( 1466): [15040,10065,com.android.deskclock,8826880,6000640,0,95875072,0,19,6]
02-08 07:17:43.867 I/am_pss ( 1466): [3404,10084,com.qualcomm.qti.workloadclassifier,11552768,8871936,0,102866944,0,0,6]
02-08 07:17:43.873 I/am_pss ( 1466): [3386,10088,com.qualcomm.qti.qccnetstat,6425600,4255744,0,91951104,0,0,5]
02-08 07:17:43.879 I/am_pss ( 1466): [3380,10072,com.qualcomm.qti.services.systemhelper:systemhelper_service,6683648,4468736,0,93872128,0,0,5]
02-08 07:17:43.884 I/am_pss ( 1466): [3356,10054,.pasr,5732352,3678208,0,89366528,0,0,5]
02-08 07:17:43.889 I/am_pss ( 1466): [3333,10059,ts.car.uart,6522880,4472832,0,90443776,0,0,5]
02-08 07:17:43.895 I/am_pss ( 1466): [3302,10082,com.hht.lebocast,38238208,16613376,0,102027264,0,0,5]
02-08 07:17:43.901 I/am_pss ( 1466): [3913,10063,com.qualcomm.qti.devicestatisticsservice,5684224,3633152,0,89206784,0,0,6]
02-08 07:17:44.762 I/stream_devices_changed( 1466): [3,2,128]
02-08 07:17:44.778 I/stream_devices_changed( 1466): [6,1,128]
02-08 07:18:04.932 I/am_pss ( 1466): [15084,10064,com.android.calendar,6350848,3952640,0,91799552,0,19,8]
02-08 07:18:04.943 I/am_pss ( 1466): [14501,10020,android.process.media,10712064,7962624,0,102400000,0,10,10]
02-08 07:21:01.853 I/am_freeze( 1466): [14908,com.android.music]
02-08 07:21:01.854 I/am_kill ( 1466): [0,14908,com.android.music,925,Unable to freeze binder interface]
02-08 07:21:01.888 I/am_proc_died( 1466): [0,14908,com.android.music,925,19]
02-08 07:21:01.889 I/am_uid_stopped( 1466): 10083
02-08 07:21:01.900 I/am_pss ( 1466): [13877,1000,com.qti.diagservices,6225920,3747840,0,93724672,0,10,7]
02-08 07:21:01.900 I/am_uid_running( 1466): 10083
02-08 07:21:01.922 I/am_proc_start( 1466): [0,15635,10083,com.android.music,NULL,]
02-08 07:21:01.960 I/am_proc_bound( 1466): [0,15635,com.android.music]
02-08 07:22:10.080 I/am_pss ( 1466): [2862,10080,com.android.launcher3,113594368,101367808,0,251650048,0,2,19]
02-08 07:22:10.088 I/am_pss ( 1466): [15635,10083,com.android.music,7224320,4767744,0,90808320,0,19,7]
02-08 07:22:40.163 I/am_pss ( 1466): [15635,10083,com.android.music,7224320,4767744,0,90808320,0,19,10]
02-08 07:22:55.295 I/am_freeze( 1466): [15040,com.android.deskclock]
02-08 07:22:55.297 I/am_kill ( 1466): [0,15040,com.android.deskclock,925,Unable to freeze binder interface]
02-08 07:22:55.328 I/am_proc_died( 1466): [0,15040,com.android.deskclock,925,19]
02-08 07:22:55.329 I/am_uid_stopped( 1466): 10065
02-08 07:22:55.334 I/am_uid_running( 1466): 10065
02-08 07:22:55.353 I/am_proc_start( 1466): [0,15767,10065,com.android.deskclock,NULL,]
02-08 07:22:55.390 I/am_proc_bound( 1466): [0,15767,com.android.deskclock]
02-08 07:23:20.036 I/am_freeze( 1466): [15084,com.android.calendar]
02-08 07:23:20.037 I/am_kill ( 1466): [0,15084,com.android.calendar,915,Unable to freeze binder interface]
02-08 07:23:20.067 I/am_proc_died( 1466): [0,15084,com.android.calendar,915,19]
02-08 07:23:20.068 I/am_uid_stopped( 1466): 10064
02-08 07:23:20.073 I/am_uid_running( 1466): 10064
02-08 07:23:20.077 I/am_pss ( 1466): [15767,10065,com.android.deskclock,8873984,6000640,0,95842304,0,19,6]
02-08 07:23:20.088 I/am_proc_start( 1466): [0,15811,10064,com.android.calendar,NULL,]
02-08 07:23:20.125 I/am_proc_bound( 1466): [0,15811,com.android.calendar]
02-08 07:23:40.975 I/liblog ( 1379): 54
02-08 07:23:50.875 I/am_pss ( 1466): [15811,10064,com.android.calendar,6339584,3952640,0,91762688,0,19,11]
02-08 07:23:50.884 I/am_pss ( 1466): [15767,10065,com.android.deskclock,8815616,6000640,0,95842304,0,19,7]
02-08 07:24:10.947 I/am_pss ( 1466): [15811,10064,com.android.calendar,6339584,3952640,0,91762688,0,19,11]
02-08 07:25:51.859 I/am_pss ( 1466): [14501,10020,android.process.media,10712064,7962624,0,102400000,0,10,8]
02-08 07:29:23.761 I/am_pss ( 1466): [6616,10049,com.thundercomm.screensaver,64267264,56602624,0,187084800,0,2,14]
02-08 07:30:30.016 I/am_pss ( 1466): [7109,1000,com.android.settings,186644480,166408192,0,333856768,0,2,24]
02-08 07:31:02.066 I/am_freeze( 1466): [15635,com.android.music]
02-08 07:31:02.067 I/am_kill ( 1466): [0,15635,com.android.music,925,Unable to freeze binder interface]
02-08 07:31:02.094 I/am_proc_died( 1466): [0,15635,com.android.music,925,19]
02-08 07:31:02.095 I/am_uid_stopped( 1466): 10083
02-08 07:31:02.100 I/am_uid_running( 1466): 10083
02-08 07:31:02.117 I/am_proc_start( 1466): [0,16313,10083,com.android.music,NULL,]
02-08 07:31:02.147 I/am_proc_bound( 1466): [0,16313,com.android.music]
02-08 07:31:34.803 I/am_pss ( 1466): [16313,10083,com.android.music,7174144,4698112,0,90787840,0,19,11]
02-08 07:31:54.820 I/am_pss ( 1466): [16313,10083,com.android.music,7174144,4698112,0,90787840,0,19,10]
02-08 07:32:55.454 I/am_freeze( 1466): [15767,com.android.deskclock]
02-08 07:32:55.456 I/am_kill ( 1466): [0,15767,com.android.deskclock,925,Unable to freeze binder interface]
02-08 07:32:55.489 I/am_proc_died( 1466): [0,15767,com.android.deskclock,925,19]
02-08 07:32:55.490 I/am_uid_stopped( 1466): 10065
02-08 07:32:55.494 I/am_uid_running( 1466): 10065
02-08 07:32:55.503 I/am_pss ( 1466): [13877,1000,com.qti.diagservices,6226944,3747840,0,93724672,0,10,6]
02-08 07:32:55.511 I/am_proc_start( 1466): [0,16444,10065,com.android.deskclock,NULL,]
02-08 07:32:55.543 I/am_proc_bound( 1466): [0,16444,com.android.deskclock]
02-08 07:33:20.139 I/am_freeze( 1466): [15811,com.android.calendar]
02-08 07:33:20.140 I/am_kill ( 1466): [0,15811,com.android.calendar,915,Unable to freeze binder interface]
02-08 07:33:20.168 I/am_proc_died( 1466): [0,15811,com.android.calendar,915,19]
02-08 07:33:20.168 I/am_uid_stopped( 1466): 10064
02-08 07:33:20.172 I/am_uid_running( 1466): 10064
02-08 07:33:20.177 I/am_pss ( 1466): [16444,10065,com.android.deskclock,8844288,5963776,0,95834112,0,19,5]
02-08 07:33:20.186 I/am_proc_start( 1466): [0,16488,10064,com.android.calendar,NULL,]
02-08 07:33:20.214 I/am_proc_bound( 1466): [0,16488,com.android.calendar]
02-08 07:33:55.774 I/am_pss ( 1466): [16488,10064,com.android.calendar,6337536,3948544,0,91770880,0,19,12]
02-08 07:33:55.782 I/am_pss ( 1466): [16444,10065,com.android.deskclock,8785920,5963776,0,95834112,0,19,7]
02-08 07:35:47.046 I/am_pss ( 1466): [16488,10064,com.android.calendar,6337536,3948544,0,91770880,0,19,10]
02-08 07:36:28.115 I/auditd ( 567): type=1400 audit(0.0:1361): avc: denied { read } for comm="Binder:567_2" name="wakeup58" dev="sysfs" ino=71792 scontext=u:r:system_suspend:s0 tcontext=u:object_r:sysfs:s0 tclass=dir permissive=0
02-08 07:36:28.119 I/auditd ( 567): type=1400 audit(0.0:1362): avc: denied { read } for comm="Binder:567_2" name="wakeup4" dev="sysfs" ino=47054 scontext=u:r:system_suspend:s0 tcontext=u:object_r:sysfs:s0 tclass=dir permissive=0
02-08 07:36:28.119 I/auditd ( 567): type=1400 audit(0.0:1363): avc: denied { read } for comm="Binder:567_2" name="wakeup76" dev="sysfs" ino=76686 scontext=u:r:system_suspend:s0 tcontext=u:object_r:sysfs:s0 tclass=dir permissive=0
02-08 07:36:28.119 I/auditd ( 567): type=1400 audit(0.0:1364): avc: denied { read } for comm="Binder:567_2" name="wakeup28" dev="sysfs" ino=53259 scontext=u:r:system_suspend:s0 tcontext=u:object_r:sysfs:s0 tclass=dir permissive=0
02-08 07:36:28.119 I/auditd ( 567): type=1400 audit(0.0:1365): avc: denied { read } for comm="Binder:567_2" name="wakeup56" dev="sysfs" ino=71720 scontext=u:r:system_suspend:s0 tcontext=u:object_r:sysfs:s0 tclass=dir permissive=0
02-08 07:36:28.161 I/commit_sys_config_file( 1466): [batterystats,6]
02-08 07:36:28.162 I/commit_sys_config_file( 1466): [batterystats,1]
02-08 07:37:04.403 I/auditd (16759): type=1400 audit(0.0:1411): avc: denied { read } for comm="ls" name="/" dev="dm-5" ino=2 scontext=u:r:system_app:s0 tcontext=u:object_r:rootfs:s0 tclass=dir permissive=0
02-08 07:37:04.499 I/auditd (16765): type=1400 audit(0.0:1412): avc: denied { read } for comm="ls" name="/" dev="dm-5" ino=2 scontext=u:r:system_app:s0 tcontext=u:object_r:rootfs:s0 tclass=dir permissive=0
02-08 07:37:39.744 I/netstats_mobile_sample( 1466): [0,0,0,0,0,0,0,0,0,0,0,0,1675813059744]
02-08 07:37:39.744 I/netstats_wifi_sample( 1466): [0,0,0,0,0,0,0,0,0,0,0,0,1675813059744]
02-08 07:37:48.260 I/am_pss ( 1466): [14501,10020,android.process.media,10712064,7962624,0,102400000,0,10,11]
02-08 07:39:39.718 I/commit_sys_config_file( 1466): [appops,7356612]
02-08 07:39:49.460 I/am_pss ( 1466): [2862,10080,com.android.launcher3,113891328,101675008,0,251953152,0,2,18]
02-08 07:39:49.465 I/commit_sys_config_file( 1466): [procstats,12]
02-08 07:41:02.252 I/am_freeze( 1466): [16313,com.android.music]
02-08 07:41:02.254 I/am_kill ( 1466): [0,16313,com.android.music,925,Unable to freeze binder interface]
02-08 07:41:02.289 I/am_proc_died( 1466): [0,16313,com.android.music,925,19]
02-08 07:41:02.290 I/am_uid_stopped( 1466): 10083
02-08 07:41:02.296 I/am_uid_running( 1466): 10083
02-08 07:41:02.313 I/am_proc_start( 1466): [0,17023,10083,com.android.music,NULL,]
02-08 07:41:02.342 I/am_proc_bound( 1466): [0,17023,com.android.music]
02-08 07:41:32.363 I/am_pss ( 1466): [17023,10083,com.android.music,7244800,4788224,0,90836992,0,19,11]
02-08 07:41:34.834 I/am_freeze( 1466): [13877,com.qti.diagservices]
02-08 07:41:34.835 I/am_kill ( 1466): [0,13877,com.qti.diagservices,945,Unable to freeze binder interface]
02-08 07:41:34.857 I/am_proc_died( 1466): [0,13877,com.qti.diagservices,945,10]
02-08 07:41:34.857 I/am_schedule_service_restart( 1466): [0,com.qti.diagservices/.QTIDiagServices,1000]
02-08 07:41:35.888 I/am_proc_start( 1466): [0,17071,1000,com.qti.diagservices,service,{com.qti.diagservices/com.qti.diagservices.QTIDiagServices}]
02-08 07:41:35.941 I/am_proc_bound( 1466): [0,17071,com.qti.diagservices]
02-08 07:41:35.971 I/auditd (17071): type=1400 audit(0.0:1413): avc: denied { read write } for comm="ti.diagservices" name="diag" dev="tmpfs" ino=1124 scontext=u:r:system_app:s0 tcontext=u:object_r:vendor_diag_device:s0 tclass=chr_file permissive=0
02-08 07:42:00.428 I/am_pss ( 1466): [17071,1000,com.qti.diagservices,6216704,3760128,0,93782016,0,10,11]
02-08 07:42:00.437 I/am_pss ( 1466): [17023,10083,com.android.music,7244800,4788224,0,90836992,0,19,8]
02-08 07:42:55.628 I/am_freeze( 1466): [16444,com.android.deskclock]
02-08 07:42:55.629 I/am_kill ( 1466): [0,16444,com.android.deskclock,925,Unable to freeze binder interface]
02-08 07:42:55.659 I/am_proc_died( 1466): [0,16444,com.android.deskclock,925,19]
02-08 07:42:55.660 I/am_uid_stopped( 1466): 10065
02-08 07:42:55.664 I/am_uid_running( 1466): 10065
02-08 07:42:55.668 I/am_pss ( 1466): [17071,1000,com.qti.diagservices,6266880,3760128,0,93782016,0,10,6]
02-08 07:42:55.683 I/am_proc_start( 1466): [0,17171,10065,com.android.deskclock,NULL,]
02-08 07:42:55.717 I/am_proc_bound( 1466): [0,17171,com.android.deskclock]
02-08 07:43:20.260 I/am_freeze( 1466): [16488,com.android.calendar]
02-08 07:43:20.262 I/am_kill ( 1466): [0,16488,com.android.calendar,915,Unable to freeze binder interface]
02-08 07:43:20.290 I/am_proc_died( 1466): [0,16488,com.android.calendar,915,19]
02-08 07:43:20.291 I/am_uid_stopped( 1466): 10064
02-08 07:43:20.302 I/am_uid_running( 1466): 10064
02-08 07:43:20.306 I/am_pss ( 1466): [17171,10065,com.android.deskclock,8716288,5816320,0,95735808,0,19,8]
02-08 07:43:20.321 I/am_proc_start( 1466): [0,17214,10064,com.android.calendar,NULL,]
02-08 07:43:20.358 I/am_proc_bound( 1466): [0,17214,com.android.calendar]
02-08 07:43:36.738 I/am_pss ( 1466): [9711,1002,com.android.bluetooth,34223104,29212672,0,142860288,0,0,10]
02-08 07:44:01.369 I/am_pss ( 1466): [17214,10064,com.android.calendar,6372352,3973120,0,91828224,0,19,11]
02-08 07:44:01.380 I/am_pss ( 1466): [17171,10065,com.android.deskclock,8657920,5816320,0,95735808,0,19,8]
02-08 07:45:32.380 I/am_pss ( 1466): [17214,10064,com.android.calendar,6372352,3973120,0,91828224,0,19,11]
02-08 07:46:42.985 I/am_pss ( 1466): [6616,10049,com.thundercomm.screensaver,65613824,57786368,0,190238720,0,2,15]
02-08 07:46:59.743 I/liblog ( 1379): 31
02-08 07:48:57.383 I/am_pss ( 1466): [17071,1000,com.qti.diagservices,6216704,3760128,0,93782016,0,10,10]
02-08 07:49:49.536 I/am_freeze( 1466): [14501,android.process.media]
02-08 07:49:49.539 I/am_kill ( 1466): [0,14501,android.process.media,935,Unable to freeze binder interface]
02-08 07:49:49.563 I/am_proc_died( 1466): [0,14501,android.process.media,935,10]
02-08 07:49:49.565 I/am_schedule_service_restart( 1466): [0,com.android.mtp/.MtpService,19220624]
02-08 07:49:49.565 I/am_uid_stopped( 1466): 10020
02-08 07:50:54.759 I/am_pss ( 1466): [3710,10025,com.baidu.input,148006912,128077824,0,299380736,0,7,22]
02-08 07:50:54.769 I/am_pss ( 1466): [3420,10094,com.android.providers.media.module,23451648,18817024,0,129523712,0,0,8]
02-08 07:50:54.775 I/am_pss ( 1466): [3501,10079,com.qualcomm.location.XT,6881280,4648960,0,92971008,0,6,5]
02-08 07:50:54.780 I/am_pss ( 1466): [3103,10095,android.ext.services,11889664,6397952,0,105648128,0,5,5]
02-08 07:50:54.786 I/am_pss ( 1466): [3186,10073,com.qualcomm.location,10829824,7708672,0,104280064,0,0,5]
02-08 07:50:54.791 I/am_pss ( 1466): [2606,1001,.dataservices,8228864,6004736,0,94089216,0,0,5]
02-08 07:50:54.796 I/am_pss ( 1466): [2493,1073,com.android.networkstack.process,11438080,8523776,0,104525824,0,0,4]
02-08 07:50:54.812 I/am_pss ( 1466): [2370,10081,com.android.systemui,221584384,199200768,0,391090176,0,0,14]
02-08 07:50:54.833 I/am_pss ( 1466): [1466,1000,system,256193536,155856896,0,592666624,0,0,20]
02-08 07:51:02.418 I/am_freeze( 1466): [17023,com.android.music]
02-08 07:51:02.419 I/am_kill ( 1466): [0,17023,com.android.music,925,Unable to freeze binder interface]
02-08 07:51:02.456 I/am_proc_died( 1466): [0,17023,com.android.music,925,19]
02-08 07:51:02.457 I/am_uid_stopped( 1466): 10083
02-08 07:51:02.465 I/am_uid_running( 1466): 10083
02-08 07:51:02.485 I/am_proc_start( 1466): [0,17716,10083,com.android.music,NULL,]
02-08 07:51:02.525 I/am_proc_bound( 1466): [0,17716,com.android.music]
02-08 07:51:32.668 I/am_pss ( 1466): [17716,10083,com.android.music,7321600,4816896,0,90873856,0,19,11]
02-08 07:51:52.699 I/am_pss ( 1466): [17716,10083,com.android.music,7321600,4816896,0,90873856,0,19,10]
02-08 07:52:52.295 I/stream_devices_changed( 1466): [3,128,2]
02-08 07:52:52.306 I/stream_devices_changed( 1466): [6,128,1]
02-08 07:52:54.891 I/stream_devices_changed( 1466): [3,2,128]
02-08 07:52:54.936 I/stream_devices_changed( 1466): [6,1,128]
02-08 07:52:55.741 I/am_freeze( 1466): [17171,com.android.deskclock]
02-08 07:52:55.742 I/am_kill ( 1466): [0,17171,com.android.deskclock,925,Unable to freeze binder interface]
02-08 07:52:55.770 I/am_proc_died( 1466): [0,17171,com.android.deskclock,925,19]
02-08 07:52:55.771 I/am_uid_stopped( 1466): 10065
02-08 07:52:55.775 I/am_uid_running( 1466): 10065
02-08 07:52:55.791 I/am_proc_start( 1466): [0,17859,10065,com.android.deskclock,NULL,]
02-08 07:52:55.829 I/am_proc_bound( 1466): [0,17859,com.android.deskclock]
02-08 07:53:20.404 I/am_freeze( 1466): [17214,com.android.calendar]
02-08 07:53:20.405 I/am_kill ( 1466): [0,17214,com.android.calendar,925,Unable to freeze binder interface]
02-08 07:53:20.433 I/am_proc_died( 1466): [0,17214,com.android.calendar,925,19]
02-08 07:53:20.434 I/am_uid_stopped( 1466): 10064
02-08 07:53:20.439 I/am_uid_running( 1466): 10064
02-08 07:53:20.445 I/am_pss ( 1466): [17859,10065,com.android.deskclock,8879104,5935104,0,95817728,0,19,6]
02-08 07:53:20.454 I/am_proc_start( 1466): [0,17903,10064,com.android.calendar,NULL,]
02-08 07:53:20.482 I/am_proc_bound( 1466): [0,17903,com.android.calendar]
02-08 07:53:56.761 I/am_pss ( 1466): [17903,10064,com.android.calendar,6405120,3969024,0,91766784,0,19,11]
02-08 07:53:56.771 I/am_pss ( 1466): [17859,10065,com.android.deskclock,8817664,5935104,0,95817728,0,19,8]
02-08 07:54:36.355 I/am_pss ( 1466): [17903,10064,com.android.calendar,6405120,3969024,0,91766784,0,19,11]
02-08 07:54:57.147 I/stream_devices_changed( 1466): [3,128,2]
02-08 07:54:57.159 I/stream_devices_changed( 1466): [6,128,1]
02-08 07:54:58.808 I/stream_devices_changed( 1466): [3,2,128]
02-08 07:54:58.850 I/stream_devices_changed( 1466): [6,1,128]
02-08 07:55:04.756 I/stream_devices_changed( 1466): [3,128,2]
02-08 07:55:04.778 I/stream_devices_changed( 1466): [6,128,1]
02-08 08:01:01.007 I/liblog ( 1379): 109
02-08 08:01:02.546 I/am_freeze( 1466): [17716,com.android.music]
02-08 08:01:02.548 I/am_kill ( 1466): [0,17716,com.android.music,925,Unable to freeze binder interface]
02-08 08:01:02.574 I/am_proc_died( 1466): [0,17716,com.android.music,925,19]
02-08 08:01:02.575 I/am_uid_stopped( 1466): 10083
02-08 08:01:02.583 I/am_uid_running( 1466): 10083
02-08 08:01:02.602 I/am_proc_start( 1466): [0,18436,10083,com.android.music,NULL,]
02-08 08:01:02.621 I/am_pss ( 1466): [7109,1000,com.android.settings,188644352,168255488,0,335785984,0,2,16]
02-08 08:01:02.629 I/am_pss ( 1466): [17071,1000,com.qti.diagservices,6280192,3760128,0,93782016,0,10,7]
02-08 08:01:02.642 I/am_proc_bound( 1466): [0,18436,com.android.music]
02-08 08:02:55.847 I/am_freeze( 1466): [17859,com.android.deskclock]
02-08 08:02:55.849 I/am_kill ( 1466): [0,17859,com.android.deskclock,915,Unable to freeze binder interface]
02-08 08:02:55.882 I/am_proc_died( 1466): [0,17859,com.android.deskclock,915,19]
02-08 08:02:55.883 I/am_uid_stopped( 1466): 10065
02-08 08:02:55.890 I/am_uid_running( 1466): 10065
02-08 08:02:55.895 I/am_pss ( 1466): [18436,10083,com.android.music,7309312,4755456,0,90791936,0,19,9]
02-08 08:02:55.903 I/am_pss ( 1466): [4221,2000,com.android.shell,6284288,4145152,0,90578944,0,19,7]
02-08 08:02:55.908 I/am_pss ( 1466): [4200,10033,com.android.packageinstaller,7755776,5656576,0,91373568,0,19,5]
02-08 08:02:55.909 I/am_proc_start( 1466): [0,18567,10065,com.android.deskclock,NULL,]
02-08 08:02:55.914 I/am_pss ( 1466): [3776,10036,com.android.managedprovisioning,9856000,7614464,0,95694848,0,19,5]
02-08 08:02:55.920 I/am_pss ( 1466): [2814,1000,com.qualcomm.qti.qdma,10087424,6610944,0,106532864,0,0,4]
02-08 08:02:55.926 I/am_pss ( 1466): [2737,1000,com.thundercomm.tcservice,13908992,11431936,0,102752256,0,0,5]
02-08 08:02:55.933 I/am_pss ( 1466): [2734,1000,com.thundercomm.remotecontrolservice,29704192,26886144,0,121143296,0,0,7]
02-08 08:02:55.939 I/am_pss ( 1466): [2696,10089,com.qti.qualcomm.mstatssystemservice,5874688,3760128,0,89878528,0,0,5]
02-08 08:02:55.941 I/am_proc_bound( 1466): [0,18567,com.android.deskclock]
02-08 08:02:55.944 I/am_pss ( 1466): [2714,1068,com.android.se,6222848,4050944,0,91504640,0,0,5]
02-08 08:02:55.954 I/am_pss ( 1466): [2658,1000,com.thundercomm.tcsetupwizard,57310208,50446336,0,180846592,0,0,8]
02-08 08:02:55.960 I/am_pss ( 1466): [2665,1000,vendor.qti.qesdk.sysservice,5967872,3780608,0,91209728,0,0,6]
02-08 08:02:55.966 I/am_pss ( 1466): [2641,1000,com.tc.logclient,8107008,5636096,0,98275328,0,0,4]
02-08 08:02:55.972 I/am_pss ( 1466): [2629,1000,com.thundercomm.tchttpserver,31745024,29601792,0,116699136,0,0,6]
02-08 08:02:55.978 I/am_pss ( 1466): [2622,10055,.qtidataservices,6294528,4145152,0,91537408,0,0,5]
02-08 08:02:55.984 I/am_pss ( 1466): [2588,1000,com.thundercomm.microsettings,28568576,18665472,0,128520192,0,0,6]
02-08 08:02:55.990 I/am_pss ( 1466): [2586,1000,com.thundercomm.microservice,9406464,7139328,0,96083968,0,0,5]
02-08 08:02:55.997 I/am_pss ( 1466): [2568,1000,com.thundercomm.gamemode,39627776,33914880,0,147951616,0,0,7]
02-08 08:03:20.529 I/am_freeze( 1466): [17903,com.android.calendar]
02-08 08:03:20.530 I/am_kill ( 1466): [0,17903,com.android.calendar,915,Unable to freeze binder interface]
02-08 08:03:20.561 I/am_proc_died( 1466): [0,17903,com.android.calendar,915,19]
02-08 08:03:20.562 I/am_uid_stopped( 1466): 10064
02-08 08:03:20.568 I/am_uid_running( 1466): 10064
02-08 08:03:20.571 I/am_pss ( 1466): [18567,10065,com.android.deskclock,8922112,5984256,0,95838208,0,19,6]
02-08 08:03:20.576 I/am_pss ( 1466): [18436,10083,com.android.music,7289856,4755456,0,90791936,0,19,5]
02-08 08:03:20.582 I/am_proc_start( 1466): [0,18611,10064,com.android.calendar,NULL,]
02-08 08:03:20.615 I/am_proc_bound( 1466): [0,18611,com.android.calendar]
02-08 08:06:28.111 I/auditd ( 567): type=1400 audit(0.0:1414): avc: denied { read } for comm="Binder:567_2" name="wakeup58" dev="sysfs" ino=71792 scontext=u:r:system_suspend:s0 tcontext=u:object_r:sysfs:s0 tclass=dir permissive=0
02-08 08:06:28.115 I/auditd ( 567): type=1400 audit(0.0:1415): avc: denied { read } for comm="Binder:567_2" name="wakeup4" dev="sysfs" ino=47054 scontext=u:r:system_suspend:s0 tcontext=u:object_r:sysfs:s0 tclass=dir permissive=0
02-08 08:06:28.115 I/auditd ( 567): type=1400 audit(0.0:1416): avc: denied { read } for comm="Binder:567_2" name="wakeup76" dev="sysfs" ino=76686 scontext=u:r:system_suspend:s0 tcontext=u:object_r:sysfs:s0 tclass=dir permissive=0
02-08 08:06:28.115 I/auditd ( 567): type=1400 audit(0.0:1417): avc: denied { read } for comm="Binder:567_2" name="wakeup28" dev="sysfs" ino=53259 scontext=u:r:system_suspend:s0 tcontext=u:object_r:sysfs:s0 tclass=dir permissive=0
02-08 08:06:28.115 I/auditd ( 567): type=1400 audit(0.0:1418): avc: denied { read } for comm="Binder:567_2" name="wakeup56" dev="sysfs" ino=71720 scontext=u:r:system_suspend:s0 tcontext=u:object_r:sysfs:s0 tclass=dir permissive=0
02-08 08:06:28.115 I/auditd ( 567): type=1400 audit(0.0:1419): avc: denied { read } for comm="Binder:567_2" name="wakeup2" dev="sysfs" ino=46578 scontext=u:r:system_suspend:s0 tcontext=u:object_r:sysfs:s0 tclass=dir permissive=0
02-08 08:06:28.115 I/auditd ( 567): type=1400 audit(0.0:1420): avc: denied { read } for comm="Binder:567_2" name="wakeup36" dev="sysfs" ino=62492 scontext=u:r:system_suspend:s0 tcontext=u:object_r:sysfs:s0 tclass=dir permissive=0
02-08 08:06:28.151 I/commit_sys_config_file( 1466): [batterystats,6]
02-08 08:06:28.153 I/commit_sys_config_file( 1466): [batterystats,1]
02-08 08:07:04.443 I/auditd (18880): type=1400 audit(0.0:1464): avc: denied { read } for comm="ls" name="/" dev="dm-5" ino=2 scontext=u:r:system_app:s0 tcontext=u:object_r:rootfs:s0 tclass=dir permissive=0
02-08 08:07:04.535 I/auditd (18886): type=1400 audit(0.0:1465): avc: denied { read } for comm="ls" name="/" dev="dm-5" ino=2 scontext=u:r:system_app:s0 tcontext=u:object_r:rootfs:s0 tclass=dir permissive=0
02-08 08:09:49.485 I/commit_sys_config_file( 1466): [appops,9166380]
02-08 08:10:19.757 I/netstats_mobile_sample( 1466): [0,0,0,0,0,0,0,0,0,0,0,0,1675815019756]
02-08 08:10:19.757 I/netstats_wifi_sample( 1466): [0,0,0,0,0,0,0,0,0,0,0,0,1675815019756]
02-08 08:10:19.763 I/am_pss ( 1466): [2862,10080,com.android.launcher3,114466816,102162432,0,252440576,0,2,16]
02-08 08:10:19.769 I/commit_sys_config_file( 1466): [procstats,16]
02-08 08:11:02.657 I/am_freeze( 1466): [18436,com.android.music]
02-08 08:11:02.659 I/am_kill ( 1466): [0,18436,com.android.music,915,Unable to freeze binder interface]
02-08 08:11:02.695 I/am_proc_died( 1466): [0,18436,com.android.music,915,19]
02-08 08:11:02.696 I/am_uid_stopped( 1466): 10083
02-08 08:11:02.704 I/am_uid_running( 1466): 10083
02-08 08:11:02.710 I/am_pss ( 1466): [18611,10064,com.android.calendar,6449152,3956736,0,91758592,0,19,7]
02-08 08:11:02.718 I/am_pss ( 1466): [18567,10065,com.android.deskclock,8886272,5984256,0,95838208,0,19,7]
02-08 08:11:02.722 I/am_proc_start( 1466): [0,19144,10083,com.android.music,NULL,]
02-08 08:11:02.726 I/am_pss ( 1466): [3404,10084,com.qualcomm.qti.workloadclassifier,11637760,8871936,0,102866944,0,0,6]
02-08 08:11:02.732 I/am_pss ( 1466): [3386,10088,com.qualcomm.qti.qccnetstat,6497280,4255744,0,91951104,0,0,5]
02-08 08:11:02.738 I/am_pss ( 1466): [3380,10072,com.qualcomm.qti.services.systemhelper:systemhelper_service,6753280,4468736,0,93872128,0,0,5]
02-08 08:11:02.743 I/am_pss ( 1466): [3356,10054,.pasr,5796864,3678208,0,89366528,0,0,5]
02-08 08:11:02.749 I/am_pss ( 1466): [3333,10059,ts.car.uart,6584320,4472832,0,90443776,0,0,5]
02-08 08:11:02.756 I/am_pss ( 1466): [3302,10082,com.hht.lebocast,38729728,17080320,0,102502400,0,0,6]
02-08 08:11:02.756 I/am_proc_bound( 1466): [0,19144,com.android.music]
02-08 08:11:02.761 I/am_pss ( 1466): [3913,10063,com.qualcomm.qti.devicestatisticsservice,5738496,3633152,0,89206784,0,0,5]
02-08 08:12:56.014 I/am_freeze( 1466): [18567,com.android.deskclock]
02-08 08:12:56.016 I/am_kill ( 1466): [0,18567,com.android.deskclock,915,Unable to freeze binder interface]
02-08 08:12:56.050 I/am_proc_died( 1466): [0,18567,com.android.deskclock,915,19]
02-08 08:12:56.052 I/am_uid_stopped( 1466): 10065
02-08 08:12:56.059 I/am_uid_running( 1466): 10065
02-08 08:12:56.064 I/am_pss ( 1466): [6616,10049,com.thundercomm.screensaver,65491968,57528320,0,190115840,0,2,9]
02-08 08:12:56.069 I/am_pss ( 1466): [19144,10083,com.android.music,7248896,4698112,0,90763264,0,19,4]
02-08 08:12:56.074 I/am_proc_start( 1466): [0,19274,10065,com.android.deskclock,NULL,]
02-08 08:12:56.074 I/am_pss ( 1466): [18611,10064,com.android.calendar,6423552,3956736,0,91758592,0,19,5]
02-08 08:12:56.080 I/am_pss ( 1466): [17071,1000,com.qti.diagservices,6282240,3760128,0,93782016,0,10,5]
02-08 08:12:56.115 I/am_proc_bound( 1466): [0,19274,com.android.deskclock]
02-08 08:13:20.663 I/am_freeze( 1466): [18611,com.android.calendar]
02-08 08:13:20.665 I/am_kill ( 1466): [0,18611,com.android.calendar,915,Unable to freeze binder interface]
02-08 08:13:20.695 I/am_proc_died( 1466): [0,18611,com.android.calendar,915,19]
02-08 08:13:20.695 I/am_uid_stopped( 1466): 10064
02-08 08:13:20.701 I/am_uid_running( 1466): 10064
02-08 08:13:20.705 I/am_pss ( 1466): [19274,10065,com.android.deskclock,8864768,5914624,0,95805440,0,19,6]
02-08 08:13:20.711 I/am_pss ( 1466): [19144,10083,com.android.music,7249920,4698112,0,90763264,0,19,6]
02-08 08:13:20.717 I/am_proc_start( 1466): [0,19317,10064,com.android.calendar,NULL,]
02-08 08:13:20.761 I/am_proc_bound( 1466): [0,19317,com.android.calendar]
02-08 08:15:01.035 I/liblog ( 1379): 248
02-08 08:15:01.035 I/liblog ( 1379): 7
02-08 08:21:02.849 I/am_freeze( 1466): [19144,com.android.music]
02-08 08:21:02.851 I/am_kill ( 1466): [0,19144,com.android.music,915,Unable to freeze binder interface]
02-08 08:21:02.875 I/am_proc_died( 1466): [0,19144,com.android.music,915,19]
02-08 08:21:02.876 I/am_uid_stopped( 1466): 10083
02-08 08:21:02.884 I/am_uid_running( 1466): 10083
02-08 08:21:02.902 I/am_proc_start( 1466): [0,19821,10083,com.android.music,NULL,]
02-08 08:21:02.910 I/am_pss ( 1466): [19317,10064,com.android.calendar,6430720,3973120,0,91791360,0,19,6]
02-08 08:21:02.917 I/am_pss ( 1466): [19274,10065,com.android.deskclock,8819712,5914624,0,95805440,0,19,6]
02-08 08:21:02.932 I/am_proc_bound( 1466): [0,19821,com.android.music]
02-08 08:22:56.159 I/am_freeze( 1466): [17071,com.qti.diagservices]
02-08 08:22:56.162 I/am_freeze( 1466): [19274,com.android.deskclock]
02-08 08:22:56.163 I/am_kill ( 1466): [0,17071,com.qti.diagservices,925,Unable to freeze binder interface]
02-08 08:22:56.167 I/am_kill ( 1466): [0,19274,com.android.deskclock,915,Unable to freeze binder interface]
02-08 08:22:56.188 I/am_proc_died( 1466): [0,17071,com.qti.diagservices,925,10]
02-08 08:22:56.189 I/am_schedule_service_restart( 1466): [0,com.qti.diagservices/.QTIDiagServices,1000]
02-08 08:22:56.192 I/am_proc_died( 1466): [0,19274,com.android.deskclock,915,19]
02-08 08:22:56.192 I/am_uid_stopped( 1466): 10065
02-08 08:22:56.195 I/am_uid_running( 1466): 10065
02-08 08:22:56.199 I/am_pss ( 1466): [19821,10083,com.android.music,7335936,4698112,0,90800128,0,19,6]
02-08 08:22:56.204 I/am_pss ( 1466): [19317,10064,com.android.calendar,6504448,3973120,0,91791360,0,19,4]
02-08 08:22:56.209 I/am_proc_start( 1466): [0,19954,10065,com.android.deskclock,NULL,]
02-08 08:22:56.245 I/am_proc_bound( 1466): [0,19954,com.android.deskclock]
02-08 08:22:57.223 I/am_proc_start( 1466): [0,19971,1000,com.qti.diagservices,service,{com.qti.diagservices/com.qti.diagservices.QTIDiagServices}]
02-08 08:22:57.264 I/am_proc_bound( 1466): [0,19971,com.qti.diagservices]
02-08 08:22:57.291 I/auditd (19971): type=1400 audit(0.0:1466): avc: denied { read write } for comm="ti.diagservices" name="diag" dev="tmpfs" ino=1124 scontext=u:r:system_app:s0 tcontext=u:object_r:vendor_diag_device:s0 tclass=chr_file permissive=0
02-08 08:23:20.807 I/am_freeze( 1466): [19317,com.android.calendar]
02-08 08:23:20.810 I/am_kill ( 1466): [0,19317,com.android.calendar,915,Unable to freeze binder interface]
02-08 08:23:20.840 I/am_proc_died( 1466): [0,19317,com.android.calendar,915,19]
02-08 08:23:20.840 I/am_uid_stopped( 1466): 10064
02-08 08:23:20.844 I/am_uid_running( 1466): 10064
02-08 08:23:20.848 I/am_pss ( 1466): [19971,1000,com.qti.diagservices,6244352,3690496,0,93745152,0,10,5]
02-08 08:23:20.853 I/am_pss ( 1466): [19954,10065,com.android.deskclock,8799232,5885952,0,95772672,0,19,5]
02-08 08:23:20.858 I/am_proc_start( 1466): [0,20014,10064,com.android.calendar,NULL,]
02-08 08:23:20.859 I/am_pss ( 1466): [19821,10083,com.android.music,7248896,4698112,0,90800128,0,19,5]
02-08 08:23:20.898 I/am_proc_bound( 1466): [0,20014,com.android.calendar]
02-08 08:31:03.035 I/am_freeze( 1466): [19821,com.android.music]
02-08 08:31:03.037 I/am_kill ( 1466): [0,19821,com.android.music,915,Unable to freeze binder interface]
02-08 08:31:03.066 I/am_proc_died( 1466): [0,19821,com.android.music,915,19]
02-08 08:31:03.067 I/am_uid_stopped( 1466): 10083
02-08 08:31:03.072 I/am_uid_running( 1466): 10083
02-08 08:31:03.074 I/am_pss ( 1466): [20014,10064,com.android.calendar,6470656,3973120,0,91807744,0,19,5]
02-08 08:31:03.079 I/am_pss ( 1466): [19971,1000,com.qti.diagservices,6224896,3690496,0,93745152,0,10,5]
02-08 08:31:03.085 I/am_pss ( 1466): [19954,10065,com.android.deskclock,8784896,5885952,0,95772672,0,19,5]
02-08 08:31:03.085 I/am_proc_start( 1466): [0,20514,10083,com.android.music,NULL,]
02-08 08:31:03.129 I/am_proc_bound( 1466): [0,20514,com.android.music]
02-08 08:32:56.260 I/am_freeze( 1466): [19954,com.android.deskclock]
02-08 08:32:56.261 I/am_kill ( 1466): [0,19954,com.android.deskclock,915,Unable to freeze binder interface]
02-08 08:32:56.290 I/am_proc_died( 1466): [0,19954,com.android.deskclock,915,19]
02-08 08:32:56.290 I/am_uid_stopped( 1466): 10065
02-08 08:32:56.299 I/am_pss ( 1466): [20514,10083,com.android.music,7284736,4702208,0,90800128,0,19,6]
02-08 08:32:56.304 I/am_pss ( 1466): [20014,10064,com.android.calendar,6477824,3973120,0,91807744,0,19,5]
02-08 08:33:20.912 I/am_freeze( 1466): [20014,com.android.calendar]
02-08 08:33:20.914 I/am_kill ( 1466): [0,20014,com.android.calendar,915,Unable to freeze binder interface]
02-08 08:33:20.946 I/am_proc_died( 1466): [0,20014,com.android.calendar,915,19]
02-08 08:33:20.946 I/am_uid_stopped( 1466): 10064
02-08 08:33:20.955 I/am_pss ( 1466): [20514,10083,com.android.music,7341056,4702208,0,90800128,0,19,6]
02-08 08:35:59.767 I/input_interaction( 1466): Interaction with: f3ccbda com.thundercomm.screensaver/android.service.dreams.DreamActivity (server), edge-swipe (server), swipe-up (server), PointerEventDispatcher0 (server),
02-08 08:35:59.769 I/wm_finish_activity( 1466): [0,61239502,31,com.thundercomm.screensaver/android.service.dreams.DreamActivity,finish-activity]
02-08 08:35:59.769 I/wm_task_moved( 1466): [18,1,6]
02-08 08:35:59.769 I/wm_task_to_front( 1466): [0,18]
02-08 08:35:59.771 I/wm_focused_root_task( 1466): [0,0,18,31,finish-top adjustFocusToNextFocusableTask]
02-08 08:35:59.773 I/wm_pause_activity( 1466): [0,61239502,com.thundercomm.screensaver/android.service.dreams.DreamActivity,userLeaving=false,finish]
02-08 08:35:59.779 I/wm_on_top_resumed_lost_called( 6616): [61239502,android.service.dreams.DreamActivity,topStateChangedWhenResumed]
02-08 08:35:59.781 I/sysui_multi_action( 1466): [757,803,799,window_time_0,802,7083]
02-08 08:35:59.781 I/wm_on_paused_called( 6616): [61239502,android.service.dreams.DreamActivity,performPause]
02-08 08:35:59.782 I/wm_add_to_stopping( 1466): [0,61239502,com.thundercomm.screensaver/android.service.dreams.DreamActivity,completeFinishing]
02-08 08:35:59.788 I/wm_set_resumed_activity( 1466): [0,com.android.settings/.Settings,resumeTopActivityInnerLocked]
02-08 08:35:59.791 I/wm_resume_activity( 1466): [0,101732248,18,com.android.settings/.Settings]
02-08 08:35:59.796 I/wm_on_resume_called( 7109): [101732248,com.android.settings.Settings,RESUME_ACTIVITY]
02-08 08:35:59.797 I/sysui_multi_action( 7109): [757,35,758,1,833,0,1089,0]
02-08 08:35:59.800 I/sysui_multi_action( 7109): [757,747,758,1,833,0,1089,0]
02-08 08:35:59.805 I/wm_destroy_activity( 1466): [0,61239502,31,com.thundercomm.screensaver/android.service.dreams.DreamActivity,finish-imm:idle]
02-08 08:35:59.806 I/input_focus( 1466): [Focus request a3caed1 com.android.settings/com.android.settings.Settings,reason=UpdateInputWindows]
02-08 08:35:59.809 I/wm_on_top_resumed_gained_called( 7109): [101732248,com.android.settings.Settings,topWhenResuming]
02-08 08:35:59.809 I/input_focus( 1466): [Focus leaving f3ccbda com.thundercomm.screensaver/android.service.dreams.DreamActivity (server),reason=NO_WINDOW]
02-08 08:35:59.810 I/sysui_multi_action( 1466): [757,803,799,window_time_0,802,0]
02-08 08:35:59.815 I/wm_on_stop_called( 6616): [61239502,android.service.dreams.DreamActivity,LIFECYCLER_STOP_ACTIVITY]
02-08 08:35:59.816 I/wm_on_destroy_called( 6616): [61239502,android.service.dreams.DreamActivity,performDestroy]
02-08 08:35:59.816 I/input_interaction( 1466): Interaction with: edge-swipe (server), swipe-up (server), PointerEventDispatcher0 (server),
02-08 08:35:59.821 I/am_uid_running( 1466): 10068
02-08 08:35:59.823 I/sysui_multi_action( 1466): [757,222,758,2]
02-08 08:35:59.823 I/sysui_multi_action( 1466): [757,804,799,dreaming_minutes,801,118,802,1]
02-08 08:35:59.830 I/input_focus( 1466): [Focus entering a3caed1 com.android.settings/com.android.settings.Settings (server),reason=setFocusedWindow]
02-08 08:35:59.831 I/am_pss ( 1466): [9711,1002,com.android.bluetooth,40710144,35508224,0,148996096,0,0,8]
02-08 08:35:59.834 I/am_proc_start( 1466): [0,20850,10068,com.thundercomm.gamemode.provider,content provider,{com.thundercomm.gamemode.provider/com.thundercomm.gamemode.provider.SettingsProvider}]
02-08 08:35:59.843 I/wm_task_removed( 1466): [31,removeChild:removeChild last r=ActivityRecord{3a670ce u0 com.thundercomm.screensaver/android.service.dreams.DreamActivity t-1 f}} in t=Task{b888c71 #31 type=dream A=10049:android:com.thundercomm.screensaver/dream U=0 visible=false mode=fullscreen translucent=true sz=0}]
02-08 08:35:59.843 I/wm_task_removed( 1466): [31,removeChild]
02-08 08:35:59.849 I/am_proc_bound( 1466): [0,20850,com.thundercomm.gamemode.provider]
02-08 08:35:59.851 I/am_uid_active( 1466): 10068
02-08 08:36:01.607 I/input_interaction( 1466): Interaction with: a3caed1 com.android.settings/com.android.settings.Settings (server), 8682221 com.android.systemui.ImageWallpaper (server), edge-swipe (server), swipe-up (server), PointerEventDispatcher0 (server),
02-08 08:36:01.659 I/view_enqueue_input_event( 7109): [Motion - Cancel,com.android.settings/com.android.settings.Settings]
02-08 08:36:01.672 I/input_interaction( 1466): Interaction with: edge-swipe (server), swipe-up (server), PointerEventDispatcher0 (server),
02-08 08:36:01.798 I/sysui_multi_action( 1466): [757,803,799,key_back_press,802,1]
02-08 08:36:01.800 I/input_interaction( 1466): Interaction with: a3caed1 com.android.settings/com.android.settings.Settings (server), PointerEventDispatcher0 (server),
02-08 08:36:01.803 I/wm_task_moved( 1466): [18,0,0]
02-08 08:36:01.808 I/wm_focused_root_task( 1466): [0,0,1,18,moveTaskToBackLocked]
02-08 08:36:01.808 I/wm_add_to_stopping( 1466): [0,101732248,com.android.settings/.Settings,makeInvisible]
02-08 08:36:01.810 I/wm_pause_activity( 1466): [0,101732248,com.android.settings/.Settings,userLeaving=false,pauseBackTasks]
02-08 08:36:01.811 I/wm_set_resumed_activity( 1466): [0,com.android.launcher3/.uioverrides.QuickstepLauncher,resumeTopActivityInnerLocked]
02-08 08:36:01.813 I/wm_resume_activity( 1466): [0,163962840,10,com.android.launcher3/.uioverrides.QuickstepLauncher]
02-08 08:36:01.814 I/wm_on_resume_called( 2862): [163962840,com.android.launcher3.uioverrides.QuickstepLauncher,RESUME_ACTIVITY]
02-08 08:36:01.814 I/wm_on_top_resumed_lost_called( 7109): [101732248,com.android.settings.Settings,topStateChangedWhenResumed]
02-08 08:36:01.814 I/input_focus( 1466): [Focus request 75d5c14 com.android.launcher3/com.android.launcher3.uioverrides.QuickstepLauncher,reason=UpdateInputWindows]
02-08 08:36:01.826 I/sysui_multi_action( 1466): [757,803,799,window_time_0,802,2]
02-08 08:36:01.826 I/sysui_multi_action( 7109): [757,35,758,2,1089,2030]
02-08 08:36:01.827 I/sysui_multi_action( 7109): [757,747,758,2,1089,2027]
02-08 08:36:01.828 I/wm_on_paused_called( 7109): [101732248,com.android.settings.Settings,performPause]
02-08 08:36:01.828 I/am_uid_running( 1466): 10065
02-08 08:36:01.829 I/am_uid_running( 1466): 10064
02-08 08:36:01.833 I/input_focus( 1466): [Focus leaving a3caed1 com.android.settings/com.android.settings.Settings (server),reason=NO_WINDOW]
02-08 08:36:01.834 I/wm_on_top_resumed_gained_called( 2862): [163962840,com.android.launcher3.uioverrides.QuickstepLauncher,topStateChangedWhenResumed]
02-08 08:36:01.834 I/input_focus( 1466): [Focus entering 75d5c14 com.android.launcher3/com.android.launcher3.uioverrides.QuickstepLauncher (server),reason=setFocusedWindow]
02-08 08:36:01.836 I/am_proc_start( 1466): [0,20879,10065,com.android.deskclock,NULL,]
02-08 08:36:01.844 I/am_proc_start( 1466): [0,20880,10064,com.android.calendar,NULL,]
02-08 08:36:01.858 I/am_proc_bound( 1466): [0,20880,com.android.calendar]
02-08 08:36:01.860 I/am_proc_bound( 1466): [0,20879,com.android.deskclock]
02-08 08:36:02.775 I/input_interaction( 1466): Interaction with: 75d5c14 com.android.launcher3/com.android.launcher3.uioverrides.QuickstepLauncher (server), 8682221 com.android.systemui.ImageWallpaper (server), edge-swipe (server), swipe-up (server), PointerEventDispatcher0 (server),
02-08 08:36:04.819 I/view_enqueue_input_event( 2862): [Motion - Cancel,com.android.launcher3/com.android.launcher3.uioverrides.QuickstepLauncher]
02-08 08:36:04.831 I/input_interaction( 1466): Interaction with: edge-swipe (server), swipe-up (server), PointerEventDispatcher0 (server),
02-08 08:36:04.999 I/commit_sys_config_file( 1466): [settings-1-0,3]
02-08 08:36:05.244 I/commit_sys_config_file( 1466): [settings-1-0,4]
02-08 08:36:05.425 I/input_interaction( 1466): Interaction with: 75d5c14 com.android.launcher3/com.android.launcher3.uioverrides.QuickstepLauncher (server), 8682221 com.android.systemui.ImageWallpaper (server), edge-swipe (server), swipe-up (server), PointerEventDispatcher0 (server),
02-08 08:36:05.433 I/wm_task_moved( 1466): [1,0,0]
02-08 08:36:05.434 I/wm_on_top_resumed_lost_called( 2862): [163962840,com.android.launcher3.uioverrides.QuickstepLauncher,topStateChangedWhenResumed]
02-08 08:36:05.436 I/wm_pause_activity( 1466): [0,163962840,com.android.launcher3/.uioverrides.QuickstepLauncher,userLeaving=false,pauseBackTasks]
02-08 08:36:05.437 I/wm_add_to_stopping( 1466): [0,163962840,com.android.launcher3/.uioverrides.QuickstepLauncher,makeInvisible]
02-08 08:36:05.447 I/input_focus( 1466): [Focus request a3caed1 com.android.settings/com.android.settings.Settings,reason=UpdateInputWindows]
02-08 08:36:05.450 I/wm_on_paused_called( 2862): [163962840,com.android.launcher3.uioverrides.QuickstepLauncher,performPause]
02-08 08:36:05.454 I/wm_set_resumed_activity( 1466): [0,com.android.settings/.Settings,resumeTopActivityInnerLocked]
02-08 08:36:05.455 I/wm_resume_activity( 1466): [0,101732248,18,com.android.settings/.Settings]
02-08 08:36:05.456 I/input_focus( 1466): [Focus leaving 75d5c14 com.android.launcher3/com.android.launcher3.uioverrides.QuickstepLauncher (server),reason=NO_WINDOW]
02-08 08:36:05.456 I/input_focus( 1466): [Focus entering a3caed1 com.android.settings/com.android.settings.Settings (server),reason=setFocusedWindow]
02-08 08:36:05.461 I/wm_stop_activity( 1466): [0,163962840,com.android.launcher3/.uioverrides.QuickstepLauncher]
02-08 08:36:05.461 I/view_enqueue_input_event( 2862): [Motion - Cancel,com.android.launcher3/com.android.launcher3.uioverrides.QuickstepLauncher]
02-08 08:36:05.462 I/sysui_multi_action( 1466): [757,803,799,window_time_0,802,4]
02-08 08:36:05.464 I/input_interaction( 1466): Interaction with: 8682221 com.android.systemui.ImageWallpaper (server), edge-swipe (server), swipe-up (server), PointerEventDispatcher0 (server),
02-08 08:36:05.471 I/am_pss ( 1466): [19971,1000,com.qti.diagservices,6141952,3690496,0,93745152,0,10,6]
02-08 08:36:05.471 I/wm_on_resume_called( 7109): [101732248,com.android.settings.Settings,RESUME_ACTIVITY]
02-08 08:36:05.472 I/sysui_multi_action( 7109): [757,35,758,1,833,0,1089,0]
02-08 08:36:05.473 I/sysui_multi_action( 7109): [757,747,758,1,833,0,1089,0]
02-08 08:36:05.475 I/wm_on_top_resumed_gained_called( 7109): [101732248,com.android.settings.Settings,topWhenResuming]
02-08 08:36:05.481 I/wm_on_stop_called( 2862): [163962840,com.android.launcher3.uioverrides.QuickstepLauncher,STOP_ACTIVITY_ITEM]
02-08 08:36:06.401 I/input_interaction( 1466): Interaction with: a3caed1 com.android.settings/com.android.settings.Settings (server), edge-swipe (server), swipe-up (server), PointerEventDispatcher0 (server),
02-08 08:36:06.417 I/wm_task_moved( 1466): [1,0,0]
02-08 08:36:06.418 I/wm_task_moved( 1466): [1,0,0]
02-08 08:36:06.427 I/view_enqueue_input_event( 7109): [Motion - Cancel,com.android.settings/com.android.settings.Settings]
02-08 08:36:06.432 I/input_focus( 1466): [Focus request recents_animation_input_consumer,reason=UpdateInputWindows]
02-08 08:36:06.440 I/input_interaction( 1466): Interaction with: edge-swipe (server), swipe-up (server), PointerEventDispatcher0 (server),
02-08 08:36:06.440 I/wm_on_restart_called( 2862): [163962840,com.android.launcher3.uioverrides.QuickstepLauncher,performRestartActivity]
02-08 08:36:06.441 I/input_focus( 1466): [Focus leaving a3caed1 com.android.settings/com.android.settings.Settings (server),reason=NOT_FOCUSABLE]
02-08 08:36:06.441 I/input_focus( 1466): [Focus entering recents_animation_input_consumer (server),reason=setFocusedWindow]
02-08 08:36:06.455 I/wm_on_start_called( 2862): [163962840,com.android.launcher3.uioverrides.QuickstepLauncher,handleStartActivity]
02-08 08:36:06.464 I/sysui_latency( 2862): [1,63]
02-08 08:36:06.480 I/sysui_multi_action( 1466): [319,9,322,54,325,10778,757,761,758,9,759,5,806,com.android.launcher3,871,com.android.launcher3.uioverrides.QuickstepLauncher,905,0,1320,8,1321,5]
02-08 08:36:06.655 I/commit_sys_config_file( 1466): [settings-1-0,4]
02-08 08:36:06.773 I/sysui_latency( 1466): [8,67]
02-08 08:36:06.930 I/commit_sys_config_file( 1466): [settings-1-0,3]
02-08 08:36:07.380 I/wm_task_moved( 1466): [1,1,6]
02-08 08:36:07.380 I/wm_task_moved( 1466): [10,1,2147483647]
02-08 08:36:07.380 I/wm_task_to_front( 1466): [0,10]
02-08 08:36:07.380 I/wm_focused_root_task( 1466): [0,0,1,18,RecentsAnimation.onAnimationFinished()]
02-08 08:36:07.380 I/wm_set_resumed_activity( 1466): [0,com.android.launcher3/.uioverrides.QuickstepLauncher,RecentsAnimation.onAnimationFinished()]
02-08 08:36:07.381 I/wm_pause_activity( 1466): [0,101732248,com.android.settings/.Settings,userLeaving=true,pauseBackTasks]
02-08 08:36:07.382 I/wm_on_top_resumed_lost_called( 7109): [101732248,com.android.settings.Settings,topStateChangedWhenResumed]
02-08 08:36:07.382 I/wm_add_to_stopping( 1466): [0,101732248,com.android.settings/.Settings,makeInvisible]
02-08 08:36:07.382 I/wm_set_resumed_activity( 1466): [0,com.android.launcher3/.uioverrides.QuickstepLauncher,resumeTopActivityInnerLocked]
02-08 08:36:07.383 I/wm_resume_activity( 1466): [0,163962840,10,com.android.launcher3/.uioverrides.QuickstepLauncher]
02-08 08:36:07.384 I/wm_on_resume_called( 2862): [163962840,com.android.launcher3.uioverrides.QuickstepLauncher,RESUME_ACTIVITY]
02-08 08:36:07.388 I/input_focus( 1466): [Focus request 75d5c14 com.android.launcher3/com.android.launcher3.uioverrides.QuickstepLauncher,reason=UpdateInputWindows]
02-08 08:36:07.389 I/wm_on_top_resumed_gained_called( 2862): [163962840,com.android.launcher3.uioverrides.QuickstepLauncher,topStateChangedWhenResumed]
02-08 08:36:07.391 I/sysui_multi_action( 7109): [757,35,758,2,1089,1919]
02-08 08:36:07.392 I/wm_stop_activity( 1466): [0,101732248,com.android.settings/.Settings]
02-08 08:36:07.393 I/sysui_multi_action( 7109): [757,747,758,2,1089,1921]
02-08 08:36:07.394 I/sysui_multi_action( 1466): [757,803,799,window_time_0,802,2]
02-08 08:36:07.394 I/wm_on_paused_called( 7109): [101732248,com.android.settings.Settings,performPause]
02-08 08:36:07.394 I/sysui_multi_action( 1466): [757,803,799,window_time_0,802,0]
02-08 08:36:07.395 I/input_focus( 1466): [Focus leaving recents_animation_input_consumer (server),reason=NOT_VISIBLE]
02-08 08:36:07.409 I/input_focus( 1466): [Focus entering 75d5c14 com.android.launcher3/com.android.launcher3.uioverrides.QuickstepLauncher (server),reason=setFocusedWindow]
02-08 08:36:07.416 I/wm_on_stop_called( 7109): [101732248,com.android.settings.Settings,STOP_ACTIVITY_ITEM]
02-08 08:36:07.944 I/input_interaction( 1466): Interaction with: cd90129 StatusBar (server), edge-swipe (server), swipe-up (server), PointerEventDispatcher0 (server),
