02-08 05:36:53.583 I/auditd ( 1164): type=1400 audit(0.0:254): avc: denied { read } for comm="traced_probes" name="format" dev="tracefs" ino=6410 scontext=u:r:traced_probes:s0 tcontext=u:object_r:debugfs_tracing_debug:s0 tclass=file permissive=0
02-08 05:36:53.583 I/auditd ( 1164): type=1400 audit(0.0:255): avc: denied { read } for comm="traced_probes" name="format" dev="tracefs" ino=6422 scontext=u:r:traced_probes:s0 tcontext=u:object_r:debugfs_tracing_debug:s0 tclass=file permissive=0
02-08 05:36:53.583 I/auditd ( 1164): type=1400 audit(0.0:256): avc: denied { read } for comm="traced_probes" name="format" dev="tracefs" ino=6428 scontext=u:r:traced_probes:s0 tcontext=u:object_r:debugfs_tracing_debug:s0 tclass=file permissive=0
02-08 05:36:53.583 I/auditd ( 1164): type=1400 audit(0.0:257): avc: denied { read } for comm="traced_probes" name="format" dev="tracefs" ino=6464 scontext=u:r:traced_probes:s0 tcontext=u:object_r:debugfs_tracing_debug:s0 tclass=file permissive=0
02-08 05:36:53.583 I/auditd ( 1164): type=1400 audit(0.0:258): avc: denied { read } for comm="traced_probes" name="format" dev="tracefs" ino=6374 scontext=u:r:traced_probes:s0 tcontext=u:object_r:debugfs_tracing_debug:s0 tclass=file permissive=0
02-08 05:36:53.583 I/auditd ( 1164): type=1400 audit(0.0:259): avc: denied { read } for comm="traced_probes" name="format" dev="tracefs" ino=6434 scontext=u:r:traced_probes:s0 tcontext=u:object_r:debugfs_tracing_debug:s0 tclass=file permissive=0
02-08 05:36:53.583 I/auditd ( 1164): type=1400 audit(0.0:260): avc: denied { read } for comm="traced_probes" name="format" dev="tracefs" ino=6446 scontext=u:r:traced_probes:s0 tcontext=u:object_r:debugfs_tracing_debug:s0 tclass=file permissive=0
02-08 05:36:53.583 I/auditd ( 1164): type=1400 audit(0.0:261): avc: denied { read } for comm="traced_probes" name="format" dev="tracefs" ino=6392 scontext=u:r:traced_probes:s0 tcontext=u:object_r:debugfs_tracing_debug:s0 tclass=file permissive=0
02-08 05:36:53.583 I/auditd ( 1164): type=1400 audit(0.0:262): avc: denied { read } for comm="traced_probes" name="format" dev="tracefs" ino=6470 scontext=u:r:traced_probes:s0 tcontext=u:object_r:debugfs_tracing_debug:s0 tclass=file permissive=0
02-08 05:36:53.583 I/auditd ( 1164): type=1400 audit(0.0:263): avc: denied { read } for comm="traced_probes" name="format" dev="tracefs" ino=6380 scontext=u:r:traced_probes:s0 tcontext=u:object_r:debugfs_tracing_debug:s0 tclass=file permissive=0
02-08 05:36:53.583 I/auditd ( 1164): type=1400 audit(0.0:264): avc: denied { read } for comm="traced_probes" name="format" dev="tracefs" ino=6440 scontext=u:r:traced_probes:s0 tcontext=u:object_r:debugfs_tracing_debug:s0 tclass=file permissive=0
02-08 05:36:53.583 I/auditd ( 1164): type=1400 audit(0.0:265): avc: denied { read } for comm="traced_probes" name="format" dev="tracefs" ino=6458 scontext=u:r:traced_probes:s0 tcontext=u:object_r:debugfs_tracing_debug:s0 tclass=file permissive=0
02-08 05:36:53.583 I/auditd ( 1164): type=1400 audit(0.0:266): avc: denied { read } for comm="traced_probes" name="format" dev="tracefs" ino=6368 scontext=u:r:traced_probes:s0 tcontext=u:object_r:debugfs_tracing_debug:s0 tclass=file permissive=0
02-08 05:36:53.583 I/auditd ( 1164): type=1400 audit(0.0:267): avc: denied { read } for comm="traced_probes" name="format" dev="tracefs" ino=6452 scontext=u:r:traced_probes:s0 tcontext=u:object_r:debugfs_tracing_debug:s0 tclass=file permissive=0
02-08 05:36:53.591 I/am_proc_start( 1466): [0,2606,1001,.dataservices,added application,.dataservices]
02-08 05:36:53.583 I/auditd ( 1164): type=1400 audit(0.0:268): avc: denied { read } for comm="traced_probes" name="format" dev="tracefs" ino=4745 scontext=u:r:traced_probes:s0 tcontext=u:object_r:debugfs_tracing_debug:s0 tclass=file permissive=0
02-08 05:36:53.583 I/auditd ( 1164): type=1400 audit(0.0:269): avc: denied { read } for comm="traced_probes" name="format" dev="tracefs" ino=4781 scontext=u:r:traced_probes:s0 tcontext=u:object_r:debugfs_tracing_debug:s0 tclass=file permissive=0
02-08 05:36:53.583 I/auditd ( 1164): type=1400 audit(0.0:270): avc: denied { read } for comm="traced_probes" name="format" dev="tracefs" ino=4775 scontext=u:r:traced_probes:s0 tcontext=u:object_r:debugfs_tracing_debug:s0 tclass=file permissive=0
02-08 05:36:53.583 I/auditd ( 1164): type=1400 audit(0.0:271): avc: denied { read } for comm="traced_probes" name="format" dev="tracefs" ino=4787 scontext=u:r:traced_probes:s0 tcontext=u:object_r:debugfs_tracing_debug:s0 tclass=file permissive=0
02-08 05:36:53.583 I/auditd ( 1164): type=1400 audit(0.0:272): avc: denied { read } for comm="traced_probes" name="format" dev="tracefs" ino=4751 scontext=u:r:traced_probes:s0 tcontext=u:object_r:debugfs_tracing_debug:s0 tclass=file permissive=0
02-08 05:36:53.583 I/auditd ( 1164): type=1400 audit(0.0:273): avc: denied { read } for comm="traced_probes" name="format" dev="tracefs" ino=4763 scontext=u:r:traced_probes:s0 tcontext=u:object_r:debugfs_tracing_debug:s0 tclass=file permissive=0
02-08 05:36:53.583 I/auditd ( 1164): type=1400 audit(0.0:274): avc: denied { read } for comm="traced_probes" name="format" dev="tracefs" ino=4733 scontext=u:r:traced_probes:s0 tcontext=u:object_r:debugfs_tracing_debug:s0 tclass=file permissive=0
02-08 05:36:53.583 I/auditd ( 1164): type=1400 audit(0.0:275): avc: denied { read } for comm="traced_probes" name="format" dev="tracefs" ino=4727 scontext=u:r:traced_probes:s0 tcontext=u:object_r:debugfs_tracing_debug:s0 tclass=file permissive=0
02-08 05:36:53.583 I/auditd ( 1164): type=1400 audit(0.0:276): avc: denied { read } for comm="traced_probes" name="format" dev="tracefs" ino=4793 scontext=u:r:traced_probes:s0 tcontext=u:object_r:debugfs_tracing_debug:s0 tclass=file permissive=0
02-08 05:36:53.595 I/am_proc_bound( 1466): [0,2586,com.thundercomm.microservice]
02-08 05:36:53.583 I/auditd ( 1164): type=1400 audit(0.0:278): avc: denied { read } for comm="traced_probes" name="format" dev="tracefs" ino=4739 scontext=u:r:traced_probes:s0 tcontext=u:object_r:debugfs_tracing_debug:s0 tclass=file permissive=0
02-08 05:36:53.583 I/auditd ( 1164): type=1400 audit(0.0:279): avc: denied { read } for comm="traced_probes" name="format" dev="tracefs" ino=4769 scontext=u:r:traced_probes:s0 tcontext=u:object_r:debugfs_tracing_debug:s0 tclass=file permissive=0
02-08 05:36:53.583 I/auditd ( 1164): type=1400 audit(0.0:280): avc: denied { read } for comm="traced_probes" name="format" dev="tracefs" ino=4757 scontext=u:r:traced_probes:s0 tcontext=u:object_r:debugfs_tracing_debug:s0 tclass=file permissive=0
02-08 05:36:53.583 I/auditd ( 1164): type=1400 audit(0.0:281): avc: denied { read } for comm="traced_probes" name="format" dev="tracefs" ino=4799 scontext=u:r:traced_probes:s0 tcontext=u:object_r:debugfs_tracing_debug:s0 tclass=file permissive=0
02-08 05:36:53.583 I/auditd ( 1164): type=1400 audit(0.0:282): avc: denied { read } for comm="traced_probes" name="format" dev="tracefs" ino=3190 scontext=u:r:traced_probes:s0 tcontext=u:object_r:debugfs_tracing_debug:s0 tclass=file permissive=0
02-08 05:36:53.583 I/auditd ( 1164): type=1400 audit(0.0:283): avc: denied { read } for comm="traced_probes" name="format" dev="tracefs" ino=3202 scontext=u:r:traced_probes:s0 tcontext=u:object_r:debugfs_tracing_debug:s0 tclass=file permissive=0
02-08 05:36:53.583 I/auditd ( 1164): type=1400 audit(0.0:284): avc: denied { read } for comm="traced_probes" name="format" dev="tracefs" ino=5435 scontext=u:r:traced_probes:s0 tcontext=u:object_r:debugfs_tracing_debug:s0 tclass=file permissive=0
02-08 05:36:53.583 I/auditd ( 1164): type=1400 audit(0.0:285): avc: denied { read } for comm="traced_probes" name="format" dev="tracefs" ino=5405 scontext=u:r:traced_probes:s0 tcontext=u:object_r:debugfs_tracing_debug:s0 tclass=file permissive=0
02-08 05:36:53.583 I/auditd ( 1164): type=1400 audit(0.0:286): avc: denied { read } for comm="traced_probes" name="format" dev="tracefs" ino=5237 scontext=u:r:traced_probes:s0 tcontext=u:object_r:debugfs_tracing_debug:s0 tclass=file permissive=0
02-08 05:36:53.583 I/auditd ( 1164): type=1400 audit(0.0:287): avc: denied { read } for comm="traced_probes" name="format" dev="tracefs" ino=5267 scontext=u:r:traced_probes:s0 tcontext=u:object_r:debugfs_tracing_debug:s0 tclass=file permissive=0
02-08 05:36:53.583 I/auditd ( 1164): type=1400 audit(0.0:288): avc: denied { read } for comm="traced_probes" name="format" dev="tracefs" ino=5777 scontext=u:r:traced_probes:s0 tcontext=u:object_r:debugfs_tracing_debug:s0 tclass=file permissive=0
02-08 05:36:53.583 I/auditd ( 1164): type=1400 audit(0.0:289): avc: denied { read } for comm="traced_probes" name="format" dev="tracefs" ino=5483 scontext=u:r:traced_probes:s0 tcontext=u:object_r:debugfs_tracing_debug:s0 tclass=file permissive=0
02-08 05:36:53.583 I/auditd ( 1164): type=1400 audit(0.0:290): avc: denied { read } for comm="traced_probes" name="format" dev="tracefs" ino=5477 scontext=u:r:traced_probes:s0 tcontext=u:object_r:debugfs_tracing_debug:s0 tclass=file permissive=0
02-08 05:36:53.583 I/auditd ( 1164): type=1400 audit(0.0:291): avc: denied { read } for comm="traced_probes" name="format" dev="tracefs" ino=5471 scontext=u:r:traced_probes:s0 tcontext=u:object_r:debugfs_tracing_debug:s0 tclass=file permissive=0
02-08 05:36:53.583 I/auditd ( 1164): type=1400 audit(0.0:292): avc: denied { read } for comm="traced_probes" name="format" dev="tracefs" ino=5309 scontext=u:r:traced_probes:s0 tcontext=u:object_r:debugfs_tracing_debug:s0 tclass=file permissive=0
02-08 05:36:53.583 I/auditd ( 1164): type=1400 audit(0.0:293): avc: denied { read } for comm="traced_probes" name="format" dev="tracefs" ino=5315 scontext=u:r:traced_probes:s0 tcontext=u:object_r:debugfs_tracing_debug:s0 tclass=file permissive=0
02-08 05:36:53.583 I/auditd ( 1164): type=1400 audit(0.0:294): avc: denied { read } for comm="traced_probes" name="format" dev="tracefs" ino=5513 scontext=u:r:traced_probes:s0 tcontext=u:object_r:debugfs_tracing_debug:s0 tclass=file permissive=0
02-08 05:36:53.583 I/auditd ( 1164): type=1400 audit(0.0:295): avc: denied { read } for comm="traced_probes" name="format" dev="tracefs" ino=5519 scontext=u:r:traced_probes:s0 tcontext=u:object_r:debugfs_tracing_debug:s0 tclass=file permissive=0
02-08 05:36:53.583 I/auditd ( 1164): type=1400 audit(0.0:296): avc: denied { read } for comm="traced_probes" name="format" dev="tracefs" ino=5357 scontext=u:r:traced_probes:s0 tcontext=u:object_r:debugfs_tracing_debug:s0 tclass=file permissive=0
02-08 05:36:53.583 I/auditd ( 1164): type=1400 audit(0.0:297): avc: denied { read } for comm="traced_probes" name="format" dev="tracefs" ino=5387 scontext=u:r:traced_probes:s0 tcontext=u:object_r:debugfs_tracing_debug:s0 tclass=file permissive=0
02-08 05:36:53.583 I/auditd ( 1164): type=1400 audit(0.0:298): avc: denied { read } for comm="traced_probes" name="format" dev="tracefs" ino=5249 scontext=u:r:traced_probes:s0 tcontext=u:object_r:debugfs_tracing_debug:s0 tclass=file permissive=0
02-08 05:36:53.583 I/auditd ( 1164): type=1400 audit(0.0:299): avc: denied { read } for comm="traced_probes" name="format" dev="tracefs" ino=5723 scontext=u:r:traced_probes:s0 tcontext=u:object_r:debugfs_tracing_debug:s0 tclass=file permissive=0
02-08 05:36:53.583 I/auditd ( 1164): type=1400 audit(0.0:300): avc: denied { read } for comm="traced_probes" name="format" dev="tracefs" ino=5735 scontext=u:r:traced_probes:s0 tcontext=u:object_r:debugfs_tracing_debug:s0 tclass=file permissive=0
02-08 05:36:53.583 I/auditd ( 1164): type=1400 audit(0.0:301): avc: denied { read } for comm="traced_probes" name="format" dev="tracefs" ino=5741 scontext=u:r:traced_probes:s0 tcontext=u:object_r:debugfs_tracing_debug:s0 tclass=file permissive=0
02-08 05:36:53.583 I/auditd ( 1164): type=1400 audit(0.0:302): avc: denied { read } for comm="traced_probes" name="format" dev="tracefs" ino=5717 scontext=u:r:traced_probes:s0 tcontext=u:object_r:debugfs_tracing_debug:s0 tclass=file permissive=0
02-08 05:36:53.583 I/auditd ( 1164): type=1400 audit(0.0:303): avc: denied { read } for comm="traced_probes" name="format" dev="tracefs" ino=5729 scontext=u:r:traced_probes:s0 tcontext=u:object_r:debugfs_tracing_debug:s0 tclass=file permissive=0
02-08 05:36:53.583 I/auditd ( 1164): type=1400 audit(0.0:304): avc: denied { read } for comm="traced_probes" name="format" dev="tracefs" ino=5789 scontext=u:r:traced_probes:s0 tcontext=u:object_r:debugfs_tracing_debug:s0 tclass=file permissive=0
02-08 05:36:53.583 I/auditd ( 1164): type=1400 audit(0.0:305): avc: denied { read } for comm="traced_probes" name="format" dev="tracefs" ino=5759 scontext=u:r:traced_probes:s0 tcontext=u:object_r:debugfs_tracing_debug:s0 tclass=file permissive=0
02-08 05:36:53.598 I/am_proc_start( 1466): [0,2622,10055,.qtidataservices,added application,.qtidataservices]
02-08 05:36:53.583 I/auditd ( 1164): type=1400 audit(0.0:307): avc: denied { read } for comm="traced_probes" name="format" dev="tracefs" ino=5771 scontext=u:r:traced_probes:s0 tcontext=u:object_r:debugfs_tracing_debug:s0 tclass=file permissive=0
02-08 05:36:53.583 I/auditd ( 1164): type=1400 audit(0.0:308): avc: denied { read } for comm="traced_probes" name="format" dev="tracefs" ino=5243 scontext=u:r:traced_probes:s0 tcontext=u:object_r:debugfs_tracing_debug:s0 tclass=file permissive=0
02-08 05:36:53.583 I/auditd ( 1164): type=1400 audit(0.0:309): avc: denied { read } for comm="traced_probes" name="format" dev="tracefs" ino=5573 scontext=u:r:traced_probes:s0 tcontext=u:object_r:debugfs_tracing_debug:s0 tclass=file permissive=0
02-08 05:36:53.583 I/auditd ( 1164): type=1400 audit(0.0:310): avc: denied { read } for comm="traced_probes" name="format" dev="tracefs" ino=5579 scontext=u:r:traced_probes:s0 tcontext=u:object_r:debugfs_tracing_debug:s0 tclass=file permissive=0
02-08 05:36:53.583 I/auditd ( 1164): type=1400 audit(0.0:311): avc: denied { read } for comm="traced_probes" name="format" dev="tracefs" ino=5645 scontext=u:r:traced_probes:s0 tcontext=u:object_r:debugfs_tracing_debug:s0 tclass=file permissive=0
02-08 05:36:53.583 I/auditd ( 1164): type=1400 audit(0.0:312): avc: denied { read } for comm="traced_probes" name="format" dev="tracefs" ino=5663 scontext=u:r:traced_probes:s0 tcontext=u:object_r:debugfs_tracing_debug:s0 tclass=file permissive=0
02-08 05:36:53.583 I/auditd ( 1164): type=1400 audit(0.0:313): avc: denied { read } for comm="traced_probes" name="format" dev="tracefs" ino=5609 scontext=u:r:traced_probes:s0 tcontext=u:object_r:debugfs_tracing_debug:s0 tclass=file permissive=0
02-08 05:36:53.583 I/auditd ( 1164): type=1400 audit(0.0:314): avc: denied { read } for comm="traced_probes" name="format" dev="tracefs" ino=5585 scontext=u:r:traced_probes:s0 tcontext=u:object_r:debugfs_tracing_debug:s0 tclass=file permissive=0
02-08 05:36:53.583 I/auditd ( 1164): type=1400 audit(0.0:315): avc: denied { read } for comm="traced_probes" name="format" dev="tracefs" ino=5597 scontext=u:r:traced_probes:s0 tcontext=u:object_r:debugfs_tracing_debug:s0 tclass=file permissive=0
02-08 05:36:53.583 I/auditd ( 1164): type=1400 audit(0.0:316): avc: denied { read } for comm="traced_probes" name="format" dev="tracefs" ino=5657 scontext=u:r:traced_probes:s0 tcontext=u:object_r:debugfs_tracing_debug:s0 tclass=file permissive=0
02-08 05:36:53.583 I/auditd ( 1164): type=1400 audit(0.0:317): avc: denied { read } for comm="traced_probes" name="format" dev="tracefs" ino=5705 scontext=u:r:traced_probes:s0 tcontext=u:object_r:debugfs_tracing_debug:s0 tclass=file permissive=0
02-08 05:36:53.583 I/auditd ( 1164): type=1400 audit(0.0:318): avc: denied { read } for comm="traced_probes" name="format" dev="tracefs" ino=5711 scontext=u:r:traced_probes:s0 tcontext=u:object_r:debugfs_tracing_debug:s0 tclass=file permissive=0
02-08 05:36:53.583 I/auditd ( 1164): type=1400 audit(0.0:319): avc: denied { read } for comm="traced_probes" name="format" dev="tracefs" ino=5699 scontext=u:r:traced_probes:s0 tcontext=u:object_r:debugfs_tracing_debug:s0 tclass=file permissive=0
02-08 05:36:53.583 I/auditd ( 1164): type=1400 audit(0.0:320): avc: denied { read } for comm="traced_probes" name="format" dev="tracefs" ino=5693 scontext=u:r:traced_probes:s0 tcontext=u:object_r:debugfs_tracing_debug:s0 tclass=file permissive=0
02-08 05:36:53.583 I/auditd ( 1164): type=1400 audit(0.0:321): avc: denied { read } for comm="traced_probes" name="format" dev="tracefs" ino=5681 scontext=u:r:traced_probes:s0 tcontext=u:object_r:debugfs_tracing_debug:s0 tclass=file permissive=0
02-08 05:36:53.583 I/auditd ( 1164): type=1400 audit(0.0:322): avc: denied { read } for comm="traced_probes" name="format" dev="tracefs" ino=5525 scontext=u:r:traced_probes:s0 tcontext=u:object_r:debugfs_tracing_debug:s0 tclass=file permissive=0
02-08 05:36:53.583 I/auditd ( 1164): type=1400 audit(0.0:323): avc: denied { read } for comm="traced_probes" name="format" dev="tracefs" ino=5543 scontext=u:r:traced_probes:s0 tcontext=u:object_r:debugfs_tracing_debug:s0 tclass=file permissive=0
02-08 05:36:53.583 I/auditd ( 1164): type=1400 audit(0.0:324): avc: denied { read } for comm="traced_probes" name="format" dev="tracefs" ino=5669 scontext=u:r:traced_probes:s0 tcontext=u:object_r:debugfs_tracing_debug:s0 tclass=file permissive=0
02-08 05:36:53.583 I/auditd ( 1164): type=1400 audit(0.0:325): avc: denied { read } for comm="traced_probes" name="format" dev="tracefs" ino=5465 scontext=u:r:traced_probes:s0 tcontext=u:object_r:debugfs_tracing_debug:s0 tclass=file permissive=0
02-08 05:36:53.583 I/auditd ( 1164): type=1400 audit(0.0:326): avc: denied { read } for comm="traced_probes" name="format" dev="tracefs" ino=5411 scontext=u:r:traced_probes:s0 tcontext=u:object_r:debugfs_tracing_debug:s0 tclass=file permissive=0
02-08 05:36:53.583 I/auditd ( 1164): type=1400 audit(0.0:327): avc: denied { read } for comm="traced_probes" name="format" dev="tracefs" ino=5225 scontext=u:r:traced_probes:s0 tcontext=u:object_r:debugfs_tracing_debug:s0 tclass=file permissive=0
02-08 05:36:53.583 I/auditd ( 1164): type=1400 audit(0.0:328): avc: denied { read } for comm="traced_probes" name="format" dev="tracefs" ino=5651 scontext=u:r:traced_probes:s0 tcontext=u:object_r:debugfs_tracing_debug:s0 tclass=file permissive=0
02-08 05:36:53.583 I/auditd ( 1164): type=1400 audit(0.0:329): avc: denied { read } for comm="traced_probes" name="format" dev="tracefs" ino=5675 scontext=u:r:traced_probes:s0 tcontext=u:object_r:debugfs_tracing_debug:s0 tclass=file permissive=0
02-08 05:36:53.583 I/auditd ( 1164): type=1400 audit(0.0:330): avc: denied { read } for comm="traced_probes" name="format" dev="tracefs" ino=5591 scontext=u:r:traced_probes:s0 tcontext=u:object_r:debugfs_tracing_debug:s0 tclass=file permissive=0
02-08 05:36:53.583 I/auditd ( 1164): type=1400 audit(0.0:331): avc: denied { read } for comm="traced_probes" name="format" dev="tracefs" ino=5603 scontext=u:r:traced_probes:s0 tcontext=u:object_r:debugfs_tracing_debug:s0 tclass=file permissive=0
02-08 05:36:53.583 I/auditd ( 1164): type=1400 audit(0.0:332): avc: denied { read } for comm="traced_probes" name="format" dev="tracefs" ino=5783 scontext=u:r:traced_probes:s0 tcontext=u:object_r:debugfs_tracing_debug:s0 tclass=file permissive=0
02-08 05:36:53.587 I/auditd ( 1164): type=1400 audit(0.0:333): avc: denied { read } for comm="traced_probes" name="format" dev="tracefs" ino=6251 scontext=u:r:traced_probes:s0 tcontext=u:object_r:debugfs_tracing_debug:s0 tclass=file permissive=0
02-08 05:36:53.587 I/auditd ( 1164): type=1400 audit(0.0:334): avc: denied { read } for comm="traced_probes" name="format" dev="tracefs" ino=8780 scontext=u:r:traced_probes:s0 tcontext=u:object_r:debugfs_tracing_debug:s0 tclass=file permissive=0
02-08 05:36:53.587 I/auditd ( 1164): type=1400 audit(0.0:335): avc: denied { read } for comm="traced_probes" name="format" dev="tracefs" ino=8774 scontext=u:r:traced_probes:s0 tcontext=u:object_r:debugfs_tracing_debug:s0 tclass=file permissive=0
02-08 05:36:53.587 I/auditd ( 1164): type=1400 audit(0.0:336): avc: denied { read } for comm="traced_probes" name="format" dev="tracefs" ino=8792 scontext=u:r:traced_probes:s0 tcontext=u:object_r:debugfs_tracing_debug:s0 tclass=file permissive=0
02-08 05:36:53.587 I/auditd ( 1164): type=1400 audit(0.0:337): avc: denied { read } for comm="traced_probes" name="format" dev="tracefs" ino=8786 scontext=u:r:traced_probes:s0 tcontext=u:object_r:debugfs_tracing_debug:s0 tclass=file permissive=0
02-08 05:36:53.587 I/auditd ( 1164): type=1400 audit(0.0:338): avc: denied { read } for comm="traced_probes" name="format" dev="tracefs" ino=4616 scontext=u:r:traced_probes:s0 tcontext=u:object_r:debugfs_tracing_debug:s0 tclass=file permissive=0
02-08 05:36:53.587 I/auditd ( 1164): type=1400 audit(0.0:339): avc: denied { read } for comm="traced_probes" name="format" dev="tracefs" ino=4622 scontext=u:r:traced_probes:s0 tcontext=u:object_r:debugfs_tracing_debug:s0 tclass=file permissive=0
02-08 05:36:53.587 I/auditd ( 1164): type=1400 audit(0.0:340): avc: denied { read } for comm="traced_probes" name="format" dev="tracefs" ino=4610 scontext=u:r:traced_probes:s0 tcontext=u:object_r:debugfs_tracing_debug:s0 tclass=file permissive=0
02-08 05:36:53.587 I/auditd ( 1164): type=1400 audit(0.0:341): avc: denied { read } for comm="traced_probes" name="format" dev="tracefs" ino=4634 scontext=u:r:traced_probes:s0 tcontext=u:object_r:debugfs_tracing_debug:s0 tclass=file permissive=0
02-08 05:36:53.587 I/auditd ( 1164): type=1400 audit(0.0:342): avc: denied { read } for comm="traced_probes" name="format" dev="tracefs" ino=4640 scontext=u:r:traced_probes:s0 tcontext=u:object_r:debugfs_tracing_debug:s0 tclass=file permissive=0
02-08 05:36:53.587 I/auditd ( 1164): type=1400 audit(0.0:343): avc: denied { read } for comm="traced_probes" name="format" dev="tracefs" ino=4628 scontext=u:r:traced_probes:s0 tcontext=u:object_r:debugfs_tracing_debug:s0 tclass=file permissive=0
02-08 05:36:53.587 I/auditd ( 1164): type=1400 audit(0.0:344): avc: denied { read } for comm="traced_probes" name="format" dev="tracefs" ino=4592 scontext=u:r:traced_probes:s0 tcontext=u:object_r:debugfs_tracing_debug:s0 tclass=file permissive=0
02-08 05:36:53.587 I/auditd ( 1164): type=1400 audit(0.0:345): avc: denied { read } for comm="traced_probes" name="format" dev="tracefs" ino=4646 scontext=u:r:traced_probes:s0 tcontext=u:object_r:debugfs_tracing_debug:s0 tclass=file permissive=0
02-08 05:36:53.587 I/auditd ( 1164): type=1400 audit(0.0:346): avc: denied { read } for comm="traced_probes" name="format" dev="tracefs" ino=4712 scontext=u:r:traced_probes:s0 tcontext=u:object_r:debugfs_tracing_debug:s0 tclass=file permissive=0
02-08 05:36:53.587 I/auditd ( 1164): type=1400 audit(0.0:347): avc: denied { read } for comm="traced_probes" name="format" dev="tracefs" ino=4706 scontext=u:r:traced_probes:s0 tcontext=u:object_r:debugfs_tracing_debug:s0 tclass=file permissive=0
02-08 05:36:53.587 I/auditd ( 1164): type=1400 audit(0.0:348): avc: denied { read } for comm="traced_probes" name="format" dev="tracefs" ino=4562 scontext=u:r:traced_probes:s0 tcontext=u:object_r:debugfs_tracing_debug:s0 tclass=file permissive=0
02-08 05:36:53.587 I/auditd ( 1164): type=1400 audit(0.0:349): avc: denied { read } for comm="traced_probes" name="format" dev="tracefs" ino=4574 scontext=u:r:traced_probes:s0 tcontext=u:object_r:debugfs_tracing_debug:s0 tclass=file permissive=0
02-08 05:36:53.587 I/auditd ( 1164): type=1400 audit(0.0:350): avc: denied { read } for comm="traced_probes" name="format" dev="tracefs" ino=4568 scontext=u:r:traced_probes:s0 tcontext=u:object_r:debugfs_tracing_debug:s0 tclass=file permissive=0
02-08 05:36:53.587 I/auditd ( 1164): type=1400 audit(0.0:351): avc: denied { read } for comm="traced_probes" name="format" dev="tracefs" ino=4556 scontext=u:r:traced_probes:s0 tcontext=u:object_r:debugfs_tracing_debug:s0 tclass=file permissive=0
02-08 05:36:53.587 I/auditd ( 1164): type=1400 audit(0.0:352): avc: denied { read } for comm="traced_probes" name="format" dev="tracefs" ino=4580 scontext=u:r:traced_probes:s0 tcontext=u:object_r:debugfs_tracing_debug:s0 tclass=file permissive=0
02-08 05:36:53.587 I/auditd ( 1164): type=1400 audit(0.0:353): avc: denied { read } for comm="traced_probes" name="format" dev="tracefs" ino=4700 scontext=u:r:traced_probes:s0 tcontext=u:object_r:debugfs_tracing_debug:s0 tclass=file permissive=0
02-08 05:36:53.587 I/auditd ( 1164): type=1400 audit(0.0:354): avc: denied { read } for comm="traced_probes" name="format" dev="tracefs" ino=4694 scontext=u:r:traced_probes:s0 tcontext=u:object_r:debugfs_tracing_debug:s0 tclass=file permissive=0
02-08 05:36:53.587 I/auditd ( 1164): type=1400 audit(0.0:355): avc: denied { read } for comm="traced_probes" name="format" dev="tracefs" ino=4676 scontext=u:r:traced_probes:s0 tcontext=u:object_r:debugfs_tracing_debug:s0 tclass=file permissive=0
02-08 05:36:53.587 I/auditd ( 1164): type=1400 audit(0.0:356): avc: denied { read } for comm="traced_probes" name="format" dev="tracefs" ino=4658 scontext=u:r:traced_probes:s0 tcontext=u:object_r:debugfs_tracing_debug:s0 tclass=file permissive=0
02-08 05:36:53.587 I/auditd ( 1164): type=1400 audit(0.0:357): avc: denied { read } for comm="traced_probes" name="format" dev="tracefs" ino=4652 scontext=u:r:traced_probes:s0 tcontext=u:object_r:debugfs_tracing_debug:s0 tclass=file permissive=0
02-08 05:36:53.587 I/auditd ( 1164): type=1400 audit(0.0:358): avc: denied { read } for comm="traced_probes" name="format" dev="tracefs" ino=4688 scontext=u:r:traced_probes:s0 tcontext=u:object_r:debugfs_tracing_debug:s0 tclass=file permissive=0
02-08 05:36:53.587 I/auditd ( 1164): type=1400 audit(0.0:359): avc: denied { read } for comm="traced_probes" name="format" dev="tracefs" ino=4682 scontext=u:r:traced_probes:s0 tcontext=u:object_r:debugfs_tracing_debug:s0 tclass=file permissive=0
02-08 05:36:53.587 I/auditd ( 1164): type=1400 audit(0.0:360): avc: denied { read } for comm="traced_probes" name="format" dev="tracefs" ino=4670 scontext=u:r:traced_probes:s0 tcontext=u:object_r:debugfs_tracing_debug:s0 tclass=file permissive=0
02-08 05:36:53.587 I/auditd ( 1164): type=1400 audit(0.0:361): avc: denied { read } for comm="traced_probes" name="format" dev="tracefs" ino=4664 scontext=u:r:traced_probes:s0 tcontext=u:object_r:debugfs_tracing_debug:s0 tclass=file permissive=0
02-08 05:36:53.587 I/auditd ( 1164): type=1400 audit(0.0:362): avc: denied { read } for comm="traced_probes" name="format" dev="tracefs" ino=4508 scontext=u:r:traced_probes:s0 tcontext=u:object_r:debugfs_tracing_debug:s0 tclass=file permissive=0
02-08 05:36:53.587 I/auditd ( 1164): type=1400 audit(0.0:363): avc: denied { read } for comm="traced_probes" name="format" dev="tracefs" ino=4484 scontext=u:r:traced_probes:s0 tcontext=u:object_r:debugfs_tracing_debug:s0 tclass=file permissive=0
02-08 05:36:53.587 I/auditd ( 1164): type=1400 audit(0.0:364): avc: denied { read } for comm="traced_probes" name="format" dev="tracefs" ino=4496 scontext=u:r:traced_probes:s0 tcontext=u:object_r:debugfs_tracing_debug:s0 tclass=file permissive=0
02-08 05:36:53.587 I/auditd ( 1164): type=1400 audit(0.0:365): avc: denied { read } for comm="traced_probes" name="format" dev="tracefs" ino=4490 scontext=u:r:traced_probes:s0 tcontext=u:object_r:debugfs_tracing_debug:s0 tclass=file permissive=0
02-08 05:36:53.587 I/auditd ( 1164): type=1400 audit(0.0:366): avc: denied { read } for comm="traced_probes" name="format" dev="tracefs" ino=4502 scontext=u:r:traced_probes:s0 tcontext=u:object_r:debugfs_tracing_debug:s0 tclass=file permissive=0
02-08 05:36:53.587 I/auditd ( 1164): type=1400 audit(0.0:367): avc: denied { read } for comm="traced_probes" name="format" dev="tracefs" ino=4514 scontext=u:r:traced_probes:s0 tcontext=u:object_r:debugfs_tracing_debug:s0 tclass=file permissive=0
02-08 05:36:53.587 I/auditd ( 1164): type=1400 audit(0.0:368): avc: denied { read } for comm="traced_probes" name="format" dev="tracefs" ino=4604 scontext=u:r:traced_probes:s0 tcontext=u:object_r:debugfs_tracing_debug:s0 tclass=file permissive=0
02-08 05:36:53.587 I/auditd ( 1164): type=1400 audit(0.0:369): avc: denied { read } for comm="traced_probes" name="format" dev="tracefs" ino=4598 scontext=u:r:traced_probes:s0 tcontext=u:object_r:debugfs_tracing_debug:s0 tclass=file permissive=0
02-08 05:36:53.587 I/auditd ( 1164): type=1400 audit(0.0:370): avc: denied { read } for comm="traced_probes" name="format" dev="tracefs" ino=4586 scontext=u:r:traced_probes:s0 tcontext=u:object_r:debugfs_tracing_debug:s0 tclass=file permissive=0
02-08 05:36:53.587 I/auditd ( 1164): type=1400 audit(0.0:371): avc: denied { read } for comm="traced_probes" name="format" dev="tracefs" ino=4532 scontext=u:r:traced_probes:s0 tcontext=u:object_r:debugfs_tracing_debug:s0 tclass=file permissive=0
02-08 05:36:53.587 I/auditd ( 1164): type=1400 audit(0.0:372): avc: denied { read } for comm="traced_probes" name="format" dev="tracefs" ino=4550 scontext=u:r:traced_probes:s0 tcontext=u:object_r:debugfs_tracing_debug:s0 tclass=file permissive=0
02-08 05:36:53.587 I/auditd ( 1164): type=1400 audit(0.0:373): avc: denied { read } for comm="traced_probes" name="format" dev="tracefs" ino=4538 scontext=u:r:traced_probes:s0 tcontext=u:object_r:debugfs_tracing_debug:s0 tclass=file permissive=0
02-08 05:36:53.587 I/auditd ( 1164): type=1400 audit(0.0:374): avc: denied { read } for comm="traced_probes" name="format" dev="tracefs" ino=4520 scontext=u:r:traced_probes:s0 tcontext=u:object_r:debugfs_tracing_debug:s0 tclass=file permissive=0
02-08 05:36:53.587 I/auditd ( 1164): type=1400 audit(0.0:375): avc: denied { read } for comm="traced_probes" name="format" dev="tracefs" ino=4526 scontext=u:r:traced_probes:s0 tcontext=u:object_r:debugfs_tracing_debug:s0 tclass=file permissive=0
02-08 05:36:53.587 I/auditd ( 1164): type=1400 audit(0.0:376): avc: denied { read } for comm="traced_probes" name="format" dev="tracefs" ino=4544 scontext=u:r:traced_probes:s0 tcontext=u:object_r:debugfs_tracing_debug:s0 tclass=file permissive=0
02-08 05:36:53.587 I/auditd ( 1164): type=1400 audit(0.0:377): avc: denied { read } for comm="traced_probes" name="format" dev="tracefs" ino=3109 scontext=u:r:traced_probes:s0 tcontext=u:object_r:debugfs_tracing_debug:s0 tclass=file permissive=0
02-08 05:36:53.587 I/auditd ( 1164): type=1400 audit(0.0:378): avc: denied { read } for comm="traced_probes" name="format" dev="tracefs" ino=3115 scontext=u:r:traced_probes:s0 tcontext=u:object_r:debugfs_tracing_debug:s0 tclass=file permissive=0
02-08 05:36:53.587 I/auditd ( 1164): type=1400 audit(0.0:379): avc: denied { read } for comm="traced_probes" name="format" dev="tracefs" ino=6842 scontext=u:r:traced_probes:s0 tcontext=u:object_r:debugfs_tracing_debug:s0 tclass=file permissive=0
02-08 05:36:53.587 I/auditd ( 1164): type=1400 audit(0.0:380): avc: denied { read } for comm="traced_probes" name="format" dev="tracefs" ino=6848 scontext=u:r:traced_probes:s0 tcontext=u:object_r:debugfs_tracing_debug:s0 tclass=file permissive=0
02-08 05:36:53.587 I/auditd ( 1164): type=1400 audit(0.0:381): avc: denied { read } for comm="traced_probes" name="format" dev="tracefs" ino=6824 scontext=u:r:traced_probes:s0 tcontext=u:object_r:debugfs_tracing_debug:s0 tclass=file permissive=0
02-08 05:36:53.587 I/auditd ( 1164): type=1400 audit(0.0:382): avc: denied { read } for comm="traced_probes" name="format" dev="tracefs" ino=6836 scontext=u:r:traced_probes:s0 tcontext=u:object_r:debugfs_tracing_debug:s0 tclass=file permissive=0
02-08 05:36:53.587 I/auditd ( 1164): type=1400 audit(0.0:383): avc: denied { read } for comm="traced_probes" name="format" dev="tracefs" ino=6830 scontext=u:r:traced_probes:s0 tcontext=u:object_r:debugfs_tracing_debug:s0 tclass=file permissive=0
02-08 05:36:53.587 I/auditd ( 1164): type=1400 audit(0.0:384): avc: denied { read } for comm="traced_probes" name="format" dev="tracefs" ino=6854 scontext=u:r:traced_probes:s0 tcontext=u:object_r:debugfs_tracing_debug:s0 tclass=file permissive=0
02-08 05:36:53.587 I/auditd ( 1164): type=1400 audit(0.0:385): avc: denied { read } for comm="traced_probes" name="format" dev="tracefs" ino=6860 scontext=u:r:traced_probes:s0 tcontext=u:object_r:debugfs_tracing_debug:s0 tclass=file permissive=0
02-08 05:36:53.587 I/auditd ( 1164): type=1400 audit(0.0:386): avc: denied { read } for comm="traced_probes" name="format" dev="tracefs" ino=3412 scontext=u:r:traced_probes:s0 tcontext=u:object_r:debugfs_tracing_debug:s0 tclass=file permissive=0
02-08 05:36:53.587 I/auditd ( 1164): type=1400 audit(0.0:387): avc: denied { read } for comm="traced_probes" name="format" dev="tracefs" ino=3406 scontext=u:r:traced_probes:s0 tcontext=u:object_r:debugfs_tracing_debug:s0 tclass=file permissive=0
02-08 05:36:53.587 I/auditd ( 1164): type=1400 audit(0.0:388): avc: denied { read } for comm="traced_probes" name="format" dev="tracefs" ino=3400 scontext=u:r:traced_probes:s0 tcontext=u:object_r:debugfs_tracing_debug:s0 tclass=file permissive=0
02-08 05:36:53.587 I/auditd ( 1164): type=1400 audit(0.0:389): avc: denied { read } for comm="traced_probes" name="format" dev="tracefs" ino=6731 scontext=u:r:traced_probes:s0 tcontext=u:object_r:debugfs_tracing_debug:s0 tclass=file permissive=0
02-08 05:36:53.587 I/auditd ( 1164): type=1400 audit(0.0:390): avc: denied { read } for comm="traced_probes" name="format" dev="tracefs" ino=6737 scontext=u:r:traced_probes:s0 tcontext=u:object_r:debugfs_tracing_debug:s0 tclass=file permissive=0
02-08 05:36:53.587 I/auditd ( 1164): type=1400 audit(0.0:391): avc: denied { read } for comm="traced_probes" name="format" dev="tracefs" ino=9839 scontext=u:r:traced_probes:s0 tcontext=u:object_r:debugfs_tracing_debug:s0 tclass=file permissive=0
02-08 05:36:53.587 I/auditd ( 1164): type=1400 audit(0.0:392): avc: denied { read } for comm="traced_probes" name="format" dev="tracefs" ino=9845 scontext=u:r:traced_probes:s0 tcontext=u:object_r:debugfs_tracing_debug:s0 tclass=file permissive=0
02-08 05:36:53.587 I/auditd ( 1164): type=1400 audit(0.0:393): avc: denied { read } for comm="traced_probes" name="format" dev="tracefs" ino=9857 scontext=u:r:traced_probes:s0 tcontext=u:object_r:debugfs_tracing_debug:s0 tclass=file permissive=0
02-08 05:36:53.587 I/auditd ( 1164): type=1400 audit(0.0:394): avc: denied { read } for comm="traced_probes" name="format" dev="tracefs" ino=9851 scontext=u:r:traced_probes:s0 tcontext=u:object_r:debugfs_tracing_debug:s0 tclass=file permissive=0
02-08 05:36:53.587 I/auditd ( 1164): type=1400 audit(0.0:395): avc: denied { read } for comm="traced_probes" name="format" dev="tracefs" ino=9809 scontext=u:r:traced_probes:s0 tcontext=u:object_r:debugfs_tracing_debug:s0 tclass=file permissive=0
02-08 05:36:53.587 I/auditd ( 1164): type=1400 audit(0.0:396): avc: denied { read } for comm="traced_probes" name="format" dev="tracefs" ino=9821 scontext=u:r:traced_probes:s0 tcontext=u:object_r:debugfs_tracing_debug:s0 tclass=file permissive=0
02-08 05:36:53.587 I/auditd ( 1164): type=1400 audit(0.0:397): avc: denied { read } for comm="traced_probes" name="format" dev="tracefs" ino=3274 scontext=u:r:traced_probes:s0 tcontext=u:object_r:debugfs_tracing_debug:s0 tclass=file permissive=0
02-08 05:36:53.587 I/auditd ( 1164): type=1400 audit(0.0:398): avc: denied { read } for comm="traced_probes" name="format" dev="tracefs" ino=3268 scontext=u:r:traced_probes:s0 tcontext=u:object_r:debugfs_tracing_debug:s0 tclass=file permissive=0
02-08 05:36:53.587 I/auditd ( 1164): type=1400 audit(0.0:399): avc: denied { read } for comm="traced_probes" name="format" dev="tracefs" ino=3289 scontext=u:r:traced_probes:s0 tcontext=u:object_r:debugfs_tracing_debug:s0 tclass=file permissive=0
02-08 05:36:53.587 I/auditd ( 1164): type=1400 audit(0.0:400): avc: denied { read } for comm="traced_probes" name="format" dev="tracefs" ino=3301 scontext=u:r:traced_probes:s0 tcontext=u:object_r:debugfs_tracing_debug:s0 tclass=file permissive=0
02-08 05:36:53.587 I/auditd ( 1164): type=1400 audit(0.0:401): avc: denied { read } for comm="traced_probes" name="format" dev="tracefs" ino=3295 scontext=u:r:traced_probes:s0 tcontext=u:object_r:debugfs_tracing_debug:s0 tclass=file permissive=0
02-08 05:36:53.587 I/auditd ( 1164): type=1400 audit(0.0:402): avc: denied { read } for comm="traced_probes" name="format" dev="tracefs" ino=3283 scontext=u:r:traced_probes:s0 tcontext=u:object_r:debugfs_tracing_debug:s0 tclass=file permissive=0
02-08 05:36:53.604 I/am_proc_start( 1466): [0,2629,1000,com.thundercomm.tchttpserver,added application,com.thundercomm.tchttpserver]
02-08 05:36:53.606 I/am_proc_bound( 1466): [0,2588,com.thundercomm.microsettings]
02-08 05:36:53.609 I/am_proc_start( 1466): [0,2641,1000,com.tc.logclient,added application,com.tc.logclient]
02-08 05:36:53.615 I/am_proc_start( 1466): [0,2658,1000,com.thundercomm.tcsetupwizard,added application,com.thundercomm.tcsetupwizard]
02-08 05:36:53.611 I/auditd ( 1164): type=1400 audit(0.0:403): avc: denied { read } for comm="traced_probes" name="set_event" dev="tracefs" ino=3074 scontext=u:r:traced_probes:s0 tcontext=u:object_r:debugfs_tracing_debug:s0 tclass=file permissive=0
02-08 05:36:53.611 I/auditd ( 1164): type=1400 audit(0.0:404): avc: denied { read } for comm="traced_probes" name="set_event" dev="tracefs" ino=3074 scontext=u:r:traced_probes:s0 tcontext=u:object_r:debugfs_tracing_debug:s0 tclass=file permissive=0
02-08 05:36:53.619 I/am_proc_bound( 1466): [0,2606,.dataservices]
02-08 05:36:53.621 I/am_uid_active( 1466): 1001
02-08 05:36:53.625 I/am_proc_start( 1466): [0,2665,1000,vendor.qti.qesdk.sysservice,added application,vendor.qti.qesdk.sysservice]
02-08 05:36:53.625 I/notification_cancel_all( 1466): [1000,1466,android,0,0,0,20,NULL]
02-08 05:36:53.626 I/am_proc_bound( 1466): [0,2622,.qtidataservices]
02-08 05:36:53.629 I/am_uid_active( 1466): 10055
02-08 05:36:53.632 I/am_uid_running( 1466): 10068
02-08 05:36:53.636 I/am_proc_bound( 1466): [0,2629,com.thundercomm.tchttpserver]
02-08 05:36:53.642 I/am_proc_start( 1466): [0,2696,10089,com.qti.qualcomm.mstatssystemservice,added application,com.qti.qualcomm.mstatssystemservice]
02-08 05:36:53.648 I/am_proc_bound( 1466): [0,2641,com.tc.logclient]
02-08 05:36:53.651 I/am_proc_start( 1466): [0,2714,1068,com.android.se,added application,com.android.se]
02-08 05:36:53.657 I/am_proc_start( 1466): [0,2734,1000,com.thundercomm.remotecontrolservice,added application,com.thundercomm.remotecontrolservice]
02-08 05:36:53.659 I/am_proc_bound( 1466): [0,2665,vendor.qti.qesdk.sysservice]
02-08 05:36:53.663 I/am_proc_start( 1466): [0,2737,1000,com.thundercomm.tcservice,added application,com.thundercomm.tcservice]
02-08 05:36:53.666 I/am_uid_running( 1466): 10080
02-08 05:36:53.668 I/am_proc_bound( 1466): [0,2658,com.thundercomm.tcsetupwizard]
02-08 05:36:53.669 I/commit_sys_config_file( 1466): [notification-policy,542]
02-08 05:36:53.690 I/am_proc_start( 1466): [0,2759,10063,com.qualcomm.qti.devicestatisticsservice,added application,com.qualcomm.qti.devicestatisticsservice]
02-08 05:36:53.692 I/am_proc_bound( 1466): [0,2714,com.android.se]
02-08 05:36:53.693 I/am_uid_active( 1466): 1068
02-08 05:36:53.698 I/am_proc_bound( 1466): [0,2696,com.qti.qualcomm.mstatssystemservice]
02-08 05:36:53.699 I/am_uid_active( 1466): 10089
02-08 05:36:53.700 I/am_proc_start( 1466): [0,2814,1000,com.qualcomm.qti.qdma,added application,com.qualcomm.qti.qdma]
02-08 05:36:53.709 I/am_proc_start( 1466): [0,2831,1000,com.android.settings:CryptKeeper,top-activity,{com.android.settings/com.android.settings.CryptKeeper}]
02-08 05:36:53.712 I/am_proc_bound( 1466): [0,2759,com.qualcomm.qti.devicestatisticsservice]
02-08 05:36:53.727 I/am_uid_active( 1466): 10063
02-08 05:36:53.728 I/am_proc_start( 1466): [0,2834,10068,com.thundercomm.gamemode.provider,content provider,{com.thundercomm.gamemode.provider/com.thundercomm.gamemode.provider.SettingsProvider}]
02-08 05:36:53.729 I/am_proc_bound( 1466): [0,2734,com.thundercomm.remotecontrolservice]
02-08 05:36:53.736 I/am_proc_bound( 1466): [0,2737,com.thundercomm.tcservice]
02-08 05:36:53.741 I/am_proc_bound( 1466): [0,2831,com.android.settings:CryptKeeper]
02-08 05:36:53.750 I/wm_restart_activity( 1466): [0,55732886,7,com.android.settings/.CryptKeeper]
02-08 05:36:53.751 I/wm_set_resumed_activity( 1466): [0,com.android.settings/.CryptKeeper,minimalResumeActivityLocked]
02-08 05:36:53.753 I/am_proc_start( 1466): [0,2862,10080,com.android.launcher3,service,{com.android.launcher3/com.android.quickstep.TouchInteractionService}]
02-08 05:36:53.762 I/service_manager_slow( 2814): [10,activity]
02-08 05:36:53.764 I/am_proc_bound( 1466): [0,2814,com.qualcomm.qti.qdma]
02-08 05:36:53.779 I/am_proc_bound( 1466): [0,2862,com.android.launcher3]
02-08 05:36:53.781 I/am_uid_active( 1466): 10080
02-08 05:36:53.790 I/am_proc_bound( 1466): [0,2834,com.thundercomm.gamemode.provider]
02-08 05:36:53.792 I/am_uid_active( 1466): 10068
02-08 05:36:53.810 I/am_wtf ( 1466): [0,2831,com.android.settings:CryptKeeper,952647173,RoleParser,com.android.permissioncontroller.role.model.AssistantRoleBehavior]
02-08 05:36:53.812 I/am_wtf ( 1466): [0,2831,com.android.settings:CryptKeeper,952647173,RoleParser,com.android.permissioncontroller.role.model.BrowserRoleBehavior]
02-08 05:36:53.813 I/am_wtf ( 1466): [0,2831,com.android.settings:CryptKeeper,952647173,RoleParser,com.android.permissioncontroller.role.model.DialerRoleBehavior]
02-08 05:36:53.815 I/am_wtf ( 1466): [0,2831,com.android.settings:CryptKeeper,952647173,RoleParser,com.android.permissioncontroller.role.model.SmsRoleBehavior]
02-08 05:36:53.816 I/am_wtf ( 1466): [0,2831,com.android.settings:CryptKeeper,952647173,RoleParser,com.android.permissioncontroller.role.model.EmergencyRoleBehavior]
02-08 05:36:53.817 I/am_wtf ( 1466): [0,2831,com.android.settings:CryptKeeper,952647173,RoleParser,com.android.permissioncontroller.role.model.HomeRoleBehavior]
02-08 05:36:53.819 I/am_wtf ( 1466): [0,2831,com.android.settings:CryptKeeper,952647173,RoleParser,com.android.permissioncontroller.role.model.SystemAutomotiveClusterRoleBehavior]
02-08 05:36:53.820 I/am_wtf ( 1466): [0,2831,com.android.settings:CryptKeeper,952647173,RoleParser,com.android.permissioncontroller.role.model.CompanionDeviceWatchRoleBehavior]
02-08 05:36:53.822 I/am_wtf ( 1466): [0,2831,com.android.settings:CryptKeeper,952647173,RoleParser,com.android.permissioncontroller.role.model.SystemShellRoleBehavior]
02-08 05:36:53.823 I/am_wtf ( 1466): [0,2831,com.android.settings:CryptKeeper,952647173,RoleParser,com.android.permissioncontroller.role.model.TelevisionRoleBehavior]
02-08 05:36:53.825 I/am_wtf ( 1466): [0,2831,com.android.settings:CryptKeeper,952647173,RoleParser,com.android.permissioncontroller.role.model.TelevisionRoleBehavior]
02-08 05:36:53.832 W/CarrierConfigManager( 2370): Error getting config for subId -1 ICarrierConfigLoader is null
02-08 05:36:53.843 I/commit_sys_config_file( 1466): [settings-0-0,8]
02-08 05:36:53.845 I/wm_finish_activity( 1466): [0,55732886,7,com.android.settings/.CryptKeeper,app-request]
02-08 05:36:53.847 I/wm_pause_activity( 1466): [0,55732886,com.android.settings/.CryptKeeper,userLeaving=false,finish]
02-08 05:36:53.848 I/wm_on_create_called( 2831): [55732886,com.android.settings.CryptKeeper,performCreate]
02-08 05:36:53.849 I/sysui_multi_action( 1466): [757,1144,758,7,806,com.android.settings,871,com.android.settings.CryptKeeper]
02-08 05:36:53.849 D/TelephonyRegistry( 1466): listen oscl: mHasNotifySubscriptionInfoChangedOccurred==false no callback
02-08 05:36:53.853 I/commit_sys_config_file( 1466): [settings-2-0,2]
02-08 05:36:53.855 I/wm_task_created( 1466): [8,-1]
02-08 05:36:53.856 I/wm_task_moved( 1466): [8,1,2147483647]
02-08 05:36:53.856 I/wm_task_moved( 1466): [1,1,5]
02-08 05:36:53.856 I/wm_create_task( 1466): [0,8]
02-08 05:36:53.856 I/wm_create_activity( 1466): [0,231102673,8,com.android.settings/.FallbackHome,android.intent.action.MAIN,NULL,NULL,276824320]
02-08 05:36:53.856 I/wm_task_moved( 1466): [1,1,5]
02-08 05:36:53.856 I/wm_task_moved( 1466): [8,1,2147483647]
02-08 05:36:53.856 I/wm_task_to_front( 1466): [0,8]
02-08 05:36:53.862 I/sysui_multi_action( 1466): [757,803,799,window_time_0,802,13]
02-08 05:36:53.873 I/am_proc_start( 1466): [0,2965,1000,com.android.settings,top-activity,{com.android.settings/com.android.settings.FallbackHome}]
02-08 05:36:53.888 I/am_uid_running( 1466): 10087
02-08 05:36:53.895 I/am_proc_start( 1466): [0,2981,10087,com.qualcomm.qti.qccauthmgr,content provider,{com.qualcomm.qti.qccauthmgr/com.qualcomm.qti.qccauthmgr.providers.SMQContentProvider}]
02-08 05:36:53.896 I/am_proc_bound( 1466): [0,2965,com.android.settings]
02-08 05:36:53.898 I/wm_restart_activity( 1466): [0,231102673,8,com.android.settings/.FallbackHome]
02-08 05:36:53.899 I/wm_set_resumed_activity( 1466): [0,com.android.settings/.FallbackHome,minimalResumeActivityLocked]
02-08 05:36:53.910 I/commit_sys_config_file( 1466): [display-state,13371]
02-08 05:36:53.923 I/am_proc_bound( 1466): [0,2981,com.qualcomm.qti.qccauthmgr]
02-08 05:36:53.926 I/am_uid_active( 1466): 10087
02-08 05:36:53.943 I/am_wtf ( 1466): [0,2965,com.android.settings,952647173,RoleParser,com.android.permissioncontroller.role.model.AssistantRoleBehavior]
02-08 05:36:53.945 I/am_wtf ( 1466): [0,2965,com.android.settings,952647173,RoleParser,com.android.permissioncontroller.role.model.BrowserRoleBehavior]
02-08 05:36:53.946 I/am_wtf ( 1466): [0,2965,com.android.settings,952647173,RoleParser,com.android.permissioncontroller.role.model.DialerRoleBehavior]
02-08 05:36:53.947 I/am_wtf ( 1466): [0,2965,com.android.settings,952647173,RoleParser,com.android.permissioncontroller.role.model.SmsRoleBehavior]
02-08 05:36:53.948 I/am_wtf ( 1466): [0,2965,com.android.settings,952647173,RoleParser,com.android.permissioncontroller.role.model.EmergencyRoleBehavior]
02-08 05:36:53.948 I/am_wtf ( 1466): [0,2965,com.android.settings,952647173,RoleParser,com.android.permissioncontroller.role.model.HomeRoleBehavior]
02-08 05:36:53.950 I/am_wtf ( 1466): [0,2965,com.android.settings,952647173,RoleParser,com.android.permissioncontroller.role.model.SystemAutomotiveClusterRoleBehavior]
02-08 05:36:53.951 I/am_wtf ( 1466): [0,2965,com.android.settings,952647173,RoleParser,com.android.permissioncontroller.role.model.CompanionDeviceWatchRoleBehavior]
02-08 05:36:53.952 I/am_wtf ( 1466): [0,2965,com.android.settings,952647173,RoleParser,com.android.permissioncontroller.role.model.SystemShellRoleBehavior]
02-08 05:36:53.952 I/am_wtf ( 1466): [0,2965,com.android.settings,952647173,RoleParser,com.android.permissioncontroller.role.model.TelevisionRoleBehavior]
02-08 05:36:53.954 I/am_wtf ( 1466): [0,2965,com.android.settings,952647173,RoleParser,com.android.permissioncontroller.role.model.TelevisionRoleBehavior]
02-08 05:36:53.970 I/wm_on_create_called( 2965): [231102673,com.android.settings.FallbackHome,performCreate]
02-08 05:36:53.972 I/wm_on_start_called( 2965): [231102673,com.android.settings.FallbackHome,handleStartActivity]
02-08 05:36:53.974 I/wm_on_resume_called( 2965): [231102673,com.android.settings.FallbackHome,RESUME_ACTIVITY]
02-08 05:36:53.983 I/wm_on_top_resumed_gained_called( 2965): [231102673,com.android.settings.FallbackHome,topStateChangedWhenResumed]
02-08 05:36:53.984 I/notification_enqueue( 1466): [10081,2370,com.android.systemui,1,empty_media,0,Notification(channel=empty_media_style_id shortcut=null contentView=null vibrate=null sound=null defaults=0x0 flags=0x20 color=0x00000000 category=transport actions=4 vis=PRIVATE),0]
02-08 05:36:53.996 I/input_focus( 1466): [Focus request d99ca1d com.android.settings/com.android.settings.FallbackHome,reason=UpdateInputWindows]
02-08 05:36:54.023 I/wm_destroy_activity( 1466): [0,55732886,7,com.android.settings/.CryptKeeper,finish-idle]
02-08 05:36:54.024 I/boot_progress_enable_screen( 1466): 26001
02-08 05:36:54.024 I/wm_on_destroy_called( 2831): [55732886,com.android.settings.CryptKeeper,performDestroy]
02-08 05:36:54.025 I/screen_toggled( 1466): 1
02-08 05:36:54.026 I/wm_task_removed( 1466): [7,cleanUpResourcesForDestroy]
02-08 05:36:54.026 I/wm_task_removed( 1466): [7,removeChild:removeChild last r=ActivityRecord{3526a96 u0 com.android.settings/.CryptKeeper t-1 f}} in t=Task{4ce9fe5 #7 type=home A=1000:com.android.settings.CryptKeeper U=0 visible=false mode=fullscreen translucent=true sz=0}]
02-08 05:36:54.026 I/wm_task_removed( 1466): [7,removeChild]
02-08 05:36:54.112 I/commit_sys_config_file( 1466): [settings-1-0,1]
02-08 05:36:54.144 I/commit_sys_config_file( 1466): [settings-2-0,1]
02-08 05:36:54.194 I/commit_sys_config_file( 1466): [settings-0-0,2]
02-08 05:36:54.246 I/notification_cancel_all( 1466): [1000,1466,com.android.systemui,0,0,0,20,NULL]
02-08 05:36:54.257 I/sysui_multi_action( 1466): [757,856,758,1,806,com.android.server.telecom,857,TelecomMissedCalls,858,3]
02-08 05:36:54.257 I/sysui_multi_action( 1466): [757,856,758,1,806,com.android.server.telecom,857,TelecomIncomingCalls,858,5]
02-08 05:36:54.257 I/sysui_multi_action( 1466): [757,856,758,1,806,com.android.server.telecom,857,TelecomCallBlocking,858,2]
02-08 05:36:54.257 I/sysui_multi_action( 1466): [757,856,758,1,806,com.android.server.telecom,857,TelecomBackgroundAudioProcessing,858,2]
02-08 05:36:54.257 I/sysui_multi_action( 1466): [757,856,758,1,806,com.android.server.telecom,857,TelecomDisconnectedCalls,858,3]
02-08 05:36:54.258 I/sysui_multi_action( 1466): [757,856,758,1,806,com.android.server.telecom,857,TelecomInCallServiceCrash,858,3]
02-08 05:36:54.274 D/TelephonyRegistry( 1466): listen oscl: mHasNotifySubscriptionInfoChangedOccurred==false no callback
02-08 05:36:54.277 W/CarrierConfigManager( 1466): Error getting config for subId -1 ICarrierConfigLoader is null
02-08 05:36:54.278 I/sysui_multi_action( 1466): [757,1501,758,1,793,858,794,0,795,858,796,1,797,empty_media,806,com.android.systemui,857,empty_media_style_id,858,4,947,0,1500,0,1641,transport,1745,1043716538]
