02-08 06:33:23.073 I/input_interaction( 1466): Interaction with: 73dec14 PopupWindow:5544e42 (server), PointerEventDispatcher0 (server),
02-08 06:33:23.084 I/input_interaction( 1466): Interaction with: 73dec14 PopupWindow:5544e42 (server), edge-swipe (server), swipe-up (server), PointerEventDispatcher0 (server),
02-08 06:33:25.090 I/wm_task_moved( 1466): [1,0,0]
02-08 06:33:25.091 I/wm_task_moved( 1466): [1,0,5]
02-08 06:33:25.115 I/wm_on_restart_called( 2862): [163962840,com.android.launcher3.uioverrides.QuickstepLauncher,performRestartActivity]
02-08 06:33:25.139 I/wm_on_start_called( 2862): [163962840,com.android.launcher3.uioverrides.QuickstepLauncher,handleStartActivity]
02-08 06:33:25.160 I/sysui_multi_action( 1466): [319,11,322,62,325,3417,757,761,758,9,759,5,806,com.android.launcher3,871,com.android.launcher3.uioverrides.QuickstepLauncher,905,0,1320,4,1321,1]
02-08 06:33:25.231 I/input_interaction( 1466): Interaction with: 73c0ebb com.android.settings/com.android.settings.Settings (server), edge-swipe (server), swipe-up (server), PointerEventDispatcher0 (server),
02-08 06:33:25.310 I/wm_task_moved( 1466): [1,0,5]
02-08 06:33:25.310 I/wm_add_to_stopping( 1466): [0,163962840,com.android.launcher3/.uioverrides.QuickstepLauncher,makeInvisible]
02-08 06:33:25.319 I/wm_stop_activity( 1466): [0,163962840,com.android.launcher3/.uioverrides.QuickstepLauncher]
02-08 06:33:25.336 I/wm_on_stop_called( 2862): [163962840,com.android.launcher3.uioverrides.QuickstepLauncher,STOP_ACTIVITY_ITEM]
02-08 06:33:25.340 I/input_interaction( 1466): Interaction with: 73c0ebb com.android.settings/com.android.settings.Settings (server), 73dec14 PopupWindow:5544e42 (server), edge-swipe (server), swipe-up (server), PointerEventDispatcher0 (server),
02-08 06:33:25.344 I/commit_sys_config_file( 1466): [settings-1-0,5]
02-08 06:33:25.393 I/input_interaction( 1466): Interaction with: 73dec14 PopupWindow:5544e42 (server), edge-swipe (server), swipe-up (server), PointerEventDispatcher0 (server),
02-08 06:33:25.406 I/input_focus( 1466): [Focus request a3caed1 com.android.settings/com.android.settings.Settings,reason=UpdateInputWindows]
02-08 06:33:25.413 I/sysui_multi_action( 7109): [757,538,758,2,1089,18323]
02-08 06:33:25.414 I/input_focus( 1466): [Focus entering a3caed1 com.android.settings/com.android.settings.Settings (server),reason=setFocusedWindow]
02-08 06:33:25.685 I/input_interaction( 1466): Interaction with: a3caed1 com.android.settings/com.android.settings.Settings (server), edge-swipe (server), swipe-up (server), PointerEventDispatcher0 (server),
02-08 06:33:27.192 I/sysui_multi_action( 7109): [757,161,758,4]
02-08 06:33:27.194 I/sysui_multi_action( 7109): [757,830,758,4,833,0,854,bluetooth_screen_bt_pair_rename_devices,1089,0]
02-08 06:33:27.237 I/sysui_multi_action( 7109): [757,538,758,1,833,0,1089,33]
02-08 06:33:27.248 I/input_focus( 1466): [Focus request 2845a0e com.android.settings/com.android.settings.Settings,reason=UpdateInputWindows]
02-08 06:33:27.270 I/input_focus( 1466): [Focus leaving a3caed1 com.android.settings/com.android.settings.Settings (server),reason=setFocusedWindow]
02-08 06:33:27.270 I/input_focus( 1466): [Focus entering 2845a0e com.android.settings/com.android.settings.Settings (server),reason=setFocusedWindow]
02-08 06:33:28.076 I/input_interaction( 1466): Interaction with: fa580ed PopupWindow:5544e42 (server), edge-swipe (server), swipe-up (server), PointerEventDispatcher0 (server),
02-08 06:33:28.690 I/wm_task_moved( 1466): [1,0,0]
02-08 06:33:28.690 I/wm_task_moved( 1466): [1,0,5]
02-08 06:33:28.704 I/wm_on_restart_called( 2862): [163962840,com.android.launcher3.uioverrides.QuickstepLauncher,performRestartActivity]
02-08 06:33:28.720 I/wm_on_start_called( 2862): [163962840,com.android.launcher3.uioverrides.QuickstepLauncher,handleStartActivity]
02-08 06:33:28.741 I/sysui_multi_action( 1466): [319,11,322,45,325,3420,757,761,758,9,759,5,806,com.android.launcher3,871,com.android.launcher3.uioverrides.QuickstepLauncher,905,0,1320,4,1321,1]
02-08 06:33:28.843 I/input_interaction( 1466): Interaction with: 2845a0e com.android.settings/com.android.settings.Settings (server), PointerEventDispatcher0 (server),
02-08 06:33:28.860 I/input_interaction( 1466): Interaction with: 2845a0e com.android.settings/com.android.settings.Settings (server), edge-swipe (server), swipe-up (server), PointerEventDispatcher0 (server),
02-08 06:33:28.922 I/commit_sys_config_file( 1466): [settings-1-0,5]
02-08 06:33:28.958 I/wm_task_moved( 1466): [1,0,5]
02-08 06:33:28.959 I/wm_add_to_stopping( 1466): [0,163962840,com.android.launcher3/.uioverrides.QuickstepLauncher,makeInvisible]
02-08 06:33:28.968 I/wm_stop_activity( 1466): [0,163962840,com.android.launcher3/.uioverrides.QuickstepLauncher]
02-08 06:33:28.980 I/input_interaction( 1466): Interaction with: 2845a0e com.android.settings/com.android.settings.Settings (server), fa580ed PopupWindow:5544e42 (server), edge-swipe (server), swipe-up (server), PointerEventDispatcher0 (server),
02-08 06:33:28.987 I/wm_on_stop_called( 2862): [163962840,com.android.launcher3.uioverrides.QuickstepLauncher,STOP_ACTIVITY_ITEM]
02-08 06:33:28.987 I/wm_task_moved( 1466): [1,0,0]
02-08 06:33:28.988 I/wm_task_moved( 1466): [1,0,5]
02-08 06:33:29.006 I/wm_on_restart_called( 2862): [163962840,com.android.launcher3.uioverrides.QuickstepLauncher,performRestartActivity]
02-08 06:33:29.007 I/wm_on_start_called( 2862): [163962840,com.android.launcher3.uioverrides.QuickstepLauncher,handleStartActivity]
02-08 06:33:29.035 I/input_interaction( 1466): Interaction with: 2845a0e com.android.settings/com.android.settings.Settings (server), edge-swipe (server), swipe-up (server), PointerEventDispatcher0 (server),
02-08 06:33:29.047 I/sysui_multi_action( 1466): [319,8,322,54,325,3420,757,761,758,9,759,5,806,com.android.launcher3,871,com.android.launcher3.uioverrides.QuickstepLauncher,905,0,1320,4,1321,1]
02-08 06:33:29.141 I/input_focus( 1466): [Focus request a3caed1 com.android.settings/com.android.settings.Settings,reason=UpdateInputWindows]
02-08 06:33:29.156 I/sysui_multi_action( 7109): [757,538,758,2,1089,1919]
02-08 06:33:29.156 I/input_focus( 1466): [Focus entering a3caed1 com.android.settings/com.android.settings.Settings (server),reason=setFocusedWindow]
02-08 06:33:29.220 I/wm_task_moved( 1466): [1,0,5]
02-08 06:33:29.224 I/wm_add_to_stopping( 1466): [0,163962840,com.android.launcher3/.uioverrides.QuickstepLauncher,makeInvisible]
02-08 06:33:29.233 I/wm_stop_activity( 1466): [0,163962840,com.android.launcher3/.uioverrides.QuickstepLauncher]
02-08 06:33:29.248 I/wm_on_stop_called( 2862): [163962840,com.android.launcher3.uioverrides.QuickstepLauncher,STOP_ACTIVITY_ITEM]
02-08 06:33:29.408 I/input_interaction( 1466): Interaction with: a3caed1 com.android.settings/com.android.settings.Settings (server), edge-swipe (server), swipe-up (server), PointerEventDispatcher0 (server),
02-08 06:33:30.533 I/sysui_multi_action( 7109): [757,161,758,4]
02-08 06:33:30.534 I/sysui_multi_action( 7109): [757,830,758,4,833,0,854,bluetooth_screen_bt_pair_rename_devices,1089,0]
02-08 06:33:30.579 I/sysui_multi_action( 7109): [757,538,758,1,833,0,1089,33]
02-08 06:33:30.589 I/input_focus( 1466): [Focus request d730501 com.android.settings/com.android.settings.Settings,reason=UpdateInputWindows]
02-08 06:33:30.612 I/input_focus( 1466): [Focus leaving a3caed1 com.android.settings/com.android.settings.Settings (server),reason=setFocusedWindow]
02-08 06:33:30.612 I/input_focus( 1466): [Focus entering d730501 com.android.settings/com.android.settings.Settings (server),reason=setFocusedWindow]
02-08 06:33:31.277 I/input_interaction( 1466): Interaction with: a8fe1cf PopupWindow:5544e42 (server), edge-swipe (server), swipe-up (server), PointerEventDispatcher0 (server),
02-08 06:33:32.222 I/wm_task_moved( 1466): [1,0,0]
02-08 06:33:32.222 I/wm_task_moved( 1466): [1,0,5]
02-08 06:33:32.229 I/wm_on_restart_called( 2862): [163962840,com.android.launcher3.uioverrides.QuickstepLauncher,performRestartActivity]
02-08 06:33:32.253 I/wm_on_start_called( 2862): [163962840,com.android.launcher3.uioverrides.QuickstepLauncher,handleStartActivity]
02-08 06:33:32.269 I/sysui_multi_action( 1466): [319,8,322,45,325,3424,757,761,758,9,759,5,806,com.android.launcher3,871,com.android.launcher3.uioverrides.QuickstepLauncher,905,0,1320,4,1321,1]
02-08 06:33:32.333 I/input_interaction( 1466): Interaction with: d730501 com.android.settings/com.android.settings.Settings (server), edge-swipe (server), swipe-up (server), PointerEventDispatcher0 (server),
02-08 06:33:32.431 I/wm_task_moved( 1466): [1,0,5]
02-08 06:33:32.433 I/wm_add_to_stopping( 1466): [0,163962840,com.android.launcher3/.uioverrides.QuickstepLauncher,makeInvisible]
02-08 06:33:32.439 I/wm_stop_activity( 1466): [0,163962840,com.android.launcher3/.uioverrides.QuickstepLauncher]
02-08 06:33:32.448 I/wm_on_stop_called( 2862): [163962840,com.android.launcher3.uioverrides.QuickstepLauncher,STOP_ACTIVITY_ITEM]
02-08 06:33:32.456 I/commit_sys_config_file( 1466): [settings-1-0,4]
02-08 06:33:32.471 I/input_interaction( 1466): Interaction with: d730501 com.android.settings/com.android.settings.Settings (server), a8fe1cf PopupWindow:5544e42 (server), edge-swipe (server), swipe-up (server), PointerEventDispatcher0 (server),
02-08 06:33:32.480 I/wm_task_moved( 1466): [1,0,0]
02-08 06:33:32.481 I/wm_task_moved( 1466): [1,0,5]
02-08 06:33:32.500 I/wm_on_restart_called( 2862): [163962840,com.android.launcher3.uioverrides.QuickstepLauncher,performRestartActivity]
02-08 06:33:32.521 I/wm_on_start_called( 2862): [163962840,com.android.launcher3.uioverrides.QuickstepLauncher,handleStartActivity]
02-08 06:33:32.541 I/sysui_multi_action( 1466): [319,7,322,56,325,3424,757,761,758,9,759,5,806,com.android.launcher3,871,com.android.launcher3.uioverrides.QuickstepLauncher,905,0,1320,4,1321,1]
02-08 06:33:32.566 I/input_interaction( 1466): Interaction with: d730501 com.android.settings/com.android.settings.Settings (server), edge-swipe (server), swipe-up (server), PointerEventDispatcher0 (server),
02-08 06:33:32.678 I/wm_task_moved( 1466): [1,0,5]
02-08 06:33:32.679 I/wm_add_to_stopping( 1466): [0,163962840,com.android.launcher3/.uioverrides.QuickstepLauncher,makeInvisible]
02-08 06:33:32.686 I/wm_stop_activity( 1466): [0,163962840,com.android.launcher3/.uioverrides.QuickstepLauncher]
02-08 06:33:32.700 I/wm_on_stop_called( 2862): [163962840,com.android.launcher3.uioverrides.QuickstepLauncher,STOP_ACTIVITY_ITEM]
02-08 06:33:32.721 I/commit_sys_config_file( 1466): [settings-1-0,4]
02-08 06:33:35.164 I/input_focus( 1466): [Focus request a3caed1 com.android.settings/com.android.settings.Settings,reason=UpdateInputWindows]
02-08 06:33:35.171 I/sysui_multi_action( 7109): [757,538,758,2,1089,4592]
02-08 06:33:35.175 I/input_focus( 1466): [Focus entering a3caed1 com.android.settings/com.android.settings.Settings (server),reason=setFocusedWindow]
02-08 06:33:36.181 I/input_interaction( 1466): Interaction with: a3caed1 com.android.settings/com.android.settings.Settings (server), edge-swipe (server), swipe-up (server), PointerEventDispatcher0 (server),
02-08 06:33:36.280 I/sysui_multi_action( 7109): [757,161,758,4]
02-08 06:33:36.281 I/sysui_multi_action( 7109): [757,830,758,4,833,0,854,bluetooth_screen_bt_pair_rename_devices,1089,0]
02-08 06:33:36.321 I/sysui_multi_action( 7109): [757,538,758,1,833,0,1089,30]
02-08 06:33:36.330 I/input_focus( 1466): [Focus request edd7bc0 com.android.settings/com.android.settings.Settings,reason=UpdateInputWindows]
02-08 06:33:36.342 I/input_focus( 1466): [Focus leaving a3caed1 com.android.settings/com.android.settings.Settings (server),reason=Waiting for window because NOT_VISIBLE]
02-08 06:33:36.358 I/input_focus( 1466): [Focus entering edd7bc0 com.android.settings/com.android.settings.Settings (server),reason=Window became focusable. Previous reason: NOT_VISIBLE]
02-08 06:33:37.916 I/input_interaction( 1466): Interaction with: 570bc6 PopupWindow:5544e42 (server), edge-swipe (server), swipe-up (server), PointerEventDispatcher0 (server),
02-08 06:33:38.966 I/input_interaction( 1466): Interaction with: edd7bc0 com.android.settings/com.android.settings.Settings (server), edge-swipe (server), swipe-up (server), PointerEventDispatcher0 (server),
02-08 06:33:40.010 I/input_interaction( 1466): Interaction with: 36e8d13 PopupWindow:5544e42 (server), edge-swipe (server), swipe-up (server), PointerEventDispatcher0 (server),
02-08 06:33:43.321 I/input_interaction( 1466): Interaction with: 36e8d13 PopupWindow:5544e42 (server), PointerEventDispatcher0 (server),
02-08 06:33:43.332 I/input_interaction( 1466): Interaction with: 36e8d13 PopupWindow:5544e42 (server), edge-swipe (server), swipe-up (server), PointerEventDispatcher0 (server),
02-08 06:33:44.174 I/input_interaction( 1466): Interaction with: 36e8d13 PopupWindow:5544e42 (server), PointerEventDispatcher0 (server),
02-08 06:33:44.185 I/input_interaction( 1466): Interaction with: 36e8d13 PopupWindow:5544e42 (server), edge-swipe (server), swipe-up (server), PointerEventDispatcher0 (server),
02-08 06:33:44.283 I/service_manager_stats( 1466): [100,61,22845]
02-08 06:33:45.820 I/wm_task_moved( 1466): [1,0,0]
02-08 06:33:45.821 I/wm_task_moved( 1466): [1,0,5]
02-08 06:33:45.831 I/wm_on_restart_called( 2862): [163962840,com.android.launcher3.uioverrides.QuickstepLauncher,performRestartActivity]
02-08 06:33:45.853 I/wm_on_start_called( 2862): [163962840,com.android.launcher3.uioverrides.QuickstepLauncher,handleStartActivity]
02-08 06:33:45.881 I/sysui_multi_action( 1466): [319,7,322,53,325,3437,757,761,758,9,759,5,806,com.android.launcher3,871,com.android.launcher3.uioverrides.QuickstepLauncher,905,0,1320,4,1321,1]
02-08 06:33:45.958 I/input_interaction( 1466): Interaction with: edd7bc0 com.android.settings/com.android.settings.Settings (server), PointerEventDispatcher0 (server),
02-08 06:33:45.974 I/input_interaction( 1466): Interaction with: edd7bc0 com.android.settings/com.android.settings.Settings (server), edge-swipe (server), swipe-up (server), PointerEventDispatcher0 (server),
02-08 06:33:46.058 I/commit_sys_config_file( 1466): [settings-1-0,6]
02-08 06:33:46.074 I/wm_task_moved( 1466): [1,0,5]
02-08 06:33:46.075 I/wm_add_to_stopping( 1466): [0,163962840,com.android.launcher3/.uioverrides.QuickstepLauncher,makeInvisible]
02-08 06:33:46.085 I/wm_stop_activity( 1466): [0,163962840,com.android.launcher3/.uioverrides.QuickstepLauncher]
02-08 06:33:46.095 I/am_pss ( 1466): [11763,10064,com.android.calendar,6337536,3940352,0,91787264,0,19,7]
02-08 06:33:46.102 I/wm_on_stop_called( 2862): [163962840,com.android.launcher3.uioverrides.QuickstepLauncher,STOP_ACTIVITY_ITEM]
02-08 06:33:46.103 I/am_pss ( 1466): [11664,10065,com.android.deskclock,8822784,5996544,0,95875072,0,19,7]
02-08 06:33:46.109 I/input_interaction( 1466): Interaction with: edd7bc0 com.android.settings/com.android.settings.Settings (server), 36e8d13 PopupWindow:5544e42 (server), edge-swipe (server), swipe-up (server), PointerEventDispatcher0 (server),
02-08 06:33:46.193 I/input_focus( 1466): [Focus request a3caed1 com.android.settings/com.android.settings.Settings,reason=UpdateInputWindows]
02-08 06:33:46.197 I/sysui_multi_action( 7109): [757,538,758,2,1089,9877]
02-08 06:33:46.217 I/input_focus( 1466): [Focus entering a3caed1 com.android.settings/com.android.settings.Settings (server),reason=setFocusedWindow]
02-08 06:33:48.087 I/input_interaction( 1466): Interaction with: a3caed1 com.android.settings/com.android.settings.Settings (server), edge-swipe (server), swipe-up (server), PointerEventDispatcher0 (server),
02-08 06:33:49.611 I/sysui_multi_action( 7109): [757,830,758,4,833,0,854,top_level_game,1089,0]
02-08 06:33:49.719 I/sysui_multi_action( 7109): [757,1390,758,2,1089,44535]
02-08 06:33:49.777 I/sysui_multi_action( 7109): [757,3000,758,1,833,0,1089,32]
02-08 06:33:49.777 I/sysui_multi_action( 7109): [757,1729,758,4,854,isParalleledControllers:false,1089,33]
02-08 06:33:50.597 I/sysui_multi_action( 7109): [757,830,758,4,833,0,854,top_level_about_device,1089,0]
02-08 06:33:50.701 I/sysui_multi_action( 7109): [757,3000,758,2,1089,924]
02-08 06:33:50.770 I/sysui_multi_action( 7109): [757,40,758,1,833,0,1089,54]
02-08 06:33:50.770 W/FeatureConnector( 7109): [ImsConnector, 0] connect: not supported.
02-08 06:33:50.772 I/sysui_multi_action( 7109): [757,1729,758,4,854,isParalleledControllers:false,1089,56]
02-08 06:33:51.815 I/sysui_multi_action( 7109): [757,830,758,4,833,0,854,device_name,1089,0]
02-08 06:33:51.882 I/input_focus( 1466): [Focus request 6880536 com.android.settings/com.android.settings.Settings,reason=UpdateInputWindows]
02-08 06:33:51.914 I/input_focus( 1466): [Focus leaving a3caed1 com.android.settings/com.android.settings.Settings (server),reason=setFocusedWindow]
02-08 06:33:51.914 I/input_focus( 1466): [Focus entering 6880536 com.android.settings/com.android.settings.Settings (server),reason=setFocusedWindow]
02-08 06:33:52.938 I/input_interaction( 1466): Interaction with: 5f0dc72 PopupWindow:5544e42 (server), edge-swipe (server), swipe-up (server), PointerEventDispatcher0 (server),
02-08 06:33:54.887 I/wm_task_moved( 1466): [1,0,0]
02-08 06:33:54.887 I/wm_task_moved( 1466): [1,0,5]
02-08 06:33:54.900 I/wm_on_restart_called( 2862): [163962840,com.android.launcher3.uioverrides.QuickstepLauncher,performRestartActivity]
02-08 06:33:54.921 I/wm_on_start_called( 2862): [163962840,com.android.launcher3.uioverrides.QuickstepLauncher,handleStartActivity]
02-08 06:33:54.940 I/sysui_multi_action( 1466): [319,8,322,49,325,3446,757,761,758,9,759,5,806,com.android.launcher3,871,com.android.launcher3.uioverrides.QuickstepLauncher,905,0,1320,4,1321,1]
02-08 06:33:55.067 I/input_interaction( 1466): Interaction with: 6880536 com.android.settings/com.android.settings.Settings (server), edge-swipe (server), swipe-up (server), PointerEventDispatcher0 (server),
02-08 06:33:55.123 I/commit_sys_config_file( 1466): [settings-1-0,4]
02-08 06:33:55.141 I/wm_task_moved( 1466): [1,0,5]
02-08 06:33:55.142 I/wm_add_to_stopping( 1466): [0,163962840,com.android.launcher3/.uioverrides.QuickstepLauncher,makeInvisible]
02-08 06:33:55.154 I/wm_stop_activity( 1466): [0,163962840,com.android.launcher3/.uioverrides.QuickstepLauncher]
02-08 06:33:55.162 I/wm_on_stop_called( 2862): [163962840,com.android.launcher3.uioverrides.QuickstepLauncher,STOP_ACTIVITY_ITEM]
02-08 06:33:55.177 I/input_interaction( 1466): Interaction with: 6880536 com.android.settings/com.android.settings.Settings (server), 5f0dc72 PopupWindow:5544e42 (server), edge-swipe (server), swipe-up (server), PointerEventDispatcher0 (server),
02-08 06:33:55.229 I/input_interaction( 1466): Interaction with: 5f0dc72 PopupWindow:5544e42 (server), edge-swipe (server), swipe-up (server), PointerEventDispatcher0 (server),
02-08 06:33:56.234 I/input_interaction( 1466): Interaction with: 5f0dc72 PopupWindow:5544e42 (server), PointerEventDispatcher0 (server),
02-08 06:33:56.246 I/input_interaction( 1466): Interaction with: 5f0dc72 PopupWindow:5544e42 (server), edge-swipe (server), swipe-up (server), PointerEventDispatcher0 (server),
02-08 06:33:56.673 I/wm_task_moved( 1466): [1,0,0]
02-08 06:33:56.674 I/wm_task_moved( 1466): [1,0,5]
02-08 06:33:56.688 I/wm_on_restart_called( 2862): [163962840,com.android.launcher3.uioverrides.QuickstepLauncher,performRestartActivity]
02-08 06:33:56.712 I/wm_on_start_called( 2862): [163962840,com.android.launcher3.uioverrides.QuickstepLauncher,handleStartActivity]
02-08 06:33:56.730 I/sysui_multi_action( 1466): [319,10,322,54,325,3448,757,761,758,9,759,5,806,com.android.launcher3,871,com.android.launcher3.uioverrides.QuickstepLauncher,905,0,1320,4,1321,1]
02-08 06:33:56.811 I/input_interaction( 1466): Interaction with: 6880536 com.android.settings/com.android.settings.Settings (server), PointerEventDispatcher0 (server),
02-08 06:33:56.825 I/input_interaction( 1466): Interaction with: 6880536 com.android.settings/com.android.settings.Settings (server), edge-swipe (server), swipe-up (server), PointerEventDispatcher0 (server),
02-08 06:33:56.915 I/commit_sys_config_file( 1466): [settings-1-0,3]
02-08 06:33:56.924 I/wm_task_moved( 1466): [1,0,5]
02-08 06:33:56.926 I/wm_add_to_stopping( 1466): [0,163962840,com.android.launcher3/.uioverrides.QuickstepLauncher,makeInvisible]
02-08 06:33:56.935 I/wm_stop_activity( 1466): [0,163962840,com.android.launcher3/.uioverrides.QuickstepLauncher]
02-08 06:33:56.952 I/wm_on_stop_called( 2862): [163962840,com.android.launcher3.uioverrides.QuickstepLauncher,STOP_ACTIVITY_ITEM]
02-08 06:33:57.293 I/input_interaction( 1466): Interaction with: 5f0dc72 PopupWindow:5544e42 (server), edge-swipe (server), swipe-up (server), PointerEventDispatcher0 (server),
02-08 06:33:57.661 I/wm_task_moved( 1466): [1,0,0]
02-08 06:33:57.661 I/wm_task_moved( 1466): [1,0,5]
02-08 06:33:57.673 I/wm_on_restart_called( 2862): [163962840,com.android.launcher3.uioverrides.QuickstepLauncher,performRestartActivity]
02-08 06:33:57.688 I/wm_on_start_called( 2862): [163962840,com.android.launcher3.uioverrides.QuickstepLauncher,handleStartActivity]
02-08 06:33:57.706 I/sysui_multi_action( 1466): [319,8,322,42,325,3449,757,761,758,9,759,5,806,com.android.launcher3,871,com.android.launcher3.uioverrides.QuickstepLauncher,905,0,1320,4,1321,1]
02-08 06:33:57.813 I/input_interaction( 1466): Interaction with: 5f0dc72 PopupWindow:5544e42 (server), 6880536 com.android.settings/com.android.settings.Settings (server), edge-swipe (server), swipe-up (server), PointerEventDispatcher0 (server),
02-08 06:33:57.841 I/input_interaction( 1466): Interaction with: 6880536 com.android.settings/com.android.settings.Settings (server), edge-swipe (server), swipe-up (server), PointerEventDispatcher0 (server),
02-08 06:33:57.889 I/commit_sys_config_file( 1466): [settings-1-0,4]
02-08 06:33:58.004 I/sysui_latency( 1466): [8,52]
02-08 06:34:02.972 I/input_interaction( 1466): Interaction with: 5f0dc72 PopupWindow:5544e42 (server), edge-swipe (server), swipe-up (server), PointerEventDispatcher0 (server),
02-08 06:34:02.987 I/input_focus( 1466): [Focus request a3caed1 com.android.settings/com.android.settings.Settings,reason=UpdateInputWindows]
02-08 06:34:03.004 I/input_focus( 1466): [Focus entering a3caed1 com.android.settings/com.android.settings.Settings (server),reason=setFocusedWindow]
02-08 06:34:03.058 I/input_interaction( 1466): Interaction with: edge-swipe (server), swipe-up (server), PointerEventDispatcher0 (server),
02-08 06:34:03.084 I/input_interaction( 1466): Interaction with: a3caed1 com.android.settings/com.android.settings.Settings (server), edge-swipe (server), swipe-up (server), PointerEventDispatcher0 (server),
02-08 06:34:03.236 I/sysui_multi_action( 7109): [757,830,758,4,833,0,854,legal_container,1089,0]
02-08 06:34:03.242 I/sysui_multi_action( 7109): [757,40,758,2,1089,12471]
02-08 06:34:03.283 I/sysui_multi_action( 7109): [757,225,758,1,833,0,1089,36]
02-08 06:34:03.286 I/sysui_multi_action( 7109): [757,1729,758,4,854,isParalleledControllers:false,1089,40]
02-08 06:34:03.513 I/input_interaction( 1466): Interaction with: a3caed1 com.android.settings/com.android.settings.Settings (server), 8682221 com.android.systemui.ImageWallpaper (server), edge-swipe (server), swipe-up (server), PointerEventDispatcher0 (server),
02-08 06:34:04.281 I/service_manager_stats( 1466): [100,54,19998]
02-08 06:34:06.519 I/input_interaction( 1466): Interaction with: a3caed1 com.android.settings/com.android.settings.Settings (server), PointerEventDispatcher0 (server),
02-08 06:34:06.530 I/input_interaction( 1466): Interaction with: a3caed1 com.android.settings/com.android.settings.Settings (server), 8682221 com.android.systemui.ImageWallpaper (server), edge-swipe (server), swipe-up (server), PointerEventDispatcher0 (server),
02-08 06:35:01.196 I/am_uid_idle( 1466): 10068
02-08 06:35:08.873 I/sysui_multi_action( 1466): [757,1696,758,6,759,2]
02-08 06:35:08.876 I/am_wtf ( 1466): [0,1466,system_server,-1,DisplayDeviceConfig,requesting nits when no mapping exists.]
02-08 06:35:08.880 I/am_wtf ( 1466): [0,1466,system_server,-1,DisplayDeviceConfig,requesting nits when no mapping exists.]
02-08 06:35:08.890 I/am_wtf ( 1466): [0,1466,system_server,-1,DisplayDeviceConfig,requesting nits when no mapping exists.]
02-08 06:35:08.892 I/am_wtf ( 1466): [0,1466,system_server,-1,DisplayDeviceConfig,requesting nits when no mapping exists.]
02-08 06:35:08.907 I/am_wtf ( 1466): [0,1466,system_server,-1,DisplayDeviceConfig,requesting nits when no mapping exists.]
02-08 06:35:08.909 I/am_wtf ( 1466): [0,1466,system_server,-1,DisplayDeviceConfig,requesting nits when no mapping exists.]
02-08 06:35:08.912 I/am_wtf ( 1466): [0,1466,system_server,-1,DisplayDeviceConfig,requesting nits when no mapping exists.]
02-08 06:35:08.913 I/am_wtf ( 1466): [0,1466,system_server,-1,DisplayDeviceConfig,requesting nits when no mapping exists.]
02-08 06:35:08.928 I/am_wtf ( 1466): [0,1466,system_server,-1,DisplayDeviceConfig,requesting nits when no mapping exists.]
02-08 06:35:08.928 I/am_wtf ( 1466): [0,1466,system_server,-1,DisplayDeviceConfig,requesting nits when no mapping exists.]
02-08 06:35:08.945 I/am_wtf ( 1466): [0,1466,system_server,-1,DisplayDeviceConfig,requesting nits when no mapping exists.]
02-08 06:35:08.946 I/am_wtf ( 1466): [0,1466,system_server,-1,DisplayDeviceConfig,requesting nits when no mapping exists.]
02-08 06:35:08.962 I/am_wtf ( 1466): [0,1466,system_server,-1,DisplayDeviceConfig,requesting nits when no mapping exists.]
02-08 06:35:08.963 I/am_wtf ( 1466): [0,1466,system_server,-1,DisplayDeviceConfig,requesting nits when no mapping exists.]
02-08 06:35:08.978 I/am_wtf ( 1466): [0,1466,system_server,-1,DisplayDeviceConfig,requesting nits when no mapping exists.]
02-08 06:35:08.979 I/am_wtf ( 1466): [0,1466,system_server,-1,DisplayDeviceConfig,requesting nits when no mapping exists.]
02-08 06:35:08.995 I/am_wtf ( 1466): [0,1466,system_server,-1,DisplayDeviceConfig,requesting nits when no mapping exists.]
02-08 06:35:08.996 I/am_wtf ( 1466): [0,1466,system_server,-1,DisplayDeviceConfig,requesting nits when no mapping exists.]
02-08 06:35:09.012 I/am_wtf ( 1466): [0,1466,system_server,-1,DisplayDeviceConfig,requesting nits when no mapping exists.]
02-08 06:35:09.013 I/am_wtf ( 1466): [0,1466,system_server,-1,DisplayDeviceConfig,requesting nits when no mapping exists.]
02-08 06:35:09.029 I/am_wtf ( 1466): [0,1466,system_server,-1,DisplayDeviceConfig,requesting nits when no mapping exists.]
02-08 06:35:09.029 I/am_wtf ( 1466): [0,1466,system_server,-1,DisplayDeviceConfig,requesting nits when no mapping exists.]
02-08 06:35:09.045 I/am_wtf ( 1466): [0,1466,system_server,-1,DisplayDeviceConfig,requesting nits when no mapping exists.]
02-08 06:35:09.046 I/am_wtf ( 1466): [0,1466,system_server,-1,DisplayDeviceConfig,requesting nits when no mapping exists.]
02-08 06:35:09.062 I/am_wtf ( 1466): [0,1466,system_server,-1,DisplayDeviceConfig,requesting nits when no mapping exists.]
02-08 06:35:09.063 I/am_wtf ( 1466): [0,1466,system_server,-1,DisplayDeviceConfig,requesting nits when no mapping exists.]
02-08 06:35:09.079 I/am_wtf ( 1466): [0,1466,system_server,-1,DisplayDeviceConfig,requesting nits when no mapping exists.]
02-08 06:35:09.080 I/am_wtf ( 1466): [0,1466,system_server,-1,DisplayDeviceConfig,requesting nits when no mapping exists.]
02-08 06:35:09.096 I/am_wtf ( 1466): [0,1466,system_server,-1,DisplayDeviceConfig,requesting nits when no mapping exists.]
02-08 06:35:09.097 I/am_wtf ( 1466): [0,1466,system_server,-1,DisplayDeviceConfig,requesting nits when no mapping exists.]
02-08 06:35:09.112 I/am_wtf ( 1466): [0,1466,system_server,-1,DisplayDeviceConfig,requesting nits when no mapping exists.]
02-08 06:35:09.113 I/am_wtf ( 1466): [0,1466,system_server,-1,DisplayDeviceConfig,requesting nits when no mapping exists.]
02-08 06:35:09.129 I/am_wtf ( 1466): [0,1466,system_server,-1,DisplayDeviceConfig,requesting nits when no mapping exists.]
02-08 06:35:09.129 I/am_wtf ( 1466): [0,1466,system_server,-1,DisplayDeviceConfig,requesting nits when no mapping exists.]
02-08 06:35:09.146 I/am_wtf ( 1466): [0,1466,system_server,-1,DisplayDeviceConfig,requesting nits when no mapping exists.]
02-08 06:35:09.147 I/am_wtf ( 1466): [0,1466,system_server,-1,DisplayDeviceConfig,requesting nits when no mapping exists.]
02-08 06:35:09.162 I/am_wtf ( 1466): [0,1466,system_server,-1,DisplayDeviceConfig,requesting nits when no mapping exists.]
02-08 06:35:09.163 I/am_wtf ( 1466): [0,1466,system_server,-1,DisplayDeviceConfig,requesting nits when no mapping exists.]
02-08 06:35:09.179 I/am_wtf ( 1466): [0,1466,system_server,-1,DisplayDeviceConfig,requesting nits when no mapping exists.]
02-08 06:35:09.180 I/am_wtf ( 1466): [0,1466,system_server,-1,DisplayDeviceConfig,requesting nits when no mapping exists.]
02-08 06:35:09.196 I/am_wtf ( 1466): [0,1466,system_server,-1,DisplayDeviceConfig,requesting nits when no mapping exists.]
02-08 06:35:09.196 I/service_manager_stats( 1466): [100,44,64916]
02-08 06:35:09.196 I/am_wtf ( 1466): [0,1466,system_server,-1,DisplayDeviceConfig,requesting nits when no mapping exists.]
02-08 06:35:09.212 I/am_wtf ( 1466): [0,1466,system_server,-1,DisplayDeviceConfig,requesting nits when no mapping exists.]
02-08 06:35:09.213 I/am_wtf ( 1466): [0,1466,system_server,-1,DisplayDeviceConfig,requesting nits when no mapping exists.]
02-08 06:35:09.229 I/am_wtf ( 1466): [0,1466,system_server,-1,DisplayDeviceConfig,requesting nits when no mapping exists.]
02-08 06:35:09.230 I/am_wtf ( 1466): [0,1466,system_server,-1,DisplayDeviceConfig,requesting nits when no mapping exists.]
02-08 06:35:09.246 I/am_wtf ( 1466): [0,1466,system_server,-1,DisplayDeviceConfig,requesting nits when no mapping exists.]
02-08 06:35:09.246 I/am_wtf ( 1466): [0,1466,system_server,-1,DisplayDeviceConfig,requesting nits when no mapping exists.]
02-08 06:35:09.262 I/am_wtf ( 1466): [0,1466,system_server,-1,DisplayDeviceConfig,requesting nits when no mapping exists.]
02-08 06:35:09.263 I/am_wtf ( 1466): [0,1466,system_server,-1,DisplayDeviceConfig,requesting nits when no mapping exists.]
02-08 06:35:09.279 I/am_wtf ( 1466): [0,1466,system_server,-1,DisplayDeviceConfig,requesting nits when no mapping exists.]
02-08 06:35:09.280 I/am_wtf ( 1466): [0,1466,system_server,-1,DisplayDeviceConfig,requesting nits when no mapping exists.]
02-08 06:35:09.296 I/am_wtf ( 1466): [0,1466,system_server,-1,DisplayDeviceConfig,requesting nits when no mapping exists.]
02-08 06:35:09.297 I/am_wtf ( 1466): [0,1466,system_server,-1,DisplayDeviceConfig,requesting nits when no mapping exists.]
02-08 06:35:09.313 I/am_wtf ( 1466): [0,1466,system_server,-1,DisplayDeviceConfig,requesting nits when no mapping exists.]
02-08 06:35:09.314 I/am_wtf ( 1466): [0,1466,system_server,-1,DisplayDeviceConfig,requesting nits when no mapping exists.]
02-08 06:35:09.329 I/am_wtf ( 1466): [0,1466,system_server,-1,DisplayDeviceConfig,requesting nits when no mapping exists.]
02-08 06:35:09.330 I/am_wtf ( 1466): [0,1466,system_server,-1,DisplayDeviceConfig,requesting nits when no mapping exists.]
02-08 06:35:09.346 I/am_wtf ( 1466): [0,1466,system_server,-1,DisplayDeviceConfig,requesting nits when no mapping exists.]
02-08 06:35:09.346 I/am_wtf ( 1466): [0,1466,system_server,-1,DisplayDeviceConfig,requesting nits when no mapping exists.]
02-08 06:35:09.363 I/am_wtf ( 1466): [0,1466,system_server,-1,DisplayDeviceConfig,requesting nits when no mapping exists.]
02-08 06:35:09.364 I/am_wtf ( 1466): [0,1466,system_server,-1,DisplayDeviceConfig,requesting nits when no mapping exists.]
02-08 06:35:09.379 I/am_wtf ( 1466): [0,1466,system_server,-1,DisplayDeviceConfig,requesting nits when no mapping exists.]
02-08 06:35:09.380 I/am_wtf ( 1466): [0,1466,system_server,-1,DisplayDeviceConfig,requesting nits when no mapping exists.]
02-08 06:35:09.396 I/am_wtf ( 1466): [0,1466,system_server,-1,DisplayDeviceConfig,requesting nits when no mapping exists.]
02-08 06:35:09.397 I/am_wtf ( 1466): [0,1466,system_server,-1,DisplayDeviceConfig,requesting nits when no mapping exists.]
02-08 06:35:09.413 I/am_wtf ( 1466): [0,1466,system_server,-1,DisplayDeviceConfig,requesting nits when no mapping exists.]
02-08 06:35:09.414 I/am_wtf ( 1466): [0,1466,system_server,-1,DisplayDeviceConfig,requesting nits when no mapping exists.]
02-08 06:35:09.429 I/am_wtf ( 1466): [0,1466,system_server,-1,DisplayDeviceConfig,requesting nits when no mapping exists.]
02-08 06:35:09.430 I/am_wtf ( 1466): [0,1466,system_server,-1,DisplayDeviceConfig,requesting nits when no mapping exists.]
02-08 06:35:09.446 I/am_wtf ( 1466): [0,1466,system_server,-1,DisplayDeviceConfig,requesting nits when no mapping exists.]
02-08 06:35:09.447 I/am_wtf ( 1466): [0,1466,system_server,-1,DisplayDeviceConfig,requesting nits when no mapping exists.]
02-08 06:35:09.463 I/am_wtf ( 1466): [0,1466,system_server,-1,DisplayDeviceConfig,requesting nits when no mapping exists.]
02-08 06:35:09.464 I/am_wtf ( 1466): [0,1466,system_server,-1,DisplayDeviceConfig,requesting nits when no mapping exists.]
02-08 06:35:09.479 I/am_wtf ( 1466): [0,1466,system_server,-1,DisplayDeviceConfig,requesting nits when no mapping exists.]
02-08 06:35:09.480 I/am_wtf ( 1466): [0,1466,system_server,-1,DisplayDeviceConfig,requesting nits when no mapping exists.]
02-08 06:35:09.496 I/am_wtf ( 1466): [0,1466,system_server,-1,DisplayDeviceConfig,requesting nits when no mapping exists.]
02-08 06:35:09.497 I/am_wtf ( 1466): [0,1466,system_server,-1,DisplayDeviceConfig,requesting nits when no mapping exists.]
02-08 06:35:09.513 I/am_wtf ( 1466): [0,1466,system_server,-1,DisplayDeviceConfig,requesting nits when no mapping exists.]
02-08 06:35:09.514 I/am_wtf ( 1466): [0,1466,system_server,-1,DisplayDeviceConfig,requesting nits when no mapping exists.]
02-08 06:35:09.530 I/am_wtf ( 1466): [0,1466,system_server,-1,DisplayDeviceConfig,requesting nits when no mapping exists.]
02-08 06:35:09.531 I/am_wtf ( 1466): [0,1466,system_server,-1,DisplayDeviceConfig,requesting nits when no mapping exists.]
02-08 06:35:09.546 I/am_wtf ( 1466): [0,1466,system_server,-1,DisplayDeviceConfig,requesting nits when no mapping exists.]
02-08 06:35:09.547 I/am_wtf ( 1466): [0,1466,system_server,-1,DisplayDeviceConfig,requesting nits when no mapping exists.]
02-08 06:35:09.563 I/am_wtf ( 1466): [0,1466,system_server,-1,DisplayDeviceConfig,requesting nits when no mapping exists.]
02-08 06:35:09.564 I/am_wtf ( 1466): [0,1466,system_server,-1,DisplayDeviceConfig,requesting nits when no mapping exists.]
02-08 06:35:09.580 I/am_wtf ( 1466): [0,1466,system_server,-1,DisplayDeviceConfig,requesting nits when no mapping exists.]
02-08 06:35:09.580 I/am_wtf ( 1466): [0,1466,system_server,-1,DisplayDeviceConfig,requesting nits when no mapping exists.]
02-08 06:35:09.596 I/am_wtf ( 1466): [0,1466,system_server,-1,DisplayDeviceConfig,requesting nits when no mapping exists.]
02-08 06:35:09.597 I/am_wtf ( 1466): [0,1466,system_server,-1,DisplayDeviceConfig,requesting nits when no mapping exists.]
02-08 06:35:09.613 I/am_wtf ( 1466): [0,1466,system_server,-1,DisplayDeviceConfig,requesting nits when no mapping exists.]
02-08 06:35:09.614 I/am_wtf ( 1466): [0,1466,system_server,-1,DisplayDeviceConfig,requesting nits when no mapping exists.]
02-08 06:35:09.630 I/am_wtf ( 1466): [0,1466,system_server,-1,DisplayDeviceConfig,requesting nits when no mapping exists.]
02-08 06:35:09.630 I/am_wtf ( 1466): [0,1466,system_server,-1,DisplayDeviceConfig,requesting nits when no mapping exists.]
02-08 06:35:09.646 I/am_wtf ( 1466): [0,1466,system_server,-1,DisplayDeviceConfig,requesting nits when no mapping exists.]
02-08 06:35:09.647 I/am_wtf ( 1466): [0,1466,system_server,-1,DisplayDeviceConfig,requesting nits when no mapping exists.]
02-08 06:35:09.663 I/am_wtf ( 1466): [0,1466,system_server,-1,DisplayDeviceConfig,requesting nits when no mapping exists.]
02-08 06:35:09.664 I/am_wtf ( 1466): [0,1466,system_server,-1,DisplayDeviceConfig,requesting nits when no mapping exists.]
02-08 06:35:09.680 I/am_wtf ( 1466): [0,1466,system_server,-1,DisplayDeviceConfig,requesting nits when no mapping exists.]
02-08 06:35:09.681 I/am_wtf ( 1466): [0,1466,system_server,-1,DisplayDeviceConfig,requesting nits when no mapping exists.]
02-08 06:35:09.696 I/am_wtf ( 1466): [0,1466,system_server,-1,DisplayDeviceConfig,requesting nits when no mapping exists.]
02-08 06:35:09.697 I/am_wtf ( 1466): [0,1466,system_server,-1,DisplayDeviceConfig,requesting nits when no mapping exists.]
02-08 06:35:09.713 I/am_wtf ( 1466): [0,1466,system_server,-1,DisplayDeviceConfig,requesting nits when no mapping exists.]
02-08 06:35:09.715 I/am_wtf ( 1466): [0,1466,system_server,-1,DisplayDeviceConfig,requesting nits when no mapping exists.]
02-08 06:35:09.730 I/am_wtf ( 1466): [0,1466,system_server,-1,DisplayDeviceConfig,requesting nits when no mapping exists.]
02-08 06:35:09.731 I/am_wtf ( 1466): [0,1466,system_server,-1,DisplayDeviceConfig,requesting nits when no mapping exists.]
02-08 06:35:09.747 I/am_wtf ( 1466): [0,1466,system_server,-1,DisplayDeviceConfig,requesting nits when no mapping exists.]
02-08 06:35:09.748 I/am_wtf ( 1466): [0,1466,system_server,-1,DisplayDeviceConfig,requesting nits when no mapping exists.]
02-08 06:35:09.763 I/am_wtf ( 1466): [0,1466,system_server,-1,DisplayDeviceConfig,requesting nits when no mapping exists.]
02-08 06:35:09.764 I/am_wtf ( 1466): [0,1466,system_server,-1,DisplayDeviceConfig,requesting nits when no mapping exists.]
02-08 06:35:09.780 I/am_wtf ( 1466): [0,1466,system_server,-1,DisplayDeviceConfig,requesting nits when no mapping exists.]
02-08 06:35:09.781 I/am_wtf ( 1466): [0,1466,system_server,-1,DisplayDeviceConfig,requesting nits when no mapping exists.]
02-08 06:35:09.797 I/am_wtf ( 1466): [0,1466,system_server,-1,DisplayDeviceConfig,requesting nits when no mapping exists.]
02-08 06:35:09.798 I/am_wtf ( 1466): [0,1466,system_server,-1,DisplayDeviceConfig,requesting nits when no mapping exists.]
02-08 06:35:09.813 I/am_wtf ( 1466): [0,1466,system_server,-1,DisplayDeviceConfig,requesting nits when no mapping exists.]
02-08 06:35:09.814 I/am_wtf ( 1466): [0,1466,system_server,-1,DisplayDeviceConfig,requesting nits when no mapping exists.]
02-08 06:35:09.830 I/am_wtf ( 1466): [0,1466,system_server,-1,DisplayDeviceConfig,requesting nits when no mapping exists.]
02-08 06:35:09.830 I/am_wtf ( 1466): [0,1466,system_server,-1,DisplayDeviceConfig,requesting nits when no mapping exists.]
02-08 06:35:15.873 I/sysui_multi_action( 1466): [757,222,758,1]
02-08 06:35:15.876 I/am_uid_active( 1466): 10049
02-08 06:35:15.885 I/wm_task_created( 1466): [29,-1]
02-08 06:35:15.886 I/am_pss ( 1466): [11763,10064,com.android.calendar,6337536,3940352,0,91787264,0,19,7]
02-08 06:35:15.889 I/wm_task_moved( 1466): [29,1,7]
02-08 06:35:15.889 I/wm_task_to_front( 1466): [0,29]
02-08 06:35:15.890 I/wm_on_top_resumed_lost_called( 7109): [101732248,com.android.settings.Settings,topStateChangedWhenResumed]
02-08 06:35:15.890 I/wm_create_task( 1466): [0,29]
02-08 06:35:15.890 I/wm_create_activity( 1466): [0,187728999,29,com.thundercomm.screensaver/android.service.dreams.DreamActivity,NULL,NULL,NULL,276824064]
02-08 06:35:15.890 I/wm_task_moved( 1466): [29,1,7]
02-08 06:35:15.890 I/wm_pause_activity( 1466): [0,101732248,com.android.settings/.Settings,userLeaving=true,pauseBackTasks]
02-08 06:35:15.893 I/sysui_multi_action( 7109): [757,35,758,2,1089,130710]
02-08 06:35:15.893 I/am_pss ( 1466): [4221,2000,com.android.shell,6206464,4145152,0,90578944,0,19,5]
02-08 06:35:15.893 I/sysui_multi_action( 7109): [757,225,758,2,1089,72611]
02-08 06:35:15.893 I/wm_on_paused_called( 7109): [101732248,com.android.settings.Settings,performPause]
02-08 06:35:15.894 I/wm_add_to_stopping( 1466): [0,101732248,com.android.settings/.Settings,makeInvisible]
02-08 06:35:15.894 I/wm_restart_activity( 1466): [0,187728999,29,com.thundercomm.screensaver/android.service.dreams.DreamActivity]
02-08 06:35:15.895 I/wm_set_resumed_activity( 1466): [0,com.thundercomm.screensaver/android.service.dreams.DreamActivity,minimalResumeActivityLocked]
02-08 06:35:15.898 I/sysui_multi_action( 1466): [757,803,799,window_time_0,802,130]
02-08 06:35:15.898 I/wm_on_create_called( 6616): [187728999,android.service.dreams.DreamActivity,performCreate]
02-08 06:35:15.898 I/wm_on_start_called( 6616): [187728999,android.service.dreams.DreamActivity,handleStartActivity]
02-08 06:35:15.899 I/am_pss ( 1466): [4200,10033,com.android.packageinstaller,7683072,5656576,0,91373568,0,19,5]
02-08 06:35:15.899 I/wm_on_resume_called( 6616): [187728999,android.service.dreams.DreamActivity,RESUME_ACTIVITY]
02-08 06:35:15.901 I/wm_on_top_resumed_gained_called( 6616): [187728999,android.service.dreams.DreamActivity,topStateChangedWhenResumed]
02-08 06:35:15.904 I/am_uid_active( 1466): 10068
02-08 06:35:15.904 I/am_pss ( 1466): [3776,10036,com.android.managedprovisioning,9780224,7614464,0,95694848,0,19,5]
02-08 06:35:15.911 I/am_pss ( 1466): [2814,1000,com.qualcomm.qti.qdma,10031104,6610944,0,106532864,0,0,5]
02-08 06:35:15.916 I/am_pss ( 1466): [2737,1000,com.thundercomm.tcservice,11146240,8724480,0,100040704,0,0,5]
02-08 06:35:15.919 I/input_focus( 1466): [Focus request 7d868b2 com.thundercomm.screensaver/android.service.dreams.DreamActivity,reason=UpdateInputWindows]
02-08 06:35:15.922 I/am_pss ( 1466): [2734,1000,com.thundercomm.remotecontrolservice,17716224,14962688,0,109223936,0,0,5]
02-08 06:35:15.925 I/sysui_multi_action( 1466): [319,41,322,41,325,3527,757,761,758,8,759,2,806,com.thundercomm.screensaver,871,android.service.dreams.DreamActivity,904,com.thundercomm.screensaver,905,0,1320,4,1321,2]
02-08 06:35:15.925 I/wm_activity_launch_time( 1466): [0,187728999,com.thundercomm.screensaver/android.service.dreams.DreamActivity,41]
02-08 06:35:15.926 I/sysui_multi_action( 1466): [757,1696,758,6,759,3]
02-08 06:35:15.927 I/am_wtf ( 1466): [0,1466,system_server,-1,DisplayDeviceConfig,requesting nits when no mapping exists.]
02-08 06:35:15.927 I/am_pss ( 1466): [2696,10089,com.qti.qualcomm.mstatssystemservice,5808128,3756032,0,89878528,0,0,5]
02-08 06:35:15.928 I/am_wtf ( 1466): [0,1466,system_server,-1,DisplayDeviceConfig,requesting nits when no mapping exists.]
02-08 06:35:15.929 I/input_focus( 1466): [Focus leaving a3caed1 com.android.settings/com.android.settings.Settings (server),reason=NO_WINDOW]
02-08 06:35:15.933 I/am_pss ( 1466): [2714,1068,com.android.se,6160384,4050944,0,91504640,0,0,5]
02-08 06:35:15.940 I/am_pss ( 1466): [2658,1000,com.thundercomm.tcsetupwizard,57244672,50446336,0,180846592,0,0,6]
02-08 06:35:15.945 I/am_wtf ( 1466): [0,1466,system_server,-1,DisplayDeviceConfig,requesting nits when no mapping exists.]
02-08 06:35:15.945 I/input_focus( 1466): [Focus entering 7d868b2 com.thundercomm.screensaver/android.service.dreams.DreamActivity (server),reason=Window became focusable. Previous reason: NOT_VISIBLE]
02-08 06:35:15.945 I/am_wtf ( 1466): [0,1466,system_server,-1,DisplayDeviceConfig,requesting nits when no mapping exists.]
02-08 06:35:15.946 I/am_pss ( 1466): [2665,1000,vendor.qti.qesdk.sysservice,5913600,3780608,0,91209728,0,0,4]
02-08 06:35:15.951 I/am_pss ( 1466): [2641,1000,com.tc.logclient,7909376,5492736,0,98140160,0,0,5]
02-08 06:35:15.956 I/am_pss ( 1466): [2629,1000,com.thundercomm.tchttpserver,17455104,15364096,0,102465536,0,0,4]
02-08 06:35:15.961 I/am_pss ( 1466): [2622,10055,.qtidataservices,6240256,4145152,0,91537408,0,0,5]
02-08 06:35:15.961 I/am_wtf ( 1466): [0,1466,system_server,-1,DisplayDeviceConfig,requesting nits when no mapping exists.]
02-08 06:35:15.961 I/am_wtf ( 1466): [0,1466,system_server,-1,DisplayDeviceConfig,requesting nits when no mapping exists.]
02-08 06:35:15.967 I/am_pss ( 1466): [2588,1000,com.thundercomm.microsettings,28515328,18665472,0,128520192,0,0,5]
02-08 06:35:15.971 I/am_pss ( 1466): [2586,1000,com.thundercomm.microservice,9354240,7139328,0,96083968,0,0,5]
02-08 06:35:15.977 I/am_wtf ( 1466): [0,1466,system_server,-1,DisplayDeviceConfig,requesting nits when no mapping exists.]
02-08 06:35:15.978 I/am_pss ( 1466): [2568,1000,com.thundercomm.gamemode,38945792,33280000,0,147304448,0,0,6]
02-08 06:35:15.978 I/am_wtf ( 1466): [0,1466,system_server,-1,DisplayDeviceConfig,requesting nits when no mapping exists.]
02-08 06:35:15.994 I/am_wtf ( 1466): [0,1466,system_server,-1,DisplayDeviceConfig,requesting nits when no mapping exists.]
02-08 06:35:15.995 I/am_wtf ( 1466): [0,1466,system_server,-1,DisplayDeviceConfig,requesting nits when no mapping exists.]
02-08 06:35:16.011 I/am_wtf ( 1466): [0,1466,system_server,-1,DisplayDeviceConfig,requesting nits when no mapping exists.]
02-08 06:35:16.012 I/am_wtf ( 1466): [0,1466,system_server,-1,DisplayDeviceConfig,requesting nits when no mapping exists.]
02-08 06:35:16.028 I/am_wtf ( 1466): [0,1466,system_server,-1,DisplayDeviceConfig,requesting nits when no mapping exists.]
02-08 06:35:16.029 I/am_wtf ( 1466): [0,1466,system_server,-1,DisplayDeviceConfig,requesting nits when no mapping exists.]
02-08 06:35:16.045 I/am_wtf ( 1466): [0,1466,system_server,-1,DisplayDeviceConfig,requesting nits when no mapping exists.]
02-08 06:35:16.045 I/am_wtf ( 1466): [0,1466,system_server,-1,DisplayDeviceConfig,requesting nits when no mapping exists.]
02-08 06:35:16.061 I/am_wtf ( 1466): [0,1466,system_server,-1,DisplayDeviceConfig,requesting nits when no mapping exists.]
02-08 06:35:16.061 I/am_wtf ( 1466): [0,1466,system_server,-1,DisplayDeviceConfig,requesting nits when no mapping exists.]
02-08 06:35:16.079 I/am_wtf ( 1466): [0,1466,system_server,-1,DisplayDeviceConfig,requesting nits when no mapping exists.]
02-08 06:35:16.079 I/am_wtf ( 1466): [0,1466,system_server,-1,DisplayDeviceConfig,requesting nits when no mapping exists.]
02-08 06:35:16.095 I/am_wtf ( 1466): [0,1466,system_server,-1,DisplayDeviceConfig,requesting nits when no mapping exists.]
02-08 06:35:16.096 I/am_wtf ( 1466): [0,1466,system_server,-1,DisplayDeviceConfig,requesting nits when no mapping exists.]
02-08 06:35:16.112 I/am_wtf ( 1466): [0,1466,system_server,-1,DisplayDeviceConfig,requesting nits when no mapping exists.]
02-08 06:35:16.112 I/service_manager_stats( 1466): [100,46,6916]
02-08 06:35:16.112 I/am_wtf ( 1466): [0,1466,system_server,-1,DisplayDeviceConfig,requesting nits when no mapping exists.]
02-08 06:35:16.129 I/am_wtf ( 1466): [0,1466,system_server,-1,DisplayDeviceConfig,requesting nits when no mapping exists.]
02-08 06:35:16.129 I/am_wtf ( 1466): [0,1466,system_server,-1,DisplayDeviceConfig,requesting nits when no mapping exists.]
02-08 06:35:16.145 I/am_wtf ( 1466): [0,1466,system_server,-1,DisplayDeviceConfig,requesting nits when no mapping exists.]
02-08 06:35:16.145 I/am_wtf ( 1466): [0,1466,system_server,-1,DisplayDeviceConfig,requesting nits when no mapping exists.]
02-08 06:35:16.162 I/am_wtf ( 1466): [0,1466,system_server,-1,DisplayDeviceConfig,requesting nits when no mapping exists.]
02-08 06:35:16.162 I/am_wtf ( 1466): [0,1466,system_server,-1,DisplayDeviceConfig,requesting nits when no mapping exists.]
02-08 06:35:16.179 I/am_wtf ( 1466): [0,1466,system_server,-1,DisplayDeviceConfig,requesting nits when no mapping exists.]
02-08 06:35:16.179 I/am_wtf ( 1466): [0,1466,system_server,-1,DisplayDeviceConfig,requesting nits when no mapping exists.]
02-08 06:35:16.195 I/am_wtf ( 1466): [0,1466,system_server,-1,DisplayDeviceConfig,requesting nits when no mapping exists.]
02-08 06:35:16.195 I/am_wtf ( 1466): [0,1466,system_server,-1,DisplayDeviceConfig,requesting nits when no mapping exists.]
02-08 06:35:16.212 I/am_wtf ( 1466): [0,1466,system_server,-1,DisplayDeviceConfig,requesting nits when no mapping exists.]
02-08 06:35:16.212 I/am_wtf ( 1466): [0,1466,system_server,-1,DisplayDeviceConfig,requesting nits when no mapping exists.]
02-08 06:35:16.229 I/am_wtf ( 1466): [0,1466,system_server,-1,DisplayDeviceConfig,requesting nits when no mapping exists.]
02-08 06:35:16.229 I/am_wtf ( 1466): [0,1466,system_server,-1,DisplayDeviceConfig,requesting nits when no mapping exists.]
02-08 06:35:16.245 I/am_wtf ( 1466): [0,1466,system_server,-1,DisplayDeviceConfig,requesting nits when no mapping exists.]
02-08 06:35:16.245 I/am_wtf ( 1466): [0,1466,system_server,-1,DisplayDeviceConfig,requesting nits when no mapping exists.]
02-08 06:35:16.262 I/am_wtf ( 1466): [0,1466,system_server,-1,DisplayDeviceConfig,requesting nits when no mapping exists.]
02-08 06:35:16.263 I/am_wtf ( 1466): [0,1466,system_server,-1,DisplayDeviceConfig,requesting nits when no mapping exists.]
02-08 06:35:16.279 I/am_wtf ( 1466): [0,1466,system_server,-1,DisplayDeviceConfig,requesting nits when no mapping exists.]
02-08 06:35:16.279 I/am_wtf ( 1466): [0,1466,system_server,-1,DisplayDeviceConfig,requesting nits when no mapping exists.]
02-08 06:35:16.295 I/am_wtf ( 1466): [0,1466,system_server,-1,DisplayDeviceConfig,requesting nits when no mapping exists.]
02-08 06:35:16.296 I/am_wtf ( 1466): [0,1466,system_server,-1,DisplayDeviceConfig,requesting nits when no mapping exists.]
02-08 06:35:16.312 I/am_wtf ( 1466): [0,1466,system_server,-1,DisplayDeviceConfig,requesting nits when no mapping exists.]
02-08 06:35:16.312 I/am_wtf ( 1466): [0,1466,system_server,-1,DisplayDeviceConfig,requesting nits when no mapping exists.]
02-08 06:35:16.329 I/am_wtf ( 1466): [0,1466,system_server,-1,DisplayDeviceConfig,requesting nits when no mapping exists.]
02-08 06:35:16.329 I/am_wtf ( 1466): [0,1466,system_server,-1,DisplayDeviceConfig,requesting nits when no mapping exists.]
02-08 06:35:16.346 I/am_wtf ( 1466): [0,1466,system_server,-1,DisplayDeviceConfig,requesting nits when no mapping exists.]
02-08 06:35:16.346 I/am_wtf ( 1466): [0,1466,system_server,-1,DisplayDeviceConfig,requesting nits when no mapping exists.]
02-08 06:35:16.362 I/am_wtf ( 1466): [0,1466,system_server,-1,DisplayDeviceConfig,requesting nits when no mapping exists.]
