02-08 06:18:11.049 I/am_wtf ( 1466): [0,1466,system_server,-1,DisplayDeviceConfig,requesting nits when no mapping exists.]
02-08 06:18:11.065 I/am_wtf ( 1466): [0,1466,system_server,-1,DisplayDeviceConfig,requesting nits when no mapping exists.]
02-08 06:18:11.066 I/am_wtf ( 1466): [0,1466,system_server,-1,DisplayDeviceConfig,requesting nits when no mapping exists.]
02-08 06:18:11.082 I/am_wtf ( 1466): [0,1466,system_server,-1,DisplayDeviceConfig,requesting nits when no mapping exists.]
02-08 06:18:11.083 I/am_wtf ( 1466): [0,1466,system_server,-1,DisplayDeviceConfig,requesting nits when no mapping exists.]
02-08 06:18:11.099 I/am_wtf ( 1466): [0,1466,system_server,-1,DisplayDeviceConfig,requesting nits when no mapping exists.]
02-08 06:18:11.100 I/am_wtf ( 1466): [0,1466,system_server,-1,DisplayDeviceConfig,requesting nits when no mapping exists.]
02-08 06:18:11.117 I/am_wtf ( 1466): [0,1466,system_server,-1,DisplayDeviceConfig,requesting nits when no mapping exists.]
02-08 06:18:11.118 I/am_wtf ( 1466): [0,1466,system_server,-1,DisplayDeviceConfig,requesting nits when no mapping exists.]
02-08 06:18:11.133 I/am_wtf ( 1466): [0,1466,system_server,-1,DisplayDeviceConfig,requesting nits when no mapping exists.]
02-08 06:18:11.135 I/am_wtf ( 1466): [0,1466,system_server,-1,DisplayDeviceConfig,requesting nits when no mapping exists.]
02-08 06:18:11.149 I/am_wtf ( 1466): [0,1466,system_server,-1,DisplayDeviceConfig,requesting nits when no mapping exists.]
02-08 06:18:11.150 I/am_wtf ( 1466): [0,1466,system_server,-1,DisplayDeviceConfig,requesting nits when no mapping exists.]
02-08 06:18:11.166 I/am_wtf ( 1466): [0,1466,system_server,-1,DisplayDeviceConfig,requesting nits when no mapping exists.]
02-08 06:18:11.167 I/am_wtf ( 1466): [0,1466,system_server,-1,DisplayDeviceConfig,requesting nits when no mapping exists.]
02-08 06:18:11.182 I/am_wtf ( 1466): [0,1466,system_server,-1,DisplayDeviceConfig,requesting nits when no mapping exists.]
02-08 06:18:11.183 I/am_wtf ( 1466): [0,1466,system_server,-1,DisplayDeviceConfig,requesting nits when no mapping exists.]
02-08 06:18:11.199 I/am_wtf ( 1466): [0,1466,system_server,-1,DisplayDeviceConfig,requesting nits when no mapping exists.]
02-08 06:18:11.200 I/am_wtf ( 1466): [0,1466,system_server,-1,DisplayDeviceConfig,requesting nits when no mapping exists.]
02-08 06:18:11.216 I/am_wtf ( 1466): [0,1466,system_server,-1,DisplayDeviceConfig,requesting nits when no mapping exists.]
02-08 06:18:11.217 I/am_wtf ( 1466): [0,1466,system_server,-1,DisplayDeviceConfig,requesting nits when no mapping exists.]
02-08 06:18:11.232 I/am_wtf ( 1466): [0,1466,system_server,-1,DisplayDeviceConfig,requesting nits when no mapping exists.]
02-08 06:18:11.233 I/am_wtf ( 1466): [0,1466,system_server,-1,DisplayDeviceConfig,requesting nits when no mapping exists.]
02-08 06:18:11.249 I/am_wtf ( 1466): [0,1466,system_server,-1,DisplayDeviceConfig,requesting nits when no mapping exists.]
02-08 06:18:11.250 I/am_wtf ( 1466): [0,1466,system_server,-1,DisplayDeviceConfig,requesting nits when no mapping exists.]
02-08 06:18:11.266 I/am_wtf ( 1466): [0,1466,system_server,-1,DisplayDeviceConfig,requesting nits when no mapping exists.]
02-08 06:18:11.267 I/am_wtf ( 1466): [0,1466,system_server,-1,DisplayDeviceConfig,requesting nits when no mapping exists.]
02-08 06:18:11.283 I/am_wtf ( 1466): [0,1466,system_server,-1,DisplayDeviceConfig,requesting nits when no mapping exists.]
02-08 06:18:11.284 I/am_wtf ( 1466): [0,1466,system_server,-1,DisplayDeviceConfig,requesting nits when no mapping exists.]
02-08 06:18:17.330 I/sysui_multi_action( 1466): [757,222,758,1]
02-08 06:18:17.333 I/am_uid_active( 1466): 10049
02-08 06:18:17.337 I/am_pss ( 1466): [10361,1000,com.qti.diagservices,5978112,3698688,0,93720576,0,10,9]
02-08 06:18:17.338 I/service_manager_stats( 1466): [106,58,6923]
02-08 06:18:17.348 I/wm_task_created( 1466): [26,-1]
02-08 06:18:17.354 I/wm_task_moved( 1466): [26,1,7]
02-08 06:18:17.354 I/wm_task_to_front( 1466): [0,26]
02-08 06:18:17.354 I/wm_create_task( 1466): [0,26]
02-08 06:18:17.354 I/wm_create_activity( 1466): [0,81067407,26,com.thundercomm.screensaver/android.service.dreams.DreamActivity,NULL,NULL,NULL,276824064]
02-08 06:18:17.354 I/wm_task_moved( 1466): [26,1,7]
02-08 06:18:17.354 I/wm_on_top_resumed_lost_called( 7109): [101732248,com.android.settings.Settings,topStateChangedWhenResumed]
02-08 06:18:17.355 I/wm_pause_activity( 1466): [0,101732248,com.android.settings/.Settings,userLeaving=true,pauseBackTasks]
02-08 06:18:17.357 I/sysui_multi_action( 7109): [757,35,758,2,1089,196301]
02-08 06:18:17.357 I/sysui_multi_action( 7109): [757,1390,758,2,1089,196300]
02-08 06:18:17.358 I/wm_on_paused_called( 7109): [101732248,com.android.settings.Settings,performPause]
02-08 06:18:17.359 I/wm_add_to_stopping( 1466): [0,101732248,com.android.settings/.Settings,makeInvisible]
02-08 06:18:17.359 I/wm_restart_activity( 1466): [0,81067407,26,com.thundercomm.screensaver/android.service.dreams.DreamActivity]
02-08 06:18:17.360 I/wm_set_resumed_activity( 1466): [0,com.thundercomm.screensaver/android.service.dreams.DreamActivity,minimalResumeActivityLocked]
02-08 06:18:17.363 I/sysui_multi_action( 1466): [757,803,799,window_time_0,802,196]
02-08 06:18:17.365 I/wm_on_create_called( 6616): [81067407,android.service.dreams.DreamActivity,performCreate]
02-08 06:18:17.365 I/wm_on_start_called( 6616): [81067407,android.service.dreams.DreamActivity,handleStartActivity]
02-08 06:18:17.365 I/wm_on_resume_called( 6616): [81067407,android.service.dreams.DreamActivity,RESUME_ACTIVITY]
02-08 06:18:17.366 I/am_uid_active( 1466): 10068
02-08 06:18:17.367 I/wm_on_top_resumed_gained_called( 6616): [81067407,android.service.dreams.DreamActivity,topStateChangedWhenResumed]
02-08 06:18:17.380 I/input_focus( 1466): [Focus leaving a3caed1 com.android.settings/com.android.settings.Settings (server),reason=NO_WINDOW]
02-08 06:18:17.388 I/input_focus( 1466): [Focus request 5ade3ab com.thundercomm.screensaver/android.service.dreams.DreamActivity,reason=UpdateInputWindows]
02-08 06:18:17.398 I/sysui_multi_action( 1466): [319,52,322,48,325,2509,757,761,758,8,759,2,806,com.thundercomm.screensaver,871,android.service.dreams.DreamActivity,904,com.thundercomm.screensaver,905,0,1320,4,1321,2]
02-08 06:18:17.399 I/wm_activity_launch_time( 1466): [0,81067407,com.thundercomm.screensaver/android.service.dreams.DreamActivity,48]
02-08 06:18:17.400 I/sysui_multi_action( 1466): [757,1696,758,6,759,3]
02-08 06:18:17.412 I/am_wtf ( 1466): [0,1466,system_server,-1,DisplayDeviceConfig,requesting nits when no mapping exists.]
02-08 06:18:17.413 I/am_wtf ( 1466): [0,1466,system_server,-1,DisplayDeviceConfig,requesting nits when no mapping exists.]
02-08 06:18:17.429 I/am_wtf ( 1466): [0,1466,system_server,-1,DisplayDeviceConfig,requesting nits when no mapping exists.]
02-08 06:18:17.429 I/am_wtf ( 1466): [0,1466,system_server,-1,DisplayDeviceConfig,requesting nits when no mapping exists.]
02-08 06:18:17.430 I/input_focus( 1466): [Focus entering 5ade3ab com.thundercomm.screensaver/android.service.dreams.DreamActivity (server),reason=Window became focusable. Previous reason: NOT_VISIBLE]
02-08 06:18:17.447 I/am_wtf ( 1466): [0,1466,system_server,-1,DisplayDeviceConfig,requesting nits when no mapping exists.]
02-08 06:18:17.447 I/am_wtf ( 1466): [0,1466,system_server,-1,DisplayDeviceConfig,requesting nits when no mapping exists.]
02-08 06:18:17.465 I/am_wtf ( 1466): [0,1466,system_server,-1,DisplayDeviceConfig,requesting nits when no mapping exists.]
02-08 06:18:17.465 I/am_wtf ( 1466): [0,1466,system_server,-1,DisplayDeviceConfig,requesting nits when no mapping exists.]
02-08 06:18:17.480 I/am_wtf ( 1466): [0,1466,system_server,-1,DisplayDeviceConfig,requesting nits when no mapping exists.]
02-08 06:18:17.480 I/am_wtf ( 1466): [0,1466,system_server,-1,DisplayDeviceConfig,requesting nits when no mapping exists.]
02-08 06:18:17.496 I/am_wtf ( 1466): [0,1466,system_server,-1,DisplayDeviceConfig,requesting nits when no mapping exists.]
02-08 06:18:17.497 I/am_wtf ( 1466): [0,1466,system_server,-1,DisplayDeviceConfig,requesting nits when no mapping exists.]
02-08 06:18:17.513 I/am_wtf ( 1466): [0,1466,system_server,-1,DisplayDeviceConfig,requesting nits when no mapping exists.]
02-08 06:18:17.513 I/am_wtf ( 1466): [0,1466,system_server,-1,DisplayDeviceConfig,requesting nits when no mapping exists.]
02-08 06:18:17.530 I/am_wtf ( 1466): [0,1466,system_server,-1,DisplayDeviceConfig,requesting nits when no mapping exists.]
02-08 06:18:17.530 I/am_wtf ( 1466): [0,1466,system_server,-1,DisplayDeviceConfig,requesting nits when no mapping exists.]
02-08 06:18:17.547 I/am_wtf ( 1466): [0,1466,system_server,-1,DisplayDeviceConfig,requesting nits when no mapping exists.]
02-08 06:18:17.547 I/am_wtf ( 1466): [0,1466,system_server,-1,DisplayDeviceConfig,requesting nits when no mapping exists.]
02-08 06:18:17.564 I/am_wtf ( 1466): [0,1466,system_server,-1,DisplayDeviceConfig,requesting nits when no mapping exists.]
02-08 06:18:17.564 I/am_wtf ( 1466): [0,1466,system_server,-1,DisplayDeviceConfig,requesting nits when no mapping exists.]
02-08 06:18:17.580 I/am_wtf ( 1466): [0,1466,system_server,-1,DisplayDeviceConfig,requesting nits when no mapping exists.]
02-08 06:18:17.580 I/am_wtf ( 1466): [0,1466,system_server,-1,DisplayDeviceConfig,requesting nits when no mapping exists.]
02-08 06:18:17.597 I/am_wtf ( 1466): [0,1466,system_server,-1,DisplayDeviceConfig,requesting nits when no mapping exists.]
02-08 06:18:17.597 I/am_wtf ( 1466): [0,1466,system_server,-1,DisplayDeviceConfig,requesting nits when no mapping exists.]
02-08 06:18:17.613 I/am_wtf ( 1466): [0,1466,system_server,-1,DisplayDeviceConfig,requesting nits when no mapping exists.]
02-08 06:18:17.614 I/am_wtf ( 1466): [0,1466,system_server,-1,DisplayDeviceConfig,requesting nits when no mapping exists.]
02-08 06:18:17.630 I/am_wtf ( 1466): [0,1466,system_server,-1,DisplayDeviceConfig,requesting nits when no mapping exists.]
02-08 06:18:17.630 I/am_wtf ( 1466): [0,1466,system_server,-1,DisplayDeviceConfig,requesting nits when no mapping exists.]
02-08 06:18:17.647 I/am_wtf ( 1466): [0,1466,system_server,-1,DisplayDeviceConfig,requesting nits when no mapping exists.]
02-08 06:18:17.647 I/am_wtf ( 1466): [0,1466,system_server,-1,DisplayDeviceConfig,requesting nits when no mapping exists.]
02-08 06:18:17.664 I/am_wtf ( 1466): [0,1466,system_server,-1,DisplayDeviceConfig,requesting nits when no mapping exists.]
02-08 06:18:17.664 I/am_wtf ( 1466): [0,1466,system_server,-1,DisplayDeviceConfig,requesting nits when no mapping exists.]
02-08 06:18:17.680 I/am_wtf ( 1466): [0,1466,system_server,-1,DisplayDeviceConfig,requesting nits when no mapping exists.]
02-08 06:18:17.681 I/am_wtf ( 1466): [0,1466,system_server,-1,DisplayDeviceConfig,requesting nits when no mapping exists.]
02-08 06:18:17.697 I/am_wtf ( 1466): [0,1466,system_server,-1,DisplayDeviceConfig,requesting nits when no mapping exists.]
02-08 06:18:17.697 I/am_wtf ( 1466): [0,1466,system_server,-1,DisplayDeviceConfig,requesting nits when no mapping exists.]
02-08 06:18:17.714 I/am_wtf ( 1466): [0,1466,system_server,-1,DisplayDeviceConfig,requesting nits when no mapping exists.]
02-08 06:18:17.714 I/am_wtf ( 1466): [0,1466,system_server,-1,DisplayDeviceConfig,requesting nits when no mapping exists.]
02-08 06:18:17.731 I/am_wtf ( 1466): [0,1466,system_server,-1,DisplayDeviceConfig,requesting nits when no mapping exists.]
02-08 06:18:17.731 I/am_wtf ( 1466): [0,1466,system_server,-1,DisplayDeviceConfig,requesting nits when no mapping exists.]
02-08 06:18:17.747 I/am_wtf ( 1466): [0,1466,system_server,-1,DisplayDeviceConfig,requesting nits when no mapping exists.]
02-08 06:18:17.747 I/am_wtf ( 1466): [0,1466,system_server,-1,DisplayDeviceConfig,requesting nits when no mapping exists.]
02-08 06:18:17.764 I/am_wtf ( 1466): [0,1466,system_server,-1,DisplayDeviceConfig,requesting nits when no mapping exists.]
02-08 06:18:17.764 I/am_wtf ( 1466): [0,1466,system_server,-1,DisplayDeviceConfig,requesting nits when no mapping exists.]
02-08 06:18:17.781 I/am_wtf ( 1466): [0,1466,system_server,-1,DisplayDeviceConfig,requesting nits when no mapping exists.]
02-08 06:18:17.781 I/am_wtf ( 1466): [0,1466,system_server,-1,DisplayDeviceConfig,requesting nits when no mapping exists.]
02-08 06:18:17.797 I/am_wtf ( 1466): [0,1466,system_server,-1,DisplayDeviceConfig,requesting nits when no mapping exists.]
02-08 06:18:17.797 I/am_wtf ( 1466): [0,1466,system_server,-1,DisplayDeviceConfig,requesting nits when no mapping exists.]
02-08 06:18:17.814 I/am_wtf ( 1466): [0,1466,system_server,-1,DisplayDeviceConfig,requesting nits when no mapping exists.]
02-08 06:18:17.814 I/am_wtf ( 1466): [0,1466,system_server,-1,DisplayDeviceConfig,requesting nits when no mapping exists.]
02-08 06:18:17.831 I/am_wtf ( 1466): [0,1466,system_server,-1,DisplayDeviceConfig,requesting nits when no mapping exists.]
02-08 06:18:17.831 I/am_wtf ( 1466): [0,1466,system_server,-1,DisplayDeviceConfig,requesting nits when no mapping exists.]
02-08 06:18:17.847 I/am_wtf ( 1466): [0,1466,system_server,-1,DisplayDeviceConfig,requesting nits when no mapping exists.]
02-08 06:18:17.848 I/am_wtf ( 1466): [0,1466,system_server,-1,DisplayDeviceConfig,requesting nits when no mapping exists.]
02-08 06:18:17.864 I/am_wtf ( 1466): [0,1466,system_server,-1,DisplayDeviceConfig,requesting nits when no mapping exists.]
02-08 06:18:17.864 I/am_wtf ( 1466): [0,1466,system_server,-1,DisplayDeviceConfig,requesting nits when no mapping exists.]
02-08 06:18:17.881 I/am_wtf ( 1466): [0,1466,system_server,-1,DisplayDeviceConfig,requesting nits when no mapping exists.]
02-08 06:18:17.881 I/am_wtf ( 1466): [0,1466,system_server,-1,DisplayDeviceConfig,requesting nits when no mapping exists.]
02-08 06:18:17.898 I/am_wtf ( 1466): [0,1466,system_server,-1,DisplayDeviceConfig,requesting nits when no mapping exists.]
02-08 06:18:17.899 I/wm_stop_activity( 1466): [0,101732248,com.android.settings/.Settings]
02-08 06:18:17.902 I/am_wtf ( 1466): [0,1466,system_server,-1,DisplayDeviceConfig,requesting nits when no mapping exists.]
02-08 06:18:17.914 I/am_wtf ( 1466): [0,1466,system_server,-1,DisplayDeviceConfig,requesting nits when no mapping exists.]
02-08 06:18:17.915 I/am_wtf ( 1466): [0,1466,system_server,-1,DisplayDeviceConfig,requesting nits when no mapping exists.]
02-08 06:18:17.923 I/wm_on_stop_called( 7109): [101732248,com.android.settings.Settings,STOP_ACTIVITY_ITEM]
02-08 06:18:17.930 I/am_wtf ( 1466): [0,1466,system_server,-1,DisplayDeviceConfig,requesting nits when no mapping exists.]
02-08 06:18:17.931 I/am_wtf ( 1466): [0,1466,system_server,-1,DisplayDeviceConfig,requesting nits when no mapping exists.]
02-08 06:18:17.947 I/am_wtf ( 1466): [0,1466,system_server,-1,DisplayDeviceConfig,requesting nits when no mapping exists.]
02-08 06:18:17.948 I/am_wtf ( 1466): [0,1466,system_server,-1,DisplayDeviceConfig,requesting nits when no mapping exists.]
02-08 06:18:17.964 I/am_wtf ( 1466): [0,1466,system_server,-1,DisplayDeviceConfig,requesting nits when no mapping exists.]
02-08 06:18:17.964 I/am_wtf ( 1466): [0,1466,system_server,-1,DisplayDeviceConfig,requesting nits when no mapping exists.]
02-08 06:18:17.981 I/am_wtf ( 1466): [0,1466,system_server,-1,DisplayDeviceConfig,requesting nits when no mapping exists.]
02-08 06:18:17.981 I/am_wtf ( 1466): [0,1466,system_server,-1,DisplayDeviceConfig,requesting nits when no mapping exists.]
02-08 06:18:17.998 I/am_wtf ( 1466): [0,1466,system_server,-1,DisplayDeviceConfig,requesting nits when no mapping exists.]
02-08 06:18:17.998 I/am_wtf ( 1466): [0,1466,system_server,-1,DisplayDeviceConfig,requesting nits when no mapping exists.]
02-08 06:18:18.015 I/am_wtf ( 1466): [0,1466,system_server,-1,DisplayDeviceConfig,requesting nits when no mapping exists.]
02-08 06:18:18.015 I/am_wtf ( 1466): [0,1466,system_server,-1,DisplayDeviceConfig,requesting nits when no mapping exists.]
02-08 06:18:18.031 I/am_wtf ( 1466): [0,1466,system_server,-1,DisplayDeviceConfig,requesting nits when no mapping exists.]
02-08 06:18:18.031 I/am_wtf ( 1466): [0,1466,system_server,-1,DisplayDeviceConfig,requesting nits when no mapping exists.]
02-08 06:18:18.049 I/am_wtf ( 1466): [0,1466,system_server,-1,DisplayDeviceConfig,requesting nits when no mapping exists.]
02-08 06:18:18.049 I/am_wtf ( 1466): [0,1466,system_server,-1,DisplayDeviceConfig,requesting nits when no mapping exists.]
02-08 06:18:18.064 I/am_wtf ( 1466): [0,1466,system_server,-1,DisplayDeviceConfig,requesting nits when no mapping exists.]
02-08 06:18:18.065 I/am_wtf ( 1466): [0,1466,system_server,-1,DisplayDeviceConfig,requesting nits when no mapping exists.]
02-08 06:18:18.081 I/am_wtf ( 1466): [0,1466,system_server,-1,DisplayDeviceConfig,requesting nits when no mapping exists.]
02-08 06:18:18.081 I/am_wtf ( 1466): [0,1466,system_server,-1,DisplayDeviceConfig,requesting nits when no mapping exists.]
02-08 06:18:18.098 I/am_wtf ( 1466): [0,1466,system_server,-1,DisplayDeviceConfig,requesting nits when no mapping exists.]
02-08 06:18:18.098 I/am_wtf ( 1466): [0,1466,system_server,-1,DisplayDeviceConfig,requesting nits when no mapping exists.]
02-08 06:18:18.115 I/am_wtf ( 1466): [0,1466,system_server,-1,DisplayDeviceConfig,requesting nits when no mapping exists.]
02-08 06:18:18.115 I/am_wtf ( 1466): [0,1466,system_server,-1,DisplayDeviceConfig,requesting nits when no mapping exists.]
02-08 06:18:18.132 I/am_wtf ( 1466): [0,1466,system_server,-1,DisplayDeviceConfig,requesting nits when no mapping exists.]
02-08 06:18:18.132 I/am_wtf ( 1466): [0,1466,system_server,-1,DisplayDeviceConfig,requesting nits when no mapping exists.]
02-08 06:18:18.149 I/am_wtf ( 1466): [0,1466,system_server,-1,DisplayDeviceConfig,requesting nits when no mapping exists.]
02-08 06:18:18.149 I/am_wtf ( 1466): [0,1466,system_server,-1,DisplayDeviceConfig,requesting nits when no mapping exists.]
02-08 06:18:18.165 I/am_wtf ( 1466): [0,1466,system_server,-1,DisplayDeviceConfig,requesting nits when no mapping exists.]
02-08 06:18:18.165 I/am_wtf ( 1466): [0,1466,system_server,-1,DisplayDeviceConfig,requesting nits when no mapping exists.]
02-08 06:18:18.181 I/am_wtf ( 1466): [0,1466,system_server,-1,DisplayDeviceConfig,requesting nits when no mapping exists.]
02-08 06:18:18.182 I/am_wtf ( 1466): [0,1466,system_server,-1,DisplayDeviceConfig,requesting nits when no mapping exists.]
02-08 06:18:18.198 I/am_wtf ( 1466): [0,1466,system_server,-1,DisplayDeviceConfig,requesting nits when no mapping exists.]
02-08 06:18:18.198 I/am_wtf ( 1466): [0,1466,system_server,-1,DisplayDeviceConfig,requesting nits when no mapping exists.]
02-08 06:18:18.215 I/am_wtf ( 1466): [0,1466,system_server,-1,DisplayDeviceConfig,requesting nits when no mapping exists.]
02-08 06:18:18.215 I/am_wtf ( 1466): [0,1466,system_server,-1,DisplayDeviceConfig,requesting nits when no mapping exists.]
02-08 06:18:18.231 I/am_wtf ( 1466): [0,1466,system_server,-1,DisplayDeviceConfig,requesting nits when no mapping exists.]
02-08 06:18:18.232 I/am_wtf ( 1466): [0,1466,system_server,-1,DisplayDeviceConfig,requesting nits when no mapping exists.]
02-08 06:18:18.248 I/am_wtf ( 1466): [0,1466,system_server,-1,DisplayDeviceConfig,requesting nits when no mapping exists.]
02-08 06:18:18.248 I/am_wtf ( 1466): [0,1466,system_server,-1,DisplayDeviceConfig,requesting nits when no mapping exists.]
02-08 06:18:18.265 I/am_wtf ( 1466): [0,1466,system_server,-1,DisplayDeviceConfig,requesting nits when no mapping exists.]
02-08 06:18:18.265 I/am_wtf ( 1466): [0,1466,system_server,-1,DisplayDeviceConfig,requesting nits when no mapping exists.]
02-08 06:18:18.282 I/am_wtf ( 1466): [0,1466,system_server,-1,DisplayDeviceConfig,requesting nits when no mapping exists.]
02-08 06:18:18.282 I/am_wtf ( 1466): [0,1466,system_server,-1,DisplayDeviceConfig,requesting nits when no mapping exists.]
02-08 06:18:18.299 I/am_wtf ( 1466): [0,1466,system_server,-1,DisplayDeviceConfig,requesting nits when no mapping exists.]
02-08 06:18:18.299 I/am_wtf ( 1466): [0,1466,system_server,-1,DisplayDeviceConfig,requesting nits when no mapping exists.]
02-08 06:18:18.315 I/am_wtf ( 1466): [0,1466,system_server,-1,DisplayDeviceConfig,requesting nits when no mapping exists.]
02-08 06:18:18.315 I/am_wtf ( 1466): [0,1466,system_server,-1,DisplayDeviceConfig,requesting nits when no mapping exists.]
02-08 06:18:18.332 I/am_wtf ( 1466): [0,1466,system_server,-1,DisplayDeviceConfig,requesting nits when no mapping exists.]
02-08 06:18:18.332 I/am_wtf ( 1466): [0,1466,system_server,-1,DisplayDeviceConfig,requesting nits when no mapping exists.]
02-08 06:18:18.348 I/am_wtf ( 1466): [0,1466,system_server,-1,DisplayDeviceConfig,requesting nits when no mapping exists.]
02-08 06:18:18.349 I/am_wtf ( 1466): [0,1466,system_server,-1,DisplayDeviceConfig,requesting nits when no mapping exists.]
02-08 06:18:18.365 I/am_wtf ( 1466): [0,1466,system_server,-1,DisplayDeviceConfig,requesting nits when no mapping exists.]
02-08 06:18:18.366 I/am_wtf ( 1466): [0,1466,system_server,-1,DisplayDeviceConfig,requesting nits when no mapping exists.]
02-08 06:19:13.020 I/am_freeze( 1466): [2981,com.qualcomm.qti.qccauthmgr]
02-08 06:19:13.022 I/am_kill ( 1466): [0,2981,com.qualcomm.qti.qccauthmgr,965,Unable to freeze binder interface]
02-08 06:19:13.053 I/am_proc_died( 1466): [0,2981,com.qualcomm.qti.qccauthmgr,965,19]
02-08 06:19:13.055 I/am_uid_stopped( 1466): 10087
02-08 06:19:13.068 I/am_pss ( 1466): [2862,10080,com.android.launcher3,81269760,69259264,0,219574272,0,6,10]
02-08 06:19:19.200 I/input_interaction( 1466): Interaction with: 5ade3ab com.thundercomm.screensaver/android.service.dreams.DreamActivity (server), edge-swipe (server), swipe-up (server), PointerEventDispatcher0 (server),
02-08 06:19:19.203 I/wm_finish_activity( 1466): [0,81067407,26,com.thundercomm.screensaver/android.service.dreams.DreamActivity,finish-activity]
02-08 06:19:19.203 I/wm_task_moved( 1466): [18,1,6]
02-08 06:19:19.203 I/wm_task_to_front( 1466): [0,18]
02-08 06:19:19.204 I/wm_focused_root_task( 1466): [0,0,18,26,finish-top adjustFocusToNextFocusableTask]
02-08 06:19:19.205 I/wm_pause_activity( 1466): [0,81067407,com.thundercomm.screensaver/android.service.dreams.DreamActivity,userLeaving=false,finish]
02-08 06:19:19.207 I/service_manager_stats( 1466): [122,26,61870]
02-08 06:19:19.212 I/sysui_multi_action( 1466): [757,803,799,window_time_0,802,62]
02-08 06:19:19.212 I/wm_on_top_resumed_lost_called( 6616): [81067407,android.service.dreams.DreamActivity,topStateChangedWhenResumed]
02-08 06:19:19.213 I/wm_on_paused_called( 6616): [81067407,android.service.dreams.DreamActivity,performPause]
02-08 06:19:19.213 I/wm_add_to_stopping( 1466): [0,81067407,com.thundercomm.screensaver/android.service.dreams.DreamActivity,completeFinishing]
02-08 06:19:19.217 I/wm_set_resumed_activity( 1466): [0,com.android.settings/.Settings,resumeTopActivityInnerLocked]
02-08 06:19:19.218 I/wm_resume_activity( 1466): [0,101732248,18,com.android.settings/.Settings]
02-08 06:19:19.225 I/view_enqueue_input_event( 6616): [Motion - Cancel,com.thundercomm.screensaver/android.service.dreams.DreamActivity]
02-08 06:19:19.225 I/input_focus( 1466): [Focus leaving 5ade3ab com.thundercomm.screensaver/android.service.dreams.DreamActivity (server),reason=NO_WINDOW]
02-08 06:19:19.226 I/wm_on_restart_called( 7109): [101732248,com.android.settings.Settings,performRestartActivity]
02-08 06:19:19.228 I/input_interaction( 1466): Interaction with: edge-swipe (server), swipe-up (server), PointerEventDispatcher0 (server),
02-08 06:19:19.228 I/sysui_multi_action( 1466): [757,803,799,window_time_0,802,0]
02-08 06:19:19.232 I/wm_on_start_called( 7109): [101732248,com.android.settings.Settings,handleStartActivity]
02-08 06:19:19.232 I/snet_event_log( 7109): [120484087,-1,]
02-08 06:19:19.232 I/wm_on_resume_called( 7109): [101732248,com.android.settings.Settings,RESUME_ACTIVITY]
02-08 06:19:19.233 I/sysui_multi_action( 7109): [757,35,758,1,833,0,1089,0]
02-08 06:19:19.233 I/sysui_multi_action( 7109): [757,1390,758,1,833,0,1089,0]
02-08 06:19:19.235 I/wm_on_top_resumed_gained_called( 7109): [101732248,com.android.settings.Settings,topWhenResuming]
02-08 06:19:19.245 I/input_focus( 1466): [Focus request a3caed1 com.android.settings/com.android.settings.Settings,reason=UpdateInputWindows]
02-08 06:19:19.279 I/input_focus( 1466): [Focus entering a3caed1 com.android.settings/com.android.settings.Settings (server),reason=Window became focusable. Previous reason: NOT_VISIBLE]
02-08 06:19:19.786 I/wm_destroy_activity( 1466): [0,81067407,26,com.thundercomm.screensaver/android.service.dreams.DreamActivity,finish-imm:idle]
02-08 06:19:19.808 I/wm_on_stop_called( 6616): [81067407,android.service.dreams.DreamActivity,LIFECYCLER_STOP_ACTIVITY]
02-08 06:19:19.809 I/wm_on_destroy_called( 6616): [81067407,android.service.dreams.DreamActivity,performDestroy]
02-08 06:19:19.814 I/sysui_multi_action( 1466): [757,222,758,2]
02-08 06:19:19.814 I/sysui_multi_action( 1466): [757,804,799,dreaming_minutes,801,1,802,1]
02-08 06:19:19.825 I/wm_task_removed( 1466): [26,removeChild:removeChild last r=ActivityRecord{4d4fd8f u0 com.thundercomm.screensaver/android.service.dreams.DreamActivity t-1 f}} in t=Task{c643538 #26 type=dream A=10049:android:com.thundercomm.screensaver/dream U=0 visible=false mode=fullscreen translucent=true sz=0}]
02-08 06:19:19.825 I/wm_task_removed( 1466): [26,removeChild]
02-08 06:19:20.379 I/input_interaction( 1466): Interaction with: a3caed1 com.android.settings/com.android.settings.Settings (server), edge-swipe (server), swipe-up (server), PointerEventDispatcher0 (server),
02-08 06:19:26.569 I/input_interaction( 1466): Interaction with: cd90129 StatusBar (server), edge-swipe (server), swipe-up (server), PointerEventDispatcher0 (server),
02-08 06:19:26.574 I/sysui_multi_action( 2370): [757,803,799,panel_open,802,1]
02-08 06:19:26.576 I/sysui_multi_action( 2370): [757,1328,758,4,1326,58,1327,2,1329,0]
02-08 06:19:26.688 I/sysui_multi_action( 1466): [757,127,758,1]
02-08 06:19:26.688 I/sysui_multi_action( 1466): [757,804,799,note_load,801,2,802,1]
02-08 06:19:26.688 I/notification_panel_revealed( 1466): 2
02-08 06:19:26.704 I/input_focus( 1466): [Focus request e8dc244 NotificationShade,reason=UpdateInputWindows]
02-08 06:19:26.715 I/sysui_multi_action( 1466): [757,128,758,1,793,2551034,794,0,795,2551034,796,17303299,797,com.android.wifi,798,0,806,android,857,NETWORK_AVAILABLE,858,2,947,0,1395,2,1500,2550834,1688,1]
02-08 06:19:26.715 I/sysui_multi_action( 1466): [757,804,799,note_freshness,801,2551034,802,1]
02-08 06:19:26.715 I/notification_visibility( 1466): [0|android|17303299|com.android.wifi|1000,1,2551034,2551034,0,0]
02-08 06:19:26.715 I/sysui_multi_action( 1466): [757,128,758,1,793,2551657,794,0,795,2551657,796,32,798,1,806,android,857,USB,858,1,947,0,1395,2,1500,2551601,1688,1]
02-08 06:19:26.716 I/sysui_multi_action( 1466): [757,804,799,note_freshness,801,2551657,802,1]
02-08 06:19:26.716 I/notification_visibility( 1466): [-1|android|32|null|1000,1,2551657,2551657,0,1]
02-08 06:19:26.731 I/input_focus( 1466): [Focus leaving a3caed1 com.android.settings/com.android.settings.Settings (server),reason=setFocusedWindow]
02-08 06:19:26.731 I/input_focus( 1466): [Focus entering e8dc244 NotificationShade (server),reason=setFocusedWindow]
02-08 06:19:26.764 I/sysui_multi_action( 2370): [757,111,758,1]
02-08 06:19:26.764 I/sysui_multi_action( 2370): [757,126,758,1,759,126,927,0,928,1,1593,0]
02-08 06:19:26.764 I/sysui_multi_action( 2370): [757,113,758,1,759,113,927,1,928,1,1593,0]
02-08 06:19:26.764 I/sysui_multi_action( 2370): [757,0,758,1,759,0,927,2,928,0,1593,0]
02-08 06:19:26.764 I/sysui_multi_action( 2370): [757,0,758,1,759,0,927,3,928,0,1593,0]
02-08 06:19:26.765 I/sysui_multi_action( 2370): [757,491,758,1,759,491,927,4,928,0,1311,-1,1593,0]
02-08 06:19:26.765 I/sysui_multi_action( 2370): [757,0,758,1,759,0,927,5,928,0,1593,0]
02-08 06:19:26.765 I/sysui_multi_action( 2370): [757,111,758,1]
02-08 06:19:26.765 I/sysui_multi_action( 2370): [757,126,758,1,759,126,927,0,928,1,1593,0]
02-08 06:19:26.765 I/sysui_multi_action( 2370): [757,113,758,1,759,113,927,1,928,1,1593,0]
02-08 06:19:26.765 I/sysui_multi_action( 2370): [757,0,758,1,759,0,927,2,928,0,1593,0]
02-08 06:19:26.766 I/sysui_multi_action( 2370): [757,0,758,1,759,0,927,3,928,0,1593,0]
02-08 06:19:39.505 I/input_interaction( 1466): Interaction with: e8dc244 NotificationShade (server), edge-swipe (server), swipe-up (server), PointerEventDispatcher0 (server),
02-08 06:19:39.986 I/notification_enqueue( 1466): [10081,2370,com.android.systemui,2048,NULL,0,Notification(channel=updateNotification shortcut=null contentView=null vibrate=null sound=null defaults=0x0 flags=0x0 color=0x00000000 vis=PRIVATE),1]
02-08 06:19:39.988 I/sysui_multi_action( 2370): [757,111,758,2]
02-08 06:19:39.989 I/sysui_multi_action( 2370): [757,111,758,2]
02-08 06:19:40.211 I/input_focus( 1466): [Focus request a3caed1 com.android.settings/com.android.settings.Settings,reason=UpdateInputWindows]
02-08 06:19:40.221 I/sysui_multi_action( 1466): [757,128,758,2,793,2564540,794,13506,795,2564540,796,17303299,797,com.android.wifi,798,0,806,android,857,NETWORK_AVAILABLE,858,2,947,0,1395,2,1500,2564340,1688,1]
02-08 06:19:40.221 I/notification_visibility( 1466): [0|android|17303299|com.android.wifi|1000,0,2564540,2564540,0,0]
02-08 06:19:40.222 I/sysui_multi_action( 1466): [757,128,758,2,793,2565164,794,13507,795,2565164,796,32,798,1,806,android,857,USB,858,1,947,0,1395,2,1500,2565108,1688,1]
02-08 06:19:40.222 I/notification_visibility( 1466): [-1|android|32|null|1000,0,2565164,2565164,0,1]
02-08 06:19:40.223 I/sysui_multi_action( 1466): [757,127,758,2]
02-08 06:19:40.223 I/notification_panel_hidden( 1466):
02-08 06:19:40.247 I/input_focus( 1466): [Focus leaving e8dc244 NotificationShade (server),reason=NOT_FOCUSABLE]
02-08 06:19:40.247 I/input_focus( 1466): [Focus entering a3caed1 com.android.settings/com.android.settings.Settings (server),reason=setFocusedWindow]
02-08 06:19:41.859 I/input_interaction( 1466): Interaction with: cd90129 StatusBar (server), edge-swipe (server), swipe-up (server), PointerEventDispatcher0 (server),
02-08 06:19:41.864 I/sysui_multi_action( 2370): [757,803,799,panel_open,802,1]
02-08 06:19:41.865 I/sysui_multi_action( 2370): [757,1328,758,4,1326,49,1327,2,1329,0]
02-08 06:19:41.905 I/sysui_multi_action( 1466): [757,127,758,1]
02-08 06:19:41.905 I/sysui_multi_action( 1466): [757,804,799,note_load,801,2,802,1]
02-08 06:19:41.906 I/notification_panel_revealed( 1466): 2
02-08 06:19:41.915 I/input_focus( 1466): [Focus request e8dc244 NotificationShade,reason=UpdateInputWindows]
02-08 06:19:41.926 I/sysui_multi_action( 1466): [757,128,758,1,793,2566245,794,0,795,2566245,796,17303299,797,com.android.wifi,798,0,806,android,857,NETWORK_AVAILABLE,858,2,947,0,1395,2,1500,2566045,1688,1]
02-08 06:19:41.927 I/sysui_multi_action( 1466): [757,804,799,note_freshness,801,2566245,802,1]
02-08 06:19:41.927 I/notification_visibility( 1466): [0|android|17303299|com.android.wifi|1000,1,2566245,2566245,0,0]
02-08 06:19:41.927 I/sysui_multi_action( 1466): [757,128,758,1,793,2566869,794,0,795,2566869,796,32,798,1,806,android,857,USB,858,1,947,0,1395,2,1500,2566813,1688,1]
02-08 06:19:41.927 I/sysui_multi_action( 1466): [757,804,799,note_freshness,801,2566869,802,1]
02-08 06:19:41.927 I/notification_visibility( 1466): [-1|android|32|null|1000,1,2566869,2566869,0,1]
02-08 06:19:41.935 I/input_focus( 1466): [Focus leaving a3caed1 com.android.settings/com.android.settings.Settings (server),reason=setFocusedWindow]
02-08 06:19:41.935 I/input_focus( 1466): [Focus entering e8dc244 NotificationShade (server),reason=setFocusedWindow]
02-08 06:19:41.985 I/sysui_multi_action( 2370): [757,111,758,1]
02-08 06:19:41.986 I/sysui_multi_action( 2370): [757,126,758,1,759,126,927,0,928,1,1593,0]
02-08 06:19:41.986 I/sysui_multi_action( 2370): [757,113,758,1,759,113,927,1,928,1,1593,0]
02-08 06:19:41.986 I/sysui_multi_action( 2370): [757,0,758,1,759,0,927,2,928,0,1593,0]
02-08 06:19:41.986 I/sysui_multi_action( 2370): [757,0,758,1,759,0,927,3,928,0,1593,0]
02-08 06:19:41.987 I/sysui_multi_action( 2370): [757,491,758,1,759,491,927,4,928,0,1311,-1,1593,0]
02-08 06:19:41.987 I/sysui_multi_action( 2370): [757,0,758,1,759,0,927,5,928,0,1593,0]
02-08 06:19:41.987 I/sysui_multi_action( 2370): [757,111,758,1]
02-08 06:19:41.987 I/sysui_multi_action( 2370): [757,126,758,1,759,126,927,0,928,1,1593,0]
02-08 06:19:41.988 I/sysui_multi_action( 2370): [757,113,758,1,759,113,927,1,928,1,1593,0]
02-08 06:19:41.988 I/sysui_multi_action( 2370): [757,0,758,1,759,0,927,2,928,0,1593,0]
02-08 06:19:41.988 I/sysui_multi_action( 2370): [757,0,758,1,759,0,927,3,928,0,1593,0]
02-08 06:19:44.193 I/input_interaction( 1466): Interaction with: e8dc244 NotificationShade (server), edge-swipe (server), swipe-up (server), PointerEventDispatcher0 (server),
02-08 06:19:44.615 I/sysui_multi_action( 2370): [757,111,758,2]
02-08 06:19:44.617 I/sysui_multi_action( 2370): [757,111,758,2]
02-08 06:19:44.617 I/notification_enqueue( 1466): [10081,2370,com.android.systemui,2048,NULL,0,Notification(channel=updateNotification shortcut=null contentView=null vibrate=null sound=null defaults=0x0 flags=0x0 color=0x00000000 vis=PRIVATE),1]
02-08 06:19:44.839 I/input_focus( 1466): [Focus request a3caed1 com.android.settings/com.android.settings.Settings,reason=UpdateInputWindows]
02-08 06:19:44.847 I/sysui_multi_action( 1466): [757,128,758,2,793,2569166,794,2921,795,2569166,796,17303299,797,com.android.wifi,798,0,806,android,857,NETWORK_AVAILABLE,858,2,947,0,1395,2,1500,2568966,1688,1]
02-08 06:19:44.848 I/notification_visibility( 1466): [0|android|17303299|com.android.wifi|1000,0,2569166,2569166,0,0]
02-08 06:19:44.848 I/sysui_multi_action( 1466): [757,128,758,2,793,2569790,794,2921,795,2569790,796,32,798,1,806,android,857,USB,858,1,947,0,1395,2,1500,2569734,1688,1]
02-08 06:19:44.848 I/notification_visibility( 1466): [-1|android|32|null|1000,0,2569790,2569790,0,1]
02-08 06:19:44.849 I/sysui_multi_action( 1466): [757,127,758,2]
02-08 06:19:44.849 I/notification_panel_hidden( 1466):
02-08 06:19:44.877 I/input_focus( 1466): [Focus leaving e8dc244 NotificationShade (server),reason=NOT_FOCUSABLE]
02-08 06:19:44.877 I/input_focus( 1466): [Focus entering a3caed1 com.android.settings/com.android.settings.Settings (server),reason=setFocusedWindow]
02-08 06:20:19.836 I/am_uid_idle( 1466): 10049
02-08 06:20:25.839 I/am_uid_idle( 1466): 10068
02-08 06:20:37.339 I/sysui_multi_action( 1466): [757,1696,758,6,759,2]
02-08 06:20:37.345 I/am_wtf ( 1466): [0,1466,system_server,-1,DisplayDeviceConfig,requesting nits when no mapping exists.]
02-08 06:20:37.349 I/am_wtf ( 1466): [0,1466,system_server,-1,DisplayDeviceConfig,requesting nits when no mapping exists.]
02-08 06:20:37.361 I/am_wtf ( 1466): [0,1466,system_server,-1,DisplayDeviceConfig,requesting nits when no mapping exists.]
02-08 06:20:37.363 I/am_wtf ( 1466): [0,1466,system_server,-1,DisplayDeviceConfig,requesting nits when no mapping exists.]
02-08 06:20:37.378 I/am_wtf ( 1466): [0,1466,system_server,-1,DisplayDeviceConfig,requesting nits when no mapping exists.]
02-08 06:20:37.380 I/am_wtf ( 1466): [0,1466,system_server,-1,DisplayDeviceConfig,requesting nits when no mapping exists.]
02-08 06:20:37.384 I/am_wtf ( 1466): [0,1466,system_server,-1,DisplayDeviceConfig,requesting nits when no mapping exists.]
02-08 06:20:37.384 I/am_wtf ( 1466): [0,1466,system_server,-1,DisplayDeviceConfig,requesting nits when no mapping exists.]
02-08 06:20:37.400 I/am_wtf ( 1466): [0,1466,system_server,-1,DisplayDeviceConfig,requesting nits when no mapping exists.]
02-08 06:20:37.400 I/am_wtf ( 1466): [0,1466,system_server,-1,DisplayDeviceConfig,requesting nits when no mapping exists.]
02-08 06:20:37.417 I/am_wtf ( 1466): [0,1466,system_server,-1,DisplayDeviceConfig,requesting nits when no mapping exists.]
02-08 06:20:37.418 I/am_wtf ( 1466): [0,1466,system_server,-1,DisplayDeviceConfig,requesting nits when no mapping exists.]
02-08 06:20:37.433 I/am_wtf ( 1466): [0,1466,system_server,-1,DisplayDeviceConfig,requesting nits when no mapping exists.]
02-08 06:20:37.434 I/am_wtf ( 1466): [0,1466,system_server,-1,DisplayDeviceConfig,requesting nits when no mapping exists.]
02-08 06:20:37.451 I/am_wtf ( 1466): [0,1466,system_server,-1,DisplayDeviceConfig,requesting nits when no mapping exists.]
02-08 06:20:37.452 I/am_wtf ( 1466): [0,1466,system_server,-1,DisplayDeviceConfig,requesting nits when no mapping exists.]
02-08 06:20:37.467 I/am_wtf ( 1466): [0,1466,system_server,-1,DisplayDeviceConfig,requesting nits when no mapping exists.]
02-08 06:20:37.468 I/am_wtf ( 1466): [0,1466,system_server,-1,DisplayDeviceConfig,requesting nits when no mapping exists.]
02-08 06:20:37.484 I/am_wtf ( 1466): [0,1466,system_server,-1,DisplayDeviceConfig,requesting nits when no mapping exists.]
02-08 06:20:37.485 I/am_wtf ( 1466): [0,1466,system_server,-1,DisplayDeviceConfig,requesting nits when no mapping exists.]
02-08 06:20:37.501 I/am_wtf ( 1466): [0,1466,system_server,-1,DisplayDeviceConfig,requesting nits when no mapping exists.]
02-08 06:20:37.502 I/am_wtf ( 1466): [0,1466,system_server,-1,DisplayDeviceConfig,requesting nits when no mapping exists.]
02-08 06:20:37.517 I/am_wtf ( 1466): [0,1466,system_server,-1,DisplayDeviceConfig,requesting nits when no mapping exists.]
02-08 06:20:37.518 I/am_wtf ( 1466): [0,1466,system_server,-1,DisplayDeviceConfig,requesting nits when no mapping exists.]
02-08 06:20:37.534 I/am_wtf ( 1466): [0,1466,system_server,-1,DisplayDeviceConfig,requesting nits when no mapping exists.]
02-08 06:20:37.535 I/am_wtf ( 1466): [0,1466,system_server,-1,DisplayDeviceConfig,requesting nits when no mapping exists.]
02-08 06:20:37.551 I/am_wtf ( 1466): [0,1466,system_server,-1,DisplayDeviceConfig,requesting nits when no mapping exists.]
02-08 06:20:37.552 I/am_wtf ( 1466): [0,1466,system_server,-1,DisplayDeviceConfig,requesting nits when no mapping exists.]
02-08 06:20:37.568 I/am_wtf ( 1466): [0,1466,system_server,-1,DisplayDeviceConfig,requesting nits when no mapping exists.]
02-08 06:20:37.569 I/am_wtf ( 1466): [0,1466,system_server,-1,DisplayDeviceConfig,requesting nits when no mapping exists.]
02-08 06:20:37.585 I/am_wtf ( 1466): [0,1466,system_server,-1,DisplayDeviceConfig,requesting nits when no mapping exists.]
02-08 06:20:37.586 I/am_wtf ( 1466): [0,1466,system_server,-1,DisplayDeviceConfig,requesting nits when no mapping exists.]
02-08 06:20:37.601 I/am_wtf ( 1466): [0,1466,system_server,-1,DisplayDeviceConfig,requesting nits when no mapping exists.]
02-08 06:20:37.602 I/am_wtf ( 1466): [0,1466,system_server,-1,DisplayDeviceConfig,requesting nits when no mapping exists.]
02-08 06:20:37.618 I/am_wtf ( 1466): [0,1466,system_server,-1,DisplayDeviceConfig,requesting nits when no mapping exists.]
02-08 06:20:37.619 I/am_wtf ( 1466): [0,1466,system_server,-1,DisplayDeviceConfig,requesting nits when no mapping exists.]
02-08 06:20:37.634 I/am_wtf ( 1466): [0,1466,system_server,-1,DisplayDeviceConfig,requesting nits when no mapping exists.]
02-08 06:20:37.635 I/am_wtf ( 1466): [0,1466,system_server,-1,DisplayDeviceConfig,requesting nits when no mapping exists.]
02-08 06:20:37.651 I/am_wtf ( 1466): [0,1466,system_server,-1,DisplayDeviceConfig,requesting nits when no mapping exists.]
02-08 06:20:37.652 I/am_wtf ( 1466): [0,1466,system_server,-1,DisplayDeviceConfig,requesting nits when no mapping exists.]
02-08 06:20:37.668 I/am_wtf ( 1466): [0,1466,system_server,-1,DisplayDeviceConfig,requesting nits when no mapping exists.]
02-08 06:20:37.668 I/am_wtf ( 1466): [0,1466,system_server,-1,DisplayDeviceConfig,requesting nits when no mapping exists.]
02-08 06:20:37.685 I/am_wtf ( 1466): [0,1466,system_server,-1,DisplayDeviceConfig,requesting nits when no mapping exists.]
02-08 06:20:37.685 I/am_wtf ( 1466): [0,1466,system_server,-1,DisplayDeviceConfig,requesting nits when no mapping exists.]
02-08 06:20:37.701 I/am_wtf ( 1466): [0,1466,system_server,-1,DisplayDeviceConfig,requesting nits when no mapping exists.]
02-08 06:20:37.702 I/am_wtf ( 1466): [0,1466,system_server,-1,DisplayDeviceConfig,requesting nits when no mapping exists.]
02-08 06:20:37.718 I/am_wtf ( 1466): [0,1466,system_server,-1,DisplayDeviceConfig,requesting nits when no mapping exists.]
02-08 06:20:37.719 I/am_wtf ( 1466): [0,1466,system_server,-1,DisplayDeviceConfig,requesting nits when no mapping exists.]
02-08 06:20:37.734 I/am_wtf ( 1466): [0,1466,system_server,-1,DisplayDeviceConfig,requesting nits when no mapping exists.]
02-08 06:20:37.735 I/am_wtf ( 1466): [0,1466,system_server,-1,DisplayDeviceConfig,requesting nits when no mapping exists.]
02-08 06:20:37.751 I/am_wtf ( 1466): [0,1466,system_server,-1,DisplayDeviceConfig,requesting nits when no mapping exists.]
02-08 06:20:37.752 I/am_wtf ( 1466): [0,1466,system_server,-1,DisplayDeviceConfig,requesting nits when no mapping exists.]
02-08 06:20:37.768 I/am_wtf ( 1466): [0,1466,system_server,-1,DisplayDeviceConfig,requesting nits when no mapping exists.]
02-08 06:20:37.769 I/am_wtf ( 1466): [0,1466,system_server,-1,DisplayDeviceConfig,requesting nits when no mapping exists.]
02-08 06:20:37.785 I/am_wtf ( 1466): [0,1466,system_server,-1,DisplayDeviceConfig,requesting nits when no mapping exists.]
02-08 06:20:37.786 I/am_wtf ( 1466): [0,1466,system_server,-1,DisplayDeviceConfig,requesting nits when no mapping exists.]
02-08 06:20:37.802 I/am_wtf ( 1466): [0,1466,system_server,-1,DisplayDeviceConfig,requesting nits when no mapping exists.]
02-08 06:20:37.802 I/am_wtf ( 1466): [0,1466,system_server,-1,DisplayDeviceConfig,requesting nits when no mapping exists.]
02-08 06:20:37.818 I/am_wtf ( 1466): [0,1466,system_server,-1,DisplayDeviceConfig,requesting nits when no mapping exists.]
02-08 06:20:37.819 I/am_wtf ( 1466): [0,1466,system_server,-1,DisplayDeviceConfig,requesting nits when no mapping exists.]
02-08 06:20:37.835 I/am_wtf ( 1466): [0,1466,system_server,-1,DisplayDeviceConfig,requesting nits when no mapping exists.]
02-08 06:20:37.836 I/am_wtf ( 1466): [0,1466,system_server,-1,DisplayDeviceConfig,requesting nits when no mapping exists.]
02-08 06:20:37.852 I/am_wtf ( 1466): [0,1466,system_server,-1,DisplayDeviceConfig,requesting nits when no mapping exists.]
02-08 06:20:37.852 I/am_wtf ( 1466): [0,1466,system_server,-1,DisplayDeviceConfig,requesting nits when no mapping exists.]
02-08 06:20:37.868 I/am_wtf ( 1466): [0,1466,system_server,-1,DisplayDeviceConfig,requesting nits when no mapping exists.]
02-08 06:20:37.869 I/am_wtf ( 1466): [0,1466,system_server,-1,DisplayDeviceConfig,requesting nits when no mapping exists.]
02-08 06:20:37.885 I/am_wtf ( 1466): [0,1466,system_server,-1,DisplayDeviceConfig,requesting nits when no mapping exists.]
02-08 06:20:37.886 I/am_wtf ( 1466): [0,1466,system_server,-1,DisplayDeviceConfig,requesting nits when no mapping exists.]
02-08 06:20:37.902 I/am_wtf ( 1466): [0,1466,system_server,-1,DisplayDeviceConfig,requesting nits when no mapping exists.]
02-08 06:20:37.902 I/am_wtf ( 1466): [0,1466,system_server,-1,DisplayDeviceConfig,requesting nits when no mapping exists.]
02-08 06:20:37.918 I/am_wtf ( 1466): [0,1466,system_server,-1,DisplayDeviceConfig,requesting nits when no mapping exists.]
02-08 06:20:37.919 I/am_wtf ( 1466): [0,1466,system_server,-1,DisplayDeviceConfig,requesting nits when no mapping exists.]
02-08 06:20:37.936 I/am_wtf ( 1466): [0,1466,system_server,-1,DisplayDeviceConfig,requesting nits when no mapping exists.]
02-08 06:20:37.937 I/am_wtf ( 1466): [0,1466,system_server,-1,DisplayDeviceConfig,requesting nits when no mapping exists.]
02-08 06:20:37.952 I/am_wtf ( 1466): [0,1466,system_server,-1,DisplayDeviceConfig,requesting nits when no mapping exists.]
02-08 06:20:37.953 I/am_wtf ( 1466): [0,1466,system_server,-1,DisplayDeviceConfig,requesting nits when no mapping exists.]
02-08 06:20:37.969 I/am_wtf ( 1466): [0,1466,system_server,-1,DisplayDeviceConfig,requesting nits when no mapping exists.]
02-08 06:20:37.969 I/am_wtf ( 1466): [0,1466,system_server,-1,DisplayDeviceConfig,requesting nits when no mapping exists.]
02-08 06:20:37.985 I/am_wtf ( 1466): [0,1466,system_server,-1,DisplayDeviceConfig,requesting nits when no mapping exists.]
02-08 06:20:37.986 I/am_wtf ( 1466): [0,1466,system_server,-1,DisplayDeviceConfig,requesting nits when no mapping exists.]
02-08 06:20:38.002 I/am_wtf ( 1466): [0,1466,system_server,-1,DisplayDeviceConfig,requesting nits when no mapping exists.]
02-08 06:20:38.003 I/am_wtf ( 1466): [0,1466,system_server,-1,DisplayDeviceConfig,requesting nits when no mapping exists.]
02-08 06:20:38.019 I/am_wtf ( 1466): [0,1466,system_server,-1,DisplayDeviceConfig,requesting nits when no mapping exists.]
02-08 06:20:38.020 I/service_manager_stats( 1466): [100,53,78812]
02-08 06:20:38.020 I/am_wtf ( 1466): [0,1466,system_server,-1,DisplayDeviceConfig,requesting nits when no mapping exists.]
02-08 06:20:38.035 I/am_wtf ( 1466): [0,1466,system_server,-1,DisplayDeviceConfig,requesting nits when no mapping exists.]
02-08 06:20:38.036 I/am_wtf ( 1466): [0,1466,system_server,-1,DisplayDeviceConfig,requesting nits when no mapping exists.]
02-08 06:20:38.052 I/am_wtf ( 1466): [0,1466,system_server,-1,DisplayDeviceConfig,requesting nits when no mapping exists.]
02-08 06:20:38.053 I/am_wtf ( 1466): [0,1466,system_server,-1,DisplayDeviceConfig,requesting nits when no mapping exists.]
02-08 06:20:38.069 I/am_wtf ( 1466): [0,1466,system_server,-1,DisplayDeviceConfig,requesting nits when no mapping exists.]
02-08 06:20:38.070 I/am_wtf ( 1466): [0,1466,system_server,-1,DisplayDeviceConfig,requesting nits when no mapping exists.]
02-08 06:20:38.085 I/am_wtf ( 1466): [0,1466,system_server,-1,DisplayDeviceConfig,requesting nits when no mapping exists.]
02-08 06:20:38.086 I/am_wtf ( 1466): [0,1466,system_server,-1,DisplayDeviceConfig,requesting nits when no mapping exists.]
02-08 06:20:38.102 I/am_wtf ( 1466): [0,1466,system_server,-1,DisplayDeviceConfig,requesting nits when no mapping exists.]
02-08 06:20:38.103 I/am_wtf ( 1466): [0,1466,system_server,-1,DisplayDeviceConfig,requesting nits when no mapping exists.]
02-08 06:20:38.119 I/am_wtf ( 1466): [0,1466,system_server,-1,DisplayDeviceConfig,requesting nits when no mapping exists.]
02-08 06:20:38.120 I/am_wtf ( 1466): [0,1466,system_server,-1,DisplayDeviceConfig,requesting nits when no mapping exists.]
02-08 06:20:38.136 I/am_wtf ( 1466): [0,1466,system_server,-1,DisplayDeviceConfig,requesting nits when no mapping exists.]
02-08 06:20:38.137 I/am_wtf ( 1466): [0,1466,system_server,-1,DisplayDeviceConfig,requesting nits when no mapping exists.]
02-08 06:20:38.152 I/am_wtf ( 1466): [0,1466,system_server,-1,DisplayDeviceConfig,requesting nits when no mapping exists.]
02-08 06:20:38.153 I/am_wtf ( 1466): [0,1466,system_server,-1,DisplayDeviceConfig,requesting nits when no mapping exists.]
02-08 06:20:38.169 I/am_wtf ( 1466): [0,1466,system_server,-1,DisplayDeviceConfig,requesting nits when no mapping exists.]
02-08 06:20:38.170 I/am_wtf ( 1466): [0,1466,system_server,-1,DisplayDeviceConfig,requesting nits when no mapping exists.]
02-08 06:20:38.186 I/am_wtf ( 1466): [0,1466,system_server,-1,DisplayDeviceConfig,requesting nits when no mapping exists.]
02-08 06:20:38.187 I/am_wtf ( 1466): [0,1466,system_server,-1,DisplayDeviceConfig,requesting nits when no mapping exists.]
02-08 06:20:38.202 I/am_wtf ( 1466): [0,1466,system_server,-1,DisplayDeviceConfig,requesting nits when no mapping exists.]
02-08 06:20:38.203 I/am_wtf ( 1466): [0,1466,system_server,-1,DisplayDeviceConfig,requesting nits when no mapping exists.]
02-08 06:20:38.219 I/am_wtf ( 1466): [0,1466,system_server,-1,DisplayDeviceConfig,requesting nits when no mapping exists.]
02-08 06:20:38.220 I/am_wtf ( 1466): [0,1466,system_server,-1,DisplayDeviceConfig,requesting nits when no mapping exists.]
02-08 06:20:38.236 I/am_wtf ( 1466): [0,1466,system_server,-1,DisplayDeviceConfig,requesting nits when no mapping exists.]
02-08 06:20:38.237 I/am_wtf ( 1466): [0,1466,system_server,-1,DisplayDeviceConfig,requesting nits when no mapping exists.]
02-08 06:20:38.252 I/am_wtf ( 1466): [0,1466,system_server,-1,DisplayDeviceConfig,requesting nits when no mapping exists.]
02-08 06:20:38.253 I/am_wtf ( 1466): [0,1466,system_server,-1,DisplayDeviceConfig,requesting nits when no mapping exists.]
02-08 06:20:38.269 I/am_wtf ( 1466): [0,1466,system_server,-1,DisplayDeviceConfig,requesting nits when no mapping exists.]
02-08 06:20:38.270 I/am_wtf ( 1466): [0,1466,system_server,-1,DisplayDeviceConfig,requesting nits when no mapping exists.]
02-08 06:20:38.286 I/am_wtf ( 1466): [0,1466,system_server,-1,DisplayDeviceConfig,requesting nits when no mapping exists.]
02-08 06:20:38.286 I/am_wtf ( 1466): [0,1466,system_server,-1,DisplayDeviceConfig,requesting nits when no mapping exists.]
02-08 06:20:38.302 I/am_wtf ( 1466): [0,1466,system_server,-1,DisplayDeviceConfig,requesting nits when no mapping exists.]
02-08 06:20:38.303 I/am_wtf ( 1466): [0,1466,system_server,-1,DisplayDeviceConfig,requesting nits when no mapping exists.]
02-08 06:20:44.316 I/sysui_multi_action( 1466): [757,222,758,1]
02-08 06:20:44.317 I/am_uid_active( 1466): 10049
02-08 06:20:44.327 I/wm_task_created( 1466): [27,-1]
02-08 06:20:44.331 I/wm_task_moved( 1466): [27,1,7]
02-08 06:20:44.331 I/wm_task_to_front( 1466): [0,27]
02-08 06:20:44.331 I/wm_create_task( 1466): [0,27]
02-08 06:20:44.331 I/wm_create_activity( 1466): [0,35171890,27,com.thundercomm.screensaver/android.service.dreams.DreamActivity,NULL,NULL,NULL,276824064]
02-08 06:20:44.331 I/wm_task_moved( 1466): [27,1,7]
02-08 06:20:44.331 I/wm_on_top_resumed_lost_called( 7109): [101732248,com.android.settings.Settings,topStateChangedWhenResumed]
