02-08 06:24:17.832 I/am_wtf ( 1466): [0,1466,system_server,-1,DisplayDeviceConfig,requesting nits when no mapping exists.]
02-08 06:24:17.847 I/am_wtf ( 1466): [0,1466,system_server,-1,DisplayDeviceConfig,requesting nits when no mapping exists.]
02-08 06:24:17.848 I/am_wtf ( 1466): [0,1466,system_server,-1,DisplayDeviceConfig,requesting nits when no mapping exists.]
02-08 06:24:17.863 I/am_wtf ( 1466): [0,1466,system_server,-1,DisplayDeviceConfig,requesting nits when no mapping exists.]
02-08 06:24:17.864 I/am_wtf ( 1466): [0,1466,system_server,-1,DisplayDeviceConfig,requesting nits when no mapping exists.]
02-08 06:24:17.881 I/am_wtf ( 1466): [0,1466,system_server,-1,DisplayDeviceConfig,requesting nits when no mapping exists.]
02-08 06:24:17.881 I/am_wtf ( 1466): [0,1466,system_server,-1,DisplayDeviceConfig,requesting nits when no mapping exists.]
02-08 06:24:17.897 I/am_wtf ( 1466): [0,1466,system_server,-1,DisplayDeviceConfig,requesting nits when no mapping exists.]
02-08 06:24:17.898 I/am_wtf ( 1466): [0,1466,system_server,-1,DisplayDeviceConfig,requesting nits when no mapping exists.]
02-08 06:24:17.914 I/am_wtf ( 1466): [0,1466,system_server,-1,DisplayDeviceConfig,requesting nits when no mapping exists.]
02-08 06:24:17.915 I/am_wtf ( 1466): [0,1466,system_server,-1,DisplayDeviceConfig,requesting nits when no mapping exists.]
02-08 06:24:17.931 I/am_wtf ( 1466): [0,1466,system_server,-1,DisplayDeviceConfig,requesting nits when no mapping exists.]
02-08 06:24:17.932 I/am_wtf ( 1466): [0,1466,system_server,-1,DisplayDeviceConfig,requesting nits when no mapping exists.]
02-08 06:24:17.947 I/am_wtf ( 1466): [0,1466,system_server,-1,DisplayDeviceConfig,requesting nits when no mapping exists.]
02-08 06:24:17.948 I/am_wtf ( 1466): [0,1466,system_server,-1,DisplayDeviceConfig,requesting nits when no mapping exists.]
02-08 06:24:17.964 I/am_wtf ( 1466): [0,1466,system_server,-1,DisplayDeviceConfig,requesting nits when no mapping exists.]
02-08 06:24:17.965 I/am_wtf ( 1466): [0,1466,system_server,-1,DisplayDeviceConfig,requesting nits when no mapping exists.]
02-08 06:24:17.981 I/am_wtf ( 1466): [0,1466,system_server,-1,DisplayDeviceConfig,requesting nits when no mapping exists.]
02-08 06:24:17.982 I/am_wtf ( 1466): [0,1466,system_server,-1,DisplayDeviceConfig,requesting nits when no mapping exists.]
02-08 06:24:17.997 I/am_wtf ( 1466): [0,1466,system_server,-1,DisplayDeviceConfig,requesting nits when no mapping exists.]
02-08 06:24:17.998 I/am_wtf ( 1466): [0,1466,system_server,-1,DisplayDeviceConfig,requesting nits when no mapping exists.]
02-08 06:24:18.014 I/am_wtf ( 1466): [0,1466,system_server,-1,DisplayDeviceConfig,requesting nits when no mapping exists.]
02-08 06:24:18.015 I/am_wtf ( 1466): [0,1466,system_server,-1,DisplayDeviceConfig,requesting nits when no mapping exists.]
02-08 06:24:18.031 I/am_wtf ( 1466): [0,1466,system_server,-1,DisplayDeviceConfig,requesting nits when no mapping exists.]
02-08 06:24:18.032 I/am_wtf ( 1466): [0,1466,system_server,-1,DisplayDeviceConfig,requesting nits when no mapping exists.]
02-08 06:24:18.048 I/am_wtf ( 1466): [0,1466,system_server,-1,DisplayDeviceConfig,requesting nits when no mapping exists.]
02-08 06:24:18.049 I/am_wtf ( 1466): [0,1466,system_server,-1,DisplayDeviceConfig,requesting nits when no mapping exists.]
02-08 06:24:18.064 I/am_wtf ( 1466): [0,1466,system_server,-1,DisplayDeviceConfig,requesting nits when no mapping exists.]
02-08 06:24:18.065 I/am_wtf ( 1466): [0,1466,system_server,-1,DisplayDeviceConfig,requesting nits when no mapping exists.]
02-08 06:24:18.081 I/am_wtf ( 1466): [0,1466,system_server,-1,DisplayDeviceConfig,requesting nits when no mapping exists.]
02-08 06:24:18.082 I/am_wtf ( 1466): [0,1466,system_server,-1,DisplayDeviceConfig,requesting nits when no mapping exists.]
02-08 06:24:24.122 I/sysui_multi_action( 1466): [757,222,758,1]
02-08 06:24:24.126 I/am_uid_active( 1466): 10049
02-08 06:24:24.137 I/wm_task_created( 1466): [28,-1]
02-08 06:24:24.139 I/am_pss ( 1466): [7109,1000,com.android.settings,185816064,166621184,0,329801728,0,2,16]
02-08 06:24:24.141 I/wm_task_moved( 1466): [28,1,7]
02-08 06:24:24.141 I/wm_task_to_front( 1466): [0,28]
02-08 06:24:24.141 I/wm_create_task( 1466): [0,28]
02-08 06:24:24.141 I/wm_create_activity( 1466): [0,121887209,28,com.thundercomm.screensaver/android.service.dreams.DreamActivity,NULL,NULL,NULL,276824064]
02-08 06:24:24.141 I/wm_task_moved( 1466): [28,1,7]
02-08 06:24:24.141 I/wm_on_top_resumed_lost_called( 7109): [101732248,com.android.settings.Settings,topStateChangedWhenResumed]
02-08 06:24:24.142 I/wm_pause_activity( 1466): [0,101732248,com.android.settings/.Settings,userLeaving=true,pauseBackTasks]
02-08 06:24:24.144 I/sysui_multi_action( 7109): [757,35,758,2,1089,217278]
02-08 06:24:24.145 I/sysui_multi_action( 7109): [757,1390,758,2,1089,65225]
02-08 06:24:24.145 I/sysui_multi_action( 7109): [757,538,758,2,1089,59988]
02-08 06:24:24.145 I/wm_on_paused_called( 7109): [101732248,com.android.settings.Settings,performPause]
02-08 06:24:24.146 I/wm_add_to_stopping( 1466): [0,101732248,com.android.settings/.Settings,makeInvisible]
02-08 06:24:24.147 I/am_pss ( 1466): [10942,10064,com.android.calendar,6286336,3956736,0,91770880,0,19,5]
02-08 06:24:24.147 I/wm_restart_activity( 1466): [0,121887209,28,com.thundercomm.screensaver/android.service.dreams.DreamActivity]
02-08 06:24:24.157 I/wm_set_resumed_activity( 1466): [0,com.thundercomm.screensaver/android.service.dreams.DreamActivity,minimalResumeActivityLocked]
02-08 06:24:24.161 I/sysui_multi_action( 1466): [757,803,799,window_time_0,802,218]
02-08 06:24:24.162 I/wm_on_create_called( 6616): [121887209,android.service.dreams.DreamActivity,performCreate]
02-08 06:24:24.162 I/wm_on_start_called( 6616): [121887209,android.service.dreams.DreamActivity,handleStartActivity]
02-08 06:24:24.163 I/wm_on_resume_called( 6616): [121887209,android.service.dreams.DreamActivity,RESUME_ACTIVITY]
02-08 06:24:24.165 I/wm_on_top_resumed_gained_called( 6616): [121887209,android.service.dreams.DreamActivity,topStateChangedWhenResumed]
02-08 06:24:24.167 I/am_uid_active( 1466): 10068
02-08 06:24:24.179 I/input_focus( 1466): [Focus leaving c5a9f8d com.android.settings/com.android.settings.Settings (server),reason=NO_WINDOW]
02-08 06:24:24.187 I/input_focus( 1466): [Focus request c1b6546 com.thundercomm.screensaver/android.service.dreams.DreamActivity,reason=UpdateInputWindows]
02-08 06:24:24.198 I/sysui_multi_action( 1466): [319,61,322,57,325,2876,757,761,758,8,759,2,806,com.thundercomm.screensaver,871,android.service.dreams.DreamActivity,904,com.thundercomm.screensaver,905,0,1320,4,1321,2]
02-08 06:24:24.198 I/wm_activity_launch_time( 1466): [0,121887209,com.thundercomm.screensaver/android.service.dreams.DreamActivity,57]
02-08 06:24:24.200 I/sysui_multi_action( 1466): [757,1696,758,6,759,3]
02-08 06:24:24.212 I/am_wtf ( 1466): [0,1466,system_server,-1,DisplayDeviceConfig,requesting nits when no mapping exists.]
02-08 06:24:24.212 I/am_wtf ( 1466): [0,1466,system_server,-1,DisplayDeviceConfig,requesting nits when no mapping exists.]
02-08 06:24:24.229 I/am_wtf ( 1466): [0,1466,system_server,-1,DisplayDeviceConfig,requesting nits when no mapping exists.]
02-08 06:24:24.229 I/am_wtf ( 1466): [0,1466,system_server,-1,DisplayDeviceConfig,requesting nits when no mapping exists.]
02-08 06:24:24.231 I/input_focus( 1466): [Focus entering c1b6546 com.thundercomm.screensaver/android.service.dreams.DreamActivity (server),reason=Window became focusable. Previous reason: NOT_VISIBLE]
02-08 06:24:24.245 I/am_wtf ( 1466): [0,1466,system_server,-1,DisplayDeviceConfig,requesting nits when no mapping exists.]
02-08 06:24:24.246 I/am_wtf ( 1466): [0,1466,system_server,-1,DisplayDeviceConfig,requesting nits when no mapping exists.]
02-08 06:24:24.262 I/am_wtf ( 1466): [0,1466,system_server,-1,DisplayDeviceConfig,requesting nits when no mapping exists.]
02-08 06:24:24.263 I/am_wtf ( 1466): [0,1466,system_server,-1,DisplayDeviceConfig,requesting nits when no mapping exists.]
02-08 06:24:24.279 I/am_wtf ( 1466): [0,1466,system_server,-1,DisplayDeviceConfig,requesting nits when no mapping exists.]
02-08 06:24:24.279 I/service_manager_stats( 1466): [100,56,6948]
02-08 06:24:24.279 I/am_wtf ( 1466): [0,1466,system_server,-1,DisplayDeviceConfig,requesting nits when no mapping exists.]
02-08 06:24:24.295 I/am_wtf ( 1466): [0,1466,system_server,-1,DisplayDeviceConfig,requesting nits when no mapping exists.]
02-08 06:24:24.295 I/am_wtf ( 1466): [0,1466,system_server,-1,DisplayDeviceConfig,requesting nits when no mapping exists.]
02-08 06:24:24.312 I/am_wtf ( 1466): [0,1466,system_server,-1,DisplayDeviceConfig,requesting nits when no mapping exists.]
02-08 06:24:24.312 I/am_wtf ( 1466): [0,1466,system_server,-1,DisplayDeviceConfig,requesting nits when no mapping exists.]
02-08 06:24:24.328 I/am_wtf ( 1466): [0,1466,system_server,-1,DisplayDeviceConfig,requesting nits when no mapping exists.]
02-08 06:24:24.328 I/am_wtf ( 1466): [0,1466,system_server,-1,DisplayDeviceConfig,requesting nits when no mapping exists.]
02-08 06:24:24.345 I/am_wtf ( 1466): [0,1466,system_server,-1,DisplayDeviceConfig,requesting nits when no mapping exists.]
02-08 06:24:24.345 I/am_wtf ( 1466): [0,1466,system_server,-1,DisplayDeviceConfig,requesting nits when no mapping exists.]
02-08 06:24:24.362 I/am_wtf ( 1466): [0,1466,system_server,-1,DisplayDeviceConfig,requesting nits when no mapping exists.]
02-08 06:24:24.362 I/am_wtf ( 1466): [0,1466,system_server,-1,DisplayDeviceConfig,requesting nits when no mapping exists.]
02-08 06:24:24.379 I/am_wtf ( 1466): [0,1466,system_server,-1,DisplayDeviceConfig,requesting nits when no mapping exists.]
02-08 06:24:24.379 I/am_wtf ( 1466): [0,1466,system_server,-1,DisplayDeviceConfig,requesting nits when no mapping exists.]
02-08 06:24:24.395 I/am_wtf ( 1466): [0,1466,system_server,-1,DisplayDeviceConfig,requesting nits when no mapping exists.]
02-08 06:24:24.396 I/am_wtf ( 1466): [0,1466,system_server,-1,DisplayDeviceConfig,requesting nits when no mapping exists.]
02-08 06:24:24.412 I/am_wtf ( 1466): [0,1466,system_server,-1,DisplayDeviceConfig,requesting nits when no mapping exists.]
02-08 06:24:24.412 I/am_wtf ( 1466): [0,1466,system_server,-1,DisplayDeviceConfig,requesting nits when no mapping exists.]
02-08 06:24:24.428 I/am_wtf ( 1466): [0,1466,system_server,-1,DisplayDeviceConfig,requesting nits when no mapping exists.]
02-08 06:24:24.429 I/am_wtf ( 1466): [0,1466,system_server,-1,DisplayDeviceConfig,requesting nits when no mapping exists.]
02-08 06:24:24.445 I/am_wtf ( 1466): [0,1466,system_server,-1,DisplayDeviceConfig,requesting nits when no mapping exists.]
02-08 06:24:24.445 I/am_wtf ( 1466): [0,1466,system_server,-1,DisplayDeviceConfig,requesting nits when no mapping exists.]
02-08 06:24:24.462 I/am_wtf ( 1466): [0,1466,system_server,-1,DisplayDeviceConfig,requesting nits when no mapping exists.]
02-08 06:24:24.462 I/am_wtf ( 1466): [0,1466,system_server,-1,DisplayDeviceConfig,requesting nits when no mapping exists.]
02-08 06:24:24.479 I/am_wtf ( 1466): [0,1466,system_server,-1,DisplayDeviceConfig,requesting nits when no mapping exists.]
02-08 06:24:24.479 I/am_wtf ( 1466): [0,1466,system_server,-1,DisplayDeviceConfig,requesting nits when no mapping exists.]
02-08 06:24:24.495 I/am_wtf ( 1466): [0,1466,system_server,-1,DisplayDeviceConfig,requesting nits when no mapping exists.]
02-08 06:24:24.496 I/am_wtf ( 1466): [0,1466,system_server,-1,DisplayDeviceConfig,requesting nits when no mapping exists.]
02-08 06:24:24.512 I/am_wtf ( 1466): [0,1466,system_server,-1,DisplayDeviceConfig,requesting nits when no mapping exists.]
02-08 06:24:24.513 I/am_wtf ( 1466): [0,1466,system_server,-1,DisplayDeviceConfig,requesting nits when no mapping exists.]
02-08 06:24:24.528 I/am_wtf ( 1466): [0,1466,system_server,-1,DisplayDeviceConfig,requesting nits when no mapping exists.]
02-08 06:24:24.529 I/am_wtf ( 1466): [0,1466,system_server,-1,DisplayDeviceConfig,requesting nits when no mapping exists.]
02-08 06:24:24.546 I/am_wtf ( 1466): [0,1466,system_server,-1,DisplayDeviceConfig,requesting nits when no mapping exists.]
02-08 06:24:24.546 I/am_wtf ( 1466): [0,1466,system_server,-1,DisplayDeviceConfig,requesting nits when no mapping exists.]
02-08 06:24:24.562 I/am_wtf ( 1466): [0,1466,system_server,-1,DisplayDeviceConfig,requesting nits when no mapping exists.]
02-08 06:24:24.563 I/am_wtf ( 1466): [0,1466,system_server,-1,DisplayDeviceConfig,requesting nits when no mapping exists.]
02-08 06:24:24.579 I/am_wtf ( 1466): [0,1466,system_server,-1,DisplayDeviceConfig,requesting nits when no mapping exists.]
02-08 06:24:24.579 I/am_wtf ( 1466): [0,1466,system_server,-1,DisplayDeviceConfig,requesting nits when no mapping exists.]
02-08 06:24:24.595 I/am_wtf ( 1466): [0,1466,system_server,-1,DisplayDeviceConfig,requesting nits when no mapping exists.]
02-08 06:24:24.596 I/am_wtf ( 1466): [0,1466,system_server,-1,DisplayDeviceConfig,requesting nits when no mapping exists.]
02-08 06:24:24.612 I/am_wtf ( 1466): [0,1466,system_server,-1,DisplayDeviceConfig,requesting nits when no mapping exists.]
02-08 06:24:24.613 I/am_wtf ( 1466): [0,1466,system_server,-1,DisplayDeviceConfig,requesting nits when no mapping exists.]
02-08 06:24:24.629 I/am_wtf ( 1466): [0,1466,system_server,-1,DisplayDeviceConfig,requesting nits when no mapping exists.]
02-08 06:24:24.630 I/am_wtf ( 1466): [0,1466,system_server,-1,DisplayDeviceConfig,requesting nits when no mapping exists.]
02-08 06:24:24.646 I/am_wtf ( 1466): [0,1466,system_server,-1,DisplayDeviceConfig,requesting nits when no mapping exists.]
02-08 06:24:24.646 I/am_wtf ( 1466): [0,1466,system_server,-1,DisplayDeviceConfig,requesting nits when no mapping exists.]
02-08 06:24:24.663 I/am_wtf ( 1466): [0,1466,system_server,-1,DisplayDeviceConfig,requesting nits when no mapping exists.]
02-08 06:24:24.663 I/am_wtf ( 1466): [0,1466,system_server,-1,DisplayDeviceConfig,requesting nits when no mapping exists.]
02-08 06:24:24.679 I/am_wtf ( 1466): [0,1466,system_server,-1,DisplayDeviceConfig,requesting nits when no mapping exists.]
02-08 06:24:24.679 I/am_wtf ( 1466): [0,1466,system_server,-1,DisplayDeviceConfig,requesting nits when no mapping exists.]
02-08 06:24:24.697 I/am_wtf ( 1466): [0,1466,system_server,-1,DisplayDeviceConfig,requesting nits when no mapping exists.]
02-08 06:24:24.697 I/am_wtf ( 1466): [0,1466,system_server,-1,DisplayDeviceConfig,requesting nits when no mapping exists.]
02-08 06:24:24.697 I/wm_stop_activity( 1466): [0,101732248,com.android.settings/.Settings]
02-08 06:24:24.712 I/am_wtf ( 1466): [0,1466,system_server,-1,DisplayDeviceConfig,requesting nits when no mapping exists.]
02-08 06:24:24.713 I/am_wtf ( 1466): [0,1466,system_server,-1,DisplayDeviceConfig,requesting nits when no mapping exists.]
02-08 06:24:24.724 I/wm_on_stop_called( 7109): [101732248,com.android.settings.Settings,STOP_ACTIVITY_ITEM]
02-08 06:24:24.730 I/am_wtf ( 1466): [0,1466,system_server,-1,DisplayDeviceConfig,requesting nits when no mapping exists.]
02-08 06:24:24.731 I/am_wtf ( 1466): [0,1466,system_server,-1,DisplayDeviceConfig,requesting nits when no mapping exists.]
02-08 06:24:24.747 I/am_wtf ( 1466): [0,1466,system_server,-1,DisplayDeviceConfig,requesting nits when no mapping exists.]
02-08 06:24:24.747 I/am_wtf ( 1466): [0,1466,system_server,-1,DisplayDeviceConfig,requesting nits when no mapping exists.]
02-08 06:24:24.763 I/am_wtf ( 1466): [0,1466,system_server,-1,DisplayDeviceConfig,requesting nits when no mapping exists.]
02-08 06:24:24.763 I/am_wtf ( 1466): [0,1466,system_server,-1,DisplayDeviceConfig,requesting nits when no mapping exists.]
02-08 06:24:24.779 I/am_wtf ( 1466): [0,1466,system_server,-1,DisplayDeviceConfig,requesting nits when no mapping exists.]
02-08 06:24:24.780 I/am_wtf ( 1466): [0,1466,system_server,-1,DisplayDeviceConfig,requesting nits when no mapping exists.]
02-08 06:24:24.797 I/am_wtf ( 1466): [0,1466,system_server,-1,DisplayDeviceConfig,requesting nits when no mapping exists.]
02-08 06:24:24.797 I/am_wtf ( 1466): [0,1466,system_server,-1,DisplayDeviceConfig,requesting nits when no mapping exists.]
02-08 06:24:24.813 I/am_wtf ( 1466): [0,1466,system_server,-1,DisplayDeviceConfig,requesting nits when no mapping exists.]
02-08 06:24:24.814 I/am_wtf ( 1466): [0,1466,system_server,-1,DisplayDeviceConfig,requesting nits when no mapping exists.]
02-08 06:24:24.829 I/am_wtf ( 1466): [0,1466,system_server,-1,DisplayDeviceConfig,requesting nits when no mapping exists.]
02-08 06:24:24.830 I/am_wtf ( 1466): [0,1466,system_server,-1,DisplayDeviceConfig,requesting nits when no mapping exists.]
02-08 06:24:24.847 I/am_wtf ( 1466): [0,1466,system_server,-1,DisplayDeviceConfig,requesting nits when no mapping exists.]
02-08 06:24:24.847 I/am_wtf ( 1466): [0,1466,system_server,-1,DisplayDeviceConfig,requesting nits when no mapping exists.]
02-08 06:24:24.863 I/am_wtf ( 1466): [0,1466,system_server,-1,DisplayDeviceConfig,requesting nits when no mapping exists.]
02-08 06:24:24.864 I/am_wtf ( 1466): [0,1466,system_server,-1,DisplayDeviceConfig,requesting nits when no mapping exists.]
02-08 06:24:24.880 I/am_wtf ( 1466): [0,1466,system_server,-1,DisplayDeviceConfig,requesting nits when no mapping exists.]
02-08 06:24:24.880 I/am_wtf ( 1466): [0,1466,system_server,-1,DisplayDeviceConfig,requesting nits when no mapping exists.]
02-08 06:24:24.896 I/am_wtf ( 1466): [0,1466,system_server,-1,DisplayDeviceConfig,requesting nits when no mapping exists.]
02-08 06:24:24.896 I/am_wtf ( 1466): [0,1466,system_server,-1,DisplayDeviceConfig,requesting nits when no mapping exists.]
02-08 06:24:24.914 I/am_wtf ( 1466): [0,1466,system_server,-1,DisplayDeviceConfig,requesting nits when no mapping exists.]
02-08 06:24:24.914 I/am_wtf ( 1466): [0,1466,system_server,-1,DisplayDeviceConfig,requesting nits when no mapping exists.]
02-08 06:24:24.930 I/am_wtf ( 1466): [0,1466,system_server,-1,DisplayDeviceConfig,requesting nits when no mapping exists.]
02-08 06:24:24.931 I/am_wtf ( 1466): [0,1466,system_server,-1,DisplayDeviceConfig,requesting nits when no mapping exists.]
02-08 06:24:24.946 I/am_wtf ( 1466): [0,1466,system_server,-1,DisplayDeviceConfig,requesting nits when no mapping exists.]
02-08 06:24:24.947 I/am_wtf ( 1466): [0,1466,system_server,-1,DisplayDeviceConfig,requesting nits when no mapping exists.]
02-08 06:24:24.964 I/am_wtf ( 1466): [0,1466,system_server,-1,DisplayDeviceConfig,requesting nits when no mapping exists.]
02-08 06:24:24.964 I/am_wtf ( 1466): [0,1466,system_server,-1,DisplayDeviceConfig,requesting nits when no mapping exists.]
02-08 06:24:24.980 I/am_wtf ( 1466): [0,1466,system_server,-1,DisplayDeviceConfig,requesting nits when no mapping exists.]
02-08 06:24:24.980 I/am_wtf ( 1466): [0,1466,system_server,-1,DisplayDeviceConfig,requesting nits when no mapping exists.]
02-08 06:24:24.996 I/am_wtf ( 1466): [0,1466,system_server,-1,DisplayDeviceConfig,requesting nits when no mapping exists.]
02-08 06:24:24.997 I/am_wtf ( 1466): [0,1466,system_server,-1,DisplayDeviceConfig,requesting nits when no mapping exists.]
02-08 06:24:25.014 I/am_wtf ( 1466): [0,1466,system_server,-1,DisplayDeviceConfig,requesting nits when no mapping exists.]
02-08 06:24:25.014 I/am_wtf ( 1466): [0,1466,system_server,-1,DisplayDeviceConfig,requesting nits when no mapping exists.]
02-08 06:24:25.030 I/am_wtf ( 1466): [0,1466,system_server,-1,DisplayDeviceConfig,requesting nits when no mapping exists.]
02-08 06:24:25.030 I/am_wtf ( 1466): [0,1466,system_server,-1,DisplayDeviceConfig,requesting nits when no mapping exists.]
02-08 06:24:25.047 I/am_wtf ( 1466): [0,1466,system_server,-1,DisplayDeviceConfig,requesting nits when no mapping exists.]
02-08 06:24:25.047 I/am_wtf ( 1466): [0,1466,system_server,-1,DisplayDeviceConfig,requesting nits when no mapping exists.]
02-08 06:24:25.064 I/am_wtf ( 1466): [0,1466,system_server,-1,DisplayDeviceConfig,requesting nits when no mapping exists.]
02-08 06:24:25.064 I/am_wtf ( 1466): [0,1466,system_server,-1,DisplayDeviceConfig,requesting nits when no mapping exists.]
02-08 06:24:25.080 I/am_wtf ( 1466): [0,1466,system_server,-1,DisplayDeviceConfig,requesting nits when no mapping exists.]
02-08 06:24:25.081 I/am_wtf ( 1466): [0,1466,system_server,-1,DisplayDeviceConfig,requesting nits when no mapping exists.]
02-08 06:24:25.097 I/am_wtf ( 1466): [0,1466,system_server,-1,DisplayDeviceConfig,requesting nits when no mapping exists.]
02-08 06:24:25.097 I/am_wtf ( 1466): [0,1466,system_server,-1,DisplayDeviceConfig,requesting nits when no mapping exists.]
02-08 06:24:25.114 I/am_wtf ( 1466): [0,1466,system_server,-1,DisplayDeviceConfig,requesting nits when no mapping exists.]
02-08 06:24:25.114 I/am_wtf ( 1466): [0,1466,system_server,-1,DisplayDeviceConfig,requesting nits when no mapping exists.]
02-08 06:24:25.131 I/am_wtf ( 1466): [0,1466,system_server,-1,DisplayDeviceConfig,requesting nits when no mapping exists.]
02-08 06:24:25.131 I/am_wtf ( 1466): [0,1466,system_server,-1,DisplayDeviceConfig,requesting nits when no mapping exists.]
02-08 06:24:25.147 I/am_wtf ( 1466): [0,1466,system_server,-1,DisplayDeviceConfig,requesting nits when no mapping exists.]
02-08 06:24:25.148 I/am_wtf ( 1466): [0,1466,system_server,-1,DisplayDeviceConfig,requesting nits when no mapping exists.]
02-08 06:24:25.164 I/am_wtf ( 1466): [0,1466,system_server,-1,DisplayDeviceConfig,requesting nits when no mapping exists.]
02-08 06:24:25.164 I/am_wtf ( 1466): [0,1466,system_server,-1,DisplayDeviceConfig,requesting nits when no mapping exists.]
02-08 06:25:30.754 I/am_uid_idle( 1466): 10068
02-08 06:25:46.536 I/am_freeze( 1466): [10243,com.android.webview:webview_service]
02-08 06:25:46.538 I/am_kill ( 1466): [0,10243,com.android.webview:webview_service,945,Unable to freeze binder interface]
02-08 06:25:46.567 I/am_proc_died( 1466): [0,10243,com.android.webview:webview_service,945,19]
02-08 06:25:46.567 I/am_uid_stopped( 1466): 10067
02-08 06:25:46.583 I/am_pss ( 1466): [3710,10025,com.baidu.input,143764480,124264448,0,293892096,0,7,12]
02-08 06:25:46.592 I/am_pss ( 1466): [6616,10049,com.thundercomm.screensaver,62910464,55296000,0,185618432,0,2,7]
02-08 06:25:46.597 I/am_pss ( 1466): [10942,10064,com.android.calendar,6294528,3956736,0,91770880,0,19,4]
02-08 06:25:46.602 I/am_pss ( 1466): [3501,10079,com.qualcomm.location.XT,6780928,4648960,0,92971008,0,6,4]
02-08 06:25:46.607 I/am_pss ( 1466): [3103,10095,android.ext.services,11783168,6397952,0,105648128,0,5,5]
02-08 06:25:46.612 I/am_pss ( 1466): [2606,1001,.dataservices,8092672,5967872,0,94056448,0,0,5]
02-08 06:25:46.617 I/am_pss ( 1466): [2493,1073,com.android.networkstack.process,11239424,8437760,0,104378368,0,0,4]
02-08 06:25:46.632 I/am_pss ( 1466): [2370,10081,com.android.systemui,215635968,193396736,0,385179648,0,0,13]
02-08 06:25:46.652 I/am_pss ( 1466): [1466,1000,system,247008256,146972672,0,583385088,0,0,20]
02-08 06:26:02.404 I/am_freeze( 1466): [7732,com.android.permissioncontroller]
02-08 06:26:02.406 I/am_kill ( 1466): [0,7732,com.android.permissioncontroller,945,Unable to freeze binder interface]
02-08 06:26:02.455 I/am_proc_died( 1466): [0,7732,com.android.permissioncontroller,945,19]
02-08 06:26:02.456 I/am_uid_stopped( 1466): 10093
02-08 06:26:02.466 I/am_pss ( 1466): [3420,10094,com.android.providers.media.module,21954560,17489920,0,127713280,0,0,8]
02-08 06:26:02.474 I/am_pss ( 1466): [3186,10073,com.qualcomm.location,10766336,7675904,0,104247296,0,0,7]
02-08 06:30:14.736 I/input_interaction( 1466): Interaction with: c1b6546 com.thundercomm.screensaver/android.service.dreams.DreamActivity (server), edge-swipe (server), swipe-up (server), PointerEventDispatcher0 (server),
02-08 06:30:14.739 I/service_manager_stats( 1466): [108,20,350460]
02-08 06:30:14.740 I/wm_finish_activity( 1466): [0,121887209,28,com.thundercomm.screensaver/android.service.dreams.DreamActivity,finish-activity]
02-08 06:30:14.740 I/wm_task_moved( 1466): [18,1,6]
02-08 06:30:14.740 I/wm_task_to_front( 1466): [0,18]
02-08 06:30:14.741 I/wm_focused_root_task( 1466): [0,0,18,28,finish-top adjustFocusToNextFocusableTask]
02-08 06:30:14.742 I/wm_pause_activity( 1466): [0,121887209,com.thundercomm.screensaver/android.service.dreams.DreamActivity,userLeaving=false,finish]
02-08 06:30:14.748 I/sysui_multi_action( 1466): [757,803,799,window_time_0,802,350]
02-08 06:30:14.750 I/wm_on_top_resumed_lost_called( 6616): [121887209,android.service.dreams.DreamActivity,topStateChangedWhenResumed]
02-08 06:30:14.750 I/wm_on_paused_called( 6616): [121887209,android.service.dreams.DreamActivity,performPause]
02-08 06:30:14.751 I/wm_add_to_stopping( 1466): [0,121887209,com.thundercomm.screensaver/android.service.dreams.DreamActivity,completeFinishing]
02-08 06:30:14.754 I/wm_set_resumed_activity( 1466): [0,com.android.settings/.Settings,resumeTopActivityInnerLocked]
02-08 06:30:14.755 I/wm_resume_activity( 1466): [0,101732248,18,com.android.settings/.Settings]
02-08 06:30:14.761 I/view_enqueue_input_event( 6616): [Motion - Cancel,com.thundercomm.screensaver/android.service.dreams.DreamActivity]
02-08 06:30:14.761 I/input_focus( 1466): [Focus leaving c1b6546 com.thundercomm.screensaver/android.service.dreams.DreamActivity (server),reason=NO_WINDOW]
02-08 06:30:14.761 I/input_interaction( 1466): Interaction with: edge-swipe (server), swipe-up (server), PointerEventDispatcher0 (server),
02-08 06:30:14.766 I/wm_on_restart_called( 7109): [101732248,com.android.settings.Settings,performRestartActivity]
02-08 06:30:14.766 I/sysui_multi_action( 1466): [757,803,799,window_time_0,802,0]
02-08 06:30:14.772 I/wm_on_start_called( 7109): [101732248,com.android.settings.Settings,handleStartActivity]
02-08 06:30:14.772 I/snet_event_log( 7109): [120484087,-1,]
02-08 06:30:14.772 I/wm_on_resume_called( 7109): [101732248,com.android.settings.Settings,RESUME_ACTIVITY]
02-08 06:30:14.773 I/sysui_multi_action( 7109): [757,35,758,1,833,0,1089,0]
02-08 06:30:14.774 I/sysui_multi_action( 7109): [757,1390,758,1,833,0,1089,0]
02-08 06:30:14.775 I/sysui_multi_action( 7109): [757,538,758,1,833,0,1089,0]
02-08 06:30:14.775 I/wm_on_top_resumed_gained_called( 7109): [101732248,com.android.settings.Settings,topWhenResuming]
02-08 06:30:14.780 I/am_uid_active( 1466): 10068
02-08 06:30:14.784 I/input_focus( 1466): [Focus request c5a9f8d com.android.settings/com.android.settings.Settings,reason=UpdateInputWindows]
02-08 06:30:14.789 I/am_pss ( 1466): [2862,10080,com.android.launcher3,80650240,68403200,0,218587136,0,6,10]
02-08 06:30:14.803 I/auditd ( 567): type=1400 audit(0.0:941): avc: denied { read } for comm="Binder:567_2" name="wakeup58" dev="sysfs" ino=71792 scontext=u:r:system_suspend:s0 tcontext=u:object_r:sysfs:s0 tclass=dir permissive=0
02-08 06:30:14.803 I/auditd ( 567): type=1400 audit(0.0:942): avc: denied { read } for comm="Binder:567_2" name="wakeup4" dev="sysfs" ino=47054 scontext=u:r:system_suspend:s0 tcontext=u:object_r:sysfs:s0 tclass=dir permissive=0
02-08 06:30:14.803 I/auditd ( 567): type=1400 audit(0.0:943): avc: denied { read } for comm="Binder:567_2" name="wakeup76" dev="sysfs" ino=76686 scontext=u:r:system_suspend:s0 tcontext=u:object_r:sysfs:s0 tclass=dir permissive=0
02-08 06:30:14.803 I/auditd ( 567): type=1400 audit(0.0:944): avc: denied { read } for comm="Binder:567_2" name="wakeup28" dev="sysfs" ino=53259 scontext=u:r:system_suspend:s0 tcontext=u:object_r:sysfs:s0 tclass=dir permissive=0
02-08 06:30:14.803 I/auditd ( 567): type=1400 audit(0.0:945): avc: denied { read } for comm="Binder:567_2" name="wakeup56" dev="sysfs" ino=71720 scontext=u:r:system_suspend:s0 tcontext=u:object_r:sysfs:s0 tclass=dir permissive=0
02-08 06:30:14.840 I/input_focus( 1466): [Focus entering c5a9f8d com.android.settings/com.android.settings.Settings (server),reason=Window became focusable. Previous reason: NOT_VISIBLE]
02-08 06:30:15.341 I/wm_destroy_activity( 1466): [0,121887209,28,com.thundercomm.screensaver/android.service.dreams.DreamActivity,finish-imm:idle]
02-08 06:30:15.363 I/wm_on_stop_called( 6616): [121887209,android.service.dreams.DreamActivity,LIFECYCLER_STOP_ACTIVITY]
02-08 06:30:15.364 I/wm_on_destroy_called( 6616): [121887209,android.service.dreams.DreamActivity,performDestroy]
02-08 06:30:15.367 I/sysui_multi_action( 1466): [757,222,758,2]
02-08 06:30:15.367 I/sysui_multi_action( 1466): [757,804,799,dreaming_minutes,801,5,802,1]
02-08 06:30:15.379 I/wm_task_removed( 1466): [28,removeChild:removeChild last r=ActivityRecord{743d9e9 u0 com.thundercomm.screensaver/android.service.dreams.DreamActivity t-1 f}} in t=Task{71b5bf7 #28 type=dream A=10049:android:com.thundercomm.screensaver/dream U=0 visible=false mode=fullscreen translucent=true sz=0}]
02-08 06:30:15.379 I/wm_task_removed( 1466): [28,removeChild]
02-08 06:30:16.156 I/input_interaction( 1466): Interaction with: c5a9f8d com.android.settings/com.android.settings.Settings (server), edge-swipe (server), swipe-up (server), PointerEventDispatcher0 (server),
02-08 06:30:17.569 I/input_interaction( 1466): Interaction with: 1111aa0 PopupWindow:5544e42 (server), edge-swipe (server), swipe-up (server), PointerEventDispatcher0 (server),
02-08 06:30:54.847 I/service_manager_stats( 1466): [100,65,40108]
02-08 06:31:01.115 I/am_freeze( 1466): [10717,com.android.music]
02-08 06:31:01.116 I/am_kill ( 1466): [0,10717,com.android.music,935,Unable to freeze binder interface]
02-08 06:31:01.147 I/am_proc_died( 1466): [0,10717,com.android.music,935,19]
02-08 06:31:01.148 I/am_uid_stopped( 1466): 10083
02-08 06:31:01.155 I/am_uid_running( 1466): 10083
02-08 06:31:01.159 I/am_pss ( 1466): [10361,1000,com.qti.diagservices,6187008,3698688,0,93720576,0,10,6]
02-08 06:31:01.172 I/am_proc_start( 1466): [0,11486,10083,com.android.music,NULL,]
02-08 06:31:01.206 I/am_proc_bound( 1466): [0,11486,com.android.music]
02-08 06:31:15.371 I/am_uid_idle( 1466): 10049
02-08 06:31:20.583 I/input_interaction( 1466): Interaction with: c5a9f8d com.android.settings/com.android.settings.Settings (server), edge-swipe (server), swipe-up (server), PointerEventDispatcher0 (server),
02-08 06:31:21.395 I/am_uid_idle( 1466): 10068
02-08 06:31:22.855 I/input_interaction( 1466): Interaction with: d04f3e2 PopupWindow:5544e42 (server), edge-swipe (server), swipe-up (server), PointerEventDispatcher0 (server),
02-08 06:31:42.083 I/input_interaction( 1466): Interaction with: 3783cde PopupWindow:784ea47 (server), edge-swipe (server), swipe-up (server), PointerEventDispatcher0 (server),
02-08 06:31:43.121 I/input_interaction( 1466): Interaction with: d04f3e2 PopupWindow:5544e42 (server), edge-swipe (server), swipe-up (server), PointerEventDispatcher0 (server),
02-08 06:31:49.280 I/input_interaction( 1466): Interaction with: c5a9f8d com.android.settings/com.android.settings.Settings (server), edge-swipe (server), swipe-up (server), PointerEventDispatcher0 (server),
02-08 06:31:49.442 I/sysui_multi_action( 7109): [757,538,758,2,1089,94667]
02-08 06:31:49.444 I/input_focus( 1466): [Focus request a3caed1 com.android.settings/com.android.settings.Settings,reason=UpdateInputWindows]
02-08 06:31:49.458 I/am_pss ( 1466): [11486,10083,com.android.music,7241728,4743168,0,90918912,0,19,7]
02-08 06:31:49.466 I/input_focus( 1466): [Focus entering a3caed1 com.android.settings/com.android.settings.Settings (server),reason=setFocusedWindow]
02-08 06:31:49.664 I/commit_sys_config_file( 1466): [settings-2-0,7]
02-08 06:32:09.558 I/am_pss ( 1466): [11486,10083,com.android.music,7241728,4743168,0,90918912,0,19,10]
02-08 06:32:20.923 I/liblog ( 1379): 44
02-08 06:32:36.536 I/input_interaction( 1466): Interaction with: a3caed1 com.android.settings/com.android.settings.Settings (server), edge-swipe (server), swipe-up (server), PointerEventDispatcher0 (server),
02-08 06:32:36.664 I/sysui_multi_action( 7109): [757,161,758,4]
02-08 06:32:36.666 I/sysui_multi_action( 7109): [757,830,758,4,833,0,854,bluetooth_screen_bt_pair_rename_devices,1089,0]
02-08 06:32:36.704 I/sysui_multi_action( 7109): [757,538,758,1,833,0,1089,36]
02-08 06:32:36.714 I/input_focus( 1466): [Focus request cd9ee84 com.android.settings/com.android.settings.Settings,reason=UpdateInputWindows]
02-08 06:32:36.732 I/input_focus( 1466): [Focus leaving a3caed1 com.android.settings/com.android.settings.Settings (server),reason=setFocusedWindow]
02-08 06:32:36.732 I/input_focus( 1466): [Focus entering cd9ee84 com.android.settings/com.android.settings.Settings (server),reason=setFocusedWindow]
02-08 06:32:38.311 I/input_interaction( 1466): Interaction with: 1a4f79e PopupWindow:5544e42 (server), edge-swipe (server), swipe-up (server), PointerEventDispatcher0 (server),
02-08 06:32:39.053 I/input_interaction( 1466): Interaction with: cd9ee84 com.android.settings/com.android.settings.Settings (server), edge-swipe (server), swipe-up (server), PointerEventDispatcher0 (server),
02-08 06:32:39.979 I/input_interaction( 1466): Interaction with: d8a4e68 PopupWindow:5544e42 (server), edge-swipe (server), swipe-up (server), PointerEventDispatcher0 (server),
02-08 06:32:41.323 I/service_manager_stats( 1466): [100,67,106476]
02-08 06:32:47.028 I/wm_task_moved( 1466): [1,0,0]
02-08 06:32:47.029 I/wm_task_moved( 1466): [1,0,5]
02-08 06:32:47.037 I/wm_on_restart_called( 2862): [163962840,com.android.launcher3.uioverrides.QuickstepLauncher,performRestartActivity]
02-08 06:32:47.052 I/am_uid_active( 1466): 10068
02-08 06:32:47.080 I/wm_on_start_called( 2862): [163962840,com.android.launcher3.uioverrides.QuickstepLauncher,handleStartActivity]
02-08 06:32:47.113 I/sysui_multi_action( 1466): [319,10,322,78,325,3379,757,761,758,9,759,5,806,com.android.launcher3,871,com.android.launcher3.uioverrides.QuickstepLauncher,905,0,1320,4,1321,1]
02-08 06:32:47.191 I/input_interaction( 1466): Interaction with: cd9ee84 com.android.settings/com.android.settings.Settings (server), edge-swipe (server), swipe-up (server), PointerEventDispatcher0 (server),
02-08 06:32:47.233 I/wm_task_moved( 1466): [1,0,5]
02-08 06:32:47.234 I/wm_add_to_stopping( 1466): [0,163962840,com.android.launcher3/.uioverrides.QuickstepLauncher,makeInvisible]
02-08 06:32:47.242 I/wm_stop_activity( 1466): [0,163962840,com.android.launcher3/.uioverrides.QuickstepLauncher]
02-08 06:32:47.251 I/wm_on_stop_called( 2862): [163962840,com.android.launcher3.uioverrides.QuickstepLauncher,STOP_ACTIVITY_ITEM]
02-08 06:32:47.279 I/commit_sys_config_file( 1466): [settings-1-0,3]
02-08 06:32:47.729 I/input_interaction( 1466): Interaction with: d8a4e68 PopupWindow:5544e42 (server), edge-swipe (server), swipe-up (server), PointerEventDispatcher0 (server),
02-08 06:32:47.833 I/wm_task_moved( 1466): [1,0,0]
02-08 06:32:47.834 I/wm_task_moved( 1466): [1,0,5]
02-08 06:32:47.840 I/wm_on_restart_called( 2862): [163962840,com.android.launcher3.uioverrides.QuickstepLauncher,performRestartActivity]
02-08 06:32:47.857 I/wm_on_start_called( 2862): [163962840,com.android.launcher3.uioverrides.QuickstepLauncher,handleStartActivity]
02-08 06:32:47.884 I/sysui_multi_action( 1466): [319,8,322,43,325,3379,757,761,758,9,759,5,806,com.android.launcher3,871,com.android.launcher3.uioverrides.QuickstepLauncher,905,0,1320,4,1321,1]
02-08 06:32:48.016 I/input_interaction( 1466): Interaction with: cd9ee84 com.android.settings/com.android.settings.Settings (server), edge-swipe (server), swipe-up (server), PointerEventDispatcher0 (server),
02-08 06:32:48.029 I/wm_task_moved( 1466): [1,0,5]
02-08 06:32:48.031 I/wm_add_to_stopping( 1466): [0,163962840,com.android.launcher3/.uioverrides.QuickstepLauncher,makeInvisible]
02-08 06:32:48.043 I/wm_stop_activity( 1466): [0,163962840,com.android.launcher3/.uioverrides.QuickstepLauncher]
02-08 06:32:48.057 I/wm_on_stop_called( 2862): [163962840,com.android.launcher3.uioverrides.QuickstepLauncher,STOP_ACTIVITY_ITEM]
02-08 06:32:48.063 I/commit_sys_config_file( 1466): [settings-1-0,9]
02-08 06:32:48.152 I/input_interaction( 1466): Interaction with: cd9ee84 com.android.settings/com.android.settings.Settings (server), d8a4e68 PopupWindow:5544e42 (server), edge-swipe (server), swipe-up (server), PointerEventDispatcher0 (server),
02-08 06:32:48.166 I/wm_task_moved( 1466): [1,0,0]
02-08 06:32:48.167 I/wm_task_moved( 1466): [1,0,5]
02-08 06:32:48.179 I/wm_on_restart_called( 2862): [163962840,com.android.launcher3.uioverrides.QuickstepLauncher,performRestartActivity]
02-08 06:32:48.205 I/wm_on_start_called( 2862): [163962840,com.android.launcher3.uioverrides.QuickstepLauncher,handleStartActivity]
02-08 06:32:48.220 I/input_interaction( 1466): Interaction with: d8a4e68 PopupWindow:5544e42 (server), edge-swipe (server), swipe-up (server), PointerEventDispatcher0 (server),
02-08 06:32:48.223 I/sysui_multi_action( 1466): [319,11,322,51,325,3380,757,761,758,9,759,5,806,com.android.launcher3,871,com.android.launcher3.uioverrides.QuickstepLauncher,905,0,1320,4,1321,1]
02-08 06:32:48.305 I/input_interaction( 1466): Interaction with: cd9ee84 com.android.settings/com.android.settings.Settings (server), edge-swipe (server), swipe-up (server), PointerEventDispatcher0 (server),
02-08 06:32:48.394 I/wm_task_moved( 1466): [1,0,5]
02-08 06:32:48.394 I/wm_add_to_stopping( 1466): [0,163962840,com.android.launcher3/.uioverrides.QuickstepLauncher,makeInvisible]
02-08 06:32:48.402 I/wm_stop_activity( 1466): [0,163962840,com.android.launcher3/.uioverrides.QuickstepLauncher]
02-08 06:32:48.408 I/commit_sys_config_file( 1466): [settings-1-0,5]
02-08 06:32:48.415 I/wm_on_stop_called( 2862): [163962840,com.android.launcher3.uioverrides.QuickstepLauncher,STOP_ACTIVITY_ITEM]
02-08 06:32:48.441 I/input_interaction( 1466): Interaction with: cd9ee84 com.android.settings/com.android.settings.Settings (server), d8a4e68 PopupWindow:5544e42 (server), edge-swipe (server), swipe-up (server), PointerEventDispatcher0 (server),
02-08 06:32:48.453 I/wm_task_moved( 1466): [1,0,0]
02-08 06:32:48.454 I/wm_task_moved( 1466): [1,0,5]
02-08 06:32:48.458 I/wm_on_restart_called( 2862): [163962840,com.android.launcher3.uioverrides.QuickstepLauncher,performRestartActivity]
02-08 06:32:48.475 I/wm_on_start_called( 2862): [163962840,com.android.launcher3.uioverrides.QuickstepLauncher,handleStartActivity]
02-08 06:32:48.496 I/sysui_multi_action( 1466): [319,9,322,36,325,3380,757,761,758,9,759,5,806,com.android.launcher3,871,com.android.launcher3.uioverrides.QuickstepLauncher,905,0,1320,4,1321,1]
02-08 06:32:48.535 I/input_interaction( 1466): Interaction with: d8a4e68 PopupWindow:5544e42 (server), edge-swipe (server), swipe-up (server), PointerEventDispatcher0 (server),
02-08 06:32:48.563 I/input_interaction( 1466): Interaction with: d8a4e68 PopupWindow:5544e42 (server), cd9ee84 com.android.settings/com.android.settings.Settings (server), edge-swipe (server), swipe-up (server), PointerEventDispatcher0 (server),
02-08 06:32:48.680 I/commit_sys_config_file( 1466): [settings-1-0,7]
02-08 06:32:48.790 I/sysui_latency( 1466): [8,45]
02-08 06:32:48.824 I/input_interaction( 1466): Interaction with: cd9ee84 com.android.settings/com.android.settings.Settings (server), edge-swipe (server), swipe-up (server), PointerEventDispatcher0 (server),
02-08 06:32:48.922 I/input_interaction( 1466): Interaction with: edge-swipe (server), swipe-up (server), PointerEventDispatcher0 (server),
02-08 06:32:48.930 I/input_focus( 1466): [Focus request a3caed1 com.android.settings/com.android.settings.Settings,reason=UpdateInputWindows]
02-08 06:32:48.941 I/sysui_multi_action( 7109): [757,538,758,2,1089,12237]
02-08 06:32:48.944 I/input_focus( 1466): [Focus entering a3caed1 com.android.settings/com.android.settings.Settings (server),reason=setFocusedWindow]
02-08 06:32:48.965 I/commit_sys_config_file( 1466): [settings-1-0,10]
02-08 06:32:49.279 I/input_interaction( 1466): Interaction with: a3caed1 com.android.settings/com.android.settings.Settings (server), 8682221 com.android.systemui.ImageWallpaper (server), edge-swipe (server), swipe-up (server), PointerEventDispatcher0 (server),
02-08 06:32:51.614 I/input_interaction( 1466): Interaction with: a3caed1 com.android.settings/com.android.settings.Settings (server), PointerEventDispatcher0 (server),
02-08 06:32:51.626 I/input_interaction( 1466): Interaction with: a3caed1 com.android.settings/com.android.settings.Settings (server), 8682221 com.android.systemui.ImageWallpaper (server), edge-swipe (server), swipe-up (server), PointerEventDispatcher0 (server),
02-08 06:32:54.530 I/am_freeze( 1466): [10870,com.android.deskclock]
02-08 06:32:54.532 I/am_kill ( 1466): [0,10870,com.android.deskclock,935,Unable to freeze binder interface]
02-08 06:32:54.553 I/am_proc_died( 1466): [0,10870,com.android.deskclock,935,19]
02-08 06:32:54.554 I/am_uid_stopped( 1466): 10065
02-08 06:32:54.559 I/am_uid_running( 1466): 10065
02-08 06:32:54.577 I/am_proc_start( 1466): [0,11664,10065,com.android.deskclock,NULL,]
02-08 06:32:54.608 I/am_proc_bound( 1466): [0,11664,com.android.deskclock]
02-08 06:32:59.064 I/service_manager_stats( 1466): [100,49,17740]
02-08 06:33:03.368 I/view_enqueue_input_event( 7109): [Motion - Cancel,com.android.settings/com.android.settings.Settings]
02-08 06:33:03.413 I/input_interaction( 1466): Interaction with: edge-swipe (server), swipe-up (server), PointerEventDispatcher0 (server),
02-08 06:33:03.414 I/sysui_latency( 2862): [1,5]
02-08 06:33:03.416 I/input_focus( 1466): [Focus request recents_animation_input_consumer,reason=UpdateInputWindows]
02-08 06:33:03.444 I/input_focus( 1466): [Focus leaving a3caed1 com.android.settings/com.android.settings.Settings (server),reason=NOT_FOCUSABLE]
02-08 06:33:03.444 I/input_focus( 1466): [Focus entering recents_animation_input_consumer (server),reason=setFocusedWindow]
02-08 06:33:03.616 I/commit_sys_config_file( 1466): [settings-1-0,7]
02-08 06:33:04.324 I/wm_task_moved( 1466): [1,1,6]
02-08 06:33:04.328 I/wm_focused_root_task( 1466): [0,0,1,18,RecentsAnimation.onAnimationFinished()]
02-08 06:33:04.328 I/wm_on_top_resumed_lost_called( 7109): [101732248,com.android.settings.Settings,topStateChangedWhenResumed]
02-08 06:33:04.332 I/wm_pause_activity( 1466): [0,101732248,com.android.settings/.Settings,userLeaving=false,pauseBackTasks]
02-08 06:33:04.337 I/wm_set_resumed_activity( 1466): [0,com.android.launcher3/.uioverrides.QuickstepLauncher,resumeTopActivityInnerLocked]
02-08 06:33:04.339 I/wm_resume_activity( 1466): [0,163962840,10,com.android.launcher3/.uioverrides.QuickstepLauncher]
02-08 06:33:04.340 I/wm_add_to_stopping( 1466): [0,101732248,com.android.settings/.Settings,makeInvisible]
02-08 06:33:04.340 I/wm_on_resume_called( 2862): [163962840,com.android.launcher3.uioverrides.QuickstepLauncher,RESUME_ACTIVITY]
02-08 06:33:04.347 I/input_focus( 1466): [Focus request 75d5c14 com.android.launcher3/com.android.launcher3.uioverrides.QuickstepLauncher,reason=UpdateInputWindows]
02-08 06:33:04.350 I/sysui_multi_action( 7109): [757,35,758,2,1089,169577]
02-08 06:33:04.351 I/sysui_multi_action( 7109): [757,1390,758,2,1089,169577]
02-08 06:33:04.351 I/wm_on_paused_called( 7109): [101732248,com.android.settings.Settings,performPause]
02-08 06:33:04.353 I/sysui_multi_action( 1466): [757,803,799,window_time_0,802,170]
02-08 06:33:04.354 I/wm_stop_activity( 1466): [0,101732248,com.android.settings/.Settings]
02-08 06:33:04.356 I/sysui_multi_action( 1466): [757,803,799,window_time_0,802,0]
02-08 06:33:04.363 I/input_focus( 1466): [Focus leaving recents_animation_input_consumer (server),reason=NOT_VISIBLE]
02-08 06:33:04.363 I/input_focus( 1466): [Focus entering 75d5c14 com.android.launcher3/com.android.launcher3.uioverrides.QuickstepLauncher (server),reason=setFocusedWindow]
02-08 06:33:04.373 I/wm_on_top_resumed_gained_called( 2862): [163962840,com.android.launcher3.uioverrides.QuickstepLauncher,topStateChangedWhenResumed]
02-08 06:33:04.378 I/wm_on_stop_called( 7109): [101732248,com.android.settings.Settings,STOP_ACTIVITY_ITEM]
02-08 06:33:04.573 I/commit_sys_config_file( 1466): [settings-1-0,4]
02-08 06:33:05.008 I/input_interaction( 1466): Interaction with: 75d5c14 com.android.launcher3/com.android.launcher3.uioverrides.QuickstepLauncher (server), 8682221 com.android.systemui.ImageWallpaper (server), edge-swipe (server), swipe-up (server), PointerEventDispatcher0 (server),
02-08 06:33:05.133 I/wm_task_moved( 1466): [1,1,6]
02-08 06:33:05.134 I/wm_set_resumed_activity( 1466): [0,com.android.launcher3/.uioverrides.QuickstepLauncher,positionChildAt]
02-08 06:33:05.135 I/wm_task_moved( 1466): [18,1,6]
02-08 06:33:05.136 I/wm_focused_root_task( 1466): [0,0,18,1,moveTaskToFront findTaskToMoveToFront]
02-08 06:33:05.137 I/wm_set_resumed_activity( 1466): [0,com.android.settings/.Settings,moveTaskToFront findTaskToMoveToFront]
02-08 06:33:05.138 I/wm_pause_activity( 1466): [0,163962840,com.android.launcher3/.uioverrides.QuickstepLauncher,userLeaving=true,pauseBackTasks]
02-08 06:33:05.148 I/wm_on_top_resumed_lost_called( 2862): [163962840,com.android.launcher3.uioverrides.QuickstepLauncher,topStateChangedWhenResumed]
02-08 06:33:05.153 I/wm_on_paused_called( 2862): [163962840,com.android.launcher3.uioverrides.QuickstepLauncher,performPause]
02-08 06:33:05.158 I/wm_set_resumed_activity( 1466): [0,com.android.settings/.Settings,resumeTopActivityInnerLocked]
02-08 06:33:05.158 I/wm_add_to_stopping( 1466): [0,163962840,com.android.launcher3/.uioverrides.QuickstepLauncher,makeInvisible]
02-08 06:33:05.159 I/wm_resume_activity( 1466): [0,101732248,18,com.android.settings/.Settings]
02-08 06:33:05.165 I/input_focus( 1466): [Focus leaving 75d5c14 com.android.launcher3/com.android.launcher3.uioverrides.QuickstepLauncher (server),reason=NO_WINDOW]
02-08 06:33:05.177 I/wm_on_restart_called( 7109): [101732248,com.android.settings.Settings,performRestartActivity]
02-08 06:33:05.179 I/sysui_multi_action( 1466): [757,803,799,window_time_0,802,1]
02-08 06:33:05.181 I/wm_on_start_called( 7109): [101732248,com.android.settings.Settings,handleStartActivity]
02-08 06:33:05.181 I/snet_event_log( 7109): [120484087,-1,]
02-08 06:33:05.182 I/wm_on_resume_called( 7109): [101732248,com.android.settings.Settings,RESUME_ACTIVITY]
02-08 06:33:05.182 I/sysui_multi_action( 7109): [757,35,758,1,833,0,1089,0]
02-08 06:33:05.183 I/sysui_multi_action( 7109): [757,1390,758,1,833,0,1089,0]
02-08 06:33:05.184 I/wm_on_top_resumed_gained_called( 7109): [101732248,com.android.settings.Settings,topWhenResuming]
02-08 06:33:05.191 I/input_focus( 1466): [Focus request a3caed1 com.android.settings/com.android.settings.Settings,reason=UpdateInputWindows]
02-08 06:33:05.209 I/sysui_multi_action( 1466): [319,31,321,28,322,66,325,3397,757,761,758,9,759,4,806,com.android.settings,871,com.android.settings.Settings,904,com.android.launcher3,905,0,1320,4,1321,1]
02-08 06:33:05.216 I/input_focus( 1466): [Focus entering a3caed1 com.android.settings/com.android.settings.Settings (server),reason=setFocusedWindow]
02-08 06:33:05.535 I/wm_stop_activity( 1466): [0,163962840,com.android.launcher3/.uioverrides.QuickstepLauncher]
02-08 06:33:05.566 I/wm_on_stop_called( 2862): [163962840,com.android.launcher3.uioverrides.QuickstepLauncher,STOP_ACTIVITY_ITEM]
02-08 06:33:06.349 I/input_interaction( 1466): Interaction with: a3caed1 com.android.settings/com.android.settings.Settings (server), edge-swipe (server), swipe-up (server), PointerEventDispatcher0 (server),
02-08 06:33:07.047 I/sysui_multi_action( 7109): [757,161,758,4]
02-08 06:33:07.051 I/sysui_multi_action( 7109): [757,830,758,4,833,0,854,bluetooth_screen_bt_pair_rename_devices,1089,0]
02-08 06:33:07.090 I/sysui_multi_action( 7109): [757,538,758,1,833,0,1089,33]
02-08 06:33:07.100 I/input_focus( 1466): [Focus request 73c0ebb com.android.settings/com.android.settings.Settings,reason=UpdateInputWindows]
02-08 06:33:07.123 I/input_focus( 1466): [Focus leaving a3caed1 com.android.settings/com.android.settings.Settings (server),reason=setFocusedWindow]
02-08 06:33:07.123 I/input_focus( 1466): [Focus entering 73c0ebb com.android.settings/com.android.settings.Settings (server),reason=setFocusedWindow]
02-08 06:33:08.921 I/input_interaction( 1466): Interaction with: 8271bdd PopupWindow:5544e42 (server), edge-swipe (server), swipe-up (server), PointerEventDispatcher0 (server),
02-08 06:33:14.650 I/input_interaction( 1466): Interaction with: 73c0ebb com.android.settings/com.android.settings.Settings (server), edge-swipe (server), swipe-up (server), PointerEventDispatcher0 (server),
02-08 06:33:15.576 I/input_interaction( 1466): Interaction with: 73dec14 PopupWindow:5544e42 (server), edge-swipe (server), swipe-up (server), PointerEventDispatcher0 (server),
02-08 06:33:19.439 I/am_freeze( 1466): [10942,com.android.calendar]
02-08 06:33:19.441 I/am_kill ( 1466): [0,10942,com.android.calendar,935,Unable to freeze binder interface]
02-08 06:33:19.468 I/am_proc_died( 1466): [0,10942,com.android.calendar,935,19]
02-08 06:33:19.468 I/am_uid_stopped( 1466): 10064
02-08 06:33:19.473 I/am_uid_running( 1466): 10064
02-08 06:33:19.479 I/am_pss ( 1466): [11664,10065,com.android.deskclock,8881152,5996544,0,95875072,0,19,7]
02-08 06:33:19.491 I/am_proc_start( 1466): [0,11763,10064,com.android.calendar,NULL,]
02-08 06:33:19.523 I/am_proc_bound( 1466): [0,11763,com.android.calendar]
02-08 06:33:20.930 I/input_interaction( 1466): Interaction with: 73dec14 PopupWindow:5544e42 (server), PointerEventDispatcher0 (server),
02-08 06:33:20.942 I/input_interaction( 1466): Interaction with: 73dec14 PopupWindow:5544e42 (server), edge-swipe (server), swipe-up (server), PointerEventDispatcher0 (server),
02-08 06:33:21.437 I/service_manager_stats( 1466): [100,60,22374]
02-08 06:33:22.000 I/input_interaction( 1466): Interaction with: 73dec14 PopupWindow:5544e42 (server), PointerEventDispatcher0 (server),
02-08 06:33:22.013 I/input_interaction( 1466): Interaction with: 73dec14 PopupWindow:5544e42 (server), edge-swipe (server), swipe-up (server), PointerEventDispatcher0 (server),
