02-08 06:01:04.228 I/sysui_multi_action( 1466): [319,24,321,22,322,264,325,1475,757,761,758,8,759,1,806,com.android.settings,871,com.android.settings.Settings,904,com.android.launcher3,905,0,1320,4,1321,1]
02-08 06:01:04.228 I/wm_activity_launch_time( 1466): [0,101732248,com.android.settings/.Settings,264]
02-08 06:01:04.231 I/input_focus( 1466): [Focus entering a3caed1 com.android.settings/com.android.settings.Settings (server),reason=Window became focusable. Previous reason: NOT_VISIBLE]
02-08 06:01:04.249 W/CarrierConfigManager( 7109): Error getting config for subId -1 ICarrierConfigLoader is null
02-08 06:01:04.274 I/sysui_multi_action( 7109): [757,746,758,1,833,0,1089,33]
02-08 06:01:04.274 D/TelephonyRegistry( 1466): listen oscl: mHasNotifySubscriptionInfoChangedOccurred==false no callback
02-08 06:01:04.277 D/TelephonyRegistry( 1466): listen oscl: mHasNotifySubscriptionInfoChangedOccurred==false no callback
02-08 06:01:04.283 I/sysui_multi_action( 7109): [757,1729,758,4,854,isParalleledControllers:false,1089,43]
02-08 06:01:04.514 I/wm_stop_activity( 1466): [0,163962840,com.android.launcher3/.uioverrides.QuickstepLauncher]
02-08 06:01:04.532 I/wm_on_stop_called( 2862): [163962840,com.android.launcher3.uioverrides.QuickstepLauncher,STOP_ACTIVITY_ITEM]
02-08 06:01:04.878 I/input_interaction( 1466): Interaction with: a3caed1 com.android.settings/com.android.settings.Settings (server), edge-swipe (server), swipe-up (server), PointerEventDispatcher0 (server),
02-08 06:01:05.873 I/sysui_multi_action( 7109): [757,830,758,4,833,0,854,top_level_about_device,1089,0]
02-08 06:01:06.002 I/sysui_multi_action( 7109): [757,746,758,2,1089,1728]
02-08 06:01:06.065 I/sysui_multi_action( 7109): [757,40,758,1,833,0,1089,37]
02-08 06:01:06.066 W/FeatureConnector( 7109): [ImsConnector, 0] connect: not supported.
02-08 06:01:06.067 I/sysui_multi_action( 7109): [757,1729,758,4,854,isParalleledControllers:false,1089,39]
02-08 06:01:53.791 I/am_uid_idle( 1466): 10049
02-08 06:01:54.576 I/storage_state( 1466): [41217664-9172-527a-b3d5-edabb50a7d69,0,0,116416647168,118610538496]
02-08 06:01:58.861 I/sysui_multi_action( 1466): [757,1696,758,6,759,2]
02-08 06:01:58.864 I/am_wtf ( 1466): [0,1466,system_server,-1,DisplayDeviceConfig,requesting nits when no mapping exists.]
02-08 06:01:58.867 I/am_wtf ( 1466): [0,1466,system_server,-1,DisplayDeviceConfig,requesting nits when no mapping exists.]
02-08 06:01:58.878 I/am_wtf ( 1466): [0,1466,system_server,-1,DisplayDeviceConfig,requesting nits when no mapping exists.]
02-08 06:01:58.880 I/am_wtf ( 1466): [0,1466,system_server,-1,DisplayDeviceConfig,requesting nits when no mapping exists.]
02-08 06:01:58.895 I/am_wtf ( 1466): [0,1466,system_server,-1,DisplayDeviceConfig,requesting nits when no mapping exists.]
02-08 06:01:58.898 I/am_wtf ( 1466): [0,1466,system_server,-1,DisplayDeviceConfig,requesting nits when no mapping exists.]
02-08 06:01:58.912 I/am_wtf ( 1466): [0,1466,system_server,-1,DisplayDeviceConfig,requesting nits when no mapping exists.]
02-08 06:01:58.913 I/am_wtf ( 1466): [0,1466,system_server,-1,DisplayDeviceConfig,requesting nits when no mapping exists.]
02-08 06:01:58.929 I/am_wtf ( 1466): [0,1466,system_server,-1,DisplayDeviceConfig,requesting nits when no mapping exists.]
02-08 06:01:58.930 I/am_wtf ( 1466): [0,1466,system_server,-1,DisplayDeviceConfig,requesting nits when no mapping exists.]
02-08 06:01:58.945 I/am_wtf ( 1466): [0,1466,system_server,-1,DisplayDeviceConfig,requesting nits when no mapping exists.]
02-08 06:01:58.946 I/am_wtf ( 1466): [0,1466,system_server,-1,DisplayDeviceConfig,requesting nits when no mapping exists.]
02-08 06:01:58.962 I/am_wtf ( 1466): [0,1466,system_server,-1,DisplayDeviceConfig,requesting nits when no mapping exists.]
02-08 06:01:58.963 I/am_wtf ( 1466): [0,1466,system_server,-1,DisplayDeviceConfig,requesting nits when no mapping exists.]
02-08 06:01:58.979 I/am_wtf ( 1466): [0,1466,system_server,-1,DisplayDeviceConfig,requesting nits when no mapping exists.]
02-08 06:01:58.980 I/am_wtf ( 1466): [0,1466,system_server,-1,DisplayDeviceConfig,requesting nits when no mapping exists.]
02-08 06:01:58.996 I/am_wtf ( 1466): [0,1466,system_server,-1,DisplayDeviceConfig,requesting nits when no mapping exists.]
02-08 06:01:58.997 I/am_wtf ( 1466): [0,1466,system_server,-1,DisplayDeviceConfig,requesting nits when no mapping exists.]
02-08 06:01:59.013 I/am_wtf ( 1466): [0,1466,system_server,-1,DisplayDeviceConfig,requesting nits when no mapping exists.]
02-08 06:01:59.014 I/am_wtf ( 1466): [0,1466,system_server,-1,DisplayDeviceConfig,requesting nits when no mapping exists.]
02-08 06:01:59.029 I/am_wtf ( 1466): [0,1466,system_server,-1,DisplayDeviceConfig,requesting nits when no mapping exists.]
02-08 06:01:59.030 I/am_wtf ( 1466): [0,1466,system_server,-1,DisplayDeviceConfig,requesting nits when no mapping exists.]
02-08 06:01:59.046 I/am_wtf ( 1466): [0,1466,system_server,-1,DisplayDeviceConfig,requesting nits when no mapping exists.]
02-08 06:01:59.047 I/am_wtf ( 1466): [0,1466,system_server,-1,DisplayDeviceConfig,requesting nits when no mapping exists.]
02-08 06:01:59.062 I/am_wtf ( 1466): [0,1466,system_server,-1,DisplayDeviceConfig,requesting nits when no mapping exists.]
02-08 06:01:59.063 I/am_wtf ( 1466): [0,1466,system_server,-1,DisplayDeviceConfig,requesting nits when no mapping exists.]
02-08 06:01:59.079 I/am_wtf ( 1466): [0,1466,system_server,-1,DisplayDeviceConfig,requesting nits when no mapping exists.]
02-08 06:01:59.080 I/am_wtf ( 1466): [0,1466,system_server,-1,DisplayDeviceConfig,requesting nits when no mapping exists.]
02-08 06:01:59.096 I/am_wtf ( 1466): [0,1466,system_server,-1,DisplayDeviceConfig,requesting nits when no mapping exists.]
02-08 06:01:59.096 I/am_wtf ( 1466): [0,1466,system_server,-1,DisplayDeviceConfig,requesting nits when no mapping exists.]
02-08 06:01:59.112 I/am_wtf ( 1466): [0,1466,system_server,-1,DisplayDeviceConfig,requesting nits when no mapping exists.]
02-08 06:01:59.113 I/am_wtf ( 1466): [0,1466,system_server,-1,DisplayDeviceConfig,requesting nits when no mapping exists.]
02-08 06:01:59.129 I/am_wtf ( 1466): [0,1466,system_server,-1,DisplayDeviceConfig,requesting nits when no mapping exists.]
02-08 06:01:59.130 I/am_wtf ( 1466): [0,1466,system_server,-1,DisplayDeviceConfig,requesting nits when no mapping exists.]
02-08 06:01:59.145 I/am_wtf ( 1466): [0,1466,system_server,-1,DisplayDeviceConfig,requesting nits when no mapping exists.]
02-08 06:01:59.146 I/am_wtf ( 1466): [0,1466,system_server,-1,DisplayDeviceConfig,requesting nits when no mapping exists.]
02-08 06:01:59.162 I/am_wtf ( 1466): [0,1466,system_server,-1,DisplayDeviceConfig,requesting nits when no mapping exists.]
02-08 06:01:59.163 I/am_wtf ( 1466): [0,1466,system_server,-1,DisplayDeviceConfig,requesting nits when no mapping exists.]
02-08 06:01:59.179 I/am_wtf ( 1466): [0,1466,system_server,-1,DisplayDeviceConfig,requesting nits when no mapping exists.]
02-08 06:01:59.180 I/am_wtf ( 1466): [0,1466,system_server,-1,DisplayDeviceConfig,requesting nits when no mapping exists.]
02-08 06:01:59.196 I/am_wtf ( 1466): [0,1466,system_server,-1,DisplayDeviceConfig,requesting nits when no mapping exists.]
02-08 06:01:59.197 I/am_wtf ( 1466): [0,1466,system_server,-1,DisplayDeviceConfig,requesting nits when no mapping exists.]
02-08 06:01:59.212 I/am_wtf ( 1466): [0,1466,system_server,-1,DisplayDeviceConfig,requesting nits when no mapping exists.]
02-08 06:01:59.213 I/am_wtf ( 1466): [0,1466,system_server,-1,DisplayDeviceConfig,requesting nits when no mapping exists.]
02-08 06:01:59.229 I/am_wtf ( 1466): [0,1466,system_server,-1,DisplayDeviceConfig,requesting nits when no mapping exists.]
02-08 06:01:59.230 I/am_wtf ( 1466): [0,1466,system_server,-1,DisplayDeviceConfig,requesting nits when no mapping exists.]
02-08 06:01:59.246 I/am_wtf ( 1466): [0,1466,system_server,-1,DisplayDeviceConfig,requesting nits when no mapping exists.]
02-08 06:01:59.247 I/am_wtf ( 1466): [0,1466,system_server,-1,DisplayDeviceConfig,requesting nits when no mapping exists.]
02-08 06:01:59.263 I/am_wtf ( 1466): [0,1466,system_server,-1,DisplayDeviceConfig,requesting nits when no mapping exists.]
02-08 06:01:59.264 I/am_wtf ( 1466): [0,1466,system_server,-1,DisplayDeviceConfig,requesting nits when no mapping exists.]
02-08 06:01:59.279 I/am_wtf ( 1466): [0,1466,system_server,-1,DisplayDeviceConfig,requesting nits when no mapping exists.]
02-08 06:01:59.279 I/am_wtf ( 1466): [0,1466,system_server,-1,DisplayDeviceConfig,requesting nits when no mapping exists.]
02-08 06:01:59.296 I/am_wtf ( 1466): [0,1466,system_server,-1,DisplayDeviceConfig,requesting nits when no mapping exists.]
02-08 06:01:59.297 I/am_wtf ( 1466): [0,1466,system_server,-1,DisplayDeviceConfig,requesting nits when no mapping exists.]
02-08 06:01:59.312 I/am_wtf ( 1466): [0,1466,system_server,-1,DisplayDeviceConfig,requesting nits when no mapping exists.]
02-08 06:01:59.313 I/am_wtf ( 1466): [0,1466,system_server,-1,DisplayDeviceConfig,requesting nits when no mapping exists.]
02-08 06:01:59.329 I/am_wtf ( 1466): [0,1466,system_server,-1,DisplayDeviceConfig,requesting nits when no mapping exists.]
02-08 06:01:59.331 I/am_wtf ( 1466): [0,1466,system_server,-1,DisplayDeviceConfig,requesting nits when no mapping exists.]
02-08 06:01:59.346 I/am_wtf ( 1466): [0,1466,system_server,-1,DisplayDeviceConfig,requesting nits when no mapping exists.]
02-08 06:01:59.347 I/am_wtf ( 1466): [0,1466,system_server,-1,DisplayDeviceConfig,requesting nits when no mapping exists.]
02-08 06:01:59.363 I/am_wtf ( 1466): [0,1466,system_server,-1,DisplayDeviceConfig,requesting nits when no mapping exists.]
02-08 06:01:59.364 I/am_wtf ( 1466): [0,1466,system_server,-1,DisplayDeviceConfig,requesting nits when no mapping exists.]
02-08 06:01:59.380 I/am_wtf ( 1466): [0,1466,system_server,-1,DisplayDeviceConfig,requesting nits when no mapping exists.]
02-08 06:01:59.381 I/am_wtf ( 1466): [0,1466,system_server,-1,DisplayDeviceConfig,requesting nits when no mapping exists.]
02-08 06:01:59.396 I/am_wtf ( 1466): [0,1466,system_server,-1,DisplayDeviceConfig,requesting nits when no mapping exists.]
02-08 06:01:59.397 I/service_manager_stats( 1466): [100,43,58637]
02-08 06:01:59.397 I/am_wtf ( 1466): [0,1466,system_server,-1,DisplayDeviceConfig,requesting nits when no mapping exists.]
02-08 06:01:59.413 I/am_wtf ( 1466): [0,1466,system_server,-1,DisplayDeviceConfig,requesting nits when no mapping exists.]
02-08 06:01:59.414 I/am_wtf ( 1466): [0,1466,system_server,-1,DisplayDeviceConfig,requesting nits when no mapping exists.]
02-08 06:01:59.430 I/am_wtf ( 1466): [0,1466,system_server,-1,DisplayDeviceConfig,requesting nits when no mapping exists.]
02-08 06:01:59.431 I/am_wtf ( 1466): [0,1466,system_server,-1,DisplayDeviceConfig,requesting nits when no mapping exists.]
02-08 06:01:59.447 I/am_wtf ( 1466): [0,1466,system_server,-1,DisplayDeviceConfig,requesting nits when no mapping exists.]
02-08 06:01:59.448 I/am_wtf ( 1466): [0,1466,system_server,-1,DisplayDeviceConfig,requesting nits when no mapping exists.]
02-08 06:01:59.463 I/am_wtf ( 1466): [0,1466,system_server,-1,DisplayDeviceConfig,requesting nits when no mapping exists.]
02-08 06:01:59.464 I/am_wtf ( 1466): [0,1466,system_server,-1,DisplayDeviceConfig,requesting nits when no mapping exists.]
02-08 06:01:59.480 I/am_wtf ( 1466): [0,1466,system_server,-1,DisplayDeviceConfig,requesting nits when no mapping exists.]
02-08 06:01:59.481 I/am_wtf ( 1466): [0,1466,system_server,-1,DisplayDeviceConfig,requesting nits when no mapping exists.]
02-08 06:01:59.497 I/am_wtf ( 1466): [0,1466,system_server,-1,DisplayDeviceConfig,requesting nits when no mapping exists.]
02-08 06:01:59.498 I/am_wtf ( 1466): [0,1466,system_server,-1,DisplayDeviceConfig,requesting nits when no mapping exists.]
02-08 06:01:59.514 I/am_wtf ( 1466): [0,1466,system_server,-1,DisplayDeviceConfig,requesting nits when no mapping exists.]
02-08 06:01:59.514 I/am_wtf ( 1466): [0,1466,system_server,-1,DisplayDeviceConfig,requesting nits when no mapping exists.]
02-08 06:01:59.530 I/am_wtf ( 1466): [0,1466,system_server,-1,DisplayDeviceConfig,requesting nits when no mapping exists.]
02-08 06:01:59.531 I/am_wtf ( 1466): [0,1466,system_server,-1,DisplayDeviceConfig,requesting nits when no mapping exists.]
02-08 06:01:59.547 I/am_wtf ( 1466): [0,1466,system_server,-1,DisplayDeviceConfig,requesting nits when no mapping exists.]
02-08 06:01:59.548 I/am_wtf ( 1466): [0,1466,system_server,-1,DisplayDeviceConfig,requesting nits when no mapping exists.]
02-08 06:01:59.563 I/am_wtf ( 1466): [0,1466,system_server,-1,DisplayDeviceConfig,requesting nits when no mapping exists.]
02-08 06:01:59.564 I/am_wtf ( 1466): [0,1466,system_server,-1,DisplayDeviceConfig,requesting nits when no mapping exists.]
02-08 06:01:59.580 I/am_wtf ( 1466): [0,1466,system_server,-1,DisplayDeviceConfig,requesting nits when no mapping exists.]
02-08 06:01:59.581 I/am_wtf ( 1466): [0,1466,system_server,-1,DisplayDeviceConfig,requesting nits when no mapping exists.]
02-08 06:01:59.597 I/am_wtf ( 1466): [0,1466,system_server,-1,DisplayDeviceConfig,requesting nits when no mapping exists.]
02-08 06:01:59.598 I/am_wtf ( 1466): [0,1466,system_server,-1,DisplayDeviceConfig,requesting nits when no mapping exists.]
02-08 06:01:59.613 I/am_wtf ( 1466): [0,1466,system_server,-1,DisplayDeviceConfig,requesting nits when no mapping exists.]
02-08 06:01:59.614 I/am_wtf ( 1466): [0,1466,system_server,-1,DisplayDeviceConfig,requesting nits when no mapping exists.]
02-08 06:01:59.630 I/am_wtf ( 1466): [0,1466,system_server,-1,DisplayDeviceConfig,requesting nits when no mapping exists.]
02-08 06:01:59.631 I/am_wtf ( 1466): [0,1466,system_server,-1,DisplayDeviceConfig,requesting nits when no mapping exists.]
02-08 06:01:59.647 I/am_wtf ( 1466): [0,1466,system_server,-1,DisplayDeviceConfig,requesting nits when no mapping exists.]
02-08 06:01:59.648 I/am_wtf ( 1466): [0,1466,system_server,-1,DisplayDeviceConfig,requesting nits when no mapping exists.]
02-08 06:01:59.664 I/am_wtf ( 1466): [0,1466,system_server,-1,DisplayDeviceConfig,requesting nits when no mapping exists.]
02-08 06:01:59.665 I/am_wtf ( 1466): [0,1466,system_server,-1,DisplayDeviceConfig,requesting nits when no mapping exists.]
02-08 06:01:59.681 I/am_wtf ( 1466): [0,1466,system_server,-1,DisplayDeviceConfig,requesting nits when no mapping exists.]
02-08 06:01:59.682 I/am_wtf ( 1466): [0,1466,system_server,-1,DisplayDeviceConfig,requesting nits when no mapping exists.]
02-08 06:01:59.697 I/am_wtf ( 1466): [0,1466,system_server,-1,DisplayDeviceConfig,requesting nits when no mapping exists.]
02-08 06:01:59.697 I/am_wtf ( 1466): [0,1466,system_server,-1,DisplayDeviceConfig,requesting nits when no mapping exists.]
02-08 06:01:59.714 I/am_wtf ( 1466): [0,1466,system_server,-1,DisplayDeviceConfig,requesting nits when no mapping exists.]
02-08 06:01:59.716 I/am_wtf ( 1466): [0,1466,system_server,-1,DisplayDeviceConfig,requesting nits when no mapping exists.]
02-08 06:01:59.730 I/am_wtf ( 1466): [0,1466,system_server,-1,DisplayDeviceConfig,requesting nits when no mapping exists.]
02-08 06:01:59.731 I/am_wtf ( 1466): [0,1466,system_server,-1,DisplayDeviceConfig,requesting nits when no mapping exists.]
02-08 06:01:59.747 I/am_wtf ( 1466): [0,1466,system_server,-1,DisplayDeviceConfig,requesting nits when no mapping exists.]
02-08 06:01:59.748 I/am_wtf ( 1466): [0,1466,system_server,-1,DisplayDeviceConfig,requesting nits when no mapping exists.]
02-08 06:01:59.764 I/am_wtf ( 1466): [0,1466,system_server,-1,DisplayDeviceConfig,requesting nits when no mapping exists.]
02-08 06:01:59.765 I/am_wtf ( 1466): [0,1466,system_server,-1,DisplayDeviceConfig,requesting nits when no mapping exists.]
02-08 06:01:59.781 I/am_wtf ( 1466): [0,1466,system_server,-1,DisplayDeviceConfig,requesting nits when no mapping exists.]
02-08 06:01:59.781 I/am_wtf ( 1466): [0,1466,system_server,-1,DisplayDeviceConfig,requesting nits when no mapping exists.]
02-08 06:01:59.797 I/am_wtf ( 1466): [0,1466,system_server,-1,DisplayDeviceConfig,requesting nits when no mapping exists.]
02-08 06:01:59.798 I/am_wtf ( 1466): [0,1466,system_server,-1,DisplayDeviceConfig,requesting nits when no mapping exists.]
02-08 06:01:59.814 I/am_wtf ( 1466): [0,1466,system_server,-1,DisplayDeviceConfig,requesting nits when no mapping exists.]
02-08 06:01:59.815 I/am_wtf ( 1466): [0,1466,system_server,-1,DisplayDeviceConfig,requesting nits when no mapping exists.]
02-08 06:02:05.865 I/sysui_multi_action( 1466): [757,222,758,1]
02-08 06:02:05.867 I/am_uid_active( 1466): 10049
02-08 06:02:05.885 I/wm_task_created( 1466): [19,-1]
02-08 06:02:05.886 I/am_pss ( 1466): [7109,1000,com.android.settings,164563968,150638592,0,311472128,0,2,15]
02-08 06:02:05.890 I/wm_task_moved( 1466): [19,1,7]
02-08 06:02:05.890 I/wm_task_to_front( 1466): [0,19]
02-08 06:02:05.890 I/wm_create_task( 1466): [0,19]
02-08 06:02:05.890 I/wm_create_activity( 1466): [0,146075666,19,com.thundercomm.screensaver/android.service.dreams.DreamActivity,NULL,NULL,NULL,276824064]
02-08 06:02:05.890 I/wm_task_moved( 1466): [19,1,7]
02-08 06:02:05.890 I/wm_on_top_resumed_lost_called( 7109): [101732248,com.android.settings.Settings,topStateChangedWhenResumed]
02-08 06:02:05.891 I/wm_pause_activity( 1466): [0,101732248,com.android.settings/.Settings,userLeaving=true,pauseBackTasks]
02-08 06:02:05.893 I/am_pss ( 1466): [7107,10083,com.android.music,6719488,4734976,0,90976256,0,19,5]
02-08 06:02:05.894 I/sysui_multi_action( 7109): [757,35,758,2,1089,61755]
02-08 06:02:05.895 I/sysui_multi_action( 7109): [757,40,758,2,1089,59830]
02-08 06:02:05.895 I/wm_on_paused_called( 7109): [101732248,com.android.settings.Settings,performPause]
02-08 06:02:05.896 I/wm_add_to_stopping( 1466): [0,101732248,com.android.settings/.Settings,makeInvisible]
02-08 06:02:05.897 I/wm_restart_activity( 1466): [0,146075666,19,com.thundercomm.screensaver/android.service.dreams.DreamActivity]
02-08 06:02:05.897 I/wm_set_resumed_activity( 1466): [0,com.thundercomm.screensaver/android.service.dreams.DreamActivity,minimalResumeActivityLocked]
02-08 06:02:05.899 I/sysui_multi_action( 1466): [757,803,799,window_time_0,802,62]
02-08 06:02:05.900 I/wm_on_create_called( 6616): [146075666,android.service.dreams.DreamActivity,performCreate]
02-08 06:02:05.900 I/wm_on_start_called( 6616): [146075666,android.service.dreams.DreamActivity,handleStartActivity]
02-08 06:02:05.901 I/wm_on_resume_called( 6616): [146075666,android.service.dreams.DreamActivity,RESUME_ACTIVITY]
02-08 06:02:05.905 I/wm_on_top_resumed_gained_called( 6616): [146075666,android.service.dreams.DreamActivity,topStateChangedWhenResumed]
02-08 06:02:05.920 I/input_focus( 1466): [Focus request 9edfb5e com.thundercomm.screensaver/android.service.dreams.DreamActivity,reason=UpdateInputWindows]
02-08 06:02:05.931 I/input_focus( 1466): [Focus leaving a3caed1 com.android.settings/com.android.settings.Settings (server),reason=NO_WINDOW]
02-08 06:02:05.931 I/sysui_multi_action( 1466): [319,51,322,47,325,1537,757,761,758,8,759,2,806,com.thundercomm.screensaver,871,android.service.dreams.DreamActivity,904,com.thundercomm.screensaver,905,0,1320,4,1321,2]
02-08 06:02:05.931 I/wm_activity_launch_time( 1466): [0,146075666,com.thundercomm.screensaver/android.service.dreams.DreamActivity,47]
02-08 06:02:05.932 I/sysui_multi_action( 1466): [757,1696,758,6,759,3]
02-08 06:02:05.945 I/am_wtf ( 1466): [0,1466,system_server,-1,DisplayDeviceConfig,requesting nits when no mapping exists.]
02-08 06:02:05.945 I/am_wtf ( 1466): [0,1466,system_server,-1,DisplayDeviceConfig,requesting nits when no mapping exists.]
02-08 06:02:05.945 I/input_focus( 1466): [Focus entering 9edfb5e com.thundercomm.screensaver/android.service.dreams.DreamActivity (server),reason=Window became focusable. Previous reason: NOT_VISIBLE]
02-08 06:02:05.961 I/am_wtf ( 1466): [0,1466,system_server,-1,DisplayDeviceConfig,requesting nits when no mapping exists.]
02-08 06:02:05.962 I/am_wtf ( 1466): [0,1466,system_server,-1,DisplayDeviceConfig,requesting nits when no mapping exists.]
02-08 06:02:05.977 I/am_wtf ( 1466): [0,1466,system_server,-1,DisplayDeviceConfig,requesting nits when no mapping exists.]
02-08 06:02:05.978 I/am_wtf ( 1466): [0,1466,system_server,-1,DisplayDeviceConfig,requesting nits when no mapping exists.]
02-08 06:02:05.994 I/am_wtf ( 1466): [0,1466,system_server,-1,DisplayDeviceConfig,requesting nits when no mapping exists.]
02-08 06:02:05.995 I/am_wtf ( 1466): [0,1466,system_server,-1,DisplayDeviceConfig,requesting nits when no mapping exists.]
02-08 06:02:06.011 I/am_wtf ( 1466): [0,1466,system_server,-1,DisplayDeviceConfig,requesting nits when no mapping exists.]
02-08 06:02:06.011 I/am_wtf ( 1466): [0,1466,system_server,-1,DisplayDeviceConfig,requesting nits when no mapping exists.]
02-08 06:02:06.028 I/am_wtf ( 1466): [0,1466,system_server,-1,DisplayDeviceConfig,requesting nits when no mapping exists.]
02-08 06:02:06.028 I/am_wtf ( 1466): [0,1466,system_server,-1,DisplayDeviceConfig,requesting nits when no mapping exists.]
02-08 06:02:06.044 I/am_wtf ( 1466): [0,1466,system_server,-1,DisplayDeviceConfig,requesting nits when no mapping exists.]
02-08 06:02:06.045 I/am_wtf ( 1466): [0,1466,system_server,-1,DisplayDeviceConfig,requesting nits when no mapping exists.]
02-08 06:02:06.061 I/am_wtf ( 1466): [0,1466,system_server,-1,DisplayDeviceConfig,requesting nits when no mapping exists.]
02-08 06:02:06.062 I/am_wtf ( 1466): [0,1466,system_server,-1,DisplayDeviceConfig,requesting nits when no mapping exists.]
02-08 06:02:06.078 I/am_wtf ( 1466): [0,1466,system_server,-1,DisplayDeviceConfig,requesting nits when no mapping exists.]
02-08 06:02:06.079 I/am_wtf ( 1466): [0,1466,system_server,-1,DisplayDeviceConfig,requesting nits when no mapping exists.]
02-08 06:02:06.095 I/am_wtf ( 1466): [0,1466,system_server,-1,DisplayDeviceConfig,requesting nits when no mapping exists.]
02-08 06:02:06.095 I/am_wtf ( 1466): [0,1466,system_server,-1,DisplayDeviceConfig,requesting nits when no mapping exists.]
02-08 06:02:06.112 I/am_wtf ( 1466): [0,1466,system_server,-1,DisplayDeviceConfig,requesting nits when no mapping exists.]
02-08 06:02:06.112 I/am_wtf ( 1466): [0,1466,system_server,-1,DisplayDeviceConfig,requesting nits when no mapping exists.]
02-08 06:02:06.128 I/am_wtf ( 1466): [0,1466,system_server,-1,DisplayDeviceConfig,requesting nits when no mapping exists.]
02-08 06:02:06.128 I/am_wtf ( 1466): [0,1466,system_server,-1,DisplayDeviceConfig,requesting nits when no mapping exists.]
02-08 06:02:06.145 I/am_wtf ( 1466): [0,1466,system_server,-1,DisplayDeviceConfig,requesting nits when no mapping exists.]
02-08 06:02:06.146 I/am_wtf ( 1466): [0,1466,system_server,-1,DisplayDeviceConfig,requesting nits when no mapping exists.]
02-08 06:02:06.161 I/am_wtf ( 1466): [0,1466,system_server,-1,DisplayDeviceConfig,requesting nits when no mapping exists.]
02-08 06:02:06.162 I/am_wtf ( 1466): [0,1466,system_server,-1,DisplayDeviceConfig,requesting nits when no mapping exists.]
02-08 06:02:06.179 I/am_wtf ( 1466): [0,1466,system_server,-1,DisplayDeviceConfig,requesting nits when no mapping exists.]
02-08 06:02:06.179 I/am_wtf ( 1466): [0,1466,system_server,-1,DisplayDeviceConfig,requesting nits when no mapping exists.]
02-08 06:02:06.195 I/am_wtf ( 1466): [0,1466,system_server,-1,DisplayDeviceConfig,requesting nits when no mapping exists.]
02-08 06:02:06.195 I/am_wtf ( 1466): [0,1466,system_server,-1,DisplayDeviceConfig,requesting nits when no mapping exists.]
02-08 06:02:06.211 I/am_wtf ( 1466): [0,1466,system_server,-1,DisplayDeviceConfig,requesting nits when no mapping exists.]
02-08 06:02:06.212 I/am_wtf ( 1466): [0,1466,system_server,-1,DisplayDeviceConfig,requesting nits when no mapping exists.]
02-08 06:02:06.229 I/am_wtf ( 1466): [0,1466,system_server,-1,DisplayDeviceConfig,requesting nits when no mapping exists.]
02-08 06:02:06.229 I/am_wtf ( 1466): [0,1466,system_server,-1,DisplayDeviceConfig,requesting nits when no mapping exists.]
02-08 06:02:06.245 I/am_wtf ( 1466): [0,1466,system_server,-1,DisplayDeviceConfig,requesting nits when no mapping exists.]
02-08 06:02:06.246 I/am_wtf ( 1466): [0,1466,system_server,-1,DisplayDeviceConfig,requesting nits when no mapping exists.]
02-08 06:02:06.262 I/am_wtf ( 1466): [0,1466,system_server,-1,DisplayDeviceConfig,requesting nits when no mapping exists.]
02-08 06:02:06.262 I/am_wtf ( 1466): [0,1466,system_server,-1,DisplayDeviceConfig,requesting nits when no mapping exists.]
02-08 06:02:06.279 I/am_wtf ( 1466): [0,1466,system_server,-1,DisplayDeviceConfig,requesting nits when no mapping exists.]
02-08 06:02:06.279 I/am_wtf ( 1466): [0,1466,system_server,-1,DisplayDeviceConfig,requesting nits when no mapping exists.]
02-08 06:02:06.295 I/am_wtf ( 1466): [0,1466,system_server,-1,DisplayDeviceConfig,requesting nits when no mapping exists.]
02-08 06:02:06.296 I/service_manager_stats( 1466): [100,42,6898]
02-08 06:02:06.296 I/am_wtf ( 1466): [0,1466,system_server,-1,DisplayDeviceConfig,requesting nits when no mapping exists.]
02-08 06:02:06.312 I/am_wtf ( 1466): [0,1466,system_server,-1,DisplayDeviceConfig,requesting nits when no mapping exists.]
02-08 06:02:06.312 I/am_wtf ( 1466): [0,1466,system_server,-1,DisplayDeviceConfig,requesting nits when no mapping exists.]
02-08 06:02:06.329 I/am_wtf ( 1466): [0,1466,system_server,-1,DisplayDeviceConfig,requesting nits when no mapping exists.]
02-08 06:02:06.329 I/am_wtf ( 1466): [0,1466,system_server,-1,DisplayDeviceConfig,requesting nits when no mapping exists.]
02-08 06:02:06.346 I/am_wtf ( 1466): [0,1466,system_server,-1,DisplayDeviceConfig,requesting nits when no mapping exists.]
02-08 06:02:06.346 I/am_wtf ( 1466): [0,1466,system_server,-1,DisplayDeviceConfig,requesting nits when no mapping exists.]
02-08 06:02:06.362 I/am_wtf ( 1466): [0,1466,system_server,-1,DisplayDeviceConfig,requesting nits when no mapping exists.]
02-08 06:02:06.363 I/am_wtf ( 1466): [0,1466,system_server,-1,DisplayDeviceConfig,requesting nits when no mapping exists.]
02-08 06:02:06.379 I/am_wtf ( 1466): [0,1466,system_server,-1,DisplayDeviceConfig,requesting nits when no mapping exists.]
02-08 06:02:06.379 I/am_wtf ( 1466): [0,1466,system_server,-1,DisplayDeviceConfig,requesting nits when no mapping exists.]
02-08 06:02:06.396 I/am_wtf ( 1466): [0,1466,system_server,-1,DisplayDeviceConfig,requesting nits when no mapping exists.]
02-08 06:02:06.396 I/am_wtf ( 1466): [0,1466,system_server,-1,DisplayDeviceConfig,requesting nits when no mapping exists.]
02-08 06:02:06.412 I/am_wtf ( 1466): [0,1466,system_server,-1,DisplayDeviceConfig,requesting nits when no mapping exists.]
02-08 06:02:06.412 I/am_wtf ( 1466): [0,1466,system_server,-1,DisplayDeviceConfig,requesting nits when no mapping exists.]
02-08 06:02:06.429 I/am_wtf ( 1466): [0,1466,system_server,-1,DisplayDeviceConfig,requesting nits when no mapping exists.]
02-08 06:02:06.430 I/am_wtf ( 1466): [0,1466,system_server,-1,DisplayDeviceConfig,requesting nits when no mapping exists.]
02-08 06:02:06.430 I/wm_stop_activity( 1466): [0,101732248,com.android.settings/.Settings]
02-08 06:02:06.446 I/am_wtf ( 1466): [0,1466,system_server,-1,DisplayDeviceConfig,requesting nits when no mapping exists.]
02-08 06:02:06.446 I/am_wtf ( 1466): [0,1466,system_server,-1,DisplayDeviceConfig,requesting nits when no mapping exists.]
02-08 06:02:06.456 I/wm_on_stop_called( 7109): [101732248,com.android.settings.Settings,STOP_ACTIVITY_ITEM]
02-08 06:02:06.462 I/am_wtf ( 1466): [0,1466,system_server,-1,DisplayDeviceConfig,requesting nits when no mapping exists.]
02-08 06:02:06.462 I/am_wtf ( 1466): [0,1466,system_server,-1,DisplayDeviceConfig,requesting nits when no mapping exists.]
02-08 06:02:06.479 I/am_wtf ( 1466): [0,1466,system_server,-1,DisplayDeviceConfig,requesting nits when no mapping exists.]
02-08 06:02:06.480 I/am_wtf ( 1466): [0,1466,system_server,-1,DisplayDeviceConfig,requesting nits when no mapping exists.]
02-08 06:02:06.496 I/am_wtf ( 1466): [0,1466,system_server,-1,DisplayDeviceConfig,requesting nits when no mapping exists.]
02-08 06:02:06.496 I/am_wtf ( 1466): [0,1466,system_server,-1,DisplayDeviceConfig,requesting nits when no mapping exists.]
02-08 06:02:06.512 I/am_wtf ( 1466): [0,1466,system_server,-1,DisplayDeviceConfig,requesting nits when no mapping exists.]
02-08 06:02:06.513 I/am_wtf ( 1466): [0,1466,system_server,-1,DisplayDeviceConfig,requesting nits when no mapping exists.]
02-08 06:02:06.529 I/am_wtf ( 1466): [0,1466,system_server,-1,DisplayDeviceConfig,requesting nits when no mapping exists.]
02-08 06:02:06.530 I/am_wtf ( 1466): [0,1466,system_server,-1,DisplayDeviceConfig,requesting nits when no mapping exists.]
02-08 06:02:06.546 I/am_wtf ( 1466): [0,1466,system_server,-1,DisplayDeviceConfig,requesting nits when no mapping exists.]
02-08 06:02:06.546 I/am_wtf ( 1466): [0,1466,system_server,-1,DisplayDeviceConfig,requesting nits when no mapping exists.]
02-08 06:02:06.562 I/am_wtf ( 1466): [0,1466,system_server,-1,DisplayDeviceConfig,requesting nits when no mapping exists.]
02-08 06:02:06.563 I/am_wtf ( 1466): [0,1466,system_server,-1,DisplayDeviceConfig,requesting nits when no mapping exists.]
02-08 06:02:06.579 I/am_wtf ( 1466): [0,1466,system_server,-1,DisplayDeviceConfig,requesting nits when no mapping exists.]
02-08 06:02:06.579 I/am_wtf ( 1466): [0,1466,system_server,-1,DisplayDeviceConfig,requesting nits when no mapping exists.]
02-08 06:02:06.596 I/am_wtf ( 1466): [0,1466,system_server,-1,DisplayDeviceConfig,requesting nits when no mapping exists.]
02-08 06:02:06.597 I/am_wtf ( 1466): [0,1466,system_server,-1,DisplayDeviceConfig,requesting nits when no mapping exists.]
02-08 06:02:06.613 I/am_wtf ( 1466): [0,1466,system_server,-1,DisplayDeviceConfig,requesting nits when no mapping exists.]
02-08 06:02:06.613 I/am_wtf ( 1466): [0,1466,system_server,-1,DisplayDeviceConfig,requesting nits when no mapping exists.]
02-08 06:02:06.629 I/am_wtf ( 1466): [0,1466,system_server,-1,DisplayDeviceConfig,requesting nits when no mapping exists.]
02-08 06:02:06.630 I/am_wtf ( 1466): [0,1466,system_server,-1,DisplayDeviceConfig,requesting nits when no mapping exists.]
02-08 06:02:06.646 I/am_wtf ( 1466): [0,1466,system_server,-1,DisplayDeviceConfig,requesting nits when no mapping exists.]
02-08 06:02:06.646 I/am_wtf ( 1466): [0,1466,system_server,-1,DisplayDeviceConfig,requesting nits when no mapping exists.]
02-08 06:02:06.663 I/am_wtf ( 1466): [0,1466,system_server,-1,DisplayDeviceConfig,requesting nits when no mapping exists.]
02-08 06:02:06.663 I/am_wtf ( 1466): [0,1466,system_server,-1,DisplayDeviceConfig,requesting nits when no mapping exists.]
02-08 06:02:06.680 I/am_wtf ( 1466): [0,1466,system_server,-1,DisplayDeviceConfig,requesting nits when no mapping exists.]
02-08 06:02:06.680 I/am_wtf ( 1466): [0,1466,system_server,-1,DisplayDeviceConfig,requesting nits when no mapping exists.]
02-08 06:02:06.697 I/am_wtf ( 1466): [0,1466,system_server,-1,DisplayDeviceConfig,requesting nits when no mapping exists.]
02-08 06:02:06.697 I/am_wtf ( 1466): [0,1466,system_server,-1,DisplayDeviceConfig,requesting nits when no mapping exists.]
02-08 06:02:06.713 I/am_wtf ( 1466): [0,1466,system_server,-1,DisplayDeviceConfig,requesting nits when no mapping exists.]
02-08 06:02:06.713 I/am_wtf ( 1466): [0,1466,system_server,-1,DisplayDeviceConfig,requesting nits when no mapping exists.]
02-08 06:02:06.729 I/am_wtf ( 1466): [0,1466,system_server,-1,DisplayDeviceConfig,requesting nits when no mapping exists.]
02-08 06:02:06.730 I/am_wtf ( 1466): [0,1466,system_server,-1,DisplayDeviceConfig,requesting nits when no mapping exists.]
02-08 06:02:06.746 I/am_wtf ( 1466): [0,1466,system_server,-1,DisplayDeviceConfig,requesting nits when no mapping exists.]
02-08 06:02:06.746 I/am_wtf ( 1466): [0,1466,system_server,-1,DisplayDeviceConfig,requesting nits when no mapping exists.]
02-08 06:02:06.763 I/am_wtf ( 1466): [0,1466,system_server,-1,DisplayDeviceConfig,requesting nits when no mapping exists.]
02-08 06:02:06.763 I/am_wtf ( 1466): [0,1466,system_server,-1,DisplayDeviceConfig,requesting nits when no mapping exists.]
02-08 06:02:06.780 I/am_wtf ( 1466): [0,1466,system_server,-1,DisplayDeviceConfig,requesting nits when no mapping exists.]
02-08 06:02:06.780 I/am_wtf ( 1466): [0,1466,system_server,-1,DisplayDeviceConfig,requesting nits when no mapping exists.]
02-08 06:02:06.796 I/am_wtf ( 1466): [0,1466,system_server,-1,DisplayDeviceConfig,requesting nits when no mapping exists.]
02-08 06:02:06.796 I/am_wtf ( 1466): [0,1466,system_server,-1,DisplayDeviceConfig,requesting nits when no mapping exists.]
02-08 06:02:06.813 I/am_wtf ( 1466): [0,1466,system_server,-1,DisplayDeviceConfig,requesting nits when no mapping exists.]
02-08 06:02:06.813 I/am_wtf ( 1466): [0,1466,system_server,-1,DisplayDeviceConfig,requesting nits when no mapping exists.]
02-08 06:02:06.830 I/am_wtf ( 1466): [0,1466,system_server,-1,DisplayDeviceConfig,requesting nits when no mapping exists.]
02-08 06:02:06.830 I/am_wtf ( 1466): [0,1466,system_server,-1,DisplayDeviceConfig,requesting nits when no mapping exists.]
02-08 06:02:06.846 I/am_wtf ( 1466): [0,1466,system_server,-1,DisplayDeviceConfig,requesting nits when no mapping exists.]
02-08 06:02:06.847 I/am_wtf ( 1466): [0,1466,system_server,-1,DisplayDeviceConfig,requesting nits when no mapping exists.]
02-08 06:02:06.863 I/am_wtf ( 1466): [0,1466,system_server,-1,DisplayDeviceConfig,requesting nits when no mapping exists.]
02-08 06:02:06.863 I/am_wtf ( 1466): [0,1466,system_server,-1,DisplayDeviceConfig,requesting nits when no mapping exists.]
02-08 06:02:06.880 I/am_wtf ( 1466): [0,1466,system_server,-1,DisplayDeviceConfig,requesting nits when no mapping exists.]
02-08 06:02:06.880 I/am_wtf ( 1466): [0,1466,system_server,-1,DisplayDeviceConfig,requesting nits when no mapping exists.]
02-08 06:02:06.896 I/am_wtf ( 1466): [0,1466,system_server,-1,DisplayDeviceConfig,requesting nits when no mapping exists.]
02-08 06:02:06.897 I/am_wtf ( 1466): [0,1466,system_server,-1,DisplayDeviceConfig,requesting nits when no mapping exists.]
02-08 06:02:10.121 I/am_uid_idle( 1466): 10087
02-08 06:02:24.807 I/am_freeze( 1466): [3407,com.android.provision]
02-08 06:02:24.809 I/am_kill ( 1466): [0,3407,com.android.provision,935,Unable to freeze binder interface]
02-08 06:02:24.845 I/am_proc_died( 1466): [0,3407,com.android.provision,935,19]
02-08 06:02:50.895 I/am_freeze( 1466): [5915,com.android.permissioncontroller]
02-08 06:02:50.897 I/am_kill ( 1466): [0,5915,com.android.permissioncontroller,965,Unable to freeze binder interface]
02-08 06:02:50.937 I/am_proc_died( 1466): [0,5915,com.android.permissioncontroller,965,19]
02-08 06:02:50.937 I/am_uid_stopped( 1466): 10093
02-08 06:02:50.953 I/am_pss ( 1466): [7109,1000,com.android.settings,131183616,116637696,0,277094400,0,15,13]
02-08 06:02:50.959 I/am_pss ( 1466): [7107,10083,com.android.music,6858752,4755456,0,90976256,0,19,5]
02-08 06:02:54.135 I/am_freeze( 1466): [6326,com.android.deskclock]
02-08 06:02:54.136 I/am_kill ( 1466): [0,6326,com.android.deskclock,965,Unable to freeze binder interface]
02-08 06:02:54.165 I/am_proc_died( 1466): [0,6326,com.android.deskclock,965,19]
02-08 06:02:54.166 I/am_uid_stopped( 1466): 10065
02-08 06:02:54.171 I/am_uid_running( 1466): 10065
02-08 06:02:54.177 I/am_pss ( 1466): [2354,1002,com.android.bluetooth,37230592,30203904,0,148594688,0,0,8]
02-08 06:02:54.182 I/am_pss ( 1466): [3501,10079,com.qualcomm.location.XT,6667264,4648960,0,92971008,0,6,4]
02-08 06:02:54.188 I/am_proc_start( 1466): [0,7331,10065,com.android.deskclock,NULL,]
02-08 06:02:54.191 I/am_pss ( 1466): [3710,10025,com.baidu.input,86202368,79732736,0,202207232,0,7,8]
02-08 06:02:54.197 I/am_pss ( 1466): [3103,10095,android.ext.services,11177984,6115328,0,105406464,0,5,5]
02-08 06:02:54.202 I/am_pss ( 1466): [2606,1001,.dataservices,7971840,5959680,0,94048256,0,0,5]
02-08 06:02:54.209 I/am_pss ( 1466): [2493,1073,com.android.networkstack.process,11061248,8433664,0,104374272,0,0,5]
02-08 06:02:54.218 I/am_proc_bound( 1466): [0,7331,com.android.deskclock]
02-08 06:02:54.222 I/am_pss ( 1466): [2370,10081,com.android.systemui,173370368,146190336,0,355528704,0,0,13]
02-08 06:02:54.243 I/am_pss ( 1466): [1466,1000,system,235968512,139970560,0,576387072,0,0,20]
02-08 06:02:54.269 I/input_interaction( 1466): Interaction with: 9edfb5e com.thundercomm.screensaver/android.service.dreams.DreamActivity (server), edge-swipe (server), swipe-up (server), PointerEventDispatcher0 (server),
02-08 06:02:54.270 I/wm_finish_activity( 1466): [0,146075666,19,com.thundercomm.screensaver/android.service.dreams.DreamActivity,finish-activity]
02-08 06:02:54.271 I/wm_task_moved( 1466): [18,1,6]
02-08 06:02:54.271 I/wm_task_to_front( 1466): [0,18]
02-08 06:02:54.271 I/wm_focused_root_task( 1466): [0,0,18,19,finish-top adjustFocusToNextFocusableTask]
02-08 06:02:54.272 I/wm_pause_activity( 1466): [0,146075666,com.thundercomm.screensaver/android.service.dreams.DreamActivity,userLeaving=false,finish]
02-08 06:02:54.278 I/wm_on_top_resumed_lost_called( 6616): [146075666,android.service.dreams.DreamActivity,topStateChangedWhenResumed]
02-08 06:02:54.279 I/sysui_multi_action( 1466): [757,803,799,window_time_0,802,49]
02-08 06:02:54.279 I/wm_on_paused_called( 6616): [146075666,android.service.dreams.DreamActivity,performPause]
02-08 06:02:54.280 I/wm_add_to_stopping( 1466): [0,146075666,com.thundercomm.screensaver/android.service.dreams.DreamActivity,completeFinishing]
02-08 06:02:54.283 I/wm_set_resumed_activity( 1466): [0,com.android.settings/.Settings,resumeTopActivityInnerLocked]
02-08 06:02:54.284 I/wm_resume_activity( 1466): [0,101732248,18,com.android.settings/.Settings]
02-08 06:02:54.297 I/sysui_multi_action( 1466): [757,803,799,window_time_0,802,0]
02-08 06:02:54.296 I/wm_on_restart_called( 7109): [101732248,com.android.settings.Settings,performRestartActivity]
02-08 06:02:54.303 I/input_focus( 1466): [Focus leaving 9edfb5e com.thundercomm.screensaver/android.service.dreams.DreamActivity (server),reason=NO_WINDOW]
02-08 06:02:54.303 I/view_enqueue_input_event( 6616): [Motion - Cancel,com.thundercomm.screensaver/android.service.dreams.DreamActivity]
02-08 06:02:54.306 I/wm_on_start_called( 7109): [101732248,com.android.settings.Settings,handleStartActivity]
02-08 06:02:54.306 I/snet_event_log( 7109): [120484087,-1,]
02-08 06:02:54.307 I/wm_on_resume_called( 7109): [101732248,com.android.settings.Settings,RESUME_ACTIVITY]
02-08 06:02:54.307 I/sysui_multi_action( 7109): [757,35,758,1,833,0,1089,0]
02-08 06:02:54.307 I/input_interaction( 1466): Interaction with: edge-swipe (server), swipe-up (server), PointerEventDispatcher0 (server),
02-08 06:02:54.308 I/sysui_multi_action( 7109): [757,40,758,1,833,0,1089,0]
02-08 06:02:54.309 W/FeatureConnector( 7109): [ImsConnector, 0] connect: not supported.
02-08 06:02:54.311 I/wm_on_top_resumed_gained_called( 7109): [101732248,com.android.settings.Settings,topWhenResuming]
02-08 06:02:54.319 I/input_focus( 1466): [Focus request a3caed1 com.android.settings/com.android.settings.Settings,reason=UpdateInputWindows]
02-08 06:02:54.348 I/input_focus( 1466): [Focus entering a3caed1 com.android.settings/com.android.settings.Settings (server),reason=setFocusedWindow]
02-08 06:02:54.848 I/wm_destroy_activity( 1466): [0,146075666,19,com.thundercomm.screensaver/android.service.dreams.DreamActivity,finish-imm:idle]
02-08 06:02:54.874 I/wm_on_stop_called( 6616): [146075666,android.service.dreams.DreamActivity,LIFECYCLER_STOP_ACTIVITY]
02-08 06:02:54.875 I/wm_on_destroy_called( 6616): [146075666,android.service.dreams.DreamActivity,performDestroy]
02-08 06:02:54.879 I/sysui_multi_action( 1466): [757,222,758,2]
02-08 06:02:54.879 I/sysui_multi_action( 1466): [757,804,799,dreaming_minutes,801,0,802,1]
02-08 06:02:54.890 I/wm_task_removed( 1466): [19,removeChild:removeChild last r=ActivityRecord{8b4f012 u0 com.thundercomm.screensaver/android.service.dreams.DreamActivity t-1 f}} in t=Task{74b122f #19 type=dream A=10049:android:com.thundercomm.screensaver/dream U=0 visible=false mode=fullscreen translucent=true sz=0}]
02-08 06:02:54.890 I/wm_task_removed( 1466): [19,removeChild]
02-08 06:02:55.591 I/input_interaction( 1466): Interaction with: a3caed1 com.android.settings/com.android.settings.Settings (server), edge-swipe (server), swipe-up (server), PointerEventDispatcher0 (server),
02-08 06:03:01.270 I/am_freeze( 1466): [6384,com.android.musicfx]
02-08 06:03:01.272 I/am_kill ( 1466): [0,6384,com.android.musicfx,955,Unable to freeze binder interface]
02-08 06:03:01.297 I/am_proc_died( 1466): [0,6384,com.android.musicfx,955,19]
02-08 06:03:01.298 I/am_uid_stopped( 1466): 10035
02-08 06:03:17.526 I/am_freeze( 1466): [6490,com.android.providers.calendar]
02-08 06:03:17.528 I/am_kill ( 1466): [0,6490,com.android.providers.calendar,955,Unable to freeze binder interface]
02-08 06:03:17.564 I/am_proc_died( 1466): [0,6490,com.android.providers.calendar,955,19]
02-08 06:03:17.565 I/am_uid_stopped( 1466): 10029
02-08 06:03:17.577 I/am_pss ( 1466): [6616,10049,com.thundercomm.screensaver,31085568,23207936,0,153530368,0,19,8]
02-08 06:03:17.582 I/am_pss ( 1466): [7331,10065,com.android.deskclock,8608768,5902336,0,95707136,0,19,5]
02-08 06:03:17.589 I/am_pss ( 1466): [3420,10094,com.android.providers.media.module,21790720,17489920,0,127713280,0,0,6]
02-08 06:03:17.594 I/am_pss ( 1466): [3186,10073,com.qualcomm.location,10614784,7643136,0,104214528,0,0,5]
02-08 06:03:19.073 I/am_freeze( 1466): [6536,com.android.calendar]
02-08 06:03:19.075 I/am_kill ( 1466): [0,6536,com.android.calendar,945,Unable to freeze binder interface]
02-08 06:03:19.104 I/am_proc_died( 1466): [0,6536,com.android.calendar,945,19]
02-08 06:03:19.105 I/am_uid_stopped( 1466): 10064
02-08 06:03:19.110 I/am_uid_running( 1466): 10064
02-08 06:03:19.126 I/am_proc_start( 1466): [0,7389,10064,com.android.calendar,NULL,]
02-08 06:03:19.157 I/am_proc_bound( 1466): [0,7389,com.android.calendar]
02-08 06:03:48.832 I/sysui_multi_action( 1466): [757,1696,758,6,759,2]
02-08 06:03:48.843 I/am_wtf ( 1466): [0,1466,system_server,-1,DisplayDeviceConfig,requesting nits when no mapping exists.]
02-08 06:03:48.848 I/am_wtf ( 1466): [0,1466,system_server,-1,DisplayDeviceConfig,requesting nits when no mapping exists.]
02-08 06:03:48.859 I/am_wtf ( 1466): [0,1466,system_server,-1,DisplayDeviceConfig,requesting nits when no mapping exists.]
02-08 06:03:48.861 I/am_wtf ( 1466): [0,1466,system_server,-1,DisplayDeviceConfig,requesting nits when no mapping exists.]
02-08 06:03:48.876 I/am_wtf ( 1466): [0,1466,system_server,-1,DisplayDeviceConfig,requesting nits when no mapping exists.]
02-08 06:03:48.878 I/am_wtf ( 1466): [0,1466,system_server,-1,DisplayDeviceConfig,requesting nits when no mapping exists.]
02-08 06:03:48.893 I/am_wtf ( 1466): [0,1466,system_server,-1,DisplayDeviceConfig,requesting nits when no mapping exists.]
02-08 06:03:48.894 I/am_wtf ( 1466): [0,1466,system_server,-1,DisplayDeviceConfig,requesting nits when no mapping exists.]
02-08 06:03:48.909 I/am_wtf ( 1466): [0,1466,system_server,-1,DisplayDeviceConfig,requesting nits when no mapping exists.]
02-08 06:03:48.910 I/am_wtf ( 1466): [0,1466,system_server,-1,DisplayDeviceConfig,requesting nits when no mapping exists.]
02-08 06:03:48.926 I/am_wtf ( 1466): [0,1466,system_server,-1,DisplayDeviceConfig,requesting nits when no mapping exists.]
02-08 06:03:48.927 I/am_wtf ( 1466): [0,1466,system_server,-1,DisplayDeviceConfig,requesting nits when no mapping exists.]
02-08 06:03:48.943 I/am_wtf ( 1466): [0,1466,system_server,-1,DisplayDeviceConfig,requesting nits when no mapping exists.]
02-08 06:03:48.944 I/am_wtf ( 1466): [0,1466,system_server,-1,DisplayDeviceConfig,requesting nits when no mapping exists.]
02-08 06:03:48.959 I/am_wtf ( 1466): [0,1466,system_server,-1,DisplayDeviceConfig,requesting nits when no mapping exists.]
02-08 06:03:48.960 I/am_wtf ( 1466): [0,1466,system_server,-1,DisplayDeviceConfig,requesting nits when no mapping exists.]
02-08 06:03:48.976 I/am_wtf ( 1466): [0,1466,system_server,-1,DisplayDeviceConfig,requesting nits when no mapping exists.]
02-08 06:03:48.977 I/am_wtf ( 1466): [0,1466,system_server,-1,DisplayDeviceConfig,requesting nits when no mapping exists.]
02-08 06:03:48.978 I/service_manager_stats( 1466): [100,24,102683]
02-08 06:03:48.993 I/am_wtf ( 1466): [0,1466,system_server,-1,DisplayDeviceConfig,requesting nits when no mapping exists.]
02-08 06:03:48.994 I/am_wtf ( 1466): [0,1466,system_server,-1,DisplayDeviceConfig,requesting nits when no mapping exists.]
02-08 06:03:49.010 I/am_wtf ( 1466): [0,1466,system_server,-1,DisplayDeviceConfig,requesting nits when no mapping exists.]
02-08 06:03:49.011 I/am_wtf ( 1466): [0,1466,system_server,-1,DisplayDeviceConfig,requesting nits when no mapping exists.]
02-08 06:03:49.027 I/am_wtf ( 1466): [0,1466,system_server,-1,DisplayDeviceConfig,requesting nits when no mapping exists.]
02-08 06:03:49.028 I/am_wtf ( 1466): [0,1466,system_server,-1,DisplayDeviceConfig,requesting nits when no mapping exists.]
02-08 06:03:49.043 I/am_wtf ( 1466): [0,1466,system_server,-1,DisplayDeviceConfig,requesting nits when no mapping exists.]
02-08 06:03:49.044 I/am_wtf ( 1466): [0,1466,system_server,-1,DisplayDeviceConfig,requesting nits when no mapping exists.]
02-08 06:03:49.060 I/am_wtf ( 1466): [0,1466,system_server,-1,DisplayDeviceConfig,requesting nits when no mapping exists.]
02-08 06:03:49.061 I/am_wtf ( 1466): [0,1466,system_server,-1,DisplayDeviceConfig,requesting nits when no mapping exists.]
02-08 06:03:49.077 I/am_wtf ( 1466): [0,1466,system_server,-1,DisplayDeviceConfig,requesting nits when no mapping exists.]
02-08 06:03:49.078 I/am_wtf ( 1466): [0,1466,system_server,-1,DisplayDeviceConfig,requesting nits when no mapping exists.]
02-08 06:03:49.093 I/am_wtf ( 1466): [0,1466,system_server,-1,DisplayDeviceConfig,requesting nits when no mapping exists.]
02-08 06:03:49.094 I/am_wtf ( 1466): [0,1466,system_server,-1,DisplayDeviceConfig,requesting nits when no mapping exists.]
02-08 06:03:49.110 I/am_wtf ( 1466): [0,1466,system_server,-1,DisplayDeviceConfig,requesting nits when no mapping exists.]
02-08 06:03:49.111 I/am_wtf ( 1466): [0,1466,system_server,-1,DisplayDeviceConfig,requesting nits when no mapping exists.]
02-08 06:03:49.126 I/am_wtf ( 1466): [0,1466,system_server,-1,DisplayDeviceConfig,requesting nits when no mapping exists.]
02-08 06:03:49.127 I/am_wtf ( 1466): [0,1466,system_server,-1,DisplayDeviceConfig,requesting nits when no mapping exists.]
02-08 06:03:49.143 I/am_wtf ( 1466): [0,1466,system_server,-1,DisplayDeviceConfig,requesting nits when no mapping exists.]
02-08 06:03:49.144 I/am_wtf ( 1466): [0,1466,system_server,-1,DisplayDeviceConfig,requesting nits when no mapping exists.]
02-08 06:03:49.160 I/am_wtf ( 1466): [0,1466,system_server,-1,DisplayDeviceConfig,requesting nits when no mapping exists.]
02-08 06:03:49.161 I/am_wtf ( 1466): [0,1466,system_server,-1,DisplayDeviceConfig,requesting nits when no mapping exists.]
02-08 06:03:49.177 I/am_wtf ( 1466): [0,1466,system_server,-1,DisplayDeviceConfig,requesting nits when no mapping exists.]
02-08 06:03:49.178 I/am_wtf ( 1466): [0,1466,system_server,-1,DisplayDeviceConfig,requesting nits when no mapping exists.]
02-08 06:03:49.194 I/am_wtf ( 1466): [0,1466,system_server,-1,DisplayDeviceConfig,requesting nits when no mapping exists.]
02-08 06:03:49.194 I/am_wtf ( 1466): [0,1466,system_server,-1,DisplayDeviceConfig,requesting nits when no mapping exists.]
02-08 06:03:49.210 I/am_wtf ( 1466): [0,1466,system_server,-1,DisplayDeviceConfig,requesting nits when no mapping exists.]
02-08 06:03:49.211 I/am_wtf ( 1466): [0,1466,system_server,-1,DisplayDeviceConfig,requesting nits when no mapping exists.]
02-08 06:03:49.227 I/am_wtf ( 1466): [0,1466,system_server,-1,DisplayDeviceConfig,requesting nits when no mapping exists.]
02-08 06:03:49.228 I/am_wtf ( 1466): [0,1466,system_server,-1,DisplayDeviceConfig,requesting nits when no mapping exists.]
02-08 06:03:49.244 I/am_wtf ( 1466): [0,1466,system_server,-1,DisplayDeviceConfig,requesting nits when no mapping exists.]
02-08 06:03:49.244 I/am_wtf ( 1466): [0,1466,system_server,-1,DisplayDeviceConfig,requesting nits when no mapping exists.]
02-08 06:03:49.260 I/am_wtf ( 1466): [0,1466,system_server,-1,DisplayDeviceConfig,requesting nits when no mapping exists.]
02-08 06:03:49.261 I/am_wtf ( 1466): [0,1466,system_server,-1,DisplayDeviceConfig,requesting nits when no mapping exists.]
02-08 06:03:49.277 I/am_wtf ( 1466): [0,1466,system_server,-1,DisplayDeviceConfig,requesting nits when no mapping exists.]
02-08 06:03:49.278 I/am_wtf ( 1466): [0,1466,system_server,-1,DisplayDeviceConfig,requesting nits when no mapping exists.]
02-08 06:03:49.294 I/am_wtf ( 1466): [0,1466,system_server,-1,DisplayDeviceConfig,requesting nits when no mapping exists.]
02-08 06:03:49.295 I/am_wtf ( 1466): [0,1466,system_server,-1,DisplayDeviceConfig,requesting nits when no mapping exists.]
02-08 06:03:49.311 I/am_wtf ( 1466): [0,1466,system_server,-1,DisplayDeviceConfig,requesting nits when no mapping exists.]
02-08 06:03:49.311 I/am_wtf ( 1466): [0,1466,system_server,-1,DisplayDeviceConfig,requesting nits when no mapping exists.]
02-08 06:03:49.327 I/am_wtf ( 1466): [0,1466,system_server,-1,DisplayDeviceConfig,requesting nits when no mapping exists.]
02-08 06:03:49.328 I/am_wtf ( 1466): [0,1466,system_server,-1,DisplayDeviceConfig,requesting nits when no mapping exists.]
02-08 06:03:49.344 I/am_wtf ( 1466): [0,1466,system_server,-1,DisplayDeviceConfig,requesting nits when no mapping exists.]
02-08 06:03:49.345 I/am_wtf ( 1466): [0,1466,system_server,-1,DisplayDeviceConfig,requesting nits when no mapping exists.]
02-08 06:03:49.361 I/am_wtf ( 1466): [0,1466,system_server,-1,DisplayDeviceConfig,requesting nits when no mapping exists.]
