02-08 06:15:01.087 I/auditd ( 567): type=1400 audit(0.0:743): avc: denied { read } for comm="Binder:567_2" name="wakeup28" dev="sysfs" ino=53259 scontext=u:r:system_suspend:s0 tcontext=u:object_r:sysfs:s0 tclass=dir permissive=0
02-08 06:15:01.087 I/auditd ( 567): type=1400 audit(0.0:744): avc: denied { read } for comm="Binder:567_2" name="wakeup56" dev="sysfs" ino=71720 scontext=u:r:system_suspend:s0 tcontext=u:object_r:sysfs:s0 tclass=dir permissive=0
02-08 06:15:01.087 I/auditd ( 567): type=1400 audit(0.0:745): avc: denied { read } for comm="Binder:567_2" name="wakeup2" dev="sysfs" ino=46578 scontext=u:r:system_suspend:s0 tcontext=u:object_r:sysfs:s0 tclass=dir permissive=0
02-08 06:15:01.087 I/auditd ( 567): type=1400 audit(0.0:746): avc: denied { read } for comm="Binder:567_2" name="wakeup36" dev="sysfs" ino=62492 scontext=u:r:system_suspend:s0 tcontext=u:object_r:sysfs:s0 tclass=dir permissive=0
02-08 06:15:01.087 I/auditd ( 567): type=1400 audit(0.0:747): avc: denied { read } for comm="Binder:567_2" name="wakeup64" dev="sysfs" ino=72020 scontext=u:r:system_suspend:s0 tcontext=u:object_r:sysfs:s0 tclass=dir permissive=0
02-08 06:15:01.600 I/wm_destroy_activity( 1466): [0,220942683,25,com.thundercomm.screensaver/android.service.dreams.DreamActivity,finish-imm:idle]
02-08 06:15:01.618 I/wm_on_stop_called( 6616): [220942683,android.service.dreams.DreamActivity,LIFECYCLER_STOP_ACTIVITY]
02-08 06:15:01.622 I/wm_on_destroy_called( 6616): [220942683,android.service.dreams.DreamActivity,performDestroy]
02-08 06:15:01.627 I/sysui_multi_action( 1466): [757,222,758,2]
02-08 06:15:01.627 I/sysui_multi_action( 1466): [757,804,799,dreaming_minutes,801,1,802,1]
02-08 06:15:01.636 I/wm_task_removed( 1466): [25,removeChild:removeChild last r=ActivityRecord{d2b515b u0 com.thundercomm.screensaver/android.service.dreams.DreamActivity t-1 f}} in t=Task{4d6abd4 #25 type=dream A=10049:android:com.thundercomm.screensaver/dream U=0 visible=false mode=fullscreen translucent=true sz=0}]
02-08 06:15:01.636 I/wm_task_removed( 1466): [25,removeChild]
02-08 06:15:21.108 I/am_pss ( 1466): [9960,10064,com.android.calendar,6164480,3960832,0,91783168,0,19,11]
02-08 06:15:45.076 I/input_interaction( 1466): Interaction with: a3caed1 com.android.settings/com.android.settings.Settings (server), edge-swipe (server), swipe-up (server), PointerEventDispatcher0 (server),
02-08 06:15:45.839 I/sysui_multi_action( 7109): [757,161,758,4]
02-08 06:15:45.842 I/sysui_multi_action( 7109): [757,830,758,4,833,0,854,bluetooth_screen_bt_pair_rename_devices,1089,0]
02-08 06:15:45.894 I/sysui_multi_action( 7109): [757,538,758,1,833,0,1089,40]
02-08 06:15:45.906 I/input_focus( 1466): [Focus request 3958c03 com.android.settings/com.android.settings.Settings,reason=UpdateInputWindows]
02-08 06:15:45.936 I/input_focus( 1466): [Focus leaving a3caed1 com.android.settings/com.android.settings.Settings (server),reason=setFocusedWindow]
02-08 06:15:45.936 I/input_focus( 1466): [Focus entering 3958c03 com.android.settings/com.android.settings.Settings (server),reason=setFocusedWindow]
02-08 06:15:46.414 I/am_uid_running( 1466): 10067
02-08 06:15:46.419 I/am_proc_start( 1466): [0,10243,10067,com.android.webview:webview_service,service,{com.android.webview/org.chromium.android_webview.services.VariationsSeedServer}]
02-08 06:15:46.434 I/am_proc_bound( 1466): [0,10243,com.android.webview:webview_service]
02-08 06:15:46.438 I/am_uid_active( 1466): 10067
02-08 06:15:46.451 I/commit_sys_config_file( 1466): [settings-3-0,3]
02-08 06:15:46.454 I/commit_sys_config_file( 1466): [settings-1-0,3]
02-08 06:15:47.284 I/am_uid_active( 1466): 10093
02-08 06:15:56.268 I/commit_sys_config_file( 1466): [uri-grants,7]
02-08 06:15:56.314 I/commit_sys_config_file( 1466): [package-user-0,5]
02-08 06:16:01.631 I/am_uid_idle( 1466): 10049
02-08 06:16:07.651 I/am_uid_idle( 1466): 10068
02-08 06:16:38.729 I/sysui_multi_action( 1466): [757,1696,758,6,759,2]
02-08 06:16:38.745 I/am_wtf ( 1466): [0,1466,system_server,-1,DisplayDeviceConfig,requesting nits when no mapping exists.]
02-08 06:16:38.749 I/am_wtf ( 1466): [0,1466,system_server,-1,DisplayDeviceConfig,requesting nits when no mapping exists.]
02-08 06:16:38.760 I/am_wtf ( 1466): [0,1466,system_server,-1,DisplayDeviceConfig,requesting nits when no mapping exists.]
02-08 06:16:38.762 I/am_wtf ( 1466): [0,1466,system_server,-1,DisplayDeviceConfig,requesting nits when no mapping exists.]
02-08 06:16:38.777 I/am_wtf ( 1466): [0,1466,system_server,-1,DisplayDeviceConfig,requesting nits when no mapping exists.]
02-08 06:16:38.778 I/am_wtf ( 1466): [0,1466,system_server,-1,DisplayDeviceConfig,requesting nits when no mapping exists.]
02-08 06:16:38.794 I/am_wtf ( 1466): [0,1466,system_server,-1,DisplayDeviceConfig,requesting nits when no mapping exists.]
02-08 06:16:38.794 I/am_wtf ( 1466): [0,1466,system_server,-1,DisplayDeviceConfig,requesting nits when no mapping exists.]
02-08 06:16:38.810 I/am_wtf ( 1466): [0,1466,system_server,-1,DisplayDeviceConfig,requesting nits when no mapping exists.]
02-08 06:16:38.811 I/am_wtf ( 1466): [0,1466,system_server,-1,DisplayDeviceConfig,requesting nits when no mapping exists.]
02-08 06:16:38.827 I/am_wtf ( 1466): [0,1466,system_server,-1,DisplayDeviceConfig,requesting nits when no mapping exists.]
02-08 06:16:38.828 I/am_wtf ( 1466): [0,1466,system_server,-1,DisplayDeviceConfig,requesting nits when no mapping exists.]
02-08 06:16:38.844 I/am_wtf ( 1466): [0,1466,system_server,-1,DisplayDeviceConfig,requesting nits when no mapping exists.]
02-08 06:16:38.845 I/am_wtf ( 1466): [0,1466,system_server,-1,DisplayDeviceConfig,requesting nits when no mapping exists.]
02-08 06:16:38.861 I/am_wtf ( 1466): [0,1466,system_server,-1,DisplayDeviceConfig,requesting nits when no mapping exists.]
02-08 06:16:38.861 I/am_wtf ( 1466): [0,1466,system_server,-1,DisplayDeviceConfig,requesting nits when no mapping exists.]
02-08 06:16:38.878 I/am_wtf ( 1466): [0,1466,system_server,-1,DisplayDeviceConfig,requesting nits when no mapping exists.]
02-08 06:16:38.879 I/am_wtf ( 1466): [0,1466,system_server,-1,DisplayDeviceConfig,requesting nits when no mapping exists.]
02-08 06:16:38.894 I/am_wtf ( 1466): [0,1466,system_server,-1,DisplayDeviceConfig,requesting nits when no mapping exists.]
02-08 06:16:38.895 I/am_wtf ( 1466): [0,1466,system_server,-1,DisplayDeviceConfig,requesting nits when no mapping exists.]
02-08 06:16:38.911 I/am_wtf ( 1466): [0,1466,system_server,-1,DisplayDeviceConfig,requesting nits when no mapping exists.]
02-08 06:16:38.912 I/am_wtf ( 1466): [0,1466,system_server,-1,DisplayDeviceConfig,requesting nits when no mapping exists.]
02-08 06:16:38.927 I/am_wtf ( 1466): [0,1466,system_server,-1,DisplayDeviceConfig,requesting nits when no mapping exists.]
02-08 06:16:38.928 I/am_wtf ( 1466): [0,1466,system_server,-1,DisplayDeviceConfig,requesting nits when no mapping exists.]
02-08 06:16:38.944 I/am_wtf ( 1466): [0,1466,system_server,-1,DisplayDeviceConfig,requesting nits when no mapping exists.]
02-08 06:16:38.945 I/am_wtf ( 1466): [0,1466,system_server,-1,DisplayDeviceConfig,requesting nits when no mapping exists.]
02-08 06:16:38.961 I/am_wtf ( 1466): [0,1466,system_server,-1,DisplayDeviceConfig,requesting nits when no mapping exists.]
02-08 06:16:38.961 I/am_wtf ( 1466): [0,1466,system_server,-1,DisplayDeviceConfig,requesting nits when no mapping exists.]
02-08 06:16:38.977 I/am_wtf ( 1466): [0,1466,system_server,-1,DisplayDeviceConfig,requesting nits when no mapping exists.]
02-08 06:16:38.978 I/am_wtf ( 1466): [0,1466,system_server,-1,DisplayDeviceConfig,requesting nits when no mapping exists.]
02-08 06:16:38.994 I/am_wtf ( 1466): [0,1466,system_server,-1,DisplayDeviceConfig,requesting nits when no mapping exists.]
02-08 06:16:38.995 I/am_wtf ( 1466): [0,1466,system_server,-1,DisplayDeviceConfig,requesting nits when no mapping exists.]
02-08 06:16:39.011 I/am_wtf ( 1466): [0,1466,system_server,-1,DisplayDeviceConfig,requesting nits when no mapping exists.]
02-08 06:16:39.012 I/am_wtf ( 1466): [0,1466,system_server,-1,DisplayDeviceConfig,requesting nits when no mapping exists.]
02-08 06:16:39.028 I/am_wtf ( 1466): [0,1466,system_server,-1,DisplayDeviceConfig,requesting nits when no mapping exists.]
02-08 06:16:39.028 I/am_wtf ( 1466): [0,1466,system_server,-1,DisplayDeviceConfig,requesting nits when no mapping exists.]
02-08 06:16:39.045 I/am_wtf ( 1466): [0,1466,system_server,-1,DisplayDeviceConfig,requesting nits when no mapping exists.]
02-08 06:16:39.045 I/am_wtf ( 1466): [0,1466,system_server,-1,DisplayDeviceConfig,requesting nits when no mapping exists.]
02-08 06:16:39.061 I/am_wtf ( 1466): [0,1466,system_server,-1,DisplayDeviceConfig,requesting nits when no mapping exists.]
02-08 06:16:39.062 I/am_wtf ( 1466): [0,1466,system_server,-1,DisplayDeviceConfig,requesting nits when no mapping exists.]
02-08 06:16:39.078 I/am_wtf ( 1466): [0,1466,system_server,-1,DisplayDeviceConfig,requesting nits when no mapping exists.]
02-08 06:16:39.079 I/am_wtf ( 1466): [0,1466,system_server,-1,DisplayDeviceConfig,requesting nits when no mapping exists.]
02-08 06:16:39.095 I/am_wtf ( 1466): [0,1466,system_server,-1,DisplayDeviceConfig,requesting nits when no mapping exists.]
02-08 06:16:39.095 I/am_wtf ( 1466): [0,1466,system_server,-1,DisplayDeviceConfig,requesting nits when no mapping exists.]
02-08 06:16:39.111 I/am_wtf ( 1466): [0,1466,system_server,-1,DisplayDeviceConfig,requesting nits when no mapping exists.]
02-08 06:16:39.112 I/am_wtf ( 1466): [0,1466,system_server,-1,DisplayDeviceConfig,requesting nits when no mapping exists.]
02-08 06:16:39.127 I/am_wtf ( 1466): [0,1466,system_server,-1,DisplayDeviceConfig,requesting nits when no mapping exists.]
02-08 06:16:39.128 I/am_wtf ( 1466): [0,1466,system_server,-1,DisplayDeviceConfig,requesting nits when no mapping exists.]
02-08 06:16:39.145 I/am_wtf ( 1466): [0,1466,system_server,-1,DisplayDeviceConfig,requesting nits when no mapping exists.]
02-08 06:16:39.146 I/am_wtf ( 1466): [0,1466,system_server,-1,DisplayDeviceConfig,requesting nits when no mapping exists.]
02-08 06:16:39.161 I/am_wtf ( 1466): [0,1466,system_server,-1,DisplayDeviceConfig,requesting nits when no mapping exists.]
02-08 06:16:39.162 I/am_wtf ( 1466): [0,1466,system_server,-1,DisplayDeviceConfig,requesting nits when no mapping exists.]
02-08 06:16:39.178 I/am_wtf ( 1466): [0,1466,system_server,-1,DisplayDeviceConfig,requesting nits when no mapping exists.]
02-08 06:16:39.179 I/am_wtf ( 1466): [0,1466,system_server,-1,DisplayDeviceConfig,requesting nits when no mapping exists.]
02-08 06:16:39.195 I/am_wtf ( 1466): [0,1466,system_server,-1,DisplayDeviceConfig,requesting nits when no mapping exists.]
02-08 06:16:39.196 I/am_wtf ( 1466): [0,1466,system_server,-1,DisplayDeviceConfig,requesting nits when no mapping exists.]
02-08 06:16:39.212 I/am_wtf ( 1466): [0,1466,system_server,-1,DisplayDeviceConfig,requesting nits when no mapping exists.]
02-08 06:16:39.212 I/am_wtf ( 1466): [0,1466,system_server,-1,DisplayDeviceConfig,requesting nits when no mapping exists.]
02-08 06:16:39.229 I/am_wtf ( 1466): [0,1466,system_server,-1,DisplayDeviceConfig,requesting nits when no mapping exists.]
02-08 06:16:39.230 I/am_wtf ( 1466): [0,1466,system_server,-1,DisplayDeviceConfig,requesting nits when no mapping exists.]
02-08 06:16:39.245 I/am_wtf ( 1466): [0,1466,system_server,-1,DisplayDeviceConfig,requesting nits when no mapping exists.]
02-08 06:16:39.246 I/am_wtf ( 1466): [0,1466,system_server,-1,DisplayDeviceConfig,requesting nits when no mapping exists.]
02-08 06:16:39.262 I/am_wtf ( 1466): [0,1466,system_server,-1,DisplayDeviceConfig,requesting nits when no mapping exists.]
02-08 06:16:39.263 I/am_wtf ( 1466): [0,1466,system_server,-1,DisplayDeviceConfig,requesting nits when no mapping exists.]
02-08 06:16:39.278 I/am_wtf ( 1466): [0,1466,system_server,-1,DisplayDeviceConfig,requesting nits when no mapping exists.]
02-08 06:16:39.279 I/am_wtf ( 1466): [0,1466,system_server,-1,DisplayDeviceConfig,requesting nits when no mapping exists.]
02-08 06:16:39.295 I/am_wtf ( 1466): [0,1466,system_server,-1,DisplayDeviceConfig,requesting nits when no mapping exists.]
02-08 06:16:39.296 I/am_wtf ( 1466): [0,1466,system_server,-1,DisplayDeviceConfig,requesting nits when no mapping exists.]
02-08 06:16:39.312 I/am_wtf ( 1466): [0,1466,system_server,-1,DisplayDeviceConfig,requesting nits when no mapping exists.]
02-08 06:16:39.313 I/am_wtf ( 1466): [0,1466,system_server,-1,DisplayDeviceConfig,requesting nits when no mapping exists.]
02-08 06:16:39.329 I/am_wtf ( 1466): [0,1466,system_server,-1,DisplayDeviceConfig,requesting nits when no mapping exists.]
02-08 06:16:39.329 I/am_wtf ( 1466): [0,1466,system_server,-1,DisplayDeviceConfig,requesting nits when no mapping exists.]
02-08 06:16:39.345 I/am_wtf ( 1466): [0,1466,system_server,-1,DisplayDeviceConfig,requesting nits when no mapping exists.]
02-08 06:16:39.346 I/am_wtf ( 1466): [0,1466,system_server,-1,DisplayDeviceConfig,requesting nits when no mapping exists.]
02-08 06:16:39.362 I/am_wtf ( 1466): [0,1466,system_server,-1,DisplayDeviceConfig,requesting nits when no mapping exists.]
02-08 06:16:39.363 I/am_wtf ( 1466): [0,1466,system_server,-1,DisplayDeviceConfig,requesting nits when no mapping exists.]
02-08 06:16:39.379 I/am_wtf ( 1466): [0,1466,system_server,-1,DisplayDeviceConfig,requesting nits when no mapping exists.]
02-08 06:16:39.380 I/am_wtf ( 1466): [0,1466,system_server,-1,DisplayDeviceConfig,requesting nits when no mapping exists.]
02-08 06:16:39.396 I/am_wtf ( 1466): [0,1466,system_server,-1,DisplayDeviceConfig,requesting nits when no mapping exists.]
02-08 06:16:39.397 I/am_wtf ( 1466): [0,1466,system_server,-1,DisplayDeviceConfig,requesting nits when no mapping exists.]
02-08 06:16:39.412 I/am_wtf ( 1466): [0,1466,system_server,-1,DisplayDeviceConfig,requesting nits when no mapping exists.]
02-08 06:16:39.413 I/am_wtf ( 1466): [0,1466,system_server,-1,DisplayDeviceConfig,requesting nits when no mapping exists.]
02-08 06:16:39.429 I/am_wtf ( 1466): [0,1466,system_server,-1,DisplayDeviceConfig,requesting nits when no mapping exists.]
02-08 06:16:39.430 I/am_wtf ( 1466): [0,1466,system_server,-1,DisplayDeviceConfig,requesting nits when no mapping exists.]
02-08 06:16:39.446 I/am_wtf ( 1466): [0,1466,system_server,-1,DisplayDeviceConfig,requesting nits when no mapping exists.]
02-08 06:16:39.447 I/service_manager_stats( 1466): [100,50,98431]
02-08 06:16:39.447 I/am_wtf ( 1466): [0,1466,system_server,-1,DisplayDeviceConfig,requesting nits when no mapping exists.]
02-08 06:16:39.462 I/am_wtf ( 1466): [0,1466,system_server,-1,DisplayDeviceConfig,requesting nits when no mapping exists.]
02-08 06:16:39.463 I/am_wtf ( 1466): [0,1466,system_server,-1,DisplayDeviceConfig,requesting nits when no mapping exists.]
02-08 06:16:39.479 I/am_wtf ( 1466): [0,1466,system_server,-1,DisplayDeviceConfig,requesting nits when no mapping exists.]
02-08 06:16:39.480 I/am_wtf ( 1466): [0,1466,system_server,-1,DisplayDeviceConfig,requesting nits when no mapping exists.]
02-08 06:16:39.495 I/am_wtf ( 1466): [0,1466,system_server,-1,DisplayDeviceConfig,requesting nits when no mapping exists.]
02-08 06:16:39.496 I/am_wtf ( 1466): [0,1466,system_server,-1,DisplayDeviceConfig,requesting nits when no mapping exists.]
02-08 06:16:39.512 I/am_wtf ( 1466): [0,1466,system_server,-1,DisplayDeviceConfig,requesting nits when no mapping exists.]
02-08 06:16:39.513 I/am_wtf ( 1466): [0,1466,system_server,-1,DisplayDeviceConfig,requesting nits when no mapping exists.]
02-08 06:16:39.529 I/am_wtf ( 1466): [0,1466,system_server,-1,DisplayDeviceConfig,requesting nits when no mapping exists.]
02-08 06:16:39.529 I/am_wtf ( 1466): [0,1466,system_server,-1,DisplayDeviceConfig,requesting nits when no mapping exists.]
02-08 06:16:39.546 I/am_wtf ( 1466): [0,1466,system_server,-1,DisplayDeviceConfig,requesting nits when no mapping exists.]
02-08 06:16:39.546 I/am_wtf ( 1466): [0,1466,system_server,-1,DisplayDeviceConfig,requesting nits when no mapping exists.]
02-08 06:16:39.562 I/am_wtf ( 1466): [0,1466,system_server,-1,DisplayDeviceConfig,requesting nits when no mapping exists.]
02-08 06:16:39.563 I/am_wtf ( 1466): [0,1466,system_server,-1,DisplayDeviceConfig,requesting nits when no mapping exists.]
02-08 06:16:39.579 I/am_wtf ( 1466): [0,1466,system_server,-1,DisplayDeviceConfig,requesting nits when no mapping exists.]
02-08 06:16:39.581 I/am_wtf ( 1466): [0,1466,system_server,-1,DisplayDeviceConfig,requesting nits when no mapping exists.]
02-08 06:16:39.598 I/am_wtf ( 1466): [0,1466,system_server,-1,DisplayDeviceConfig,requesting nits when no mapping exists.]
02-08 06:16:39.599 I/am_wtf ( 1466): [0,1466,system_server,-1,DisplayDeviceConfig,requesting nits when no mapping exists.]
02-08 06:16:39.612 I/am_wtf ( 1466): [0,1466,system_server,-1,DisplayDeviceConfig,requesting nits when no mapping exists.]
02-08 06:16:39.613 I/am_wtf ( 1466): [0,1466,system_server,-1,DisplayDeviceConfig,requesting nits when no mapping exists.]
02-08 06:16:39.629 I/am_wtf ( 1466): [0,1466,system_server,-1,DisplayDeviceConfig,requesting nits when no mapping exists.]
02-08 06:16:39.630 I/am_wtf ( 1466): [0,1466,system_server,-1,DisplayDeviceConfig,requesting nits when no mapping exists.]
02-08 06:16:39.646 I/am_wtf ( 1466): [0,1466,system_server,-1,DisplayDeviceConfig,requesting nits when no mapping exists.]
02-08 06:16:39.647 I/am_wtf ( 1466): [0,1466,system_server,-1,DisplayDeviceConfig,requesting nits when no mapping exists.]
02-08 06:16:39.662 I/am_wtf ( 1466): [0,1466,system_server,-1,DisplayDeviceConfig,requesting nits when no mapping exists.]
02-08 06:16:39.663 I/am_wtf ( 1466): [0,1466,system_server,-1,DisplayDeviceConfig,requesting nits when no mapping exists.]
02-08 06:16:39.679 I/am_wtf ( 1466): [0,1466,system_server,-1,DisplayDeviceConfig,requesting nits when no mapping exists.]
02-08 06:16:39.680 I/am_wtf ( 1466): [0,1466,system_server,-1,DisplayDeviceConfig,requesting nits when no mapping exists.]
02-08 06:16:40.774 I/input_interaction( 1466): Interaction with: 1c0e47 PopupWindow:5544e42 (server), edge-swipe (server), swipe-up (server), PointerEventDispatcher0 (server),
02-08 06:16:40.777 I/sysui_multi_action( 1466): [757,1696,758,6,759,3]
02-08 06:16:40.782 I/am_wtf ( 1466): [0,1466,system_server,-1,DisplayDeviceConfig,requesting nits when no mapping exists.]
02-08 06:16:40.783 I/am_wtf ( 1466): [0,1466,system_server,-1,DisplayDeviceConfig,requesting nits when no mapping exists.]
02-08 06:16:40.799 I/am_wtf ( 1466): [0,1466,system_server,-1,DisplayDeviceConfig,requesting nits when no mapping exists.]
02-08 06:16:40.799 I/am_wtf ( 1466): [0,1466,system_server,-1,DisplayDeviceConfig,requesting nits when no mapping exists.]
02-08 06:16:40.815 I/am_wtf ( 1466): [0,1466,system_server,-1,DisplayDeviceConfig,requesting nits when no mapping exists.]
02-08 06:16:40.815 I/am_wtf ( 1466): [0,1466,system_server,-1,DisplayDeviceConfig,requesting nits when no mapping exists.]
02-08 06:16:40.831 I/am_wtf ( 1466): [0,1466,system_server,-1,DisplayDeviceConfig,requesting nits when no mapping exists.]
02-08 06:16:40.832 I/am_wtf ( 1466): [0,1466,system_server,-1,DisplayDeviceConfig,requesting nits when no mapping exists.]
02-08 06:16:40.848 I/am_wtf ( 1466): [0,1466,system_server,-1,DisplayDeviceConfig,requesting nits when no mapping exists.]
02-08 06:16:40.849 I/am_wtf ( 1466): [0,1466,system_server,-1,DisplayDeviceConfig,requesting nits when no mapping exists.]
02-08 06:16:40.865 I/am_wtf ( 1466): [0,1466,system_server,-1,DisplayDeviceConfig,requesting nits when no mapping exists.]
02-08 06:16:40.866 I/am_wtf ( 1466): [0,1466,system_server,-1,DisplayDeviceConfig,requesting nits when no mapping exists.]
02-08 06:16:40.882 I/am_wtf ( 1466): [0,1466,system_server,-1,DisplayDeviceConfig,requesting nits when no mapping exists.]
02-08 06:16:40.883 I/am_wtf ( 1466): [0,1466,system_server,-1,DisplayDeviceConfig,requesting nits when no mapping exists.]
02-08 06:16:40.899 I/am_wtf ( 1466): [0,1466,system_server,-1,DisplayDeviceConfig,requesting nits when no mapping exists.]
02-08 06:16:40.899 I/am_wtf ( 1466): [0,1466,system_server,-1,DisplayDeviceConfig,requesting nits when no mapping exists.]
02-08 06:16:40.915 I/am_wtf ( 1466): [0,1466,system_server,-1,DisplayDeviceConfig,requesting nits when no mapping exists.]
02-08 06:16:40.916 I/am_wtf ( 1466): [0,1466,system_server,-1,DisplayDeviceConfig,requesting nits when no mapping exists.]
02-08 06:16:40.932 I/am_wtf ( 1466): [0,1466,system_server,-1,DisplayDeviceConfig,requesting nits when no mapping exists.]
02-08 06:16:40.933 I/am_wtf ( 1466): [0,1466,system_server,-1,DisplayDeviceConfig,requesting nits when no mapping exists.]
02-08 06:16:40.951 I/am_wtf ( 1466): [0,1466,system_server,-1,DisplayDeviceConfig,requesting nits when no mapping exists.]
02-08 06:16:40.953 I/am_wtf ( 1466): [0,1466,system_server,-1,DisplayDeviceConfig,requesting nits when no mapping exists.]
02-08 06:16:40.966 I/am_wtf ( 1466): [0,1466,system_server,-1,DisplayDeviceConfig,requesting nits when no mapping exists.]
02-08 06:16:40.968 I/am_wtf ( 1466): [0,1466,system_server,-1,DisplayDeviceConfig,requesting nits when no mapping exists.]
02-08 06:16:40.983 I/am_wtf ( 1466): [0,1466,system_server,-1,DisplayDeviceConfig,requesting nits when no mapping exists.]
02-08 06:16:40.984 I/am_wtf ( 1466): [0,1466,system_server,-1,DisplayDeviceConfig,requesting nits when no mapping exists.]
02-08 06:16:41.000 I/am_wtf ( 1466): [0,1466,system_server,-1,DisplayDeviceConfig,requesting nits when no mapping exists.]
02-08 06:16:41.001 I/am_wtf ( 1466): [0,1466,system_server,-1,DisplayDeviceConfig,requesting nits when no mapping exists.]
02-08 06:16:41.016 I/am_wtf ( 1466): [0,1466,system_server,-1,DisplayDeviceConfig,requesting nits when no mapping exists.]
02-08 06:16:41.017 I/am_wtf ( 1466): [0,1466,system_server,-1,DisplayDeviceConfig,requesting nits when no mapping exists.]
02-08 06:16:41.032 I/am_wtf ( 1466): [0,1466,system_server,-1,DisplayDeviceConfig,requesting nits when no mapping exists.]
02-08 06:16:41.033 I/am_wtf ( 1466): [0,1466,system_server,-1,DisplayDeviceConfig,requesting nits when no mapping exists.]
02-08 06:16:41.049 I/am_wtf ( 1466): [0,1466,system_server,-1,DisplayDeviceConfig,requesting nits when no mapping exists.]
02-08 06:16:41.050 I/am_wtf ( 1466): [0,1466,system_server,-1,DisplayDeviceConfig,requesting nits when no mapping exists.]
02-08 06:16:41.065 I/am_wtf ( 1466): [0,1466,system_server,-1,DisplayDeviceConfig,requesting nits when no mapping exists.]
02-08 06:16:41.066 I/am_wtf ( 1466): [0,1466,system_server,-1,DisplayDeviceConfig,requesting nits when no mapping exists.]
02-08 06:16:41.082 I/am_wtf ( 1466): [0,1466,system_server,-1,DisplayDeviceConfig,requesting nits when no mapping exists.]
02-08 06:16:41.083 I/am_wtf ( 1466): [0,1466,system_server,-1,DisplayDeviceConfig,requesting nits when no mapping exists.]
02-08 06:16:41.099 I/am_wtf ( 1466): [0,1466,system_server,-1,DisplayDeviceConfig,requesting nits when no mapping exists.]
02-08 06:16:41.100 I/am_wtf ( 1466): [0,1466,system_server,-1,DisplayDeviceConfig,requesting nits when no mapping exists.]
02-08 06:16:41.116 I/am_wtf ( 1466): [0,1466,system_server,-1,DisplayDeviceConfig,requesting nits when no mapping exists.]
02-08 06:16:41.117 I/am_wtf ( 1466): [0,1466,system_server,-1,DisplayDeviceConfig,requesting nits when no mapping exists.]
02-08 06:16:41.132 I/am_wtf ( 1466): [0,1466,system_server,-1,DisplayDeviceConfig,requesting nits when no mapping exists.]
02-08 06:16:41.133 I/am_wtf ( 1466): [0,1466,system_server,-1,DisplayDeviceConfig,requesting nits when no mapping exists.]
02-08 06:16:41.149 I/am_wtf ( 1466): [0,1466,system_server,-1,DisplayDeviceConfig,requesting nits when no mapping exists.]
02-08 06:16:41.149 I/am_wtf ( 1466): [0,1466,system_server,-1,DisplayDeviceConfig,requesting nits when no mapping exists.]
02-08 06:16:41.165 I/am_wtf ( 1466): [0,1466,system_server,-1,DisplayDeviceConfig,requesting nits when no mapping exists.]
02-08 06:16:41.166 I/am_wtf ( 1466): [0,1466,system_server,-1,DisplayDeviceConfig,requesting nits when no mapping exists.]
02-08 06:16:41.182 I/am_wtf ( 1466): [0,1466,system_server,-1,DisplayDeviceConfig,requesting nits when no mapping exists.]
02-08 06:16:41.183 I/am_wtf ( 1466): [0,1466,system_server,-1,DisplayDeviceConfig,requesting nits when no mapping exists.]
02-08 06:16:41.200 I/am_wtf ( 1466): [0,1466,system_server,-1,DisplayDeviceConfig,requesting nits when no mapping exists.]
02-08 06:16:41.201 I/am_wtf ( 1466): [0,1466,system_server,-1,DisplayDeviceConfig,requesting nits when no mapping exists.]
02-08 06:16:41.224 I/am_wtf ( 1466): [0,1466,system_server,-1,DisplayDeviceConfig,requesting nits when no mapping exists.]
02-08 06:16:41.225 I/am_wtf ( 1466): [0,1466,system_server,-1,DisplayDeviceConfig,requesting nits when no mapping exists.]
02-08 06:16:41.233 I/am_wtf ( 1466): [0,1466,system_server,-1,DisplayDeviceConfig,requesting nits when no mapping exists.]
02-08 06:16:41.233 I/am_wtf ( 1466): [0,1466,system_server,-1,DisplayDeviceConfig,requesting nits when no mapping exists.]
02-08 06:16:41.249 I/am_wtf ( 1466): [0,1466,system_server,-1,DisplayDeviceConfig,requesting nits when no mapping exists.]
02-08 06:16:41.250 I/am_wtf ( 1466): [0,1466,system_server,-1,DisplayDeviceConfig,requesting nits when no mapping exists.]
02-08 06:16:41.266 I/am_wtf ( 1466): [0,1466,system_server,-1,DisplayDeviceConfig,requesting nits when no mapping exists.]
02-08 06:16:41.267 I/am_wtf ( 1466): [0,1466,system_server,-1,DisplayDeviceConfig,requesting nits when no mapping exists.]
02-08 06:16:41.284 I/am_wtf ( 1466): [0,1466,system_server,-1,DisplayDeviceConfig,requesting nits when no mapping exists.]
02-08 06:16:41.285 I/am_wtf ( 1466): [0,1466,system_server,-1,DisplayDeviceConfig,requesting nits when no mapping exists.]
02-08 06:16:41.299 I/am_wtf ( 1466): [0,1466,system_server,-1,DisplayDeviceConfig,requesting nits when no mapping exists.]
02-08 06:16:41.300 I/am_wtf ( 1466): [0,1466,system_server,-1,DisplayDeviceConfig,requesting nits when no mapping exists.]
02-08 06:16:41.316 I/am_wtf ( 1466): [0,1466,system_server,-1,DisplayDeviceConfig,requesting nits when no mapping exists.]
02-08 06:16:41.317 I/am_wtf ( 1466): [0,1466,system_server,-1,DisplayDeviceConfig,requesting nits when no mapping exists.]
02-08 06:16:41.333 I/am_wtf ( 1466): [0,1466,system_server,-1,DisplayDeviceConfig,requesting nits when no mapping exists.]
02-08 06:16:41.333 I/am_wtf ( 1466): [0,1466,system_server,-1,DisplayDeviceConfig,requesting nits when no mapping exists.]
02-08 06:16:41.349 I/am_wtf ( 1466): [0,1466,system_server,-1,DisplayDeviceConfig,requesting nits when no mapping exists.]
02-08 06:16:41.350 I/am_wtf ( 1466): [0,1466,system_server,-1,DisplayDeviceConfig,requesting nits when no mapping exists.]
02-08 06:16:41.366 I/am_wtf ( 1466): [0,1466,system_server,-1,DisplayDeviceConfig,requesting nits when no mapping exists.]
02-08 06:16:41.366 I/am_wtf ( 1466): [0,1466,system_server,-1,DisplayDeviceConfig,requesting nits when no mapping exists.]
02-08 06:16:41.383 I/am_wtf ( 1466): [0,1466,system_server,-1,DisplayDeviceConfig,requesting nits when no mapping exists.]
02-08 06:16:41.383 I/am_wtf ( 1466): [0,1466,system_server,-1,DisplayDeviceConfig,requesting nits when no mapping exists.]
02-08 06:16:41.404 I/am_wtf ( 1466): [0,1466,system_server,-1,DisplayDeviceConfig,requesting nits when no mapping exists.]
02-08 06:16:41.405 I/am_wtf ( 1466): [0,1466,system_server,-1,DisplayDeviceConfig,requesting nits when no mapping exists.]
02-08 06:16:41.417 I/am_wtf ( 1466): [0,1466,system_server,-1,DisplayDeviceConfig,requesting nits when no mapping exists.]
02-08 06:16:41.417 I/am_wtf ( 1466): [0,1466,system_server,-1,DisplayDeviceConfig,requesting nits when no mapping exists.]
02-08 06:16:41.433 I/am_wtf ( 1466): [0,1466,system_server,-1,DisplayDeviceConfig,requesting nits when no mapping exists.]
02-08 06:16:41.433 I/am_wtf ( 1466): [0,1466,system_server,-1,DisplayDeviceConfig,requesting nits when no mapping exists.]
02-08 06:16:41.450 I/am_wtf ( 1466): [0,1466,system_server,-1,DisplayDeviceConfig,requesting nits when no mapping exists.]
02-08 06:16:41.451 I/am_wtf ( 1466): [0,1466,system_server,-1,DisplayDeviceConfig,requesting nits when no mapping exists.]
02-08 06:16:41.467 I/am_wtf ( 1466): [0,1466,system_server,-1,DisplayDeviceConfig,requesting nits when no mapping exists.]
02-08 06:16:41.468 I/am_wtf ( 1466): [0,1466,system_server,-1,DisplayDeviceConfig,requesting nits when no mapping exists.]
02-08 06:16:41.483 I/am_wtf ( 1466): [0,1466,system_server,-1,DisplayDeviceConfig,requesting nits when no mapping exists.]
02-08 06:16:41.484 I/am_wtf ( 1466): [0,1466,system_server,-1,DisplayDeviceConfig,requesting nits when no mapping exists.]
02-08 06:16:41.500 I/am_wtf ( 1466): [0,1466,system_server,-1,DisplayDeviceConfig,requesting nits when no mapping exists.]
02-08 06:16:41.500 I/am_wtf ( 1466): [0,1466,system_server,-1,DisplayDeviceConfig,requesting nits when no mapping exists.]
02-08 06:16:41.516 I/am_wtf ( 1466): [0,1466,system_server,-1,DisplayDeviceConfig,requesting nits when no mapping exists.]
02-08 06:16:41.517 I/am_wtf ( 1466): [0,1466,system_server,-1,DisplayDeviceConfig,requesting nits when no mapping exists.]
02-08 06:16:41.533 I/am_wtf ( 1466): [0,1466,system_server,-1,DisplayDeviceConfig,requesting nits when no mapping exists.]
02-08 06:16:41.534 I/am_wtf ( 1466): [0,1466,system_server,-1,DisplayDeviceConfig,requesting nits when no mapping exists.]
02-08 06:16:41.550 I/am_wtf ( 1466): [0,1466,system_server,-1,DisplayDeviceConfig,requesting nits when no mapping exists.]
02-08 06:16:41.550 I/am_wtf ( 1466): [0,1466,system_server,-1,DisplayDeviceConfig,requesting nits when no mapping exists.]
02-08 06:16:41.566 I/am_wtf ( 1466): [0,1466,system_server,-1,DisplayDeviceConfig,requesting nits when no mapping exists.]
02-08 06:16:41.567 I/am_wtf ( 1466): [0,1466,system_server,-1,DisplayDeviceConfig,requesting nits when no mapping exists.]
02-08 06:16:41.583 I/am_wtf ( 1466): [0,1466,system_server,-1,DisplayDeviceConfig,requesting nits when no mapping exists.]
02-08 06:16:41.584 I/am_wtf ( 1466): [0,1466,system_server,-1,DisplayDeviceConfig,requesting nits when no mapping exists.]
02-08 06:16:41.601 I/am_wtf ( 1466): [0,1466,system_server,-1,DisplayDeviceConfig,requesting nits when no mapping exists.]
02-08 06:16:41.601 I/am_wtf ( 1466): [0,1466,system_server,-1,DisplayDeviceConfig,requesting nits when no mapping exists.]
02-08 06:16:41.619 I/am_wtf ( 1466): [0,1466,system_server,-1,DisplayDeviceConfig,requesting nits when no mapping exists.]
02-08 06:16:41.621 I/am_wtf ( 1466): [0,1466,system_server,-1,DisplayDeviceConfig,requesting nits when no mapping exists.]
02-08 06:16:41.634 I/am_wtf ( 1466): [0,1466,system_server,-1,DisplayDeviceConfig,requesting nits when no mapping exists.]
02-08 06:16:41.634 I/am_wtf ( 1466): [0,1466,system_server,-1,DisplayDeviceConfig,requesting nits when no mapping exists.]
02-08 06:16:41.650 I/am_wtf ( 1466): [0,1466,system_server,-1,DisplayDeviceConfig,requesting nits when no mapping exists.]
02-08 06:16:41.650 I/am_wtf ( 1466): [0,1466,system_server,-1,DisplayDeviceConfig,requesting nits when no mapping exists.]
02-08 06:16:41.667 I/am_wtf ( 1466): [0,1466,system_server,-1,DisplayDeviceConfig,requesting nits when no mapping exists.]
02-08 06:16:41.668 I/am_wtf ( 1466): [0,1466,system_server,-1,DisplayDeviceConfig,requesting nits when no mapping exists.]
02-08 06:16:41.684 I/am_wtf ( 1466): [0,1466,system_server,-1,DisplayDeviceConfig,requesting nits when no mapping exists.]
02-08 06:16:41.684 I/am_wtf ( 1466): [0,1466,system_server,-1,DisplayDeviceConfig,requesting nits when no mapping exists.]
02-08 06:16:41.701 I/am_wtf ( 1466): [0,1466,system_server,-1,DisplayDeviceConfig,requesting nits when no mapping exists.]
02-08 06:16:41.701 I/am_wtf ( 1466): [0,1466,system_server,-1,DisplayDeviceConfig,requesting nits when no mapping exists.]
02-08 06:16:41.717 I/am_wtf ( 1466): [0,1466,system_server,-1,DisplayDeviceConfig,requesting nits when no mapping exists.]
02-08 06:16:41.718 I/am_wtf ( 1466): [0,1466,system_server,-1,DisplayDeviceConfig,requesting nits when no mapping exists.]
02-08 06:16:41.734 I/am_wtf ( 1466): [0,1466,system_server,-1,DisplayDeviceConfig,requesting nits when no mapping exists.]
02-08 06:16:41.734 I/am_wtf ( 1466): [0,1466,system_server,-1,DisplayDeviceConfig,requesting nits when no mapping exists.]
02-08 06:16:42.235 I/input_focus( 1466): [Focus request a3caed1 com.android.settings/com.android.settings.Settings,reason=UpdateInputWindows]
02-08 06:16:42.253 I/input_focus( 1466): [Focus entering a3caed1 com.android.settings/com.android.settings.Settings (server),reason=setFocusedWindow]
02-08 06:16:42.253 I/sysui_multi_action( 7109): [757,538,758,2,1089,56358]
02-08 06:16:43.554 I/input_interaction( 1466): Interaction with: a3caed1 com.android.settings/com.android.settings.Settings (server), edge-swipe (server), swipe-up (server), PointerEventDispatcher0 (server),
02-08 06:16:43.693 I/sysui_multi_action( 7109): [757,161,758,4]
02-08 06:16:43.697 I/sysui_multi_action( 7109): [757,830,758,4,833,0,854,bluetooth_screen_bt_pair_rename_devices,1089,0]
02-08 06:16:43.739 I/sysui_multi_action( 7109): [757,538,758,1,833,0,1089,38]
02-08 06:16:43.750 I/input_focus( 1466): [Focus request 70c16bb com.android.settings/com.android.settings.Settings,reason=UpdateInputWindows]
02-08 06:16:43.774 I/input_focus( 1466): [Focus leaving a3caed1 com.android.settings/com.android.settings.Settings (server),reason=setFocusedWindow]
02-08 06:16:43.774 I/input_focus( 1466): [Focus entering 70c16bb com.android.settings/com.android.settings.Settings (server),reason=setFocusedWindow]
02-08 06:16:44.543 I/input_interaction( 1466): Interaction with: dcc0a9e PopupWindow:5544e42 (server), edge-swipe (server), swipe-up (server), PointerEventDispatcher0 (server),
02-08 06:16:44.546 I/service_manager_stats( 1466): [160,67,5099]
02-08 06:16:46.491 I/am_uid_idle( 1466): 10067
02-08 06:16:50.353 I/input_interaction( 1466): Interaction with: 70c16bb com.android.settings/com.android.settings.Settings (server), edge-swipe (server), swipe-up (server), PointerEventDispatcher0 (server),
02-08 06:16:50.518 I/input_focus( 1466): [Focus request a3caed1 com.android.settings/com.android.settings.Settings,reason=UpdateInputWindows]
02-08 06:16:50.520 I/sysui_multi_action( 7109): [757,538,758,2,1089,6781]
02-08 06:16:50.538 I/input_focus( 1466): [Focus entering a3caed1 com.android.settings/com.android.settings.Settings (server),reason=setFocusedWindow]
02-08 06:16:51.220 I/input_interaction( 1466): Interaction with: a3caed1 com.android.settings/com.android.settings.Settings (server), edge-swipe (server), swipe-up (server), PointerEventDispatcher0 (server),
02-08 06:16:51.344 I/sysui_multi_action( 7109): [757,161,758,4]
02-08 06:16:51.347 I/sysui_multi_action( 7109): [757,830,758,4,833,0,854,bluetooth_screen_bt_pair_rename_devices,1089,0]
02-08 06:16:51.383 I/sysui_multi_action( 7109): [757,538,758,1,833,0,1089,33]
02-08 06:16:51.396 I/input_focus( 1466): [Focus request 6b9035f com.android.settings/com.android.settings.Settings,reason=UpdateInputWindows]
02-08 06:16:51.410 I/input_focus( 1466): [Focus leaving a3caed1 com.android.settings/com.android.settings.Settings (server),reason=setFocusedWindow]
02-08 06:16:51.411 I/input_focus( 1466): [Focus entering 6b9035f com.android.settings/com.android.settings.Settings (server),reason=setFocusedWindow]
02-08 06:16:52.446 I/input_interaction( 1466): Interaction with: e936c47 PopupWindow:5544e42 (server), edge-swipe (server), swipe-up (server), PointerEventDispatcher0 (server),
02-08 06:16:57.915 I/am_freeze( 1466): [3476,android.process.media]
02-08 06:16:57.919 I/am_freeze( 1466): [3912,com.qti.diagservices]
02-08 06:16:57.921 I/am_kill ( 1466): [0,3476,android.process.media,975,Unable to freeze binder interface]
02-08 06:16:57.927 I/am_kill ( 1466): [0,3912,com.qti.diagservices,999,Unable to freeze binder interface]
02-08 06:16:57.953 I/am_proc_died( 1466): [0,3912,com.qti.diagservices,999,10]
02-08 06:16:57.955 I/am_schedule_service_restart( 1466): [0,com.qti.diagservices/.QTIDiagServices,1000]
02-08 06:16:57.963 I/am_proc_died( 1466): [0,3476,android.process.media,975,10]
02-08 06:16:57.964 I/am_schedule_service_restart( 1466): [0,com.android.mtp/.MtpService,4805156]
02-08 06:16:57.964 I/am_uid_stopped( 1466): 10020
02-08 06:16:57.966 I/am_pss ( 1466): [10243,10067,com.android.webview:webview_service,20097024,3690496,0,84373504,0,19,5]
02-08 06:16:57.973 I/am_pss ( 1466): [3404,10084,com.qualcomm.qti.workloadclassifier,11419648,8871936,0,102866944,0,0,6]
02-08 06:16:57.979 I/am_pss ( 1466): [3386,10088,com.qualcomm.qti.qccnetstat,6302720,4255744,0,91951104,0,0,5]
02-08 06:16:57.985 I/am_pss ( 1466): [3380,10072,com.qualcomm.qti.services.systemhelper:systemhelper_service,6579200,4468736,0,93872128,0,0,5]
02-08 06:16:57.991 I/am_pss ( 1466): [3356,10054,.pasr,5633024,3678208,0,89366528,0,0,5]
02-08 06:16:57.997 I/am_pss ( 1466): [3333,10059,ts.car.uart,6420480,4472832,0,90443776,0,0,6]
02-08 06:16:58.005 I/am_pss ( 1466): [3302,10082,com.hht.lebocast,44562432,25370624,0,117342208,0,0,7]
02-08 06:16:58.011 I/am_pss ( 1466): [3913,10063,com.qualcomm.qti.devicestatisticsservice,5582848,3633152,0,89206784,0,0,5]
02-08 06:16:58.987 I/am_proc_start( 1466): [0,10361,1000,com.qti.diagservices,service,{com.qti.diagservices/com.qti.diagservices.QTIDiagServices}]
02-08 06:16:59.026 I/am_proc_bound( 1466): [0,10361,com.qti.diagservices]
02-08 06:16:59.059 I/auditd (10361): type=1400 audit(0.0:840): avc: denied { read write } for comm="ti.diagservices" name="diag" dev="tmpfs" ino=1124 scontext=u:r:system_app:s0 tcontext=u:object_r:vendor_diag_device:s0 tclass=chr_file permissive=0
02-08 06:17:02.362 I/am_uid_idle( 1466): 10093
02-08 06:17:17.190 I/input_interaction( 1466): Interaction with: 6b9035f com.android.settings/com.android.settings.Settings (server), edge-swipe (server), swipe-up (server), PointerEventDispatcher0 (server),
02-08 06:17:17.348 I/sysui_multi_action( 7109): [757,538,758,2,1089,25964]
02-08 06:17:17.350 I/input_focus( 1466): [Focus request a3caed1 com.android.settings/com.android.settings.Settings,reason=UpdateInputWindows]
02-08 06:17:17.370 I/input_focus( 1466): [Focus entering a3caed1 com.android.settings/com.android.settings.Settings (server),reason=setFocusedWindow]
02-08 06:17:17.558 I/commit_sys_config_file( 1466): [settings-2-0,7]
02-08 06:17:37.382 I/am_pss ( 1466): [10361,1000,com.qti.diagservices,5978112,3698688,0,93720576,0,10,11]
02-08 06:17:37.393 I/am_pss ( 1466): [10243,10067,com.android.webview:webview_service,20088832,3690496,0,84373504,0,19,9]
02-08 06:18:10.322 I/sysui_multi_action( 1466): [757,1696,758,6,759,2]
02-08 06:18:10.324 I/am_wtf ( 1466): [0,1466,system_server,-1,DisplayDeviceConfig,requesting nits when no mapping exists.]
02-08 06:18:10.327 I/am_wtf ( 1466): [0,1466,system_server,-1,DisplayDeviceConfig,requesting nits when no mapping exists.]
02-08 06:18:10.339 I/am_wtf ( 1466): [0,1466,system_server,-1,DisplayDeviceConfig,requesting nits when no mapping exists.]
02-08 06:18:10.341 I/am_wtf ( 1466): [0,1466,system_server,-1,DisplayDeviceConfig,requesting nits when no mapping exists.]
02-08 06:18:10.357 I/am_wtf ( 1466): [0,1466,system_server,-1,DisplayDeviceConfig,requesting nits when no mapping exists.]
02-08 06:18:10.359 I/am_wtf ( 1466): [0,1466,system_server,-1,DisplayDeviceConfig,requesting nits when no mapping exists.]
02-08 06:18:10.364 I/am_wtf ( 1466): [0,1466,system_server,-1,DisplayDeviceConfig,requesting nits when no mapping exists.]
02-08 06:18:10.365 I/am_wtf ( 1466): [0,1466,system_server,-1,DisplayDeviceConfig,requesting nits when no mapping exists.]
02-08 06:18:10.380 I/am_wtf ( 1466): [0,1466,system_server,-1,DisplayDeviceConfig,requesting nits when no mapping exists.]
02-08 06:18:10.381 I/am_wtf ( 1466): [0,1466,system_server,-1,DisplayDeviceConfig,requesting nits when no mapping exists.]
02-08 06:18:10.397 I/am_wtf ( 1466): [0,1466,system_server,-1,DisplayDeviceConfig,requesting nits when no mapping exists.]
02-08 06:18:10.398 I/am_wtf ( 1466): [0,1466,system_server,-1,DisplayDeviceConfig,requesting nits when no mapping exists.]
02-08 06:18:10.413 I/am_wtf ( 1466): [0,1466,system_server,-1,DisplayDeviceConfig,requesting nits when no mapping exists.]
02-08 06:18:10.414 I/service_manager_stats( 1466): [100,59,85868]
02-08 06:18:10.414 I/am_wtf ( 1466): [0,1466,system_server,-1,DisplayDeviceConfig,requesting nits when no mapping exists.]
02-08 06:18:10.430 I/am_wtf ( 1466): [0,1466,system_server,-1,DisplayDeviceConfig,requesting nits when no mapping exists.]
02-08 06:18:10.431 I/am_wtf ( 1466): [0,1466,system_server,-1,DisplayDeviceConfig,requesting nits when no mapping exists.]
02-08 06:18:10.447 I/am_wtf ( 1466): [0,1466,system_server,-1,DisplayDeviceConfig,requesting nits when no mapping exists.]
02-08 06:18:10.448 I/am_wtf ( 1466): [0,1466,system_server,-1,DisplayDeviceConfig,requesting nits when no mapping exists.]
02-08 06:18:10.464 I/am_wtf ( 1466): [0,1466,system_server,-1,DisplayDeviceConfig,requesting nits when no mapping exists.]
02-08 06:18:10.465 I/am_wtf ( 1466): [0,1466,system_server,-1,DisplayDeviceConfig,requesting nits when no mapping exists.]
02-08 06:18:10.481 I/am_wtf ( 1466): [0,1466,system_server,-1,DisplayDeviceConfig,requesting nits when no mapping exists.]
02-08 06:18:10.481 I/am_wtf ( 1466): [0,1466,system_server,-1,DisplayDeviceConfig,requesting nits when no mapping exists.]
02-08 06:18:10.497 I/am_wtf ( 1466): [0,1466,system_server,-1,DisplayDeviceConfig,requesting nits when no mapping exists.]
02-08 06:18:10.498 I/am_wtf ( 1466): [0,1466,system_server,-1,DisplayDeviceConfig,requesting nits when no mapping exists.]
02-08 06:18:10.514 I/am_wtf ( 1466): [0,1466,system_server,-1,DisplayDeviceConfig,requesting nits when no mapping exists.]
02-08 06:18:10.515 I/am_wtf ( 1466): [0,1466,system_server,-1,DisplayDeviceConfig,requesting nits when no mapping exists.]
02-08 06:18:10.531 I/am_wtf ( 1466): [0,1466,system_server,-1,DisplayDeviceConfig,requesting nits when no mapping exists.]
02-08 06:18:10.531 I/am_wtf ( 1466): [0,1466,system_server,-1,DisplayDeviceConfig,requesting nits when no mapping exists.]
02-08 06:18:10.547 I/am_wtf ( 1466): [0,1466,system_server,-1,DisplayDeviceConfig,requesting nits when no mapping exists.]
02-08 06:18:10.548 I/am_wtf ( 1466): [0,1466,system_server,-1,DisplayDeviceConfig,requesting nits when no mapping exists.]
02-08 06:18:10.565 I/am_wtf ( 1466): [0,1466,system_server,-1,DisplayDeviceConfig,requesting nits when no mapping exists.]
02-08 06:18:10.566 I/am_wtf ( 1466): [0,1466,system_server,-1,DisplayDeviceConfig,requesting nits when no mapping exists.]
02-08 06:18:10.581 I/am_wtf ( 1466): [0,1466,system_server,-1,DisplayDeviceConfig,requesting nits when no mapping exists.]
02-08 06:18:10.582 I/am_wtf ( 1466): [0,1466,system_server,-1,DisplayDeviceConfig,requesting nits when no mapping exists.]
02-08 06:18:10.598 I/am_wtf ( 1466): [0,1466,system_server,-1,DisplayDeviceConfig,requesting nits when no mapping exists.]
02-08 06:18:10.599 I/am_wtf ( 1466): [0,1466,system_server,-1,DisplayDeviceConfig,requesting nits when no mapping exists.]
02-08 06:18:10.614 I/am_wtf ( 1466): [0,1466,system_server,-1,DisplayDeviceConfig,requesting nits when no mapping exists.]
02-08 06:18:10.615 I/am_wtf ( 1466): [0,1466,system_server,-1,DisplayDeviceConfig,requesting nits when no mapping exists.]
02-08 06:18:10.631 I/am_wtf ( 1466): [0,1466,system_server,-1,DisplayDeviceConfig,requesting nits when no mapping exists.]
02-08 06:18:10.632 I/am_wtf ( 1466): [0,1466,system_server,-1,DisplayDeviceConfig,requesting nits when no mapping exists.]
02-08 06:18:10.648 I/am_wtf ( 1466): [0,1466,system_server,-1,DisplayDeviceConfig,requesting nits when no mapping exists.]
02-08 06:18:10.648 I/am_wtf ( 1466): [0,1466,system_server,-1,DisplayDeviceConfig,requesting nits when no mapping exists.]
02-08 06:18:10.665 I/am_wtf ( 1466): [0,1466,system_server,-1,DisplayDeviceConfig,requesting nits when no mapping exists.]
02-08 06:18:10.666 I/am_wtf ( 1466): [0,1466,system_server,-1,DisplayDeviceConfig,requesting nits when no mapping exists.]
02-08 06:18:10.681 I/am_wtf ( 1466): [0,1466,system_server,-1,DisplayDeviceConfig,requesting nits when no mapping exists.]
02-08 06:18:10.682 I/am_wtf ( 1466): [0,1466,system_server,-1,DisplayDeviceConfig,requesting nits when no mapping exists.]
02-08 06:18:10.698 I/am_wtf ( 1466): [0,1466,system_server,-1,DisplayDeviceConfig,requesting nits when no mapping exists.]
02-08 06:18:10.699 I/am_wtf ( 1466): [0,1466,system_server,-1,DisplayDeviceConfig,requesting nits when no mapping exists.]
02-08 06:18:10.714 I/am_wtf ( 1466): [0,1466,system_server,-1,DisplayDeviceConfig,requesting nits when no mapping exists.]
02-08 06:18:10.715 I/am_wtf ( 1466): [0,1466,system_server,-1,DisplayDeviceConfig,requesting nits when no mapping exists.]
02-08 06:18:10.732 I/am_wtf ( 1466): [0,1466,system_server,-1,DisplayDeviceConfig,requesting nits when no mapping exists.]
02-08 06:18:10.733 I/am_wtf ( 1466): [0,1466,system_server,-1,DisplayDeviceConfig,requesting nits when no mapping exists.]
02-08 06:18:10.748 I/am_wtf ( 1466): [0,1466,system_server,-1,DisplayDeviceConfig,requesting nits when no mapping exists.]
02-08 06:18:10.749 I/am_wtf ( 1466): [0,1466,system_server,-1,DisplayDeviceConfig,requesting nits when no mapping exists.]
02-08 06:18:10.765 I/am_wtf ( 1466): [0,1466,system_server,-1,DisplayDeviceConfig,requesting nits when no mapping exists.]
02-08 06:18:10.766 I/am_wtf ( 1466): [0,1466,system_server,-1,DisplayDeviceConfig,requesting nits when no mapping exists.]
02-08 06:18:10.782 I/am_wtf ( 1466): [0,1466,system_server,-1,DisplayDeviceConfig,requesting nits when no mapping exists.]
02-08 06:18:10.783 I/am_wtf ( 1466): [0,1466,system_server,-1,DisplayDeviceConfig,requesting nits when no mapping exists.]
02-08 06:18:10.798 I/am_wtf ( 1466): [0,1466,system_server,-1,DisplayDeviceConfig,requesting nits when no mapping exists.]
02-08 06:18:10.799 I/am_wtf ( 1466): [0,1466,system_server,-1,DisplayDeviceConfig,requesting nits when no mapping exists.]
02-08 06:18:10.815 I/am_wtf ( 1466): [0,1466,system_server,-1,DisplayDeviceConfig,requesting nits when no mapping exists.]
02-08 06:18:10.815 I/am_wtf ( 1466): [0,1466,system_server,-1,DisplayDeviceConfig,requesting nits when no mapping exists.]
02-08 06:18:10.832 I/am_wtf ( 1466): [0,1466,system_server,-1,DisplayDeviceConfig,requesting nits when no mapping exists.]
02-08 06:18:10.833 I/am_wtf ( 1466): [0,1466,system_server,-1,DisplayDeviceConfig,requesting nits when no mapping exists.]
02-08 06:18:10.849 I/am_wtf ( 1466): [0,1466,system_server,-1,DisplayDeviceConfig,requesting nits when no mapping exists.]
02-08 06:18:10.850 I/am_wtf ( 1466): [0,1466,system_server,-1,DisplayDeviceConfig,requesting nits when no mapping exists.]
02-08 06:18:10.865 I/am_wtf ( 1466): [0,1466,system_server,-1,DisplayDeviceConfig,requesting nits when no mapping exists.]
02-08 06:18:10.866 I/am_wtf ( 1466): [0,1466,system_server,-1,DisplayDeviceConfig,requesting nits when no mapping exists.]
02-08 06:18:10.882 I/am_wtf ( 1466): [0,1466,system_server,-1,DisplayDeviceConfig,requesting nits when no mapping exists.]
02-08 06:18:10.883 I/am_wtf ( 1466): [0,1466,system_server,-1,DisplayDeviceConfig,requesting nits when no mapping exists.]
02-08 06:18:10.898 I/am_wtf ( 1466): [0,1466,system_server,-1,DisplayDeviceConfig,requesting nits when no mapping exists.]
02-08 06:18:10.899 I/am_wtf ( 1466): [0,1466,system_server,-1,DisplayDeviceConfig,requesting nits when no mapping exists.]
02-08 06:18:10.915 I/am_wtf ( 1466): [0,1466,system_server,-1,DisplayDeviceConfig,requesting nits when no mapping exists.]
02-08 06:18:10.916 I/am_wtf ( 1466): [0,1466,system_server,-1,DisplayDeviceConfig,requesting nits when no mapping exists.]
02-08 06:18:10.932 I/am_wtf ( 1466): [0,1466,system_server,-1,DisplayDeviceConfig,requesting nits when no mapping exists.]
02-08 06:18:10.933 I/am_wtf ( 1466): [0,1466,system_server,-1,DisplayDeviceConfig,requesting nits when no mapping exists.]
02-08 06:18:10.949 I/am_wtf ( 1466): [0,1466,system_server,-1,DisplayDeviceConfig,requesting nits when no mapping exists.]
02-08 06:18:10.950 I/am_wtf ( 1466): [0,1466,system_server,-1,DisplayDeviceConfig,requesting nits when no mapping exists.]
02-08 06:18:10.966 I/am_wtf ( 1466): [0,1466,system_server,-1,DisplayDeviceConfig,requesting nits when no mapping exists.]
02-08 06:18:10.966 I/am_wtf ( 1466): [0,1466,system_server,-1,DisplayDeviceConfig,requesting nits when no mapping exists.]
02-08 06:18:10.982 I/am_wtf ( 1466): [0,1466,system_server,-1,DisplayDeviceConfig,requesting nits when no mapping exists.]
02-08 06:18:10.983 I/am_wtf ( 1466): [0,1466,system_server,-1,DisplayDeviceConfig,requesting nits when no mapping exists.]
02-08 06:18:10.999 I/am_wtf ( 1466): [0,1466,system_server,-1,DisplayDeviceConfig,requesting nits when no mapping exists.]
02-08 06:18:11.000 I/am_wtf ( 1466): [0,1466,system_server,-1,DisplayDeviceConfig,requesting nits when no mapping exists.]
02-08 06:18:11.016 I/am_wtf ( 1466): [0,1466,system_server,-1,DisplayDeviceConfig,requesting nits when no mapping exists.]
02-08 06:18:11.016 I/am_wtf ( 1466): [0,1466,system_server,-1,DisplayDeviceConfig,requesting nits when no mapping exists.]
02-08 06:18:11.032 I/am_wtf ( 1466): [0,1466,system_server,-1,DisplayDeviceConfig,requesting nits when no mapping exists.]
02-08 06:18:11.033 I/am_wtf ( 1466): [0,1466,system_server,-1,DisplayDeviceConfig,requesting nits when no mapping exists.]
02-08 06:18:11.049 I/am_wtf ( 1466): [0,1466,system_server,-1,DisplayDeviceConfig,requesting nits when no mapping exists.]
