02-08 05:46:56.471 I/am_kill ( 1466): [0,3105,com.android.deskclock,985,Unable to freeze binder interface]
02-08 05:46:56.507 I/am_proc_died( 1466): [0,3105,com.android.deskclock,985,19]
02-08 05:46:56.508 I/am_uid_stopped( 1466): 10065
02-08 05:46:56.561 I/am_freeze( 1466): [4063,com.android.dynsystem]
02-08 05:46:56.562 I/am_kill ( 1466): [0,4063,com.android.dynsystem,985,Unable to freeze binder interface]
02-08 05:46:56.586 I/am_proc_died( 1466): [0,4063,com.android.dynsystem,985,19]
02-08 05:46:56.598 I/am_freeze( 1466): [4087,com.android.dynsystem:dynsystem]
02-08 05:46:56.598 I/am_kill ( 1466): [0,4087,com.android.dynsystem:dynsystem,975,Unable to freeze binder interface]
02-08 05:46:56.620 I/am_proc_died( 1466): [0,4087,com.android.dynsystem:dynsystem,975,19]
02-08 05:46:57.046 I/am_freeze( 1466): [4146,com.android.music]
02-08 05:46:57.048 I/am_kill ( 1466): [0,4146,com.android.music,965,Unable to freeze binder interface]
02-08 05:46:57.080 I/am_proc_died( 1466): [0,4146,com.android.music,965,19]
02-08 05:46:57.080 I/am_uid_stopped( 1466): 10083
02-08 05:46:57.213 I/am_freeze( 1466): [4183,com.android.onetimeinitializer]
02-08 05:46:57.214 I/am_kill ( 1466): [0,4183,com.android.onetimeinitializer,965,Unable to freeze binder interface]
02-08 05:46:57.248 I/am_proc_died( 1466): [0,4183,com.android.onetimeinitializer,965,19]
02-08 05:46:57.249 I/am_uid_stopped( 1466): 10060
02-08 05:46:57.434 I/am_freeze( 1466): [2965,com.android.settings]
02-08 05:46:57.436 I/am_kill ( 1466): [0,2965,com.android.settings,955,Unable to freeze binder interface]
02-08 05:46:57.496 I/am_proc_died( 1466): [0,2965,com.android.settings,955,19]
02-08 05:46:58.030 I/am_freeze( 1466): [4284,com.qualcomm.qti.qms.service.connectionsecurity]
02-08 05:46:58.034 I/am_freeze( 1466): [3532,com.qualcomm.qtil.aptxui]
02-08 05:46:58.036 I/am_kill ( 1466): [0,4284,com.qualcomm.qti.qms.service.connectionsecurity,935,Unable to freeze binder interface]
02-08 05:46:58.038 I/am_kill ( 1466): [0,3532,com.qualcomm.qtil.aptxui,935,Unable to freeze binder interface]
02-08 05:46:58.061 I/am_proc_died( 1466): [0,4284,com.qualcomm.qti.qms.service.connectionsecurity,935,19]
02-08 05:46:58.062 I/am_uid_stopped( 1466): 10058
02-08 05:46:58.069 I/am_proc_died( 1466): [0,3532,com.qualcomm.qtil.aptxui,935,19]
02-08 05:46:58.070 I/am_uid_stopped( 1466): 10085
02-08 05:46:58.084 I/am_freeze( 1466): [3743,com.android.externalstorage]
02-08 05:46:58.085 I/am_kill ( 1466): [0,3743,com.android.externalstorage,925,Unable to freeze binder interface]
02-08 05:46:58.120 I/am_proc_died( 1466): [0,3743,com.android.externalstorage,925,19]
02-08 05:46:58.121 I/am_uid_stopped( 1466): 10022
02-08 05:46:58.184 I/am_freeze( 1466): [4320,com.android.localtransport]
02-08 05:46:58.185 I/am_kill ( 1466): [0,4320,com.android.localtransport,925,Unable to freeze binder interface]
02-08 05:46:58.213 I/am_proc_died( 1466): [0,4320,com.android.localtransport,925,19]
02-08 05:46:58.525 I/am_freeze( 1466): [4095,com.android.gallery3d]
02-08 05:46:58.527 I/am_kill ( 1466): [0,4095,com.android.gallery3d,935,Unable to freeze binder interface]
02-08 05:46:58.556 I/am_proc_died( 1466): [0,4095,com.android.gallery3d,935,19]
02-08 05:46:58.557 I/am_uid_stopped( 1466): 10070
02-08 05:47:02.364 I/am_freeze( 1466): [3832,com.android.providers.calendar]
02-08 05:47:02.368 I/am_kill ( 1466): [0,3832,com.android.providers.calendar,925,Unable to freeze binder interface]
02-08 05:47:02.405 I/am_proc_died( 1466): [0,3832,com.android.providers.calendar,925,19]
02-08 05:47:02.406 I/am_uid_stopped( 1466): 10029
02-08 05:47:03.450 I/am_freeze( 1466): [4458,com.qualcomm.qti.qms.service.trustzoneaccess]
02-08 05:47:03.452 I/am_kill ( 1466): [0,4458,com.qualcomm.qti.qms.service.trustzoneaccess,915,Unable to freeze binder interface]
02-08 05:47:03.491 I/am_proc_died( 1466): [0,4458,com.qualcomm.qti.qms.service.trustzoneaccess,915,19]
02-08 05:47:03.492 I/am_uid_stopped( 1466): 10057
02-08 05:47:53.435 I/am_pss ( 1466): [1466,1000,system,221099008,134578176,0,521842688,0,0,30]
02-08 05:47:53.443 I/am_pss ( 1466): [3501,10079,com.qualcomm.location.XT,6747136,4567040,0,92717056,0,6,7]
02-08 05:47:53.453 I/am_pss ( 1466): [3710,10025,com.baidu.input,87096320,79953920,0,202043392,0,7,9]
02-08 05:47:53.461 I/am_pss ( 1466): [2354,1002,com.android.bluetooth,33386496,28635136,0,139563008,0,0,7]
02-08 05:47:53.466 I/am_pss ( 1466): [3103,10095,android.ext.services,7705600,5382144,0,95469568,0,5,4]
02-08 05:47:53.472 I/am_pss ( 1466): [2862,10080,com.android.launcher3,15862784,13090816,0,107134976,0,5,5]
02-08 05:47:53.477 I/am_pss ( 1466): [2606,1001,.dataservices,8043520,5861376,0,93843456,0,0,5]
02-08 05:47:53.483 I/am_pss ( 1466): [2493,1073,com.android.networkstack.process,11210752,8306688,0,104210432,0,0,5]
02-08 05:47:53.494 I/am_pss ( 1466): [2370,10081,com.android.systemui,170545152,144920576,0,330326016,0,0,10]
02-08 05:48:03.207 I/am_freeze( 1466): [2374,com.android.permissioncontroller]
02-08 05:48:03.210 I/am_kill ( 1466): [0,2374,com.android.permissioncontroller,905,Unable to freeze binder interface]
02-08 05:48:03.256 I/am_proc_died( 1466): [0,2374,com.android.permissioncontroller,905,19]
02-08 05:48:03.257 I/am_uid_stopped( 1466): 10093
02-08 05:48:03.271 I/am_pss ( 1466): [3420,10094,com.android.providers.media.module,20803584,16257024,0,126283776,0,0,9]
02-08 05:48:03.280 I/am_pss ( 1466): [3476,10020,android.process.media,11436032,8482816,0,104349696,0,10,7]
02-08 05:48:03.288 I/am_pss ( 1466): [2981,10087,com.qualcomm.qti.qccauthmgr,6764544,4304896,0,95731712,0,19,6]
02-08 05:48:03.296 I/am_pss ( 1466): [3753,10031,android.process.acore,13902848,9490432,0,117411840,0,19,7]
02-08 05:48:03.303 I/am_pss ( 1466): [3404,10084,com.qualcomm.qti.workloadclassifier,11634688,8794112,0,102723584,0,0,6]
02-08 05:48:03.309 I/am_pss ( 1466): [3386,10088,com.qualcomm.qti.qccnetstat,6374400,4169728,0,91705344,0,0,5]
02-08 05:48:03.314 I/am_pss ( 1466): [3380,10072,com.qualcomm.qti.services.systemhelper:systemhelper_service,6621184,4370432,0,93552640,0,0,5]
02-08 05:48:03.320 I/am_pss ( 1466): [3356,10054,.pasr,5678080,3584000,0,89116672,0,0,5]
02-08 05:48:03.326 I/am_pss ( 1466): [2834,10068,com.thundercomm.gamemode.provider,8330240,5861376,0,97005568,0,19,5]
02-08 05:48:03.332 I/am_pss ( 1466): [3333,10059,ts.car.uart,6474752,4382720,0,90177536,0,0,4]
02-08 05:48:03.338 I/am_pss ( 1466): [3302,10082,com.hht.lebocast,44437504,20828160,0,111833088,0,0,6]
02-08 05:48:03.345 I/am_pss ( 1466): [3186,10073,com.qualcomm.location,10421248,7446528,0,101879808,0,0,5]
02-08 05:52:21.197 I/input_interaction( 1466): Interaction with: b99912 com.thundercomm.tcsetupwizard/com.thundercomm.tcsetupwizard.TcSetupStartActivity (server), edge-swipe (server), swipe-up (server), PointerEventDispatcher0 (server),
02-08 05:52:21.222 I/wm_task_moved( 1466): [1,1,5]
02-08 05:52:21.222 I/wm_set_resumed_activity( 1466): [0,com.thundercomm.tcsetupwizard/.TcSetupStartActivity,positionChildAt]
02-08 05:52:21.222 I/wm_task_moved( 1466): [9,1,2147483647]
02-08 05:52:21.222 I/wm_create_activity( 1466): [0,121598132,9,com.thundercomm.tcsetupwizard/.TcSetupSecondActivity,NULL,NULL,NULL,0]
02-08 05:52:21.223 I/wm_pause_activity( 1466): [0,228941860,com.thundercomm.tcsetupwizard/.TcSetupStartActivity,userLeaving=true,resumeTopActivityInnerLocked]
02-08 05:52:21.225 I/wm_on_top_resumed_lost_called( 2658): [228941860,com.thundercomm.tcsetupwizard.TcSetupStartActivity,topStateChangedWhenResumed]
02-08 05:52:21.226 I/wm_on_paused_called( 2658): [228941860,com.thundercomm.tcsetupwizard.TcSetupStartActivity,performPause]
02-08 05:52:21.228 I/wm_add_to_stopping( 1466): [0,228941860,com.thundercomm.tcsetupwizard/.TcSetupStartActivity,makeInvisible]
02-08 05:52:21.229 I/wm_restart_activity( 1466): [0,121598132,9,com.thundercomm.tcsetupwizard/.TcSetupSecondActivity]
02-08 05:52:21.229 I/wm_set_resumed_activity( 1466): [0,com.thundercomm.tcsetupwizard/.TcSetupSecondActivity,minimalResumeActivityLocked]
02-08 05:52:21.231 I/sysui_multi_action( 1466): [757,803,799,window_time_0,802,926]
02-08 05:52:21.237 I/am_pss ( 1466): [3912,1000,com.qti.diagservices,6269952,3760128,0,94588928,0,10,4]
02-08 05:52:21.256 I/input_focus( 1466): [Focus leaving b99912 com.thundercomm.tcsetupwizard/com.thundercomm.tcsetupwizard.TcSetupStartActivity (server),reason=NO_WINDOW]
02-08 05:52:21.260 I/input_interaction( 1466): Interaction with: edge-swipe (server), swipe-up (server), PointerEventDispatcher0 (server),
02-08 05:52:21.296 I/auditd ( 506): avc: denied { find } for interface=vendor.qti.qspmhal::IQspmhal sid=u:r:mediaserver:s0 pid=1185 scontext=u:r:mediaserver:s0 tcontext=u:object_r:vendor_hal_qspmhal_hwservice:s0 tclass=hwservice_manager permissive=0
02-08 05:52:21.333 I/am_uid_active( 1466): 10068
02-08 05:52:21.442 I/commit_sys_config_file( 1466): [settings-0-0,2]
02-08 05:52:21.443 I/commit_sys_config_file( 1466): [settings-2-0,1]
02-08 05:52:21.443 I/wm_on_create_called( 2658): [121598132,com.thundercomm.tcsetupwizard.TcSetupSecondActivity,performCreate]
02-08 05:52:21.444 I/wm_on_start_called( 2658): [121598132,com.thundercomm.tcsetupwizard.TcSetupSecondActivity,handleStartActivity]
02-08 05:52:21.444 I/wm_on_resume_called( 2658): [121598132,com.thundercomm.tcsetupwizard.TcSetupSecondActivity,RESUME_ACTIVITY]
02-08 05:52:21.445 I/view_enqueue_input_event( 2658): [Motion - Cancel,com.thundercomm.tcsetupwizard/com.thundercomm.tcsetupwizard.TcSetupStartActivity]
02-08 05:52:21.446 I/wm_on_top_resumed_gained_called( 2658): [121598132,com.thundercomm.tcsetupwizard.TcSetupSecondActivity,topStateChangedWhenResumed]
02-08 05:52:21.448 I/input_focus( 1466): [Focus request f39ab05 com.thundercomm.tcsetupwizard/com.thundercomm.tcsetupwizard.TcSetupSecondActivity,reason=UpdateInputWindows]
02-08 05:52:21.447 I/auditd ( 516): type=1400 audit(0.0:457): avc: denied { read } for comm="qseecomd" name="/" dev="tmpfs" ino=14363 scontext=u:r:tee:s0 tcontext=u:object_r:tmpfs:s0 tclass=dir permissive=0
02-08 05:52:21.470 I/configuration_changed( 1466): 536871936
02-08 05:52:21.513 I/wm_activity_launch_time( 1466): [0,121598132,com.thundercomm.tcsetupwizard/.TcSetupSecondActivity,293]
02-08 05:52:21.526 I/input_focus( 1466): [Focus entering f39ab05 com.thundercomm.tcsetupwizard/com.thundercomm.tcsetupwizard.TcSetupSecondActivity (server),reason=Window became focusable. Previous reason: NOT_VISIBLE]
02-08 05:52:21.537 I/commit_sys_config_file( 1466): [settings-1-0,4]
02-08 05:52:21.910 I/wm_stop_activity( 1466): [0,228941860,com.thundercomm.tcsetupwizard/.TcSetupStartActivity]
02-08 05:52:21.961 I/wm_on_stop_called( 2658): [228941860,com.thundercomm.tcsetupwizard.TcSetupStartActivity,STOP_ACTIVITY_ITEM]
02-08 05:52:22.127 I/input_interaction( 1466): Interaction with: f39ab05 com.thundercomm.tcsetupwizard/com.thundercomm.tcsetupwizard.TcSetupSecondActivity (server), edge-swipe (server), swipe-up (server), PointerEventDispatcher0 (server),
02-08 05:52:24.423 I/wm_finish_activity( 1466): [0,121598132,9,com.thundercomm.tcsetupwizard/.TcSetupSecondActivity,app-request]
02-08 05:52:24.425 I/wm_pause_activity( 1466): [0,121598132,com.thundercomm.tcsetupwizard/.TcSetupSecondActivity,userLeaving=false,finish]
02-08 05:52:24.427 I/wm_on_top_resumed_lost_called( 2658): [121598132,com.thundercomm.tcsetupwizard.TcSetupSecondActivity,topStateChangedWhenResumed]
02-08 05:52:24.428 I/wm_on_paused_called( 2658): [121598132,com.thundercomm.tcsetupwizard.TcSetupSecondActivity,performPause]
02-08 05:52:24.428 I/wm_add_to_stopping( 1466): [0,121598132,com.thundercomm.tcsetupwizard/.TcSetupSecondActivity,completeFinishing]
02-08 05:52:24.431 I/wm_set_resumed_activity( 1466): [0,com.thundercomm.tcsetupwizard/.TcSetupStartActivity,resumeTopActivityInnerLocked]
02-08 05:52:24.433 I/wm_resume_activity( 1466): [0,228941860,9,com.thundercomm.tcsetupwizard/.TcSetupStartActivity]
02-08 05:52:24.438 I/sysui_multi_action( 1466): [757,803,799,window_time_0,802,3]
02-08 05:52:24.438 I/wm_finish_activity( 1466): [0,228941860,9,com.thundercomm.tcsetupwizard/.TcSetupStartActivity,app-request]
02-08 05:52:24.439 I/wm_pause_activity( 1466): [0,228941860,com.thundercomm.tcsetupwizard/.TcSetupStartActivity,userLeaving=false,finish]
02-08 05:52:24.441 I/wm_on_activity_result_called( 2658): [228941860,com.thundercomm.tcsetupwizard.TcSetupStartActivity,ACTIVITY_RESULT]
02-08 05:52:24.441 I/wm_on_restart_called( 2658): [228941860,com.thundercomm.tcsetupwizard.TcSetupStartActivity,performRestartActivity]
02-08 05:52:24.448 I/input_focus( 1466): [Focus leaving f39ab05 com.thundercomm.tcsetupwizard/com.thundercomm.tcsetupwizard.TcSetupSecondActivity (server),reason=NO_WINDOW]
02-08 05:52:24.451 I/wm_add_to_stopping( 1466): [0,228941860,com.thundercomm.tcsetupwizard/.TcSetupStartActivity,completeFinishing]
02-08 05:52:24.453 I/wm_set_resumed_activity( 1466): [0,com.android.provision/.DefaultActivity,resumeTopActivityInnerLocked]
02-08 05:52:24.455 I/wm_resume_activity( 1466): [0,244189829,9,com.android.provision/.DefaultActivity]
02-08 05:52:24.457 I/sysui_multi_action( 1466): [757,803,799,window_time_0,802,0]
02-08 05:52:24.472 I/commit_sys_config_file( 1466): [settings-0-0,3]
02-08 05:52:24.476 I/commit_sys_config_file( 1466): [settings-2-0,3]
02-08 05:52:24.478 I/wm_finish_activity( 1466): [0,244189829,9,com.android.provision/.DefaultActivity,app-request]
02-08 05:52:24.478 I/wm_task_moved( 1466): [1,1,5]
02-08 05:52:24.478 I/wm_set_resumed_activity( 1466): [0,com.android.provision/.DefaultActivity,positionChildAt]
02-08 05:52:24.478 I/wm_task_moved( 1466): [9,1,2147483647]
02-08 05:52:24.482 I/wm_pause_activity( 1466): [0,244189829,com.android.provision/.DefaultActivity,userLeaving=false,finish]
02-08 05:52:24.485 I/wm_on_activity_result_called( 3407): [244189829,com.android.provision.DefaultActivity,ACTIVITY_RESULT]
02-08 05:52:24.485 I/wm_on_restart_called( 3407): [244189829,com.android.provision.DefaultActivity,performRestartActivity]
02-08 05:52:24.514 I/wm_task_created( 1466): [10,-1]
02-08 05:52:24.515 I/wm_task_moved( 1466): [10,1,2147483647]
02-08 05:52:24.515 I/wm_task_moved( 1466): [1,1,5]
02-08 05:52:24.515 I/wm_create_task( 1466): [0,10]
02-08 05:52:24.516 I/wm_create_activity( 1466): [0,163962840,10,com.android.launcher3/.uioverrides.QuickstepLauncher,android.intent.action.MAIN,NULL,NULL,268435712]
02-08 05:52:24.516 I/wm_task_moved( 1466): [1,1,5]
02-08 05:52:24.516 I/wm_task_moved( 1466): [10,1,2147483647]
02-08 05:52:24.516 I/wm_task_to_front( 1466): [0,10]
02-08 05:52:24.518 I/wm_restart_activity( 1466): [0,163962840,10,com.android.launcher3/.uioverrides.QuickstepLauncher]
02-08 05:52:24.518 I/wm_set_resumed_activity( 1466): [0,com.android.launcher3/.uioverrides.QuickstepLauncher,minimalResumeActivityLocked]
02-08 05:52:24.524 I/sysui_multi_action( 1466): [757,803,799,window_time_0,802,0]
02-08 05:52:24.662 I/wm_on_create_called( 2862): [163962840,com.android.launcher3.uioverrides.QuickstepLauncher,performCreate]
02-08 05:52:24.663 I/wm_on_start_called( 2862): [163962840,com.android.launcher3.uioverrides.QuickstepLauncher,handleStartActivity]
02-08 05:52:24.663 I/wm_on_resume_called( 2862): [163962840,com.android.launcher3.uioverrides.QuickstepLauncher,RESUME_ACTIVITY]
02-08 05:52:24.666 I/wm_on_top_resumed_gained_called( 2862): [163962840,com.android.launcher3.uioverrides.QuickstepLauncher,topStateChangedWhenResumed]
02-08 05:52:24.673 I/am_uid_running( 1466): 10065
02-08 05:52:24.675 I/input_focus( 1466): [Focus request 75d5c14 com.android.launcher3/com.android.launcher3.uioverrides.QuickstepLauncher,reason=UpdateInputWindows]
02-08 05:52:24.678 I/am_proc_start( 1466): [0,5884,10065,com.android.deskclock,broadcast,{com.android.deskclock/com.android.alarmclock.AnalogAppWidgetProvider}]
02-08 05:52:24.689 I/am_proc_bound( 1466): [0,5884,com.android.deskclock]
02-08 05:52:24.701 I/sysui_multi_action( 1466): [319,196,322,195,325,956,757,761,758,8,759,2,806,com.android.launcher3,871,com.android.launcher3.uioverrides.QuickstepLauncher,905,0,1320,4,1321,1]
02-08 05:52:24.702 I/wm_activity_launch_time( 1466): [0,163962840,com.android.launcher3/.uioverrides.QuickstepLauncher,195]
02-08 05:52:24.706 I/wm_destroy_activity( 1466): [0,244189829,9,com.android.provision/.DefaultActivity,finish-idle]
02-08 05:52:24.707 I/wm_on_destroy_called( 3407): [244189829,com.android.provision.DefaultActivity,performDestroy]
02-08 05:52:24.716 I/input_focus( 1466): [Focus entering 75d5c14 com.android.launcher3/com.android.launcher3.uioverrides.QuickstepLauncher (server),reason=Window became focusable. Previous reason: NOT_VISIBLE]
02-08 05:52:24.858 I/commit_sys_config_file( 1466): [settings-1-0,1]
02-08 05:52:24.931 I/wm_destroy_activity( 1466): [0,228941860,9,com.thundercomm.tcsetupwizard/.TcSetupStartActivity,finish-imm:idle]
02-08 05:52:24.931 I/wm_destroy_activity( 1466): [0,121598132,9,com.thundercomm.tcsetupwizard/.TcSetupSecondActivity,finish-imm:idle]
02-08 05:52:24.994 I/wm_on_destroy_called( 2658): [228941860,com.thundercomm.tcsetupwizard.TcSetupStartActivity,performDestroy]
02-08 05:52:24.996 I/wm_on_stop_called( 2658): [121598132,com.thundercomm.tcsetupwizard.TcSetupSecondActivity,LIFECYCLER_STOP_ACTIVITY]
02-08 05:52:24.996 I/wm_on_destroy_called( 2658): [121598132,com.thundercomm.tcsetupwizard.TcSetupSecondActivity,performDestroy]
02-08 05:52:25.001 I/wm_task_removed( 1466): [9,cleanUpResourcesForDestroy]
02-08 05:52:25.001 I/wm_task_removed( 1466): [9,removeChild:removeChild last r=ActivityRecord{73f70b4 u0 com.thundercomm.tcsetupwizard/.TcSetupSecondActivity t-1 f}} in t=Task{8aab45 #9 type=home A=1000:com.android.provision U=0 visible=false mode=fullscreen translucent=true sz=0}]
02-08 05:52:25.001 I/wm_task_removed( 1466): [9,removeChild]
02-08 05:52:25.485 I/sysui_multi_action( 1466): [757,803,799,window_time_0,802,1]
02-08 05:52:25.486 I/am_uid_running( 1466): 10093
02-08 05:52:25.491 I/am_proc_start( 1466): [0,5915,10093,com.android.permissioncontroller,service,{com.android.permissioncontroller/com.android.permissioncontroller.role.service.RoleControllerServiceImpl}]
02-08 05:52:25.499 I/am_proc_bound( 1466): [0,5915,com.android.permissioncontroller]
02-08 05:52:25.501 I/am_uid_active( 1466): 10093
02-08 05:52:25.505 I/input_interaction( 1466): Interaction with: 75d5c14 com.android.launcher3/com.android.launcher3.uioverrides.QuickstepLauncher (server), 8682221 com.android.systemui.ImageWallpaper (server), edge-swipe (server), swipe-up (server), PointerEventDispatcher0 (server),
02-08 05:52:25.551 W/CarrierConfigManager( 1466): Error getting config for subId -1 ICarrierConfigLoader is null
02-08 05:52:25.554 W/CarrierConfigManager( 1466): Error getting config for subId -1 ICarrierConfigLoader is null
02-08 05:52:25.646 I/view_enqueue_input_event( 2862): [Motion - Cancel,com.android.launcher3/com.android.launcher3.uioverrides.QuickstepLauncher]
02-08 05:52:25.655 I/input_interaction( 1466): Interaction with: edge-swipe (server), swipe-up (server), PointerEventDispatcher0 (server),
02-08 05:52:25.836 I/commit_sys_config_file( 1466): [settings-1-0,1]
02-08 05:52:26.188 I/commit_sys_config_file( 1466): [settings-1-0,1]
02-08 05:52:26.538 I/input_interaction( 1466): Interaction with: 75d5c14 com.android.launcher3/com.android.launcher3.uioverrides.QuickstepLauncher (server), 8682221 com.android.systemui.ImageWallpaper (server), edge-swipe (server), swipe-up (server), PointerEventDispatcher0 (server),
02-08 05:52:26.599 I/view_enqueue_input_event( 2862): [Motion - Cancel,com.android.launcher3/com.android.launcher3.uioverrides.QuickstepLauncher]
02-08 05:52:26.603 I/input_interaction( 1466): Interaction with: edge-swipe (server), swipe-up (server), PointerEventDispatcher0 (server),
02-08 05:52:26.791 I/commit_sys_config_file( 1466): [settings-1-0,4]
02-08 05:52:27.449 I/commit_sys_config_file( 1466): [settings-1-0,5]
02-08 05:52:27.977 I/input_interaction( 1466): Interaction with: 75d5c14 com.android.launcher3/com.android.launcher3.uioverrides.QuickstepLauncher (server), 8682221 com.android.systemui.ImageWallpaper (server), edge-swipe (server), swipe-up (server), PointerEventDispatcher0 (server),
02-08 05:52:29.897 I/wm_task_created( 1466): [11,-1]
02-08 05:52:29.900 I/wm_task_moved( 1466): [11,1,6]
02-08 05:52:29.900 I/wm_task_to_front( 1466): [0,11]
02-08 05:52:29.900 I/wm_create_task( 1466): [0,11]
02-08 05:52:29.900 I/wm_create_activity( 1466): [0,105460145,11,com.android.music/.MusicBrowserActivity,android.intent.action.MAIN,NULL,NULL,270532608]
02-08 05:52:29.901 I/wm_task_moved( 1466): [11,1,6]
02-08 05:52:29.901 I/service_manager_stats( 1466): [100,56,931864]
02-08 05:52:29.902 I/wm_pause_activity( 1466): [0,163962840,com.android.launcher3/.uioverrides.QuickstepLauncher,userLeaving=true,pauseBackTasks]
02-08 05:52:29.904 I/am_uid_running( 1466): 10083
02-08 05:52:29.904 I/wm_on_top_resumed_lost_called( 2862): [163962840,com.android.launcher3.uioverrides.QuickstepLauncher,topStateChangedWhenResumed]
02-08 05:52:29.906 I/wm_on_paused_called( 2862): [163962840,com.android.launcher3.uioverrides.QuickstepLauncher,performPause]
02-08 05:52:29.907 I/wm_add_to_stopping( 1466): [0,163962840,com.android.launcher3/.uioverrides.QuickstepLauncher,makeInvisible]
02-08 05:52:29.909 I/sysui_multi_action( 1466): [757,803,799,window_time_0,802,4]
02-08 05:52:29.910 I/am_proc_start( 1466): [0,5972,10083,com.android.music,pre-top-activity,{com.android.music/com.android.music.MusicBrowserActivity}]
02-08 05:52:29.924 I/am_proc_bound( 1466): [0,5972,com.android.music]
02-08 05:52:29.925 I/wm_restart_activity( 1466): [0,105460145,11,com.android.music/.MusicBrowserActivity]
02-08 05:52:29.926 I/wm_set_resumed_activity( 1466): [0,com.android.music/.MusicBrowserActivity,minimalResumeActivityLocked]
02-08 05:52:29.927 I/am_uid_active( 1466): 10083
02-08 05:52:29.931 I/input_focus( 1466): [Focus leaving 75d5c14 com.android.launcher3/com.android.launcher3.uioverrides.QuickstepLauncher (server),reason=NO_WINDOW]
02-08 05:52:29.946 I/wm_task_moved( 1466): [11,1,6]
02-08 05:52:29.946 I/wm_set_resumed_activity( 1466): [0,com.android.music/.MusicBrowserActivity,positionChildAt]
02-08 05:52:29.946 I/wm_create_activity( 1466): [0,263885845,11,com.android.music/com.codeaurora.music.custom.PermissionActivity,NULL,NULL,NULL,268435456]
02-08 05:52:29.947 I/wm_pause_activity( 1466): [0,105460145,com.android.music/.MusicBrowserActivity,userLeaving=true,resumeTopActivityInnerLocked]
02-08 05:52:29.948 I/wm_finish_activity( 1466): [0,105460145,11,com.android.music/.MusicBrowserActivity,app-request]
02-08 05:52:29.953 I/am_proc_died( 1466): [0,5972,com.android.music,0,2]
02-08 05:52:29.953 I/am_uid_stopped( 1466): 10083
02-08 05:52:29.955 I/am_uid_running( 1466): 10083
02-08 05:52:29.960 I/am_proc_start( 1466): [0,6004,10083,com.android.music,top-activity,{com.android.music/com.codeaurora.music.custom.PermissionActivity}]
02-08 05:52:29.968 I/am_proc_bound( 1466): [0,6004,com.android.music]
02-08 05:52:29.970 I/wm_restart_activity( 1466): [0,263885845,11,com.android.music/com.codeaurora.music.custom.PermissionActivity]
02-08 05:52:29.970 I/wm_set_resumed_activity( 1466): [0,com.android.music/com.codeaurora.music.custom.PermissionActivity,minimalResumeActivityLocked]
02-08 05:52:29.970 I/am_uid_active( 1466): 10083
02-08 05:52:29.986 I/wm_task_moved( 1466): [11,1,6]
02-08 05:52:29.986 I/wm_set_resumed_activity( 1466): [0,com.android.music/com.codeaurora.music.custom.PermissionActivity,positionChildAt]
02-08 05:52:29.986 I/wm_create_activity( 1466): [0,5639369,11,com.android.permissioncontroller/.permission.ui.GrantPermissionsActivity,android.content.pm.action.REQUEST_PERMISSIONS,NULL,NULL,8388608]
02-08 05:52:29.987 I/wm_pause_activity( 1466): [0,263885845,com.android.music/com.codeaurora.music.custom.PermissionActivity,userLeaving=true,resumeTopActivityInnerLocked]
02-08 05:52:29.988 I/wm_on_create_called( 6004): [263885845,com.codeaurora.music.custom.PermissionActivity,performCreate]
02-08 05:52:29.993 I/wm_on_start_called( 6004): [263885845,com.codeaurora.music.custom.PermissionActivity,handleStartActivity]
02-08 05:52:29.994 I/wm_on_resume_called( 6004): [263885845,com.codeaurora.music.custom.PermissionActivity,RESUME_ACTIVITY]
02-08 05:52:29.997 I/wm_on_paused_called( 6004): [263885845,com.codeaurora.music.custom.PermissionActivity,performPause]
02-08 05:52:29.998 I/wm_restart_activity( 1466): [0,5639369,11,com.android.permissioncontroller/.permission.ui.GrantPermissionsActivity]
02-08 05:52:29.999 I/wm_set_resumed_activity( 1466): [0,com.android.permissioncontroller/.permission.ui.GrantPermissionsActivity,minimalResumeActivityLocked]
02-08 05:52:30.000 I/sysui_multi_action( 1466): [757,803,799,window_time_0,802,0]
02-08 05:52:30.023 I/wm_on_create_called( 5915): [5639369,com.android.permissioncontroller.permission.ui.GrantPermissionsActivity,performCreate]
02-08 05:52:30.024 I/wm_on_start_called( 5915): [5639369,com.android.permissioncontroller.permission.ui.GrantPermissionsActivity,handleStartActivity]
02-08 05:52:30.024 I/wm_on_resume_called( 5915): [5639369,com.android.permissioncontroller.permission.ui.GrantPermissionsActivity,RESUME_ACTIVITY]
02-08 05:52:30.058 I/input_focus( 1466): [Focus request 4eec1df com.android.permissioncontroller/com.android.permissioncontroller.permission.ui.GrantPermissionsActivity,reason=UpdateInputWindows]
02-08 05:52:30.078 I/input_focus( 1466): [Focus entering 4eec1df com.android.permissioncontroller/com.android.permissioncontroller.permission.ui.GrantPermissionsActivity (server),reason=setFocusedWindow]
02-08 05:52:30.445 I/wm_stop_activity( 1466): [0,163962840,com.android.launcher3/.uioverrides.QuickstepLauncher]
02-08 05:52:30.446 I/wm_on_top_resumed_gained_called( 5915): [5639369,com.android.permissioncontroller.permission.ui.GrantPermissionsActivity,topStateChangedWhenResumed]
02-08 05:52:30.464 I/wm_on_stop_called( 2862): [163962840,com.android.launcher3.uioverrides.QuickstepLauncher,STOP_ACTIVITY_ITEM]
02-08 05:52:30.486 I/input_interaction( 1466): Interaction with: 4eec1df com.android.permissioncontroller/com.android.permissioncontroller.permission.ui.GrantPermissionsActivity (server), edge-swipe (server), swipe-up (server), PointerEventDispatcher0 (server),
02-08 05:52:30.492 I/wm_task_moved( 1466): [1,0,0]
02-08 05:52:30.492 I/wm_task_moved( 1466): [1,0,5]
02-08 05:52:30.495 I/wm_on_restart_called( 2862): [163962840,com.android.launcher3.uioverrides.QuickstepLauncher,performRestartActivity]
02-08 05:52:30.505 I/wm_on_start_called( 2862): [163962840,com.android.launcher3.uioverrides.QuickstepLauncher,handleStartActivity]
02-08 05:52:30.521 I/sysui_multi_action( 1466): [319,3,322,26,325,962,757,761,758,9,759,5,806,com.android.launcher3,871,com.android.launcher3.uioverrides.QuickstepLauncher,905,0,1320,4,1321,1]
02-08 05:52:30.580 I/view_enqueue_input_event( 5915): [Motion - Cancel,com.android.permissioncontroller/com.android.permissioncontroller.permission.ui.GrantPermissionsActivity]
02-08 05:52:30.587 I/sysui_latency( 2862): [1,28]
02-08 05:52:30.591 I/input_focus( 1466): [Focus request recents_animation_input_consumer,reason=UpdateInputWindows]
02-08 05:52:30.593 I/input_interaction( 1466): Interaction with: edge-swipe (server), swipe-up (server), PointerEventDispatcher0 (server),
02-08 05:52:30.612 I/input_focus( 1466): [Focus leaving 4eec1df com.android.permissioncontroller/com.android.permissioncontroller.permission.ui.GrantPermissionsActivity (server),reason=NOT_FOCUSABLE]
02-08 05:52:30.612 I/input_focus( 1466): [Focus entering recents_animation_input_consumer (server),reason=setFocusedWindow]
02-08 05:52:30.705 I/commit_sys_config_file( 1466): [settings-1-0,1]
02-08 05:52:30.820 I/sysui_latency( 1466): [8,30]
02-08 05:52:31.180 I/wm_task_moved( 1466): [1,0,5]
02-08 05:52:31.181 I/wm_add_to_stopping( 1466): [0,163962840,com.android.launcher3/.uioverrides.QuickstepLauncher,makeInvisible]
02-08 05:52:31.183 I/input_focus( 1466): [Focus request 4eec1df com.android.permissioncontroller/com.android.permissioncontroller.permission.ui.GrantPermissionsActivity,reason=UpdateInputWindows]
02-08 05:52:31.184 I/wm_stop_activity( 1466): [0,163962840,com.android.launcher3/.uioverrides.QuickstepLauncher]
02-08 05:52:31.204 I/wm_on_stop_called( 2862): [163962840,com.android.launcher3.uioverrides.QuickstepLauncher,STOP_ACTIVITY_ITEM]
02-08 05:52:31.213 I/input_focus( 1466): [Focus leaving recents_animation_input_consumer (server),reason=NOT_VISIBLE]
02-08 05:52:31.213 I/input_focus( 1466): [Focus entering 4eec1df com.android.permissioncontroller/com.android.permissioncontroller.permission.ui.GrantPermissionsActivity (server),reason=setFocusedWindow]
02-08 05:52:31.402 I/commit_sys_config_file( 1466): [settings-1-0,1]
02-08 05:52:31.503 I/input_interaction( 1466): Interaction with: 4eec1df com.android.permissioncontroller/com.android.permissioncontroller.permission.ui.GrantPermissionsActivity (server), edge-swipe (server), swipe-up (server), PointerEventDispatcher0 (server),
02-08 05:52:31.634 I/sysui_multi_action( 1466): [757,1243,758,4,806,com.android.music,1241,android.permission.READ_PHONE_STATE]
02-08 05:52:31.635 I/snet_event_log( 5915): [individual_permissions_requested,10083,com.android.music:com.android.music:;android.permission.READ_PHONE_STATE|false|768]
02-08 05:52:31.635 I/wm_finish_activity( 1466): [0,5639369,11,com.android.permissioncontroller/.permission.ui.GrantPermissionsActivity,app-request]
02-08 05:52:31.641 I/wm_pause_activity( 1466): [0,5639369,com.android.permissioncontroller/.permission.ui.GrantPermissionsActivity,userLeaving=false,finish]
02-08 05:52:31.648 I/input_focus( 1466): [Focus leaving 4eec1df com.android.permissioncontroller/com.android.permissioncontroller.permission.ui.GrantPermissionsActivity (server),reason=NO_WINDOW]
02-08 05:52:31.663 I/wm_on_top_resumed_lost_called( 5915): [5639369,com.android.permissioncontroller.permission.ui.GrantPermissionsActivity,topStateChangedWhenResumed]
02-08 05:52:31.664 I/wm_on_paused_called( 5915): [5639369,com.android.permissioncontroller.permission.ui.GrantPermissionsActivity,performPause]
02-08 05:52:31.665 I/wm_set_resumed_activity( 1466): [0,com.android.music/com.codeaurora.music.custom.PermissionActivity,resumeTopActivityInnerLocked]
02-08 05:52:31.666 I/wm_resume_activity( 1466): [0,263885845,11,com.android.music/com.codeaurora.music.custom.PermissionActivity]
02-08 05:52:31.671 I/input_focus( 1466): [Focus request f1dcde8 com.android.music/com.codeaurora.music.custom.PermissionActivity,reason=UpdateInputWindows]
02-08 05:52:31.672 I/sysui_multi_action( 1466): [757,803,799,window_time_0,802,2]
02-08 05:52:31.675 I/wm_task_moved( 1466): [11,1,6]
02-08 05:52:31.675 I/wm_set_resumed_activity( 1466): [0,com.android.music/com.codeaurora.music.custom.PermissionActivity,positionChildAt]
02-08 05:52:31.675 I/wm_create_activity( 1466): [0,29057820,11,com.android.music/.MusicBrowserActivity,android.intent.action.MAIN,NULL,NULL,270532608]
02-08 05:52:31.676 I/wm_pause_activity( 1466): [0,263885845,com.android.music/com.codeaurora.music.custom.PermissionActivity,userLeaving=true,resumeTopActivityInnerLocked]
02-08 05:52:31.678 I/wm_finish_activity( 1466): [0,263885845,11,com.android.music/com.codeaurora.music.custom.PermissionActivity,app-request]
02-08 05:52:31.678 I/wm_on_activity_result_called( 6004): [263885845,com.codeaurora.music.custom.PermissionActivity,ACTIVITY_RESULT]
02-08 05:52:31.679 I/wm_add_to_stopping( 1466): [0,263885845,com.android.music/com.codeaurora.music.custom.PermissionActivity,completeFinishing]
02-08 05:52:31.681 I/wm_restart_activity( 1466): [0,29057820,11,com.android.music/.MusicBrowserActivity]
02-08 05:52:31.682 I/wm_set_resumed_activity( 1466): [0,com.android.music/.MusicBrowserActivity,minimalResumeActivityLocked]
02-08 05:52:31.682 I/input_focus( 1466): [Focus entering f1dcde8 com.android.music/com.codeaurora.music.custom.PermissionActivity (server),reason=setFocusedWindow]
02-08 05:52:31.686 I/sysui_multi_action( 1466): [757,803,799,window_time_0,802,0]
02-08 05:52:31.710 I/wm_on_create_called( 6004): [29057820,com.android.music.MusicBrowserActivity,performCreate]
02-08 05:52:31.715 I/input_focus( 1466): [Focus leaving f1dcde8 com.android.music/com.codeaurora.music.custom.PermissionActivity (server),reason=NO_WINDOW]
02-08 05:52:31.725 I/wm_on_start_called( 6004): [29057820,com.android.music.MusicBrowserActivity,handleStartActivity]
02-08 05:52:31.726 I/wm_on_resume_called( 6004): [29057820,com.android.music.MusicBrowserActivity,RESUME_ACTIVITY]
02-08 05:52:31.727 I/wm_on_top_resumed_gained_called( 6004): [29057820,com.android.music.MusicBrowserActivity,topStateChangedWhenResumed]
02-08 05:52:31.751 I/sysui_multi_action( 1466): [757,856,758,1,806,com.android.music,857,Channel-music,858,2]
02-08 05:52:31.754 I/notification_enqueue( 1466): [10083,6004,com.android.music,1,NULL,0,Notification(channel=Channel-music shortcut=null contentView=null vibrate=null sound=null defaults=0x0 flags=0x0 color=0x00000000 category=transport actions=4 vis=PRIVATE),0]
02-08 05:52:31.756 I/notification_enqueue( 1466): [10083,6004,com.android.music,1,NULL,0,Notification(channel=Channel-music shortcut=null contentView=null vibrate=null sound=null defaults=0x0 flags=0x40 color=0x00000000 category=transport actions=4 vis=PRIVATE),0]
02-08 05:52:31.757 I/notification_enqueue( 1466): [10083,6004,com.android.music,1,NULL,0,Notification(channel=Channel-music shortcut=null contentView=null vibrate=null sound=null defaults=0x0 flags=0x40 color=0x00000000 category=transport actions=4 vis=PRIVATE),0]
02-08 05:52:31.758 I/notification_enqueue( 1466): [10083,6004,com.android.music,1,NULL,0,Notification(channel=Channel-music shortcut=null contentView=null vibrate=null sound=null defaults=0x0 flags=0x40 color=0x00000000 category=transport actions=4 vis=PRIVATE),0]
02-08 05:52:31.779 I/notification_enqueue( 1466): [10083,6004,com.android.music,1,NULL,0,Notification(channel=Channel-music shortcut=null contentView=null vibrate=null sound=null defaults=0x0 flags=0x40 color=0x00000000 category=transport actions=4 vis=PRIVATE),0]
02-08 05:52:31.780 I/notification_enqueue( 1466): [10083,6004,com.android.music,1,NULL,0,Notification(channel=Channel-music shortcut=null contentView=null vibrate=null sound=null defaults=0x0 flags=0x40 color=0x00000000 category=transport actions=4 vis=PRIVATE),0]
02-08 05:52:31.783 I/input_focus( 1466): [Focus request 514185a com.android.music/com.android.music.MusicBrowserActivity,reason=UpdateInputWindows]
02-08 05:52:31.796 I/wm_activity_launch_time( 1466): [0,29057820,com.android.music/.MusicBrowserActivity,122]
02-08 05:52:31.799 I/sysui_multi_action( 1466): [757,128,758,5,759,8,793,45,794,0,795,45,796,1,806,com.android.music,857,Channel-music,858,2,947,0,1500,45,1641,transport,1688,1,1745,1043716538]
02-08 05:52:31.799 I/notification_canceled( 1466): [0|com.android.music|1|null|10083,8,45,45,0,-1,-1,NULL]
02-08 05:52:31.800 I/input_focus( 1466): [Focus entering 514185a com.android.music/com.android.music.MusicBrowserActivity (server),reason=setFocusedWindow]
02-08 05:52:31.848 I/wm_destroy_activity( 1466): [0,5639369,11,com.android.permissioncontroller/.permission.ui.GrantPermissionsActivity,finish-idle]
02-08 05:52:31.879 I/wm_on_stop_called( 5915): [5639369,com.android.permissioncontroller.permission.ui.GrantPermissionsActivity,LIFECYCLER_STOP_ACTIVITY]
02-08 05:52:31.880 I/wm_on_destroy_called( 5915): [5639369,com.android.permissioncontroller.permission.ui.GrantPermissionsActivity,performDestroy]
02-08 05:52:32.006 I/commit_sys_config_file( 1466): [notification-policy,938879]
02-08 05:52:32.162 I/input_interaction( 1466): Interaction with: 514185a com.android.music/com.android.music.MusicBrowserActivity (server), edge-swipe (server), swipe-up (server), PointerEventDispatcher0 (server),
02-08 05:52:32.176 I/wm_task_moved( 1466): [1,0,0]
02-08 05:52:32.177 I/wm_task_moved( 1466): [1,0,5]
02-08 05:52:32.187 I/wm_on_restart_called( 2862): [163962840,com.android.launcher3.uioverrides.QuickstepLauncher,performRestartActivity]
02-08 05:52:32.211 I/wm_on_start_called( 2862): [163962840,com.android.launcher3.uioverrides.QuickstepLauncher,handleStartActivity]
02-08 05:52:32.212 I/view_enqueue_input_event( 6004): [Motion - Cancel,com.android.music/com.android.music.MusicBrowserActivity]
02-08 05:52:32.214 I/input_focus( 1466): [Focus request recents_animation_input_consumer,reason=UpdateInputWindows]
02-08 05:52:32.215 I/input_interaction( 1466): Interaction with: edge-swipe (server), swipe-up (server), PointerEventDispatcher0 (server),
02-08 05:52:32.219 I/sysui_latency( 2862): [1,57]
02-08 05:52:32.231 I/sysui_multi_action( 1466): [319,7,322,49,325,964,757,761,758,9,759,5,806,com.android.launcher3,871,com.android.launcher3.uioverrides.QuickstepLauncher,905,0,1320,4,1321,1]
02-08 05:52:32.234 I/input_focus( 1466): [Focus leaving 514185a com.android.music/com.android.music.MusicBrowserActivity (server),reason=NOT_FOCUSABLE]
02-08 05:52:32.234 I/input_focus( 1466): [Focus entering recents_animation_input_consumer (server),reason=setFocusedWindow]
02-08 05:52:32.413 I/commit_sys_config_file( 1466): [settings-1-0,4]
02-08 05:52:32.527 I/sysui_latency( 1466): [8,60]
02-08 05:52:32.925 I/wm_task_moved( 1466): [1,1,6]
02-08 05:52:32.926 I/wm_task_moved( 1466): [10,1,2147483647]
02-08 05:52:32.926 I/wm_task_to_front( 1466): [0,10]
02-08 05:52:32.926 I/wm_focused_root_task( 1466): [0,0,1,11,RecentsAnimation.onAnimationFinished()]
02-08 05:52:32.927 I/wm_set_resumed_activity( 1466): [0,com.android.launcher3/.uioverrides.QuickstepLauncher,RecentsAnimation.onAnimationFinished()]
02-08 05:52:32.928 I/wm_pause_activity( 1466): [0,29057820,com.android.music/.MusicBrowserActivity,userLeaving=true,pauseBackTasks]
02-08 05:52:32.928 I/wm_add_to_stopping( 1466): [0,29057820,com.android.music/.MusicBrowserActivity,makeInvisible]
02-08 05:52:32.929 I/wm_set_resumed_activity( 1466): [0,com.android.launcher3/.uioverrides.QuickstepLauncher,resumeTopActivityInnerLocked]
02-08 05:52:32.931 I/wm_resume_activity( 1466): [0,163962840,10,com.android.launcher3/.uioverrides.QuickstepLauncher]
02-08 05:52:32.931 I/wm_on_resume_called( 2862): [163962840,com.android.launcher3.uioverrides.QuickstepLauncher,RESUME_ACTIVITY]
02-08 05:52:32.934 I/wm_on_top_resumed_lost_called( 6004): [29057820,com.android.music.MusicBrowserActivity,topStateChangedWhenResumed]
02-08 05:52:32.936 I/wm_stop_activity( 1466): [0,29057820,com.android.music/.MusicBrowserActivity]
02-08 05:52:32.937 I/wm_destroy_activity( 1466): [0,263885845,11,com.android.music/com.codeaurora.music.custom.PermissionActivity,finish-imm:idle]
02-08 05:52:32.938 I/input_focus( 1466): [Focus request 75d5c14 com.android.launcher3/com.android.launcher3.uioverrides.QuickstepLauncher,reason=UpdateInputWindows]
02-08 05:52:32.940 I/wm_on_top_resumed_gained_called( 2862): [163962840,com.android.launcher3.uioverrides.QuickstepLauncher,topStateChangedWhenResumed]
02-08 05:52:32.940 I/wm_on_paused_called( 6004): [29057820,com.android.music.MusicBrowserActivity,performPause]
02-08 05:52:32.949 I/wm_on_stop_called( 6004): [29057820,com.android.music.MusicBrowserActivity,STOP_ACTIVITY_ITEM]
02-08 05:52:32.951 I/sysui_multi_action( 1466): [757,803,799,window_time_0,802,1]
02-08 05:52:32.953 I/input_focus( 1466): [Focus leaving recents_animation_input_consumer (server),reason=NOT_VISIBLE]
02-08 05:52:32.954 I/input_focus( 1466): [Focus entering 75d5c14 com.android.launcher3/com.android.launcher3.uioverrides.QuickstepLauncher (server),reason=setFocusedWindow]
02-08 05:52:32.954 I/wm_on_stop_called( 6004): [263885845,com.codeaurora.music.custom.PermissionActivity,LIFECYCLER_STOP_ACTIVITY]
02-08 05:52:32.954 I/wm_on_destroy_called( 6004): [263885845,com.codeaurora.music.custom.PermissionActivity,performDestroy]
02-08 05:52:32.955 I/sysui_multi_action( 1466): [757,803,799,window_time_0,802,0]
02-08 05:52:33.043 I/input_interaction( 1466): Interaction with: 75d5c14 com.android.launcher3/com.android.launcher3.uioverrides.QuickstepLauncher (server), 8682221 com.android.systemui.ImageWallpaper (server), edge-swipe (server), swipe-up (server), PointerEventDispatcher0 (server),
02-08 05:52:33.147 I/wm_task_created( 1466): [12,-1]
02-08 05:52:33.149 I/wm_task_moved( 1466): [12,1,7]
02-08 05:52:33.149 I/wm_task_to_front( 1466): [0,12]
02-08 05:52:33.150 I/wm_create_task( 1466): [0,12]
02-08 05:52:33.150 I/wm_create_activity( 1466): [0,94960461,12,com.android.music/.VideoBrowserActivity,android.intent.action.MAIN,NULL,NULL,270532608]
02-08 05:52:33.150 I/wm_task_moved( 1466): [12,1,7]
02-08 05:52:33.151 I/wm_pause_activity( 1466): [0,163962840,com.android.launcher3/.uioverrides.QuickstepLauncher,userLeaving=true,pauseBackTasks]
02-08 05:52:33.154 I/wm_on_top_resumed_lost_called( 2862): [163962840,com.android.launcher3.uioverrides.QuickstepLauncher,topStateChangedWhenResumed]
02-08 05:52:33.155 I/wm_on_paused_called( 2862): [163962840,com.android.launcher3.uioverrides.QuickstepLauncher,performPause]
02-08 05:52:33.156 I/wm_add_to_stopping( 1466): [0,163962840,com.android.launcher3/.uioverrides.QuickstepLauncher,makeInvisible]
02-08 05:52:33.156 I/wm_restart_activity( 1466): [0,94960461,12,com.android.music/.VideoBrowserActivity]
02-08 05:52:33.157 I/wm_set_resumed_activity( 1466): [0,com.android.music/.VideoBrowserActivity,minimalResumeActivityLocked]
02-08 05:52:33.160 I/sysui_multi_action( 1466): [757,803,799,window_time_0,802,1]
02-08 05:52:33.171 I/wm_on_create_called( 6004): [94960461,com.android.music.VideoBrowserActivity,performCreate]
02-08 05:52:33.171 I/wm_on_start_called( 6004): [94960461,com.android.music.VideoBrowserActivity,handleStartActivity]
02-08 05:52:33.172 I/wm_on_resume_called( 6004): [94960461,com.android.music.VideoBrowserActivity,RESUME_ACTIVITY]
02-08 05:52:33.176 I/wm_on_top_resumed_gained_called( 6004): [94960461,com.android.music.VideoBrowserActivity,topStateChangedWhenResumed]
02-08 05:52:33.178 I/input_focus( 1466): [Focus request 2216514 com.android.music/com.android.music.VideoBrowserActivity,reason=UpdateInputWindows]
02-08 05:52:33.186 I/sysui_multi_action( 1466): [319,30,321,28,322,40,325,965,757,761,758,8,759,1,806,com.android.music,871,com.android.music.VideoBrowserActivity,904,com.android.launcher3,905,0,1320,4,1321,1]
02-08 05:52:33.187 I/wm_activity_launch_time( 1466): [0,94960461,com.android.music/.VideoBrowserActivity,40]
02-08 05:52:33.187 I/input_focus( 1466): [Focus leaving 75d5c14 com.android.launcher3/com.android.launcher3.uioverrides.QuickstepLauncher (server),reason=NO_WINDOW]
02-08 05:52:33.202 I/input_focus( 1466): [Focus entering 2216514 com.android.music/com.android.music.VideoBrowserActivity (server),reason=Window became focusable. Previous reason: NOT_VISIBLE]
02-08 05:52:33.703 I/wm_stop_activity( 1466): [0,163962840,com.android.launcher3/.uioverrides.QuickstepLauncher]
02-08 05:52:33.722 I/wm_on_stop_called( 2862): [163962840,com.android.launcher3.uioverrides.QuickstepLauncher,STOP_ACTIVITY_ITEM]
02-08 05:52:33.755 I/input_interaction( 1466): Interaction with: 2216514 com.android.music/com.android.music.VideoBrowserActivity (server), edge-swipe (server), swipe-up (server), PointerEventDispatcher0 (server),
02-08 05:52:33.759 I/wm_task_moved( 1466): [1,0,0]
02-08 05:52:33.759 I/wm_task_moved( 1466): [1,0,6]
02-08 05:52:33.769 I/wm_on_restart_called( 2862): [163962840,com.android.launcher3.uioverrides.QuickstepLauncher,performRestartActivity]
02-08 05:52:33.782 I/wm_on_start_called( 2862): [163962840,com.android.launcher3.uioverrides.QuickstepLauncher,handleStartActivity]
02-08 05:52:33.793 I/sysui_multi_action( 1466): [319,2,322,32,325,965,757,761,758,9,759,5,806,com.android.launcher3,871,com.android.launcher3.uioverrides.QuickstepLauncher,905,0,1320,4,1321,1]
02-08 05:52:33.850 I/view_enqueue_input_event( 6004): [Motion - Cancel,com.android.music/com.android.music.VideoBrowserActivity]
02-08 05:52:33.856 I/sysui_latency( 2862): [1,34]
02-08 05:52:33.860 I/input_focus( 1466): [Focus request recents_animation_input_consumer,reason=UpdateInputWindows]
02-08 05:52:33.863 I/input_interaction( 1466): Interaction with: edge-swipe (server), swipe-up (server), PointerEventDispatcher0 (server),
02-08 05:52:33.886 I/input_focus( 1466): [Focus leaving 2216514 com.android.music/com.android.music.VideoBrowserActivity (server),reason=NOT_FOCUSABLE]
02-08 05:52:33.886 I/input_focus( 1466): [Focus entering recents_animation_input_consumer (server),reason=setFocusedWindow]
02-08 05:52:33.981 I/commit_sys_config_file( 1466): [settings-1-0,1]
02-08 05:52:34.092 I/sysui_latency( 1466): [8,35]
02-08 05:52:34.522 I/commit_sys_config_file( 1466): [package-user-0,2]
02-08 05:52:34.526 I/input_interaction( 1466): Interaction with: recents_animation_input_consumer (server), edge-swipe (server), swipe-up (server), PointerEventDispatcher0 (server),
02-08 05:52:34.541 I/wm_task_moved( 1466): [1,1,7]
02-08 05:52:34.542 I/wm_task_moved( 1466): [10,1,2147483647]
02-08 05:52:34.542 I/wm_task_to_front( 1466): [0,10]
02-08 05:52:34.542 I/wm_on_top_resumed_lost_called( 6004): [94960461,com.android.music.VideoBrowserActivity,topStateChangedWhenResumed]
02-08 05:52:34.542 I/wm_focused_root_task( 1466): [0,0,1,12,RecentsAnimation.onAnimationFinished()]
02-08 05:52:34.542 I/wm_set_resumed_activity( 1466): [0,com.android.launcher3/.uioverrides.QuickstepLauncher,RecentsAnimation.onAnimationFinished()]
02-08 05:52:34.543 I/wm_pause_activity( 1466): [0,94960461,com.android.music/.VideoBrowserActivity,userLeaving=true,pauseBackTasks]
02-08 05:52:34.543 I/wm_add_to_stopping( 1466): [0,94960461,com.android.music/.VideoBrowserActivity,makeInvisible]
02-08 05:52:34.543 I/wm_set_resumed_activity( 1466): [0,com.android.launcher3/.uioverrides.QuickstepLauncher,resumeTopActivityInnerLocked]
02-08 05:52:34.544 I/wm_resume_activity( 1466): [0,163962840,10,com.android.launcher3/.uioverrides.QuickstepLauncher]
02-08 05:52:34.547 I/input_focus( 1466): [Focus request 75d5c14 com.android.launcher3/com.android.launcher3.uioverrides.QuickstepLauncher,reason=UpdateInputWindows]
02-08 05:52:34.548 I/wm_on_paused_called( 6004): [94960461,com.android.music.VideoBrowserActivity,performPause]
02-08 05:52:34.549 I/wm_stop_activity( 1466): [0,94960461,com.android.music/.VideoBrowserActivity]
02-08 05:52:34.549 I/sysui_multi_action( 1466): [757,803,799,window_time_0,802,1]
02-08 05:52:34.549 I/sysui_multi_action( 1466): [757,803,799,window_time_0,802,0]
02-08 05:52:34.555 I/input_focus( 1466): [Focus leaving recents_animation_input_consumer (server),reason=NOT_VISIBLE]
02-08 05:52:34.556 I/wm_on_stop_called( 6004): [94960461,com.android.music.VideoBrowserActivity,STOP_ACTIVITY_ITEM]
02-08 05:52:34.556 I/wm_on_resume_called( 2862): [163962840,com.android.launcher3.uioverrides.QuickstepLauncher,RESUME_ACTIVITY]
02-08 05:52:34.556 I/wm_on_top_resumed_gained_called( 2862): [163962840,com.android.launcher3.uioverrides.QuickstepLauncher,topStateChangedWhenResumed]
02-08 05:52:34.571 I/input_focus( 1466): [Focus entering 75d5c14 com.android.launcher3/com.android.launcher3.uioverrides.QuickstepLauncher (server),reason=setFocusedWindow]
02-08 05:52:34.630 I/wm_task_created( 1466): [13,-1]
02-08 05:52:34.631 I/wm_task_moved( 1466): [13,1,8]
02-08 05:52:34.631 I/wm_task_to_front( 1466): [0,13]
02-08 05:52:34.632 I/wm_create_task( 1466): [0,13]
02-08 05:52:34.632 I/wm_create_activity( 1466): [0,231764763,13,com.android.settings/.Settings,android.intent.action.MAIN,NULL,NULL,270532608]
02-08 05:52:34.632 I/wm_task_moved( 1466): [13,1,8]
02-08 05:52:34.633 I/wm_pause_activity( 1466): [0,163962840,com.android.launcher3/.uioverrides.QuickstepLauncher,userLeaving=true,pauseBackTasks]
02-08 05:52:34.635 I/wm_on_top_resumed_lost_called( 2862): [163962840,com.android.launcher3.uioverrides.QuickstepLauncher,topStateChangedWhenResumed]
02-08 05:52:34.636 I/wm_on_paused_called( 2862): [163962840,com.android.launcher3.uioverrides.QuickstepLauncher,performPause]
02-08 05:52:34.637 I/wm_add_to_stopping( 1466): [0,163962840,com.android.launcher3/.uioverrides.QuickstepLauncher,makeInvisible]
02-08 05:52:34.644 I/sysui_multi_action( 1466): [757,803,799,window_time_0,802,0]
02-08 05:52:34.645 I/am_proc_start( 1466): [0,6134,1000,com.android.settings,pre-top-activity,{com.android.settings/com.android.settings.Settings}]
02-08 05:52:34.656 I/am_proc_bound( 1466): [0,6134,com.android.settings]
02-08 05:52:34.656 I/input_focus( 1466): [Focus leaving 75d5c14 com.android.launcher3/com.android.launcher3.uioverrides.QuickstepLauncher (server),reason=NO_WINDOW]
02-08 05:52:34.658 I/wm_restart_activity( 1466): [0,231764763,13,com.android.settings/.Settings]
02-08 05:52:34.659 I/wm_set_resumed_activity( 1466): [0,com.android.settings/.Settings,minimalResumeActivityLocked]
02-08 05:52:34.676 I/am_wtf ( 1466): [0,6134,com.android.settings,952647173,RoleParser,com.android.permissioncontroller.role.model.AssistantRoleBehavior]
02-08 05:52:34.677 I/am_wtf ( 1466): [0,6134,com.android.settings,952647173,RoleParser,com.android.permissioncontroller.role.model.BrowserRoleBehavior]
02-08 05:52:34.678 I/am_wtf ( 1466): [0,6134,com.android.settings,952647173,RoleParser,com.android.permissioncontroller.role.model.DialerRoleBehavior]
02-08 05:52:34.678 I/am_wtf ( 1466): [0,6134,com.android.settings,952647173,RoleParser,com.android.permissioncontroller.role.model.SmsRoleBehavior]
02-08 05:52:34.679 I/am_wtf ( 1466): [0,6134,com.android.settings,952647173,RoleParser,com.android.permissioncontroller.role.model.EmergencyRoleBehavior]
02-08 05:52:34.680 I/am_wtf ( 1466): [0,6134,com.android.settings,952647173,RoleParser,com.android.permissioncontroller.role.model.HomeRoleBehavior]
02-08 05:52:34.681 I/am_wtf ( 1466): [0,6134,com.android.settings,952647173,RoleParser,com.android.permissioncontroller.role.model.SystemAutomotiveClusterRoleBehavior]
