02-08 08:39:26.671 I/am_wtf ( 1466): [0,1466,system_server,-1,DisplayDeviceConfig,requesting nits when no mapping exists.]
02-08 08:39:26.671 I/am_wtf ( 1466): [0,1466,system_server,-1,DisplayDeviceConfig,requesting nits when no mapping exists.]
02-08 08:39:26.688 I/am_wtf ( 1466): [0,1466,system_server,-1,DisplayDeviceConfig,requesting nits when no mapping exists.]
02-08 08:39:26.688 I/am_wtf ( 1466): [0,1466,system_server,-1,DisplayDeviceConfig,requesting nits when no mapping exists.]
02-08 08:39:26.704 I/am_wtf ( 1466): [0,1466,system_server,-1,DisplayDeviceConfig,requesting nits when no mapping exists.]
02-08 08:39:26.705 I/am_wtf ( 1466): [0,1466,system_server,-1,DisplayDeviceConfig,requesting nits when no mapping exists.]
02-08 08:39:26.721 I/am_wtf ( 1466): [0,1466,system_server,-1,DisplayDeviceConfig,requesting nits when no mapping exists.]
02-08 08:39:26.721 I/am_wtf ( 1466): [0,1466,system_server,-1,DisplayDeviceConfig,requesting nits when no mapping exists.]
02-08 08:39:26.738 I/am_wtf ( 1466): [0,1466,system_server,-1,DisplayDeviceConfig,requesting nits when no mapping exists.]
02-08 08:39:26.738 I/am_wtf ( 1466): [0,1466,system_server,-1,DisplayDeviceConfig,requesting nits when no mapping exists.]
02-08 08:39:26.755 I/am_wtf ( 1466): [0,1466,system_server,-1,DisplayDeviceConfig,requesting nits when no mapping exists.]
02-08 08:39:26.755 I/am_wtf ( 1466): [0,1466,system_server,-1,DisplayDeviceConfig,requesting nits when no mapping exists.]
02-08 08:39:26.771 I/am_wtf ( 1466): [0,1466,system_server,-1,DisplayDeviceConfig,requesting nits when no mapping exists.]
02-08 08:39:26.771 I/am_wtf ( 1466): [0,1466,system_server,-1,DisplayDeviceConfig,requesting nits when no mapping exists.]
02-08 08:39:48.030 I/input_interaction( 1466): Interaction with: 309473e com.thundercomm.screensaver/android.service.dreams.DreamActivity (server), edge-swipe (server), swipe-up (server), PointerEventDispatcher0 (server),
02-08 08:39:48.033 I/service_manager_stats( 1466): [116,20,22214]
02-08 08:39:48.034 I/wm_finish_activity( 1466): [0,212418034,33,com.thundercomm.screensaver/android.service.dreams.DreamActivity,finish-activity]
02-08 08:39:48.034 I/wm_task_moved( 1466): [18,1,6]
02-08 08:39:48.034 I/wm_task_to_front( 1466): [0,18]
02-08 08:39:48.035 I/wm_focused_root_task( 1466): [0,0,18,33,finish-top adjustFocusToNextFocusableTask]
02-08 08:39:48.036 I/wm_pause_activity( 1466): [0,212418034,com.thundercomm.screensaver/android.service.dreams.DreamActivity,userLeaving=false,finish]
02-08 08:39:48.043 I/wm_on_top_resumed_lost_called( 6616): [212418034,android.service.dreams.DreamActivity,topStateChangedWhenResumed]
02-08 08:39:48.047 I/wm_on_paused_called( 6616): [212418034,android.service.dreams.DreamActivity,performPause]
02-08 08:39:48.047 I/sysui_multi_action( 1466): [757,803,799,window_time_0,802,23]
02-08 08:39:48.047 I/wm_add_to_stopping( 1466): [0,212418034,com.thundercomm.screensaver/android.service.dreams.DreamActivity,completeFinishing]
02-08 08:39:48.050 I/wm_set_resumed_activity( 1466): [0,com.android.settings/.Settings,resumeTopActivityInnerLocked]
02-08 08:39:48.051 I/wm_resume_activity( 1466): [0,101732248,18,com.android.settings/.Settings]
02-08 08:39:48.056 I/sysui_multi_action( 1466): [757,803,799,window_time_0,802,0]
02-08 08:39:48.061 I/view_enqueue_input_event( 6616): [Motion - Cancel,com.thundercomm.screensaver/android.service.dreams.DreamActivity]
02-08 08:39:48.061 I/wm_on_restart_called( 7109): [101732248,com.android.settings.Settings,performRestartActivity]
02-08 08:39:48.066 I/input_focus( 1466): [Focus leaving 309473e com.thundercomm.screensaver/android.service.dreams.DreamActivity (server),reason=NO_WINDOW]
02-08 08:39:48.068 I/wm_on_start_called( 7109): [101732248,com.android.settings.Settings,handleStartActivity]
02-08 08:39:48.068 I/snet_event_log( 7109): [120484087,-1,]
02-08 08:39:48.068 I/wm_on_resume_called( 7109): [101732248,com.android.settings.Settings,RESUME_ACTIVITY]
02-08 08:39:48.069 I/sysui_multi_action( 7109): [757,35,758,1,833,0,1089,0]
02-08 08:39:48.069 I/input_interaction( 1466): Interaction with: edge-swipe (server), swipe-up (server), PointerEventDispatcher0 (server),
02-08 08:39:48.070 I/sysui_multi_action( 7109): [757,1390,758,1,833,0,1089,0]
02-08 08:39:48.072 I/wm_on_top_resumed_gained_called( 7109): [101732248,com.android.settings.Settings,topWhenResuming]
02-08 08:39:48.077 I/input_focus( 1466): [Focus request a3caed1 com.android.settings/com.android.settings.Settings,reason=UpdateInputWindows]
02-08 08:39:48.091 I/input_focus( 1466): [Focus entering a3caed1 com.android.settings/com.android.settings.Settings (server),reason=setFocusedWindow]
02-08 08:39:48.602 I/wm_destroy_activity( 1466): [0,212418034,33,com.thundercomm.screensaver/android.service.dreams.DreamActivity,finish-imm:idle]
02-08 08:39:48.616 I/wm_on_stop_called( 6616): [212418034,android.service.dreams.DreamActivity,LIFECYCLER_STOP_ACTIVITY]
02-08 08:39:48.617 I/wm_on_destroy_called( 6616): [212418034,android.service.dreams.DreamActivity,performDestroy]
02-08 08:39:48.623 I/sysui_multi_action( 1466): [757,222,758,2]
02-08 08:39:48.624 I/sysui_multi_action( 1466): [757,804,799,dreaming_minutes,801,0,802,1]
02-08 08:39:48.636 I/wm_task_removed( 1466): [33,removeChild:removeChild last r=ActivityRecord{ca93df2 u0 com.thundercomm.screensaver/android.service.dreams.DreamActivity t-1 f}} in t=Task{d78f88f #33 type=dream A=10049:android:com.thundercomm.screensaver/dream U=0 visible=false mode=fullscreen translucent=true sz=0}]
02-08 08:39:48.636 I/wm_task_removed( 1466): [33,removeChild]
02-08 08:39:56.846 I/input_interaction( 1466): Interaction with: a3caed1 com.android.settings/com.android.settings.Settings (server), edge-swipe (server), swipe-up (server), PointerEventDispatcher0 (server),
02-08 08:39:56.980 I/sysui_multi_action( 7109): [757,830,758,4,833,0,854,bluetooth_screen_add_bt_devices,1089,0]
02-08 08:39:56.986 I/sysui_multi_action( 7109): [757,1390,758,2,1089,8915]
02-08 08:39:57.035 I/sysui_multi_action( 7109): [757,1018,758,1,833,0,1089,41]
02-08 08:39:57.037 I/sysui_multi_action( 7109): [757,1729,758,4,854,isParalleledControllers:false,1089,43]
02-08 08:39:58.026 I/sysui_multi_action( 7109): [757,1018,758,2,1089,991]
02-08 08:39:58.066 I/sysui_multi_action( 7109): [757,1390,758,1,833,0,1089,0]
02-08 08:40:00.024 I/sysui_multi_action( 7109): [757,161,758,4]
02-08 08:40:00.025 I/sysui_multi_action( 7109): [757,830,758,4,833,0,854,bluetooth_screen_bt_pair_rename_devices,1089,0]
02-08 08:40:00.074 I/sysui_multi_action( 7109): [757,538,758,1,833,0,1089,36]
02-08 08:40:00.085 I/input_focus( 1466): [Focus request d390753 com.android.settings/com.android.settings.Settings,reason=UpdateInputWindows]
02-08 08:40:00.105 I/input_focus( 1466): [Focus leaving a3caed1 com.android.settings/com.android.settings.Settings (server),reason=setFocusedWindow]
02-08 08:40:00.105 I/input_focus( 1466): [Focus entering d390753 com.android.settings/com.android.settings.Settings (server),reason=setFocusedWindow]
02-08 08:40:19.756 I/commit_sys_config_file( 1466): [appops,10996651]
02-08 08:40:48.629 I/am_uid_idle( 1466): 10049
02-08 08:40:52.928 I/sysui_multi_action( 1466): [757,1696,758,6,759,2]
02-08 08:40:52.931 I/am_wtf ( 1466): [0,1466,system_server,-1,DisplayDeviceConfig,requesting nits when no mapping exists.]
02-08 08:40:52.934 I/am_wtf ( 1466): [0,1466,system_server,-1,DisplayDeviceConfig,requesting nits when no mapping exists.]
02-08 08:40:52.946 I/am_wtf ( 1466): [0,1466,system_server,-1,DisplayDeviceConfig,requesting nits when no mapping exists.]
02-08 08:40:52.947 I/am_wtf ( 1466): [0,1466,system_server,-1,DisplayDeviceConfig,requesting nits when no mapping exists.]
02-08 08:40:52.963 I/am_wtf ( 1466): [0,1466,system_server,-1,DisplayDeviceConfig,requesting nits when no mapping exists.]
02-08 08:40:52.965 I/am_wtf ( 1466): [0,1466,system_server,-1,DisplayDeviceConfig,requesting nits when no mapping exists.]
02-08 08:40:52.980 I/am_wtf ( 1466): [0,1466,system_server,-1,DisplayDeviceConfig,requesting nits when no mapping exists.]
02-08 08:40:52.981 I/am_wtf ( 1466): [0,1466,system_server,-1,DisplayDeviceConfig,requesting nits when no mapping exists.]
02-08 08:40:52.997 I/am_wtf ( 1466): [0,1466,system_server,-1,DisplayDeviceConfig,requesting nits when no mapping exists.]
02-08 08:40:52.998 I/am_wtf ( 1466): [0,1466,system_server,-1,DisplayDeviceConfig,requesting nits when no mapping exists.]
02-08 08:40:53.013 I/am_wtf ( 1466): [0,1466,system_server,-1,DisplayDeviceConfig,requesting nits when no mapping exists.]
02-08 08:40:53.014 I/am_wtf ( 1466): [0,1466,system_server,-1,DisplayDeviceConfig,requesting nits when no mapping exists.]
02-08 08:40:53.030 I/am_wtf ( 1466): [0,1466,system_server,-1,DisplayDeviceConfig,requesting nits when no mapping exists.]
02-08 08:40:53.031 I/am_wtf ( 1466): [0,1466,system_server,-1,DisplayDeviceConfig,requesting nits when no mapping exists.]
02-08 08:40:53.046 I/am_wtf ( 1466): [0,1466,system_server,-1,DisplayDeviceConfig,requesting nits when no mapping exists.]
02-08 08:40:53.047 I/am_wtf ( 1466): [0,1466,system_server,-1,DisplayDeviceConfig,requesting nits when no mapping exists.]
02-08 08:40:53.064 I/am_wtf ( 1466): [0,1466,system_server,-1,DisplayDeviceConfig,requesting nits when no mapping exists.]
02-08 08:40:53.065 I/am_wtf ( 1466): [0,1466,system_server,-1,DisplayDeviceConfig,requesting nits when no mapping exists.]
02-08 08:40:53.080 I/am_wtf ( 1466): [0,1466,system_server,-1,DisplayDeviceConfig,requesting nits when no mapping exists.]
02-08 08:40:53.081 I/am_wtf ( 1466): [0,1466,system_server,-1,DisplayDeviceConfig,requesting nits when no mapping exists.]
02-08 08:40:53.097 I/am_wtf ( 1466): [0,1466,system_server,-1,DisplayDeviceConfig,requesting nits when no mapping exists.]
02-08 08:40:53.098 I/am_wtf ( 1466): [0,1466,system_server,-1,DisplayDeviceConfig,requesting nits when no mapping exists.]
02-08 08:40:53.114 I/am_wtf ( 1466): [0,1466,system_server,-1,DisplayDeviceConfig,requesting nits when no mapping exists.]
02-08 08:40:53.115 I/am_wtf ( 1466): [0,1466,system_server,-1,DisplayDeviceConfig,requesting nits when no mapping exists.]
02-08 08:40:53.130 I/am_wtf ( 1466): [0,1466,system_server,-1,DisplayDeviceConfig,requesting nits when no mapping exists.]
02-08 08:40:53.131 I/am_wtf ( 1466): [0,1466,system_server,-1,DisplayDeviceConfig,requesting nits when no mapping exists.]
02-08 08:40:53.147 I/am_wtf ( 1466): [0,1466,system_server,-1,DisplayDeviceConfig,requesting nits when no mapping exists.]
02-08 08:40:53.148 I/am_wtf ( 1466): [0,1466,system_server,-1,DisplayDeviceConfig,requesting nits when no mapping exists.]
02-08 08:40:53.164 I/am_wtf ( 1466): [0,1466,system_server,-1,DisplayDeviceConfig,requesting nits when no mapping exists.]
02-08 08:40:53.164 I/am_wtf ( 1466): [0,1466,system_server,-1,DisplayDeviceConfig,requesting nits when no mapping exists.]
02-08 08:40:53.181 I/am_wtf ( 1466): [0,1466,system_server,-1,DisplayDeviceConfig,requesting nits when no mapping exists.]
02-08 08:40:53.182 I/am_wtf ( 1466): [0,1466,system_server,-1,DisplayDeviceConfig,requesting nits when no mapping exists.]
02-08 08:40:53.197 I/am_wtf ( 1466): [0,1466,system_server,-1,DisplayDeviceConfig,requesting nits when no mapping exists.]
02-08 08:40:53.198 I/am_wtf ( 1466): [0,1466,system_server,-1,DisplayDeviceConfig,requesting nits when no mapping exists.]
02-08 08:40:53.214 I/am_wtf ( 1466): [0,1466,system_server,-1,DisplayDeviceConfig,requesting nits when no mapping exists.]
02-08 08:40:53.215 I/am_wtf ( 1466): [0,1466,system_server,-1,DisplayDeviceConfig,requesting nits when no mapping exists.]
02-08 08:40:53.231 I/am_wtf ( 1466): [0,1466,system_server,-1,DisplayDeviceConfig,requesting nits when no mapping exists.]
02-08 08:40:53.232 I/am_wtf ( 1466): [0,1466,system_server,-1,DisplayDeviceConfig,requesting nits when no mapping exists.]
02-08 08:40:53.247 I/am_wtf ( 1466): [0,1466,system_server,-1,DisplayDeviceConfig,requesting nits when no mapping exists.]
02-08 08:40:53.247 I/am_wtf ( 1466): [0,1466,system_server,-1,DisplayDeviceConfig,requesting nits when no mapping exists.]
02-08 08:40:53.264 I/am_wtf ( 1466): [0,1466,system_server,-1,DisplayDeviceConfig,requesting nits when no mapping exists.]
02-08 08:40:53.265 I/am_wtf ( 1466): [0,1466,system_server,-1,DisplayDeviceConfig,requesting nits when no mapping exists.]
02-08 08:40:53.280 I/am_wtf ( 1466): [0,1466,system_server,-1,DisplayDeviceConfig,requesting nits when no mapping exists.]
02-08 08:40:53.281 I/am_wtf ( 1466): [0,1466,system_server,-1,DisplayDeviceConfig,requesting nits when no mapping exists.]
02-08 08:40:53.297 I/am_wtf ( 1466): [0,1466,system_server,-1,DisplayDeviceConfig,requesting nits when no mapping exists.]
02-08 08:40:53.298 I/am_wtf ( 1466): [0,1466,system_server,-1,DisplayDeviceConfig,requesting nits when no mapping exists.]
02-08 08:40:53.314 I/am_wtf ( 1466): [0,1466,system_server,-1,DisplayDeviceConfig,requesting nits when no mapping exists.]
02-08 08:40:53.315 I/am_wtf ( 1466): [0,1466,system_server,-1,DisplayDeviceConfig,requesting nits when no mapping exists.]
02-08 08:40:53.331 I/am_wtf ( 1466): [0,1466,system_server,-1,DisplayDeviceConfig,requesting nits when no mapping exists.]
02-08 08:40:53.331 I/am_wtf ( 1466): [0,1466,system_server,-1,DisplayDeviceConfig,requesting nits when no mapping exists.]
02-08 08:40:53.348 I/am_wtf ( 1466): [0,1466,system_server,-1,DisplayDeviceConfig,requesting nits when no mapping exists.]
02-08 08:40:53.349 I/am_wtf ( 1466): [0,1466,system_server,-1,DisplayDeviceConfig,requesting nits when no mapping exists.]
02-08 08:40:53.364 I/am_wtf ( 1466): [0,1466,system_server,-1,DisplayDeviceConfig,requesting nits when no mapping exists.]
02-08 08:40:53.365 I/am_wtf ( 1466): [0,1466,system_server,-1,DisplayDeviceConfig,requesting nits when no mapping exists.]
02-08 08:40:53.381 I/am_wtf ( 1466): [0,1466,system_server,-1,DisplayDeviceConfig,requesting nits when no mapping exists.]
02-08 08:40:53.382 I/am_wtf ( 1466): [0,1466,system_server,-1,DisplayDeviceConfig,requesting nits when no mapping exists.]
02-08 08:40:53.398 I/am_wtf ( 1466): [0,1466,system_server,-1,DisplayDeviceConfig,requesting nits when no mapping exists.]
02-08 08:40:53.399 I/am_wtf ( 1466): [0,1466,system_server,-1,DisplayDeviceConfig,requesting nits when no mapping exists.]
02-08 08:40:53.414 I/am_wtf ( 1466): [0,1466,system_server,-1,DisplayDeviceConfig,requesting nits when no mapping exists.]
02-08 08:40:53.415 I/am_wtf ( 1466): [0,1466,system_server,-1,DisplayDeviceConfig,requesting nits when no mapping exists.]
02-08 08:40:53.431 I/am_wtf ( 1466): [0,1466,system_server,-1,DisplayDeviceConfig,requesting nits when no mapping exists.]
02-08 08:40:53.432 I/am_wtf ( 1466): [0,1466,system_server,-1,DisplayDeviceConfig,requesting nits when no mapping exists.]
02-08 08:40:53.447 I/am_wtf ( 1466): [0,1466,system_server,-1,DisplayDeviceConfig,requesting nits when no mapping exists.]
02-08 08:40:53.448 I/am_wtf ( 1466): [0,1466,system_server,-1,DisplayDeviceConfig,requesting nits when no mapping exists.]
02-08 08:40:53.464 I/am_wtf ( 1466): [0,1466,system_server,-1,DisplayDeviceConfig,requesting nits when no mapping exists.]
02-08 08:40:53.465 I/am_wtf ( 1466): [0,1466,system_server,-1,DisplayDeviceConfig,requesting nits when no mapping exists.]
02-08 08:40:53.481 I/am_wtf ( 1466): [0,1466,system_server,-1,DisplayDeviceConfig,requesting nits when no mapping exists.]
02-08 08:40:53.481 I/am_wtf ( 1466): [0,1466,system_server,-1,DisplayDeviceConfig,requesting nits when no mapping exists.]
02-08 08:40:53.498 I/am_wtf ( 1466): [0,1466,system_server,-1,DisplayDeviceConfig,requesting nits when no mapping exists.]
02-08 08:40:53.498 I/am_wtf ( 1466): [0,1466,system_server,-1,DisplayDeviceConfig,requesting nits when no mapping exists.]
02-08 08:40:53.514 I/am_wtf ( 1466): [0,1466,system_server,-1,DisplayDeviceConfig,requesting nits when no mapping exists.]
02-08 08:40:53.515 I/am_wtf ( 1466): [0,1466,system_server,-1,DisplayDeviceConfig,requesting nits when no mapping exists.]
02-08 08:40:53.532 I/am_wtf ( 1466): [0,1466,system_server,-1,DisplayDeviceConfig,requesting nits when no mapping exists.]
02-08 08:40:53.532 I/am_wtf ( 1466): [0,1466,system_server,-1,DisplayDeviceConfig,requesting nits when no mapping exists.]
02-08 08:40:53.548 I/am_wtf ( 1466): [0,1466,system_server,-1,DisplayDeviceConfig,requesting nits when no mapping exists.]
02-08 08:40:53.549 I/am_wtf ( 1466): [0,1466,system_server,-1,DisplayDeviceConfig,requesting nits when no mapping exists.]
02-08 08:40:53.565 I/am_wtf ( 1466): [0,1466,system_server,-1,DisplayDeviceConfig,requesting nits when no mapping exists.]
02-08 08:40:53.566 I/am_wtf ( 1466): [0,1466,system_server,-1,DisplayDeviceConfig,requesting nits when no mapping exists.]
02-08 08:40:53.581 I/am_wtf ( 1466): [0,1466,system_server,-1,DisplayDeviceConfig,requesting nits when no mapping exists.]
02-08 08:40:53.582 I/am_wtf ( 1466): [0,1466,system_server,-1,DisplayDeviceConfig,requesting nits when no mapping exists.]
02-08 08:40:53.598 I/am_wtf ( 1466): [0,1466,system_server,-1,DisplayDeviceConfig,requesting nits when no mapping exists.]
02-08 08:40:53.599 I/am_wtf ( 1466): [0,1466,system_server,-1,DisplayDeviceConfig,requesting nits when no mapping exists.]
02-08 08:40:53.615 I/am_wtf ( 1466): [0,1466,system_server,-1,DisplayDeviceConfig,requesting nits when no mapping exists.]
02-08 08:40:53.616 I/am_wtf ( 1466): [0,1466,system_server,-1,DisplayDeviceConfig,requesting nits when no mapping exists.]
02-08 08:40:53.632 I/am_wtf ( 1466): [0,1466,system_server,-1,DisplayDeviceConfig,requesting nits when no mapping exists.]
02-08 08:40:53.632 I/am_wtf ( 1466): [0,1466,system_server,-1,DisplayDeviceConfig,requesting nits when no mapping exists.]
02-08 08:40:53.648 I/am_wtf ( 1466): [0,1466,system_server,-1,DisplayDeviceConfig,requesting nits when no mapping exists.]
02-08 08:40:53.649 I/am_wtf ( 1466): [0,1466,system_server,-1,DisplayDeviceConfig,requesting nits when no mapping exists.]
02-08 08:40:53.664 I/am_wtf ( 1466): [0,1466,system_server,-1,DisplayDeviceConfig,requesting nits when no mapping exists.]
02-08 08:40:53.665 I/am_wtf ( 1466): [0,1466,system_server,-1,DisplayDeviceConfig,requesting nits when no mapping exists.]
02-08 08:40:53.682 I/am_wtf ( 1466): [0,1466,system_server,-1,DisplayDeviceConfig,requesting nits when no mapping exists.]
02-08 08:40:53.683 I/service_manager_stats( 1466): [100,53,65649]
02-08 08:40:53.683 I/am_wtf ( 1466): [0,1466,system_server,-1,DisplayDeviceConfig,requesting nits when no mapping exists.]
02-08 08:40:53.698 I/am_wtf ( 1466): [0,1466,system_server,-1,DisplayDeviceConfig,requesting nits when no mapping exists.]
02-08 08:40:53.699 I/am_wtf ( 1466): [0,1466,system_server,-1,DisplayDeviceConfig,requesting nits when no mapping exists.]
02-08 08:40:53.715 I/am_wtf ( 1466): [0,1466,system_server,-1,DisplayDeviceConfig,requesting nits when no mapping exists.]
02-08 08:40:53.719 I/am_wtf ( 1466): [0,1466,system_server,-1,DisplayDeviceConfig,requesting nits when no mapping exists.]
02-08 08:40:53.732 I/am_wtf ( 1466): [0,1466,system_server,-1,DisplayDeviceConfig,requesting nits when no mapping exists.]
02-08 08:40:53.733 I/am_wtf ( 1466): [0,1466,system_server,-1,DisplayDeviceConfig,requesting nits when no mapping exists.]
02-08 08:40:53.748 I/am_wtf ( 1466): [0,1466,system_server,-1,DisplayDeviceConfig,requesting nits when no mapping exists.]
02-08 08:40:53.750 I/am_wtf ( 1466): [0,1466,system_server,-1,DisplayDeviceConfig,requesting nits when no mapping exists.]
02-08 08:40:53.765 I/am_wtf ( 1466): [0,1466,system_server,-1,DisplayDeviceConfig,requesting nits when no mapping exists.]
02-08 08:40:53.765 I/am_wtf ( 1466): [0,1466,system_server,-1,DisplayDeviceConfig,requesting nits when no mapping exists.]
02-08 08:40:53.782 I/am_wtf ( 1466): [0,1466,system_server,-1,DisplayDeviceConfig,requesting nits when no mapping exists.]
02-08 08:40:53.784 I/am_wtf ( 1466): [0,1466,system_server,-1,DisplayDeviceConfig,requesting nits when no mapping exists.]
02-08 08:40:53.798 I/am_wtf ( 1466): [0,1466,system_server,-1,DisplayDeviceConfig,requesting nits when no mapping exists.]
02-08 08:40:53.799 I/am_wtf ( 1466): [0,1466,system_server,-1,DisplayDeviceConfig,requesting nits when no mapping exists.]
02-08 08:40:53.815 I/am_wtf ( 1466): [0,1466,system_server,-1,DisplayDeviceConfig,requesting nits when no mapping exists.]
02-08 08:40:53.816 I/am_wtf ( 1466): [0,1466,system_server,-1,DisplayDeviceConfig,requesting nits when no mapping exists.]
02-08 08:40:53.832 I/am_wtf ( 1466): [0,1466,system_server,-1,DisplayDeviceConfig,requesting nits when no mapping exists.]
02-08 08:40:53.833 I/am_wtf ( 1466): [0,1466,system_server,-1,DisplayDeviceConfig,requesting nits when no mapping exists.]
02-08 08:40:53.848 I/am_wtf ( 1466): [0,1466,system_server,-1,DisplayDeviceConfig,requesting nits when no mapping exists.]
02-08 08:40:53.849 I/am_wtf ( 1466): [0,1466,system_server,-1,DisplayDeviceConfig,requesting nits when no mapping exists.]
02-08 08:40:53.865 I/am_wtf ( 1466): [0,1466,system_server,-1,DisplayDeviceConfig,requesting nits when no mapping exists.]
02-08 08:40:53.866 I/am_wtf ( 1466): [0,1466,system_server,-1,DisplayDeviceConfig,requesting nits when no mapping exists.]
02-08 08:40:53.882 I/am_wtf ( 1466): [0,1466,system_server,-1,DisplayDeviceConfig,requesting nits when no mapping exists.]
02-08 08:40:53.882 I/am_wtf ( 1466): [0,1466,system_server,-1,DisplayDeviceConfig,requesting nits when no mapping exists.]
02-08 08:40:54.647 I/am_uid_idle( 1466): 10068
02-08 08:40:59.932 I/sysui_multi_action( 1466): [757,222,758,1]
02-08 08:40:59.947 I/am_uid_active( 1466): 10049
02-08 08:40:59.954 I/commit_sys_config_file( 1466): [procstats,22]
02-08 08:40:59.955 I/wm_task_created( 1466): [34,-1]
02-08 08:40:59.959 I/wm_task_moved( 1466): [34,1,7]
02-08 08:40:59.959 I/wm_task_to_front( 1466): [0,34]
02-08 08:40:59.960 I/wm_create_task( 1466): [0,34]
02-08 08:40:59.960 I/wm_create_activity( 1466): [0,87162272,34,com.thundercomm.screensaver/android.service.dreams.DreamActivity,NULL,NULL,NULL,276824064]
02-08 08:40:59.960 I/wm_task_moved( 1466): [34,1,7]
02-08 08:40:59.960 I/wm_on_top_resumed_lost_called( 7109): [101732248,com.android.settings.Settings,topStateChangedWhenResumed]
02-08 08:40:59.960 I/wm_pause_activity( 1466): [0,101732248,com.android.settings/.Settings,userLeaving=true,pauseBackTasks]
02-08 08:40:59.963 I/sysui_multi_action( 7109): [757,35,758,2,1089,71894]
02-08 08:40:59.963 I/sysui_multi_action( 7109): [757,1390,758,2,1089,61898]
02-08 08:40:59.963 I/sysui_multi_action( 7109): [757,538,758,2,1089,59890]
02-08 08:40:59.964 I/wm_on_paused_called( 7109): [101732248,com.android.settings.Settings,performPause]
02-08 08:40:59.965 I/wm_add_to_stopping( 1466): [0,101732248,com.android.settings/.Settings,makeInvisible]
02-08 08:40:59.965 I/wm_restart_activity( 1466): [0,87162272,34,com.thundercomm.screensaver/android.service.dreams.DreamActivity]
02-08 08:40:59.976 I/wm_set_resumed_activity( 1466): [0,com.thundercomm.screensaver/android.service.dreams.DreamActivity,minimalResumeActivityLocked]
02-08 08:40:59.980 I/wm_on_create_called( 6616): [87162272,android.service.dreams.DreamActivity,performCreate]
02-08 08:40:59.980 I/wm_on_start_called( 6616): [87162272,android.service.dreams.DreamActivity,handleStartActivity]
02-08 08:40:59.981 I/sysui_multi_action( 1466): [757,803,799,window_time_0,802,71]
02-08 08:40:59.982 I/wm_on_resume_called( 6616): [87162272,android.service.dreams.DreamActivity,RESUME_ACTIVITY]
02-08 08:40:59.982 I/am_uid_active( 1466): 10068
02-08 08:40:59.985 I/wm_on_top_resumed_gained_called( 6616): [87162272,android.service.dreams.DreamActivity,topStateChangedWhenResumed]
02-08 08:40:59.996 I/input_focus( 1466): [Focus leaving d390753 com.android.settings/com.android.settings.Settings (server),reason=NO_WINDOW]
02-08 08:41:00.004 I/input_focus( 1466): [Focus request 79de0b8 com.thundercomm.screensaver/android.service.dreams.DreamActivity,reason=UpdateInputWindows]
02-08 08:41:00.016 I/sysui_multi_action( 1466): [319,61,322,55,325,11071,757,761,758,8,759,2,806,com.thundercomm.screensaver,871,android.service.dreams.DreamActivity,904,com.thundercomm.screensaver,905,0,1320,4,1321,2]
02-08 08:41:00.016 I/wm_activity_launch_time( 1466): [0,87162272,com.thundercomm.screensaver/android.service.dreams.DreamActivity,55]
02-08 08:41:00.017 I/sysui_multi_action( 1466): [757,1696,758,6,759,3]
02-08 08:41:00.029 I/am_wtf ( 1466): [0,1466,system_server,-1,DisplayDeviceConfig,requesting nits when no mapping exists.]
02-08 08:41:00.030 I/am_wtf ( 1466): [0,1466,system_server,-1,DisplayDeviceConfig,requesting nits when no mapping exists.]
02-08 08:41:00.046 I/am_wtf ( 1466): [0,1466,system_server,-1,DisplayDeviceConfig,requesting nits when no mapping exists.]
02-08 08:41:00.046 I/am_wtf ( 1466): [0,1466,system_server,-1,DisplayDeviceConfig,requesting nits when no mapping exists.]
02-08 08:41:00.047 I/input_focus( 1466): [Focus entering 79de0b8 com.thundercomm.screensaver/android.service.dreams.DreamActivity (server),reason=Window became focusable. Previous reason: NOT_VISIBLE]
02-08 08:41:00.063 I/am_wtf ( 1466): [0,1466,system_server,-1,DisplayDeviceConfig,requesting nits when no mapping exists.]
02-08 08:41:00.064 I/am_wtf ( 1466): [0,1466,system_server,-1,DisplayDeviceConfig,requesting nits when no mapping exists.]
02-08 08:41:00.079 I/am_wtf ( 1466): [0,1466,system_server,-1,DisplayDeviceConfig,requesting nits when no mapping exists.]
02-08 08:41:00.079 I/am_wtf ( 1466): [0,1466,system_server,-1,DisplayDeviceConfig,requesting nits when no mapping exists.]
02-08 08:41:00.096 I/am_wtf ( 1466): [0,1466,system_server,-1,DisplayDeviceConfig,requesting nits when no mapping exists.]
02-08 08:41:00.097 I/am_wtf ( 1466): [0,1466,system_server,-1,DisplayDeviceConfig,requesting nits when no mapping exists.]
02-08 08:41:00.112 I/am_wtf ( 1466): [0,1466,system_server,-1,DisplayDeviceConfig,requesting nits when no mapping exists.]
02-08 08:41:00.113 I/am_wtf ( 1466): [0,1466,system_server,-1,DisplayDeviceConfig,requesting nits when no mapping exists.]
02-08 08:41:00.129 I/am_wtf ( 1466): [0,1466,system_server,-1,DisplayDeviceConfig,requesting nits when no mapping exists.]
02-08 08:41:00.130 I/am_wtf ( 1466): [0,1466,system_server,-1,DisplayDeviceConfig,requesting nits when no mapping exists.]
02-08 08:41:00.146 I/am_wtf ( 1466): [0,1466,system_server,-1,DisplayDeviceConfig,requesting nits when no mapping exists.]
02-08 08:41:00.146 I/am_wtf ( 1466): [0,1466,system_server,-1,DisplayDeviceConfig,requesting nits when no mapping exists.]
02-08 08:41:00.155 I/am_meminfo( 1466): [2414276608,2631204864,12288,371048448,652493824]
02-08 08:41:00.163 I/am_wtf ( 1466): [0,1466,system_server,-1,DisplayDeviceConfig,requesting nits when no mapping exists.]
02-08 08:41:00.164 I/am_wtf ( 1466): [0,1466,system_server,-1,DisplayDeviceConfig,requesting nits when no mapping exists.]
02-08 08:41:00.166 I/am_pss ( 1466): [7109,1000,com.android.settings,188292096,168513536,0,334389248,2,2,10]
02-08 08:41:00.173 I/am_pss ( 1466): [9711,1002,com.android.bluetooth,41160704,36130816,0,149733376,2,0,6]
02-08 08:41:00.179 I/am_wtf ( 1466): [0,1466,system_server,-1,DisplayDeviceConfig,requesting nits when no mapping exists.]
02-08 08:41:00.180 I/am_wtf ( 1466): [0,1466,system_server,-1,DisplayDeviceConfig,requesting nits when no mapping exists.]
02-08 08:41:00.181 I/am_pss ( 1466): [2862,10080,com.android.launcher3,105919488,93655040,0,244097024,2,6,8]
02-08 08:41:00.186 I/am_pss ( 1466): [20879,10065,com.android.deskclock,8781824,5976064,0,95420416,2,19,4]
02-08 08:41:00.191 I/am_pss ( 1466): [20880,10064,com.android.calendar,6345728,3964928,0,91361280,2,19,4]
02-08 08:41:00.195 I/am_pss ( 1466): [20514,10083,com.android.music,7182336,4702208,0,90800128,2,19,4]
02-08 08:41:00.196 I/am_wtf ( 1466): [0,1466,system_server,-1,DisplayDeviceConfig,requesting nits when no mapping exists.]
02-08 08:41:00.197 I/am_wtf ( 1466): [0,1466,system_server,-1,DisplayDeviceConfig,requesting nits when no mapping exists.]
02-08 08:41:00.201 I/am_pss ( 1466): [19971,1000,com.qti.diagservices,6141952,3690496,0,93745152,2,10,5]
02-08 08:41:00.206 I/am_pss ( 1466): [3420,10094,com.android.providers.media.module,23358464,18817024,0,129523712,2,0,5]
02-08 08:41:00.210 I/am_pss ( 1466): [3501,10079,com.qualcomm.location.XT,6832128,4648960,0,92971008,2,6,5]
02-08 08:41:00.212 I/am_wtf ( 1466): [0,1466,system_server,-1,DisplayDeviceConfig,requesting nits when no mapping exists.]
02-08 08:41:00.213 I/am_wtf ( 1466): [0,1466,system_server,-1,DisplayDeviceConfig,requesting nits when no mapping exists.]
02-08 08:41:00.215 I/am_pss ( 1466): [4221,2000,com.android.shell,6206464,4145152,0,90578944,2,19,4]
02-08 08:41:00.220 I/am_pss ( 1466): [4200,10033,com.android.packageinstaller,7683072,5656576,0,91373568,2,19,5]
02-08 08:41:00.224 I/am_pss ( 1466): [3776,10036,com.android.managedprovisioning,9780224,7614464,0,95694848,2,19,4]
02-08 08:41:00.229 I/am_pss ( 1466): [3404,10084,com.qualcomm.qti.workloadclassifier,11533312,8871936,0,102866944,2,0,4]
02-08 08:41:00.229 I/am_wtf ( 1466): [0,1466,system_server,-1,DisplayDeviceConfig,requesting nits when no mapping exists.]
02-08 08:41:00.229 I/am_wtf ( 1466): [0,1466,system_server,-1,DisplayDeviceConfig,requesting nits when no mapping exists.]
02-08 08:41:00.234 I/am_pss ( 1466): [3386,10088,com.qualcomm.qti.qccnetstat,6428672,4255744,0,91951104,2,0,4]
02-08 08:41:00.238 I/am_pss ( 1466): [3380,10072,com.qualcomm.qti.services.systemhelper:systemhelper_service,6684672,4468736,0,93872128,2,0,4]
02-08 08:41:00.243 I/am_pss ( 1466): [3356,10054,.pasr,5729280,3678208,0,89366528,2,0,5]
02-08 08:41:00.247 I/am_wtf ( 1466): [0,1466,system_server,-1,DisplayDeviceConfig,requesting nits when no mapping exists.]
02-08 08:41:00.247 I/am_wtf ( 1466): [0,1466,system_server,-1,DisplayDeviceConfig,requesting nits when no mapping exists.]
02-08 08:41:00.248 I/am_pss ( 1466): [3103,10095,android.ext.services,11868160,6410240,0,105701376,2,5,4]
02-08 08:41:00.252 I/am_pss ( 1466): [3333,10059,ts.car.uart,6518784,4472832,0,90443776,2,0,4]
02-08 08:41:00.257 I/am_pss ( 1466): [3302,10082,com.hht.lebocast,38591488,16941056,0,102559744,2,0,4]
02-08 08:41:00.262 I/am_pss ( 1466): [3186,10073,com.qualcomm.location,10782720,7725056,0,104296448,2,0,5]
02-08 08:41:00.263 I/am_wtf ( 1466): [0,1466,system_server,-1,DisplayDeviceConfig,requesting nits when no mapping exists.]
02-08 08:41:00.263 I/am_wtf ( 1466): [0,1466,system_server,-1,DisplayDeviceConfig,requesting nits when no mapping exists.]
02-08 08:41:00.267 I/am_pss ( 1466): [2814,1000,com.qualcomm.qti.qdma,10002432,6610944,0,106532864,2,0,5]
02-08 08:41:00.272 I/am_pss ( 1466): [2737,1000,com.thundercomm.tcservice,15090688,12693504,0,104013824,2,0,4]
02-08 08:41:00.277 I/am_pss ( 1466): [2734,1000,com.thundercomm.remotecontrolservice,9849856,6942720,0,103149568,2,0,4]
02-08 08:41:00.280 I/am_wtf ( 1466): [0,1466,system_server,-1,DisplayDeviceConfig,requesting nits when no mapping exists.]
02-08 08:41:00.280 I/am_wtf ( 1466): [0,1466,system_server,-1,DisplayDeviceConfig,requesting nits when no mapping exists.]
02-08 08:41:00.282 I/am_pss ( 1466): [3913,10063,com.qualcomm.qti.devicestatisticsservice,5681152,3633152,0,89206784,2,0,5]
02-08 08:41:00.286 I/am_pss ( 1466): [2696,10089,com.qti.qualcomm.mstatssystemservice,5813248,3760128,0,89878528,2,0,4]
02-08 08:41:00.291 I/am_pss ( 1466): [2714,1068,com.android.se,6162432,4050944,0,91504640,2,0,4]
02-08 08:41:00.297 I/am_wtf ( 1466): [0,1466,system_server,-1,DisplayDeviceConfig,requesting nits when no mapping exists.]
02-08 08:41:00.297 I/am_wtf ( 1466): [0,1466,system_server,-1,DisplayDeviceConfig,requesting nits when no mapping exists.]
02-08 08:41:00.298 I/am_pss ( 1466): [2658,1000,com.thundercomm.tcsetupwizard,57243648,50446336,0,180846592,2,0,7]
02-08 08:41:00.303 I/am_pss ( 1466): [2665,1000,vendor.qti.qesdk.sysservice,5919744,3780608,0,91209728,2,0,4]
02-08 08:41:00.307 I/am_pss ( 1466): [2641,1000,com.tc.logclient,8118272,5701632,0,98336768,2,0,4]
02-08 08:41:00.311 I/am_pss ( 1466): [2629,1000,com.thundercomm.tchttpserver,11662336,9572352,0,96653312,2,0,3]
02-08 08:41:00.313 I/am_wtf ( 1466): [0,1466,system_server,-1,DisplayDeviceConfig,requesting nits when no mapping exists.]
02-08 08:41:00.313 I/am_wtf ( 1466): [0,1466,system_server,-1,DisplayDeviceConfig,requesting nits when no mapping exists.]
02-08 08:41:00.316 I/am_pss ( 1466): [2622,10055,.qtidataservices,6242304,4145152,0,91537408,2,0,4]
02-08 08:41:00.321 I/am_pss ( 1466): [2606,1001,.dataservices,8183808,6008832,0,94093312,2,0,5]
02-08 08:41:00.326 I/am_pss ( 1466): [2588,1000,com.thundercomm.microsettings,28790784,18665472,0,128520192,2,0,5]
02-08 08:41:00.329 I/am_wtf ( 1466): [0,1466,system_server,-1,DisplayDeviceConfig,requesting nits when no mapping exists.]
02-08 08:41:00.330 I/am_wtf ( 1466): [0,1466,system_server,-1,DisplayDeviceConfig,requesting nits when no mapping exists.]
02-08 08:41:00.331 I/am_pss ( 1466): [2586,1000,com.thundercomm.microservice,9360384,7139328,0,96083968,2,0,4]
02-08 08:41:00.337 I/am_pss ( 1466): [2568,1000,com.thundercomm.gamemode,41735168,36085760,0,150122496,2,0,7]
02-08 08:41:00.342 I/am_pss ( 1466): [2493,1073,com.android.networkstack.process,11375616,8531968,0,104534016,2,0,4]
02-08 08:41:00.346 I/am_wtf ( 1466): [0,1466,system_server,-1,DisplayDeviceConfig,requesting nits when no mapping exists.]
02-08 08:41:00.346 I/am_wtf ( 1466): [0,1466,system_server,-1,DisplayDeviceConfig,requesting nits when no mapping exists.]
02-08 08:41:00.353 I/am_pss ( 1466): [2370,10081,com.android.systemui,216615936,194215936,0,386293760,2,0,11]
02-08 08:41:00.363 I/am_wtf ( 1466): [0,1466,system_server,-1,DisplayDeviceConfig,requesting nits when no mapping exists.]
02-08 08:41:00.364 I/am_wtf ( 1466): [0,1466,system_server,-1,DisplayDeviceConfig,requesting nits when no mapping exists.]
02-08 08:41:00.370 I/am_pss ( 1466): [1466,1000,system,255029248,153120768,0,593608704,2,0,15]
02-08 08:41:00.380 I/am_wtf ( 1466): [0,1466,system_server,-1,DisplayDeviceConfig,requesting nits when no mapping exists.]
02-08 08:41:00.381 I/am_wtf ( 1466): [0,1466,system_server,-1,DisplayDeviceConfig,requesting nits when no mapping exists.]
02-08 08:41:00.397 I/am_wtf ( 1466): [0,1466,system_server,-1,DisplayDeviceConfig,requesting nits when no mapping exists.]
02-08 08:41:00.397 I/am_wtf ( 1466): [0,1466,system_server,-1,DisplayDeviceConfig,requesting nits when no mapping exists.]
02-08 08:41:00.413 I/am_wtf ( 1466): [0,1466,system_server,-1,DisplayDeviceConfig,requesting nits when no mapping exists.]
02-08 08:41:00.414 I/am_wtf ( 1466): [0,1466,system_server,-1,DisplayDeviceConfig,requesting nits when no mapping exists.]
02-08 08:41:00.430 I/am_wtf ( 1466): [0,1466,system_server,-1,DisplayDeviceConfig,requesting nits when no mapping exists.]
02-08 08:41:00.430 I/am_wtf ( 1466): [0,1466,system_server,-1,DisplayDeviceConfig,requesting nits when no mapping exists.]
02-08 08:41:00.447 I/am_wtf ( 1466): [0,1466,system_server,-1,DisplayDeviceConfig,requesting nits when no mapping exists.]
02-08 08:41:00.447 I/am_wtf ( 1466): [0,1466,system_server,-1,DisplayDeviceConfig,requesting nits when no mapping exists.]
02-08 08:41:00.464 I/am_wtf ( 1466): [0,1466,system_server,-1,DisplayDeviceConfig,requesting nits when no mapping exists.]
02-08 08:41:00.464 I/am_wtf ( 1466): [0,1466,system_server,-1,DisplayDeviceConfig,requesting nits when no mapping exists.]
02-08 08:41:00.480 I/am_wtf ( 1466): [0,1466,system_server,-1,DisplayDeviceConfig,requesting nits when no mapping exists.]
02-08 08:41:00.480 I/am_wtf ( 1466): [0,1466,system_server,-1,DisplayDeviceConfig,requesting nits when no mapping exists.]
02-08 08:41:00.497 I/am_wtf ( 1466): [0,1466,system_server,-1,DisplayDeviceConfig,requesting nits when no mapping exists.]
02-08 08:41:00.497 I/am_wtf ( 1466): [0,1466,system_server,-1,DisplayDeviceConfig,requesting nits when no mapping exists.]
02-08 08:41:00.514 I/am_wtf ( 1466): [0,1466,system_server,-1,DisplayDeviceConfig,requesting nits when no mapping exists.]
02-08 08:41:00.515 I/am_wtf ( 1466): [0,1466,system_server,-1,DisplayDeviceConfig,requesting nits when no mapping exists.]
02-08 08:41:00.515 I/wm_stop_activity( 1466): [0,101732248,com.android.settings/.Settings]
02-08 08:41:00.530 I/am_wtf ( 1466): [0,1466,system_server,-1,DisplayDeviceConfig,requesting nits when no mapping exists.]
02-08 08:41:00.531 I/am_wtf ( 1466): [0,1466,system_server,-1,DisplayDeviceConfig,requesting nits when no mapping exists.]
02-08 08:41:00.541 I/wm_on_stop_called( 7109): [101732248,com.android.settings.Settings,STOP_ACTIVITY_ITEM]
02-08 08:41:00.547 I/am_wtf ( 1466): [0,1466,system_server,-1,DisplayDeviceConfig,requesting nits when no mapping exists.]
02-08 08:41:00.547 I/am_wtf ( 1466): [0,1466,system_server,-1,DisplayDeviceConfig,requesting nits when no mapping exists.]
02-08 08:41:00.565 I/am_wtf ( 1466): [0,1466,system_server,-1,DisplayDeviceConfig,requesting nits when no mapping exists.]
02-08 08:41:00.565 I/am_wtf ( 1466): [0,1466,system_server,-1,DisplayDeviceConfig,requesting nits when no mapping exists.]
02-08 08:41:00.580 I/am_wtf ( 1466): [0,1466,system_server,-1,DisplayDeviceConfig,requesting nits when no mapping exists.]
02-08 08:41:00.581 I/am_wtf ( 1466): [0,1466,system_server,-1,DisplayDeviceConfig,requesting nits when no mapping exists.]
02-08 08:41:00.597 I/am_wtf ( 1466): [0,1466,system_server,-1,DisplayDeviceConfig,requesting nits when no mapping exists.]
02-08 08:41:00.597 I/am_wtf ( 1466): [0,1466,system_server,-1,DisplayDeviceConfig,requesting nits when no mapping exists.]
02-08 08:41:00.614 I/am_wtf ( 1466): [0,1466,system_server,-1,DisplayDeviceConfig,requesting nits when no mapping exists.]
02-08 08:41:00.615 I/am_wtf ( 1466): [0,1466,system_server,-1,DisplayDeviceConfig,requesting nits when no mapping exists.]
02-08 08:41:00.630 I/am_wtf ( 1466): [0,1466,system_server,-1,DisplayDeviceConfig,requesting nits when no mapping exists.]
02-08 08:41:00.631 I/am_wtf ( 1466): [0,1466,system_server,-1,DisplayDeviceConfig,requesting nits when no mapping exists.]
02-08 08:41:00.647 I/am_wtf ( 1466): [0,1466,system_server,-1,DisplayDeviceConfig,requesting nits when no mapping exists.]
02-08 08:41:00.648 I/service_manager_stats( 1466): [100,31,6965]
02-08 08:41:00.648 I/am_wtf ( 1466): [0,1466,system_server,-1,DisplayDeviceConfig,requesting nits when no mapping exists.]
02-08 08:41:00.664 I/am_wtf ( 1466): [0,1466,system_server,-1,DisplayDeviceConfig,requesting nits when no mapping exists.]
02-08 08:41:00.664 I/am_wtf ( 1466): [0,1466,system_server,-1,DisplayDeviceConfig,requesting nits when no mapping exists.]
02-08 08:41:00.680 I/am_wtf ( 1466): [0,1466,system_server,-1,DisplayDeviceConfig,requesting nits when no mapping exists.]
02-08 08:41:00.681 I/am_wtf ( 1466): [0,1466,system_server,-1,DisplayDeviceConfig,requesting nits when no mapping exists.]
02-08 08:41:00.697 I/am_wtf ( 1466): [0,1466,system_server,-1,DisplayDeviceConfig,requesting nits when no mapping exists.]
02-08 08:41:00.697 I/am_wtf ( 1466): [0,1466,system_server,-1,DisplayDeviceConfig,requesting nits when no mapping exists.]
02-08 08:41:00.714 I/am_wtf ( 1466): [0,1466,system_server,-1,DisplayDeviceConfig,requesting nits when no mapping exists.]
02-08 08:41:00.714 I/am_wtf ( 1466): [0,1466,system_server,-1,DisplayDeviceConfig,requesting nits when no mapping exists.]
02-08 08:41:00.731 I/am_wtf ( 1466): [0,1466,system_server,-1,DisplayDeviceConfig,requesting nits when no mapping exists.]
02-08 08:41:00.731 I/am_wtf ( 1466): [0,1466,system_server,-1,DisplayDeviceConfig,requesting nits when no mapping exists.]
02-08 08:41:00.748 I/am_wtf ( 1466): [0,1466,system_server,-1,DisplayDeviceConfig,requesting nits when no mapping exists.]
02-08 08:41:00.748 I/am_wtf ( 1466): [0,1466,system_server,-1,DisplayDeviceConfig,requesting nits when no mapping exists.]
02-08 08:41:00.764 I/am_wtf ( 1466): [0,1466,system_server,-1,DisplayDeviceConfig,requesting nits when no mapping exists.]
02-08 08:41:00.765 I/am_wtf ( 1466): [0,1466,system_server,-1,DisplayDeviceConfig,requesting nits when no mapping exists.]
02-08 08:41:00.781 I/am_wtf ( 1466): [0,1466,system_server,-1,DisplayDeviceConfig,requesting nits when no mapping exists.]
02-08 08:41:00.781 I/am_wtf ( 1466): [0,1466,system_server,-1,DisplayDeviceConfig,requesting nits when no mapping exists.]
02-08 08:41:00.798 I/am_wtf ( 1466): [0,1466,system_server,-1,DisplayDeviceConfig,requesting nits when no mapping exists.]
02-08 08:41:00.798 I/am_wtf ( 1466): [0,1466,system_server,-1,DisplayDeviceConfig,requesting nits when no mapping exists.]
02-08 08:41:00.815 I/am_wtf ( 1466): [0,1466,system_server,-1,DisplayDeviceConfig,requesting nits when no mapping exists.]
02-08 08:41:00.815 I/am_wtf ( 1466): [0,1466,system_server,-1,DisplayDeviceConfig,requesting nits when no mapping exists.]
02-08 08:41:00.831 I/am_wtf ( 1466): [0,1466,system_server,-1,DisplayDeviceConfig,requesting nits when no mapping exists.]
02-08 08:41:00.832 I/am_wtf ( 1466): [0,1466,system_server,-1,DisplayDeviceConfig,requesting nits when no mapping exists.]
02-08 08:41:00.848 I/am_wtf ( 1466): [0,1466,system_server,-1,DisplayDeviceConfig,requesting nits when no mapping exists.]
02-08 08:41:00.848 I/am_wtf ( 1466): [0,1466,system_server,-1,DisplayDeviceConfig,requesting nits when no mapping exists.]
02-08 08:41:00.865 I/am_wtf ( 1466): [0,1466,system_server,-1,DisplayDeviceConfig,requesting nits when no mapping exists.]
02-08 08:41:00.865 I/am_wtf ( 1466): [0,1466,system_server,-1,DisplayDeviceConfig,requesting nits when no mapping exists.]
02-08 08:41:00.881 I/am_wtf ( 1466): [0,1466,system_server,-1,DisplayDeviceConfig,requesting nits when no mapping exists.]
02-08 08:41:00.881 I/am_wtf ( 1466): [0,1466,system_server,-1,DisplayDeviceConfig,requesting nits when no mapping exists.]
02-08 08:41:00.898 I/am_wtf ( 1466): [0,1466,system_server,-1,DisplayDeviceConfig,requesting nits when no mapping exists.]
02-08 08:41:00.898 I/am_wtf ( 1466): [0,1466,system_server,-1,DisplayDeviceConfig,requesting nits when no mapping exists.]
02-08 08:41:00.915 I/am_wtf ( 1466): [0,1466,system_server,-1,DisplayDeviceConfig,requesting nits when no mapping exists.]
02-08 08:41:00.915 I/am_wtf ( 1466): [0,1466,system_server,-1,DisplayDeviceConfig,requesting nits when no mapping exists.]
02-08 08:41:00.932 I/am_wtf ( 1466): [0,1466,system_server,-1,DisplayDeviceConfig,requesting nits when no mapping exists.]
02-08 08:41:00.932 I/am_wtf ( 1466): [0,1466,system_server,-1,DisplayDeviceConfig,requesting nits when no mapping exists.]
02-08 08:41:00.948 I/am_wtf ( 1466): [0,1466,system_server,-1,DisplayDeviceConfig,requesting nits when no mapping exists.]
02-08 08:41:00.948 I/am_wtf ( 1466): [0,1466,system_server,-1,DisplayDeviceConfig,requesting nits when no mapping exists.]
02-08 08:41:00.965 I/am_wtf ( 1466): [0,1466,system_server,-1,DisplayDeviceConfig,requesting nits when no mapping exists.]
02-08 08:41:00.965 I/am_wtf ( 1466): [0,1466,system_server,-1,DisplayDeviceConfig,requesting nits when no mapping exists.]
02-08 08:41:00.981 I/am_wtf ( 1466): [0,1466,system_server,-1,DisplayDeviceConfig,requesting nits when no mapping exists.]
02-08 08:41:00.981 I/am_wtf ( 1466): [0,1466,system_server,-1,DisplayDeviceConfig,requesting nits when no mapping exists.]
02-08 08:41:02.500 I/input_interaction( 1466): Interaction with: 79de0b8 com.thundercomm.screensaver/android.service.dreams.DreamActivity (server), edge-swipe (server), swipe-up (server), PointerEventDispatcher0 (server),
02-08 08:41:02.503 I/wm_finish_activity( 1466): [0,87162272,34,com.thundercomm.screensaver/android.service.dreams.DreamActivity,finish-activity]
02-08 08:41:02.503 I/wm_task_moved( 1466): [18,1,6]
02-08 08:41:02.503 I/wm_task_to_front( 1466): [0,18]
02-08 08:41:02.504 I/wm_focused_root_task( 1466): [0,0,18,34,finish-top adjustFocusToNextFocusableTask]
02-08 08:41:02.505 I/wm_pause_activity( 1466): [0,87162272,com.thundercomm.screensaver/android.service.dreams.DreamActivity,userLeaving=false,finish]
02-08 08:41:02.511 I/sysui_multi_action( 1466): [757,803,799,window_time_0,802,3]
02-08 08:41:02.511 I/wm_on_top_resumed_lost_called( 6616): [87162272,android.service.dreams.DreamActivity,topStateChangedWhenResumed]
02-08 08:41:02.512 I/wm_on_paused_called( 6616): [87162272,android.service.dreams.DreamActivity,performPause]
02-08 08:41:02.513 I/wm_add_to_stopping( 1466): [0,87162272,com.thundercomm.screensaver/android.service.dreams.DreamActivity,completeFinishing]
02-08 08:41:02.517 I/wm_set_resumed_activity( 1466): [0,com.android.settings/.Settings,resumeTopActivityInnerLocked]
02-08 08:41:02.519 I/wm_resume_activity( 1466): [0,101732248,18,com.android.settings/.Settings]
02-08 08:41:02.526 I/wm_on_restart_called( 7109): [101732248,com.android.settings.Settings,performRestartActivity]
02-08 08:41:02.527 I/sysui_multi_action( 1466): [757,803,799,window_time_0,802,0]
02-08 08:41:02.536 I/view_enqueue_input_event( 6616): [Motion - Cancel,com.thundercomm.screensaver/android.service.dreams.DreamActivity]
02-08 08:41:02.536 I/input_focus( 1466): [Focus leaving 79de0b8 com.thundercomm.screensaver/android.service.dreams.DreamActivity (server),reason=NO_WINDOW]
02-08 08:41:02.542 I/wm_on_start_called( 7109): [101732248,com.android.settings.Settings,handleStartActivity]
02-08 08:41:02.542 I/snet_event_log( 7109): [120484087,-1,]
02-08 08:41:02.543 I/wm_on_resume_called( 7109): [101732248,com.android.settings.Settings,RESUME_ACTIVITY]
02-08 08:41:02.543 I/sysui_multi_action( 7109): [757,35,758,1,833,0,1089,0]
02-08 08:41:02.545 I/sysui_multi_action( 7109): [757,1390,758,1,833,0,1089,0]
02-08 08:41:02.546 I/sysui_multi_action( 7109): [757,538,758,1,833,0,1089,0]
02-08 08:41:02.547 I/wm_on_top_resumed_gained_called( 7109): [101732248,com.android.settings.Settings,topWhenResuming]
02-08 08:41:02.551 I/input_focus( 1466): [Focus request d390753 com.android.settings/com.android.settings.Settings,reason=UpdateInputWindows]
02-08 08:41:02.588 I/input_focus( 1466): [Focus entering d390753 com.android.settings/com.android.settings.Settings (server),reason=Window became focusable. Previous reason: NOT_VISIBLE]
02-08 08:41:03.076 I/wm_destroy_activity( 1466): [0,87162272,34,com.thundercomm.screensaver/android.service.dreams.DreamActivity,finish-imm:idle]
02-08 08:41:03.096 I/wm_on_stop_called( 6616): [87162272,android.service.dreams.DreamActivity,LIFECYCLER_STOP_ACTIVITY]
02-08 08:41:03.097 I/wm_on_destroy_called( 6616): [87162272,android.service.dreams.DreamActivity,performDestroy]
02-08 08:41:03.101 I/sysui_multi_action( 1466): [757,222,758,2]
02-08 08:41:03.101 I/sysui_multi_action( 1466): [757,804,799,dreaming_minutes,801,0,802,1]
02-08 08:41:03.113 I/wm_task_removed( 1466): [34,removeChild:removeChild last r=ActivityRecord{531fda0 u0 com.thundercomm.screensaver/android.service.dreams.DreamActivity t-1 f}} in t=Task{691193d #34 type=dream A=10049:android:com.thundercomm.screensaver/dream U=0 visible=false mode=fullscreen translucent=true sz=0}]
02-08 08:41:03.113 I/wm_task_removed( 1466): [34,removeChild]
02-08 08:41:03.134 I/am_freeze( 1466): [20514,com.android.music]
02-08 08:41:03.135 I/am_kill ( 1466): [0,20514,com.android.music,925,Unable to freeze binder interface]
02-08 08:41:03.163 I/am_proc_died( 1466): [0,20514,com.android.music,925,19]
02-08 08:41:03.164 I/am_uid_stopped( 1466): 10083
02-08 08:41:04.619 I/input_interaction( 1466): Interaction with: d390753 com.android.settings/com.android.settings.Settings (server), edge-swipe (server), swipe-up (server), PointerEventDispatcher0 (server),
02-08 08:41:04.756 I/input_focus( 1466): [Focus request a3caed1 com.android.settings/com.android.settings.Settings,reason=UpdateInputWindows]
02-08 08:41:04.765 I/sysui_multi_action( 7109): [757,538,758,2,1089,2218]
02-08 08:41:04.775 I/input_focus( 1466): [Focus entering a3caed1 com.android.settings/com.android.settings.Settings (server),reason=setFocusedWindow]
02-08 08:41:12.978 I/input_interaction( 1466): Interaction with: a3caed1 com.android.settings/com.android.settings.Settings (server), edge-swipe (server), swipe-up (server), PointerEventDispatcher0 (server),
02-08 08:41:13.101 I/sysui_multi_action( 7109): [757,161,758,4]
02-08 08:41:13.103 I/sysui_multi_action( 7109): [757,830,758,4,833,0,854,bluetooth_screen_bt_pair_rename_devices,1089,0]
02-08 08:41:13.152 I/sysui_multi_action( 7109): [757,538,758,1,833,0,1089,39]
02-08 08:41:13.165 I/input_focus( 1466): [Focus request 6800585 com.android.settings/com.android.settings.Settings,reason=UpdateInputWindows]
02-08 08:41:13.182 I/input_focus( 1466): [Focus leaving a3caed1 com.android.settings/com.android.settings.Settings (server),reason=setFocusedWindow]
02-08 08:41:13.184 I/input_focus( 1466): [Focus entering 6800585 com.android.settings/com.android.settings.Settings (server),reason=setFocusedWindow]
02-08 08:42:03.108 I/am_uid_idle( 1466): 10049
02-08 08:42:06.093 I/sysui_multi_action( 1466): [757,1696,758,6,759,2]
02-08 08:42:06.106 I/am_wtf ( 1466): [0,1466,system_server,-1,DisplayDeviceConfig,requesting nits when no mapping exists.]
02-08 08:42:06.111 I/am_wtf ( 1466): [0,1466,system_server,-1,DisplayDeviceConfig,requesting nits when no mapping exists.]
02-08 08:42:06.122 I/am_wtf ( 1466): [0,1466,system_server,-1,DisplayDeviceConfig,requesting nits when no mapping exists.]
02-08 08:42:06.124 I/am_wtf ( 1466): [0,1466,system_server,-1,DisplayDeviceConfig,requesting nits when no mapping exists.]
02-08 08:42:06.139 I/am_wtf ( 1466): [0,1466,system_server,-1,DisplayDeviceConfig,requesting nits when no mapping exists.]
02-08 08:42:06.141 I/am_wtf ( 1466): [0,1466,system_server,-1,DisplayDeviceConfig,requesting nits when no mapping exists.]
02-08 08:42:06.156 I/am_wtf ( 1466): [0,1466,system_server,-1,DisplayDeviceConfig,requesting nits when no mapping exists.]
