02-08 06:37:49.214 I/am_wtf ( 1466): [0,1466,system_server,-1,DisplayDeviceConfig,requesting nits when no mapping exists.]
02-08 06:37:49.216 I/am_wtf ( 1466): [0,1466,system_server,-1,DisplayDeviceConfig,requesting nits when no mapping exists.]
02-08 06:37:49.230 I/am_wtf ( 1466): [0,1466,system_server,-1,DisplayDeviceConfig,requesting nits when no mapping exists.]
02-08 06:37:49.231 I/am_wtf ( 1466): [0,1466,system_server,-1,DisplayDeviceConfig,requesting nits when no mapping exists.]
02-08 06:37:49.247 I/am_wtf ( 1466): [0,1466,system_server,-1,DisplayDeviceConfig,requesting nits when no mapping exists.]
02-08 06:37:49.248 I/am_wtf ( 1466): [0,1466,system_server,-1,DisplayDeviceConfig,requesting nits when no mapping exists.]
02-08 06:37:49.264 I/am_wtf ( 1466): [0,1466,system_server,-1,DisplayDeviceConfig,requesting nits when no mapping exists.]
02-08 06:37:49.265 I/am_wtf ( 1466): [0,1466,system_server,-1,DisplayDeviceConfig,requesting nits when no mapping exists.]
02-08 06:37:49.280 I/am_wtf ( 1466): [0,1466,system_server,-1,DisplayDeviceConfig,requesting nits when no mapping exists.]
02-08 06:37:49.281 I/am_wtf ( 1466): [0,1466,system_server,-1,DisplayDeviceConfig,requesting nits when no mapping exists.]
02-08 06:37:49.297 I/am_wtf ( 1466): [0,1466,system_server,-1,DisplayDeviceConfig,requesting nits when no mapping exists.]
02-08 06:37:49.298 I/am_wtf ( 1466): [0,1466,system_server,-1,DisplayDeviceConfig,requesting nits when no mapping exists.]
02-08 06:37:49.314 I/am_wtf ( 1466): [0,1466,system_server,-1,DisplayDeviceConfig,requesting nits when no mapping exists.]
02-08 06:37:49.315 I/am_wtf ( 1466): [0,1466,system_server,-1,DisplayDeviceConfig,requesting nits when no mapping exists.]
02-08 06:37:49.330 I/am_wtf ( 1466): [0,1466,system_server,-1,DisplayDeviceConfig,requesting nits when no mapping exists.]
02-08 06:37:49.331 I/am_wtf ( 1466): [0,1466,system_server,-1,DisplayDeviceConfig,requesting nits when no mapping exists.]
02-08 06:37:49.347 I/am_wtf ( 1466): [0,1466,system_server,-1,DisplayDeviceConfig,requesting nits when no mapping exists.]
02-08 06:37:49.348 I/am_wtf ( 1466): [0,1466,system_server,-1,DisplayDeviceConfig,requesting nits when no mapping exists.]
02-08 06:37:49.364 I/am_wtf ( 1466): [0,1466,system_server,-1,DisplayDeviceConfig,requesting nits when no mapping exists.]
02-08 06:37:49.365 I/am_wtf ( 1466): [0,1466,system_server,-1,DisplayDeviceConfig,requesting nits when no mapping exists.]
02-08 06:37:49.380 I/am_wtf ( 1466): [0,1466,system_server,-1,DisplayDeviceConfig,requesting nits when no mapping exists.]
02-08 06:37:49.381 I/am_wtf ( 1466): [0,1466,system_server,-1,DisplayDeviceConfig,requesting nits when no mapping exists.]
02-08 06:37:49.397 I/am_wtf ( 1466): [0,1466,system_server,-1,DisplayDeviceConfig,requesting nits when no mapping exists.]
02-08 06:37:49.398 I/am_wtf ( 1466): [0,1466,system_server,-1,DisplayDeviceConfig,requesting nits when no mapping exists.]
02-08 06:37:49.414 I/am_wtf ( 1466): [0,1466,system_server,-1,DisplayDeviceConfig,requesting nits when no mapping exists.]
02-08 06:37:49.415 I/am_wtf ( 1466): [0,1466,system_server,-1,DisplayDeviceConfig,requesting nits when no mapping exists.]
02-08 06:37:49.431 I/am_wtf ( 1466): [0,1466,system_server,-1,DisplayDeviceConfig,requesting nits when no mapping exists.]
02-08 06:37:49.432 I/am_wtf ( 1466): [0,1466,system_server,-1,DisplayDeviceConfig,requesting nits when no mapping exists.]
02-08 06:37:49.448 I/am_wtf ( 1466): [0,1466,system_server,-1,DisplayDeviceConfig,requesting nits when no mapping exists.]
02-08 06:37:49.449 I/am_wtf ( 1466): [0,1466,system_server,-1,DisplayDeviceConfig,requesting nits when no mapping exists.]
02-08 06:37:49.464 I/am_wtf ( 1466): [0,1466,system_server,-1,DisplayDeviceConfig,requesting nits when no mapping exists.]
02-08 06:37:49.465 I/am_wtf ( 1466): [0,1466,system_server,-1,DisplayDeviceConfig,requesting nits when no mapping exists.]
02-08 06:37:49.481 I/am_wtf ( 1466): [0,1466,system_server,-1,DisplayDeviceConfig,requesting nits when no mapping exists.]
02-08 06:37:49.482 I/am_wtf ( 1466): [0,1466,system_server,-1,DisplayDeviceConfig,requesting nits when no mapping exists.]
02-08 06:37:49.498 I/am_wtf ( 1466): [0,1466,system_server,-1,DisplayDeviceConfig,requesting nits when no mapping exists.]
02-08 06:37:49.499 I/am_wtf ( 1466): [0,1466,system_server,-1,DisplayDeviceConfig,requesting nits when no mapping exists.]
02-08 06:37:49.514 I/am_wtf ( 1466): [0,1466,system_server,-1,DisplayDeviceConfig,requesting nits when no mapping exists.]
02-08 06:37:49.515 I/am_wtf ( 1466): [0,1466,system_server,-1,DisplayDeviceConfig,requesting nits when no mapping exists.]
02-08 06:37:49.531 I/am_wtf ( 1466): [0,1466,system_server,-1,DisplayDeviceConfig,requesting nits when no mapping exists.]
02-08 06:37:49.532 I/am_wtf ( 1466): [0,1466,system_server,-1,DisplayDeviceConfig,requesting nits when no mapping exists.]
02-08 06:37:49.548 I/am_wtf ( 1466): [0,1466,system_server,-1,DisplayDeviceConfig,requesting nits when no mapping exists.]
02-08 06:37:49.549 I/am_wtf ( 1466): [0,1466,system_server,-1,DisplayDeviceConfig,requesting nits when no mapping exists.]
02-08 06:37:49.564 I/am_wtf ( 1466): [0,1466,system_server,-1,DisplayDeviceConfig,requesting nits when no mapping exists.]
02-08 06:37:49.565 I/am_wtf ( 1466): [0,1466,system_server,-1,DisplayDeviceConfig,requesting nits when no mapping exists.]
02-08 06:37:49.581 I/am_wtf ( 1466): [0,1466,system_server,-1,DisplayDeviceConfig,requesting nits when no mapping exists.]
02-08 06:37:49.581 I/am_wtf ( 1466): [0,1466,system_server,-1,DisplayDeviceConfig,requesting nits when no mapping exists.]
02-08 06:37:49.597 I/am_wtf ( 1466): [0,1466,system_server,-1,DisplayDeviceConfig,requesting nits when no mapping exists.]
02-08 06:37:49.599 I/am_wtf ( 1466): [0,1466,system_server,-1,DisplayDeviceConfig,requesting nits when no mapping exists.]
02-08 06:37:49.614 I/am_wtf ( 1466): [0,1466,system_server,-1,DisplayDeviceConfig,requesting nits when no mapping exists.]
02-08 06:37:49.615 I/service_manager_stats( 1466): [100,41,71390]
02-08 06:37:49.615 I/am_wtf ( 1466): [0,1466,system_server,-1,DisplayDeviceConfig,requesting nits when no mapping exists.]
02-08 06:37:49.631 I/am_wtf ( 1466): [0,1466,system_server,-1,DisplayDeviceConfig,requesting nits when no mapping exists.]
02-08 06:37:49.632 I/am_wtf ( 1466): [0,1466,system_server,-1,DisplayDeviceConfig,requesting nits when no mapping exists.]
02-08 06:37:49.648 I/am_wtf ( 1466): [0,1466,system_server,-1,DisplayDeviceConfig,requesting nits when no mapping exists.]
02-08 06:37:49.649 I/am_wtf ( 1466): [0,1466,system_server,-1,DisplayDeviceConfig,requesting nits when no mapping exists.]
02-08 06:37:49.665 I/am_wtf ( 1466): [0,1466,system_server,-1,DisplayDeviceConfig,requesting nits when no mapping exists.]
02-08 06:37:49.666 I/am_wtf ( 1466): [0,1466,system_server,-1,DisplayDeviceConfig,requesting nits when no mapping exists.]
02-08 06:37:49.681 I/am_wtf ( 1466): [0,1466,system_server,-1,DisplayDeviceConfig,requesting nits when no mapping exists.]
02-08 06:37:49.682 I/am_wtf ( 1466): [0,1466,system_server,-1,DisplayDeviceConfig,requesting nits when no mapping exists.]
02-08 06:37:49.698 I/am_wtf ( 1466): [0,1466,system_server,-1,DisplayDeviceConfig,requesting nits when no mapping exists.]
02-08 06:37:49.698 I/am_wtf ( 1466): [0,1466,system_server,-1,DisplayDeviceConfig,requesting nits when no mapping exists.]
02-08 06:37:49.715 I/am_wtf ( 1466): [0,1466,system_server,-1,DisplayDeviceConfig,requesting nits when no mapping exists.]
02-08 06:37:49.715 I/am_wtf ( 1466): [0,1466,system_server,-1,DisplayDeviceConfig,requesting nits when no mapping exists.]
02-08 06:37:49.731 I/am_wtf ( 1466): [0,1466,system_server,-1,DisplayDeviceConfig,requesting nits when no mapping exists.]
02-08 06:37:49.732 I/am_wtf ( 1466): [0,1466,system_server,-1,DisplayDeviceConfig,requesting nits when no mapping exists.]
02-08 06:37:49.748 I/am_wtf ( 1466): [0,1466,system_server,-1,DisplayDeviceConfig,requesting nits when no mapping exists.]
02-08 06:37:49.748 I/am_wtf ( 1466): [0,1466,system_server,-1,DisplayDeviceConfig,requesting nits when no mapping exists.]
02-08 06:37:49.765 I/am_wtf ( 1466): [0,1466,system_server,-1,DisplayDeviceConfig,requesting nits when no mapping exists.]
02-08 06:37:49.765 I/am_wtf ( 1466): [0,1466,system_server,-1,DisplayDeviceConfig,requesting nits when no mapping exists.]
02-08 06:37:49.781 I/am_wtf ( 1466): [0,1466,system_server,-1,DisplayDeviceConfig,requesting nits when no mapping exists.]
02-08 06:37:49.782 I/am_wtf ( 1466): [0,1466,system_server,-1,DisplayDeviceConfig,requesting nits when no mapping exists.]
02-08 06:37:49.798 I/am_wtf ( 1466): [0,1466,system_server,-1,DisplayDeviceConfig,requesting nits when no mapping exists.]
02-08 06:37:49.799 I/am_wtf ( 1466): [0,1466,system_server,-1,DisplayDeviceConfig,requesting nits when no mapping exists.]
02-08 06:37:49.815 I/am_wtf ( 1466): [0,1466,system_server,-1,DisplayDeviceConfig,requesting nits when no mapping exists.]
02-08 06:37:49.815 I/am_wtf ( 1466): [0,1466,system_server,-1,DisplayDeviceConfig,requesting nits when no mapping exists.]
02-08 06:37:49.832 I/am_wtf ( 1466): [0,1466,system_server,-1,DisplayDeviceConfig,requesting nits when no mapping exists.]
02-08 06:37:49.833 I/am_wtf ( 1466): [0,1466,system_server,-1,DisplayDeviceConfig,requesting nits when no mapping exists.]
02-08 06:37:49.848 I/am_wtf ( 1466): [0,1466,system_server,-1,DisplayDeviceConfig,requesting nits when no mapping exists.]
02-08 06:37:49.849 I/am_wtf ( 1466): [0,1466,system_server,-1,DisplayDeviceConfig,requesting nits when no mapping exists.]
02-08 06:37:49.865 I/am_wtf ( 1466): [0,1466,system_server,-1,DisplayDeviceConfig,requesting nits when no mapping exists.]
02-08 06:37:49.866 I/am_wtf ( 1466): [0,1466,system_server,-1,DisplayDeviceConfig,requesting nits when no mapping exists.]
02-08 06:37:49.881 I/am_wtf ( 1466): [0,1466,system_server,-1,DisplayDeviceConfig,requesting nits when no mapping exists.]
02-08 06:37:49.882 I/am_wtf ( 1466): [0,1466,system_server,-1,DisplayDeviceConfig,requesting nits when no mapping exists.]
02-08 06:37:49.898 I/am_wtf ( 1466): [0,1466,system_server,-1,DisplayDeviceConfig,requesting nits when no mapping exists.]
02-08 06:37:49.899 I/am_wtf ( 1466): [0,1466,system_server,-1,DisplayDeviceConfig,requesting nits when no mapping exists.]
02-08 06:37:49.915 I/am_wtf ( 1466): [0,1466,system_server,-1,DisplayDeviceConfig,requesting nits when no mapping exists.]
02-08 06:37:49.916 I/am_wtf ( 1466): [0,1466,system_server,-1,DisplayDeviceConfig,requesting nits when no mapping exists.]
02-08 06:37:49.931 I/am_wtf ( 1466): [0,1466,system_server,-1,DisplayDeviceConfig,requesting nits when no mapping exists.]
02-08 06:37:49.932 I/am_wtf ( 1466): [0,1466,system_server,-1,DisplayDeviceConfig,requesting nits when no mapping exists.]
02-08 06:37:49.948 I/am_wtf ( 1466): [0,1466,system_server,-1,DisplayDeviceConfig,requesting nits when no mapping exists.]
02-08 06:37:49.949 I/am_wtf ( 1466): [0,1466,system_server,-1,DisplayDeviceConfig,requesting nits when no mapping exists.]
02-08 06:37:49.965 I/am_wtf ( 1466): [0,1466,system_server,-1,DisplayDeviceConfig,requesting nits when no mapping exists.]
02-08 06:37:49.966 I/am_wtf ( 1466): [0,1466,system_server,-1,DisplayDeviceConfig,requesting nits when no mapping exists.]
02-08 06:37:49.981 I/am_wtf ( 1466): [0,1466,system_server,-1,DisplayDeviceConfig,requesting nits when no mapping exists.]
02-08 06:37:49.982 I/am_wtf ( 1466): [0,1466,system_server,-1,DisplayDeviceConfig,requesting nits when no mapping exists.]
02-08 06:37:49.998 I/am_wtf ( 1466): [0,1466,system_server,-1,DisplayDeviceConfig,requesting nits when no mapping exists.]
02-08 06:37:49.999 I/am_wtf ( 1466): [0,1466,system_server,-1,DisplayDeviceConfig,requesting nits when no mapping exists.]
02-08 06:37:50.015 I/am_wtf ( 1466): [0,1466,system_server,-1,DisplayDeviceConfig,requesting nits when no mapping exists.]
02-08 06:37:50.016 I/am_wtf ( 1466): [0,1466,system_server,-1,DisplayDeviceConfig,requesting nits when no mapping exists.]
02-08 06:37:50.032 I/am_wtf ( 1466): [0,1466,system_server,-1,DisplayDeviceConfig,requesting nits when no mapping exists.]
02-08 06:37:50.033 I/am_wtf ( 1466): [0,1466,system_server,-1,DisplayDeviceConfig,requesting nits when no mapping exists.]
02-08 06:37:50.049 I/am_wtf ( 1466): [0,1466,system_server,-1,DisplayDeviceConfig,requesting nits when no mapping exists.]
02-08 06:37:50.049 I/am_wtf ( 1466): [0,1466,system_server,-1,DisplayDeviceConfig,requesting nits when no mapping exists.]
02-08 06:37:50.065 I/am_wtf ( 1466): [0,1466,system_server,-1,DisplayDeviceConfig,requesting nits when no mapping exists.]
02-08 06:37:50.066 I/am_wtf ( 1466): [0,1466,system_server,-1,DisplayDeviceConfig,requesting nits when no mapping exists.]
02-08 06:37:50.082 I/am_wtf ( 1466): [0,1466,system_server,-1,DisplayDeviceConfig,requesting nits when no mapping exists.]
02-08 06:37:50.083 I/am_wtf ( 1466): [0,1466,system_server,-1,DisplayDeviceConfig,requesting nits when no mapping exists.]
02-08 06:37:50.099 I/am_wtf ( 1466): [0,1466,system_server,-1,DisplayDeviceConfig,requesting nits when no mapping exists.]
02-08 06:37:50.100 I/am_wtf ( 1466): [0,1466,system_server,-1,DisplayDeviceConfig,requesting nits when no mapping exists.]
02-08 06:37:50.115 I/am_wtf ( 1466): [0,1466,system_server,-1,DisplayDeviceConfig,requesting nits when no mapping exists.]
02-08 06:37:50.116 I/am_wtf ( 1466): [0,1466,system_server,-1,DisplayDeviceConfig,requesting nits when no mapping exists.]
02-08 06:37:50.132 I/am_wtf ( 1466): [0,1466,system_server,-1,DisplayDeviceConfig,requesting nits when no mapping exists.]
02-08 06:37:50.132 I/am_wtf ( 1466): [0,1466,system_server,-1,DisplayDeviceConfig,requesting nits when no mapping exists.]
02-08 06:37:50.148 I/am_wtf ( 1466): [0,1466,system_server,-1,DisplayDeviceConfig,requesting nits when no mapping exists.]
02-08 06:37:50.149 I/am_wtf ( 1466): [0,1466,system_server,-1,DisplayDeviceConfig,requesting nits when no mapping exists.]
02-08 06:37:54.906 I/am_uid_idle( 1466): 10068
02-08 06:37:56.197 I/sysui_multi_action( 1466): [757,222,758,1]
02-08 06:37:56.200 I/am_uid_active( 1466): 10049
02-08 06:37:56.213 I/wm_task_created( 1466): [31,-1]
02-08 06:37:56.218 I/wm_task_moved( 1466): [31,1,7]
02-08 06:37:56.218 I/wm_task_to_front( 1466): [0,31]
02-08 06:37:56.218 I/wm_create_task( 1466): [0,31]
02-08 06:37:56.218 I/wm_create_activity( 1466): [0,61239502,31,com.thundercomm.screensaver/android.service.dreams.DreamActivity,NULL,NULL,NULL,276824064]
02-08 06:37:56.218 I/wm_task_moved( 1466): [31,1,7]
02-08 06:37:56.218 I/wm_on_top_resumed_lost_called( 7109): [101732248,com.android.settings.Settings,topStateChangedWhenResumed]
02-08 06:37:56.218 I/am_pss ( 1466): [2862,10080,com.android.launcher3,113042432,100757504,0,251052032,0,2,12]
02-08 06:37:56.219 I/wm_pause_activity( 1466): [0,101732248,com.android.settings/.Settings,userLeaving=true,pauseBackTasks]
02-08 06:37:56.222 I/sysui_multi_action( 7109): [757,35,758,2,1089,67464]
02-08 06:37:56.223 I/sysui_multi_action( 7109): [757,747,758,2,1089,67461]
02-08 06:37:56.223 I/wm_on_paused_called( 7109): [101732248,com.android.settings.Settings,performPause]
02-08 06:37:56.224 I/wm_add_to_stopping( 1466): [0,101732248,com.android.settings/.Settings,makeInvisible]
02-08 06:37:56.225 I/wm_restart_activity( 1466): [0,61239502,31,com.thundercomm.screensaver/android.service.dreams.DreamActivity]
02-08 06:37:56.226 I/wm_set_resumed_activity( 1466): [0,com.thundercomm.screensaver/android.service.dreams.DreamActivity,minimalResumeActivityLocked]
02-08 06:37:56.229 I/sysui_multi_action( 1466): [757,803,799,window_time_0,802,68]
02-08 06:37:56.229 I/wm_on_create_called( 6616): [61239502,android.service.dreams.DreamActivity,performCreate]
02-08 06:37:56.229 I/wm_on_start_called( 6616): [61239502,android.service.dreams.DreamActivity,handleStartActivity]
02-08 06:37:56.230 I/wm_on_resume_called( 6616): [61239502,android.service.dreams.DreamActivity,RESUME_ACTIVITY]
02-08 06:37:56.233 I/wm_on_top_resumed_gained_called( 6616): [61239502,android.service.dreams.DreamActivity,topStateChangedWhenResumed]
02-08 06:37:56.233 I/am_uid_active( 1466): 10068
02-08 06:37:56.247 I/input_focus( 1466): [Focus leaving a3caed1 com.android.settings/com.android.settings.Settings (server),reason=NO_WINDOW]
02-08 06:37:56.254 I/input_focus( 1466): [Focus request f3ccbda com.thundercomm.screensaver/android.service.dreams.DreamActivity,reason=UpdateInputWindows]
02-08 06:37:56.260 I/sysui_multi_action( 1466): [319,49,322,49,325,3688,757,761,758,8,759,2,806,com.thundercomm.screensaver,871,android.service.dreams.DreamActivity,904,com.thundercomm.screensaver,905,0,1320,4,1321,2]
02-08 06:37:56.261 I/wm_activity_launch_time( 1466): [0,61239502,com.thundercomm.screensaver/android.service.dreams.DreamActivity,49]
02-08 06:37:56.261 I/sysui_multi_action( 1466): [757,1696,758,6,759,3]
02-08 06:37:56.263 I/am_wtf ( 1466): [0,1466,system_server,-1,DisplayDeviceConfig,requesting nits when no mapping exists.]
02-08 06:37:56.265 I/am_wtf ( 1466): [0,1466,system_server,-1,DisplayDeviceConfig,requesting nits when no mapping exists.]
02-08 06:37:56.281 I/input_focus( 1466): [Focus entering f3ccbda com.thundercomm.screensaver/android.service.dreams.DreamActivity (server),reason=Window became focusable. Previous reason: NOT_VISIBLE]
02-08 06:37:56.281 I/am_wtf ( 1466): [0,1466,system_server,-1,DisplayDeviceConfig,requesting nits when no mapping exists.]
02-08 06:37:56.282 I/am_wtf ( 1466): [0,1466,system_server,-1,DisplayDeviceConfig,requesting nits when no mapping exists.]
02-08 06:37:56.296 I/am_wtf ( 1466): [0,1466,system_server,-1,DisplayDeviceConfig,requesting nits when no mapping exists.]
02-08 06:37:56.296 I/am_wtf ( 1466): [0,1466,system_server,-1,DisplayDeviceConfig,requesting nits when no mapping exists.]
02-08 06:37:56.314 I/am_wtf ( 1466): [0,1466,system_server,-1,DisplayDeviceConfig,requesting nits when no mapping exists.]
02-08 06:37:56.315 I/am_wtf ( 1466): [0,1466,system_server,-1,DisplayDeviceConfig,requesting nits when no mapping exists.]
02-08 06:37:56.333 I/am_wtf ( 1466): [0,1466,system_server,-1,DisplayDeviceConfig,requesting nits when no mapping exists.]
02-08 06:37:56.333 I/am_wtf ( 1466): [0,1466,system_server,-1,DisplayDeviceConfig,requesting nits when no mapping exists.]
02-08 06:37:56.346 I/am_wtf ( 1466): [0,1466,system_server,-1,DisplayDeviceConfig,requesting nits when no mapping exists.]
02-08 06:37:56.347 I/am_wtf ( 1466): [0,1466,system_server,-1,DisplayDeviceConfig,requesting nits when no mapping exists.]
02-08 06:37:56.364 I/am_wtf ( 1466): [0,1466,system_server,-1,DisplayDeviceConfig,requesting nits when no mapping exists.]
02-08 06:37:56.364 I/am_wtf ( 1466): [0,1466,system_server,-1,DisplayDeviceConfig,requesting nits when no mapping exists.]
02-08 06:37:56.380 I/am_wtf ( 1466): [0,1466,system_server,-1,DisplayDeviceConfig,requesting nits when no mapping exists.]
02-08 06:37:56.381 I/am_wtf ( 1466): [0,1466,system_server,-1,DisplayDeviceConfig,requesting nits when no mapping exists.]
02-08 06:37:56.397 I/am_wtf ( 1466): [0,1466,system_server,-1,DisplayDeviceConfig,requesting nits when no mapping exists.]
02-08 06:37:56.397 I/am_wtf ( 1466): [0,1466,system_server,-1,DisplayDeviceConfig,requesting nits when no mapping exists.]
02-08 06:37:56.414 I/am_wtf ( 1466): [0,1466,system_server,-1,DisplayDeviceConfig,requesting nits when no mapping exists.]
02-08 06:37:56.414 I/am_wtf ( 1466): [0,1466,system_server,-1,DisplayDeviceConfig,requesting nits when no mapping exists.]
02-08 06:37:56.430 I/am_wtf ( 1466): [0,1466,system_server,-1,DisplayDeviceConfig,requesting nits when no mapping exists.]
02-08 06:37:56.431 I/am_wtf ( 1466): [0,1466,system_server,-1,DisplayDeviceConfig,requesting nits when no mapping exists.]
02-08 06:37:56.447 I/am_wtf ( 1466): [0,1466,system_server,-1,DisplayDeviceConfig,requesting nits when no mapping exists.]
02-08 06:37:56.448 I/am_wtf ( 1466): [0,1466,system_server,-1,DisplayDeviceConfig,requesting nits when no mapping exists.]
02-08 06:37:56.464 I/am_wtf ( 1466): [0,1466,system_server,-1,DisplayDeviceConfig,requesting nits when no mapping exists.]
02-08 06:37:56.464 I/am_wtf ( 1466): [0,1466,system_server,-1,DisplayDeviceConfig,requesting nits when no mapping exists.]
02-08 06:37:56.481 I/am_wtf ( 1466): [0,1466,system_server,-1,DisplayDeviceConfig,requesting nits when no mapping exists.]
02-08 06:37:56.481 I/am_wtf ( 1466): [0,1466,system_server,-1,DisplayDeviceConfig,requesting nits when no mapping exists.]
02-08 06:37:56.497 I/am_wtf ( 1466): [0,1466,system_server,-1,DisplayDeviceConfig,requesting nits when no mapping exists.]
02-08 06:37:56.498 I/am_wtf ( 1466): [0,1466,system_server,-1,DisplayDeviceConfig,requesting nits when no mapping exists.]
02-08 06:37:56.514 I/am_wtf ( 1466): [0,1466,system_server,-1,DisplayDeviceConfig,requesting nits when no mapping exists.]
02-08 06:37:56.514 I/am_wtf ( 1466): [0,1466,system_server,-1,DisplayDeviceConfig,requesting nits when no mapping exists.]
02-08 06:37:56.530 I/am_wtf ( 1466): [0,1466,system_server,-1,DisplayDeviceConfig,requesting nits when no mapping exists.]
02-08 06:37:56.531 I/am_wtf ( 1466): [0,1466,system_server,-1,DisplayDeviceConfig,requesting nits when no mapping exists.]
02-08 06:37:56.547 I/am_wtf ( 1466): [0,1466,system_server,-1,DisplayDeviceConfig,requesting nits when no mapping exists.]
02-08 06:37:56.548 I/service_manager_stats( 1466): [100,36,6932]
02-08 06:37:56.548 I/am_wtf ( 1466): [0,1466,system_server,-1,DisplayDeviceConfig,requesting nits when no mapping exists.]
02-08 06:37:56.564 I/am_wtf ( 1466): [0,1466,system_server,-1,DisplayDeviceConfig,requesting nits when no mapping exists.]
02-08 06:37:56.564 I/am_wtf ( 1466): [0,1466,system_server,-1,DisplayDeviceConfig,requesting nits when no mapping exists.]
02-08 06:37:56.581 I/am_wtf ( 1466): [0,1466,system_server,-1,DisplayDeviceConfig,requesting nits when no mapping exists.]
02-08 06:37:56.581 I/am_wtf ( 1466): [0,1466,system_server,-1,DisplayDeviceConfig,requesting nits when no mapping exists.]
02-08 06:37:56.598 I/am_wtf ( 1466): [0,1466,system_server,-1,DisplayDeviceConfig,requesting nits when no mapping exists.]
02-08 06:37:56.598 I/am_wtf ( 1466): [0,1466,system_server,-1,DisplayDeviceConfig,requesting nits when no mapping exists.]
02-08 06:37:56.614 I/am_wtf ( 1466): [0,1466,system_server,-1,DisplayDeviceConfig,requesting nits when no mapping exists.]
02-08 06:37:56.614 I/am_wtf ( 1466): [0,1466,system_server,-1,DisplayDeviceConfig,requesting nits when no mapping exists.]
02-08 06:37:56.631 I/am_wtf ( 1466): [0,1466,system_server,-1,DisplayDeviceConfig,requesting nits when no mapping exists.]
02-08 06:37:56.631 I/am_wtf ( 1466): [0,1466,system_server,-1,DisplayDeviceConfig,requesting nits when no mapping exists.]
02-08 06:37:56.647 I/am_wtf ( 1466): [0,1466,system_server,-1,DisplayDeviceConfig,requesting nits when no mapping exists.]
02-08 06:37:56.647 I/am_wtf ( 1466): [0,1466,system_server,-1,DisplayDeviceConfig,requesting nits when no mapping exists.]
02-08 06:37:56.664 I/am_wtf ( 1466): [0,1466,system_server,-1,DisplayDeviceConfig,requesting nits when no mapping exists.]
02-08 06:37:56.665 I/am_wtf ( 1466): [0,1466,system_server,-1,DisplayDeviceConfig,requesting nits when no mapping exists.]
02-08 06:37:56.681 I/am_wtf ( 1466): [0,1466,system_server,-1,DisplayDeviceConfig,requesting nits when no mapping exists.]
02-08 06:37:56.681 I/am_wtf ( 1466): [0,1466,system_server,-1,DisplayDeviceConfig,requesting nits when no mapping exists.]
02-08 06:37:56.698 I/am_wtf ( 1466): [0,1466,system_server,-1,DisplayDeviceConfig,requesting nits when no mapping exists.]
02-08 06:37:56.698 I/am_wtf ( 1466): [0,1466,system_server,-1,DisplayDeviceConfig,requesting nits when no mapping exists.]
02-08 06:37:56.715 I/am_wtf ( 1466): [0,1466,system_server,-1,DisplayDeviceConfig,requesting nits when no mapping exists.]
02-08 06:37:56.715 I/am_wtf ( 1466): [0,1466,system_server,-1,DisplayDeviceConfig,requesting nits when no mapping exists.]
02-08 06:37:56.731 I/am_wtf ( 1466): [0,1466,system_server,-1,DisplayDeviceConfig,requesting nits when no mapping exists.]
02-08 06:37:56.731 I/am_wtf ( 1466): [0,1466,system_server,-1,DisplayDeviceConfig,requesting nits when no mapping exists.]
02-08 06:37:56.748 I/am_wtf ( 1466): [0,1466,system_server,-1,DisplayDeviceConfig,requesting nits when no mapping exists.]
02-08 06:37:56.748 I/am_wtf ( 1466): [0,1466,system_server,-1,DisplayDeviceConfig,requesting nits when no mapping exists.]
02-08 06:37:56.764 I/am_wtf ( 1466): [0,1466,system_server,-1,DisplayDeviceConfig,requesting nits when no mapping exists.]
02-08 06:37:56.764 I/am_wtf ( 1466): [0,1466,system_server,-1,DisplayDeviceConfig,requesting nits when no mapping exists.]
02-08 06:37:56.781 I/am_wtf ( 1466): [0,1466,system_server,-1,DisplayDeviceConfig,requesting nits when no mapping exists.]
02-08 06:37:56.781 I/am_wtf ( 1466): [0,1466,system_server,-1,DisplayDeviceConfig,requesting nits when no mapping exists.]
02-08 06:37:56.797 I/am_wtf ( 1466): [0,1466,system_server,-1,DisplayDeviceConfig,requesting nits when no mapping exists.]
02-08 06:37:56.798 I/am_wtf ( 1466): [0,1466,system_server,-1,DisplayDeviceConfig,requesting nits when no mapping exists.]
02-08 06:37:56.815 I/am_wtf ( 1466): [0,1466,system_server,-1,DisplayDeviceConfig,requesting nits when no mapping exists.]
02-08 06:37:56.815 I/am_wtf ( 1466): [0,1466,system_server,-1,DisplayDeviceConfig,requesting nits when no mapping exists.]
02-08 06:37:56.831 I/am_wtf ( 1466): [0,1466,system_server,-1,DisplayDeviceConfig,requesting nits when no mapping exists.]
02-08 06:37:56.832 I/am_wtf ( 1466): [0,1466,system_server,-1,DisplayDeviceConfig,requesting nits when no mapping exists.]
02-08 06:37:56.847 I/am_wtf ( 1466): [0,1466,system_server,-1,DisplayDeviceConfig,requesting nits when no mapping exists.]
02-08 06:37:56.848 I/am_wtf ( 1466): [0,1466,system_server,-1,DisplayDeviceConfig,requesting nits when no mapping exists.]
02-08 06:37:56.864 I/am_wtf ( 1466): [0,1466,system_server,-1,DisplayDeviceConfig,requesting nits when no mapping exists.]
02-08 06:37:56.864 I/am_wtf ( 1466): [0,1466,system_server,-1,DisplayDeviceConfig,requesting nits when no mapping exists.]
02-08 06:37:56.881 I/am_wtf ( 1466): [0,1466,system_server,-1,DisplayDeviceConfig,requesting nits when no mapping exists.]
02-08 06:37:56.881 I/am_wtf ( 1466): [0,1466,system_server,-1,DisplayDeviceConfig,requesting nits when no mapping exists.]
02-08 06:37:56.898 I/am_wtf ( 1466): [0,1466,system_server,-1,DisplayDeviceConfig,requesting nits when no mapping exists.]
02-08 06:37:56.899 I/am_wtf ( 1466): [0,1466,system_server,-1,DisplayDeviceConfig,requesting nits when no mapping exists.]
02-08 06:37:56.915 I/am_wtf ( 1466): [0,1466,system_server,-1,DisplayDeviceConfig,requesting nits when no mapping exists.]
02-08 06:37:56.915 I/am_wtf ( 1466): [0,1466,system_server,-1,DisplayDeviceConfig,requesting nits when no mapping exists.]
02-08 06:37:56.932 I/am_wtf ( 1466): [0,1466,system_server,-1,DisplayDeviceConfig,requesting nits when no mapping exists.]
02-08 06:37:56.932 I/am_wtf ( 1466): [0,1466,system_server,-1,DisplayDeviceConfig,requesting nits when no mapping exists.]
02-08 06:37:56.948 I/am_wtf ( 1466): [0,1466,system_server,-1,DisplayDeviceConfig,requesting nits when no mapping exists.]
02-08 06:37:56.948 I/am_wtf ( 1466): [0,1466,system_server,-1,DisplayDeviceConfig,requesting nits when no mapping exists.]
02-08 06:37:56.964 I/am_wtf ( 1466): [0,1466,system_server,-1,DisplayDeviceConfig,requesting nits when no mapping exists.]
02-08 06:37:56.965 I/am_wtf ( 1466): [0,1466,system_server,-1,DisplayDeviceConfig,requesting nits when no mapping exists.]
02-08 06:37:56.982 I/am_wtf ( 1466): [0,1466,system_server,-1,DisplayDeviceConfig,requesting nits when no mapping exists.]
02-08 06:37:56.982 I/am_wtf ( 1466): [0,1466,system_server,-1,DisplayDeviceConfig,requesting nits when no mapping exists.]
02-08 06:37:56.998 I/am_wtf ( 1466): [0,1466,system_server,-1,DisplayDeviceConfig,requesting nits when no mapping exists.]
02-08 06:37:56.998 I/am_wtf ( 1466): [0,1466,system_server,-1,DisplayDeviceConfig,requesting nits when no mapping exists.]
02-08 06:37:57.015 I/am_wtf ( 1466): [0,1466,system_server,-1,DisplayDeviceConfig,requesting nits when no mapping exists.]
02-08 06:37:57.015 I/am_wtf ( 1466): [0,1466,system_server,-1,DisplayDeviceConfig,requesting nits when no mapping exists.]
02-08 06:37:57.031 I/am_wtf ( 1466): [0,1466,system_server,-1,DisplayDeviceConfig,requesting nits when no mapping exists.]
02-08 06:37:57.032 I/am_wtf ( 1466): [0,1466,system_server,-1,DisplayDeviceConfig,requesting nits when no mapping exists.]
02-08 06:37:57.048 I/am_wtf ( 1466): [0,1466,system_server,-1,DisplayDeviceConfig,requesting nits when no mapping exists.]
02-08 06:37:57.048 I/am_wtf ( 1466): [0,1466,system_server,-1,DisplayDeviceConfig,requesting nits when no mapping exists.]
02-08 06:37:57.065 I/am_wtf ( 1466): [0,1466,system_server,-1,DisplayDeviceConfig,requesting nits when no mapping exists.]
02-08 06:37:57.065 I/am_wtf ( 1466): [0,1466,system_server,-1,DisplayDeviceConfig,requesting nits when no mapping exists.]
02-08 06:37:57.082 I/am_wtf ( 1466): [0,1466,system_server,-1,DisplayDeviceConfig,requesting nits when no mapping exists.]
02-08 06:37:57.082 I/am_wtf ( 1466): [0,1466,system_server,-1,DisplayDeviceConfig,requesting nits when no mapping exists.]
02-08 06:37:57.098 I/am_wtf ( 1466): [0,1466,system_server,-1,DisplayDeviceConfig,requesting nits when no mapping exists.]
02-08 06:37:57.098 I/am_wtf ( 1466): [0,1466,system_server,-1,DisplayDeviceConfig,requesting nits when no mapping exists.]
02-08 06:37:57.115 I/am_wtf ( 1466): [0,1466,system_server,-1,DisplayDeviceConfig,requesting nits when no mapping exists.]
02-08 06:37:57.115 I/am_wtf ( 1466): [0,1466,system_server,-1,DisplayDeviceConfig,requesting nits when no mapping exists.]
02-08 06:37:57.131 I/am_wtf ( 1466): [0,1466,system_server,-1,DisplayDeviceConfig,requesting nits when no mapping exists.]
02-08 06:37:57.132 I/am_wtf ( 1466): [0,1466,system_server,-1,DisplayDeviceConfig,requesting nits when no mapping exists.]
02-08 06:37:57.148 I/am_wtf ( 1466): [0,1466,system_server,-1,DisplayDeviceConfig,requesting nits when no mapping exists.]
02-08 06:37:57.148 I/am_wtf ( 1466): [0,1466,system_server,-1,DisplayDeviceConfig,requesting nits when no mapping exists.]
02-08 06:37:57.165 I/am_wtf ( 1466): [0,1466,system_server,-1,DisplayDeviceConfig,requesting nits when no mapping exists.]
02-08 06:37:57.165 I/am_wtf ( 1466): [0,1466,system_server,-1,DisplayDeviceConfig,requesting nits when no mapping exists.]
02-08 06:37:57.181 I/am_wtf ( 1466): [0,1466,system_server,-1,DisplayDeviceConfig,requesting nits when no mapping exists.]
02-08 06:37:57.182 I/am_wtf ( 1466): [0,1466,system_server,-1,DisplayDeviceConfig,requesting nits when no mapping exists.]
02-08 06:37:57.198 I/am_wtf ( 1466): [0,1466,system_server,-1,DisplayDeviceConfig,requesting nits when no mapping exists.]
02-08 06:37:57.198 I/am_wtf ( 1466): [0,1466,system_server,-1,DisplayDeviceConfig,requesting nits when no mapping exists.]
02-08 06:37:57.215 I/am_wtf ( 1466): [0,1466,system_server,-1,DisplayDeviceConfig,requesting nits when no mapping exists.]
02-08 06:37:57.215 I/am_wtf ( 1466): [0,1466,system_server,-1,DisplayDeviceConfig,requesting nits when no mapping exists.]
02-08 06:39:02.349 I/am_uid_idle( 1466): 10068
02-08 06:41:01.237 I/am_freeze( 1466): [11486,com.android.music]
02-08 06:41:01.239 I/am_kill ( 1466): [0,11486,com.android.music,925,Unable to freeze binder interface]
02-08 06:41:01.271 I/am_proc_died( 1466): [0,11486,com.android.music,925,19]
02-08 06:41:01.272 I/am_uid_stopped( 1466): 10083
02-08 06:41:01.284 I/am_uid_running( 1466): 10083
02-08 06:41:01.292 I/am_pss ( 1466): [6616,10049,com.thundercomm.screensaver,64147456,56418304,0,186904576,0,2,10]
02-08 06:41:01.303 I/am_proc_start( 1466): [0,12500,10083,com.android.music,NULL,]
02-08 06:41:01.309 I/am_pss ( 1466): [7109,1000,com.android.settings,184980480,164876288,0,330416128,0,2,16]
02-08 06:41:01.318 I/am_pss ( 1466): [9711,1002,com.android.bluetooth,29683712,24915968,0,136019968,0,0,8]
02-08 06:41:01.329 I/am_pss ( 1466): [2862,10080,com.android.launcher3,113383424,101081088,0,251375616,0,2,10]
02-08 06:41:01.335 I/am_pss ( 1466): [3404,10084,com.qualcomm.qti.workloadclassifier,11593728,8871936,0,102866944,0,0,6]
02-08 06:41:01.336 I/am_proc_bound( 1466): [0,12500,com.android.music]
02-08 06:41:01.341 I/am_pss ( 1466): [3386,10088,com.qualcomm.qti.qccnetstat,6435840,4255744,0,91951104,0,0,5]
02-08 06:41:01.348 I/am_pss ( 1466): [3380,10072,com.qualcomm.qti.services.systemhelper:systemhelper_service,6688768,4468736,0,93872128,0,0,6]
02-08 06:41:01.354 I/am_pss ( 1466): [3356,10054,.pasr,5732352,3678208,0,89366528,0,0,6]
02-08 06:41:01.360 I/am_pss ( 1466): [3333,10059,ts.car.uart,6519808,4472832,0,90443776,0,0,5]
02-08 06:41:01.367 I/am_pss ( 1466): [3302,10082,com.hht.lebocast,54614016,31096832,0,122286080,0,0,6]
02-08 06:41:01.373 I/am_pss ( 1466): [3913,10063,com.qualcomm.qti.devicestatisticsservice,5680128,3633152,0,89206784,0,0,6]
02-08 06:42:54.703 I/am_freeze( 1466): [11664,com.android.deskclock]
02-08 06:42:54.705 I/am_kill ( 1466): [0,11664,com.android.deskclock,925,Unable to freeze binder interface]
02-08 06:42:54.739 I/am_proc_died( 1466): [0,11664,com.android.deskclock,925,19]
02-08 06:42:54.739 I/am_uid_stopped( 1466): 10065
02-08 06:42:54.744 I/am_uid_running( 1466): 10065
02-08 06:42:54.749 I/am_pss ( 1466): [6616,10049,com.thundercomm.screensaver,64638976,56905728,0,187392000,0,2,7]
02-08 06:42:54.754 I/am_pss ( 1466): [12500,10083,com.android.music,7284736,4788224,0,90869760,0,19,4]
02-08 06:42:54.757 I/am_proc_start( 1466): [0,12632,10065,com.android.deskclock,NULL,]
02-08 06:42:54.760 I/am_pss ( 1466): [10361,1000,com.qti.diagservices,6157312,3698688,0,93720576,0,10,5]
02-08 06:42:54.791 I/am_proc_bound( 1466): [0,12632,com.android.deskclock]
02-08 06:43:15.711 I/am_pss ( 1466): [12632,10065,com.android.deskclock,8759296,5935104,0,95805440,0,19,7]
02-08 06:43:15.719 I/am_pss ( 1466): [12500,10083,com.android.music,7261184,4788224,0,90869760,0,19,6]
02-08 06:43:15.774 I/stream_devices_changed( 1466): [3,128,2]
02-08 06:43:15.786 I/stream_devices_changed( 1466): [6,128,1]
02-08 06:43:19.541 I/am_freeze( 1466): [11763,com.android.calendar]
02-08 06:43:19.543 I/am_kill ( 1466): [0,11763,com.android.calendar,935,Unable to freeze binder interface]
02-08 06:43:19.569 I/am_proc_died( 1466): [0,11763,com.android.calendar,935,19]
02-08 06:43:19.569 I/am_uid_stopped( 1466): 10064
02-08 06:43:19.574 I/am_uid_running( 1466): 10064
02-08 06:43:19.591 I/am_proc_start( 1466): [0,12681,10064,com.android.calendar,NULL,]
02-08 06:43:19.625 I/am_proc_bound( 1466): [0,12681,com.android.calendar]
02-08 06:43:35.770 I/am_pss ( 1466): [12632,10065,com.android.deskclock,8759296,5935104,0,95805440,0,19,11]
02-08 06:51:01.382 I/am_freeze( 1466): [2834,com.thundercomm.gamemode.provider]
02-08 06:51:01.386 I/am_freeze( 1466): [12500,com.android.music]
02-08 06:51:01.388 I/am_kill ( 1466): [0,2834,com.thundercomm.gamemode.provider,935,Unable to freeze binder interface]
02-08 06:51:01.391 I/am_kill ( 1466): [0,12500,com.android.music,925,Unable to freeze binder interface]
02-08 06:51:01.423 I/am_proc_died( 1466): [0,2834,com.thundercomm.gamemode.provider,935,19]
02-08 06:51:01.424 I/am_uid_stopped( 1466): 10068
02-08 06:51:01.431 I/am_proc_died( 1466): [0,12500,com.android.music,925,19]
02-08 06:51:01.432 I/am_uid_stopped( 1466): 10083
02-08 06:51:01.434 I/am_pss ( 1466): [6616,10049,com.thundercomm.screensaver,65393664,57606144,0,188088320,0,2,8]
02-08 06:51:01.438 I/am_uid_running( 1466): 10083
02-08 06:51:01.448 I/am_pss ( 1466): [7109,1000,com.android.settings,185891840,165711872,0,331251712,0,2,12]
02-08 06:51:01.453 I/am_proc_start( 1466): [0,13182,10083,com.android.music,NULL,]
02-08 06:51:01.458 I/am_pss ( 1466): [2862,10080,com.android.launcher3,113654784,101281792,0,251559936,0,2,10]
02-08 06:51:01.464 I/am_pss ( 1466): [12681,10064,com.android.calendar,6435840,3973120,0,91820032,0,19,6]
02-08 06:51:01.493 I/am_proc_bound( 1466): [0,13182,com.android.music]
02-08 06:52:54.823 I/am_freeze( 1466): [12632,com.android.deskclock]
02-08 06:52:54.824 I/am_kill ( 1466): [0,12632,com.android.deskclock,915,Unable to freeze binder interface]
02-08 06:52:54.853 I/am_proc_died( 1466): [0,12632,com.android.deskclock,915,19]
02-08 06:52:54.854 I/am_uid_stopped( 1466): 10065
02-08 06:52:54.859 I/am_uid_running( 1466): 10065
02-08 06:52:54.862 I/am_pss ( 1466): [13182,10083,com.android.music,7268352,4689920,0,90759168,0,19,6]
02-08 06:52:54.868 I/am_pss ( 1466): [12681,10064,com.android.calendar,6460416,3973120,0,91820032,0,19,6]
02-08 06:52:54.874 I/am_proc_start( 1466): [0,13315,10065,com.android.deskclock,NULL,]
02-08 06:52:54.909 I/am_proc_bound( 1466): [0,13315,com.android.deskclock]
02-08 06:53:19.673 I/am_freeze( 1466): [12681,com.android.calendar]
02-08 06:53:19.674 I/am_kill ( 1466): [0,12681,com.android.calendar,915,Unable to freeze binder interface]
02-08 06:53:19.704 I/am_proc_died( 1466): [0,12681,com.android.calendar,915,19]
02-08 06:53:19.705 I/am_uid_stopped( 1466): 10064
02-08 06:53:19.711 I/am_uid_running( 1466): 10064
02-08 06:53:19.716 I/am_pss ( 1466): [13315,10065,com.android.deskclock,8820736,5869568,0,95764480,0,19,8]
02-08 06:53:19.723 I/am_pss ( 1466): [13182,10083,com.android.music,7241728,4689920,0,90759168,0,19,6]
02-08 06:53:19.728 I/am_proc_start( 1466): [0,13359,10064,com.android.calendar,NULL,]
02-08 06:53:19.761 I/am_proc_bound( 1466): [0,13359,com.android.calendar]
02-08 07:00:00.014 I/sysui_multi_action( 1466): [757,803,799,dnd_mode_0,802,4985232]
02-08 07:00:00.014 I/sysui_multi_action( 1466): [757,803,799,dnd_rule_count,802,0]
02-08 07:00:00.014 I/sysui_multi_action( 1466): [757,803,799,dnd_type_0,802,4985232]
02-08 07:00:00.020 I/am_pss ( 1466): [6616,10049,com.thundercomm.screensaver,63610880,55873536,0,186355712,0,2,10]
02-08 07:00:00.034 I/am_pss ( 1466): [7109,1000,com.android.settings,185843712,165711872,0,331251712,0,2,13]
02-08 07:00:00.047 I/am_pss ( 1466): [3710,10025,com.baidu.input,148020224,128049152,0,299352064,0,7,12]
02-08 07:00:00.058 I/am_pss ( 1466): [2862,10080,com.android.launcher3,113556480,101195776,0,251494400,0,2,10]
02-08 07:00:00.066 I/am_pss ( 1466): [3420,10094,com.android.providers.media.module,22033408,17489920,0,127713280,0,0,6]
02-08 07:00:00.072 I/am_pss ( 1466): [3501,10079,com.qualcomm.location.XT,6881280,4648960,0,92971008,0,6,5]
02-08 07:00:00.078 I/am_pss ( 1466): [3103,10095,android.ext.services,11869184,6356992,0,105648128,0,5,6]
02-08 07:00:00.085 I/am_pss ( 1466): [3186,10073,com.qualcomm.location,10823680,7692288,0,104263680,0,0,6]
02-08 07:00:00.092 I/am_pss ( 1466): [2606,1001,.dataservices,8227840,6004736,0,94089216,0,0,5]
02-08 07:00:00.098 I/am_pss ( 1466): [2493,1073,com.android.networkstack.process,11370496,8437760,0,104378368,0,0,6]
02-08 07:00:00.115 I/am_pss ( 1466): [2370,10081,com.android.systemui,225395712,203001856,0,394858496,0,0,15]
02-08 07:00:00.135 I/am_pss ( 1466): [1466,1000,system,244921344,144574464,0,581249024,0,0,19]
02-08 07:00:00.142 I/am_pss ( 1466): [13359,10064,com.android.calendar,6440960,3964928,0,91897856,0,19,6]
02-08 07:00:00.148 I/am_pss ( 1466): [13315,10065,com.android.deskclock,8761344,5869568,0,95764480,0,19,5]
02-08 07:00:00.154 I/am_pss ( 1466): [10361,1000,com.qti.diagservices,6187008,3698688,0,93720576,0,10,5]
02-08 07:00:00.218 I/commit_sys_config_file( 1466): [settings-2-0,8]
02-08 07:00:00.222 I/commit_sys_config_file( 1466): [settings-0-0,4]
02-08 07:00:00.271 I/commit_sys_config_file( 1466): [notification-policy,4987144]
02-08 07:01:01.447 I/am_freeze( 1466): [10361,com.qti.diagservices]
02-08 07:01:01.448 I/am_kill ( 1466): [0,10361,com.qti.diagservices,935,Unable to freeze binder interface]
02-08 07:01:01.474 I/am_proc_died( 1466): [0,10361,com.qti.diagservices,935,10]
02-08 07:01:01.475 I/am_schedule_service_restart( 1466): [0,com.qti.diagservices/.QTIDiagServices,1000]
02-08 07:01:01.483 I/am_pss ( 1466): [13359,10064,com.android.calendar,6494208,3964928,0,91897856,0,19,6]
02-08 07:01:01.512 I/am_freeze( 1466): [13182,com.android.music]
02-08 07:01:01.514 I/am_kill ( 1466): [0,13182,com.android.music,925,Unable to freeze binder interface]
02-08 07:01:01.545 I/am_proc_died( 1466): [0,13182,com.android.music,925,19]
02-08 07:01:01.546 I/am_uid_stopped( 1466): 10083
02-08 07:01:01.552 I/am_uid_running( 1466): 10083
02-08 07:01:01.570 I/am_proc_start( 1466): [0,13861,10083,com.android.music,NULL,]
02-08 07:01:01.605 I/am_proc_bound( 1466): [0,13861,com.android.music]
02-08 07:01:02.508 I/am_proc_start( 1466): [0,13877,1000,com.qti.diagservices,service,{com.qti.diagservices/com.qti.diagservices.QTIDiagServices}]
02-08 07:01:02.553 I/am_proc_bound( 1466): [0,13877,com.qti.diagservices]
02-08 07:01:02.583 I/auditd (13877): type=1400 audit(0.0:1093): avc: denied { read write } for comm="ti.diagservices" name="diag" dev="tmpfs" ino=1124 scontext=u:r:system_app:s0 tcontext=u:object_r:vendor_diag_device:s0 tclass=chr_file permissive=0
02-08 07:02:55.016 I/am_freeze( 1466): [13315,com.android.deskclock]
02-08 07:02:55.017 I/am_kill ( 1466): [0,13315,com.android.deskclock,915,Unable to freeze binder interface]
02-08 07:02:55.044 I/am_proc_died( 1466): [0,13315,com.android.deskclock,915,19]
02-08 07:02:55.045 I/am_uid_stopped( 1466): 10065
02-08 07:02:55.050 I/am_uid_running( 1466): 10065
02-08 07:02:55.053 I/am_pss ( 1466): [13877,1000,com.qti.diagservices,6279168,3747840,0,93724672,0,10,6]
02-08 07:02:55.058 I/am_pss ( 1466): [13861,10083,com.android.music,7240704,4665344,0,90845184,0,19,4]
02-08 07:02:55.063 I/am_proc_start( 1466): [0,14009,10065,com.android.deskclock,NULL,]
02-08 07:02:55.100 I/am_proc_bound( 1466): [0,14009,com.android.deskclock]
02-08 07:03:19.808 I/am_freeze( 1466): [13359,com.android.calendar]
02-08 07:03:19.810 I/am_kill ( 1466): [0,13359,com.android.calendar,915,Unable to freeze binder interface]
02-08 07:03:19.837 I/am_proc_died( 1466): [0,13359,com.android.calendar,915,19]
02-08 07:03:19.838 I/am_uid_stopped( 1466): 10064
02-08 07:03:19.843 I/am_uid_running( 1466): 10064
02-08 07:03:19.846 I/am_pss ( 1466): [14009,10065,com.android.deskclock,8924160,5971968,0,95870976,0,19,6]
02-08 07:03:19.852 I/am_pss ( 1466): [13877,1000,com.qti.diagservices,6251520,3747840,0,93724672,0,10,4]
02-08 07:03:19.857 I/am_proc_start( 1466): [0,14053,10064,com.android.calendar,NULL,]
02-08 07:03:19.857 I/am_pss ( 1466): [13861,10083,com.android.music,7229440,4665344,0,90845184,0,19,5]
02-08 07:03:19.888 I/am_proc_bound( 1466): [0,14053,com.android.calendar]
02-08 07:05:00.961 I/liblog ( 1379): 218
02-08 07:05:00.962 I/liblog ( 1379): 3
02-08 07:06:28.107 I/auditd ( 567): type=1400 audit(0.0:1094): avc: denied { read } for comm="Binder:567_2" name="wakeup58" dev="sysfs" ino=71792 scontext=u:r:system_suspend:s0 tcontext=u:object_r:sysfs:s0 tclass=dir permissive=0
02-08 07:06:28.111 I/auditd ( 567): type=1400 audit(0.0:1095): avc: denied { read } for comm="Binder:567_2" name="wakeup4" dev="sysfs" ino=47054 scontext=u:r:system_suspend:s0 tcontext=u:object_r:sysfs:s0 tclass=dir permissive=0
02-08 07:06:28.111 I/auditd ( 567): type=1400 audit(0.0:1096): avc: denied { read } for comm="Binder:567_2" name="wakeup76" dev="sysfs" ino=76686 scontext=u:r:system_suspend:s0 tcontext=u:object_r:sysfs:s0 tclass=dir permissive=0
02-08 07:06:28.111 I/auditd ( 567): type=1400 audit(0.0:1097): avc: denied { read } for comm="Binder:567_2" name="wakeup28" dev="sysfs" ino=53259 scontext=u:r:system_suspend:s0 tcontext=u:object_r:sysfs:s0 tclass=dir permissive=0
02-08 07:06:28.111 I/auditd ( 567): type=1400 audit(0.0:1098): avc: denied { read } for comm="Binder:567_2" name="wakeup56" dev="sysfs" ino=71720 scontext=u:r:system_suspend:s0 tcontext=u:object_r:sysfs:s0 tclass=dir permissive=0
02-08 07:06:28.111 I/auditd ( 567): type=1400 audit(0.0:1099): avc: denied { read } for comm="Binder:567_2" name="wakeup2" dev="sysfs" ino=46578 scontext=u:r:system_suspend:s0 tcontext=u:object_r:sysfs:s0 tclass=dir permissive=0
02-08 07:06:28.115 I/auditd ( 567): type=1400 audit(0.0:1100): avc: denied { read } for comm="Binder:567_2" name="wakeup36" dev="sysfs" ino=62492 scontext=u:r:system_suspend:s0 tcontext=u:object_r:sysfs:s0 tclass=dir permissive=0
02-08 07:06:28.151 I/commit_sys_config_file( 1466): [batterystats,5]
02-08 07:06:28.152 I/commit_sys_config_file( 1466): [batterystats,1]
02-08 07:07:04.431 I/auditd (14325): type=1400 audit(0.0:1144): avc: denied { read } for comm="ls" name="/" dev="dm-5" ino=2 scontext=u:r:system_app:s0 tcontext=u:object_r:rootfs:s0 tclass=dir permissive=0
02-08 07:07:04.551 I/auditd (14331): type=1400 audit(0.0:1145): avc: denied { read } for comm="ls" name="/" dev="dm-5" ino=2 scontext=u:r:system_app:s0 tcontext=u:object_r:rootfs:s0 tclass=dir permissive=0
02-08 07:07:56.216 I/commit_sys_config_file( 1466): [appops,5453111]
02-08 07:09:39.713 I/netstats_mobile_sample( 1466): [0,0,0,0,0,0,0,0,0,0,0,0,1675811379713]
02-08 07:09:39.713 I/netstats_wifi_sample( 1466): [0,0,0,0,0,0,0,0,0,0,0,0,1675811379713]
02-08 07:09:39.717 I/am_uid_running( 1466): 10020
02-08 07:09:39.719 I/am_pss ( 1466): [6616,10049,com.thundercomm.screensaver,64564224,56827904,0,187310080,0,2,10]
02-08 07:09:39.732 I/am_pss ( 1466): [9711,1002,com.android.bluetooth,30538752,25550848,0,138690560,0,0,7]
02-08 07:09:39.734 I/am_proc_start( 1466): [0,14501,10020,android.process.media,service,{com.android.providers.downloads/com.android.providers.downloads.MediaScanTriggerJob}]
02-08 07:09:39.740 I/service_manager_stats( 1466): [100,26,1903193]
02-08 07:09:39.744 I/am_pss ( 1466): [2862,10080,com.android.launcher3,113439744,101105664,0,251404288,0,2,10]
02-08 07:09:39.761 I/am_proc_bound( 1466): [0,14501,android.process.media]
02-08 07:09:39.769 I/commit_sys_config_file( 1466): [procstats,7]
02-08 07:09:39.888 I/snet_event_log( 1466): [dcl,10082,72EF5D7DED51080CEECC9D85E6D12DDD75CB53A00CAE54BA24488AD58A49FA00 442FA39DA83157E0BD6FAC3C03D361C8DDDAFE549BEC99B2400D1F06B0596400]
02-08 07:09:39.898 I/commit_sys_config_file( 1466): [blobs_index,8]
02-08 07:09:39.899 I/commit_sys_config_file( 1466): [session_index,2]
02-08 07:09:40.647 I/auditd (14565): type=1400 audit(0.0:1146): avc: denied { read } for comm="iorap.inode2fil" name="tlog" dev="dm-5" ino=1824 scontext=u:r:iorap_inode2filename:s0 tcontext=u:object_r:tlog_config_file:s0 tclass=dir permissive=0
02-08 07:09:40.675 I/auditd (14565): type=1400 audit(0.0:1147): avc: denied { read } for comm="iorap.inode2fil" name="nativetest" dev="dm-10" ino=7 scontext=u:r:iorap_inode2filename:s0 tcontext=u:object_r:nativetest_data_file:s0 tclass=dir permissive=0
02-08 07:09:40.675 I/auditd (14565): type=1400 audit(0.0:1148): avc: denied { read } for comm="iorap.inode2fil" name="nativetest64" dev="dm-10" ino=8 scontext=u:r:iorap_inode2filename:s0 tcontext=u:object_r:nativetest_data_file:s0 tclass=dir permissive=0
02-08 07:09:40.679 I/auditd (14565): type=1400 audit(0.0:1149): avc: denied { read } for comm="iorap.inode2fil" name="vendor" dev="dm-10" ino=30 scontext=u:r:iorap_inode2filename:s0 tcontext=u:object_r:vendor_data_file:s0 tclass=dir permissive=0
02-08 07:09:40.679 I/auditd (14565): type=1400 audit(0.0:1150): avc: denied { read } for comm="iorap.inode2fil" name="vendor_ce" dev="dm-10" ino=31 scontext=u:r:iorap_inode2filename:s0 tcontext=u:object_r:vendor_data_file:s0 tclass=dir permissive=0
02-08 07:09:40.679 I/auditd (14565): type=1400 audit(0.0:1151): avc: denied { read } for comm="iorap.inode2fil" name="vendor_de" dev="dm-10" ino=32 scontext=u:r:iorap_inode2filename:s0 tcontext=u:object_r:vendor_data_file:s0 tclass=dir permissive=0
02-08 07:09:40.679 I/auditd (14565): type=1400 audit(0.0:1152): avc: denied { read } for comm="iorap.inode2fil" name="anr" dev="dm-10" ino=34 scontext=u:r:iorap_inode2filename:s0 tcontext=u:object_r:anr_data_file:s0 tclass=dir permissive=0
02-08 07:09:40.679 I/auditd (14565): type=1400 audit(0.0:1153): avc: denied { read } for comm="iorap.inode2fil" name="tombstones" dev="dm-10" ino=35 scontext=u:r:iorap_inode2filename:s0 tcontext=u:object_r:tombstone_data_file:s0 tclass=dir permissive=0
02-08 07:09:40.933 I/liblog ( 1379): 144
02-08 07:09:40.933 I/liblog ( 1379): 2
02-08 07:09:40.934 I/liblog ( 1379): 2
02-08 07:09:41.754 I/commit_sys_config_file( 1466): [jobs,5]
02-08 07:09:41.867 I/auditd (14608): type=1400 audit(0.0:1254): avc: denied { read } for comm="iorap.inode2fil" name="tlog" dev="dm-5" ino=1824 scontext=u:r:iorap_inode2filename:s0 tcontext=u:object_r:tlog_config_file:s0 tclass=dir permissive=0
02-08 07:09:41.891 I/auditd (14608): type=1400 audit(0.0:1255): avc: denied { read } for comm="iorap.inode2fil" name="nativetest" dev="dm-10" ino=7 scontext=u:r:iorap_inode2filename:s0 tcontext=u:object_r:nativetest_data_file:s0 tclass=dir permissive=0
02-08 07:09:41.891 I/auditd (14608): type=1400 audit(0.0:1256): avc: denied { read } for comm="iorap.inode2fil" name="nativetest64" dev="dm-10" ino=8 scontext=u:r:iorap_inode2filename:s0 tcontext=u:object_r:nativetest_data_file:s0 tclass=dir permissive=0
02-08 07:09:41.891 I/auditd (14608): type=1400 audit(0.0:1257): avc: denied { read } for comm="iorap.inode2fil" name="vendor" dev="dm-10" ino=30 scontext=u:r:iorap_inode2filename:s0 tcontext=u:object_r:vendor_data_file:s0 tclass=dir permissive=0
02-08 07:09:41.891 I/auditd (14608): type=1400 audit(0.0:1258): avc: denied { read } for comm="iorap.inode2fil" name="vendor_ce" dev="dm-10" ino=31 scontext=u:r:iorap_inode2filename:s0 tcontext=u:object_r:vendor_data_file:s0 tclass=dir permissive=0
02-08 07:11:01.716 I/am_freeze( 1466): [13861,com.android.music]
