02-08 08:46:04.437 D/CompatibilityChangeReporter( 1466): Compat change id reported: 168419799; UID 10065; state: DISABLED
02-08 08:46:04.437 D/CompatibilityInfo( 1466): mCompatibilityFlags - 4
02-08 08:46:04.437 D/CompatibilityInfo( 1466): applicationDensity - 240
02-08 08:46:04.437 D/CompatibilityInfo( 1466): applicationScale - 1.0
02-08 08:46:04.440 I/am_proc_bound( 1466): [0,21973,com.android.calendar]
02-08 08:46:04.441 D/CompatibilityChangeReporter(21972): Compat change id reported: 171979766; UID 10065; state: DISABLED
02-08 08:46:04.441 D/CompatibilityChangeReporter( 1466): Compat change id reported: 168419799; UID 10064; state: DISABLED
02-08 08:46:04.441 D/CompatibilityInfo( 1466): mCompatibilityFlags - 4
02-08 08:46:04.441 D/CompatibilityInfo( 1466): applicationDensity - 240
02-08 08:46:04.441 D/CompatibilityInfo( 1466): applicationScale - 1.0
02-08 08:46:04.445 D/CompatibilityChangeReporter(21973): Compat change id reported: 171979766; UID 10064; state: DISABLED
02-08 08:46:04.447 D/ApplicationLoaders(21972): Returning zygote-cached class loader: /system/framework/android.test.base.jar
02-08 08:46:04.450 D/ApplicationLoaders(21973): Returning zygote-cached class loader: /system/framework/android.test.base.jar
02-08 08:46:04.450 D/nativeloader(21972): classloader namespace configured for unbundled product apk. library_path=/product/app/DeskClock/lib/arm64:/product/lib64:/system/product/lib64
02-08 08:46:04.454 D/nativeloader(21973): classloader namespace configured for unbundled product apk. library_path=/product/app/Calendar/lib/arm64:/product/lib64:/system/product/lib64
02-08 08:46:04.461 I/Perf (21972): Connecting to perf service.
02-08 08:46:04.461 I/Perf (21973): Connecting to perf service.
02-08 08:46:04.465 V/GraphicsEnvironment(21972): ANGLE Developer option for 'com.android.deskclock' set to: 'default'
02-08 08:46:04.465 V/GraphicsEnvironment(21973): ANGLE Developer option for 'com.android.calendar' set to: 'default'
02-08 08:46:04.465 V/GraphicsEnvironment(21972): ANGLE GameManagerService for com.android.deskclock: false
02-08 08:46:04.465 V/GraphicsEnvironment(21973): ANGLE GameManagerService for com.android.calendar: false
02-08 08:46:04.466 W/System ( 1466): A resource failed to call release.
02-08 08:46:04.466 W/System ( 1466): A resource failed to call close.
02-08 08:46:04.466 W/System ( 1466): A resource failed to call close.
02-08 08:46:04.466 D/NetworkSecurityConfig(21973): No Network Security Config specified, using platform default
02-08 08:46:04.466 D/NetworkSecurityConfig(21972): No Network Security Config specified, using platform default
02-08 08:46:04.466 W/System ( 1466): A resource failed to call close.
02-08 08:46:04.467 D/NetworkSecurityConfig(21973): No Network Security Config specified, using platform default
02-08 08:46:04.467 D/NetworkSecurityConfig(21972): No Network Security Config specified, using platform default
02-08 08:46:04.467 W/System ( 1466): A resource failed to call close.
02-08 08:46:04.467 W/System ( 1466): A resource failed to call close.
02-08 08:46:04.469 W/System ( 1466): A resource failed to call close.
02-08 08:46:04.483 I/GameMode_ActivityMonitoringService( 2568): onTaskStackChanged
02-08 08:46:04.483 W/FreeFormWindowHelper( 1466): Current Display FreeFormTask is null
02-08 08:46:04.484 W/FreeFormWindowHelper( 1466): Current Display FreeFormTask is null
02-08 08:46:04.486 I/GameMode_ActivityMonitoringService( 2568): Updating top task to: TaskInfoContainer [topActivity=ComponentInfo{com.android.launcher3/com.android.launcher3.uioverrides.QuickstepLauncher}, taskId=10, stackId=1, userId=0, displayId=0, position=6
02-08 08:46:04.486 I/GameMode_ActivityMonitoringService( 2568): Notifying about top task: TaskInfoContainer [topActivity=ComponentInfo{com.android.launcher3/com.android.launcher3.uioverrides.QuickstepLauncher}, taskId=10, stackId=1, userId=0, displayId=0, position=6
02-08 08:46:04.486 I/GameMode_ActivityMonitoringService( 2568): WindowMode: 1
02-08 08:46:04.486 W/FreeFormWindowHelper( 1466): Current Display FreeFormTask is null
02-08 08:46:04.486 E/GameMode_ActivityMonitoringService( 2568): onActivityLaunch:com.android.launcher3
02-08 08:46:04.486 V/GameMode_GameTypeUtils( 2568): judge isGame:com.android.launcher3
02-08 08:46:04.486 V/GameMode_GpuUtils( 2568): fps:60
02-08 08:46:04.486 W/FreeFormWindowHelper( 1466): Current Display FreeFormTask is null
02-08 08:46:04.489 D/GameMode_GameModeActionUtils( 2568): Show GameMode entry by service!
02-08 08:46:04.489 W/ContextImpl( 2568): Calling a method in the system process without a qualified user: android.app.ContextImpl.startService:1816 android.content.ContextWrapper.startService:774 com.thundercomm.gamemode.ingame.services.GameModeActionUtils.startGameModeService:111 com.thundercomm.gamemode.ingame.services.GameModeActionUtils.startGameModeEntry:22 com.thundercomm.gamemode.ingame.services.ActivityMonitoringService$1.onActivityLaunch:139
02-08 08:46:04.490 D/GameMode_GameModeService( 2568): type=hide_entry
02-08 08:46:04.491 D/GameModeIF_GameModeSettings( 2568): getUriFor setting_content_uri_root = content://com.thundercomm.gamemode.api/gamemode_settings , name = gamemode_isgaming
02-08 08:46:04.493 D/GameMode_GameSettingsObserver( 2568): Game Data change!!!! uri = content://com.thundercomm.gamemode.api/gamemode_settings/gamemode_isgaming
02-08 08:46:04.494 I/GameModeConfig( 1466): Current uri is uri = content://com.thundercomm.gamemode.api/gamemode_settings/gamemode_isgaming
02-08 08:46:04.494 D/GameModeIF_GameModeSettings( 2568): getUriFor setting_content_uri_root = content://com.thundercomm.gamemode.api/gamemode_settings , name = gamemode_isgaming
02-08 08:46:04.494 D/GameModeIF_GameModeSettings( 1466): getUriFor setting_content_uri_root = content://com.thundercomm.gamemode.api/gamemode_settings , name = gamemode_isgaming
02-08 08:46:04.494 W/FreeFormWindowHelper( 1466): Current Display FreeFormTask is null
02-08 08:46:04.494 D/GameModeIF_GameModeSettings( 2568): gamemode_isgaming set to 0
02-08 08:46:04.495 I/GameMode_ActivityMonitoringService( 2568): [Perf]-lastSession=
02-08 08:46:04.496 I/GameModeConfig( 1466): isGameModeOn = false
02-08 08:46:04.496 I/GameModeConfig( 1466): isGameModeOn = false
02-08 08:46:04.496 I/GameModeConfig( 1466): isDisableVoice = true
02-08 08:46:04.497 D/GameMode_GameModeService( 2568): updateGlobalSettings = gamemode_isgaming
02-08 08:46:04.503 D/GameModeIF_GameModeSettings( 2568): getUriFor setting_content_uri_root = content://com.thundercomm.gamemode.api/gamemode_settings , name = gamemode_enable
02-08 08:46:04.503 I/mpu_uart( 651): [MSG-P:RECV]:No message received in 1000 ms
02-08 08:46:04.626 D/RemoteControlService( 2734): startVlanDispatchThread
02-08 08:46:04.645 I/wm_task_removed( 1466): [37,removeChild:removeChild last r=ActivityRecord{cd4bdc1 u0 com.android.systemui/.screenrecord.ScreenRecordDialog t-1 f}} in t=Task{ba3714a #37 type=standard A=10081:com.android.systemui U=0 visible=false mode=fullscreen translucent=true sz=0}]
02-08 08:46:04.645 I/wm_task_removed( 1466): [37,removeChild]
02-08 08:46:04.647 W/ActivityTaskManager( 1466): Can't find TaskDisplayArea to determine support for multi window. Task id=37 attached=false
02-08 08:46:04.647 W/ActivityTaskManager( 1466): Can't find TaskDisplayArea to determine support for multi window. Task id=37 attached=false
02-08 08:46:05.116 W/hpplay-java( 3302): [main]:IPManager:getActiveNets invalid networkInfo:null
02-08 08:46:05.117 I/hpplay-java( 3302): [main]:IPManager:getActiveNets eth0:false wifi:false mobile:false ap:false
02-08 08:46:05.117 I/hpplay-java( 3302): [main]:ServerTaskManager:get local ip:null
01-02 02:34:50.249 E/DTC_ETH,link_delay_work_func( 0): 3003, SQI=0, link=0
02-08 08:46:05.504 I/mpu_uart( 651): [MSG-P:RECV]:No message received in 1000 ms
02-08 08:46:05.801 I/mpu_uart( 651): [MSG-P:R]:recv sync frame timeout
02-08 08:46:06.081 E/tlogd ( 1328): [TzLogger](isPathReadable) file /sys/kernel/debug/tzdbg/qsee_log isn't exist or no permission, err: No such file or directory
02-08 08:46:06.081 E/tlogd ( 1328): [TzLogger](saveTzlogAsync) /sys/kernel/debug/tzdbg/qsee_log can not read.
02-08 08:46:06.082 E/tlogd ( 1328): [TzLogger](isPathReadable) file /sys/kernel/debug/tzdbg/log isn't exist or no permission, err: No such file or directory
02-08 08:46:06.082 E/tlogd ( 1328): [TzLogger](saveTzlogAsync) /sys/kernel/debug/tzdbg/log can not read.
02-08 08:46:06.119 W/hpplay-java( 3302): [main]:IPManager:getActiveNets invalid networkInfo:null
02-08 08:46:06.119 I/hpplay-java( 3302): [main]:IPManager:getActiveNets eth0:false wifi:false mobile:false ap:false
02-08 08:46:06.119 I/hpplay-java( 3302): [main]:ServerTaskManager:get local ip:null
02-08 08:46:06.504 I/mpu_uart( 651): [MSG-P:RECV]:No message received in 1000 ms
02-08 08:46:07.121 W/hpplay-java( 3302): [main]:IPManager:getActiveNets invalid networkInfo:null
02-08 08:46:07.121 I/hpplay-java( 3302): [main]:IPManager:getActiveNets eth0:false wifi:false mobile:false ap:false
02-08 08:46:07.122 I/hpplay-java( 3302): [main]:ServerTaskManager:get local ip:null
02-08 08:46:07.347 D/CompatibilityInfo( 1466): mCompatibilityFlags - 4
02-08 08:46:07.347 D/CompatibilityInfo( 1466): applicationDensity - 240
02-08 08:46:07.347 D/CompatibilityInfo( 1466): applicationScale - 1.0
02-08 08:46:07.347 I/GameMode_ActivityMonitoringService( 2568): onForegroundServicesChanged uid 10081 pid 2370 fg 0
02-08 08:46:07.350 D/RecordingController( 2370): sent start intent
02-08 08:46:07.356 D/RecordingService( 2370): onStartCommand com.android.systemui.screenrecord.START
02-08 08:46:07.356 D/RecordingService( 2370): recording with audio sourceNONE
02-08 08:46:07.361 D/ScreenMediaRecorder( 2370): start recording
02-08 08:46:07.366 W/StagefrightRecorder( 1185): stop while neither recording nor paused
02-08 08:46:07.366 I/MediaProfiles( 1185): Profiles xml path: /vendor/etc/media_profiles_kona.xml
02-08 08:46:07.380 D/MediaCodecList( 2370): codecHandlesFormat: no format, so no extra checks
02-08 08:46:07.380 D/MediaCodecList( 2370): codecHandlesFormat: no format, so no extra checks
02-08 08:46:07.380 D/MediaCodecList( 2370): codecHandlesFormat: no format, so no extra checks
02-08 08:46:07.381 D/MediaCodecList( 2370): codecHandlesFormat: no format, so no extra checks
02-08 08:46:07.384 I/OMXClient( 2370): IOmx service obtained
02-08 08:46:07.384 I/OMXMaster( 1201): makeComponentInstance(OMX.qcom.video.decoder.avc) in android.hardwar process
02-08 08:46:07.390 E/android.hardware.media.omx@1.0-service( 1201): Service not available yet
02-08 08:46:07.391 D/PlatformConfig( 1201): getInstance: Enter
02-08 08:46:07.392 D/PlatformConfig( 1201): getConfigStoreBool: vpp/enable=false, returning false
02-08 08:46:07.394 D/PlatformConfig( 1201): getInstance: Enter
02-08 08:46:07.394 D/PlatformConfig( 1201): getInt32 Config name: vidc_dec_log_in value: 0
02-08 08:46:07.394 D/PlatformConfig( 1201): getInstance: Enter
02-08 08:46:07.394 D/PlatformConfig( 1201): getInt32 Config name: vidc_dec_log_out value: 0
02-08 08:46:07.394 D/PlatformConfig( 1201): getInstance: Enter
02-08 08:46:07.394 D/PlatformConfig( 1201): getInt32 Config name: vidc_dec_sec_prefetch_size_internal value: 209715200
02-08 08:46:07.394 D/PlatformConfig( 1201): getInstance: Enter
02-08 08:46:07.394 D/PlatformConfig( 1201): getInt32 Config name: vidc_dec_sec_prefetch_size_output value: 13434880
02-08 08:46:07.394 D/PlatformConfig( 1201): getInstance: Enter
02-08 08:46:07.394 D/PlatformConfig( 1201): getInt32 Config name: vidc_perf_control_enable value: 0
02-08 08:46:07.394 D/PlatformConfig( 1201): getInstance: Enter
02-08 08:46:07.394 D/PlatformConfig( 1201): getInt32 Config name: vidc_dec_thumbnail_yuv_output value: 0
02-08 08:46:07.394 D/PlatformConfig( 1201): getInstance: Enter
02-08 08:46:07.394 D/PlatformConfig( 1201): getInt32: Returning default
02-08 08:46:07.394 D/PlatformConfig( 1201): getInstance: Enter
02-08 08:46:07.394 D/PlatformConfig( 1201): getInt32 Config name: vidc_dec_output_rate value: 120
02-08 08:46:07.395 I/OMX-VDEC-1080P( 1201): component_init: OMX.qcom.video.decoder.avc : fd=7
02-08 08:46:07.395 E/OMX-VDEC-1080P( 1201): Unsupported output color format for c2d (2141391876)
02-08 08:46:07.395 E/OMX-VDEC-1080P( 1201): Setting color format failed
01-02 02:34:52.238 I/msm_vidc( 0): high: 00000001: ....d: Opening video instance: 0000000000000000, 1
01-02 02:34:52.238 I/msm_vidc( 0): err : 00000001: ....d: Failed to create debugfs for msm_vidc
02-08 08:46:07.399 D/PlatformConfig( 1201): getInstance: Enter
02-08 08:46:07.399 D/PlatformConfig( 1201): getInt32: Returning default
02-08 08:46:07.399 D/PlatformConfig( 1201): getInstance: Enter
02-08 08:46:07.399 D/PlatformConfig( 1201): getInt32: Returning default
02-08 08:46:07.400 I/OMX-VDEC-1080P( 1201): omx_vdec::component_init() success : fd=7
02-08 08:46:07.416 I/OMX-VDEC-1080P( 1201): omx_vdec::component_deinit() complete
01-02 02:34:52.260 I/msm_vidc( 0): high: 00000001: h264d: Closed video instance: 0000000000000000
02-08 08:46:07.417 D/ScreenMediaRecorder( 2370): Screen size supported at rate 60
02-08 08:46:07.417 I/OMX-VDEC-1080P( 1201): Exit OMX vdec Destructor: fd=7
02-08 08:46:07.420 D/MPEG4Writer( 1185): PreAllocation enabled
02-08 08:46:07.420 D/MediaCodecList( 1185): codecHandlesFormat: no format, so no extra checks
02-08 08:46:07.420 D/MediaCodecList( 1185): codecHandlesFormat: no format, so no extra checks
02-08 08:46:07.420 D/MediaCodecList( 1185): codecHandlesFormat: no format, so no extra checks
02-08 08:46:07.420 D/MediaCodecList( 1185): codecHandlesFormat: no format, so no extra checks
02-08 08:46:07.422 I/OMXClient( 1185): IOmx service obtained
02-08 08:46:07.423 I/OMXMaster( 1201): makeComponentInstance(OMX.qcom.video.encoder.avc) in android.hardwar process
02-08 08:46:07.435 I/android.hardware.media.omx@1.0-service( 1201): vendor/qcom/proprietary/adsprpc/src/rpcmem_android.c:159: rpcmem_init_internal: opened ION device fd 7, configured heap IDs: system (0x2000000), contig (0x400000), secure (0x200), secure flags (0x80080000)
02-08 08:46:07.435 I/android.hardware.media.omx@1.0-service( 1201): vendor/qcom/proprietary/adsprpc/src/fastrpc_apps_user.c:3087: fastrpc_apps_user_init done with default domain:3 and &fastrpc_trace:0xe84f8c1c
02-08 08:46:07.439 D/PlatformConfig( 1201): getInstance: Enter
02-08 08:46:07.439 D/PlatformConfig( 1201): getInt32 Config name: vidc_perf_control_enable value: 0
02-08 08:46:07.439 D/PlatformConfig( 1201): getInstance: Enter
02-08 08:46:07.439 D/PlatformConfig( 1201): getInt32: Returning default
02-08 08:46:07.439 D/PlatformConfig( 1201): getInstance: Enter
02-08 08:46:07.439 D/PlatformConfig( 1201): getInt32 Config name: vidc_enc_log_in value: 0
02-08 08:46:07.439 D/PlatformConfig( 1201): getInstance: Enter
02-08 08:46:07.439 D/PlatformConfig( 1201): getInt32 Config name: vidc_enc_log_out value: 0
02-08 08:46:07.439 D/PlatformConfig( 1201): getInstance: Enter
02-08 08:46:07.439 D/PlatformConfig( 1201): getInt32 Config name: vidc_enc_csc_custom_matrix value: 0
02-08 08:46:07.439 D/PlatformConfig( 1201): getInstance: Enter
02-08 08:46:07.439 D/PlatformConfig( 1201): getInt32 Config name: vidc_enc_auto_blur_disable value: 0
02-08 08:46:07.439 D/PlatformConfig( 1201): getInstance: Enter
02-08 08:46:07.439 D/PlatformConfig( 1201): getInt32: Returning default
02-08 08:46:07.439 D/PlatformConfig( 1201): getInstance: Enter
02-08 08:46:07.439 D/PlatformConfig( 1201): getInt32 Config name: vidc_enc_linear_color_format value: 0
02-08 08:46:07.439 D/PlatformConfig( 1201): getInstance: Enter
02-08 08:46:07.439 D/PlatformConfig( 1201): getInt32 Config name: vidc_enc_bitrate_savings_enable value: 3
02-08 08:46:07.439 D/PlatformConfig( 1201): getInstance: Enter
02-08 08:46:07.439 D/PlatformConfig( 1201): getInt32 Config name: vidc_enc_quality_boost_enable value: 1
01-02 02:34:52.282 I/msm_vidc( 0): high: 00000001: ....e: Opening video instance: 0000000000000000, 0
01-02 02:34:52.282 I/msm_vidc( 0): err : 00000001: ....e: Failed to create debugfs for msm_vidc
02-08 08:46:07.440 I/OMX-VENC( 1201): Component_init : OMX.qcom.video.encoder.avc : return = 0x0
02-08 08:46:07.442 I/MediaCodec( 1185): MediaCodec will operate in async mode
02-08 08:46:07.448 E/SELinux ( 505): avc: denied { find } for pid=1185 uid=1013 name=package_native scontext=u:r:mediaserver:s0 tcontext=u:object_r:package_native_service:s0 tclass=service_manager permissive=0
02-08 08:46:07.449 I/auditd ( 505): avc: denied { find } for pid=1185 uid=1013 name=package_native scontext=u:r:mediaserver:s0 tcontext=u:object_r:package_native_service:s0 tclass=service_manager permissive=0
02-08 08:46:07.449 E/SELinux ( 505): avc: denied { find } for pid=1185 uid=1013 name=package_native scontext=u:r:mediaserver:s0 tcontext=u:object_r:package_native_service:s0 tclass=service_manager permissive=0
02-08 08:46:07.449 I/auditd ( 505): avc: denied { find } for pid=1185 uid=1013 name=package_native scontext=u:r:mediaserver:s0 tcontext=u:object_r:package_native_service:s0 tclass=service_manager permissive=0
02-08 08:46:07.449 D/CodecSeeding( 1185): Seed: codec OMX.qcom.video.encoder.avc, mediatype video/avc, overrideable 1
02-08 08:46:07.449 D/CodecProperties( 1185): setTuningValue(vq-target-bpp,0)
02-08 08:46:07.449 D/CodecProperties( 1185): setTuningValue(vq-target-bpp-1080p,1.90)
02-08 08:46:07.449 D/CodecProperties( 1185): setTuningValue(vq-target-bpp-720p,2.25)
02-08 08:46:07.449 D/CodecProperties( 1185): setTuningValue(vq-target-bpp-540p,2.65)
02-08 08:46:07.449 D/CodecProperties( 1185): setTuningValue(vq-target-bpp-480p,3.00)
02-08 08:46:07.449 D/CodecProperties( 1185): setTuningValue(vq-target-bpp-320x240,0)
02-08 08:46:07.449 D/CodecProperties( 1185): setTuningValue(vq-target-qpmax,-1)
02-08 08:46:07.449 D/CodecProperties( 1185): setTuningValue(vq-target-qpmax-1080p,45)
02-08 08:46:07.449 D/CodecProperties( 1185): setTuningValue(vq-target-qpmax-720p,43)
02-08 08:46:07.449 D/CodecProperties( 1185): setTuningValue(vq-target-qpmax-540p,42)
02-08 08:46:07.449 D/CodecProperties( 1185): setTuningValue(vq-target-qpmax-480p,38)
02-08 08:46:07.449 D/CodecProperties( 1185): setTuningValue(vq-bitrate-phaseout,1.75)
02-08 08:46:07.449 D/CodecProperties( 1185): setTuningValue(vq-boost-missing-qp,0.20)
02-08 08:46:07.449 D/CodecProperties( 1185): setFeatureValue(_vq_eligible.device,1)
02-08 08:46:07.449 D/CodecProperties( 1185): setFeatureValue(_quality.target,1)
02-08 08:46:07.449 D/CodecSeeding( 1185): Seed: codec OMX.qcom.video.encoder.avc, mediatype video/avc, overrideable 0
02-08 08:46:07.449 D/VQApply ( 1185): minquality: 2380x1020 outside of shaping range
02-08 08:46:07.449 D/MediaCodec( 1185): shapeMediaFormat: deltas(1): AMessage(what = 0x00000000) = {
02-08 08:46:07.449 D/MediaCodec( 1185): int32_t android._encoding-quality-level = 0
02-08 08:46:07.449 D/MediaCodec( 1185): }
02-08 08:46:07.450 I/OMX-VENC: venc_dev( 1201): Native recorder encode session 1
02-08 08:46:07.450 I/OMX-VENC( 1201): WARN: Enable/Disable allocate-native-handle allowed only in secure session
02-08 08:46:07.450 E/OMXNodeInstance( 1201): setParameter(0xe8a8c1c4:qcom.encoder.avc, OMX.google.android.index.allocateNativeHandle(0x7f00005d): Input:0 en=0) ERROR: UnsupportedSetting(0x80001019)
02-08 08:46:07.450 I/OMX-VENC( 1201): WARN: Enable/Disable allocate-native-handle allowed only in secure session
02-08 08:46:07.450 E/OMXNodeInstance( 1201): setParameter(0xe8a8c1c4:qcom.encoder.avc, OMX.google.android.index.allocateNativeHandle(0x7f00005d): Output:1 en=0) ERROR: UnsupportedSetting(0x80001019)
02-08 08:46:07.450 I/OMX-VENC( 1201): WARN: set_parameter: metamode is valid for input port only
02-08 08:46:07.450 W/OMXNodeInstance( 1201): [0xe8a8c1c4:qcom.encoder.avc] component does not support metadata mode; using fallback
02-08 08:46:07.450 I/ExtendedACodec( 1185): setupVideoEncoder()
02-08 08:46:07.451 W/OMXUtils( 1185): do not know color format 0x7fa30c06 = 2141391878
02-08 08:46:07.451 W/OMXUtils( 1185): do not know color format 0x7fa30c04 = 2141391876
02-08 08:46:07.451 W/OMXUtils( 1185): do not know color format 0x7fa30c00 = 2141391872
02-08 08:46:07.452 W/OMXUtils( 1185): do not know color format 0x7fa30c09 = 2141391881
02-08 08:46:07.452 W/OMXUtils( 1185): do not know color format 0x7fa30c0a = 2141391882
02-08 08:46:07.452 W/OMXUtils( 1185): do not know color format 0x7fa30c08 = 2141391880
02-08 08:46:07.453 W/OMXUtils( 1185): do not know color format 0x7fa30c07 = 2141391879
02-08 08:46:07.453 W/OMXUtils( 1185): do not know color format 0x7f000789 = 2130708361
02-08 08:46:07.453 I/OMX-VENC: venc_dev( 1201): WARN: Unsupported eColorFormat 0x7f000789
02-08 08:46:07.454 I/OMX-VENC: venc_dev( 1201): v4l2 profile : 1 flags : 131095
02-08 08:46:07.454 I/OMX-VENC: venc_dev( 1201): v4l2 profile : 0 flags : 131095
02-08 08:46:07.454 I/OMX-VENC: venc_dev( 1201): v4l2 profile : 2 flags : 131095
02-08 08:46:07.454 I/OMX-VENC: venc_dev( 1201): v4l2 profile : 17 flags : 131095
02-08 08:46:07.454 I/OMX-VENC: venc_dev( 1201): v4l2 profile : 4 flags : 131095
02-08 08:46:07.454 I/ACodec ( 1185): setupAVCEncoderParameters with [profile: High] [level: Level3]
02-08 08:46:07.456 I/ACodec ( 1185): [OMX.qcom.video.encoder.avc] cannot encode HDR static metadata. Ignoring.
02-08 08:46:07.456 I/ACodec ( 1185): setupVideoEncoder succeeded
02-08 08:46:07.456 I/ExtendedACodec( 1185): [OMX.qcom.video.encoder.avc] configure, AMessage : AMessage(what = 'conf', target = 227) = {
02-08 08:46:07.456 I/ExtendedACodec( 1185): string mime = "video/avc"
02-08 08:46:07.456 I/ExtendedACodec( 1185): int32_t width = 2380
02-08 08:46:07.456 I/ExtendedACodec( 1185): int32_t height = 1020
02-08 08:46:07.456 I/ExtendedACodec( 1185): int32_t stride = 2380
02-08 08:46:07.456 I/ExtendedACodec( 1185): int32_t slice-height = 1020
02-08 08:46:07.456 I/ExtendedACodec( 1185): int32_t color-format = 2130708361
02-08 08:46:07.456 I/ExtendedACodec( 1185): int32_t bitrate = 29131200
02-08 08:46:07.456 I/ExtendedACodec( 1185): int32_t bitrate-mode = 1
02-08 08:46:07.456 I/ExtendedACodec( 1185): int32_t frame-rate = 60
02-08 08:46:07.456 I/ExtendedACodec( 1185): int32_t i-frame-interval = 1
02-08 08:46:07.456 I/ExtendedACodec( 1185): int32_t vendor.qti-ext-enc-info-native_recording.value = 1
02-08 08:46:07.456 I/ExtendedACodec( 1185): int32_t profile = 8
02-08 08:46:07.456 I/ExtendedACodec( 1185): int32_t level = 256
02-08 08:46:07.456 I/ExtendedACodec( 1185): int32_t priority = 0
02-08 08:46:07.456 I/ExtendedACodec( 1185): int32_t feature-nal-length-bitstream = 1
02-08 08:46:07.456 I/ExtendedACodec( 1185): int32_t nal-length-in-bytes = 4
02-08 08:46:07.456 I/ExtendedACodec( 1185): int32_t vendor.qti-ext-enc-nal-length-bs.num-bytes = 4
02-08 08:46:07.456 I/ExtendedACodec( 1185): int32_t isNativeRecorder = 1
02-08 08:46:07.456 I/ExtendedACodec( 1185): int32_t create-input-buffers-suspended = 1
02-08 08:46:07.456 I/ExtendedACodec( 1185): int32_t android._encoding-quality-level = 0
02-08 08:46:07.456 I/ExtendedACodec( 1185): int32_t flags = 3
02-08 08:46:07.456 I/ExtendedACodec( 1185): int32_t encoder = 1
02-08 08:46:07.456 I/ExtendedACodec( 1185): }
02-08 08:46:07.461 W/OMXUtils( 1185): do not know color format 0x7f000789 = 2130708361
02-08 08:46:07.461 E/OMX-VENC( 1201): ERROR: unsupported index 1870659589
02-08 08:46:07.461 E/OMXNodeInstance( 1201): getConfig(0xe8a8c1c4:qcom.encoder.avc, ConfigLatency(0x6f800005)) ERROR: UnsupportedIndex(0x8000101a)
02-08 08:46:07.470 E/OMXNodeInstance( 1201): getConfig(0xe8a8c1c4:qcom.encoder.avc, ??(0x7f000062)) ERROR: UnsupportedSetting(0x80001019)
02-08 08:46:07.470 I/OMX-VENC: venc_dev( 1201): venc_get_consumer_usage 0x10000000
02-08 08:46:07.470 D/GraphicBufferSource( 1201): setting dataspace: 0x104, acquired=0
02-08 08:46:07.471 I/OMX-VENC: venc_dev( 1201): venc_get_consumer_usage 0x10000000
02-08 08:46:07.471 D/GraphicBufferSource( 1201): requesting color aspects (R:2(Limited), P:1(BT709_5), M:1(BT709_5), T:3(SMPTE170M))
02-08 08:46:07.471 D/MediaCodec( 1185): keep callback message for reclaim
02-08 08:46:07.479 W/ResourceManagerService( 1185): Ignoring request to add new resource entry with value <= 0
02-08 08:46:07.486 I/DisplayDeviceRepository( 1466): Display device added: DisplayDeviceInfo{"Recording Display": uniqueId="virtual:com.android.systemui,10081,Recording Display,0", 2380 x 1020, modeId 4, defaultModeId 4, supportedModes [{id=4, width=2380, height=1020, fps=60.0, alternativeRefreshRates=[]}], colorMode 0, supportedColorModes [0], hdrCapabilities null, allmSupported false, gameContentTypeSupported false, density 240, 240.0 x 240.0 dpi, appVsyncOff 0, presDeadline 16666666, touch NONE, rotation 0, type VIRTUAL, deviceProductInfo null, state ON, owner com.android.systemui (uid 10081), frameRateOverride , brightnessMinimum 0.0, brightnessMaximum 0.0, brightnessDefault 0.0, FLAG_PRIVATE, FLAG_PRESENTATION}
02-08 08:46:07.487 I/LogicalDisplayMapper( 1466): Applying layout: [{addr: {port=129, model=0x40446d3026322d}, dispId: 0(ON)}], Previous layout: [{addr: {port=129, model=0x40446d3026322d}, dispId: 0(ON)}]
02-08 08:46:07.487 I/LogicalDisplayMapper( 1466): Adding new display: 2: DisplayInfo{"Recording Display", displayId 2", displayGroupId -1, FLAG_PRIVATE, FLAG_PRESENTATION, real 2380 x 1020, largest app 2380 x 1020, smallest app 2380 x 1020, appVsyncOff 0, presDeadline 16666666, mode 4, defaultMode 4, modes [{id=4, width=2380, height=1020, fps=60.0, alternativeRefreshRates=[]}], hdrCapabilities null, userDisabledHdrTypes [], minimalPostProcessingSupported false, rotation 0, state ON, type VIRTUAL, uniqueId "virtual:com.android.systemui,10081,Recording Display,0", app 2380 x 1020, density 240 (240.0 x 240.0) dpi, layerStack 2, colorMode 0, supportedColorModes [0], deviceProductInfo null, owner com.android.systemui (uid 10081), removeMode 1, refreshRateOverride 0.0, brightnessMinimum 0.0, brightnessMaximum 0.0, brightnessDefault 0.0}
02-08 08:46:07.488 I/LogicalDisplayMapper( 1466): Setting new display group 0 for display 2, from previous group: null
02-08 08:46:07.488 W/DisplayPowerController[2]( 1466): Screen brightness nits configuration is unavailable; falling back
02-08 08:46:07.491 D/MPEG4Writer( 1185): fpathconf _PC_FILESIZEBITS:64
02-08 08:46:07.491 D/MPEG4Writer( 1185): MP4WtrCtrlHlpLooper Started
02-08 08:46:07.491 I/MPEG4Writer( 1185): limits: 5000000000/3600000000 bytes/us, bit rate: 29131200 bps and the estimated moov size 405120 bytes
02-08 08:46:07.491 I/InputDispatcher( 1466): Created monitor PointerEventDispatcher2 for display 2, gesture=false, pid=1466
02-08 08:46:07.492 I/MediaCodecSource( 1185): MediaCodecSource (video) starting
02-08 08:46:07.492 W/MediaCodec( 1185): mapFormat: no mediaType information
02-08 08:46:07.492 I/MediaCodecSource( 1185): MediaCodecSource (video) started
02-08 08:46:07.496 E/ActivityManager( 1466): Sending non-protected broadcast com.android.systemui.screenrecord.UPDATE_STATE_OUTSIDE from system 2370:com.android.systemui/u0a81 pkg com.android.systemui
02-08 08:46:07.496 E/ActivityManager( 1466): java.lang.Throwable
02-08 08:46:07.496 E/ActivityManager( 1466): at com.android.server.am.ActivityManagerService.checkBroadcastFromSystem(ActivityManagerService.java:12870)
02-08 08:46:07.496 E/ActivityManager( 1466): at com.android.server.am.ActivityManagerService.broadcastIntentLocked(ActivityManagerService.java:13470)
02-08 08:46:07.496 E/ActivityManager( 1466): at com.android.server.am.ActivityManagerService.broadcastIntentLocked(ActivityManagerService.java:12887)
02-08 08:46:07.496 E/ActivityManager( 1466): at com.android.server.am.ActivityManagerService.broadcastIntentWithFeature(ActivityManagerService.java:13722)
02-08 08:46:07.496 E/ActivityManager( 1466): at android.app.IActivityManager$Stub.onTransact(IActivityManager.java:2326)
02-08 08:46:07.496 E/ActivityManager( 1466): at com.android.server.am.ActivityManagerService.onTransact(ActivityManagerService.java:2521)
02-08 08:46:07.496 E/ActivityManager( 1466): at android.os.Binder.execTransactInternal(Binder.java:1184)
02-08 08:46:07.496 E/ActivityManager( 1466): at android.os.Binder.execTransact(Binder.java:1143)
02-08 08:46:07.497 I/am_wtf ( 1466): [0,1466,system_server,-1,ActivityManager,Sending non-protected broadcast com.android.systemui.screenrecord.UPDATE_STATE_OUTSIDE from system 2370:com.android.systemui/u0a81 pkg com.android.systemui]
02-08 08:46:07.497 E/ActivityManager( 1466): Sending non-protected broadcast com.android.systemui.screenrecord.UPDATE_STATE_OUTSIDE from system 2370:com.android.systemui/u0a81 pkg com.android.systemui
02-08 08:46:07.497 E/ActivityManager( 1466): java.lang.Throwable
02-08 08:46:07.497 E/ActivityManager( 1466): at com.android.server.am.ActivityManagerService.checkBroadcastFromSystem(ActivityManagerService.java:12870)
02-08 08:46:07.497 E/ActivityManager( 1466): at com.android.server.am.ActivityManagerService.broadcastIntentLocked(ActivityManagerService.java:13565)
02-08 08:46:07.497 E/ActivityManager( 1466): at com.android.server.am.ActivityManagerService.broadcastIntentLocked(ActivityManagerService.java:12887)
02-08 08:46:07.497 E/ActivityManager( 1466): at com.android.server.am.ActivityManagerService.broadcastIntentWithFeature(ActivityManagerService.java:13722)
02-08 08:46:07.497 E/ActivityManager( 1466): at android.app.IActivityManager$Stub.onTransact(IActivityManager.java:2326)
02-08 08:46:07.497 E/ActivityManager( 1466): at com.android.server.am.ActivityManagerService.onTransact(ActivityManagerService.java:2521)
02-08 08:46:07.497 E/ActivityManager( 1466): at android.os.Binder.execTransactInternal(Binder.java:1184)
02-08 08:46:07.497 E/ActivityManager( 1466): at android.os.Binder.execTransact(Binder.java:1143)
02-08 08:46:07.498 I/DropBoxManagerService( 1466): add tag=system_server_wtf isTagEnabled=true flags=0x2
02-08 08:46:07.499 I/am_wtf ( 1466): [0,1466,system_server,-1,ActivityManager,Sending non-protected broadcast com.android.systemui.screenrecord.UPDATE_STATE_OUTSIDE from system 2370:com.android.systemui/u0a81 pkg com.android.systemui]
02-08 08:46:07.499 D/GameMode_GameModeService( 2568): Received recording state update intent: true
02-08 08:46:07.500 I/DropBoxManagerService( 1466): add tag=system_server_wtf isTagEnabled=true flags=0x2
02-08 08:46:07.500 W/DisplayManagerService( 1466): Display DisplayDeviceInfo{"Recording Display": uniqueId="virtual:com.android.systemui,10081,Recording Display,0", 2380 x 1020, modeId 4, defaultModeId 4, supportedModes [{id=4, width=2380, height=1020, fps=60.0, alternativeRefreshRates=[]}], colorMode 0, supportedColorModes [0], hdrCapabilities null, allmSupported false, gameContentTypeSupported false, density 240, 240.0 x 240.0 dpi, appVsyncOff 0, presDeadline 16666666, touch NONE, rotation 0, type VIRTUAL, deviceProductInfo null, state ON, owner com.android.systemui (uid 10081), frameRateOverride , brightnessMinimum 0.0, brightnessMaximum 0.0, brightnessDefault 0.0, FLAG_PRIVATE, FLAG_PRESENTATION} does not support input device matching.
02-08 08:46:07.501 I/sysui_multi_action( 1466): [757,856,758,1,806,com.android.systemui,857,screen_record,858,3]
02-08 08:46:07.501 W/DisplayManagerService( 1466): Display DisplayDeviceInfo{"Recording Display": uniqueId="virtual:com.android.systemui,10081,Recording Display,0", 2380 x 1020, modeId 4, defaultModeId 4, supportedModes [{id=4, width=2380, height=1020, fps=60.0, alternativeRefreshRates=[]}], colorMode 0, supportedColorModes [0], hdrCapabilities null, allmSupported false, gameContentTypeSupported false, density 240, 240.0 x 240.0 dpi, appVsyncOff 0, presDeadline 16666666, touch NONE, rotation 0, type VIRTUAL, deviceProductInfo null, state ON, owner com.android.systemui (uid 10081), frameRateOverride , brightnessMinimum 0.0, brightnessMaximum 0.0, brightnessDefault 0.0, FLAG_PRIVATE, FLAG_PRESENTATION} does not support input device matching.
02-08 08:46:07.505 I/mpu_uart( 651): [MSG-P:RECV]:No message received in 1000 ms
02-08 08:46:07.505 I/notification_enqueue( 1466): [10081,2370,com.android.systemui,4274,NULL,0,Notification(channel=screen_record shortcut=null contentView=null vibrate=null sound=null defaults=0x0 flags=0x42 color=0xffc5221f actions=1 vis=PRIVATE),0]
02-08 08:46:07.505 W/WindowManager( 1466): Unable to take screenshot of display 2
02-08 08:46:07.505 I/WindowManager( 1466): Override config changes=20005df8 {0.0 ?mcc?mnc ?localeList ?layoutDir sw680dp w1586dp h680dp 240dpi lrg long land ?uimode ?night -touch -keyb/v/h -nav/h winConfig={ mBounds=Rect(0, 0 - 2380, 1020) mAppBounds=Rect(0, 0 - 2380, 1020) mMaxBounds=Rect(0, 0 - 2380, 1020) mWindowingMode=fullscreen mDisplayWindowingMode=fullscreen mActivityType=undefined mAlwaysOnTop=undefined mRotation=ROTATION_0} ?fontWeightAdjustment} for displayId=2
02-08 08:46:07.506 I/sysui_multi_action( 1466): [757,1659,758,4,759,2,1660,2]
02-08 08:46:07.506 W/DisplayManagerService( 1466): Display DisplayDeviceInfo{"Recording Display": uniqueId="virtual:com.android.systemui,10081,Recording Display,0", 2380 x 1020, modeId 4, defaultModeId 4, supportedModes [{id=4, width=2380, height=1020, fps=60.0, alternativeRefreshRates=[]}], colorMode 0, supportedColorModes [0], hdrCapabilities null, allmSupported false, gameContentTypeSupported false, density 240, 240.0 x 240.0 dpi, appVsyncOff 0, presDeadline 16666666, touch NONE, rotation 0, type VIRTUAL, deviceProductInfo null, state ON, owner com.android.systemui (uid 10081), frameRateOverride , brightnessMinimum 0.0, brightnessMaximum 0.0, brightnessDefault 0.0, FLAG_PRIVATE, FLAG_PRESENTATION} does not support input device matching.
02-08 08:46:07.509 I/WindowManager( 1466): Screen frozen for +6ms due to new-config
02-08 08:46:07.512 V/DisplayPowerController[2]( 1466): Brightness [0.0] reason changing to: 'manual', previous reason: '0'.
02-08 08:46:07.513 W/PowerManagerService( 1466): Screen on took 136240 ms
02-08 08:46:07.515 W/DisplayManagerService( 1466): Display DisplayDeviceInfo{"Recording Display": uniqueId="virtual:com.android.systemui,10081,Recording Display,0", 2380 x 1020, modeId 4, defaultModeId 4, supportedModes [{id=4, width=2380, height=1020, fps=60.0, alternativeRefreshRates=[]}], colorMode 0, supportedColorModes [0], hdrCapabilities null, allmSupported false, gameContentTypeSupported false, density 240, 240.0 x 240.0 dpi, appVsyncOff 0, presDeadline 16666666, touch NONE, rotation 0, type VIRTUAL, deviceProductInfo null, state ON, owner com.android.systemui (uid 10081), frameRateOverride , brightnessMinimum 0.0, brightnessMaximum 0.0, brightnessDefault 0.0, FLAG_PRIVATE, FLAG_PRESENTATION} does not support input device matching.
02-08 08:46:07.518 W/H2BGraphicBufferProducer( 1002): getConsumerUsage is not fully supported
02-08 08:46:07.520 I/libdisplayconfigqti( 862): Register client name: Recording Display1002 device client: 0xb400006cc56a58d0
02-08 08:46:07.520 I/CompositionEngine( 1002): Display::setConfiguration: mDisplayExtnIntf: 0xb4000072b5638d70
02-08 08:46:07.525 I/hwservicemanager( 506): getTransport: Cannot find entry android.hardware.graphics.allocator@4.0::IAllocator/default in either framework or device VINTF manifest.
02-08 08:46:07.526 W/Gralloc4( 1201): allocator 3.x is not supported
02-08 08:46:07.529 D/GraphicBufferSource( 1201): got buffer with new dataSpace #104
02-08 08:46:07.530 I/OMX-VENC( 1201): get_config (dataspace changed): ColorSpace: Recommend 601 for RGBA8888
02-08 08:46:07.530 D/OMXNodeInstance( 1201): Codec resolved it to (R:2(??), P:3(??), M:3(??), T:3(??)) err=0(NO_ERROR)
02-08 08:46:07.530 E/OMXNodeInstance( 1201): setConfig(0xe8a8c1c4:qcom.encoder.avc, ??(0x7f000062)) ERROR: UnsupportedSetting(0x80001019)
02-08 08:46:07.530 D/ACodec ( 1185): dataspace changed to 0x10c10000 (R:2(Limited), P:3(BT601_6_625), M:3(BT601_6), T:3(SMPTE170M)) (R:2(Limited), S:2(BT601_625), T:3(SMPTE_170M))
02-08 08:46:07.531 W/C2DColorConvert( 1201): calcYSize: Format not supported , 6
02-08 08:46:07.537 W/DisplayController( 2370): Skipping Display Configuration change on non-added display.
02-08 08:46:07.545 W/AppOps ( 1466): Noting op not finished: uid 10081 pkg com.android.systemui code 24 startTime of in progress event=1675805813251
02-08 08:46:07.551 I/MPEG4Writer( 1185): setStartTimestampUs: 38690
02-08 08:46:07.551 I/MPEG4Writer( 1185): Earliest track starting time: 38690
02-08 08:46:07.564 I/commit_sys_config_file( 1466): [settings-1-0,3]
02-08 08:46:07.707 I/sysui_multi_action( 1466): [757,1501,758,1,793,203,794,0,795,203,796,4274,806,com.android.systemui,857,screen_record,858,3,947,0,1500,0,1688,1]
02-08 08:46:07.708 I/sysui_multi_action( 1466): [757,804,799,note_interruptive,801,0,802,1]
02-08 08:46:07.708 I/GameModeConfig( 1466): isGameModeOn = false
02-08 08:46:07.710 I/sysui_multi_action( 1466): [757,1501,758,1,793,206,794,0,795,206,796,4274,806,com.android.systemui,857,screen_record,858,3,947,0,1500,0,1688,1]
02-08 08:46:07.710 I/sysui_multi_action( 1466): [757,804,799,note_interruptive,801,0,802,1]
02-08 08:46:07.711 I/sysui_multi_action( 1466): [757,199,758,1,759,3,793,206,794,0,795,206,796,4274,806,com.android.systemui,857,screen_record,858,3,947,0,1500,0,1688,1]
02-08 08:46:07.711 I/notification_alert( 1466): [0|com.android.systemui|4274|null|10081,1,1,0]
02-08 08:46:07.714 W/NotificationHistory( 1466): Attempted to add notif for locked/gone/disabled user 0
02-08 08:46:07.721 D/Avrcp_ext( 9711): AudioManager Player: AudioPlaybackConfiguration piid:87 deviceId:0 type:android.media.SoundPool u/pid:1000/1466 state:idle attr:AudioAttributes: usage=USAGE_ASSISTANCE_SONIFICATION content=CONTENT_TYPE_SONIFICATION flags=0x800 tags= bundle=null sessionId:0
02-08 08:46:07.721 D/Avrcp_ext( 9711): AudioManager Player: AudioPlaybackConfiguration piid:535 deviceId:0 type:android.media.MediaPlayer u/pid:10081/2370 state:idle attr:AudioAttributes: usage=USAGE_NOTIFICATION content=CONTENT_TYPE_SONIFICATION flags=0x800 tags= bundle=null sessionId:0
02-08 08:46:07.721 D/Avrcp_ext( 9711): AudioManager Player: AudioPlaybackConfiguration piid:95 deviceId:0 type:android.media.SoundPool u/pid:10081/2370 state:idle attr:AudioAttributes: usage=USAGE_ASSISTANCE_SONIFICATION content=CONTENT_TYPE_SONIFICATION flags=0x800 tags= bundle=null sessionId:0
02-08 08:46:07.721 D/Avrcp_ext( 9711): AudioManager Player: AudioPlaybackConfiguration piid:111 deviceId:0 type:android.media.SoundPool u/pid:1000/2568 state:idle attr:AudioAttributes: usage=USAGE_ASSISTANCE_SONIFICATION content=CONTENT_TYPE_SONIFICATION flags=0x801 tags= bundle=null sessionId:0
02-08 08:46:07.721 D/Avrcp_ext( 9711): AudioManager isPlaying: false, mAudioPlaybackIsActive = false
02-08 08:46:07.721 D/Avrcp_ext( 9711): AudioManager Reset Active Player
02-08 08:46:07.721 V/GameMode_GameTypeUtils( 2568): judge isGame:com.android.launcher3
02-08 08:46:07.722 E/GameMode_GameModeNotificationListenerService( 2568): title :姝e湪褰曞埗灞忓箷content :null,PackageName:com.android.systemui,isGameModeOn:false,isBulletScreenOn:false,isBulletScreenPackage:false
02-08 08:46:07.725 W/FileSource( 2370): offset/length adjusted from 0/576460752303423487 to 0/16905
02-08 08:46:07.731 I/MMParserExtractor( 1183): Created(0xb400006fba038f90)
02-08 08:46:07.737 W/MediaProvider( 3420): Failed to fetch original file descriptor
02-08 08:46:07.737 W/MediaProvider( 3420): java.io.IOException: stat failed: EACCES (Permission denied)
02-08 08:46:07.737 W/MediaProvider( 3420): at com.android.providers.media.MediaProvider.getFileFromFileDescriptor(MediaProvider.java:5794)
02-08 08:46:07.737 W/MediaProvider( 3420): at com.android.providers.media.MediaProvider.getOriginalMediaFormatFileDescriptor(MediaProvider.java:5711)
02-08 08:46:07.737 W/MediaProvider( 3420): at com.android.providers.media.MediaProvider.openTypedAssetFileCommon(MediaProvider.java:7134)
02-08 08:46:07.737 W/MediaProvider( 3420): at com.android.providers.media.MediaProvider.openTypedAssetFile(MediaProvider.java:7115)
02-08 08:46:07.737 W/MediaProvider( 3420): at android.content.ContentProvider$Transport.openTypedAssetFile(ContentProvider.java:548)
02-08 08:46:07.737 W/MediaProvider( 3420): at android.content.ContentProviderNative.onTransact(ContentProviderNative.java:327)
02-08 08:46:07.737 W/MediaProvider( 3420): at android.os.Binder.execTransactInternal(Binder.java:1184)
02-08 08:46:07.737 W/MediaProvider( 3420): at android.os.Binder.execTransact(Binder.java:1143)
02-08 08:46:07.737 W/MediaProvider( 3420): Caused by: android.system.ErrnoException: stat failed: EACCES (Permission denied)
02-08 08:46:07.737 W/MediaProvider( 3420): at libcore.io.Linux.stat(Native Method)
02-08 08:46:07.737 W/MediaProvider( 3420): at libcore.io.ForwardingOs.stat(ForwardingOs.java:853)
02-08 08:46:07.737 W/MediaProvider( 3420): at libcore.io.BlockGuardOs.stat(BlockGuardOs.java:420)
02-08 08:46:07.737 W/MediaProvider( 3420): at libcore.io.ForwardingOs.stat(ForwardingOs.java:853)
02-08 08:46:07.737 W/MediaProvider( 3420): at android.app.ActivityThread$AndroidOs.stat(ActivityThread.java:7780)
02-08 08:46:07.737 W/MediaProvider( 3420): at android.system.Os.stat(Os.java:919)
02-08 08:46:07.737 W/MediaProvider( 3420): at com.android.providers.media.MediaProvider.getFileFromFileDescriptor(MediaProvider.java:5788)
02-08 08:46:07.737 W/MediaProvider( 3420): ... 7 more
02-08 08:46:07.738 D/NuPlayerDriver( 1185): NuPlayerDriver(0xf2bc1870) created, clientPid(2370)
02-08 08:46:07.742 D/InterruptionStateProvider( 2370): No bubble up: not allowed to bubble: 0|com.android.systemui|4274|null|10081
02-08 08:46:07.743 D/InterruptionStateProvider( 2370): No heads up: unimportant notification: 0|com.android.systemui|4274|null|10081
02-08 08:46:07.745 D/PeopleSpaceWidgetMgr( 2370): Sbn doesn't contain valid PeopleTileKey: null/0/com.android.systemui
02-08 08:46:07.747 I/ExtendedNuUtils( 1185): printFileName fd(9) -> /data/system_de/0/ringtones/notification_sound_cache
02-08 08:46:07.750 D/GenericSource( 1185): FileSource remote
02-08 08:46:07.753 I/MMParserExtractor( 1183): Created(0xb400006fba038f90)
02-08 08:46:07.755 D/MediaBufferGroup( 1183): creating MemoryDealer
02-08 08:46:07.759 I/commit_sys_config_file( 1466): [notification-policy,11354632]
02-08 08:46:07.761 I/MediaFocusControl( 1466): requestAudioFocus() from uid/pid 10081/2370 AA=USAGE_NOTIFICATION/CONTENT_TYPE_SONIFICATION clientId=android.media.AudioManager@9e3c6ba callingPack=com.android.systemui req=3 flags=0x0 sdk=31
02-08 08:46:07.761 I/AudioService.FadeOutManager( 1466): unfadeOutUid() uid:10081
02-08 08:46:08.124 W/hpplay-java( 3302): [main]:IPManager:getActiveNets invalid networkInfo:null
02-08 08:46:08.124 I/hpplay-java( 3302): [main]:IPManager:getActiveNets eth0:false wifi:false mobile:false ap:false
02-08 08:46:08.124 I/hpplay-java( 3302): [main]:ServerTaskManager:get local ip:null
02-08 08:46:08.217 D/vendor.qti.vibrator( 881): Vibrator on for timeoutMs: 350
02-08 08:46:08.218 D/vendor.qti.vibrator( 881): Starting on on another thread
02-08 08:46:08.262 W/AudioIDCMicroNegotiator( 1466): idcm_warn: idcm control is not enable
02-08 08:46:08.264 D/Avrcp_ext( 9711): AudioManager Player: AudioPlaybackConfiguration piid:87 deviceId:0 type:android.media.SoundPool u/pid:1000/1466 state:idle attr:AudioAttributes: usage=USAGE_ASSISTANCE_SONIFICATION content=CONTENT_TYPE_SONIFICATION flags=0x800 tags= bundle=null sessionId:0
02-08 08:46:08.264 D/Avrcp_ext( 9711): AudioManager Player: AudioPlaybackConfiguration piid:535 deviceId:0 type:android.media.MediaPlayer u/pid:10081/2370 state:started attr:AudioAttributes: usage=USAGE_NOTIFICATION content=CONTENT_TYPE_SONIFICATION flags=0x800 tags= bundle=null sessionId:0
02-08 08:46:08.264 I/GenericSource( 1185): start
02-08 08:46:08.265 D/MediaRouter( 2370): onRestoreRoute() : route=RouteInfo{ name=骞虫澘鐢佃剳, description=null, status=null, category=RouteCategory{ name=绯荤粺 types=ROUTE_TYPE_LIVE_AUDIO ROUTE_TYPE_LIVE_VIDEO groupable=false }, supportedTypes=ROUTE_TYPE_LIVE_AUDIO ROUTE_TYPE_LIVE_VIDEO , presentationDisplay=Display id 2: DisplayInfo{"Recording Display", displayId 2", displayGroupId 0, FLAG_PRIVATE, FLAG_PRESENTATION, real 2380 x 1020, largest app 2380 x 2380, smallest app 1020 x 1020, appVsyncOff 0, presDeadline 16666666, mode 4, defaultMode 4, modes [{id=4, width=2380, height=1020, fps=60.0, alternativeRefreshRates=[]}], hdrCapabilities null, userDisabledHdrTypes [], minimalPostProcessingSupported false, rotation 0, state ON}, DisplayMetrics{density=1.5, width=2380, height=1020, scaledDensity=1.5, xdpi=240.0, ydpi=240.0}, isValid=true }
02-08 08:46:08.266 D/Avrcp_ext( 9711): AudioManager Player in started state: com.android.systemui
02-08 08:46:08.266 D/Avrcp_ext( 9711): AudioManager Active Player: com.android.systemui
02-08 08:46:08.266 D/Avrcp_ext( 9711): AudioManager Player: AudioPlaybackConfiguration piid:95 deviceId:0 type:android.media.SoundPool u/pid:10081/2370 state:idle attr:AudioAttributes: usage=USAGE_ASSISTANCE_SONIFICATION content=CONTENT_TYPE_SONIFICATION flags=0x800 tags= bundle=null sessionId:0
02-08 08:46:08.266 W/Utils ( 1185): track of type 'audio/vorbis' does not publish channel mask, channel count 1
02-08 08:46:08.266 D/Avrcp_ext( 9711): AudioManager Player: AudioPlaybackConfiguration piid:111 deviceId:0 type:android.media.SoundPool u/pid:1000/2568 state:idle attr:AudioAttributes: usage=USAGE_ASSISTANCE_SONIFICATION content=CONTENT_TYPE_SONIFICATION flags=0x801 tags= bundle=null sessionId:0
02-08 08:46:08.266 D/Avrcp_ext( 9711): AudioManager isPlaying: true, mAudioPlaybackIsActive = false
02-08 08:46:08.267 V/MediaRouter( 2370): Selecting route: RouteInfo{ name=骞虫澘鐢佃剳, description=null, status=null, category=RouteCategory{ name=绯荤粺 types=ROUTE_TYPE_LIVE_AUDIO ROUTE_TYPE_LIVE_VIDEO groupable=false }, supportedTypes=ROUTE_TYPE_LIVE_AUDIO ROUTE_TYPE_LIVE_VIDEO , presentationDisplay=Display id 2: DisplayInfo{"Recording Display", displayId 2", displayGroupId 0, FLAG_PRIVATE, FLAG_PRESENTATION, real 2380 x 1020, largest app 2380 x 2380, smallest app 1020 x 1020, appVsyncOff 0, presDeadline 16666666, mode 4, defaultMode 4, modes [{id=4, width=2380, height=1020, fps=60.0, alternativeRefreshRates=[]}], hdrCapabilities null, userDisabledHdrTypes [], minimalPostProcessingSupported false, rotation 0, state ON}, DisplayMetrics{density=1.5, width=2380, height=1020, scaledDensity=1.5, xdpi=240.0, ydpi=240.0}, isValid=true }
02-08 08:46:08.267 V/Avrcp_ext( 9711): updateCurrentMediaState: mMediaController: MediaController (com.android.systemui@db7bbc3) null
02-08 08:46:08.268 W/Avrcp_ext( 9711): isMusicActive: false getBluetoothPlayState: 2 A2dp State: 11 mAudioPlaybackIsActive: true
02-08 08:46:08.268 D/Avrcp_ext( 9711): isMusicActive = false mAudioPlaybackIsActive = true player state = null
02-08 08:46:08.269 I/Avrcp_ext( 9711): Skipping update due to invalid playback state
02-08 08:46:08.269 V/Avrcp_ext( 9711): updatePlaybackState, state: null device: null
02-08 08:46:08.269 V/Avrcp_ext( 9711): Device: no name:
02-08 08:46:08.269 V/Avrcp_ext( 9711): Device: no name:
02-08 08:46:08.269 V/Avrcp_ext( 9711): Device: no name:
02-08 08:46:08.269 V/Avrcp_ext( 9711): Device: no name:
02-08 08:46:08.269 V/Avrcp_ext( 9711): Device: no name:
02-08 08:46:08.269 V/Avrcp_ext( 9711): updatePlayerStateAndPosition, old=PlaybackState {state=2, position=-1, buffered position=0, speed=0.0, updated=11343306, actions=0, custom actions=[], active item id=-1, error=null}, state=null
02-08 08:46:08.269 I/Avrcp_ext( 9711): updatePlayerStateAndPosition: device: state = null
02-08 08:46:08.270 W/Utils ( 1185): track of type 'audio/vorbis' does not publish channel mask, channel count 1
02-08 08:46:08.273 D/audio_hw_primary( 807): adev_get_parameters:is_hw_dec_session_available
02-08 08:46:08.273 D/audio_hw_spkr_prot( 807): fbsp_get_parameters: Speaker protection disabled
02-08 08:46:08.273 D/soundtrigger( 807): audio_extn_sound_trigger_get_parameters input string
02-08 08:46:08.273 D/soundtrigger( 807): extract_sm_handle input string param string
02-08 08:46:08.273 D/audio_hw_extn( 807): audio_extn_fm_get_parameters: Enter
02-08 08:46:08.273 D/audio_hw_extn( 807): audio_extn_get_parameters: returns
02-08 08:46:08.273 D/audio_hw_primary( 807): adev_get_parameters: exit: returns -
02-08 08:46:08.273 I/hash_map_utils( 997): system/bt/osi/src/hash_map_utils.cc:81 hash_map_utils_dump_string_keys_string_values: key: 'is_hw_dec_session_available' value: 'audio/vorbis'
02-08 08:46:08.276 D/CCodec ( 1185): allocate(c2.android.vorbis.decoder)
02-08 08:46:08.278 I/CCodec ( 1185): setting up 'default' as default (vendor) store
02-08 08:46:08.278 V/C2Store ( 1239): in init
02-08 08:46:08.278 V/C2Store ( 1239): loading dll
02-08 08:46:08.282 I/CCodec ( 1185): Created component [c2.android.vorbis.decoder]
02-08 08:46:08.282 D/CCodecConfig( 1185): read media type: audio/vorbis
02-08 08:46:08.285 D/ReflectedParamUpdater( 1185): extent() != 1 for single value type: algo.buffers.max-count.values
02-08 08:46:08.285 D/ReflectedParamUpdater( 1185): extent() != 1 for single value type: output.subscribed-indices.values
02-08 08:46:08.285 D/ReflectedParamUpdater( 1185): extent() != 1 for single value type: input.buffers.allocator-ids.values
02-08 08:46:08.286 D/ReflectedParamUpdater( 1185): extent() != 1 for single value type: output.buffers.allocator-ids.values
02-08 08:46:08.286 D/ReflectedParamUpdater( 1185): extent() != 1 for single value type: algo.buffers.allocator-ids.values
02-08 08:46:08.286 D/ReflectedParamUpdater( 1185): extent() != 1 for single value type: output.buffers.pool-ids.values
02-08 08:46:08.286 D/ReflectedParamUpdater( 1185): extent() != 1 for single value type: algo.buffers.pool-ids.values
02-08 08:46:08.288 I/CCodecConfig( 1185): query failed after returning 7 values (BAD_INDEX)
02-08 08:46:08.288 D/CCodecConfig( 1185): c2 config diff is Dict {
02-08 08:46:08.288 D/CCodecConfig( 1185): c2::u32 coded.bitrate.value = 64000
02-08 08:46:08.288 D/CCodecConfig( 1185): c2::u32 input.buffers.max-size.value = 32768
