02-08 08:43:37.676 I/am_wtf ( 1466): [0,1466,system_server,-1,DisplayDeviceConfig,requesting nits when no mapping exists.]
02-08 08:43:37.677 I/am_wtf ( 1466): [0,1466,system_server,-1,DisplayDeviceConfig,requesting nits when no mapping exists.]
02-08 08:43:37.692 I/am_wtf ( 1466): [0,1466,system_server,-1,DisplayDeviceConfig,requesting nits when no mapping exists.]
02-08 08:43:37.693 I/am_wtf ( 1466): [0,1466,system_server,-1,DisplayDeviceConfig,requesting nits when no mapping exists.]
02-08 08:43:37.709 I/am_wtf ( 1466): [0,1466,system_server,-1,DisplayDeviceConfig,requesting nits when no mapping exists.]
02-08 08:43:37.710 I/am_wtf ( 1466): [0,1466,system_server,-1,DisplayDeviceConfig,requesting nits when no mapping exists.]
02-08 08:43:37.725 I/am_wtf ( 1466): [0,1466,system_server,-1,DisplayDeviceConfig,requesting nits when no mapping exists.]
02-08 08:43:37.726 I/am_wtf ( 1466): [0,1466,system_server,-1,DisplayDeviceConfig,requesting nits when no mapping exists.]
02-08 08:43:37.742 I/am_wtf ( 1466): [0,1466,system_server,-1,DisplayDeviceConfig,requesting nits when no mapping exists.]
02-08 08:43:37.743 I/am_wtf ( 1466): [0,1466,system_server,-1,DisplayDeviceConfig,requesting nits when no mapping exists.]
02-08 08:43:37.759 I/am_wtf ( 1466): [0,1466,system_server,-1,DisplayDeviceConfig,requesting nits when no mapping exists.]
02-08 08:43:37.760 I/am_wtf ( 1466): [0,1466,system_server,-1,DisplayDeviceConfig,requesting nits when no mapping exists.]
02-08 08:43:37.776 I/am_wtf ( 1466): [0,1466,system_server,-1,DisplayDeviceConfig,requesting nits when no mapping exists.]
02-08 08:43:37.777 I/am_wtf ( 1466): [0,1466,system_server,-1,DisplayDeviceConfig,requesting nits when no mapping exists.]
02-08 08:43:37.793 I/am_wtf ( 1466): [0,1466,system_server,-1,DisplayDeviceConfig,requesting nits when no mapping exists.]
02-08 08:43:37.794 I/am_wtf ( 1466): [0,1466,system_server,-1,DisplayDeviceConfig,requesting nits when no mapping exists.]
02-08 08:43:37.809 I/am_wtf ( 1466): [0,1466,system_server,-1,DisplayDeviceConfig,requesting nits when no mapping exists.]
02-08 08:43:37.810 I/am_wtf ( 1466): [0,1466,system_server,-1,DisplayDeviceConfig,requesting nits when no mapping exists.]
02-08 08:43:37.826 I/am_wtf ( 1466): [0,1466,system_server,-1,DisplayDeviceConfig,requesting nits when no mapping exists.]
02-08 08:43:37.827 I/am_wtf ( 1466): [0,1466,system_server,-1,DisplayDeviceConfig,requesting nits when no mapping exists.]
02-08 08:43:37.842 I/am_wtf ( 1466): [0,1466,system_server,-1,DisplayDeviceConfig,requesting nits when no mapping exists.]
02-08 08:43:37.843 I/am_wtf ( 1466): [0,1466,system_server,-1,DisplayDeviceConfig,requesting nits when no mapping exists.]
02-08 08:43:37.859 I/am_wtf ( 1466): [0,1466,system_server,-1,DisplayDeviceConfig,requesting nits when no mapping exists.]
02-08 08:43:37.860 I/am_wtf ( 1466): [0,1466,system_server,-1,DisplayDeviceConfig,requesting nits when no mapping exists.]
02-08 08:43:37.876 I/am_wtf ( 1466): [0,1466,system_server,-1,DisplayDeviceConfig,requesting nits when no mapping exists.]
02-08 08:43:37.877 I/am_wtf ( 1466): [0,1466,system_server,-1,DisplayDeviceConfig,requesting nits when no mapping exists.]
02-08 08:43:37.892 I/am_wtf ( 1466): [0,1466,system_server,-1,DisplayDeviceConfig,requesting nits when no mapping exists.]
02-08 08:43:37.893 I/am_wtf ( 1466): [0,1466,system_server,-1,DisplayDeviceConfig,requesting nits when no mapping exists.]
02-08 08:43:37.909 I/am_wtf ( 1466): [0,1466,system_server,-1,DisplayDeviceConfig,requesting nits when no mapping exists.]
02-08 08:43:37.910 I/am_wtf ( 1466): [0,1466,system_server,-1,DisplayDeviceConfig,requesting nits when no mapping exists.]
02-08 08:43:37.925 I/am_wtf ( 1466): [0,1466,system_server,-1,DisplayDeviceConfig,requesting nits when no mapping exists.]
02-08 08:43:37.926 I/am_wtf ( 1466): [0,1466,system_server,-1,DisplayDeviceConfig,requesting nits when no mapping exists.]
02-08 08:43:43.951 I/sysui_multi_action( 1466): [757,222,758,1]
02-08 08:43:43.953 I/am_uid_active( 1466): 10049
02-08 08:43:43.962 I/wm_task_created( 1466): [36,-1]
02-08 08:43:43.966 I/wm_task_moved( 1466): [36,1,7]
02-08 08:43:43.966 I/wm_task_to_front( 1466): [0,36]
02-08 08:43:43.966 I/wm_on_top_resumed_lost_called( 7109): [101732248,com.android.settings.Settings,topStateChangedWhenResumed]
02-08 08:43:43.966 I/wm_create_task( 1466): [0,36]
02-08 08:43:43.966 I/wm_create_activity( 1466): [0,70264627,36,com.thundercomm.screensaver/android.service.dreams.DreamActivity,NULL,NULL,NULL,276824064]
02-08 08:43:43.966 I/wm_task_moved( 1466): [36,1,7]
02-08 08:43:43.967 I/wm_pause_activity( 1466): [0,101732248,com.android.settings/.Settings,userLeaving=true,pauseBackTasks]
02-08 08:43:43.969 I/sysui_multi_action( 7109): [757,35,758,2,1089,90153]
02-08 08:43:43.969 I/sysui_multi_action( 7109): [757,1390,758,2,1089,59880]
02-08 08:43:43.969 I/wm_on_paused_called( 7109): [101732248,com.android.settings.Settings,performPause]
02-08 08:43:43.970 I/wm_add_to_stopping( 1466): [0,101732248,com.android.settings/.Settings,makeInvisible]
02-08 08:43:43.971 I/wm_restart_activity( 1466): [0,70264627,36,com.thundercomm.screensaver/android.service.dreams.DreamActivity]
02-08 08:43:43.971 I/wm_set_resumed_activity( 1466): [0,com.thundercomm.screensaver/android.service.dreams.DreamActivity,minimalResumeActivityLocked]
02-08 08:43:43.974 I/sysui_multi_action( 1466): [757,803,799,window_time_0,802,90]
02-08 08:43:43.975 I/wm_on_create_called( 6616): [70264627,android.service.dreams.DreamActivity,performCreate]
02-08 08:43:43.975 I/wm_on_start_called( 6616): [70264627,android.service.dreams.DreamActivity,handleStartActivity]
02-08 08:43:43.975 I/wm_on_resume_called( 6616): [70264627,android.service.dreams.DreamActivity,RESUME_ACTIVITY]
02-08 08:43:43.977 I/wm_on_top_resumed_gained_called( 6616): [70264627,android.service.dreams.DreamActivity,topStateChangedWhenResumed]
02-08 08:43:43.979 I/am_uid_active( 1466): 10068
02-08 08:43:43.990 I/input_focus( 1466): [Focus leaving a3caed1 com.android.settings/com.android.settings.Settings (server),reason=NO_WINDOW]
02-08 08:43:43.998 I/input_focus( 1466): [Focus request 63c038f com.thundercomm.screensaver/android.service.dreams.DreamActivity,reason=UpdateInputWindows]
02-08 08:43:44.008 I/sysui_multi_action( 1466): [319,46,322,42,325,11235,757,761,758,8,759,2,806,com.thundercomm.screensaver,871,android.service.dreams.DreamActivity,904,com.thundercomm.screensaver,905,0,1320,4,1321,2]
02-08 08:43:44.008 I/wm_activity_launch_time( 1466): [0,70264627,com.thundercomm.screensaver/android.service.dreams.DreamActivity,42]
02-08 08:43:44.009 I/sysui_multi_action( 1466): [757,1696,758,6,759,3]
02-08 08:43:44.023 I/am_wtf ( 1466): [0,1466,system_server,-1,DisplayDeviceConfig,requesting nits when no mapping exists.]
02-08 08:43:44.023 I/service_manager_stats( 1466): [117,62,7049]
02-08 08:43:44.023 I/am_wtf ( 1466): [0,1466,system_server,-1,DisplayDeviceConfig,requesting nits when no mapping exists.]
02-08 08:43:44.024 I/input_focus( 1466): [Focus entering 63c038f com.thundercomm.screensaver/android.service.dreams.DreamActivity (server),reason=Window became focusable. Previous reason: NOT_VISIBLE]
02-08 08:43:44.040 I/am_wtf ( 1466): [0,1466,system_server,-1,DisplayDeviceConfig,requesting nits when no mapping exists.]
02-08 08:43:44.040 I/am_wtf ( 1466): [0,1466,system_server,-1,DisplayDeviceConfig,requesting nits when no mapping exists.]
02-08 08:43:44.056 I/am_wtf ( 1466): [0,1466,system_server,-1,DisplayDeviceConfig,requesting nits when no mapping exists.]
02-08 08:43:44.056 I/am_wtf ( 1466): [0,1466,system_server,-1,DisplayDeviceConfig,requesting nits when no mapping exists.]
02-08 08:43:44.073 I/am_wtf ( 1466): [0,1466,system_server,-1,DisplayDeviceConfig,requesting nits when no mapping exists.]
02-08 08:43:44.074 I/am_wtf ( 1466): [0,1466,system_server,-1,DisplayDeviceConfig,requesting nits when no mapping exists.]
02-08 08:43:44.090 I/am_wtf ( 1466): [0,1466,system_server,-1,DisplayDeviceConfig,requesting nits when no mapping exists.]
02-08 08:43:44.090 I/am_wtf ( 1466): [0,1466,system_server,-1,DisplayDeviceConfig,requesting nits when no mapping exists.]
02-08 08:43:44.106 I/am_wtf ( 1466): [0,1466,system_server,-1,DisplayDeviceConfig,requesting nits when no mapping exists.]
02-08 08:43:44.107 I/am_wtf ( 1466): [0,1466,system_server,-1,DisplayDeviceConfig,requesting nits when no mapping exists.]
02-08 08:43:44.124 I/am_wtf ( 1466): [0,1466,system_server,-1,DisplayDeviceConfig,requesting nits when no mapping exists.]
02-08 08:43:44.124 I/am_wtf ( 1466): [0,1466,system_server,-1,DisplayDeviceConfig,requesting nits when no mapping exists.]
02-08 08:43:44.140 I/am_wtf ( 1466): [0,1466,system_server,-1,DisplayDeviceConfig,requesting nits when no mapping exists.]
02-08 08:43:44.140 I/am_wtf ( 1466): [0,1466,system_server,-1,DisplayDeviceConfig,requesting nits when no mapping exists.]
02-08 08:43:44.157 I/am_wtf ( 1466): [0,1466,system_server,-1,DisplayDeviceConfig,requesting nits when no mapping exists.]
02-08 08:43:44.157 I/am_wtf ( 1466): [0,1466,system_server,-1,DisplayDeviceConfig,requesting nits when no mapping exists.]
02-08 08:43:44.174 I/am_wtf ( 1466): [0,1466,system_server,-1,DisplayDeviceConfig,requesting nits when no mapping exists.]
02-08 08:43:44.174 I/am_wtf ( 1466): [0,1466,system_server,-1,DisplayDeviceConfig,requesting nits when no mapping exists.]
02-08 08:43:44.190 I/am_wtf ( 1466): [0,1466,system_server,-1,DisplayDeviceConfig,requesting nits when no mapping exists.]
02-08 08:43:44.190 I/am_wtf ( 1466): [0,1466,system_server,-1,DisplayDeviceConfig,requesting nits when no mapping exists.]
02-08 08:43:44.207 I/am_wtf ( 1466): [0,1466,system_server,-1,DisplayDeviceConfig,requesting nits when no mapping exists.]
02-08 08:43:44.207 I/am_wtf ( 1466): [0,1466,system_server,-1,DisplayDeviceConfig,requesting nits when no mapping exists.]
02-08 08:43:44.224 I/am_wtf ( 1466): [0,1466,system_server,-1,DisplayDeviceConfig,requesting nits when no mapping exists.]
02-08 08:43:44.224 I/am_wtf ( 1466): [0,1466,system_server,-1,DisplayDeviceConfig,requesting nits when no mapping exists.]
02-08 08:43:44.241 I/am_wtf ( 1466): [0,1466,system_server,-1,DisplayDeviceConfig,requesting nits when no mapping exists.]
02-08 08:43:44.241 I/am_wtf ( 1466): [0,1466,system_server,-1,DisplayDeviceConfig,requesting nits when no mapping exists.]
02-08 08:43:44.257 I/am_wtf ( 1466): [0,1466,system_server,-1,DisplayDeviceConfig,requesting nits when no mapping exists.]
02-08 08:43:44.257 I/am_wtf ( 1466): [0,1466,system_server,-1,DisplayDeviceConfig,requesting nits when no mapping exists.]
02-08 08:43:44.274 I/am_wtf ( 1466): [0,1466,system_server,-1,DisplayDeviceConfig,requesting nits when no mapping exists.]
02-08 08:43:44.274 I/am_wtf ( 1466): [0,1466,system_server,-1,DisplayDeviceConfig,requesting nits when no mapping exists.]
02-08 08:43:44.291 I/am_wtf ( 1466): [0,1466,system_server,-1,DisplayDeviceConfig,requesting nits when no mapping exists.]
02-08 08:43:44.291 I/am_wtf ( 1466): [0,1466,system_server,-1,DisplayDeviceConfig,requesting nits when no mapping exists.]
02-08 08:43:44.308 I/am_wtf ( 1466): [0,1466,system_server,-1,DisplayDeviceConfig,requesting nits when no mapping exists.]
02-08 08:43:44.308 I/am_wtf ( 1466): [0,1466,system_server,-1,DisplayDeviceConfig,requesting nits when no mapping exists.]
02-08 08:43:44.324 I/am_wtf ( 1466): [0,1466,system_server,-1,DisplayDeviceConfig,requesting nits when no mapping exists.]
02-08 08:43:44.324 I/am_wtf ( 1466): [0,1466,system_server,-1,DisplayDeviceConfig,requesting nits when no mapping exists.]
02-08 08:43:44.341 I/am_wtf ( 1466): [0,1466,system_server,-1,DisplayDeviceConfig,requesting nits when no mapping exists.]
02-08 08:43:44.341 I/am_wtf ( 1466): [0,1466,system_server,-1,DisplayDeviceConfig,requesting nits when no mapping exists.]
02-08 08:43:44.357 I/am_wtf ( 1466): [0,1466,system_server,-1,DisplayDeviceConfig,requesting nits when no mapping exists.]
02-08 08:43:44.358 I/am_wtf ( 1466): [0,1466,system_server,-1,DisplayDeviceConfig,requesting nits when no mapping exists.]
02-08 08:43:44.374 I/am_wtf ( 1466): [0,1466,system_server,-1,DisplayDeviceConfig,requesting nits when no mapping exists.]
02-08 08:43:44.374 I/am_wtf ( 1466): [0,1466,system_server,-1,DisplayDeviceConfig,requesting nits when no mapping exists.]
02-08 08:43:44.391 I/am_wtf ( 1466): [0,1466,system_server,-1,DisplayDeviceConfig,requesting nits when no mapping exists.]
02-08 08:43:44.391 I/am_wtf ( 1466): [0,1466,system_server,-1,DisplayDeviceConfig,requesting nits when no mapping exists.]
02-08 08:43:44.407 I/am_wtf ( 1466): [0,1466,system_server,-1,DisplayDeviceConfig,requesting nits when no mapping exists.]
02-08 08:43:44.408 I/am_wtf ( 1466): [0,1466,system_server,-1,DisplayDeviceConfig,requesting nits when no mapping exists.]
02-08 08:43:44.424 I/am_wtf ( 1466): [0,1466,system_server,-1,DisplayDeviceConfig,requesting nits when no mapping exists.]
02-08 08:43:44.424 I/am_wtf ( 1466): [0,1466,system_server,-1,DisplayDeviceConfig,requesting nits when no mapping exists.]
02-08 08:43:44.441 I/am_wtf ( 1466): [0,1466,system_server,-1,DisplayDeviceConfig,requesting nits when no mapping exists.]
02-08 08:43:44.441 I/am_wtf ( 1466): [0,1466,system_server,-1,DisplayDeviceConfig,requesting nits when no mapping exists.]
02-08 08:43:44.458 I/am_wtf ( 1466): [0,1466,system_server,-1,DisplayDeviceConfig,requesting nits when no mapping exists.]
02-08 08:43:44.458 I/am_wtf ( 1466): [0,1466,system_server,-1,DisplayDeviceConfig,requesting nits when no mapping exists.]
02-08 08:43:44.474 I/am_wtf ( 1466): [0,1466,system_server,-1,DisplayDeviceConfig,requesting nits when no mapping exists.]
02-08 08:43:44.475 I/am_wtf ( 1466): [0,1466,system_server,-1,DisplayDeviceConfig,requesting nits when no mapping exists.]
02-08 08:43:44.491 I/am_wtf ( 1466): [0,1466,system_server,-1,DisplayDeviceConfig,requesting nits when no mapping exists.]
02-08 08:43:44.492 I/am_wtf ( 1466): [0,1466,system_server,-1,DisplayDeviceConfig,requesting nits when no mapping exists.]
02-08 08:43:44.508 I/wm_stop_activity( 1466): [0,101732248,com.android.settings/.Settings]
02-08 08:43:44.509 I/am_wtf ( 1466): [0,1466,system_server,-1,DisplayDeviceConfig,requesting nits when no mapping exists.]
02-08 08:43:44.509 I/am_wtf ( 1466): [0,1466,system_server,-1,DisplayDeviceConfig,requesting nits when no mapping exists.]
02-08 08:43:44.524 I/am_wtf ( 1466): [0,1466,system_server,-1,DisplayDeviceConfig,requesting nits when no mapping exists.]
02-08 08:43:44.524 I/am_wtf ( 1466): [0,1466,system_server,-1,DisplayDeviceConfig,requesting nits when no mapping exists.]
02-08 08:43:44.534 I/wm_on_stop_called( 7109): [101732248,com.android.settings.Settings,STOP_ACTIVITY_ITEM]
02-08 08:43:44.542 I/am_wtf ( 1466): [0,1466,system_server,-1,DisplayDeviceConfig,requesting nits when no mapping exists.]
02-08 08:43:44.543 I/am_wtf ( 1466): [0,1466,system_server,-1,DisplayDeviceConfig,requesting nits when no mapping exists.]
02-08 08:43:44.558 I/am_wtf ( 1466): [0,1466,system_server,-1,DisplayDeviceConfig,requesting nits when no mapping exists.]
02-08 08:43:44.558 I/am_wtf ( 1466): [0,1466,system_server,-1,DisplayDeviceConfig,requesting nits when no mapping exists.]
02-08 08:43:44.575 I/am_wtf ( 1466): [0,1466,system_server,-1,DisplayDeviceConfig,requesting nits when no mapping exists.]
02-08 08:43:44.575 I/am_wtf ( 1466): [0,1466,system_server,-1,DisplayDeviceConfig,requesting nits when no mapping exists.]
02-08 08:43:44.591 I/am_wtf ( 1466): [0,1466,system_server,-1,DisplayDeviceConfig,requesting nits when no mapping exists.]
02-08 08:43:44.592 I/am_wtf ( 1466): [0,1466,system_server,-1,DisplayDeviceConfig,requesting nits when no mapping exists.]
02-08 08:43:44.608 I/am_wtf ( 1466): [0,1466,system_server,-1,DisplayDeviceConfig,requesting nits when no mapping exists.]
02-08 08:43:44.608 I/am_wtf ( 1466): [0,1466,system_server,-1,DisplayDeviceConfig,requesting nits when no mapping exists.]
02-08 08:43:44.624 I/am_wtf ( 1466): [0,1466,system_server,-1,DisplayDeviceConfig,requesting nits when no mapping exists.]
02-08 08:43:44.625 I/am_wtf ( 1466): [0,1466,system_server,-1,DisplayDeviceConfig,requesting nits when no mapping exists.]
02-08 08:43:44.642 I/am_wtf ( 1466): [0,1466,system_server,-1,DisplayDeviceConfig,requesting nits when no mapping exists.]
02-08 08:43:44.642 I/am_wtf ( 1466): [0,1466,system_server,-1,DisplayDeviceConfig,requesting nits when no mapping exists.]
02-08 08:43:44.658 I/am_wtf ( 1466): [0,1466,system_server,-1,DisplayDeviceConfig,requesting nits when no mapping exists.]
02-08 08:43:44.658 I/am_wtf ( 1466): [0,1466,system_server,-1,DisplayDeviceConfig,requesting nits when no mapping exists.]
02-08 08:43:44.675 I/am_wtf ( 1466): [0,1466,system_server,-1,DisplayDeviceConfig,requesting nits when no mapping exists.]
02-08 08:43:44.675 I/am_wtf ( 1466): [0,1466,system_server,-1,DisplayDeviceConfig,requesting nits when no mapping exists.]
02-08 08:43:44.692 I/am_wtf ( 1466): [0,1466,system_server,-1,DisplayDeviceConfig,requesting nits when no mapping exists.]
02-08 08:43:44.692 I/am_wtf ( 1466): [0,1466,system_server,-1,DisplayDeviceConfig,requesting nits when no mapping exists.]
02-08 08:43:44.708 I/am_wtf ( 1466): [0,1466,system_server,-1,DisplayDeviceConfig,requesting nits when no mapping exists.]
02-08 08:43:44.708 I/am_wtf ( 1466): [0,1466,system_server,-1,DisplayDeviceConfig,requesting nits when no mapping exists.]
02-08 08:43:44.725 I/am_wtf ( 1466): [0,1466,system_server,-1,DisplayDeviceConfig,requesting nits when no mapping exists.]
02-08 08:43:44.725 I/am_wtf ( 1466): [0,1466,system_server,-1,DisplayDeviceConfig,requesting nits when no mapping exists.]
02-08 08:43:44.742 I/am_wtf ( 1466): [0,1466,system_server,-1,DisplayDeviceConfig,requesting nits when no mapping exists.]
02-08 08:43:44.743 I/am_wtf ( 1466): [0,1466,system_server,-1,DisplayDeviceConfig,requesting nits when no mapping exists.]
02-08 08:43:44.758 I/am_wtf ( 1466): [0,1466,system_server,-1,DisplayDeviceConfig,requesting nits when no mapping exists.]
02-08 08:43:44.758 I/am_wtf ( 1466): [0,1466,system_server,-1,DisplayDeviceConfig,requesting nits when no mapping exists.]
02-08 08:43:44.775 I/am_wtf ( 1466): [0,1466,system_server,-1,DisplayDeviceConfig,requesting nits when no mapping exists.]
02-08 08:43:44.776 I/am_wtf ( 1466): [0,1466,system_server,-1,DisplayDeviceConfig,requesting nits when no mapping exists.]
02-08 08:43:44.792 I/am_wtf ( 1466): [0,1466,system_server,-1,DisplayDeviceConfig,requesting nits when no mapping exists.]
02-08 08:43:44.792 I/am_wtf ( 1466): [0,1466,system_server,-1,DisplayDeviceConfig,requesting nits when no mapping exists.]
02-08 08:43:44.808 I/am_wtf ( 1466): [0,1466,system_server,-1,DisplayDeviceConfig,requesting nits when no mapping exists.]
02-08 08:43:44.808 I/am_wtf ( 1466): [0,1466,system_server,-1,DisplayDeviceConfig,requesting nits when no mapping exists.]
02-08 08:43:44.825 I/am_wtf ( 1466): [0,1466,system_server,-1,DisplayDeviceConfig,requesting nits when no mapping exists.]
02-08 08:43:44.825 I/am_wtf ( 1466): [0,1466,system_server,-1,DisplayDeviceConfig,requesting nits when no mapping exists.]
02-08 08:43:44.842 I/am_wtf ( 1466): [0,1466,system_server,-1,DisplayDeviceConfig,requesting nits when no mapping exists.]
02-08 08:43:44.842 I/am_wtf ( 1466): [0,1466,system_server,-1,DisplayDeviceConfig,requesting nits when no mapping exists.]
02-08 08:43:44.858 I/am_wtf ( 1466): [0,1466,system_server,-1,DisplayDeviceConfig,requesting nits when no mapping exists.]
02-08 08:43:44.859 I/am_wtf ( 1466): [0,1466,system_server,-1,DisplayDeviceConfig,requesting nits when no mapping exists.]
02-08 08:43:44.875 I/am_wtf ( 1466): [0,1466,system_server,-1,DisplayDeviceConfig,requesting nits when no mapping exists.]
02-08 08:43:44.875 I/am_wtf ( 1466): [0,1466,system_server,-1,DisplayDeviceConfig,requesting nits when no mapping exists.]
02-08 08:43:44.892 I/am_wtf ( 1466): [0,1466,system_server,-1,DisplayDeviceConfig,requesting nits when no mapping exists.]
02-08 08:43:44.892 I/am_wtf ( 1466): [0,1466,system_server,-1,DisplayDeviceConfig,requesting nits when no mapping exists.]
02-08 08:43:44.908 I/am_wtf ( 1466): [0,1466,system_server,-1,DisplayDeviceConfig,requesting nits when no mapping exists.]
02-08 08:43:44.909 I/am_wtf ( 1466): [0,1466,system_server,-1,DisplayDeviceConfig,requesting nits when no mapping exists.]
02-08 08:43:44.925 I/am_wtf ( 1466): [0,1466,system_server,-1,DisplayDeviceConfig,requesting nits when no mapping exists.]
02-08 08:43:44.925 I/am_wtf ( 1466): [0,1466,system_server,-1,DisplayDeviceConfig,requesting nits when no mapping exists.]
02-08 08:43:44.942 I/am_wtf ( 1466): [0,1466,system_server,-1,DisplayDeviceConfig,requesting nits when no mapping exists.]
02-08 08:43:44.942 I/am_wtf ( 1466): [0,1466,system_server,-1,DisplayDeviceConfig,requesting nits when no mapping exists.]
02-08 08:43:44.959 I/am_wtf ( 1466): [0,1466,system_server,-1,DisplayDeviceConfig,requesting nits when no mapping exists.]
02-08 08:43:44.959 I/am_wtf ( 1466): [0,1466,system_server,-1,DisplayDeviceConfig,requesting nits when no mapping exists.]
02-08 08:43:51.218 I/input_interaction( 1466): Interaction with: 63c038f com.thundercomm.screensaver/android.service.dreams.DreamActivity (server), edge-swipe (server), swipe-up (server), PointerEventDispatcher0 (server),
02-08 08:43:51.221 I/wm_finish_activity( 1466): [0,70264627,36,com.thundercomm.screensaver/android.service.dreams.DreamActivity,finish-activity]
02-08 08:43:51.221 I/wm_task_moved( 1466): [18,1,6]
02-08 08:43:51.221 I/wm_task_to_front( 1466): [0,18]
02-08 08:43:51.222 I/wm_focused_root_task( 1466): [0,0,18,36,finish-top adjustFocusToNextFocusableTask]
02-08 08:43:51.224 I/wm_pause_activity( 1466): [0,70264627,com.thundercomm.screensaver/android.service.dreams.DreamActivity,userLeaving=false,finish]
02-08 08:43:51.225 I/service_manager_stats( 1466): [114,23,7201]
02-08 08:43:51.230 I/sysui_multi_action( 1466): [757,803,799,window_time_0,802,8]
02-08 08:43:51.232 I/wm_on_top_resumed_lost_called( 6616): [70264627,android.service.dreams.DreamActivity,topStateChangedWhenResumed]
02-08 08:43:51.233 I/wm_on_paused_called( 6616): [70264627,android.service.dreams.DreamActivity,performPause]
02-08 08:43:51.233 I/wm_add_to_stopping( 1466): [0,70264627,com.thundercomm.screensaver/android.service.dreams.DreamActivity,completeFinishing]
02-08 08:43:51.236 I/wm_set_resumed_activity( 1466): [0,com.android.settings/.Settings,resumeTopActivityInnerLocked]
02-08 08:43:51.237 I/wm_resume_activity( 1466): [0,101732248,18,com.android.settings/.Settings]
02-08 08:43:51.240 I/wm_on_restart_called( 7109): [101732248,com.android.settings.Settings,performRestartActivity]
02-08 08:43:51.242 I/sysui_multi_action( 1466): [757,803,799,window_time_0,802,0]
02-08 08:43:51.248 I/view_enqueue_input_event( 6616): [Motion - Cancel,com.thundercomm.screensaver/android.service.dreams.DreamActivity]
02-08 08:43:51.249 I/wm_on_start_called( 7109): [101732248,com.android.settings.Settings,handleStartActivity]
02-08 08:43:51.249 I/snet_event_log( 7109): [120484087,-1,]
02-08 08:43:51.250 I/wm_on_resume_called( 7109): [101732248,com.android.settings.Settings,RESUME_ACTIVITY]
02-08 08:43:51.250 I/sysui_multi_action( 7109): [757,35,758,1,833,0,1089,0]
02-08 08:43:51.251 I/sysui_multi_action( 7109): [757,1390,758,1,833,0,1089,0]
02-08 08:43:51.252 I/input_focus( 1466): [Focus leaving 63c038f com.thundercomm.screensaver/android.service.dreams.DreamActivity (server),reason=NO_WINDOW]
02-08 08:43:51.253 I/wm_on_top_resumed_gained_called( 7109): [101732248,com.android.settings.Settings,topWhenResuming]
02-08 08:43:51.259 I/input_focus( 1466): [Focus request a3caed1 com.android.settings/com.android.settings.Settings,reason=UpdateInputWindows]
02-08 08:43:51.276 I/input_focus( 1466): [Focus entering a3caed1 com.android.settings/com.android.settings.Settings (server),reason=setFocusedWindow]
02-08 08:43:51.778 I/wm_destroy_activity( 1466): [0,70264627,36,com.thundercomm.screensaver/android.service.dreams.DreamActivity,finish-imm:idle]
02-08 08:43:51.781 I/wm_on_stop_called( 6616): [70264627,android.service.dreams.DreamActivity,LIFECYCLER_STOP_ACTIVITY]
02-08 08:43:51.783 I/wm_on_destroy_called( 6616): [70264627,android.service.dreams.DreamActivity,performDestroy]
02-08 08:43:51.787 I/sysui_multi_action( 1466): [757,222,758,2]
02-08 08:43:51.787 I/sysui_multi_action( 1466): [757,804,799,dreaming_minutes,801,0,802,1]
02-08 08:43:51.804 I/wm_task_removed( 1466): [36,removeChild:removeChild last r=ActivityRecord{4302733 u0 com.thundercomm.screensaver/android.service.dreams.DreamActivity t-1 f}} in t=Task{aec6e4c #36 type=dream A=10049:android:com.thundercomm.screensaver/dream U=0 visible=false mode=fullscreen translucent=true sz=0}]
02-08 08:43:51.804 I/wm_task_removed( 1466): [36,removeChild]
02-08 08:44:38.943 I/input_interaction( 1466): Interaction with: a3caed1 com.android.settings/com.android.settings.Settings (server), edge-swipe (server), swipe-up (server), PointerEventDispatcher0 (server),
02-08 08:44:39.063 I/sysui_multi_action( 7109): [757,161,758,4]
02-08 08:44:39.065 I/sysui_multi_action( 7109): [757,830,758,4,833,0,854,bluetooth_screen_bt_pair_rename_devices,1089,0]
02-08 08:44:39.114 I/sysui_multi_action( 7109): [757,538,758,1,833,0,1089,37]
02-08 08:44:39.126 I/input_focus( 1466): [Focus request 92c03de com.android.settings/com.android.settings.Settings,reason=UpdateInputWindows]
02-08 08:44:39.143 I/input_focus( 1466): [Focus leaving a3caed1 com.android.settings/com.android.settings.Settings (server),reason=setFocusedWindow]
02-08 08:44:39.143 I/input_focus( 1466): [Focus entering 92c03de com.android.settings/com.android.settings.Settings (server),reason=setFocusedWindow]
02-08 08:44:51.790 I/am_uid_idle( 1466): 10049
02-08 08:44:57.825 I/am_uid_idle( 1466): 10068
02-08 08:44:59.512 I/input_interaction( 1466): Interaction with: ae08a8 PopupWindow:5544e42 (server), edge-swipe (server), swipe-up (server), PointerEventDispatcher0 (server),
02-08 08:45:00.866 I/input_interaction( 1466): Interaction with: 92c03de com.android.settings/com.android.settings.Settings (server), edge-swipe (server), swipe-up (server), PointerEventDispatcher0 (server),
02-08 08:45:01.010 I/sysui_multi_action( 7109): [757,538,758,2,1089,21896]
02-08 08:45:01.012 I/input_focus( 1466): [Focus request a3caed1 com.android.settings/com.android.settings.Settings,reason=UpdateInputWindows]
02-08 08:45:01.027 I/input_focus( 1466): [Focus entering a3caed1 com.android.settings/com.android.settings.Settings (server),reason=setFocusedWindow]
02-08 08:45:13.141 I/input_interaction( 1466): Interaction with: a3caed1 com.android.settings/com.android.settings.Settings (server), edge-swipe (server), swipe-up (server), PointerEventDispatcher0 (server),
02-08 08:45:13.211 I/sysui_multi_action( 7109): [757,1390,758,2,1089,81959]
02-08 08:45:13.237 I/sysui_multi_action( 7109): [757,1264,758,1,833,0,1089,0]
02-08 08:45:13.803 I/sysui_multi_action( 7109): [757,1264,758,2,1089,566]
02-08 08:45:13.896 I/sysui_multi_action( 7109): [757,747,758,1,833,0,1089,0]
02-08 08:45:15.158 I/wm_task_moved( 1466): [1,0,0]
02-08 08:45:15.158 I/wm_task_moved( 1466): [1,0,5]
02-08 08:45:15.169 I/view_enqueue_input_event( 7109): [Motion - Cancel,com.android.settings/com.android.settings.Settings]
02-08 08:45:15.173 I/wm_on_restart_called( 2862): [163962840,com.android.launcher3.uioverrides.QuickstepLauncher,performRestartActivity]
02-08 08:45:15.176 I/am_uid_active( 1466): 10068
02-08 08:45:15.177 I/input_focus( 1466): [Focus request recents_animation_input_consumer,reason=UpdateInputWindows]
02-08 08:45:15.182 I/input_interaction( 1466): Interaction with: edge-swipe (server), swipe-up (server), PointerEventDispatcher0 (server),
02-08 08:45:15.201 I/wm_on_start_called( 2862): [163962840,com.android.launcher3.uioverrides.QuickstepLauncher,handleStartActivity]
02-08 08:45:15.209 I/input_focus( 1466): [Focus leaving a3caed1 com.android.settings/com.android.settings.Settings (server),reason=NOT_FOCUSABLE]
02-08 08:45:15.209 I/input_focus( 1466): [Focus entering recents_animation_input_consumer (server),reason=setFocusedWindow]
02-08 08:45:15.214 I/sysui_latency( 2862): [1,71]
02-08 08:45:15.236 I/sysui_multi_action( 1466): [319,10,322,63,325,11327,757,761,758,9,759,5,806,com.android.launcher3,871,com.android.launcher3.uioverrides.QuickstepLauncher,905,0,1320,8,1321,5]
02-08 08:45:15.403 I/commit_sys_config_file( 1466): [settings-1-0,4]
02-08 08:45:15.523 I/sysui_latency( 1466): [8,73]
02-08 08:45:15.966 I/wm_task_moved( 1466): [1,1,6]
02-08 08:45:15.966 I/wm_task_moved( 1466): [10,1,2147483647]
02-08 08:45:15.966 I/wm_task_to_front( 1466): [0,10]
02-08 08:45:15.967 I/wm_focused_root_task( 1466): [0,0,1,18,RecentsAnimation.onAnimationFinished()]
02-08 08:45:15.967 I/wm_on_top_resumed_lost_called( 7109): [101732248,com.android.settings.Settings,topStateChangedWhenResumed]
02-08 08:45:15.967 I/wm_set_resumed_activity( 1466): [0,com.android.launcher3/.uioverrides.QuickstepLauncher,RecentsAnimation.onAnimationFinished()]
02-08 08:45:15.968 I/wm_pause_activity( 1466): [0,101732248,com.android.settings/.Settings,userLeaving=true,pauseBackTasks]
02-08 08:45:15.969 I/wm_add_to_stopping( 1466): [0,101732248,com.android.settings/.Settings,makeInvisible]
02-08 08:45:15.970 I/wm_set_resumed_activity( 1466): [0,com.android.launcher3/.uioverrides.QuickstepLauncher,resumeTopActivityInnerLocked]
02-08 08:45:15.971 I/wm_resume_activity( 1466): [0,163962840,10,com.android.launcher3/.uioverrides.QuickstepLauncher]
02-08 08:45:15.971 I/wm_on_resume_called( 2862): [163962840,com.android.launcher3.uioverrides.QuickstepLauncher,RESUME_ACTIVITY]
02-08 08:45:15.976 I/input_focus( 1466): [Focus request 75d5c14 com.android.launcher3/com.android.launcher3.uioverrides.QuickstepLauncher,reason=UpdateInputWindows]
02-08 08:45:15.978 I/sysui_multi_action( 7109): [757,35,758,2,1089,84728]
02-08 08:45:15.979 I/sysui_multi_action( 7109): [757,747,758,2,1089,2083]
02-08 08:45:15.979 I/wm_on_paused_called( 7109): [101732248,com.android.settings.Settings,performPause]
02-08 08:45:15.980 I/wm_on_top_resumed_gained_called( 2862): [163962840,com.android.launcher3.uioverrides.QuickstepLauncher,topStateChangedWhenResumed]
02-08 08:45:15.981 I/wm_stop_activity( 1466): [0,101732248,com.android.settings/.Settings]
02-08 08:45:15.982 I/input_focus( 1466): [Focus leaving recents_animation_input_consumer (server),reason=NOT_VISIBLE]
02-08 08:45:15.984 I/sysui_multi_action( 1466): [757,803,799,window_time_0,802,84]
02-08 08:45:15.989 I/am_uid_running( 1466): 10083
02-08 08:45:15.992 I/sysui_multi_action( 1466): [757,803,799,window_time_0,802,0]
02-08 08:45:15.997 I/input_focus( 1466): [Focus entering 75d5c14 com.android.launcher3/com.android.launcher3.uioverrides.QuickstepLauncher (server),reason=setFocusedWindow]
02-08 08:45:16.001 I/am_proc_start( 1466): [0,21763,10083,com.android.music,NULL,]
02-08 08:45:16.012 I/wm_on_stop_called( 7109): [101732248,com.android.settings.Settings,STOP_ACTIVITY_ITEM]
02-08 08:45:16.016 I/am_proc_bound( 1466): [0,21763,com.android.music]
02-08 08:45:18.204 I/input_interaction( 1466): Interaction with: 75d5c14 com.android.launcher3/com.android.launcher3.uioverrides.QuickstepLauncher (server), 8682221 com.android.systemui.ImageWallpaper (server), edge-swipe (server), swipe-up (server), PointerEventDispatcher0 (server),
02-08 08:45:18.353 I/wm_task_moved( 1466): [18,1,6]
02-08 08:45:18.353 I/wm_task_to_front( 1466): [0,18]
02-08 08:45:18.354 I/wm_focused_root_task( 1466): [0,0,18,1,bringingFoundTaskToFront]
02-08 08:45:18.354 I/wm_set_resumed_activity( 1466): [0,com.android.settings/.Settings,bringingFoundTaskToFront]
02-08 08:45:18.355 I/wm_new_intent( 1466): [0,101732248,18,com.android.settings/.Settings,android.intent.action.MAIN,NULL,NULL,270532608]
02-08 08:45:18.357 I/wm_pause_activity( 1466): [0,163962840,com.android.launcher3/.uioverrides.QuickstepLauncher,userLeaving=true,pauseBackTasks]
02-08 08:45:18.364 I/wm_on_top_resumed_lost_called( 2862): [163962840,com.android.launcher3.uioverrides.QuickstepLauncher,topStateChangedWhenResumed]
02-08 08:45:18.369 I/wm_on_paused_called( 2862): [163962840,com.android.launcher3.uioverrides.QuickstepLauncher,performPause]
02-08 08:45:18.372 I/wm_set_resumed_activity( 1466): [0,com.android.settings/.Settings,resumeTopActivityInnerLocked]
02-08 08:45:18.372 I/wm_add_to_stopping( 1466): [0,163962840,com.android.launcher3/.uioverrides.QuickstepLauncher,makeInvisible]
02-08 08:45:18.376 I/wm_resume_activity( 1466): [0,101732248,18,com.android.settings/.Settings]
02-08 08:45:18.383 I/sysui_multi_action( 1466): [757,803,799,window_time_0,802,3]
02-08 08:45:18.386 I/input_focus( 1466): [Focus leaving 75d5c14 com.android.launcher3/com.android.launcher3.uioverrides.QuickstepLauncher (server),reason=NO_WINDOW]
02-08 08:45:18.393 I/wm_on_restart_called( 7109): [101732248,com.android.settings.Settings,performRestartActivity]
02-08 08:45:18.433 I/wm_on_start_called( 7109): [101732248,com.android.settings.Settings,handleStartActivity]
02-08 08:45:18.434 I/snet_event_log( 7109): [120484087,-1,]
02-08 08:45:18.434 I/wm_on_resume_called( 7109): [101732248,com.android.settings.Settings,RESUME_ACTIVITY]
02-08 08:45:18.434 I/sysui_multi_action( 7109): [757,35,758,1,833,0,1089,0]
02-08 08:45:18.435 I/sysui_multi_action( 7109): [757,747,758,1,833,0,1089,0]
02-08 08:45:18.437 I/wm_on_top_resumed_gained_called( 7109): [101732248,com.android.settings.Settings,topWhenResuming]
02-08 08:45:18.448 I/input_focus( 1466): [Focus request a3caed1 com.android.settings/com.android.settings.Settings,reason=UpdateInputWindows]
02-08 08:45:18.463 I/sysui_multi_action( 1466): [319,30,321,29,322,106,325,11330,757,761,758,9,759,4,806,com.android.settings,871,com.android.settings.Settings,904,com.android.launcher3,905,0,1320,21,1321,5]
02-08 08:45:18.468 I/input_focus( 1466): [Focus entering a3caed1 com.android.settings/com.android.settings.Settings (server),reason=setFocusedWindow]
02-08 08:45:18.923 I/wm_stop_activity( 1466): [0,163962840,com.android.launcher3/.uioverrides.QuickstepLauncher]
02-08 08:45:18.947 I/wm_on_stop_called( 2862): [163962840,com.android.launcher3.uioverrides.QuickstepLauncher,STOP_ACTIVITY_ITEM]
02-08 08:45:19.017 I/input_interaction( 1466): Interaction with: a3caed1 com.android.settings/com.android.settings.Settings (server), edge-swipe (server), swipe-up (server), PointerEventDispatcher0 (server),
02-08 08:45:19.898 I/sysui_multi_action( 7109): [757,830,758,4,833,0,854,top_level_about_device,1089,0]
02-08 08:45:20.002 I/sysui_multi_action( 7109): [757,747,758,2,1089,1566]
02-08 08:45:20.062 I/sysui_multi_action( 7109): [757,40,758,1,833,0,1089,46]
02-08 08:45:20.063 W/FeatureConnector( 7109): [ImsConnector, 0] connect: not supported.
02-08 08:45:20.065 I/sysui_multi_action( 7109): [757,1729,758,4,854,isParalleledControllers:false,1089,49]
02-08 08:45:21.234 I/sysui_multi_action( 7109): [757,848,758,4]
02-08 08:45:21.235 I/sysui_multi_action( 7109): [757,830,758,4,833,0,854,build_number,1089,0]
02-08 08:45:21.439 I/sysui_multi_action( 7109): [757,848,758,4]
02-08 08:45:21.439 I/sysui_multi_action( 7109): [757,830,758,4,833,0,854,build_number,1089,0]
02-08 08:45:21.628 I/sysui_multi_action( 7109): [757,848,758,4]
02-08 08:45:21.629 I/sysui_multi_action( 7109): [757,830,758,4,833,0,854,build_number,1089,0]
02-08 08:45:21.795 I/sysui_multi_action( 7109): [757,848,758,4]
02-08 08:45:21.796 I/sysui_multi_action( 7109): [757,830,758,4,833,0,854,build_number,1089,0]
02-08 08:45:23.230 I/sysui_multi_action( 7109): [757,848,758,4]
02-08 08:45:23.231 I/sysui_multi_action( 7109): [757,830,758,4,833,0,854,build_number,1089,0]
02-08 08:45:23.824 I/sysui_multi_action( 7109): [757,848,758,4]
02-08 08:45:23.825 I/sysui_multi_action( 7109): [757,830,758,4,833,0,854,build_number,1089,0]
02-08 08:45:24.251 I/am_uid_stopped( 1466): 2000
02-08 08:45:24.254 I/am_kill ( 1466): [0,4221,com.android.shell,945,change com.android.shell]
02-08 08:45:24.281 I/sysui_multi_action( 7109): [757,848,758,4]
02-08 08:45:24.281 I/sysui_multi_action( 7109): [757,848,758,4]
02-08 08:45:24.281 I/sysui_multi_action( 7109): [757,830,758,4,833,0,854,build_number,1089,0]
02-08 08:45:24.288 I/am_uid_running( 1466): 10093
02-08 08:45:24.305 I/am_proc_start( 1466): [0,21809,10093,com.android.permissioncontroller,service,{com.android.permissioncontroller/com.android.permissioncontroller.role.service.RoleControllerServiceImpl}]
02-08 08:45:24.323 I/am_proc_bound( 1466): [0,21809,com.android.permissioncontroller]
02-08 08:45:24.326 I/am_uid_active( 1466): 10093
02-08 08:45:24.446 I/commit_sys_config_file( 1466): [settings-0-0,4]
02-08 08:45:25.707 I/sysui_multi_action( 7109): [757,830,758,4,833,0,854,top_level_system,1089,0]
02-08 08:45:25.813 I/sysui_multi_action( 7109): [757,40,758,2,1089,5750]
02-08 08:45:25.860 I/sysui_multi_action( 7109): [757,744,758,1,833,0,1089,35]
02-08 08:45:25.865 I/sysui_multi_action( 7109): [757,1729,758,4,854,isParalleledControllers:false,1089,40]
02-08 08:45:26.678 I/sysui_multi_action( 7109): [757,830,758,4,833,0,854,dashboard_tile_pref_com.android.settings.Settings$DevelopmentSettingsDashboardActivity,1089,0]
02-08 08:45:26.687 I/sysui_multi_action( 7109): [757,744,758,2,1089,827]
02-08 08:45:26.704 I/service_manager_stats( 7109): [100,51,11338681]
02-08 08:45:26.799 I/auditd ( 7109): type=1400 audit(0.0:1719): avc: denied { read } for comm="ndroid.settings" name="pagetypeinfo" dev="proc" ino=4026531857 scontext=u:r:system_app:s0 tcontext=u:object_r:proc_pagetypeinfo:s0 tclass=file permissive=0
02-08 08:45:26.799 I/auditd ( 7109): type=1400 audit(0.0:1720): avc: denied { search } for comm="ndroid.settings" name="zram0" dev="sysfs" ino=56847 scontext=u:r:system_app:s0 tcontext=u:object_r:sysfs_zram:s0 tclass=dir permissive=0
02-08 08:45:26.799 I/auditd ( 7109): type=1400 audit(0.0:1721): avc: denied { search } for comm="ndroid.settings" name="zram0" dev="sysfs" ino=56847 scontext=u:r:system_app:s0 tcontext=u:object_r:sysfs_zram:s0 tclass=dir permissive=0
02-08 08:45:26.853 I/sysui_multi_action( 7109): [757,39,758,1,833,0,1089,164]
02-08 08:45:26.854 D/TelephonyRegistry( 1466): listen oscl: mHasNotifySubscriptionInfoChangedOccurred==false no callback
02-08 08:45:26.861 D/TelephonyRegistry( 1466): listen oscl: mHasNotifySubscriptionInfoChangedOccurred==false no callback
02-08 08:45:26.902 I/sysui_multi_action( 7109): [757,1729,758,4,854,isParalleledControllers:false,1089,213]
02-08 08:45:26.899 I/auditd ( 7109): type=1400 audit(0.0:1722): avc: denied { read } for comm="pool-2-thread-6" name="pagetypeinfo" dev="proc" ino=4026531857 scontext=u:r:system_app:s0 tcontext=u:object_r:proc_pagetypeinfo:s0 tclass=file permissive=0
02-08 08:45:26.899 I/auditd ( 7109): type=1400 audit(0.0:1723): avc: denied { search } for comm="pool-2-thread-6" name="zram0" dev="sysfs" ino=56847 scontext=u:r:system_app:s0 tcontext=u:object_r:sysfs_zram:s0 tclass=dir permissive=0
02-08 08:45:27.041 I/commit_sys_config_file( 1466): [settings-0-0,5]
02-08 08:45:28.346 I/sysui_multi_action( 1466): [757,1717,758,1,759,0]
02-08 08:45:28.347 I/sysui_multi_action( 1466): [757,1717,758,2,759,0]
02-08 08:45:28.347 I/sysui_multi_action( 1466): [757,1717,758,3,759,0]
02-08 08:45:29.250 I/sysui_multi_action( 7109): [757,830,758,4,833,0,854,enable_adb,1089,0]
02-08 08:45:29.311 I/sysui_multi_action( 7109): [757,1222,758,1,833,0,1089,32]
02-08 08:45:29.329 I/input_focus( 1466): [Focus request d003f47 com.android.settings/com.android.settings.Settings,reason=UpdateInputWindows]
02-08 08:45:29.363 I/input_focus( 1466): [Focus leaving a3caed1 com.android.settings/com.android.settings.Settings (server),reason=setFocusedWindow]
02-08 08:45:29.363 I/input_focus( 1466): [Focus entering d003f47 com.android.settings/com.android.settings.Settings (server),reason=setFocusedWindow]
02-08 08:45:30.244 I/input_interaction( 1466): Interaction with: d003f47 com.android.settings/com.android.settings.Settings (server), edge-swipe (server), swipe-up (server), PointerEventDispatcher0 (server),
02-08 08:45:30.396 I/input_focus( 1466): [Focus request a3caed1 com.android.settings/com.android.settings.Settings,reason=UpdateInputWindows]
02-08 08:45:30.413 I/input_focus( 1466): [Focus entering a3caed1 com.android.settings/com.android.settings.Settings (server),reason=setFocusedWindow]
02-08 08:45:30.422 I/sysui_multi_action( 7109): [757,1222,758,2,1089,1111]
02-08 08:45:30.554 I/notification_enqueue( 1466): [1000,1466,android,26,NULL,-1,Notification(channel=DEVELOPER_IMPORTANT shortcut=null contentView=null vibrate=null sound=null tick defaults=0x0 flags=0x2 color=0x00000000 vis=PUBLIC),0]
02-08 08:45:30.588 I/commit_sys_config_file( 1466): [settings-0-0,6]
02-08 08:45:30.756 I/sysui_multi_action( 1466): [757,1501,758,1,793,202,794,0,795,202,796,26,806,android,857,DEVELOPER_IMPORTANT,858,4,947,0,1500,0]
02-08 08:45:30.756 I/sysui_multi_action( 1466): [757,804,799,note_interruptive,801,0,802,1]
02-08 08:45:30.758 I/sysui_multi_action( 1466): [757,1501,758,1,793,205,794,0,795,205,796,26,806,android,857,DEVELOPER_IMPORTANT,858,4,947,0,1500,0,1688,1]
02-08 08:45:30.758 I/sysui_multi_action( 1466): [757,804,799,note_interruptive,801,0,802,1]
02-08 08:45:30.758 I/sysui_multi_action( 1466): [757,199,758,1,759,2,793,205,794,0,795,205,796,26,806,android,857,DEVELOPER_IMPORTANT,858,4,947,0,1500,0,1688,1]
02-08 08:45:30.759 I/notification_alert( 1466): [-1|android|26|null|1000,0,1,0]
02-08 08:45:30.843 I/am_uid_running( 1466): 10020
02-08 08:45:30.858 I/sysui_multi_action( 2370): [757,803,799,note_peek,802,1]
02-08 08:45:30.862 I/sysui_multi_action( 1466): [757,127,758,1]
02-08 08:45:30.862 I/sysui_multi_action( 1466): [757,804,799,note_load,801,1,802,1]
02-08 08:45:30.862 I/notification_panel_revealed( 1466): 1
02-08 08:45:30.862 I/am_proc_start( 1466): [0,21876,10020,android.process.media,broadcast,{com.android.mtp/com.android.mtp.MtpReceiver}]
02-08 08:45:30.864 I/sysui_heads_up_status( 2370): [-1|android|26|null|1000,1]
02-08 08:45:30.868 I/sysui_multi_action( 1466): [757,128,758,1,793,11315187,794,0,795,11315187,796,17303299,797,com.android.wifi,798,1,806,android,857,NETWORK_AVAILABLE,858,2,947,0,1395,3,1500,11314987,1688,1]
02-08 08:45:30.869 I/sysui_multi_action( 1466): [757,804,799,note_freshness,801,11315187,802,1]
02-08 08:45:30.869 I/notification_visibility( 1466): [0|android|17303299|com.android.wifi|1000,1,11315187,11315187,0,1]
02-08 08:45:30.869 I/sysui_multi_action( 1466): [757,128,758,1,793,11315811,794,0,795,11315811,796,32,798,2,806,android,857,USB,858,1,947,0,1395,3,1500,11315755,1688,1]
02-08 08:45:30.869 I/sysui_multi_action( 1466): [757,804,799,note_freshness,801,11315811,802,1]
02-08 08:45:30.869 I/notification_visibility( 1466): [-1|android|32|null|1000,1,11315811,11315811,0,2]
02-08 08:45:30.880 I/am_proc_bound( 1466): [0,21876,android.process.media]
02-08 08:45:31.369 I/sysui_multi_action( 1466): [757,128,758,1,793,816,794,0,795,816,796,26,798,0,806,android,857,DEVELOPER_IMPORTANT,858,4,947,0,1395,3,1500,611,1688,1]
02-08 08:45:31.369 I/sysui_multi_action( 1466): [757,804,799,note_freshness,801,816,802,1]
02-08 08:45:31.369 I/notification_visibility( 1466): [-1|android|26|null|1000,1,816,816,0,0]
02-08 08:45:31.370 I/sysui_multi_action( 1466): [757,128,758,2,793,11315688,794,501,795,11315688,796,17303299,797,com.android.wifi,798,1,806,android,857,NETWORK_AVAILABLE,858,2,947,0,1395,3,1500,11315488,1688,1]
02-08 08:45:31.370 I/notification_visibility( 1466): [0|android|17303299|com.android.wifi|1000,0,11315688,11315688,0,1]
02-08 08:45:31.370 I/sysui_multi_action( 1466): [757,128,758,2,793,11316312,794,501,795,11316312,796,32,798,2,806,android,857,USB,858,1,947,0,1395,3,1500,11316256,1688,1]
02-08 08:45:31.370 I/notification_visibility( 1466): [-1|android|32|null|1000,0,11316312,11316312,0,2]
02-08 08:45:31.527 I/commit_sys_config_file( 1466): [settings-2-0,5]
02-08 08:45:32.207 I/input_interaction( 1466): Interaction with: a3caed1 com.android.settings/com.android.settings.Settings (server), edge-swipe (server), swipe-up (server), PointerEventDispatcher0 (server),
02-08 08:45:32.275 I/view_enqueue_input_event( 7109): [Motion - Cancel,com.android.settings/com.android.settings.Settings]
02-08 08:45:32.287 I/input_interaction( 1466): Interaction with: edge-swipe (server), swipe-up (server), PointerEventDispatcher0 (server),
02-08 08:45:32.551 I/sysui_multi_action( 1466): [757,803,799,key_back_press,802,1]
02-08 08:45:32.555 I/input_interaction( 1466): Interaction with: a3caed1 com.android.settings/com.android.settings.Settings (server), PointerEventDispatcher0 (server),
02-08 08:45:32.559 I/sysui_multi_action( 7109): [757,39,758,2,1089,5705]
02-08 08:45:32.573 I/sysui_multi_action( 7109): [757,744,758,1,833,0,1089,0]
02-08 08:45:33.560 I/input_interaction( 1466): Interaction with: a3caed1 com.android.settings/com.android.settings.Settings (server), edge-swipe (server), swipe-up (server), PointerEventDispatcher0 (server),
02-08 08:45:34.266 I/commit_sys_config_file( 1466): [package-user-0,7]
02-08 08:45:34.285 I/view_enqueue_input_event( 7109): [Motion - Cancel,com.android.settings/com.android.settings.Settings]
02-08 08:45:34.299 I/input_interaction( 1466): Interaction with: edge-swipe (server), swipe-up (server), PointerEventDispatcher0 (server),
02-08 08:45:34.371 I/sysui_multi_action( 1466): [757,803,799,key_back_press,802,1]
02-08 08:45:34.377 I/input_interaction( 1466): Interaction with: a3caed1 com.android.settings/com.android.settings.Settings (server), PointerEventDispatcher0 (server),
02-08 08:45:34.379 I/wm_task_moved( 1466): [18,0,0]
02-08 08:45:34.383 I/wm_focused_root_task( 1466): [0,0,1,18,moveTaskToBackLocked]
02-08 08:45:34.383 I/wm_add_to_stopping( 1466): [0,101732248,com.android.settings/.Settings,makeInvisible]
02-08 08:45:34.385 I/wm_pause_activity( 1466): [0,101732248,com.android.settings/.Settings,userLeaving=false,pauseBackTasks]
02-08 08:45:34.386 I/wm_set_resumed_activity( 1466): [0,com.android.launcher3/.uioverrides.QuickstepLauncher,resumeTopActivityInnerLocked]
02-08 08:45:34.391 I/wm_resume_activity( 1466): [0,163962840,10,com.android.launcher3/.uioverrides.QuickstepLauncher]
02-08 08:45:34.394 I/wm_on_top_resumed_lost_called( 7109): [101732248,com.android.settings.Settings,topStateChangedWhenResumed]
02-08 08:45:34.400 I/wm_on_restart_called( 2862): [163962840,com.android.launcher3.uioverrides.QuickstepLauncher,performRestartActivity]
02-08 08:45:34.400 I/wm_on_start_called( 2862): [163962840,com.android.launcher3.uioverrides.QuickstepLauncher,handleStartActivity]
02-08 08:45:34.401 I/wm_on_resume_called( 2862): [163962840,com.android.launcher3.uioverrides.QuickstepLauncher,RESUME_ACTIVITY]
02-08 08:45:34.402 I/sysui_multi_action( 1466): [757,803,799,window_time_0,802,16]
02-08 08:45:34.404 I/sysui_multi_action( 7109): [757,35,758,2,1089,15969]
02-08 08:45:34.406 I/sysui_multi_action( 7109): [757,744,758,2,1089,1832]
02-08 08:45:34.406 I/wm_on_paused_called( 7109): [101732248,com.android.settings.Settings,performPause]
02-08 08:45:34.407 I/input_focus( 1466): [Focus leaving a3caed1 com.android.settings/com.android.settings.Settings (server),reason=NO_WINDOW]
02-08 08:45:34.412 I/input_focus( 1466): [Focus request 75d5c14 com.android.launcher3/com.android.launcher3.uioverrides.QuickstepLauncher,reason=UpdateInputWindows]
02-08 08:45:34.429 I/wm_on_top_resumed_gained_called( 2862): [163962840,com.android.launcher3.uioverrides.QuickstepLauncher,topStateChangedWhenResumed]
02-08 08:45:34.463 I/input_focus( 1466): [Focus entering 75d5c14 com.android.launcher3/com.android.launcher3.uioverrides.QuickstepLauncher (server),reason=Window became focusable. Previous reason: NOT_VISIBLE]
02-08 08:45:34.796 I/wm_stop_activity( 1466): [0,101732248,com.android.settings/.Settings]
02-08 08:45:34.830 I/wm_on_stop_called( 7109): [101732248,com.android.settings.Settings,STOP_ACTIVITY_ITEM]
02-08 08:45:34.966 I/input_interaction( 1466): Interaction with: 75d5c14 com.android.launcher3/com.android.launcher3.uioverrides.QuickstepLauncher (server), 8682221 com.android.systemui.ImageWallpaper (server), edge-swipe (server), swipe-up (server), PointerEventDispatcher0 (server),
02-08 08:45:35.031 I/input_interaction( 1466): Interaction with: edge-swipe (server), swipe-up (server), PointerEventDispatcher0 (server),
02-08 08:45:35.031 I/view_enqueue_input_event( 2862): [Motion - Cancel,com.android.launcher3/com.android.launcher3.uioverrides.QuickstepLauncher]
02-08 08:45:35.214 I/commit_sys_config_file( 1466): [settings-1-0,4]
02-08 08:45:35.574 I/commit_sys_config_file( 1466): [settings-1-0,7]
02-08 08:45:36.437 I/input_interaction( 1466): Interaction with: 75d5c14 com.android.launcher3/com.android.launcher3.uioverrides.QuickstepLauncher (server), 8682221 com.android.systemui.ImageWallpaper (server), edge-swipe (server), swipe-up (server), PointerEventDispatcher0 (server),
02-08 08:45:36.570 I/sysui_heads_up_status( 2370): [-1|android|26|null|1000,0]
02-08 08:45:36.980 I/wm_finish_activity( 1466): [0,101732248,18,com.android.settings/.Settings,recent-task-trimmed]
02-08 08:45:36.981 I/wm_destroy_activity( 1466): [0,101732248,18,com.android.settings/.Settings,finish-imm:finishIfPossible]
02-08 08:45:36.984 I/am_kill ( 1466): [0,7109,com.android.settings,900,remove task]
02-08 08:45:36.986 I/sysui_multi_action( 1466): [757,803,799,window_time_0,802,2]
02-08 08:45:37.019 I/sysui_multi_action( 1466): [757,128,758,1,793,11321338,794,0,795,11321338,796,17303299,797,com.android.wifi,798,1,806,android,857,NETWORK_AVAILABLE,858,2,947,0,1395,3,1500,11321138,1688,1]
02-08 08:45:37.019 I/sysui_multi_action( 1466): [757,804,799,note_freshness,801,11321338,802,1]
02-08 08:45:37.019 I/notification_visibility( 1466): [0|android|17303299|com.android.wifi|1000,1,11321338,11321338,0,1]
