02-08 06:09:51.064 I/input_focus( 1466): [Focus leaving a3caed1 com.android.settings/com.android.settings.Settings (server),reason=setFocusedWindow]
02-08 06:09:51.064 I/input_focus( 1466): [Focus entering e8dc244 NotificationShade (server),reason=setFocusedWindow]
02-08 06:09:51.097 I/sysui_multi_action( 2370): [757,111,758,1]
02-08 06:09:51.097 I/sysui_multi_action( 2370): [757,126,758,1,759,126,927,0,928,1,1593,0]
02-08 06:09:51.098 I/sysui_multi_action( 2370): [757,113,758,1,759,113,927,1,928,0,1593,0]
02-08 06:09:51.098 I/sysui_multi_action( 2370): [757,0,758,1,759,0,927,2,928,0,1593,0]
02-08 06:09:51.098 I/sysui_multi_action( 2370): [757,0,758,1,759,0,927,3,928,0,1593,0]
02-08 06:09:51.098 I/sysui_multi_action( 2370): [757,491,758,1,759,491,927,4,928,0,1311,-1,1593,0]
02-08 06:09:51.099 I/sysui_multi_action( 2370): [757,0,758,1,759,0,927,5,928,0,1593,0]
02-08 06:09:51.099 I/sysui_multi_action( 2370): [757,111,758,1]
02-08 06:09:51.099 I/sysui_multi_action( 2370): [757,126,758,1,759,126,927,0,928,1,1593,0]
02-08 06:09:51.099 I/sysui_multi_action( 2370): [757,113,758,1,759,113,927,1,928,0,1593,0]
02-08 06:09:51.099 I/sysui_multi_action( 2370): [757,0,758,1,759,0,927,2,928,0,1593,0]
02-08 06:09:51.100 I/sysui_multi_action( 2370): [757,0,758,1,759,0,927,3,928,0,1593,0]
02-08 06:09:52.087 I/input_interaction( 1466): Interaction with: e8dc244 NotificationShade (server), edge-swipe (server), swipe-up (server), PointerEventDispatcher0 (server),
02-08 06:09:52.542 I/sysui_multi_action( 2370): [757,111,758,2]
02-08 06:09:52.544 I/notification_enqueue( 1466): [10081,2370,com.android.systemui,2048,NULL,0,Notification(channel=updateNotification shortcut=null contentView=null vibrate=null sound=null defaults=0x0 flags=0x0 color=0x00000000 vis=PRIVATE),1]
02-08 06:09:52.544 I/sysui_multi_action( 2370): [757,111,758,2]
02-08 06:09:52.766 I/input_focus( 1466): [Focus request a3caed1 com.android.settings/com.android.settings.Settings,reason=UpdateInputWindows]
02-08 06:09:52.775 I/sysui_multi_action( 1466): [757,128,758,2,793,1977094,794,1728,795,1977094,796,17303299,797,com.android.wifi,798,0,806,android,857,NETWORK_AVAILABLE,858,2,947,0,1395,2,1500,1976894,1688,1]
02-08 06:09:52.775 I/notification_visibility( 1466): [0|android|17303299|com.android.wifi|1000,0,1977094,1977094,0,0]
02-08 06:09:52.776 I/sysui_multi_action( 1466): [757,128,758,2,793,1977718,794,1728,795,1977718,796,32,798,1,806,android,857,USB,858,1,947,0,1395,2,1500,1977662,1688,1]
02-08 06:09:52.776 I/notification_visibility( 1466): [-1|android|32|null|1000,0,1977718,1977718,0,1]
02-08 06:09:52.776 I/sysui_multi_action( 1466): [757,127,758,2]
02-08 06:09:52.776 I/notification_panel_hidden( 1466):
02-08 06:09:52.785 I/input_focus( 1466): [Focus leaving e8dc244 NotificationShade (server),reason=NOT_FOCUSABLE]
02-08 06:09:52.785 I/input_focus( 1466): [Focus entering a3caed1 com.android.settings/com.android.settings.Settings (server),reason=setFocusedWindow]
02-08 06:09:53.841 I/input_interaction( 1466): Interaction with: a3caed1 com.android.settings/com.android.settings.Settings (server), edge-swipe (server), swipe-up (server), PointerEventDispatcher0 (server),
02-08 06:09:53.978 I/sysui_multi_action( 7109): [757,830,758,4,833,0,854,bluetooth_screen_add_bt_devices,1089,0]
02-08 06:09:53.986 I/sysui_multi_action( 7109): [757,1390,758,2,1089,7879]
02-08 06:09:54.025 I/am_uid_running( 1466): 1002
02-08 06:09:54.028 I/sysui_multi_action( 7109): [757,1018,758,1,833,0,1089,32]
02-08 06:09:54.029 I/sysui_multi_action( 7109): [757,1729,758,4,854,isParalleledControllers:false,1089,34]
02-08 06:09:54.040 I/am_proc_start( 1466): [0,8902,1002,com.android.bluetooth,service,{com.android.bluetooth/com.android.bluetooth.btservice.AdapterService}]
02-08 06:09:54.063 I/am_proc_bound( 1466): [0,8902,com.android.bluetooth]
02-08 06:09:54.067 I/am_uid_active( 1466): 1002
02-08 06:09:54.146 I/bt_config_source( 8902): 1
02-08 06:09:54.146 I/bt_config_source( 8902): 1
02-08 06:09:55.033 I/input_interaction( 1466): Interaction with: cd90129 StatusBar (server), edge-swipe (server), swipe-up (server), PointerEventDispatcher0 (server),
02-08 06:09:55.040 I/sysui_multi_action( 2370): [757,803,799,panel_open,802,1]
02-08 06:09:55.042 I/sysui_multi_action( 2370): [757,1328,758,4,1326,32,1327,1,1329,0]
02-08 06:09:55.099 I/sysui_multi_action( 1466): [757,127,758,1]
02-08 06:09:55.099 I/sysui_multi_action( 1466): [757,804,799,note_load,801,2,802,1]
02-08 06:09:55.099 I/notification_panel_revealed( 1466): 2
02-08 06:09:55.113 I/input_focus( 1466): [Focus request e8dc244 NotificationShade,reason=UpdateInputWindows]
02-08 06:09:55.124 I/sysui_multi_action( 1466): [757,128,758,1,793,1979442,794,0,795,1979442,796,17303299,797,com.android.wifi,798,0,806,android,857,NETWORK_AVAILABLE,858,2,947,0,1395,2,1500,1979242,1688,1]
02-08 06:09:55.124 I/sysui_multi_action( 1466): [757,804,799,note_freshness,801,1979442,802,1]
02-08 06:09:55.124 I/notification_visibility( 1466): [0|android|17303299|com.android.wifi|1000,1,1979442,1979442,0,0]
02-08 06:09:55.125 I/sysui_multi_action( 1466): [757,128,758,1,793,1980066,794,0,795,1980066,796,32,798,1,806,android,857,USB,858,1,947,0,1395,2,1500,1980010,1688,1]
02-08 06:09:55.125 I/sysui_multi_action( 1466): [757,804,799,note_freshness,801,1980066,802,1]
02-08 06:09:55.125 I/notification_visibility( 1466): [-1|android|32|null|1000,1,1980066,1980066,0,1]
02-08 06:09:55.141 I/input_focus( 1466): [Focus leaving a3caed1 com.android.settings/com.android.settings.Settings (server),reason=setFocusedWindow]
02-08 06:09:55.141 I/input_focus( 1466): [Focus entering e8dc244 NotificationShade (server),reason=setFocusedWindow]
02-08 06:09:55.190 I/sysui_multi_action( 2370): [757,111,758,1]
02-08 06:09:55.190 I/sysui_multi_action( 2370): [757,126,758,1,759,126,927,0,928,1,1593,0]
02-08 06:09:55.190 I/sysui_multi_action( 2370): [757,113,758,1,759,113,927,1,928,0,1593,0]
02-08 06:09:55.190 I/sysui_multi_action( 2370): [757,0,758,1,759,0,927,2,928,0,1593,0]
02-08 06:09:55.190 I/sysui_multi_action( 2370): [757,0,758,1,759,0,927,3,928,0,1593,0]
02-08 06:09:55.191 I/sysui_multi_action( 2370): [757,491,758,1,759,491,927,4,928,0,1311,-1,1593,0]
02-08 06:09:55.191 I/sysui_multi_action( 2370): [757,0,758,1,759,0,927,5,928,0,1593,0]
02-08 06:09:55.191 I/sysui_multi_action( 2370): [757,111,758,1]
02-08 06:09:55.192 I/sysui_multi_action( 2370): [757,126,758,1,759,126,927,0,928,1,1593,0]
02-08 06:09:55.192 I/sysui_multi_action( 2370): [757,113,758,1,759,113,927,1,928,0,1593,0]
02-08 06:09:55.192 I/sysui_multi_action( 2370): [757,0,758,1,759,0,927,2,928,0,1593,0]
02-08 06:09:55.192 I/sysui_multi_action( 2370): [757,0,758,1,759,0,927,3,928,0,1593,0]
02-08 06:09:55.435 I/auditd ( 817): type=1400 audit(0.0:729): avc: denied { read write } for comm="bluetooth@1.0-s" name="diag" dev="tmpfs" ino=1124 scontext=u:r:hal_bluetooth_default:s0 tcontext=u:object_r:vendor_diag_device:s0 tclass=chr_file permissive=0
02-08 06:09:55.525 D/TelephonyRegistry( 1466): listen oscl: mHasNotifySubscriptionInfoChangedOccurred==false no callback
02-08 06:09:55.539 I/sysui_multi_action( 1466): [757,856,758,1,806,com.android.bluetooth,857,avrcp_notification,858,3]
02-08 06:09:55.563 I/liblog ( 8902): 61
02-08 06:09:55.563 I/liblog ( 8902): 3
02-08 06:09:55.563 I/liblog ( 8902): 1
02-08 06:09:55.564 I/liblog ( 8902): 75
02-08 06:09:55.564 I/liblog ( 8902): 1
02-08 06:09:55.565 I/liblog ( 8902): 1
02-08 06:09:55.565 I/liblog ( 8902): 1
02-08 06:09:55.565 I/liblog ( 8902): 1
02-08 06:09:55.588 I/notification_cancel_all( 1466): [1002,8902,com.android.bluetooth,0,0,64,9,NULL]
02-08 06:09:55.719 I/commit_sys_config_file( 1466): [settings-0-0,4]
02-08 06:09:55.794 I/commit_sys_config_file( 1466): [notification-policy,1982667]
02-08 06:09:57.036 I/input_interaction( 1466): Interaction with: e8dc244 NotificationShade (server), edge-swipe (server), swipe-up (server), PointerEventDispatcher0 (server),
02-08 06:09:57.499 I/notification_enqueue( 1466): [10081,2370,com.android.systemui,2048,NULL,0,Notification(channel=updateNotification shortcut=null contentView=null vibrate=null sound=null defaults=0x0 flags=0x0 color=0x00000000 vis=PRIVATE),1]
02-08 06:09:57.500 I/sysui_multi_action( 2370): [757,111,758,2]
02-08 06:09:57.501 I/sysui_multi_action( 2370): [757,111,758,2]
02-08 06:09:57.714 I/input_focus( 1466): [Focus request a3caed1 com.android.settings/com.android.settings.Settings,reason=UpdateInputWindows]
02-08 06:09:57.720 I/sysui_multi_action( 1466): [757,128,758,2,793,1982038,794,2596,795,1982038,796,17303299,797,com.android.wifi,798,0,806,android,857,NETWORK_AVAILABLE,858,2,947,0,1395,2,1500,1981838,1688,1]
02-08 06:09:57.720 I/notification_visibility( 1466): [0|android|17303299|com.android.wifi|1000,0,1982038,1982038,0,0]
02-08 06:09:57.720 I/sysui_multi_action( 1466): [757,128,758,2,793,1982662,794,2596,795,1982662,796,32,798,1,806,android,857,USB,858,1,947,0,1395,2,1500,1982606,1688,1]
02-08 06:09:57.720 I/notification_visibility( 1466): [-1|android|32|null|1000,0,1982662,1982662,0,1]
02-08 06:09:57.721 I/sysui_multi_action( 1466): [757,127,758,2]
02-08 06:09:57.721 I/notification_panel_hidden( 1466):
02-08 06:09:57.730 I/input_focus( 1466): [Focus leaving e8dc244 NotificationShade (server),reason=NO_WINDOW]
02-08 06:09:57.731 I/input_focus( 1466): [Focus entering a3caed1 com.android.settings/com.android.settings.Settings (server),reason=setFocusedWindow]
02-08 06:10:00.172 I/commit_sys_config_file( 1466): [package-user-0,6]
02-08 06:10:00.753 I/input_interaction( 1466): Interaction with: a3caed1 com.android.settings/com.android.settings.Settings (server), edge-swipe (server), swipe-up (server), PointerEventDispatcher0 (server),
02-08 06:10:01.615 I/am_pss ( 1466): [7109,1000,com.android.settings,178347008,161329152,0,324911104,0,2,16]
02-08 06:10:01.622 I/am_pss ( 1466): [7732,10093,com.android.permissioncontroller,15755264,13246464,0,106459136,0,6,7]
02-08 06:10:28.642 I/am_pss ( 1466): [8902,1002,com.android.bluetooth,27042816,22437888,0,133582848,0,0,13]
02-08 06:10:44.968 I/sysui_multi_action( 7109): [757,866,758,4]
02-08 06:10:45.000 I/am_pss ( 1466): [7732,10093,com.android.permissioncontroller,13813760,11304960,0,104517632,0,19,7]
02-08 06:10:46.166 I/wm_task_created( 1466): [24,-1]
02-08 06:10:46.168 I/wm_task_moved( 1466): [24,1,7]
02-08 06:10:46.168 I/wm_task_to_front( 1466): [0,24]
02-08 06:10:46.168 I/wm_create_task( 1466): [0,24]
02-08 06:10:46.168 I/wm_create_activity( 1466): [0,79681197,24,com.android.settings/.bluetooth.BluetoothPairingDialog,android.bluetooth.device.action.PAIRING_REQUEST,NULL,NULL,276824064]
02-08 06:10:46.168 I/wm_task_moved( 1466): [24,1,7]
02-08 06:10:46.169 I/wm_pause_activity( 1466): [0,101732248,com.android.settings/.Settings,userLeaving=true,pauseBackTasks]
02-08 06:10:46.170 I/wm_on_top_resumed_lost_called( 7109): [101732248,com.android.settings.Settings,topStateChangedWhenResumed]
02-08 06:10:46.172 I/sysui_multi_action( 7109): [757,35,758,2,1089,134813]
02-08 06:10:46.172 I/sysui_multi_action( 7109): [757,1018,758,2,1089,52145]
02-08 06:10:46.173 I/wm_on_paused_called( 7109): [101732248,com.android.settings.Settings,performPause]
02-08 06:10:46.174 I/wm_restart_activity( 1466): [0,79681197,24,com.android.settings/.bluetooth.BluetoothPairingDialog]
02-08 06:10:46.175 I/wm_set_resumed_activity( 1466): [0,com.android.settings/.bluetooth.BluetoothPairingDialog,minimalResumeActivityLocked]
02-08 06:10:46.177 I/sysui_multi_action( 1466): [757,803,799,window_time_0,802,135]
02-08 06:10:46.182 I/wm_on_create_called( 7109): [79681197,com.android.settings.bluetooth.BluetoothPairingDialog,performCreate]
02-08 06:10:46.200 I/wm_on_start_called( 7109): [79681197,com.android.settings.bluetooth.BluetoothPairingDialog,handleStartActivity]
02-08 06:10:46.200 I/wm_on_resume_called( 7109): [79681197,com.android.settings.bluetooth.BluetoothPairingDialog,RESUME_ACTIVITY]
02-08 06:10:46.200 I/sysui_multi_action( 7109): [757,613,758,1,833,0,1089,16]
02-08 06:10:46.202 I/wm_on_top_resumed_gained_called( 7109): [79681197,com.android.settings.bluetooth.BluetoothPairingDialog,topStateChangedWhenResumed]
02-08 06:10:46.214 I/input_focus( 1466): [Focus request 29eb73a com.android.settings/com.android.settings.bluetooth.BluetoothPairingDialog,reason=UpdateInputWindows]
02-08 06:10:46.226 I/wm_activity_launch_time( 1466): [0,79681197,com.android.settings/.bluetooth.BluetoothPairingDialog,65]
02-08 06:10:46.229 I/input_focus( 1466): [Focus leaving a3caed1 com.android.settings/com.android.settings.Settings (server),reason=Waiting for window because NOT_VISIBLE]
02-08 06:10:46.245 I/input_focus( 1466): [Focus entering 29eb73a com.android.settings/com.android.settings.bluetooth.BluetoothPairingDialog (server),reason=Window became focusable. Previous reason: NOT_VISIBLE]
02-08 06:10:46.280 I/am_uid_active( 1466): 10068
02-08 06:10:47.815 I/input_interaction( 1466): Interaction with: 29eb73a com.android.settings/com.android.settings.bluetooth.BluetoothPairingDialog (server), edge-swipe (server), swipe-up (server), PointerEventDispatcher0 (server),
02-08 06:10:48.034 I/wm_finish_activity( 1466): [0,79681197,24,com.android.settings/.bluetooth.BluetoothPairingDialog,app-request]
02-08 06:10:48.034 I/wm_task_moved( 1466): [18,1,7]
02-08 06:10:48.034 I/wm_task_to_front( 1466): [0,18]
02-08 06:10:48.035 I/wm_focused_root_task( 1466): [0,0,18,24,finish-top adjustFocusToNextFocusableTask]
02-08 06:10:48.038 I/wm_pause_activity( 1466): [0,79681197,com.android.settings/.bluetooth.BluetoothPairingDialog,userLeaving=false,finish]
02-08 06:10:48.039 I/input_focus( 1466): [Focus request a3caed1 com.android.settings/com.android.settings.Settings,reason=UpdateInputWindows]
02-08 06:10:48.051 I/wm_on_top_resumed_lost_called( 7109): [79681197,com.android.settings.bluetooth.BluetoothPairingDialog,topStateChangedWhenResumed]
02-08 06:10:48.052 I/sysui_multi_action( 7109): [757,613,758,2,1089,1852]
02-08 06:10:48.052 I/wm_on_paused_called( 7109): [79681197,com.android.settings.bluetooth.BluetoothPairingDialog,performPause]
02-08 06:10:48.053 I/wm_set_resumed_activity( 1466): [0,com.android.settings/.Settings,resumeTopActivityInnerLocked]
02-08 06:10:48.054 I/wm_resume_activity( 1466): [0,101732248,18,com.android.settings/.Settings]
02-08 06:10:48.058 I/wm_on_resume_called( 7109): [101732248,com.android.settings.Settings,RESUME_ACTIVITY]
02-08 06:10:48.058 I/sysui_multi_action( 7109): [757,35,758,1,833,0,1089,0]
02-08 06:10:48.058 I/sysui_multi_action( 1466): [757,803,799,window_time_0,802,2]
02-08 06:10:48.059 I/sysui_multi_action( 7109): [757,1018,758,1,833,0,1089,0]
02-08 06:10:48.061 I/wm_on_top_resumed_gained_called( 7109): [101732248,com.android.settings.Settings,topWhenResuming]
02-08 06:10:48.067 I/input_focus( 1466): [Focus entering a3caed1 com.android.settings/com.android.settings.Settings (server),reason=setFocusedWindow]
02-08 06:10:48.068 I/wm_destroy_activity( 1466): [0,79681197,24,com.android.settings/.bluetooth.BluetoothPairingDialog,finish-idle]
02-08 06:10:48.084 I/wm_on_stop_called( 7109): [79681197,com.android.settings.bluetooth.BluetoothPairingDialog,LIFECYCLER_STOP_ACTIVITY]
02-08 06:10:48.085 I/wm_on_destroy_called( 7109): [79681197,com.android.settings.bluetooth.BluetoothPairingDialog,performDestroy]
02-08 06:10:48.317 I/wm_task_removed( 1466): [24,removeChild:removeChild last r=ActivityRecord{4bfd6ad u0 com.android.settings/.bluetooth.BluetoothPairingDialog t-1 f}} in t=Task{2ca6163 #24 type=standard A=1000:.bluetooth.BluetoothPairingDialog U=0 visible=false mode=fullscreen translucent=true sz=0}]
02-08 06:10:48.317 I/wm_task_removed( 1466): [24,removeChild]
02-08 06:10:48.548 I/sysui_multi_action( 7109): [757,1018,758,2,1089,488]
02-08 06:10:48.573 I/sysui_multi_action( 7109): [757,853,758,4,854,null/switch_bar,1089,1]
02-08 06:10:48.584 I/sysui_multi_action( 7109): [757,1390,758,1,833,0,1089,0]
02-08 06:10:49.388 I/stream_devices_changed( 1466): [3,2,128]
02-08 06:10:49.402 I/volume_changed( 1466): [3,13,19,39,onSetA2dpSinkConnectionState]
02-08 06:10:49.438 I/stream_devices_changed( 1466): [6,1,128]
02-08 06:10:50.096 I/commit_sys_config_file( 1466): [settings-1-0,6]
02-08 06:10:55.428 I/input_interaction( 1466): Interaction with: a3caed1 com.android.settings/com.android.settings.Settings (server), edge-swipe (server), swipe-up (server), PointerEventDispatcher0 (server),
02-08 06:10:55.608 I/sysui_multi_action( 7109): [757,1390,758,2,1089,7024]
02-08 06:10:55.635 I/sysui_multi_action( 7109): [757,1264,758,1,833,0,1089,0]
02-08 06:10:56.825 I/sysui_multi_action( 7109): [757,1264,758,2,1089,1190]
02-08 06:10:57.015 I/sysui_multi_action( 7109): [757,747,758,1,833,0,1089,0]
02-08 06:11:00.764 I/am_freeze( 1466): [7107,com.android.music]
02-08 06:11:00.766 I/am_kill ( 1466): [0,7107,com.android.music,965,Unable to freeze binder interface]
02-08 06:11:00.796 I/am_proc_died( 1466): [0,7107,com.android.music,965,19]
02-08 06:11:00.797 I/am_uid_stopped( 1466): 10083
02-08 06:11:00.801 I/am_uid_running( 1466): 10083
02-08 06:11:00.807 I/am_pss ( 1466): [8902,1002,com.android.bluetooth,32076800,27398144,0,140853248,0,0,8]
02-08 06:11:00.816 I/am_proc_start( 1466): [0,9141,10083,com.android.music,NULL,]
02-08 06:11:00.857 I/am_proc_bound( 1466): [0,9141,com.android.music]
02-08 06:11:01.597 I/am_uid_idle( 1466): 10031
02-08 06:11:01.945 I/sysui_multi_action( 7109): [757,830,758,4,833,0,854,connection_preferences,1089,0]
02-08 06:11:01.950 I/sysui_multi_action( 7109): [757,747,758,2,1089,4935]
02-08 06:11:01.986 I/sysui_multi_action( 7109): [757,1264,758,1,833,0,1089,31]
02-08 06:11:01.987 I/sysui_multi_action( 7109): [757,1729,758,4,854,isParalleledControllers:false,1089,32]
02-08 06:11:03.148 I/sysui_multi_action( 7109): [757,830,758,4,833,0,854,bluetooth_switchbar_screen,1089,0]
02-08 06:11:03.156 I/sysui_multi_action( 7109): [757,1264,758,2,1089,1169]
02-08 06:11:03.210 I/sysui_multi_action( 7109): [757,1390,758,1,833,0,1089,48]
02-08 06:11:03.211 I/sysui_multi_action( 7109): [757,1729,758,4,854,isParalleledControllers:false,1089,50]
02-08 06:11:06.017 I/service_manager_stats( 1466): [100,65,110635]
02-08 06:11:06.138 I/sysui_multi_action( 7109): [757,853,758,4,854,null/switch_bar,1089,0]
02-08 06:11:06.141 I/sysui_multi_action( 7109): [757,870,758,4,759,0]
02-08 06:11:06.353 I/commit_sys_config_file( 1466): [settings-0-0,9]
02-08 06:11:06.474 I/notification_cancel_all( 1466): [1002,8902,com.android.bluetooth,0,0,64,9,NULL]
02-08 06:11:06.527 I/sysui_multi_action( 1466): [757,856,758,2,806,com.android.bluetooth,857,avrcp_notification,858,3]
02-08 06:11:06.532 I/notification_cancel_all( 1466): [1000,1466,com.android.bluetooth,0,0,0,20,NULL]
02-08 06:11:06.585 I/stream_devices_changed( 1466): [3,128,2]
02-08 06:11:06.595 I/stream_devices_changed( 1466): [6,128,1]
02-08 06:11:06.782 I/commit_sys_config_file( 1466): [notification-policy,2053654]
02-08 06:11:07.811 I/auditd ( 817): type=1400 audit(0.0:730): avc: denied { read } for comm="bluetooth@1.0-s" name="ssrdump" dev="dm-10" ino=237 scontext=u:r:hal_bluetooth_default:s0 tcontext=u:object_r:vendor_ramdump_vendor_data_file:s0 tclass=dir permissive=0
02-08 06:11:08.096 I/am_proc_died( 1466): [0,8902,com.android.bluetooth,0,10]
02-08 06:11:08.096 I/am_uid_stopped( 1466): 1002
02-08 06:11:08.740 I/sysui_multi_action( 7109): [757,853,758,4,854,null/switch_bar,1089,1]
02-08 06:11:08.744 I/sysui_multi_action( 7109): [757,870,758,4,759,1]
02-08 06:11:08.748 I/am_uid_running( 1466): 1002
02-08 06:11:08.773 I/am_proc_start( 1466): [0,9171,1002,com.android.bluetooth,service,{com.android.bluetooth/com.android.bluetooth.btservice.AdapterService}]
02-08 06:11:08.808 I/am_proc_bound( 1466): [0,9171,com.android.bluetooth]
02-08 06:11:08.813 I/am_uid_active( 1466): 1002
02-08 06:11:08.943 I/bt_config_source( 9171): 1
02-08 06:11:08.944 I/bt_config_source( 9171): 1
02-08 06:11:10.243 I/auditd ( 817): type=1400 audit(0.0:731): avc: denied { read write } for comm="bluetooth@1.0-s" name="diag" dev="tmpfs" ino=1124 scontext=u:r:hal_bluetooth_default:s0 tcontext=u:object_r:vendor_diag_device:s0 tclass=chr_file permissive=0
02-08 06:11:10.359 D/TelephonyRegistry( 1466): listen oscl: mHasNotifySubscriptionInfoChangedOccurred==false no callback
02-08 06:11:10.372 I/sysui_multi_action( 1466): [757,856,758,1,806,com.android.bluetooth,857,avrcp_notification,858,3]
02-08 06:11:10.439 I/am_uid_active( 1466): 10031
02-08 06:11:10.446 I/notification_cancel_all( 1466): [1002,9171,com.android.bluetooth,0,0,64,9,NULL]
02-08 06:11:10.551 I/commit_sys_config_file( 1466): [settings-0-0,4]
02-08 06:11:10.630 I/commit_sys_config_file( 1466): [notification-policy,2057503]
02-08 06:11:12.635 I/stream_devices_changed( 1466): [3,2,128]
02-08 06:11:12.670 I/stream_devices_changed( 1466): [6,1,128]
02-08 06:11:13.790 I/sysui_multi_action( 7109): [757,853,758,4,854,null/switch_bar,1089,0]
02-08 06:11:13.792 I/sysui_multi_action( 7109): [757,870,758,4,759,0]
02-08 06:11:14.003 I/commit_sys_config_file( 1466): [settings-0-0,9]
02-08 06:11:14.131 I/notification_cancel_all( 1466): [1002,9171,com.android.bluetooth,0,0,64,9,NULL]
02-08 06:11:14.155 I/sysui_multi_action( 1466): [757,856,758,2,806,com.android.bluetooth,857,avrcp_notification,858,3]
02-08 06:11:14.157 I/notification_cancel_all( 1466): [1000,1466,com.android.bluetooth,0,0,0,20,NULL]
02-08 06:11:14.195 I/stream_devices_changed( 1466): [3,128,2]
02-08 06:11:14.209 I/stream_devices_changed( 1466): [6,128,1]
02-08 06:11:14.409 I/commit_sys_config_file( 1466): [notification-policy,2061282]
02-08 06:11:15.124 I/sysui_multi_action( 7109): [757,853,758,4,854,null/switch_bar,1089,1]
02-08 06:11:15.129 I/sysui_multi_action( 7109): [757,870,758,4,759,1]
02-08 06:11:15.247 I/auditd ( 817): type=1400 audit(0.0:732): avc: denied { read } for comm="bluetooth@1.0-s" name="ssrdump" dev="dm-10" ino=237 scontext=u:r:hal_bluetooth_default:s0 tcontext=u:object_r:vendor_ramdump_vendor_data_file:s0 tclass=dir permissive=0
02-08 06:11:15.535 I/am_proc_died( 1466): [0,9171,com.android.bluetooth,0,10]
02-08 06:11:15.536 I/am_uid_stopped( 1466): 1002
02-08 06:11:15.884 I/am_uid_running( 1466): 1002
02-08 06:11:15.909 I/am_proc_start( 1466): [0,9306,1002,com.android.bluetooth,service,{com.android.bluetooth/com.android.bluetooth.btservice.AdapterService}]
02-08 06:11:15.947 I/am_proc_bound( 1466): [0,9306,com.android.bluetooth]
02-08 06:11:15.950 I/am_uid_active( 1466): 1002
02-08 06:11:16.058 I/bt_config_source( 9306): 1
02-08 06:11:16.058 I/bt_config_source( 9306): 1
02-08 06:11:16.464 I/commit_sys_config_file( 1466): [package-user-0,6]
02-08 06:11:17.347 I/auditd ( 817): type=1400 audit(0.0:733): avc: denied { read write } for comm="bluetooth@1.0-s" name="diag" dev="tmpfs" ino=1124 scontext=u:r:hal_bluetooth_default:s0 tcontext=u:object_r:vendor_diag_device:s0 tclass=chr_file permissive=0
02-08 06:11:17.459 D/TelephonyRegistry( 1466): listen oscl: mHasNotifySubscriptionInfoChangedOccurred==false no callback
02-08 06:11:17.472 I/sysui_multi_action( 1466): [757,856,758,1,806,com.android.bluetooth,857,avrcp_notification,858,3]
02-08 06:11:17.551 I/notification_cancel_all( 1466): [1002,9306,com.android.bluetooth,0,0,64,9,NULL]
02-08 06:11:17.652 I/commit_sys_config_file( 1466): [settings-0-0,5]
02-08 06:11:17.730 I/commit_sys_config_file( 1466): [notification-policy,2064603]
02-08 06:11:19.615 I/stream_devices_changed( 1466): [3,2,128]
02-08 06:11:19.651 I/stream_devices_changed( 1466): [6,1,128]
02-08 06:11:20.763 I/sysui_multi_action( 7109): [757,853,758,4,854,null/switch_bar,1089,0]
02-08 06:11:20.766 I/sysui_multi_action( 7109): [757,870,758,4,759,0]
02-08 06:11:20.975 I/commit_sys_config_file( 1466): [settings-0-0,6]
02-08 06:11:21.127 I/notification_cancel_all( 1466): [1002,9306,com.android.bluetooth,0,0,64,9,NULL]
02-08 06:11:21.147 I/sysui_multi_action( 1466): [757,856,758,2,806,com.android.bluetooth,857,avrcp_notification,858,3]
02-08 06:11:21.153 I/notification_cancel_all( 1466): [1000,1466,com.android.bluetooth,0,0,0,20,NULL]
02-08 06:11:21.207 I/stream_devices_changed( 1466): [3,128,2]
02-08 06:11:21.217 I/stream_devices_changed( 1466): [6,128,1]
02-08 06:11:21.402 I/commit_sys_config_file( 1466): [notification-policy,2068275]
02-08 06:11:22.196 I/sysui_multi_action( 7109): [757,853,758,4,854,null/switch_bar,1089,1]
02-08 06:11:22.199 I/sysui_multi_action( 7109): [757,870,758,4,759,1]
02-08 06:11:22.295 I/auditd ( 817): type=1400 audit(0.0:734): avc: denied { read } for comm="bluetooth@1.0-s" name="ssrdump" dev="dm-10" ino=237 scontext=u:r:hal_bluetooth_default:s0 tcontext=u:object_r:vendor_ramdump_vendor_data_file:s0 tclass=dir permissive=0
02-08 06:11:22.577 I/am_proc_died( 1466): [0,9306,com.android.bluetooth,0,10]
02-08 06:11:22.578 I/am_uid_stopped( 1466): 1002
02-08 06:11:22.586 I/am_pss ( 1466): [9141,10083,com.android.music,6937600,4759552,0,90824704,0,19,5]
02-08 06:11:22.928 I/am_uid_running( 1466): 1002
02-08 06:11:22.949 I/am_proc_start( 1466): [0,9439,1002,com.android.bluetooth,service,{com.android.bluetooth/com.android.bluetooth.btservice.AdapterService}]
02-08 06:11:22.982 I/am_proc_bound( 1466): [0,9439,com.android.bluetooth]
02-08 06:11:22.986 I/am_uid_active( 1466): 1002
02-08 06:11:23.085 I/bt_config_source( 9439): 1
02-08 06:11:23.086 I/bt_config_source( 9439): 1
02-08 06:11:24.371 I/auditd ( 817): type=1400 audit(0.0:735): avc: denied { read write } for comm="bluetooth@1.0-s" name="diag" dev="tmpfs" ino=1124 scontext=u:r:hal_bluetooth_default:s0 tcontext=u:object_r:vendor_diag_device:s0 tclass=chr_file permissive=0
02-08 06:11:24.492 D/TelephonyRegistry( 1466): listen oscl: mHasNotifySubscriptionInfoChangedOccurred==false no callback
02-08 06:11:24.508 I/sysui_multi_action( 1466): [757,856,758,1,806,com.android.bluetooth,857,avrcp_notification,858,3]
02-08 06:11:24.596 I/notification_cancel_all( 1466): [1002,9439,com.android.bluetooth,0,0,64,9,NULL]
02-08 06:11:24.679 I/commit_sys_config_file( 1466): [settings-0-0,6]
02-08 06:11:24.766 I/commit_sys_config_file( 1466): [notification-policy,2071639]
02-08 06:11:27.441 I/stream_devices_changed( 1466): [3,2,128]
02-08 06:11:27.478 I/stream_devices_changed( 1466): [6,1,128]
02-08 06:11:27.573 I/commit_sys_config_file( 1466): [package-user-0,3]
02-08 06:11:28.416 I/sysui_multi_action( 7109): [757,853,758,4,854,null/switch_bar,1089,0]
02-08 06:11:28.419 I/sysui_multi_action( 7109): [757,870,758,4,759,0]
02-08 06:11:28.628 I/commit_sys_config_file( 1466): [settings-0-0,6]
02-08 06:11:28.753 I/notification_cancel_all( 1466): [1002,9439,com.android.bluetooth,0,0,64,9,NULL]
02-08 06:11:28.792 I/sysui_multi_action( 1466): [757,856,758,2,806,com.android.bluetooth,857,avrcp_notification,858,3]
02-08 06:11:28.792 I/notification_cancel_all( 1466): [1000,1466,com.android.bluetooth,0,0,0,20,NULL]
02-08 06:11:28.843 I/stream_devices_changed( 1466): [3,128,2]
02-08 06:11:28.854 I/stream_devices_changed( 1466): [6,128,1]
02-08 06:11:29.048 I/commit_sys_config_file( 1466): [notification-policy,2075921]
02-08 06:11:29.814 I/sysui_multi_action( 7109): [757,853,758,4,854,null/switch_bar,1089,1]
02-08 06:11:29.816 I/sysui_multi_action( 7109): [757,870,758,4,759,1]
02-08 06:11:29.935 I/auditd ( 817): type=1400 audit(0.0:736): avc: denied { read } for comm="bluetooth@1.0-s" name="ssrdump" dev="dm-10" ino=237 scontext=u:r:hal_bluetooth_default:s0 tcontext=u:object_r:vendor_ramdump_vendor_data_file:s0 tclass=dir permissive=0
02-08 06:11:30.248 I/am_proc_died( 1466): [0,9439,com.android.bluetooth,0,10]
02-08 06:11:30.249 I/am_uid_stopped( 1466): 1002
02-08 06:11:30.571 I/am_uid_running( 1466): 1002
02-08 06:11:30.599 I/am_proc_start( 1466): [0,9575,1002,com.android.bluetooth,service,{com.android.bluetooth/com.android.bluetooth.btservice.AdapterService}]
02-08 06:11:30.634 I/am_proc_bound( 1466): [0,9575,com.android.bluetooth]
02-08 06:11:30.638 I/am_uid_active( 1466): 1002
02-08 06:11:30.748 I/bt_config_source( 9575): 1
02-08 06:11:30.749 I/bt_config_source( 9575): 1
02-08 06:11:32.051 I/auditd ( 817): type=1400 audit(0.0:737): avc: denied { read write } for comm="bluetooth@1.0-s" name="diag" dev="tmpfs" ino=1124 scontext=u:r:hal_bluetooth_default:s0 tcontext=u:object_r:vendor_diag_device:s0 tclass=chr_file permissive=0
02-08 06:11:32.164 D/TelephonyRegistry( 1466): listen oscl: mHasNotifySubscriptionInfoChangedOccurred==false no callback
02-08 06:11:32.182 I/sysui_multi_action( 1466): [757,856,758,1,806,com.android.bluetooth,857,avrcp_notification,858,3]
02-08 06:11:32.247 I/notification_cancel_all( 1466): [1002,9575,com.android.bluetooth,0,0,64,9,NULL]
02-08 06:11:32.317 I/am_pss ( 1466): [7109,1000,com.android.settings,186316800,167305216,0,329265152,0,2,15]
02-08 06:11:32.361 I/commit_sys_config_file( 1466): [settings-0-0,9]
02-08 06:11:32.438 I/commit_sys_config_file( 1466): [notification-policy,2079311]
02-08 06:11:34.387 I/stream_devices_changed( 1466): [3,2,128]
02-08 06:11:34.401 I/stream_devices_changed( 1466): [6,1,128]
02-08 06:11:35.944 I/sysui_multi_action( 7109): [757,853,758,4,854,null/switch_bar,1089,0]
02-08 06:11:35.947 I/sysui_multi_action( 7109): [757,870,758,4,759,0]
02-08 06:11:36.157 I/commit_sys_config_file( 1466): [settings-0-0,7]
02-08 06:11:36.283 I/notification_cancel_all( 1466): [1002,9575,com.android.bluetooth,0,0,64,9,NULL]
02-08 06:11:36.311 I/sysui_multi_action( 1466): [757,856,758,2,806,com.android.bluetooth,857,avrcp_notification,858,3]
02-08 06:11:36.313 I/notification_cancel_all( 1466): [1000,1466,com.android.bluetooth,0,0,0,20,NULL]
02-08 06:11:36.369 I/stream_devices_changed( 1466): [3,128,2]
02-08 06:11:36.377 I/stream_devices_changed( 1466): [6,128,1]
02-08 06:11:36.565 I/commit_sys_config_file( 1466): [notification-policy,2083438]
02-08 06:11:37.403 I/auditd ( 817): type=1400 audit(0.0:738): avc: denied { read } for comm="bluetooth@1.0-s" name="ssrdump" dev="dm-10" ino=237 scontext=u:r:hal_bluetooth_default:s0 tcontext=u:object_r:vendor_ramdump_vendor_data_file:s0 tclass=dir permissive=0
02-08 06:11:37.441 I/sysui_multi_action( 7109): [757,853,758,4,854,null/switch_bar,1089,1]
02-08 06:11:37.444 I/sysui_multi_action( 7109): [757,870,758,4,759,1]
02-08 06:11:37.690 I/am_proc_died( 1466): [0,9575,com.android.bluetooth,0,10]
02-08 06:11:37.691 I/am_uid_stopped( 1466): 1002
02-08 06:11:38.031 I/am_uid_running( 1466): 1002
02-08 06:11:38.055 I/am_proc_start( 1466): [0,9711,1002,com.android.bluetooth,service,{com.android.bluetooth/com.android.bluetooth.btservice.AdapterService}]
02-08 06:11:38.097 I/am_proc_bound( 1466): [0,9711,com.android.bluetooth]
02-08 06:11:38.099 I/am_uid_active( 1466): 1002
02-08 06:11:38.222 I/bt_config_source( 9711): 1
02-08 06:11:38.222 I/bt_config_source( 9711): 1
02-08 06:11:38.744 I/commit_sys_config_file( 1466): [package-user-0,6]
02-08 06:11:39.507 I/auditd ( 817): type=1400 audit(0.0:739): avc: denied { read write } for comm="bluetooth@1.0-s" name="diag" dev="tmpfs" ino=1124 scontext=u:r:hal_bluetooth_default:s0 tcontext=u:object_r:vendor_diag_device:s0 tclass=chr_file permissive=0
02-08 06:11:39.627 D/TelephonyRegistry( 1466): listen oscl: mHasNotifySubscriptionInfoChangedOccurred==false no callback
02-08 06:11:39.640 I/sysui_multi_action( 1466): [757,856,758,1,806,com.android.bluetooth,857,avrcp_notification,858,3]
02-08 06:11:39.709 I/notification_cancel_all( 1466): [1002,9711,com.android.bluetooth,0,0,64,9,NULL]
02-08 06:11:39.816 I/commit_sys_config_file( 1466): [settings-0-0,5]
02-08 06:11:39.897 I/commit_sys_config_file( 1466): [notification-policy,2086769]
02-08 06:11:42.099 I/stream_devices_changed( 1466): [3,2,128]
02-08 06:11:42.133 I/stream_devices_changed( 1466): [6,1,128]
02-08 06:11:49.745 I/commit_sys_config_file( 1466): [package-user-0,8]
02-08 06:11:52.296 I/am_uid_idle( 1466): 10068
02-08 06:12:02.044 I/am_pss ( 1466): [9141,10083,com.android.music,6898688,4759552,0,90824704,0,19,11]
02-08 06:12:02.052 I/am_pss ( 1466): [4221,2000,com.android.shell,6025216,4145152,0,90578944,0,19,7]
02-08 06:12:02.059 I/am_pss ( 1466): [4200,10033,com.android.packageinstaller,7505920,5656576,0,91373568,0,19,6]
02-08 06:12:02.065 I/am_pss ( 1466): [3776,10036,com.android.managedprovisioning,9589760,7614464,0,95694848,0,19,5]
02-08 06:12:02.071 I/am_pss ( 1466): [2814,1000,com.qualcomm.qti.qdma,9768960,6610944,0,106532864,0,0,5]
02-08 06:12:02.077 I/am_pss ( 1466): [2737,1000,com.thundercomm.tcservice,10203136,7974912,0,99291136,0,0,5]
02-08 06:12:02.082 I/am_pss ( 1466): [2734,1000,com.thundercomm.remotecontrolservice,14325760,11796480,0,106057728,0,0,5]
02-08 06:12:02.087 I/am_pss ( 1466): [2696,10089,com.qti.qualcomm.mstatssystemservice,5630976,3756032,0,89878528,0,0,4]
02-08 06:12:02.092 I/am_pss ( 1466): [2714,1068,com.android.se,5978112,4050944,0,91504640,0,0,4]
02-08 06:12:02.100 I/am_pss ( 1466): [2658,1000,com.thundercomm.tcsetupwizard,57300992,50446336,0,180846592,0,0,7]
02-08 06:12:02.105 I/am_pss ( 1466): [2665,1000,vendor.qti.qesdk.sysservice,5733376,3780608,0,91209728,0,0,4]
02-08 06:12:02.111 I/am_pss ( 1466): [2641,1000,com.tc.logclient,7710720,5492736,0,98140160,0,0,5]
02-08 06:12:02.116 I/am_pss ( 1466): [2629,1000,com.thundercomm.tchttpserver,13477888,11567104,0,98684928,0,0,5]
02-08 06:12:02.121 I/am_pss ( 1466): [2622,10055,.qtidataservices,6064128,4145152,0,91537408,0,0,4]
02-08 06:12:02.127 I/am_pss ( 1466): [2588,1000,com.thundercomm.microsettings,35831808,32542720,0,128520192,0,0,5]
02-08 06:12:02.133 I/am_pss ( 1466): [2586,1000,com.thundercomm.microservice,9171968,7139328,0,96083968,0,0,5]
02-08 06:12:02.140 I/am_pss ( 1466): [2568,1000,com.thundercomm.gamemode,35102720,29642752,0,143671296,0,0,7]
02-08 06:12:30.446 I/sysui_multi_action( 1466): [757,1696,758,6,759,2]
02-08 06:12:30.459 I/am_wtf ( 1466): [0,1466,system_server,-1,DisplayDeviceConfig,requesting nits when no mapping exists.]
02-08 06:12:30.463 I/am_wtf ( 1466): [0,1466,system_server,-1,DisplayDeviceConfig,requesting nits when no mapping exists.]
02-08 06:12:30.474 I/am_wtf ( 1466): [0,1466,system_server,-1,DisplayDeviceConfig,requesting nits when no mapping exists.]
02-08 06:12:30.475 I/am_wtf ( 1466): [0,1466,system_server,-1,DisplayDeviceConfig,requesting nits when no mapping exists.]
02-08 06:12:30.490 I/am_wtf ( 1466): [0,1466,system_server,-1,DisplayDeviceConfig,requesting nits when no mapping exists.]
02-08 06:12:30.492 I/am_wtf ( 1466): [0,1466,system_server,-1,DisplayDeviceConfig,requesting nits when no mapping exists.]
02-08 06:12:30.496 I/am_wtf ( 1466): [0,1466,system_server,-1,DisplayDeviceConfig,requesting nits when no mapping exists.]
02-08 06:12:30.497 I/am_wtf ( 1466): [0,1466,system_server,-1,DisplayDeviceConfig,requesting nits when no mapping exists.]
02-08 06:12:30.513 I/am_wtf ( 1466): [0,1466,system_server,-1,DisplayDeviceConfig,requesting nits when no mapping exists.]
02-08 06:12:30.514 I/am_wtf ( 1466): [0,1466,system_server,-1,DisplayDeviceConfig,requesting nits when no mapping exists.]
02-08 06:12:30.530 I/am_wtf ( 1466): [0,1466,system_server,-1,DisplayDeviceConfig,requesting nits when no mapping exists.]
02-08 06:12:30.531 I/am_wtf ( 1466): [0,1466,system_server,-1,DisplayDeviceConfig,requesting nits when no mapping exists.]
02-08 06:12:30.546 I/am_wtf ( 1466): [0,1466,system_server,-1,DisplayDeviceConfig,requesting nits when no mapping exists.]
02-08 06:12:30.547 I/am_wtf ( 1466): [0,1466,system_server,-1,DisplayDeviceConfig,requesting nits when no mapping exists.]
02-08 06:12:30.563 I/am_wtf ( 1466): [0,1466,system_server,-1,DisplayDeviceConfig,requesting nits when no mapping exists.]
02-08 06:12:30.564 I/am_wtf ( 1466): [0,1466,system_server,-1,DisplayDeviceConfig,requesting nits when no mapping exists.]
02-08 06:12:30.580 I/am_wtf ( 1466): [0,1466,system_server,-1,DisplayDeviceConfig,requesting nits when no mapping exists.]
02-08 06:12:30.581 I/am_wtf ( 1466): [0,1466,system_server,-1,DisplayDeviceConfig,requesting nits when no mapping exists.]
02-08 06:12:30.597 I/am_wtf ( 1466): [0,1466,system_server,-1,DisplayDeviceConfig,requesting nits when no mapping exists.]
02-08 06:12:30.598 I/am_wtf ( 1466): [0,1466,system_server,-1,DisplayDeviceConfig,requesting nits when no mapping exists.]
02-08 06:12:30.613 I/am_wtf ( 1466): [0,1466,system_server,-1,DisplayDeviceConfig,requesting nits when no mapping exists.]
02-08 06:12:30.614 I/am_wtf ( 1466): [0,1466,system_server,-1,DisplayDeviceConfig,requesting nits when no mapping exists.]
02-08 06:12:30.630 I/am_wtf ( 1466): [0,1466,system_server,-1,DisplayDeviceConfig,requesting nits when no mapping exists.]
02-08 06:12:30.631 I/am_wtf ( 1466): [0,1466,system_server,-1,DisplayDeviceConfig,requesting nits when no mapping exists.]
02-08 06:12:30.647 I/am_wtf ( 1466): [0,1466,system_server,-1,DisplayDeviceConfig,requesting nits when no mapping exists.]
02-08 06:12:30.648 I/am_wtf ( 1466): [0,1466,system_server,-1,DisplayDeviceConfig,requesting nits when no mapping exists.]
02-08 06:12:30.664 I/am_wtf ( 1466): [0,1466,system_server,-1,DisplayDeviceConfig,requesting nits when no mapping exists.]
02-08 06:12:30.665 I/am_wtf ( 1466): [0,1466,system_server,-1,DisplayDeviceConfig,requesting nits when no mapping exists.]
02-08 06:12:30.680 I/am_wtf ( 1466): [0,1466,system_server,-1,DisplayDeviceConfig,requesting nits when no mapping exists.]
02-08 06:12:30.681 I/am_wtf ( 1466): [0,1466,system_server,-1,DisplayDeviceConfig,requesting nits when no mapping exists.]
02-08 06:12:30.698 I/am_wtf ( 1466): [0,1466,system_server,-1,DisplayDeviceConfig,requesting nits when no mapping exists.]
02-08 06:12:30.699 I/am_wtf ( 1466): [0,1466,system_server,-1,DisplayDeviceConfig,requesting nits when no mapping exists.]
02-08 06:12:30.714 I/am_wtf ( 1466): [0,1466,system_server,-1,DisplayDeviceConfig,requesting nits when no mapping exists.]
02-08 06:12:30.715 I/am_wtf ( 1466): [0,1466,system_server,-1,DisplayDeviceConfig,requesting nits when no mapping exists.]
02-08 06:12:30.731 I/am_wtf ( 1466): [0,1466,system_server,-1,DisplayDeviceConfig,requesting nits when no mapping exists.]
02-08 06:12:30.732 I/am_wtf ( 1466): [0,1466,system_server,-1,DisplayDeviceConfig,requesting nits when no mapping exists.]
02-08 06:12:30.747 I/am_wtf ( 1466): [0,1466,system_server,-1,DisplayDeviceConfig,requesting nits when no mapping exists.]
02-08 06:12:30.748 I/am_wtf ( 1466): [0,1466,system_server,-1,DisplayDeviceConfig,requesting nits when no mapping exists.]
02-08 06:12:30.764 I/am_wtf ( 1466): [0,1466,system_server,-1,DisplayDeviceConfig,requesting nits when no mapping exists.]
02-08 06:12:30.765 I/am_wtf ( 1466): [0,1466,system_server,-1,DisplayDeviceConfig,requesting nits when no mapping exists.]
02-08 06:12:30.781 I/am_wtf ( 1466): [0,1466,system_server,-1,DisplayDeviceConfig,requesting nits when no mapping exists.]
02-08 06:12:30.781 I/am_wtf ( 1466): [0,1466,system_server,-1,DisplayDeviceConfig,requesting nits when no mapping exists.]
02-08 06:12:30.797 I/am_wtf ( 1466): [0,1466,system_server,-1,DisplayDeviceConfig,requesting nits when no mapping exists.]
02-08 06:12:30.798 I/am_wtf ( 1466): [0,1466,system_server,-1,DisplayDeviceConfig,requesting nits when no mapping exists.]
02-08 06:12:30.814 I/am_wtf ( 1466): [0,1466,system_server,-1,DisplayDeviceConfig,requesting nits when no mapping exists.]
02-08 06:12:30.815 I/am_wtf ( 1466): [0,1466,system_server,-1,DisplayDeviceConfig,requesting nits when no mapping exists.]
02-08 06:12:30.831 I/am_wtf ( 1466): [0,1466,system_server,-1,DisplayDeviceConfig,requesting nits when no mapping exists.]
02-08 06:12:30.832 I/am_wtf ( 1466): [0,1466,system_server,-1,DisplayDeviceConfig,requesting nits when no mapping exists.]
02-08 06:12:30.848 I/am_wtf ( 1466): [0,1466,system_server,-1,DisplayDeviceConfig,requesting nits when no mapping exists.]
02-08 06:12:30.849 I/am_wtf ( 1466): [0,1466,system_server,-1,DisplayDeviceConfig,requesting nits when no mapping exists.]
02-08 06:12:30.864 I/am_wtf ( 1466): [0,1466,system_server,-1,DisplayDeviceConfig,requesting nits when no mapping exists.]
02-08 06:12:30.865 I/am_wtf ( 1466): [0,1466,system_server,-1,DisplayDeviceConfig,requesting nits when no mapping exists.]
02-08 06:12:30.881 I/am_wtf ( 1466): [0,1466,system_server,-1,DisplayDeviceConfig,requesting nits when no mapping exists.]
02-08 06:12:30.882 I/am_wtf ( 1466): [0,1466,system_server,-1,DisplayDeviceConfig,requesting nits when no mapping exists.]
02-08 06:12:30.898 I/am_wtf ( 1466): [0,1466,system_server,-1,DisplayDeviceConfig,requesting nits when no mapping exists.]
02-08 06:12:30.899 I/am_wtf ( 1466): [0,1466,system_server,-1,DisplayDeviceConfig,requesting nits when no mapping exists.]
02-08 06:12:30.915 I/am_wtf ( 1466): [0,1466,system_server,-1,DisplayDeviceConfig,requesting nits when no mapping exists.]
02-08 06:12:30.915 I/am_wtf ( 1466): [0,1466,system_server,-1,DisplayDeviceConfig,requesting nits when no mapping exists.]
02-08 06:12:30.931 I/am_wtf ( 1466): [0,1466,system_server,-1,DisplayDeviceConfig,requesting nits when no mapping exists.]
02-08 06:12:30.932 I/am_wtf ( 1466): [0,1466,system_server,-1,DisplayDeviceConfig,requesting nits when no mapping exists.]
02-08 06:12:30.948 I/am_wtf ( 1466): [0,1466,system_server,-1,DisplayDeviceConfig,requesting nits when no mapping exists.]
02-08 06:12:30.949 I/am_wtf ( 1466): [0,1466,system_server,-1,DisplayDeviceConfig,requesting nits when no mapping exists.]
02-08 06:12:30.964 I/am_wtf ( 1466): [0,1466,system_server,-1,DisplayDeviceConfig,requesting nits when no mapping exists.]
02-08 06:12:30.965 I/am_wtf ( 1466): [0,1466,system_server,-1,DisplayDeviceConfig,requesting nits when no mapping exists.]
02-08 06:12:30.981 I/am_wtf ( 1466): [0,1466,system_server,-1,DisplayDeviceConfig,requesting nits when no mapping exists.]
02-08 06:12:30.982 I/am_wtf ( 1466): [0,1466,system_server,-1,DisplayDeviceConfig,requesting nits when no mapping exists.]
02-08 06:12:30.998 I/am_wtf ( 1466): [0,1466,system_server,-1,DisplayDeviceConfig,requesting nits when no mapping exists.]
02-08 06:12:30.999 I/am_wtf ( 1466): [0,1466,system_server,-1,DisplayDeviceConfig,requesting nits when no mapping exists.]
02-08 06:12:31.015 I/am_wtf ( 1466): [0,1466,system_server,-1,DisplayDeviceConfig,requesting nits when no mapping exists.]
02-08 06:12:31.016 I/am_wtf ( 1466): [0,1466,system_server,-1,DisplayDeviceConfig,requesting nits when no mapping exists.]
02-08 06:12:31.016 I/service_manager_stats( 1466): [100,55,85000]
02-08 06:12:31.031 I/am_wtf ( 1466): [0,1466,system_server,-1,DisplayDeviceConfig,requesting nits when no mapping exists.]
02-08 06:12:31.032 I/am_wtf ( 1466): [0,1466,system_server,-1,DisplayDeviceConfig,requesting nits when no mapping exists.]
02-08 06:12:31.049 I/am_wtf ( 1466): [0,1466,system_server,-1,DisplayDeviceConfig,requesting nits when no mapping exists.]
02-08 06:12:31.050 I/am_wtf ( 1466): [0,1466,system_server,-1,DisplayDeviceConfig,requesting nits when no mapping exists.]
02-08 06:12:31.065 I/am_wtf ( 1466): [0,1466,system_server,-1,DisplayDeviceConfig,requesting nits when no mapping exists.]
02-08 06:12:31.066 I/am_wtf ( 1466): [0,1466,system_server,-1,DisplayDeviceConfig,requesting nits when no mapping exists.]
02-08 06:12:31.082 I/am_wtf ( 1466): [0,1466,system_server,-1,DisplayDeviceConfig,requesting nits when no mapping exists.]
02-08 06:12:31.082 I/am_wtf ( 1466): [0,1466,system_server,-1,DisplayDeviceConfig,requesting nits when no mapping exists.]
02-08 06:12:31.098 I/am_wtf ( 1466): [0,1466,system_server,-1,DisplayDeviceConfig,requesting nits when no mapping exists.]
02-08 06:12:31.099 I/am_wtf ( 1466): [0,1466,system_server,-1,DisplayDeviceConfig,requesting nits when no mapping exists.]
02-08 06:12:31.115 I/am_wtf ( 1466): [0,1466,system_server,-1,DisplayDeviceConfig,requesting nits when no mapping exists.]
02-08 06:12:31.115 I/am_wtf ( 1466): [0,1466,system_server,-1,DisplayDeviceConfig,requesting nits when no mapping exists.]
02-08 06:12:31.132 I/am_wtf ( 1466): [0,1466,system_server,-1,DisplayDeviceConfig,requesting nits when no mapping exists.]
02-08 06:12:31.132 I/am_wtf ( 1466): [0,1466,system_server,-1,DisplayDeviceConfig,requesting nits when no mapping exists.]
02-08 06:12:31.148 I/am_wtf ( 1466): [0,1466,system_server,-1,DisplayDeviceConfig,requesting nits when no mapping exists.]
02-08 06:12:31.149 I/am_wtf ( 1466): [0,1466,system_server,-1,DisplayDeviceConfig,requesting nits when no mapping exists.]
02-08 06:12:31.165 I/am_wtf ( 1466): [0,1466,system_server,-1,DisplayDeviceConfig,requesting nits when no mapping exists.]
02-08 06:12:31.166 I/am_wtf ( 1466): [0,1466,system_server,-1,DisplayDeviceConfig,requesting nits when no mapping exists.]
02-08 06:12:31.182 I/am_wtf ( 1466): [0,1466,system_server,-1,DisplayDeviceConfig,requesting nits when no mapping exists.]
02-08 06:12:31.183 I/am_wtf ( 1466): [0,1466,system_server,-1,DisplayDeviceConfig,requesting nits when no mapping exists.]
02-08 06:12:31.199 I/am_wtf ( 1466): [0,1466,system_server,-1,DisplayDeviceConfig,requesting nits when no mapping exists.]
02-08 06:12:31.200 I/am_wtf ( 1466): [0,1466,system_server,-1,DisplayDeviceConfig,requesting nits when no mapping exists.]
02-08 06:12:31.216 I/am_wtf ( 1466): [0,1466,system_server,-1,DisplayDeviceConfig,requesting nits when no mapping exists.]
02-08 06:12:31.217 I/am_wtf ( 1466): [0,1466,system_server,-1,DisplayDeviceConfig,requesting nits when no mapping exists.]
02-08 06:12:31.233 I/am_wtf ( 1466): [0,1466,system_server,-1,DisplayDeviceConfig,requesting nits when no mapping exists.]
02-08 06:12:31.234 I/am_wtf ( 1466): [0,1466,system_server,-1,DisplayDeviceConfig,requesting nits when no mapping exists.]
02-08 06:12:31.248 I/am_wtf ( 1466): [0,1466,system_server,-1,DisplayDeviceConfig,requesting nits when no mapping exists.]
02-08 06:12:31.249 I/am_wtf ( 1466): [0,1466,system_server,-1,DisplayDeviceConfig,requesting nits when no mapping exists.]
02-08 06:12:31.266 I/am_wtf ( 1466): [0,1466,system_server,-1,DisplayDeviceConfig,requesting nits when no mapping exists.]
02-08 06:12:31.267 I/am_wtf ( 1466): [0,1466,system_server,-1,DisplayDeviceConfig,requesting nits when no mapping exists.]
02-08 06:12:31.282 I/am_wtf ( 1466): [0,1466,system_server,-1,DisplayDeviceConfig,requesting nits when no mapping exists.]
02-08 06:12:31.283 I/am_wtf ( 1466): [0,1466,system_server,-1,DisplayDeviceConfig,requesting nits when no mapping exists.]
02-08 06:12:31.299 I/am_wtf ( 1466): [0,1466,system_server,-1,DisplayDeviceConfig,requesting nits when no mapping exists.]
02-08 06:12:31.300 I/am_wtf ( 1466): [0,1466,system_server,-1,DisplayDeviceConfig,requesting nits when no mapping exists.]
02-08 06:12:31.315 I/am_wtf ( 1466): [0,1466,system_server,-1,DisplayDeviceConfig,requesting nits when no mapping exists.]
02-08 06:12:31.316 I/am_wtf ( 1466): [0,1466,system_server,-1,DisplayDeviceConfig,requesting nits when no mapping exists.]
02-08 06:12:31.332 I/am_wtf ( 1466): [0,1466,system_server,-1,DisplayDeviceConfig,requesting nits when no mapping exists.]
02-08 06:12:31.333 I/am_wtf ( 1466): [0,1466,system_server,-1,DisplayDeviceConfig,requesting nits when no mapping exists.]
02-08 06:12:31.349 I/am_wtf ( 1466): [0,1466,system_server,-1,DisplayDeviceConfig,requesting nits when no mapping exists.]
02-08 06:12:31.349 I/am_wtf ( 1466): [0,1466,system_server,-1,DisplayDeviceConfig,requesting nits when no mapping exists.]
02-08 06:12:31.366 I/am_wtf ( 1466): [0,1466,system_server,-1,DisplayDeviceConfig,requesting nits when no mapping exists.]
02-08 06:12:31.366 I/am_wtf ( 1466): [0,1466,system_server,-1,DisplayDeviceConfig,requesting nits when no mapping exists.]
02-08 06:12:31.382 I/am_wtf ( 1466): [0,1466,system_server,-1,DisplayDeviceConfig,requesting nits when no mapping exists.]
02-08 06:12:31.383 I/am_wtf ( 1466): [0,1466,system_server,-1,DisplayDeviceConfig,requesting nits when no mapping exists.]
02-08 06:12:31.399 I/am_wtf ( 1466): [0,1466,system_server,-1,DisplayDeviceConfig,requesting nits when no mapping exists.]
02-08 06:12:31.400 I/am_wtf ( 1466): [0,1466,system_server,-1,DisplayDeviceConfig,requesting nits when no mapping exists.]
02-08 06:12:36.677 I/sysui_multi_action( 1466): [757,1696,758,6,759,3]
02-08 06:12:36.680 I/am_wtf ( 1466): [0,1466,system_server,-1,DisplayDeviceConfig,requesting nits when no mapping exists.]
02-08 06:12:36.681 I/am_wtf ( 1466): [0,1466,system_server,-1,DisplayDeviceConfig,requesting nits when no mapping exists.]
02-08 06:12:36.697 I/am_wtf ( 1466): [0,1466,system_server,-1,DisplayDeviceConfig,requesting nits when no mapping exists.]
02-08 06:12:36.698 I/am_wtf ( 1466): [0,1466,system_server,-1,DisplayDeviceConfig,requesting nits when no mapping exists.]
02-08 06:12:36.711 I/am_wtf ( 1466): [0,1466,system_server,-1,DisplayDeviceConfig,requesting nits when no mapping exists.]
02-08 06:12:36.712 I/am_wtf ( 1466): [0,1466,system_server,-1,DisplayDeviceConfig,requesting nits when no mapping exists.]
02-08 06:12:36.728 I/am_wtf ( 1466): [0,1466,system_server,-1,DisplayDeviceConfig,requesting nits when no mapping exists.]
02-08 06:12:36.729 I/am_wtf ( 1466): [0,1466,system_server,-1,DisplayDeviceConfig,requesting nits when no mapping exists.]
02-08 06:12:36.745 I/am_wtf ( 1466): [0,1466,system_server,-1,DisplayDeviceConfig,requesting nits when no mapping exists.]
02-08 06:12:36.746 I/am_wtf ( 1466): [0,1466,system_server,-1,DisplayDeviceConfig,requesting nits when no mapping exists.]
02-08 06:12:36.761 I/am_wtf ( 1466): [0,1466,system_server,-1,DisplayDeviceConfig,requesting nits when no mapping exists.]
02-08 06:12:36.761 I/am_wtf ( 1466): [0,1466,system_server,-1,DisplayDeviceConfig,requesting nits when no mapping exists.]
02-08 06:12:36.778 I/am_wtf ( 1466): [0,1466,system_server,-1,DisplayDeviceConfig,requesting nits when no mapping exists.]
02-08 06:12:36.778 I/am_wtf ( 1466): [0,1466,system_server,-1,DisplayDeviceConfig,requesting nits when no mapping exists.]
02-08 06:12:36.795 I/am_wtf ( 1466): [0,1466,system_server,-1,DisplayDeviceConfig,requesting nits when no mapping exists.]
