02-09 04:22:01.339 I/MMParserExtractor( 1195): Created(0xb400007c63868710)
02-09 04:22:01.341 I/SystemHookUtils( 2758): android high version sdk find dex file size 1
02-09 04:22:01.343 I/ExtendedUtils( 1202): printFileName fd(27) -> /product/media/audio/notifications/Spica.ogg
02-09 04:22:01.344 I/LinkerInfosManager( 2758): ================= not patch classloader
02-09 04:22:01.344 I/LinkerInfosManager( 2758): ================= external path /data/user/0/com.hht.lebocast/files/hpplay/hpdata/60146/25915/bu.dex
02-09 04:22:01.344 W/om.hht.lebocas( 2758): Opening an oat file without a class loader. Are you using the deprecated DexFile APIs?
02-09 04:22:01.345 I/MMParserExtractor( 1195): Created(0xb400007c63868710)
02-09 04:22:01.352 I/LinkerInfosManager( 2758): =======use local path ==========
02-09 04:22:01.352 I/LinkerInfosManager( 2758): ================= com.hpplay.component.common.utils.ModuleInfos
02-09 04:22:01.352 I/ModuleLoadUtils( 2758): main dex find class failed
02-09 04:22:01.352 I/SystemHookUtils( 2758): parent find class failed
02-09 04:22:01.352 I/ModuleLoadUtils( 2758): component find class failed
02-09 04:22:01.352 I/ModuleLoadUtils( 2758): .ModuleInfos not find ...
02-09 04:22:01.353 W/LinkerInfosManager( 2758): java.lang.NullPointerException: Attempt to invoke virtual method 'java.lang.Class java.lang.Object.getClass()' on a null object reference
02-09 04:22:01.353 W/LinkerInfosManager( 2758): at com.hpplay.component.modulelinker.d.a(SourceFile:10)
02-09 04:22:01.353 W/LinkerInfosManager( 2758): at com.hpplay.component.modulelinker.b.a(SourceFile:40)
02-09 04:22:01.353 W/LinkerInfosManager( 2758): at com.hpplay.component.modulelinker.b.a(SourceFile:9)
02-09 04:22:01.353 W/LinkerInfosManager( 2758): at com.hpplay.component.modulelinker.c.init(SourceFile:13)
02-09 04:22:01.353 W/LinkerInfosManager( 2758): at com.hpplay.component.modulelinker.api.ModuleLinker.init(SourceFile:8)
02-09 04:22:01.353 W/LinkerInfosManager( 2758): at com.hpplay.sdk.sink.proxy.ModuleLoader.b(SourceFile:29)
02-09 04:22:01.353 W/LinkerInfosManager( 2758): at com.hpplay.sdk.sink.proxy.ModuleLoader.b(SourceFile:2)
02-09 04:22:01.353 W/LinkerInfosManager( 2758): at com.hpplay.sdk.sink.proxy.ModuleLoader$3.run(SourceFile:1)
02-09 04:22:01.353 W/LinkerInfosManager( 2758): at com.hpplay.common.asyncmanager.AsyncRunnableJob.doInBackground(SourceFile:1)
02-09 04:22:01.353 W/LinkerInfosManager( 2758): at android.os.AsyncTask$3.call(AsyncTask.java:394)
02-09 04:22:01.353 W/LinkerInfosManager( 2758): at java.util.concurrent.FutureTask.run(FutureTask.java:266)
02-09 04:22:01.353 W/LinkerInfosManager( 2758): at java.util.concurrent.ThreadPoolExecutor.runWorker(ThreadPoolExecutor.java:1167)
02-09 04:22:01.353 W/LinkerInfosManager( 2758): at java.util.concurrent.ThreadPoolExecutor$Worker.run(ThreadPoolExecutor.java:641)
02-09 04:22:01.353 W/LinkerInfosManager( 2758): at java.lang.Thread.run(Thread.java:920)
02-09 04:22:01.353 I/ModuleLinkerImp( 2758): init time 20
02-09 04:22:01.353 I/ModuleLinkerImp( 2758): =====> 0
02-09 04:22:01.354 D/audio_hw_primary( 800): copl(0xee7464c0):out of compress_wait
02-09 04:22:01.354 I/hpplay-java( 2758): [main]:ModuleLoader:handleMessage what: 3
02-09 04:22:01.354 I/hpplay-java( 2758): [main]:ModuleLoader:mSoPath: null
02-09 04:22:01.354 I/hpplay-java( 2758): [main]:ModuleLoader:liblelink commit id api:027d01cda77c3b15c41f64bb549c08dc2c00371c
02-09 04:22:01.355 D/NuPlayerDecoderPassThrough( 1202): return aggregated buffer and save err(=-1011) for later
02-09 04:22:01.356 D/audio_hw_primary( 800): No space available in compress driver, post msg to cb thread
02-09 04:22:01.356 I/hpplay-java( 2758): [AsyncTask #3]:BuildConfigSupport:isDEBUG DEBUG:false
02-09 04:22:01.356 D/audio_hw_primary( 800): copl(0xee7464c0):calling compress_wait
02-09 04:22:01.357 I/hpplay-java( 2758): [AsyncTask #3]:LelinkCastImpl:liblelink commit id bu:027d01cda77c3b15c41f64bb549c08dc2c00371c
02-09 04:22:01.357 I/hpplay-java( 2758): [AsyncTask #3]:BuildConfigSupport:getVersionCode VERSION_CODE:60146
02-09 04:22:01.357 I/hpplay-java( 2758): [AsyncTask #3]:BuildConfigSupport:getBuVersionCode BU_VERSION_CODE: 25915
02-09 04:22:01.357 I/hpplay-java( 2758): [AsyncTask #3]:LelinkLoader:no external so file found
02-09 04:22:01.357 I/hpplay-java( 2758): [AsyncTask #3]:LelinkLoader:loadSo BU_VERSION_CODE:25915, PackageName:com.hht.lebocast,loadFile /data/user/0/com.hht.lebocast/lib/liblelink.so
02-09 04:22:01.358 I/hpplay-java( 2758): [AsyncTask #3]:LibLoader:loadSo mDefaultPath:/data/user/0/com.hht.lebocast/lib
02-09 04:22:01.358 I/hpplay-java( 2758): [AsyncTask #3]:LibLoader:getValidPath check path:/data/user/0/com.hht.lebocast/lib/liblelink.so
02-09 04:22:01.359 I/hpplay-java( 2758): [AsyncTask #3]:LibLoader:getValidPath check path:/data/user/0/com.hht.lebocast/files/hpplay/file/liblelink.so
02-09 04:22:01.359 I/hpplay-java( 2758): [AsyncTask #3]:LibLoader:getValidPath check path:/system_ext/app/TCCast/lib/arm/liblelink.so
02-09 04:22:01.359 I/hpplay-java( 2758): [AsyncTask #3]:LibLoader:getValidPath check path:/system/app/com.hht.lebocast/lib/arm/liblelink.so
02-09 04:22:01.359 I/hpplay-java( 2758): [AsyncTask #3]:LibLoader:getValidPath check path:/system/lib/com.hht.lebocast/liblelink.so
02-09 04:22:01.359 I/hpplay-java( 2758): [AsyncTask #3]:LibLoader:getValidPath check path:/system/etc/liblelink.so
02-09 04:22:01.359 I/hpplay-java( 2758): [AsyncTask #3]:LibLoader:getValidPath check path:/system/lib/liblelink.so
02-09 04:22:01.359 I/hpplay-java( 2758): [AsyncTask #3]:LibLoader:getValidPath check path:/data/app-lib/com.hht.lebocast/liblelink.so
02-09 04:22:01.359 I/hpplay-java( 2758): [AsyncTask #3]:LibLoader:getValidPath check path:/product/lib/liblelink.so
02-09 04:22:01.359 I/hpplay-java( 2758): [AsyncTask #3]:LibLoader:getValidPath check path:/system/private-app/com.hht.lebocast/lib/arm/liblelink.so
02-09 04:22:01.359 I/hpplay-java( 2758): [AsyncTask #3]:LibLoader:getValidPath check path:/system_ext/app/TCCast/lib/arm/liblelink.so
02-09 04:22:01.359 I/hpplay-java( 2758): [AsyncTask #3]:LibLoader:getValidPath check path:/data/user/0/com.hht.lebocast/files/hpplay/common/liblelink.so
02-09 04:22:01.384 I/hpplay-java( 2758): [AsyncTask #3]:BPIFileUtil:getMd5ByFile: 054CE34B3CB1D77895EFC5B3CCEA7E39
02-09 04:22:01.384 I/hpplay-java( 2758): [AsyncTask #3]:LibLoader:getValidPath soPath:/data/user/0/com.hht.lebocast/files/hpplay/common/liblelink.so
02-09 04:22:01.387 I/hpplay-base( 2758): liblelink ver: 90610 (Jul 18 2022 10:14:10)
02-09 04:22:01.387 I/hpplay-base( 2758): liblelink commit id: 6854d2ad4a11b788b5c223c313843b85637a5ae2
02-09 04:22:01.388 I/hpplay-java( 2758): [AsyncTask #3]:LibLoader:loadSo lelink true
02-09 04:22:01.388 I/hpplay-java( 2758): [AsyncTask #3]:LelinkLoader:load so from assets java.lang.NumberFormatException: For input string: "lib"
02-09 04:22:01.388 I/hpplay-java( 2758): [AsyncTask #3]:BuildConfigSupport:getBuVersionName BU_VERSION_NAME:2.59.15-2022-07-25-17-24
02-09 04:22:01.388 I/hpplay-java( 2758): [main]:ModuleLoader:handleMessage what: 2
02-09 04:22:01.388 I/hpplay-java( 2758): [main]:LelinkCastWrapper:onLoad isSuccess:true
02-09 04:22:01.388 I/hpplay-java( 2758): [main]:LelinkCastWrapper:startService mService: null
02-09 04:22:01.389 D/CompatibilityInfo( 1523): mCompatibilityFlags - 4
02-09 04:22:01.389 D/CompatibilityInfo( 1523): applicationDensity - 240
02-09 04:22:01.389 D/CompatibilityInfo( 1523): applicationScale - 1.0
02-09 04:22:01.390 I/hpplay-java( 2758): [main]:LelinkCastWrapper:startService success: true
02-09 04:22:01.390 I/hpplay-java( 2758): [main]:DaemonService:onCreate start
02-09 04:22:01.390 I/hpplay-java( 2758): [main]:DaemonServiceEntity:setBPImpl mContext: null
02-09 04:22:01.390 I/hpplay-java( 2758): [main]:Utils:getApplication in main thread
02-09 04:22:01.391 I/hpplay-java( 2758): [main]:DaemonServiceEntity:onCreate
02-09 04:22:01.392 I/hpplay-java( 2758): [main]:DaemonServiceEntity:initParams channel: lecast w/h: 2380/1020
02-09 04:22:01.393 I/hpplay-java( 2758): [main]:Resource:initInstance Resource
02-09 04:22:01.394 E/ActivityThread( 2758): Failed to find provider info for com.tcl.xian.StartandroidService.MyContentProvider
02-09 04:22:01.394 I/ExtendedUtils( 1202): printFileName fd(27) -> /product/media/audio/notifications/Bellatrix.ogg
02-09 04:22:01.395 W/MediaProvider( 2866): getVolumePath for unknown volume: internal
02-09 04:22:01.395 W/MediaProvider( 2866): getVolumePath for unknown volume: internal
02-09 04:22:01.396 W/MediaProvider( 2866): getVolumePath for unknown volume: internal
02-09 04:22:01.396 W/MediaProvider( 2866): getVolumePath for unknown volume: internal
02-09 04:22:01.396 W/MediaProvider( 2866): getVolumePath for unknown volume: internal
02-09 04:22:01.396 W/MediaProvider( 2866): getVolumePath for unknown volume: internal
02-09 04:22:01.396 I/MMParserExtractor( 1195): Created(0xb400007c63868710)
02-09 04:22:01.397 W/MediaProvider( 2866): getVolumePath for unknown volume: internal
02-09 04:22:01.397 I/hpplay-java( 2758): [main]:Resource:checkLanguage init language map 1
02-09 04:22:01.397 W/MediaProvider( 2866): getVolumePath for unknown volume: internal
02-09 04:22:01.397 W/MediaProvider( 2866): getVolumePath for unknown volume: internal
02-09 04:22:01.397 I/hpplay-java( 2758): [main]:MacTask:startTask
02-09 04:22:01.397 W/MediaProvider( 2866): getVolumePath for unknown volume: internal
02-09 04:22:01.398 I/hpplay-java( 2758): [main]:DaemonService:onBind
02-09 04:22:01.398 I/hpplay-java( 2758): [main]:DaemonServiceEntity:onBind
02-09 04:22:01.398 W/MediaProvider( 2866): getVolumePath for unknown volume: internal
02-09 04:22:01.398 W/MediaProvider( 2866): getVolumePath for unknown volume: internal
02-09 04:22:01.398 W/MediaProvider( 2866): getVolumePath for unknown volume: internal
02-09 04:22:01.398 I/hpplay-java( 2758): [main]:LelinkCastWrapper:onServiceConnected
02-09 04:22:01.399 W/MediaProvider( 2866): getVolumePath for unknown volume: internal
02-09 04:22:01.399 W/MediaProvider( 2866): getVolumePath for unknown volume: internal
02-09 04:22:01.399 D/BufferPoolAccessor2.0( 2018): bufferpool2 0xb40000715c036c68 : 0(0 size) total buffers - 0(0 size) used buffers - 3/7 (recycle/alloc) - 6/36 (fetch/transfer)
02-09 04:22:01.399 W/MediaProvider( 2866): getVolumePath for unknown volume: internal
02-09 04:22:01.399 I/hpplay-java( 2758): [main]:DaemonService:onStartCommand iService: com.hpplay.sdk.sink.service.DaemonServiceEntity@866a0da
02-09 04:22:01.399 D/BufferPoolAccessor2.0( 2018): evictor expired: 1, evicted: 1
02-09 04:22:01.399 I/hpplay-java( 2758): [main]:DaemonServiceEntity:onStartCommand flags: 0 startId: 1 mOnBind: true
02-09 04:22:01.399 W/MediaProvider( 2866): getVolumePath for unknown volume: internal
02-09 04:22:01.400 W/MediaProvider( 2866): getVolumePath for unknown volume: internal
02-09 04:22:01.400 W/MediaProvider( 2866): getVolumePath for unknown volume: internal
02-09 04:22:01.400 I/hpplay-java( 2758): [main]:BuildConfigSupport:getFLAVOR FLAVOR:lecast
02-09 04:22:01.400 I/hpplay-java( 2758): [main]:BuildConfigSupport:getFeatureDlnaValidModel FEATURE_DLNA_VALID_MODEL:1
02-09 04:22:01.400 I/hpplay-java( 2758): [AsyncTask #7]:LelinkCastImpl:init appKey=21409
02-09 04:22:01.401 W/MediaProvider( 2866): getVolumePath for unknown volume: internal
02-09 04:22:01.401 I/hpplay-java( 2758): [AsyncTask #5]:Resource:init
02-09 04:22:01.401 I/hpplay-java( 2758): [AsyncTask #7]:UILife:UISession
02-09 04:22:01.403 I/ExtendedUtils( 1202): printFileName fd(27) -> /product/media/audio/notifications/Betelgeuse.ogg
02-09 04:22:01.403 I/hpplay-java( 2758): [AsyncTask #7]:ModelUtil:Build.MANUFACTURER: TC -- Model: -- Build.MODEL: figure
02-09 04:22:01.403 I/hpplay-java( 2758): [AsyncTask #7]:Feature:getVolumeType model:figure mf:TC
02-09 04:22:01.404 W/MediaProvider( 2866): getVolumePath for unknown volume: internal
02-09 04:22:01.404 W/MediaProvider( 2866): getVolumePath for unknown volume: internal
02-09 04:22:01.404 W/MediaProvider( 2866): getVolumePath for unknown volume: internal
02-09 04:22:01.405 W/MediaProvider( 2866): getVolumePath for unknown volume: internal
02-09 04:22:01.405 W/MediaProvider( 2866): getVolumePath for unknown volume: internal
02-09 04:22:01.407 I/MMParserExtractor( 1195): Created(0xb400007c63868710)
02-09 04:22:01.408 W/MediaProvider( 2866): getVolumePath for unknown volume: internal
02-09 04:22:01.409 W/MediaProvider( 2866): getVolumePath for unknown volume: internal
02-09 04:22:01.409 W/MediaProvider( 2866): getVolumePath for unknown volume: internal
02-09 04:22:01.409 W/MediaProvider( 2866): getVolumePath for unknown volume: internal
02-09 04:22:01.409 W/MediaProvider( 2866): getVolumePath for unknown volume: internal
02-09 04:22:01.410 W/MediaProvider( 2866): getVolumePath for unknown volume: internal
02-09 04:22:01.410 W/MediaProvider( 2866): getVolumePath for unknown volume: internal
02-09 04:22:01.410 W/MediaProvider( 2866): getVolumePath for unknown volume: internal
02-09 04:22:01.411 I/hpplay-java( 2758): [AsyncTask #10]:DeviceUtil:getMac type: wlan0
02-09 04:22:01.415 I/ExtendedUtils( 1202): printFileName fd(27) -> /product/media/audio/notifications/pizzicato.ogg
02-09 04:22:01.416 I/hpplay-java( 2758): [AsyncTask #10]:DeviceUtil:getMac type: eth0
02-09 04:22:01.416 W/VideoCapabilities( 2758): Unsupported mime image/vnd.android.heic
02-09 04:22:01.417 W/VideoCapabilities( 2758): Unrecognized profile/level 0/3 for video/mpeg2
02-09 04:22:01.417 W/VideoCapabilities( 2758): Unrecognized profile/level 0/3 for video/mpeg2
02-09 04:22:01.418 I/MMParserExtractor( 1195): Created(0xb400007c63868710)
02-09 04:22:01.415 I/auditd ( 3698): type=1400 audit(0.0:283): avc: denied { read } for comm="cat" name="address" dev="sysfs" ino=61794 scontext=u:r:platform_app:s0:c512,c768 tcontext=u:object_r:sysfs:s0 tclass=file permissive=0 app=com.hht.lebocast
02-09 04:22:01.415 W/cat ( 3698): type=1400 audit(0.0:283): avc: denied { read } for name="address" dev="sysfs" ino=61794 scontext=u:r:platform_app:s0:c512,c768 tcontext=u:object_r:sysfs:s0 tclass=file permissive=0 app=com.hht.lebocast
02-09 04:22:01.422 I/ExtendedUtils( 1202): printFileName fd(27) -> /product/media/audio/notifications/Xenon.ogg
02-09 04:22:01.423 I/hpplay-java( 2758): [AsyncTask #7]:BuildConfigSupport:getFeatureProduct :1
02-09 04:22:01.423 I/hpplay-java( 2758): [AsyncTask #7]:Feature:isReverseControlEnable :true
02-09 04:22:01.423 I/hpplay-java( 2758): [AsyncTask #7]:Feature:isPlayListEnable :true
02-09 04:22:01.423 W/hpplay-java( 2758): [AsyncTask #7]:CreateUtils:createFeature baseFeature:1100111111111
02-09 04:22:01.423 I/hpplay-java( 2758): [AsyncTask #7]:InParameters:InParameters 6655
02-09 04:22:01.423 I/hpplay-java( 2758): [AsyncTask #7]:Bridge:getLelinkSoInfo info:90610
02-09 04:22:01.423 E/hpplay-java( 2758): [AsyncTask #7]:Bridge:soInfoCheck liblelink.so mismatch
02-09 04:22:01.423 E/hpplay-java( 2758): version:90610 / 90611
01-02 09:38:41.579 I/logd ( 0): start watching /data/system/packages.list ...
01-02 09:38:41.581 I/logd ( 0): ReadPackageList, total packages: 102
02-09 04:22:01.425 I/MMParserExtractor( 1195): Created(0xb400007c63868710)
02-09 04:22:01.429 I/ExtendedUtils( 1202): printFileName fd(27) -> /product/media/audio/notifications/Drip.ogg
02-09 04:22:01.430 I/MMParserExtractor( 1195): Created(0xb400007c63868710)
02-09 04:22:01.434 I/ExtendedUtils( 1202): printFileName fd(27) -> /product/media/audio/notifications/sirius.ogg
02-09 04:22:01.436 I/MMParserExtractor( 1195): Created(0xb400007c63868710)
02-09 04:22:01.439 I/ExtendedUtils( 1202): printFileName fd(27) -> /product/media/audio/notifications/Heaven.ogg
02-09 04:22:01.441 I/MMParserExtractor( 1195): Created(0xb400007c63868710)
02-09 04:22:01.445 I/ExtendedUtils( 1202): printFileName fd(27) -> /product/media/audio/notifications/CaffeineSnake.ogg
02-09 04:22:01.447 I/MMParserExtractor( 1195): Created(0xb400007c63868710)
02-09 04:22:01.450 I/ExtendedUtils( 1202): printFileName fd(27) -> /product/media/audio/notifications/regulus.ogg
02-09 04:22:01.452 I/MMParserExtractor( 1195): Created(0xb400007c63868710)
02-09 04:22:01.466 W/MediaProvider( 2866): getVolumePath for unknown volume: internal
02-09 04:22:01.467 W/MediaProvider( 2866): getVolumePath for unknown volume: internal
02-09 04:22:01.467 I/ExtendedUtils( 1202): printFileName fd(27) -> /product/media/audio/alarms/Platinum.ogg
02-09 04:22:01.467 W/MediaProvider( 2866): getVolumePath for unknown volume: internal
02-09 04:22:01.467 W/MediaProvider( 2866): getVolumePath for unknown volume: internal
02-09 04:22:01.467 W/MediaProvider( 2866): getVolumePath for unknown volume: internal
02-09 04:22:01.468 W/MediaProvider( 2866): getVolumePath for unknown volume: internal
02-09 04:22:01.468 W/MediaProvider( 2866): getVolumePath for unknown volume: internal
02-09 04:22:01.468 W/MediaProvider( 2866): getVolumePath for unknown volume: internal
02-09 04:22:01.468 W/MediaProvider( 2866): getVolumePath for unknown volume: internal
02-09 04:22:01.471 I/MMParserExtractor( 1195): Created(0xb400007c63868710)
02-09 04:22:01.474 I/ExtendedUtils( 1202): printFileName fd(27) -> /product/media/audio/alarms/Krypton.ogg
02-09 04:22:01.480 I/MMParserExtractor( 1195): Created(0xb400007c63868710)
02-09 04:22:01.484 I/ExtendedUtils( 1202): printFileName fd(27) -> /product/media/audio/alarms/Scandium.ogg
02-09 04:22:01.487 I/MMParserExtractor( 1195): Created(0xb400007c63868710)
02-09 04:22:01.490 I/ExtendedUtils( 1202): printFileName fd(27) -> /product/media/audio/alarms/Helium.ogg
02-09 04:22:01.494 I/vendor.qti.bluetooth@1.0-ibs_handler( 808): DeviceSleep: TX Awake, Sending SLEEP_IND
02-09 04:22:01.494 D/vendor.qti.bluetooth@1.0-ibs_handler( 808): SerialClockVote: vote for UART CLK OFF
02-09 04:22:01.495 I/MMParserExtractor( 1195): Created(0xb400007c63868710)
02-09 04:22:01.499 I/ExtendedUtils( 1202): printFileName fd(27) -> /product/media/audio/alarms/Alarm_Rooster_02.ogg
02-09 04:22:01.501 I/MMParserExtractor( 1195): Created(0xb400007c63868710)
02-09 04:22:01.504 I/ExtendedUtils( 1202): printFileName fd(27) -> /product/media/audio/alarms/Plutonium.ogg
02-09 04:22:01.508 I/MMParserExtractor( 1195): Created(0xb400007c63868710)
02-09 04:22:01.511 I/ExtendedUtils( 1202): printFileName fd(27) -> /product/media/audio/alarms/Carbon.ogg
02-09 04:22:01.515 I/MMParserExtractor( 1195): Created(0xb400007c63868710)
02-09 04:22:01.519 I/ExtendedUtils( 1202): printFileName fd(27) -> /product/media/audio/alarms/Argon.ogg
02-09 04:22:01.523 I/MMParserExtractor( 1195): Created(0xb400007c63868710)
02-09 04:22:01.527 I/ExtendedUtils( 1202): printFileName fd(27) -> /product/media/audio/alarms/Alarm_Beep_01.ogg
02-09 04:22:01.529 I/MMParserExtractor( 1195): Created(0xb400007c63868710)
02-09 04:22:01.532 I/ExtendedUtils( 1202): printFileName fd(27) -> /product/media/audio/alarms/Alarm_Classic.ogg
02-09 04:22:01.534 I/MMParserExtractor( 1195): Created(0xb400007c63868710)
02-09 04:22:01.537 I/ExtendedUtils( 1202): printFileName fd(27) -> /product/media/audio/alarms/Oxygen.ogg
02-09 04:22:01.540 I/MMParserExtractor( 1195): Created(0xb400007c63868710)
02-09 04:22:01.544 I/ExtendedUtils( 1202): printFileName fd(27) -> /product/media/audio/alarms/Promethium.ogg
02-09 04:22:01.549 I/MMParserExtractor( 1195): Created(0xb400007c63868710)
02-09 04:22:01.554 I/ExtendedUtils( 1202): printFileName fd(27) -> /product/media/audio/alarms/Alarm_Beep_02.ogg
02-09 04:22:01.555 I/MMParserExtractor( 1195): Created(0xb400007c63868710)
02-09 04:22:01.559 I/ExtendedUtils( 1202): printFileName fd(27) -> /product/media/audio/alarms/Barium.ogg
02-09 04:22:01.563 I/MMParserExtractor( 1195): Created(0xb400007c63868710)
02-09 04:22:01.567 I/ExtendedUtils( 1202): printFileName fd(27) -> /product/media/audio/alarms/Hassium.ogg
02-09 04:22:01.573 D/LOWI-9.0.0.87.a( 1318): [LOWI-Scan] wait_event:Wait done with Cmd 34
02-09 04:22:01.573 D/LOWI-9.0.0.87.a( 1318): [LOWI-Scan] do_listen_events: Rcvd valid Netlink Cmd 34 Err 0
02-09 04:22:01.573 D/LOWI-9.0.0.87.a( 1318): [LOWI-Scan]
02-09 04:22:01.573 D/LOWI-9.0.0.87.a( 1318): [LOWI-Scan] print_bss_handler: Report Probe TSF 15666536 as it greater than Beacon TSF 0
02-09 04:22:01.573 D/WifiNl80211Manager( 1523): Scan result ready event
02-09 04:22:01.573 D/LOWI-9.0.0.87.a( 1318): [LOWI-Scan] decode_rsn_wpa_ie: LOWI_ENCRYPTION_TYPE_WPA_PSK
02-09 04:22:01.573 D/LOWI-9.0.0.87.a( 1318): [LOWI-Scan] is_qcom_ie, bss_age: 0
02-09 04:22:01.573 D/LOWI-9.0.0.87.a( 1318): [LOWI-Scan] BSS 58:41:20:1d:fe:89 LOWI_PHY_MODE_11AC_VHT80(10), Beacon Interval: 100, LOWI_ENCRYPTION_TYPE_WPA_PSK 11mcRanging: No, ANQP: No, LCI: No, Civic: No, capability(0x1011): ESS Privacy
02-09 04:22:01.573 D/LOWI-9.0.0.87.a( 1318): [LOWI-Scan] BSS 58:41:20:1d:fe:89 FREQ: 5180, cFreq1[40:80:160] = [5190:5210:0] cFreq2 = 0 Country Code = CN
02-09 04:22:01.573 D/LOWI-9.0.0.87.a( 1318): [LOWI-Scan] BSS 58:41:20:1d:fe:89 (wlan0) ASSO: NO AddInfo: 0x0, TSF 0, 00:00:15.666, RSSI: -134, CPL: 127, AGE: 1124, SSID TP-LINK_5G_FE87, TSFDelta: 0x9697997d, TXRate: 0
02-09 04:22:01.573 D/LOWI-9.0.0.87.a( 1318): [LOWI-Scan]
02-09 04:22:01.573 D/LOWI-9.0.0.87.a( 1318): [LOWI-Scan] print_bss_handler: Report Probe TSF 15646093 as it greater than Beacon TSF 0
02-09 04:22:01.573 D/LOWI-9.0.0.87.a( 1318): [LOWI-Scan] is_qcom_ie, bss_age: 0
02-09 04:22:01.573 D/LOWI-9.0.0.87.a( 1318): [LOWI-Scan] BSS 38:a9:1c:35:03:0b LOWI_PHY_MODE_11AC_VHT80(10), Beacon Interval: 100, LOWI_ENCRYPTION_TYPE_OPEN 11mcRanging: No, ANQP: No, LCI: No, Civic: No, capability(0x0501): ESS SpectrumMgmt ShortSlotTime
02-09 04:22:01.573 D/LOWI-9.0.0.87.a( 1318): [LOWI-Scan] BSS 38:a9:1c:35:03:0b FREQ: 5180, cFreq1[40:80:160] = [5190:5210:0] cFreq2 = 0 Country Code = US
02-09 04:22:01.573 D/LOWI-9.0.0.87.a( 1318): [LOWI-Scan] BSS 38:a9:1c:35:03:0b (wlan0) ASSO: NO AddInfo: 0x0, TSF 0, 00:00:15.646, RSSI: -76, CPL: 127, AGE: 1144, SSID , TSFDelta: 0x65eecd1d, TXRate: 0
02-09 04:22:01.573 D/LOWI-9.0.0.87.a( 1318): [LOWI-Scan]
02-09 04:22:01.573 D/LOWI-9.0.0.87.a( 1318): [LOWI-Scan] print_bss_handler: Report Probe TSF 15646601 as it greater than Beacon TSF 15646201
02-09 04:22:01.573 D/LOWI-9.0.0.87.a( 1318): [LOWI-Scan] decode_rsn_wpa_ie: LOWI_ENCRYPTION_TYPE_WPA_PSK
02-09 04:22:01.573 D/LOWI-9.0.0.87.a( 1318): [LOWI-Scan] is_qcom_ie, bss_age: 0
02-09 04:22:01.573 D/LOWI-9.0.0.87.a( 1318): [LOWI-Scan] BSS 38:a9:1c:35:03:09 LOWI_PHY_MODE_11AC_VHT80(10), Beacon Interval: 100, LOWI_ENCRYPTION_TYPE_WPA_PSK 11mcRanging: No, ANQP: No, LCI: No, Civic: No, capability(0x0511): ESS Privacy SpectrumMgmt ShortSlotTime
02-09 04:22:01.573 D/LOWI-9.0.0.87.a( 1318): [LOWI-Scan] BSS 38:a9:1c:35:03:09 FREQ: 5180, cFreq1[40:80:160] = [5190:5210:0] cFreq2 = 0 Country Code = US
02-09 04:22:01.573 D/LOWI-9.0.0.87.a( 1318): [LOWI-Scan] BSS 38:a9:1c:35:03:09 (wlan0) ASSO: NO AddInfo: 0x0, TSF 0, 00:00:15.646, RSSI: -76, CPL: 127, AGE: 1144, SSID H3C_350304_5G, TSFDelta: 0x65f5a28b, TXRate: 0
02-09 04:22:01.573 D/LOWI-9.0.0.87.a( 1318): [LOWI-Scan]
02-09 04:22:01.573 D/LOWI-9.0.0.87.a( 1318): [LOWI-Scan] print_bss_handler: Report beacon TSF 15651242 as it greater than probe TSF 15651242
02-09 04:22:01.573 D/LOWI-9.0.0.87.a( 1318): [LOWI-Scan] decode_rsn_wpa_ie: LOWI_ENCRYPTION_TYPE_WPA_PSK
02-09 04:22:01.573 D/LOWI-9.0.0.87.a( 1318): [LOWI-Scan] is_qcom_ie, bss_age: 0
02-09 04:22:01.573 D/WifiNative( 1523): Scan result ready event
02-09 04:22:01.573 D/LOWI-9.0.0.87.a( 1318): [LOWI-Scan] BSS 18:6f:2d:81:16:e0 LOWI_PHY_MODE_11NG_HT20(5), Beacon Interval: 100, LOWI_ENCRYPTION_TYPE_WPA_PSK 11mcRanging: No, ANQP: No, LCI: No, Civic: No, capability(0x0531): ESS Privacy ShortPreamble SpectrumMgmt ShortSlotTime
02-09 04:22:01.573 D/LOWI-9.0.0.87.a( 1318): [LOWI-Scan] BSS 18:6f:2d:81:16:e0 FREQ: 2412, cFreq1[40:80:160] = [2412:0:0] cFreq2 = 0 Country Code = CN
02-09 04:22:01.573 D/LOWI-9.0.0.87.a( 1318): [LOWI-Scan] BSS 18:6f:2d:81:16:e0 (wlan0) ASSO: NO AddInfo: 0x1, TSF 0, 00:00:15.651, RSSI: -132, CPL: 127, AGE: 1140, SSID Testing , TSFDelta: 0xeb7ac47b, TXRate: 0
02-09 04:22:01.573 D/LOWI-9.0.0.87.a( 1318): [LOWI-Scan]
02-09 04:22:01.573 D/LOWI-9.0.0.87.a( 1318): [LOWI-Scan] print_bss_handler: Report Probe TSF 15682744 as it greater than Beacon TSF 15662535
02-09 04:22:01.573 D/LOWI-9.0.0.87.a( 1318): [LOWI-Scan] is_qcom_ie, bss_age: 0
02-09 04:22:01.573 D/LOWI-9.0.0.87.a( 1318): [LOWI-Scan] BSS 38:a9:1c:35:03:04 LOWI_PHY_MODE_11NG_HT20(5), Beacon Interval: 100, LOWI_ENCRYPTION_TYPE_OPEN 11mcRanging: No, ANQP: No, LCI: No, Civic: No, capability(0x0401): ESS ShortSlotTime
02-09 04:22:01.573 D/LOWI-9.0.0.87.a( 1318): [LOWI-Scan] BSS 38:a9:1c:35:03:04 FREQ: 2412, cFreq1[40:80:160] = [0:0:0] cFreq2 = 0 Country Code =
02-09 04:22:01.573 D/LOWI-9.0.0.87.a( 1318): [LOWI-Scan] BSS 38:a9:1c:35:03:04 (wlan0) ASSO: NO AddInfo: 0x0, TSF 0, 00:00:15.682, RSSI: -72, CPL: 127, AGE: 1108, SSID , TSFDelta: 0x67259618, TXRate: 0
02-09 04:22:01.573 D/LOWI-9.0.0.87.a( 1318): [LOWI-Scan]
02-09 04:22:01.573 D/LOWI-9.0.0.87.a( 1318): [LOWI-Scan] print_bss_handler: Report Probe TSF 15684401 as it greater than Beacon TSF 0
02-09 04:22:01.573 D/LOWI-9.0.0.87.a( 1318): [LOWI-Scan] decode_rsn_wpa_ie: LOWI_ENCRYPTION_TYPE_WPA_PSK
02-09 04:22:01.573 D/LOWI-9.0.0.87.a( 1318): [LOWI-Scan] is_qcom_ie, bss_age: 0
02-09 04:22:01.573 D/LOWI-9.0.0.87.a( 1318): [LOWI-Scan] BSS 38:a9:1c:35:03:06 LOWI_PHY_MODE_11NG_HT20(5), Beacon Interval: 100, LOWI_ENCRYPTION_TYPE_WPA_PSK 11mcRanging: No, ANQP: No, LCI: No, Civic: No, capability(0x0411): ESS Privacy ShortSlotTime
02-09 04:22:01.573 D/LOWI-9.0.0.87.a( 1318): [LOWI-Scan] BSS 38:a9:1c:35:03:06 FREQ: 2412, cFreq1[40:80:160] = [0:0:0] cFreq2 = 0 Country Code =
02-09 04:22:01.573 D/LOWI-9.0.0.87.a( 1318): [LOWI-Scan] BSS 38:a9:1c:35:03:06 (wlan0) ASSO: NO AddInfo: 0x0, TSF 0, 00:00:15.684, RSSI: -74, CPL: 127, AGE: 1104, SSID H3C_350304, TSFDelta: 0x67338061, TXRate: 0
02-09 04:22:01.573 D/LOWI-9.0.0.87.a( 1318): [LOWI-Scan]
02-09 04:22:01.573 D/LOWI-9.0.0.87.a( 1318): [LOWI-Scan] print_bss_handler: Report beacon TSF 15661091 as it greater than probe TSF 15661091
02-09 04:22:01.573 D/LOWI-9.0.0.87.a( 1318): [LOWI-Scan] is_qcom_ie, bss_age: 0
02-09 04:22:01.573 D/LOWI-9.0.0.87.a( 1318): [LOWI-Scan] BSS 18:6f:2d:81:16:e1 LOWI_PHY_MODE_11NG_HT20(5), Beacon Interval: 100, LOWI_ENCRYPTION_TYPE_OPEN 11mcRanging: No, ANQP: No, LCI: No, Civic: No, capability(0x0521): ESS ShortPreamble SpectrumMgmt ShortSlotTime
02-09 04:22:01.573 D/LOWI-9.0.0.87.a( 1318): [LOWI-Scan] BSS 18:6f:2d:81:16:e1 FREQ: 2412, cFreq1[40:80:160] = [2412:0:0] cFreq2 = 0 Country Code = CN
02-09 04:22:01.573 D/LOWI-9.0.0.87.a( 1318): [LOWI-Scan] BSS 18:6f:2d:81:16:e1 (wlan0) ASSO: NO AddInfo: 0x1, TSF 0, 00:00:15.661, RSSI: -128, CPL: 127, AGE: 1128, SSID Guest, TSFDelta: 0xebbb33df, TXRate: 0
02-09 04:22:01.573 D/LOWI-9.0.0.87.a( 1318): [LOWI-Scan]
02-09 04:22:01.573 D/LOWI-9.0.0.87.a( 1318): [LOWI-Scan] print_bss_handler: Report beacon TSF 15661133 as it greater than probe TSF 15661133
02-09 04:22:01.573 D/LOWI-9.0.0.87.a( 1318): [LOWI-Scan] decode_rsn_wpa_ie: LOWI_ENCRYPTION_TYPE_WPA_PSK
02-09 04:22:01.573 D/LOWI-9.0.0.87.a( 1318): [LOWI-Scan] is_qcom_ie, bss_age: 0
02-09 04:22:01.573 D/LOWI-9.0.0.87.a( 1318): [LOWI-Scan] BSS e2:a6:91:5c:d1:2e LOWI_PHY_MODE_11AC_VHT80(10), Beacon Interval: 100, LOWI_ENCRYPTION_TYPE_WPA_PSK 11mcRanging: No, ANQP: No, LCI: No, Civic: No, capability(0x1031): ESS Privacy ShortPreamble
02-09 04:22:01.573 D/LOWI-9.0.0.87.a( 1318): [LOWI-Scan] BSS e2:a6:91:5c:d1:2e FREQ: 5180, cFreq1[40:80:160] = [5190:5210:0] cFreq2 = 0 Country Code =
02-09 04:22:01.573 D/LOWI-9.0.0.87.a( 1318): [LOWI-Scan] BSS e2:a6:91:5c:d1:2e (wlan0) ASSO: NO AddInfo: 0x1, TSF 0, 00:00:15.661, RSSI: -162, CPL: 127, AGE: 1128, SSID HUAWEI-GM-test1-5G, TSFDelta: 0x6c5cf72c, TXRate: 0
02-09 04:22:01.573 D/LOWI-9.0.0.87.a( 1318): [LOWI-Scan]
02-09 04:22:01.573 D/LOWI-9.0.0.87.a( 1318): [LOWI-Scan] print_bss_handler: Report beacon TSF 15666460 as it greater than probe TSF 15666460
02-09 04:22:01.573 D/LOWI-9.0.0.87.a( 1318): [LOWI-Scan] decode_rsn_wpa_ie: LOWI_ENCRYPTION_TYPE_WPA_PSK
02-09 04:22:01.573 D/LOWI-9.0.0.87.a( 1318): [LOWI-Scan] is_qcom_ie, bss_age: 0
02-09 04:22:01.573 D/LOWI-9.0.0.87.a( 1318): [LOWI-Scan] BSS 18:6f:2d:81:16:e2 LOWI_PHY_MODE_11NG_HT20(5), Beacon Interval: 100, LOWI_ENCRYPTION_TYPE_WPA_PSK 11mcRanging: No, ANQP: No, LCI: No, Civic: No, capability(0x0531): ESS Privacy ShortPreamble SpectrumMgmt ShortSlotTime
02-09 04:22:01.573 D/LOWI-9.0.0.87.a( 1318): [LOWI-Scan] BSS 18:6f:2d:81:16:e2 FREQ: 2412, cFreq1[40:80:160] = [2412:0:0] cFreq2 = 0 Country Code = CN
02-09 04:22:01.573 D/LOWI-9.0.0.87.a( 1318): [LOWI-Scan] BSS 18:6f:2d:81:16:e2 (wlan0) ASSO: NO AddInfo: 0x1, TSF 0, 00:00:15.666, RSSI: -124, CPL: 127, AGE: 1124, SSID ThunderSoft_2.4G, TSFDelta: 0xebd76aae, TXRate: 0
02-09 04:22:01.573 D/LOWI-9.0.0.87.a( 1318): [LOWI-Scan]
02-09 04:22:01.573 D/LOWI-9.0.0.87.a( 1318): [LOWI-Scan] print_bss_handler: Report beacon TSF 15682715 as it greater than probe TSF 15682715
02-09 04:22:01.573 D/LOWI-9.0.0.87.a( 1318): [LOWI-Scan] decode_rsn_wpa_ie: LOWI_ENCRYPTION_TYPE_WPA_PSK
02-09 04:22:01.573 D/LOWI-9.0.0.87.a( 1318): [LOWI-Scan] is_qcom_ie, bss_age: 0
02-09 04:22:01.573 D/LOWI-9.0.0.87.a( 1318): [LOWI-Scan] BSS 18:6f:2d:81:16:e3 LOWI_PHY_MODE_11NG_HT20(5), Beacon Interval: 100, LOWI_ENCRYPTION_TYPE_WPA_PSK 11mcRanging: No, ANQP: No, LCI: No, Civic: No, capability(0x0531): ESS Privacy ShortPreamble SpectrumMgmt ShortSlotTime
02-09 04:22:01.573 D/LOWI-9.0.0.87.a( 1318): [LOWI-Scan] BSS 18:6f:2d:81:16:e3 FREQ: 2412, cFreq1[40:80:160] = [2412:0:0] cFreq2 = 0 Country Code = CN
02-09 04:22:01.573 D/LOWI-9.0.0.87.a( 1318): [LOWI-Scan] BSS 18:6f:2d:81:16:e3 (wlan0) ASSO: NO AddInfo: 0x1, TSF 0, 00:00:15.682, RSSI: -128, CPL: 127, AGE: 1108, SSID ZXHY, TSFDelta: 0xebef34e5, TXRate: 0
02-09 04:22:01.573 D/LOWI-9.0.0.87.a( 1318): [LOWI-Scan]
02-09 04:22:01.573 D/LOWI-9.0.0.87.a( 1318): [LOWI-Scan] print_bss_handler: Report Probe TSF 15682737 as it greater than Beacon TSF 0
02-09 04:22:01.573 D/LOWI-9.0.0.87.a( 1318): [LOWI-Scan] decode_rsn_wpa_ie: LOWI_ENCRYPTION_TYPE_WPA_PSK
02-09 04:22:01.573 D/LOWI-9.0.0.87.a( 1318): [LOWI-Scan] is_qcom_ie, bss_age: 0
02-09 04:22:01.573 D/LOWI-9.0.0.87.a( 1318): [LOWI-Scan] BSS 18:6f:2d:81:20:60 LOWI_PHY_MODE_11NG_HT20(5), Beacon Interval: 100, LOWI_ENCRYPTION_TYPE_WPA_PSK 11mcRanging: No, ANQP: No, LCI: No, Civic: No, capability(0x0531): ESS Privacy ShortPreamble SpectrumMgmt ShortSlotTime
02-09 04:22:01.573 D/LOWI-9.0.0.87.a( 1318): [LOWI-Scan] BSS 18:6f:2d:81:20:60 FREQ: 2412, cFreq1[40:80:160] = [2412:0:0] cFreq2 = 0 Country Code = CN
02-09 04:22:01.573 D/LOWI-9.0.0.87.a( 1318): [LOWI-Scan] BSS 18:6f:2d:81:20:60 (wlan0) ASSO: NO AddInfo: 0x0, TSF 0, 00:00:15.682, RSSI: -136, CPL: 127, AGE: 1108, SSID Testing , TSFDelta: 0xeaf99209, TXRate: 0
02-09 04:22:01.573 D/LOWI-9.0.0.87.a( 1318): [LOWI-Scan]
02-09 04:22:01.573 D/LOWI-9.0.0.87.a( 1318): [LOWI-Scan] print_bss_handler: Report beacon TSF 15682733 as it greater than probe TSF 15682733
02-09 04:22:01.573 D/LOWI-9.0.0.87.a( 1318): [LOWI-Scan] decode_rsn_wpa_ie: LOWI_ENCRYPTION_TYPE_WPA_PSK
02-09 04:22:01.573 D/LOWI-9.0.0.87.a( 1318): [LOWI-Scan] is_qcom_ie, bss_age: 0
02-09 04:22:01.573 D/LOWI-9.0.0.87.a( 1318): [LOWI-Scan] BSS 18:6f:2d:81:16:e4 LOWI_PHY_MODE_11NG_HT20(5), Beacon Interval: 100, LOWI_ENCRYPTION_TYPE_WPA_PSK 11mcRanging: No, ANQP: No, LCI: No, Civic: No, capability(0x0531): ESS Privacy ShortPreamble SpectrumMgmt ShortSlotTime
02-09 04:22:01.573 D/LOWI-9.0.0.87.a( 1318): [LOWI-Scan] BSS 18:6f:2d:81:16:e4 FREQ: 2412, cFreq1[40:80:160] = [2412:0:0] cFreq2 = 0 Country Code = CN
02-09 04:22:01.573 D/LOWI-9.0.0.87.a( 1318): [LOWI-Scan] BSS 18:6f:2d:81:16:e4 (wlan0) ASSO: NO AddInfo: 0x1, TSF 0, 00:00:15.682, RSSI: -128, CPL: 127, AGE: 1108, SSID Fanya, TSFDelta: 0xec139667, TXRate: 0
02-09 04:22:01.573 D/LOWI-9.0.0.87.a( 1318): [LOWI-Scan]
02-09 04:22:01.573 D/LOWI-9.0.0.87.a( 1318): [LOWI-Scan] print_bss_handler: Report beacon TSF 15701641 as it greater than probe TSF 15701641
02-09 04:22:01.573 D/LOWI-9.0.0.87.a( 1318): [LOWI-Scan] is_qcom_ie, bss_age: 0
02-09 04:22:01.573 D/LOWI-9.0.0.87.a( 1318): [LOWI-Scan] BSS 18:6f:2d:81:20:61 LOWI_PHY_MODE_11NG_HT20(5), Beacon Interval: 100, LOWI_ENCRYPTION_TYPE_OPEN 11mcRanging: No, ANQP: No, LCI: No, Civic: No, capability(0x0521): ESS ShortPreamble SpectrumMgmt ShortSlotTime
02-09 04:22:01.573 D/LOWI-9.0.0.87.a( 1318): [LOWI-Scan] BSS 18:6f:2d:81:20:61 FREQ: 2412, cFreq1[40:80:160] = [2412:0:0] cFreq2 = 0 Country Code = CN
02-09 04:22:01.573 D/LOWI-9.0.0.87.a( 1318): [LOWI-Scan] BSS 18:6f:2d:81:20:61 (wlan0) ASSO: NO AddInfo: 0x1, TSF 0, 00:00:15.701, RSSI: -136, CPL: 127, AGE: 1088, SSID Guest, TSFDelta: 0xeb987013, TXRate: 0
02-09 04:22:01.573 D/LOWI-9.0.0.87.a( 1318): [LOWI-Scan]
02-09 04:22:01.573 D/LOWI-9.0.0.87.a( 1318): [LOWI-Scan] print_bss_handler: Report Probe TSF 15867121 as it greater than Beacon TSF 0
02-09 04:22:01.573 D/LOWI-9.0.0.87.a( 1318): [LOWI-Scan] decode_rsn_wpa_ie: LOWI_ENCRYPTION_TYPE_WPA_PSK
02-09 04:22:01.573 D/LOWI-9.0.0.87.a( 1318): [LOWI-Scan] is_qcom_ie, bss_age: 0
02-09 04:22:01.573 D/LOWI-9.0.0.87.a( 1318): [LOWI-Scan] BSS 5c:02:14:f9:4f:d3 LOWI_PHY_MODE_11AC_VHT80(10), Beacon Interval: 100, LOWI_ENCRYPTION_TYPE_WPA_PSK 11mcRanging: No, ANQP: Yes, LCI: No, Civic: No, capability(0x1931): ESS Privacy ShortPreamble SpectrumMgmt APSD
02-09 04:22:01.573 D/LOWI-9.0.0.87.a( 1318): [LOWI-Scan] BSS 5c:02:14:f9:4f:d3 FREQ: 5745, cFreq1[40:80:160] = [5755:5775:0] cFreq2 = 0 Country Code = CN
02-09 04:22:01.573 D/LOWI-9.0.0.87.a( 1318): [LOWI-Scan] BSS 5c:02:14:f9:4f:d3 (wlan0) ASSO: NO AddInfo: 0x0, TSF 0, 00:00:15.867, RSSI: -104, CPL: 127, AGE: 924, SSID ThunderSoft_XTS_5G, TSFDelta: 0xfc2c8671, TXRate: 0
02-09 04:22:01.573 D/LOWI-9.0.0.87.a( 1318): [LOWI-Scan]
02-09 04:22:01.573 D/LOWI-9.0.0.87.a( 1318): [LOWI-Scan] print_bss_handler: Report Probe TSF 15867714 as it greater than Beacon TSF 0
02-09 04:22:01.573 D/LOWI-9.0.0.87.a( 1318): [LOWI-Scan] decode_rsn_wpa_ie: LOWI_ENCRYPTION_TYPE_WPA_PSK
02-09 04:22:01.573 D/LOWI-9.0.0.87.a( 1318): [LOWI-Scan] is_qcom_ie, bss_age: 0
02-09 04:22:01.573 D/LOWI-9.0.0.87.a( 1318): [LOWI-Scan] BSS f4:84:8d:21:25:a9 LOWI_PHY_MODE_11AC_VHT80(10), Beacon Interval: 100, LOWI_ENCRYPTION_TYPE_WPA_PSK 11mcRanging: No, ANQP: No, LCI: No, Civic: No, capability(0x1011): ESS Privacy
02-09 04:22:01.573 D/LOWI-9.0.0.87.a( 1318): [LOWI-Scan] BSS f4:84:8d:21:25:a9 FREQ: 5745, cFreq1[40:80:160] = [5755:5775:0] cFreq2 = 0 Country Code = CN
02-09 04:22:01.573 D/LOWI-9.0.0.87.a( 1318): [LOWI-Scan] BSS f4:84:8d:21:25:a9 (wlan0) ASSO: NO AddInfo: 0x0, TSF 0, 00:00:15.867, RSSI: -140, CPL: 127, AGE: 924, SSID hht, TSFDelta: 0xbae7d416, TXRate: 0
02-09 04:22:01.573 D/LOWI-9.0.0.87.a( 1318): [LOWI-Scan]
02-09 04:22:01.573 D/LOWI-9.0.0.87.a( 1318): [LOWI-Scan] print_bss_handler: Report beacon TSF 15895852 as it greater than probe TSF 15895852
02-09 04:22:01.573 D/LOWI-9.0.0.87.a( 1318): [LOWI-Scan] decode_rsn_wpa_ie: LOWI_ENCRYPTION_TYPE_WPA_PSK
02-09 04:22:01.573 D/LOWI-9.0.0.87.a( 1318): [LOWI-Scan] is_qcom_ie, bss_age: 0
02-09 04:22:01.573 D/LOWI-9.0.0.87.a( 1318): [LOWI-Scan] BSS 44:94:fc:3d:da:94 LOWI_PHY_MODE_11AC_VHT80(10), Beacon Interval: 100, LOWI_ENCRYPTION_TYPE_WPA_PSK 11mcRanging: No, ANQP: No, LCI: No, Civic: No, capability(0x1011): ESS Privacy
02-09 04:22:01.573 D/LOWI-9.0.0.87.a( 1318): [LOWI-Scan] BSS 44:94:fc:3d:da:94 FREQ: 5765, cFreq1[40:80:160] = [5755:5775:0] cFreq2 = 0 Country Code =
02-09 04:22:01.573 D/LOWI-9.0.0.87.a( 1318): [LOWI-Scan] BSS 44:94:fc:3d:da:94 (wlan0) ASSO: NO AddInfo: 0x1, TSF 0, 00:00:15.895, RSSI: -174, CPL: 127, AGE: 896, SSID _________________, TSFDelta: 0xfef35d2b, TXRate: 0
02-09 04:22:01.573 D/LOWI-9.0.0.87.a( 1318): [LOWI-Scan]
02-09 04:22:01.573 D/LOWI-9.0.0.87.a( 1318): [LOWI-Scan] print_bss_handler: Report Probe TSF 15955400 as it greater than Beacon TSF 0
02-09 04:22:01.573 D/LOWI-9.0.0.87.a( 1318): [LOWI-Scan] decode_rsn_wpa_ie: LOWI_ENCRYPTION_TYPE_WPA_PSK
02-09 04:22:01.573 D/LOWI-9.0.0.87.a( 1318): [LOWI-Scan] is_qcom_ie, bss_age: 0
02-09 04:22:01.573 D/LOWI-9.0.0.87.a( 1318): [LOWI-Scan] BSS 18:6f:2d:81:0d:84 LOWI_PHY_MODE_11NG_HT20(5), Beacon Interval: 100, LOWI_ENCRYPTION_TYPE_WPA_PSK 11mcRanging: No, ANQP: No, LCI: No, Civic: No, capability(0x0531): ESS Privacy ShortPreamble SpectrumMgmt ShortSlotTime
02-09 04:22:01.573 D/LOWI-9.0.0.87.a( 1318): [LOWI-Scan] BSS 18:6f:2d:81:0d:84 FREQ: 2427, cFreq1[40:80:160] = [2427:0:0] cFreq2 = 0 Country Code = CN
02-09 04:22:01.573 D/LOWI-9.0.0.87.a( 1318): [LOWI-Scan] BSS 18:6f:2d:81:0d:84 (wlan0) ASSO: NO AddInfo: 0x0, TSF 0, 00:00:15.955, RSSI: -154, CPL: 127, AGE: 836, SSID Fanya, TSFDelta: 0xf1f4abe1, TXRate: 0
02-09 04:22:01.573 D/LOWI-9.0.0.87.a( 1318): [LOWI-Scan]
02-09 04:22:01.573 D/LOWI-9.0.0.87.a( 1318): [LOWI-Scan] print_bss_handler: Report Probe TSF 15966963 as it greater than Beacon TSF 0
02-09 04:22:01.573 D/LOWI-9.0.0.87.a( 1318): [LOWI-Scan] decode_rsn_wpa_ie: LOWI_ENCRYPTION_TYPE_WPA_PSK
02-09 04:22:01.573 D/LOWI-9.0.0.87.a( 1318): [LOWI-Scan] is_qcom_ie, bss_age: 0
02-09 04:22:01.573 D/LOWI-9.0.0.87.a( 1318): [LOWI-Scan] BSS 18:6f:2d:0a:b8:50 LOWI_PHY_MODE_11AC_VHT20(8), Beacon Interval: 100, LOWI_ENCRYPTION_TYPE_WPA_PSK 11mcRanging: No, ANQP: No, LCI: No, Civic: No, capability(0x0111): ESS Privacy SpectrumMgmt
02-09 04:22:01.573 D/LOWI-9.0.0.87.a( 1318): [LOWI-Scan] BSS 18:6f:2d:0a:b8:50 FREQ: 5785, cFreq1[40:80:160] = [5785:0:0] cFreq2 = 0 Country Code = CN
02-09 04:22:01.573 D/LOWI-9.0.0.87.a( 1318): [LOWI-Scan] BSS 18:6f:2d:0a:b8:50 (wlan0) ASSO: NO AddInfo: 0x0, TSF 0, 00:00:15.966, RSSI: -148, CPL: 127, AGE: 824, SSID Testing , TSFDelta: 0x648a1cc9, TXRate: 0
02-09 04:22:01.573 D/LOWI-9.0.0.87.a( 1318): [LOWI-Scan]
02-09 04:22:01.573 D/LOWI-9.0.0.87.a( 1318): [LOWI-Scan] print_bss_handler: Report Probe TSF 15967120 as it greater than Beacon TSF 0
02-09 04:22:01.573 D/LOWI-9.0.0.87.a( 1318): [LOWI-Scan] is_qcom_ie, bss_age: 0
02-09 04:22:01.573 D/LOWI-9.0.0.87.a( 1318): [LOWI-Scan] BSS 18:6f:2d:0a:b8:51 LOWI_PHY_MODE_11AC_VHT20(8), Beacon Interval: 100, LOWI_ENCRYPTION_TYPE_OPEN 11mcRanging: No, ANQP: No, LCI: No, Civic: No, capability(0x0101): ESS SpectrumMgmt
02-09 04:22:01.573 D/LOWI-9.0.0.87.a( 1318): [LOWI-Scan] BSS 18:6f:2d:0a:b8:51 FREQ: 5785, cFreq1[40:80:160] = [5785:0:0] cFreq2 = 0 Country Code = CN
02-09 04:22:01.573 D/LOWI-9.0.0.87.a( 1318): [LOWI-Scan] BSS 18:6f:2d:0a:b8:51 (wlan0) ASSO: NO AddInfo: 0x0, TSF 0, 00:00:15.967, RSSI: -150, CPL: 127, AGE: 824, SSID Guest, TSFDelta: 0x648caca2, TXRate: 0
02-09 04:22:01.573 D/LOWI-9.0.0.87.a( 1318): [LOWI-Scan]
02-09 04:22:01.573 D/LOWI-9.0.0.87.a( 1318): [LOWI-Scan] print_bss_handler: Report Probe TSF 15967700 as it greater than Beacon TSF 0
02-09 04:22:01.573 D/LOWI-9.0.0.87.a( 1318): [LOWI-Scan] decode_rsn_wpa_ie: LOWI_ENCRYPTION_TYPE_WPA_PSK
02-09 04:22:01.573 D/LOWI-9.0.0.87.a( 1318): [LOWI-Scan] is_qcom_ie, bss_age: 0
02-09 04:22:01.573 D/LOWI-9.0.0.87.a( 1318): [LOWI-Scan] BSS 18:6f:2d:0a:b8:52 LOWI_PHY_MODE_11AC_VHT20(8), Beacon Interval: 100, LOWI_ENCRYPTION_TYPE_WPA_PSK 11mcRanging: No, ANQP: No, LCI: No, Civic: No, capability(0x0111): ESS Privacy SpectrumMgmt
02-09 04:22:01.573 D/LOWI-9.0.0.87.a( 1318): [LOWI-Scan] BSS 18:6f:2d:0a:b8:52 FREQ: 5785, cFreq1[40:80:160] = [5785:0:0] cFreq2 = 0 Country Code = CN
02-09 04:22:01.573 D/LOWI-9.0.0.87.a( 1318): [LOWI-Scan] BSS 18:6f:2d:0a:b8:52 (wlan0) ASSO: NO AddInfo: 0x0, TSF 0, 00:00:15.967, RSSI: -148, CPL: 127, AGE: 824, SSID ZXHY, TSFDelta: 0x64906964, TXRate: 0
02-09 04:22:01.573 D/LOWI-9.0.0.87.a( 1318): [LOWI-Scan]
02-09 04:22:01.573 D/LOWI-9.0.0.87.a( 1318): [LOWI-Scan] print_bss_handler: Report Probe TSF 15969157 as it greater than Beacon TSF 0
02-09 04:22:01.573 D/LOWI-9.0.0.87.a( 1318): [LOWI-Scan] decode_rsn_wpa_ie: LOWI_ENCRYPTION_TYPE_WPA_PSK
02-09 04:22:01.573 D/LOWI-9.0.0.87.a( 1318): [LOWI-Scan] is_qcom_ie, bss_age: 0
02-09 04:22:01.573 D/LOWI-9.0.0.87.a( 1318): [LOWI-Scan] BSS 18:6f:2d:0a:b8:53 LOWI_PHY_MODE_11AC_VHT20(8), Beacon Interval: 100, LOWI_ENCRYPTION_TYPE_WPA_PSK 11mcRanging: No, ANQP: No, LCI: No, Civic: No, capability(0x0111): ESS Privacy SpectrumMgmt
02-09 04:22:01.573 D/LOWI-9.0.0.87.a( 1318): [LOWI-Scan] BSS 18:6f:2d:0a:b8:53 FREQ: 5785, cFreq1[40:80:160] = [5785:0:0] cFreq2 = 0 Country Code = CN
02-09 04:22:01.573 D/LOWI-9.0.0.87.a( 1318): [LOWI-Scan] BSS 18:6f:2d:0a:b8:53 (wlan0) ASSO: NO AddInfo: 0x0, TSF 0, 00:00:15.969, RSSI: -148, CPL: 127, AGE: 820, SSID Fanya, TSFDelta: 0x64959d84, TXRate: 0
02-09 04:22:01.573 D/LOWI-9.0.0.87.a( 1318): [LOWI-Scan]
02-09 04:22:01.573 D/LOWI-9.0.0.87.a( 1318): [LOWI-Scan] print_bss_handler: Report Probe TSF 15969185 as it greater than Beacon TSF 0
02-09 04:22:01.573 D/LOWI-9.0.0.87.a( 1318): [LOWI-Scan] decode_rsn_wpa_ie: LOWI_ENCRYPTION_TYPE_WPA_PSK
02-09 04:22:01.573 D/LOWI-9.0.0.87.a( 1318): [LOWI-Scan] is_qcom_ie, bss_age: 0
02-09 04:22:01.573 D/LOWI-9.0.0.87.a( 1318): [LOWI-Scan] BSS 18:6f:2d:0a:b8:54 LOWI_PHY_MODE_11AC_VHT20(8), Beacon Interval: 100, LOWI_ENCRYPTION_TYPE_WPA_PSK 11mcRanging: No, ANQP: No, LCI: No, Civic: No, capability(0x0111): ESS Privacy SpectrumMgmt
02-09 04:22:01.573 D/LOWI-9.0.0.87.a( 1318): [LOWI-Scan] BSS 18:6f:2d:0a:b8:54 FREQ: 5785, cFreq1[40:80:160] = [5785:0:0] cFreq2 = 0 Country Code = CN
02-09 04:22:01.573 D/LOWI-9.0.0.87.a( 1318): [LOWI-Scan] BSS 18:6f:2d:0a:b8:54 (wlan0) ASSO: NO AddInfo: 0x0, TSF 0, 00:00:15.969, RSSI: -148, CPL: 127, AGE: 820, SSID ThunderSoft, TSFDelta: 0x649ae7cf, TXRate: 0
02-09 04:22:01.573 D/LOWI-9.0.0.87.a( 1318): [LOWI-Scan]
02-09 04:22:01.573 D/LOWI-9.0.0.87.a( 1318): [LOWI-Scan] print_bss_handler: Report Probe TSF 15970096 as it greater than Beacon TSF 0
02-09 04:22:01.573 D/LOWI-9.0.0.87.a( 1318): [LOWI-Scan] decode_rsn_wpa_ie: LOWI_ENCRYPTION_TYPE_WPA_PSK
02-09 04:22:01.573 D/LOWI-9.0.0.87.a( 1318): [LOWI-Scan] is_qcom_ie, bss_age: 0
02-09 04:22:01.573 D/LOWI-9.0.0.87.a( 1318): [LOWI-Scan] BSS 18:6f:2d:0a:b8:55 LOWI_PHY_MODE_11AC_VHT20(8), Beacon Interval: 100, LOWI_ENCRYPTION_TYPE_WPA_PSK 11mcRanging: No, ANQP: No, LCI: No, Civic: No, capability(0x0111): ESS Privacy SpectrumMgmt
02-09 04:22:01.573 D/LOWI-9.0.0.87.a( 1318): [LOWI-Scan] BSS 18:6f:2d:0a:b8:55 FREQ: 5785, cFreq1[40:80:160] = [5785:0:0] cFreq2 = 0 Country Code = CN
02-09 04:22:01.573 D/LOWI-9.0.0.87.a( 1318): [LOWI-Scan] BSS 18:6f:2d:0a:b8:55 (wlan0) ASSO: NO AddInfo: 0x0, TSF 0, 00:00:15.970, RSSI: -146, CPL: 127, AGE: 820, SSID GM, TSFDelta: 0x64a1df3f, TXRate: 0
02-09 04:22:01.573 D/LOWI-9.0.0.87.a( 1318): [LOWI-Scan]
02-09 04:22:01.573 D/LOWI-9.0.0.87.a( 1318): [LOWI-Scan] print_bss_handler: Report Probe TSF 15954056 as it greater than Beacon TSF 0
02-09 04:22:01.573 D/LOWI-9.0.0.87.a( 1318): [LOWI-Scan] decode_rsn_wpa_ie: LOWI_ENCRYPTION_TYPE_WPA_PSK
02-09 04:22:01.573 D/LOWI-9.0.0.87.a( 1318): [LOWI-Scan] is_qcom_ie, bss_age: 0
02-09 04:22:01.573 D/LOWI-9.0.0.87.a( 1318): [LOWI-Scan] BSS 18:6f:2d:81:0d:82 LOWI_PHY_MODE_11NG_HT20(5), Beacon Interval: 100, LOWI_ENCRYPTION_TYPE_WPA_PSK 11mcRanging: No, ANQP: No, LCI: No, Civic: No, capability(0x0531): ESS Privacy ShortPreamble SpectrumMgmt ShortSlotTime
02-09 04:22:01.573 D/LOWI-9.0.0.87.a( 1318): [LOWI-Scan] BSS 18:6f:2d:81:0d:82 FREQ: 2427, cFreq1[40:80:160] = [2427:0:0] cFreq2 = 0 Country Code = CN
02-09 04:22:01.573 D/LOWI-9.0.0.87.a( 1318): [LOWI-Scan] BSS 18:6f:2d:81:0d:82 (wlan0) ASSO: NO AddInfo: 0x0, TSF 0, 00:00:15.954, RSSI: -156, CPL: 127, AGE: 836, SSID ThunderSoft_2.4G, TSFDelta: 0xf1ea75f7, TXRate: 0
02-09 04:22:01.573 D/LOWI-9.0.0.87.a( 1318): [LOWI-Scan]
02-09 04:22:01.573 D/LOWI-9.0.0.87.a( 1318): [LOWI-Scan] print_bss_handler: Report beacon TSF 15968674 as it greater than probe TSF 15954472
02-09 04:22:01.573 D/LOWI-9.0.0.87.a( 1318): [LOWI-Scan] decode_rsn_wpa_ie: LOWI_ENCRYPTION_TYPE_WPA_PSK
02-09 04:22:01.573 D/LOWI-9.0.0.87.a( 1318): [LOWI-Scan] is_qcom_ie, bss_age: 0
02-09 04:22:01.573 D/LOWI-9.0.0.87.a( 1318): [LOWI-Scan] BSS 18:6f:2d:81:0d:83 LOWI_PHY_MODE_11NG_HT20(5), Beacon Interval: 100, LOWI_ENCRYPTION_TYPE_WPA_PSK 11mcRanging: No, ANQP: No, LCI: No, Civic: No, capability(0x0531): ESS Privacy ShortPreamble SpectrumMgmt ShortSlotTime
02-09 04:22:01.573 D/LOWI-9.0.0.87.a( 1318): [LOWI-Scan] BSS 18:6f:2d:81:0d:83 FREQ: 2427, cFreq1[40:80:160] = [2427:0:0] cFreq2 = 0 Country Code = CN
02-09 04:22:01.573 D/LOWI-9.0.0.87.a( 1318): [LOWI-Scan] BSS 18:6f:2d:81:0d:83 (wlan0) ASSO: NO AddInfo: 0x1, TSF 0, 00:00:15.968, RSSI: -154, CPL: 127, AGE: 820, SSID ZXHY, TSFDelta: 0xf1ef9951, TXRate: 0
02-09 04:22:01.573 D/LOWI-9.0.0.87.a( 1318): [LOWI-Scan]
02-09 04:22:01.573 D/LOWI-9.0.0.87.a( 1318): [LOWI-Scan] print_bss_handler: Report Probe TSF 16058499 as it greater than Beacon TSF 0
02-09 04:22:01.573 D/LOWI-9.0.0.87.a( 1318): [LOWI-Scan] decode_rsn_wpa_ie: LOWI_ENCRYPTION_TYPE_WPA_PSK
02-09 04:22:01.573 D/LOWI-9.0.0.87.a( 1318): [LOWI-Scan] is_qcom_ie, bss_age: 0
02-09 04:22:01.573 D/LOWI-9.0.0.87.a( 1318): [LOWI-Scan] BSS 18:6f:2d:81:18:40 LOWI_PHY_MODE_11NG_HT20(5), Beacon Interval: 100, LOWI_ENCRYPTION_TYPE_WPA_PSK 11mcRanging: No, ANQP: No, LCI: No, Civic: No, capability(0x0531): ESS Privacy ShortPreamble SpectrumMgmt ShortSlotTime
02-09 04:22:01.573 D/LOWI-9.0.0.87.a( 1318): [LOWI-Scan] BSS 18:6f:2d:81:18:40 FREQ: 2432, cFreq1[40:80:160] = [2432:0:0] cFreq2 = 0 Country Code = CN
02-09 04:22:01.573 D/LOWI-9.0.0.87.a( 1318): [LOWI-Scan] BSS 18:6f:2d:81:18:40 (wlan0) ASSO: NO AddInfo: 0x0, TSF 0, 00:00:16.058, RSSI: -140, CPL: 127, AGE: 732, SSID Testing , TSFDelta: 0xf84d6321, TXRate: 0
02-09 04:22:01.573 D/LOWI-9.0.0.87.a( 1318): [LOWI-Scan]
02-09 04:22:01.573 D/LOWI-9.0.0.87.a( 1318): [LOWI-Scan] print_bss_handler: Report Probe TSF 16062996 as it greater than Beacon TSF 0
02-09 04:22:01.573 D/LOWI-9.0.0.87.a( 1318): [LOWI-Scan] is_qcom_ie, bss_age: 0
02-09 04:22:01.573 D/LOWI-9.0.0.87.a( 1318): [LOWI-Scan] BSS 18:6f:2d:81:18:41 LOWI_PHY_MODE_11NG_HT20(5), Beacon Interval: 100, LOWI_ENCRYPTION_TYPE_OPEN 11mcRanging: No, ANQP: No, LCI: No, Civic: No, capability(0x0521): ESS ShortPreamble SpectrumMgmt ShortSlotTime
02-09 04:22:01.573 D/LOWI-9.0.0.87.a( 1318): [LOWI-Scan] BSS 18:6f:2d:81:18:41 FREQ: 2432, cFreq1[40:80:160] = [2432:0:0] cFreq2 = 0 Country Code = CN
02-09 04:22:01.573 D/LOWI-9.0.0.87.a( 1318): [LOWI-Scan] BSS 18:6f:2d:81:18:41 (wlan0) ASSO: NO AddInfo: 0x0, TSF 0, 00:00:16.062, RSSI: -140, CPL: 127, AGE: 728, SSID Guest, TSFDelta: 0xf8528993, TXRate: 0
02-09 04:22:01.573 D/LOWI-9.0.0.87.a( 1318): [LOWI-Scan]
02-09 04:22:01.573 D/LOWI-9.0.0.87.a( 1318): [LOWI-Scan] print_bss_handler: Report Probe TSF 16063267 as it greater than Beacon TSF 0
02-09 04:22:01.573 D/LOWI-9.0.0.87.a( 1318): [LOWI-Scan] decode_rsn_wpa_ie: LOWI_ENCRYPTION_TYPE_WPA_PSK
02-09 04:22:01.573 D/LOWI-9.0.0.87.a( 1318): [LOWI-Scan] is_qcom_ie, bss_age: 0
02-09 04:22:01.573 D/LOWI-9.0.0.87.a( 1318): [LOWI-Scan] BSS 18:6f:2d:81:18:42 LOWI_PHY_MODE_11NG_HT20(5), Beacon Interval: 100, LOWI_ENCRYPTION_TYPE_WPA_PSK 11mcRanging: No, ANQP: No, LCI: No, Civic: No, capability(0x0531): ESS Privacy ShortPreamble SpectrumMgmt ShortSlotTime
02-09 04:22:01.573 D/LOWI-9.0.0.87.a( 1318): [LOWI-Scan] BSS 18:6f:2d:81:18:42 FREQ: 2432, cFreq1[40:80:160] = [2432:0:0] cFreq2 = 0 Country Code = CN
02-09 04:22:01.573 D/LOWI-9.0.0.87.a( 1318): [LOWI-Scan] BSS 18:6f:2d:81:18:42 (wlan0) ASSO: NO AddInfo: 0x0, TSF 0, 00:00:16.063, RSSI: -144, CPL: 127, AGE: 728, SSID ThunderSoft_2.4G, TSFDelta: 0xf870b4fb, TXRate: 0
02-09 04:22:01.573 D/LOWI-9.0.0.87.a( 1318): [LOWI-Scan]
02-09 04:22:01.573 D/LOWI-9.0.0.87.a( 1318): [LOWI-Scan] print_bss_handler: Report Probe TSF 16084431 as it greater than Beacon TSF 0
02-09 04:22:01.573 D/LOWI-9.0.0.87.a( 1318): [LOWI-Scan] decode_rsn_wpa_ie: LOWI_ENCRYPTION_TYPE_WPA_PSK
02-09 04:22:01.573 D/LOWI-9.0.0.87.a( 1318): [LOWI-Scan] is_qcom_ie, bss_age: 0
02-09 04:22:01.573 D/LOWI-9.0.0.87.a( 1318): [LOWI-Scan] BSS 18:6f:2d:81:18:43 LOWI_PHY_MODE_11NG_HT20(5), Beacon Interval: 100, LOWI_ENCRYPTION_TYPE_WPA_PSK 11mcRanging: No, ANQP: No, LCI: No, Civic: No, capability(0x0531): ESS Privacy ShortPreamble SpectrumMgmt ShortSlotTime
02-09 04:22:01.573 D/LOWI-9.0.0.87.a( 1318): [LOWI-Scan] BSS 18:6f:2d:81:18:43 FREQ: 2432, cFreq1[40:80:160] = [2432:0:0] cFreq2 = 0 Country Code = CN
02-09 04:22:01.573 D/LOWI-9.0.0.87.a( 1318): [LOWI-Scan] BSS 18:6f:2d:81:18:43 (wlan0) ASSO: NO AddInfo: 0x0, TSF 0, 00:00:16.084, RSSI: -142, CPL: 127, AGE: 704, SSID ZXHY, TSFDelta: 0xf87ef38d, TXRate: 0
02-09 04:22:01.573 D/LOWI-9.0.0.87.a( 1318): [LOWI-Scan]
02-09 04:22:01.573 D/LOWI-9.0.0.87.a( 1318): [LOWI-Scan] print_bss_handler: Report Probe TSF 16170479 as it greater than Beacon TSF 16103063
02-09 04:22:01.573 D/LOWI-9.0.0.87.a( 1318): [LOWI-Scan] decode_rsn_wpa_ie: LOWI_ENCRYPTION_TYPE_WPA_PSK
02-09 04:22:01.573 D/LOWI-9.0.0.87.a( 1318): [LOWI-Scan] is_qcom_ie, bss_age: 0
02-09 04:22:01.573 D/LOWI-9.0.0.87.a( 1318): [LOWI-Scan] BSS 18:6f:2d:81:25:40 LOWI_PHY_MODE_11NG_HT20(5), Beacon Interval: 100, LOWI_ENCRYPTION_TYPE_WPA_PSK 11mcRanging: No, ANQP: No, LCI: No, Civic: No, capability(0x0531): ESS Privacy ShortPreamble SpectrumMgmt ShortSlotTime
02-09 04:22:01.573 D/LOWI-9.0.0.87.a( 1318): [LOWI-Scan] BSS 18:6f:2d:81:25:40 FREQ: 2437, cFreq1[40:80:160] = [2437:0:0] cFreq2 = 0 Country Code = CN
02-09 04:22:01.573 D/LOWI-9.0.0.87.a( 1318): [LOWI-Scan] BSS 18:6f:2d:81:25:40 (wlan0) ASSO: NO AddInfo: 0x0, TSF 0, 00:00:16.170, RSSI: -82, CPL: 127, AGE: 620, SSID Testing , TSFDelta: 0xd07d5030, TXRate: 0
02-09 04:22:01.573 D/LOWI-9.0.0.87.a( 1318): [LOWI-Scan]
02-09 04:22:01.573 D/LOWI-9.0.0.87.a( 1318): [LOWI-Scan] print_bss_handler: Report Probe TSF 16149776 as it greater than Beacon TSF 16113505
02-09 04:22:01.573 D/LOWI-9.0.0.87.a( 1318): [LOWI-Scan] is_qcom_ie, bss_age: 0
