02-09 04:22:01.674 I/LTE Application( 3659): startRootServiceSync true
02-09 04:22:01.674 I/LTE Application( 3659): startRootServiceSync initState LTEBC_MSP_NOT_INITIALIZED
02-09 04:22:01.674 I/LTE Application( 3659): setWakeupMode - mode :WAKEUP_MODE_BG
02-09 04:22:01.674 I/LTE Application( 3659): startRootServiceSync(): Started from BOOT
02-09 04:22:01.674 I/LTE Application( 3659): startRootServiceSync(): setting alarm wake up and exit from BOOT 1675887722174
02-09 04:22:01.674 I/LTE Application( 3659): scheduleNextWakeup appName: null wakeupInFg: false
02-09 04:22:01.674 I/LTE Application( 3659): wakeupTime is 1675887722174
02-09 04:22:01.675 D/CompatibilityChangeReporter( 1523): Compat change id reported: 168419799; UID 10058; state: DISABLED
02-09 04:22:01.675 D/CompatibilityInfo( 1523): mCompatibilityFlags - 4
02-09 04:22:01.675 D/CompatibilityInfo( 1523): applicationDensity - 240
02-09 04:22:01.675 D/CompatibilityInfo( 1523): applicationScale - 1.0
02-09 04:22:01.675 I/LTE Application( 3659): Next wakeup will be due to boot
02-09 04:22:01.675 D/CompatibilityChangeReporter( 3659): Compat change id reported: 160794467; UID 10075; state: ENABLED
02-09 04:22:01.675 D/PASRReceiver( 2799): Received Intent Intent { act=android.intent.action.BOOT_COMPLETED flg=0x89000010 cmp=com.qti.pasrservice/.PASRReceiver (has extras) }
02-09 04:22:01.676 D/CompatibilityChangeReporter( 1523): Compat change id reported: 171306433; UID 10075; state: ENABLED
02-09 04:22:01.676 D/CompatibilityInfo( 1523): mCompatibilityFlags - 4
02-09 04:22:01.676 D/CompatibilityInfo( 1523): applicationDensity - 240
02-09 04:22:01.676 D/CompatibilityInfo( 1523): applicationScale - 1.0
02-09 04:22:01.676 D/PASRReceiver( 2799): PASRService Auto Boot Started Successfully
02-09 04:22:01.676 E/PASRService( 2799): onCreate
02-09 04:22:01.677 I/LTE Application( 3659): Alarm Set to 1675887722174
02-09 04:22:01.677 D/CompatibilityInfo( 1523): mCompatibilityFlags - 4
02-09 04:22:01.677 D/CompatibilityInfo( 1523): applicationDensity - 240
02-09 04:22:01.677 D/CompatibilityInfo( 1523): applicationScale - 1.0
02-09 04:22:01.677 D/PASRService( 2799): PASRService started
02-09 04:22:01.677 I/MStatsReceiver( 2268): prop ==
02-09 04:22:01.677 I/MStatsReceiver( 2268): Received intent but prop is not set.
02-09 04:22:01.678 D/CompatibilityChangeReporter( 1523): Compat change id reported: 168419799; UID 10079; state: DISABLED
02-09 04:22:01.678 D/CompatibilityInfo( 1523): mCompatibilityFlags - 4
02-09 04:22:01.678 D/CompatibilityInfo( 1523): applicationDensity - 240
02-09 04:22:01.678 D/CompatibilityInfo( 1523): applicationScale - 1.0
02-09 04:22:01.678 I/MMParserExtractor( 1195): Created(0xb400007c63868710)
02-09 04:22:01.678 I/com.qti.ltebc( 3659): System.exit called, status: 0
02-09 04:22:01.678 I/AndroidRuntime( 3659): VM exiting with result code 0, cleanup skipped.
02-09 04:22:01.680 D/CompatibilityChangeReporter( 1523): Compat change id reported: 168419799; UID 10073; state: DISABLED
02-09 04:22:01.680 D/CompatibilityInfo( 1523): mCompatibilityFlags - 4
02-09 04:22:01.680 D/CompatibilityInfo( 1523): applicationDensity - 240
02-09 04:22:01.680 D/CompatibilityInfo( 1523): applicationScale - 1.0
02-09 04:22:01.681 D/CompatibilityInfo( 1523): mCompatibilityFlags - 4
02-09 04:22:01.681 D/CompatibilityInfo( 1523): applicationDensity - 240
02-09 04:22:01.681 D/CompatibilityInfo( 1523): applicationScale - 1.0
02-09 04:22:01.682 I/ExtendedUtils( 1202): printFileName fd(27) -> /product/media/audio/ui/KeypressReturn.ogg
02-09 04:22:01.682 I/QCCAuthMgr( 2554): BootReceiver - onReceive
02-09 04:22:01.682 I/QCCAuthMgr( 2554): android.intent.action.BOOT_COMPLETED intent received
02-09 04:22:01.682 D/QCCAuthMgr( 2554): SMQContentProvider query uri: content://com.qti.smq.Feedback.provider/smq_settings, selection: key=?, uri_matcher: 1
02-09 04:22:01.682 D/QCCAuthMgr( 2554): SMQContentProvider query tableName: smq_settings
02-09 04:22:01.682 I/QCCAuthMgr( 2554): BootReceiver - db is not initial
02-09 04:22:01.683 D/CompatibilityChangeReporter( 1523): Compat change id reported: 168419799; UID 10086; state: DISABLED
02-09 04:22:01.683 D/CompatibilityInfo( 1523): mCompatibilityFlags - 4
02-09 04:22:01.683 D/CompatibilityInfo( 1523): applicationDensity - 240
02-09 04:22:01.683 D/CompatibilityInfo( 1523): applicationScale - 1.0
02-09 04:22:01.683 I/QCC-Netstat:BootReceiver( 2812): android.intent.action.BOOT_COMPLETED received
02-09 04:22:01.683 I/MMParserExtractor( 1195): Created(0xb400007c63868710)
02-09 04:22:01.684 D/CompatibilityInfo( 1523): mCompatibilityFlags - 4
02-09 04:22:01.684 D/CompatibilityInfo( 1523): applicationDensity - 240
02-09 04:22:01.684 D/CompatibilityInfo( 1523): applicationScale - 1.0
02-09 04:22:01.685 I/am_uid_running( 1523): 10057
02-09 04:22:01.685 D/CompatibilityChangeReporter( 1523): Compat change id reported: 135634846; UID 10057; state: DISABLED
02-09 04:22:01.685 D/CompatibilityChangeReporter( 1523): Compat change id reported: 143937733; UID 10057; state: DISABLED
02-09 04:22:01.687 I/ExtendedUtils( 1202): printFileName fd(27) -> /product/media/audio/ui/KeypressInvalid.ogg
02-09 04:22:01.688 I/MMParserExtractor( 1195): Created(0xb400007c63868710)
02-09 04:22:01.688 D/Zygote ( 667): Forked child process 3707
02-09 04:22:01.688 I/am_proc_start( 1523): [0,3707,10057,com.qualcomm.qti.qms.service.connectionsecurity,broadcast,{com.qualcomm.qti.qms.service.connectionsecurity/com.qualcomm.qti.qms.service.connectionsecurity.ConnSecBroadcastReceiver}]
02-09 04:22:01.688 I/ActivityManager( 1523): Start proc 3707:com.qualcomm.qti.qms.service.connectionsecurity/u0a57 for broadcast {com.qualcomm.qti.qms.service.connectionsecurity/com.qualcomm.qti.qms.service.connectionsecurity.ConnSecBroadcastReceiver}
02-09 04:22:01.691 I/ExtendedUtils( 1202): printFileName fd(27) -> /product/media/audio/ui/KeypressDelete.ogg
02-09 04:22:01.693 I/MMParserExtractor( 1195): Created(0xb400007c63868710)
02-09 04:22:01.693 W/nectionsecurit( 3707): Using default instruction set features for ARM CPU variant (cortex-a9) using conservative defaults
02-09 04:22:01.694 E/nectionsecurit( 3707): Not starting debugger since process cannot load the jdwp agent.
02-09 04:22:01.695 D/ProcessState( 3707): Binder ioctl to enable oneway spam detection failed: Invalid argument
01-02 09:38:41.854 I/binder ( 0): 3707:3707 ioctl 40046210 ffcc5958 returned -22
02-09 04:22:01.696 I/ExtendedUtils( 1202): printFileName fd(27) -> /product/media/audio/ui/Dock.ogg
02-09 04:22:01.698 I/ActivityManager( 1523): Process com.qti.ltebc (pid 3659) has died: cch+5 CEM
02-09 04:22:01.698 I/libprocessgroup( 1523): Successfully killed process cgroup uid 10075 pid 3659 in 0ms
02-09 04:22:01.698 I/Zygote ( 666): Process 3659 exited cleanly (0)
02-09 04:22:01.698 I/am_proc_died( 1523): [0,3659,com.qti.ltebc,905,19]
02-09 04:22:01.698 I/am_uid_stopped( 1523): 10075
02-09 04:22:01.699 I/am_uid_active( 1523): 10057
02-09 04:22:01.699 I/am_proc_bound( 1523): [0,3707,com.qualcomm.qti.qms.service.connectionsecurity]
02-09 04:22:01.699 I/MMParserExtractor( 1195): Created(0xb400007c63868710)
02-09 04:22:01.699 D/CompatibilityChangeReporter( 1523): Compat change id reported: 168419799; UID 10057; state: DISABLED
02-09 04:22:01.699 D/CompatibilityInfo( 1523): mCompatibilityFlags - 4
02-09 04:22:01.699 D/CompatibilityInfo( 1523): applicationDensity - 240
02-09 04:22:01.699 D/CompatibilityInfo( 1523): applicationScale - 1.0
02-09 04:22:01.700 D/CompatibilityInfo( 1523): mCompatibilityFlags - 4
02-09 04:22:01.700 D/CompatibilityInfo( 1523): applicationDensity - 240
02-09 04:22:01.700 D/CompatibilityInfo( 1523): applicationScale - 1.0
02-09 04:22:01.702 D/CompatibilityChangeReporter( 3707): Compat change id reported: 171979766; UID 10057; state: DISABLED
02-09 04:22:01.703 I/ExtendedUtils( 1202): printFileName fd(27) -> /product/media/audio/ui/KeypressSpacebar.ogg
02-09 04:22:01.704 I/MMParserExtractor( 1195): Created(0xb400007c63868710)
02-09 04:22:01.706 D/ApplicationLoaders( 3707): Returning zygote-cached class loader: /system/framework/android.test.base.jar
02-09 04:22:01.707 I/ExtendedUtils( 1202): printFileName fd(27) -> /product/media/audio/ui/Effect_Tick.ogg
02-09 04:22:01.708 I/MMParserExtractor( 1195): Created(0xb400007c63868710)
02-09 04:22:01.711 I/ExtendedUtils( 1202): printFileName fd(27) -> /product/media/audio/ui/NFCInitiated.ogg
02-09 04:22:01.712 I/MMParserExtractor( 1195): Created(0xb400007c63868710)
02-09 04:22:01.714 D/nativeloader( 3707): classloader namespace configured for unbundled vendor apk. library_path=/vendor/app/ConnectionSecurityService/lib/arm:/vendor/app/ConnectionSecurityService/ConnectionSecurityService.apk!/lib/armeabi-v7a:/vendor/lib
02-09 04:22:01.715 I/ExtendedUtils( 1202): printFileName fd(27) -> /product/media/audio/ui/Undock.ogg
02-09 04:22:01.717 I/MMParserExtractor( 1195): Created(0xb400007c63868710)
02-09 04:22:01.720 I/ExtendedUtils( 1202): printFileName fd(27) -> /product/media/audio/ui/Unlock.ogg
02-09 04:22:01.721 I/MMParserExtractor( 1195): Created(0xb400007c63868710)
02-09 04:22:01.724 I/hpplay-java( 2758): [AsyncTask #7]:Bridge:getLelinkSoInfo info:90610
02-09 04:22:01.724 E/hpplay-java( 2758): [AsyncTask #7]:Bridge:soInfoCheck liblelink.so mismatch
02-09 04:22:01.724 E/hpplay-java( 2758): version:90610 / 90611
02-09 04:22:01.724 I/ExtendedUtils( 1202): printFileName fd(27) -> /product/media/audio/ui/LowBattery.ogg
02-09 04:22:01.726 I/Perf ( 3707): Connecting to perf service.
02-09 04:22:01.726 I/MMParserExtractor( 1195): Created(0xb400007c63868710)
02-09 04:22:01.729 I/ExtendedUtils( 1202): printFileName fd(27) -> /product/media/audio/ui/NFCSuccess.ogg
02-09 04:22:01.730 V/GraphicsEnvironment( 3707): ANGLE Developer option for 'com.qualcomm.qti.qms.service.connectionsecurity' set to: 'default'
02-09 04:22:01.730 V/GraphicsEnvironment( 3707): ANGLE GameManagerService for com.qualcomm.qti.qms.service.connectionsecurity: false
02-09 04:22:01.731 D/NetworkSecurityConfig( 3707): No Network Security Config specified, using platform default
02-09 04:22:01.731 D/NetworkSecurityConfig( 3707): No Network Security Config specified, using platform default
02-09 04:22:01.732 I/MMParserExtractor( 1195): Created(0xb400007c63868710)
02-09 04:22:01.733 D/CompatibilityInfo( 1523): mCompatibilityFlags - 4
02-09 04:22:01.733 D/CompatibilityInfo( 1523): applicationDensity - 240
02-09 04:22:01.733 D/CompatibilityInfo( 1523): applicationScale - 1.0
02-09 04:22:01.733 D/RCSService BC-Receiver( 2147): Boot Complete Event Received. Is IMS RCS Single Reg enabled0
02-09 04:22:01.733 D/RCSService BC-Receiver( 2147): START RCS SERVICE ON BOOTUP
02-09 04:22:01.734 I/QRCSService( 2147): onStartCommand- Call
02-09 04:22:01.734 I/QRCSService( 2147): Already HIDL-IUceService is Started
02-09 04:22:01.734 D/CompatibilityChangeReporter( 1523): Compat change id reported: 168419799; UID 10082; state: DISABLED
02-09 04:22:01.734 D/CompatibilityInfo( 1523): mCompatibilityFlags - 4
02-09 04:22:01.734 D/CompatibilityInfo( 1523): applicationDensity - 240
02-09 04:22:01.734 D/CompatibilityInfo( 1523): applicationScale - 1.0
02-09 04:22:01.735 D/hw-ProcessState( 2847): Binder ioctl to enable oneway spam detection failed: Invalid argument
01-02 09:38:41.894 I/binder ( 0): 2847:2847 ioctl 40046210 7ffaef1b24 returned -22
02-09 04:22:01.736 I/ExtendedUtils( 1202): printFileName fd(27) -> /product/media/audio/ui/VideoStop.ogg
02-09 04:22:01.737 D/CompatibilityChangeReporter( 1523): Compat change id reported: 168419799; UID 10084; state: DISABLED
02-09 04:22:01.737 D/CompatibilityInfo( 1523): mCompatibilityFlags - 4
02-09 04:22:01.737 D/CompatibilityInfo( 1523): applicationDensity - 240
02-09 04:22:01.737 D/CompatibilityInfo( 1523): applicationScale - 1.0
02-09 04:22:01.738 D/CompatibilityInfo( 1523): mCompatibilityFlags - 4
02-09 04:22:01.738 D/CompatibilityInfo( 1523): applicationDensity - 240
02-09 04:22:01.738 D/CompatibilityInfo( 1523): applicationScale - 1.0
02-09 04:22:01.738 I/MMParserExtractor( 1195): Created(0xb400007c63868710)
02-09 04:22:01.739 D/CompatibilityInfo( 1523): mCompatibilityFlags - 4
02-09 04:22:01.739 D/CompatibilityInfo( 1523): applicationDensity - 240
02-09 04:22:01.739 D/CompatibilityInfo( 1523): applicationScale - 1.0
02-09 04:22:01.739 D/TlogClient_BootCompletedReceiver( 2200): Receive device boot completed broadcast.
02-09 04:22:01.741 I/ExtendedUtils( 1202): printFileName fd(27) -> /product/media/audio/ui/NFCTransferInitiated.ogg
02-09 04:22:01.742 D/TlogClient_BootCompletedReceiver( 2200): starting LogCollectService
02-09 04:22:01.743 D/CompatibilityInfo( 1523): mCompatibilityFlags - 4
02-09 04:22:01.743 D/CompatibilityInfo( 1523): applicationDensity - 240
02-09 04:22:01.743 D/CompatibilityInfo( 1523): applicationScale - 1.0
02-09 04:22:01.743 D/TlogClient_BootCompletedReceiver( 2200): starting LogCollectService completed.
02-09 04:22:01.744 I/MMParserExtractor( 1195): Created(0xb400007c63868710)
02-09 04:22:01.745 D/CompatibilityInfo( 1523): mCompatibilityFlags - 4
02-09 04:22:01.745 D/CompatibilityInfo( 1523): applicationDensity - 240
02-09 04:22:01.745 D/CompatibilityInfo( 1523): applicationScale - 1.0
02-09 04:22:01.745 D/GameMode_BootCompletedReceiver( 2119): Receive device boot completed broadcast.
02-09 04:22:01.745 D/GameMode_BootCompletedReceiver( 2119): starting ActivityMonitoringService
02-09 04:22:01.746 D/CompatibilityInfo( 1523): mCompatibilityFlags - 4
02-09 04:22:01.746 D/CompatibilityInfo( 1523): applicationDensity - 240
02-09 04:22:01.746 D/CompatibilityInfo( 1523): applicationScale - 1.0
02-09 04:22:01.746 D/GameMode_BootCompletedReceiver( 2119): starting ActivityMonitoringService completed.
02-09 04:22:01.747 D/CompatibilityInfo( 1523): mCompatibilityFlags - 4
02-09 04:22:01.747 D/CompatibilityInfo( 1523): applicationDensity - 240
02-09 04:22:01.747 D/CompatibilityInfo( 1523): applicationScale - 1.0
02-09 04:22:01.747 D/TlogServer_DeviceBootReceiver( 2180): Receive device boot completed broadcast.
02-09 04:22:01.747 D/TlogServer_DeviceBootReceiver( 2180): starting CoreService
02-09 04:22:01.748 D/CompatibilityInfo( 1523): mCompatibilityFlags - 4
02-09 04:22:01.748 D/CompatibilityInfo( 1523): applicationDensity - 240
02-09 04:22:01.748 D/CompatibilityInfo( 1523): applicationScale - 1.0
02-09 04:22:01.748 D/TlogServer_DeviceBootReceiver( 2180): starting CoreService completed.
02-09 04:22:01.749 I/ExtendedUtils( 1202): printFileName fd(27) -> /product/media/audio/ui/NFCTransferComplete.ogg
02-09 04:22:01.749 D/CompatibilityInfo( 1523): mCompatibilityFlags - 4
02-09 04:22:01.749 D/TlogServer_CoreService( 2180): start Ap Ip Listener
02-09 04:22:01.749 D/CompatibilityInfo( 1523): applicationDensity - 240
02-09 04:22:01.749 D/CompatibilityInfo( 1523): applicationScale - 1.0
02-09 04:22:01.750 I/GameMode_ActivityMonitoringService( 2119): Updating top task to: TaskInfoContainer [topActivity=ComponentInfo{com.android.systemui/com.android.systemui.usb.UsbDebuggingActivity}, taskId=8, stackId=8, userId=0, displayId=0, position=6
02-09 04:22:01.750 D/CompatibilityInfo( 1523): mCompatibilityFlags - 4
02-09 04:22:01.750 D/CompatibilityInfo( 1523): applicationDensity - 240
02-09 04:22:01.750 D/CompatibilityInfo( 1523): applicationScale - 1.0
02-09 04:22:01.750 I/GameMode_ActivityMonitoringService( 2119): Notifying about top task: TaskInfoContainer [topActivity=ComponentInfo{com.android.systemui/com.android.systemui.usb.UsbDebuggingActivity}, taskId=8, stackId=8, userId=0, displayId=0, position=6
02-09 04:22:01.750 I/GameMode_ActivityMonitoringService( 2119): WindowMode: 1
02-09 04:22:01.750 E/GameMode_ActivityMonitoringService( 2119): onActivityLaunch:com.android.systemui
02-09 04:22:01.750 V/GameMode_GameTypeUtils( 2119): judge isGame:com.android.systemui
02-09 04:22:01.751 V/GameMode_GpuUtils( 2119): fps:60
02-09 04:22:01.751 I/ActivityManager( 1523): Finished processing BOOT_COMPLETED for u0
02-09 04:22:01.751 W/BroadcastQueue( 1523): Background execution not allowed: receiving Intent { act=android.intent.action.INPUT_METHOD_CHANGED flg=0x20000010 (has extras) } to com.baidu.input/.switchguide.InputMethodChangedReceiver
02-09 04:22:01.751 I/am_uid_running( 1523): 10018
02-09 04:22:01.751 D/CompatibilityChangeReporter( 1523): Compat change id reported: 135634846; UID 10018; state: DISABLED
02-09 04:22:01.751 D/CompatibilityChangeReporter( 1523): Compat change id reported: 177438394; UID 10018; state: DISABLED
02-09 04:22:01.751 D/CompatibilityChangeReporter( 1523): Compat change id reported: 135772972; UID 10018; state: DISABLED
02-09 04:22:01.751 D/CompatibilityChangeReporter( 1523): Compat change id reported: 135754954; UID 10018; state: ENABLED
02-09 04:22:01.752 D/CompatibilityChangeReporter( 1523): Compat change id reported: 143937733; UID 10018; state: ENABLED
02-09 04:22:01.752 I/MMParserExtractor( 1195): Created(0xb400007c63868710)
02-09 04:22:01.753 D/GameMode_GameModeActionUtils( 2119): Show GameMode entry by service!
02-09 04:22:01.753 W/ContextImpl( 2119): Calling a method in the system process without a qualified user: android.app.ContextImpl.startService:1816 android.content.ContextWrapper.startService:774 com.thundercomm.gamemode.ingame.services.GameModeActionUtils.startGameModeService:111 com.thundercomm.gamemode.ingame.services.GameModeActionUtils.startGameModeEntry:22 com.thundercomm.gamemode.ingame.services.ActivityMonitoringService$1.onActivityLaunch:139
02-09 04:22:01.754 D/CompatibilityInfo( 1523): mCompatibilityFlags - 4
02-09 04:22:01.754 D/CompatibilityInfo( 1523): applicationDensity - 240
02-09 04:22:01.754 D/CompatibilityInfo( 1523): applicationScale - 1.0
02-09 04:22:01.754 D/GameModeIF_GameModeSettings( 2119): getUriFor setting_content_uri_root = content://com.thundercomm.gamemode.api/gamemode_settings , name = gamemode_isgaming
02-09 04:22:01.755 I/GameModeConfig( 1523): Current uri is uri = content://com.thundercomm.gamemode.api/gamemode_settings/gamemode_isgaming
02-09 04:22:01.755 D/GameModeIF_GameModeSettings( 1523): getUriFor setting_content_uri_root = content://com.thundercomm.gamemode.api/gamemode_settings , name = gamemode_isgaming
02-09 04:22:01.755 D/GameModeIF_GameModeSettings( 2119): gamemode_isgaming set to 0
02-09 04:22:01.756 D/hw-ProcessState( 2119): Binder ioctl to enable oneway spam detection failed: Invalid argument
02-09 04:22:01.756 D/Zygote ( 666): Forked child process 3731
02-09 04:22:01.757 I/am_proc_start( 1523): [0,3731,10018,com.android.externalstorage,broadcast,{com.android.externalstorage/com.android.externalstorage.MountReceiver}]
02-09 04:22:01.757 I/ActivityManager( 1523): Start proc 3731:com.android.externalstorage/u0a18 for broadcast {com.android.externalstorage/com.android.externalstorage.MountReceiver}
01-02 09:38:41.915 I/binder ( 0): 2119:2119 ioctl 40046210 7ffaef0fc4 returned -22
02-09 04:22:01.757 I/GameModeConfig( 1523): isGameModeOn = false
02-09 04:22:01.757 I/GameModeConfig( 1523): isGameModeOn = false
02-09 04:22:01.757 I/GameModeConfig( 1523): isDisableVoice = true
02-09 04:22:01.757 I/ExtendedUtils( 1202): printFileName fd(27) -> /product/media/audio/ui/camera_click.ogg
02-09 04:22:01.757 I/GameModeConfig( 1523): isGameModeOn = false
02-09 04:22:01.757 I/GameModeConfig( 1523): isGameModeOn = false
02-09 04:22:01.757 I/GameModeConfig( 1523): isGameModeOn = false
02-09 04:22:01.758 I/tflite ( 2847): Initialized TensorFlow Lite runtime.
02-09 04:22:01.759 I/MMParserExtractor( 1195): Created(0xb400007c63868710)
02-09 04:22:01.759 I/GameMode_ActivityMonitoringService( 2119): [Perf]-lastSession=
02-09 04:22:01.759 D/GameModeIF_GameModeSettings( 2119): getUriFor setting_content_uri_root = content://com.thundercomm.gamemode.api/gamemode_settings , name = gamemode_enable
02-09 04:22:01.761 D/GameMode_GameModeService( 2119): onCreate
02-09 04:22:01.763 I/ExtendedUtils( 1202): printFileName fd(27) -> /product/media/audio/ui/camera_focus.ogg
02-09 04:22:01.764 E/externalstorag( 3731): Not starting debugger since process cannot load the jdwp agent.
02-09 04:22:01.765 D/ProcessState( 3731): Binder ioctl to enable oneway spam detection failed: Invalid argument
01-02 09:38:41.924 I/binder ( 0): 3731:3731 ioctl 40046210 7ffaef2474 returned -22
02-09 04:22:01.767 I/MMParserExtractor( 1195): Created(0xb400007c63868710)
02-09 04:22:01.767 I/am_proc_bound( 1523): [0,3731,com.android.externalstorage]
02-09 04:22:01.768 D/CompatibilityChangeReporter( 1523): Compat change id reported: 168419799; UID 10018; state: DISABLED
02-09 04:22:01.768 D/CompatibilityInfo( 1523): mCompatibilityFlags - 4
02-09 04:22:01.768 D/CompatibilityInfo( 1523): applicationDensity - 240
02-09 04:22:01.768 D/CompatibilityInfo( 1523): applicationScale - 1.0
02-09 04:22:01.771 I/ExtendedUtils( 1202): printFileName fd(27) -> /product/media/audio/ui/Lock.ogg
02-09 04:22:01.771 D/CompatibilityInfo( 1523): mCompatibilityFlags - 4
02-09 04:22:01.771 D/CompatibilityInfo( 1523): applicationDensity - 240
02-09 04:22:01.771 D/CompatibilityInfo( 1523): applicationScale - 1.0
02-09 04:22:01.772 D/CompatibilityChangeReporter( 3731): Compat change id reported: 171979766; UID 10018; state: ENABLED
02-09 04:22:01.773 I/MMParserExtractor( 1195): Created(0xb400007c63868710)
02-09 04:22:01.777 I/ExtendedUtils( 1202): printFileName fd(27) -> /product/media/audio/ui/InCallNotification.ogg
02-09 04:22:01.779 I/MMParserExtractor( 1195): Created(0xb400007c63868710)
02-09 04:22:01.783 I/ExtendedUtils( 1202): printFileName fd(27) -> /product/media/audio/ui/VideoRecord.ogg
02-09 04:22:01.786 I/MMParserExtractor( 1195): Created(0xb400007c63869970)
02-09 04:22:01.789 E/ThemeUtils( 2119): View class com.airbnb.lottie.LottieAnimationView is an AppCompat widget that can only be used with a Theme.AppCompat theme (or descendant).
02-09 04:22:01.790 I/ExtendedUtils( 1202): printFileName fd(27) -> /product/media/audio/ui/WirelessChargingStarted.ogg
02-09 04:22:01.792 I/MMParserExtractor( 1195): Created(0xb400007c63869970)
02-09 04:22:01.792 I/Perf ( 3731): Connecting to perf service.
02-09 04:22:01.796 V/GraphicsEnvironment( 3731): ANGLE Developer option for 'com.android.externalstorage' set to: 'default'
02-09 04:22:01.797 I/ExtendedUtils( 1202): printFileName fd(27) -> /product/media/audio/ui/Trusted.ogg
02-09 04:22:01.797 V/GraphicsEnvironment( 3731): ANGLE GameManagerService for com.android.externalstorage: false
02-09 04:22:01.798 I/MMParserExtractor( 1195): Created(0xb400007c63869970)
02-09 04:22:01.798 D/NetworkSecurityConfig( 3731): No Network Security Config specified, using platform default
02-09 04:22:01.798 D/NetworkSecurityConfig( 3731): No Network Security Config specified, using platform default
02-09 04:22:01.805 D/ExternalStorage( 3731): After updating volumes, found 1 active roots
02-09 04:22:01.808 D/ExternalStorage( 3731): After updating volumes, found 1 active roots
02-09 04:22:01.809 D/CompatibilityInfo( 1523): mCompatibilityFlags - 4
02-09 04:22:01.809 D/CompatibilityInfo( 1523): applicationDensity - 240
02-09 04:22:01.809 D/CompatibilityInfo( 1523): applicationScale - 1.0
02-09 04:22:01.810 D/ExternalStorage( 3731): After updating volumes, found 1 active roots
02-09 04:22:01.811 D/BufferPoolAccessor2.0( 1523): bufferpool2 0xb40000715c0505b8 : 0(0 size) total buffers - 0(0 size) used buffers - 2/7 (recycle/alloc) - 8/34 (fetch/transfer)
02-09 04:22:01.811 D/BufferPoolAccessor2.0( 1523): bufferpool2 0xb40000715c04e9f8 : 0(0 size) total buffers - 0(0 size) used buffers - 3/7 (recycle/alloc) - 4/24 (fetch/transfer)
02-09 04:22:01.811 D/BufferPoolAccessor2.0( 1523): bufferpool2 0xb40000715c054fb8 : 0(0 size) total buffers - 0(0 size) used buffers - 3/7 (recycle/alloc) - 4/34 (fetch/transfer)
02-09 04:22:01.811 D/BufferPoolAccessor2.0( 1523): bufferpool2 0xb40000715c04ee98 : 0(0 size) total buffers - 0(0 size) used buffers - 2/7 (recycle/alloc) - 7/26 (fetch/transfer)
02-09 04:22:01.811 D/BufferPoolAccessor2.0( 1523): bufferpool2 0xb40000715c052178 : 0(0 size) total buffers - 0(0 size) used buffers - 1/7 (recycle/alloc) - 6/24 (fetch/transfer)
02-09 04:22:01.811 D/BufferPoolAccessor2.0( 1523): evictor expired: 5, evicted: 5
02-09 04:22:01.812 D/BufferPoolAccessor2.0( 1286): bufferpool2 0xb4000070fef93318 : 0(0 size) total buffers - 0(0 size) used buffers - 15/16 (recycle/alloc) - 1/15 (fetch/transfer)
02-09 04:22:01.812 D/BufferPoolAccessor2.0( 1286): bufferpool2 0xb4000070fef940f8 : 0(0 size) total buffers - 0(0 size) used buffers - 8/10 (recycle/alloc) - 2/9 (fetch/transfer)
02-09 04:22:01.812 D/BufferPoolAccessor2.0( 1286): bufferpool2 0xb4000070fef94ed8 : 0(0 size) total buffers - 0(0 size) used buffers - 9/10 (recycle/alloc) - 1/9 (fetch/transfer)
02-09 04:22:01.812 D/BufferPoolAccessor2.0( 1286): bufferpool2 0xb4000070fef929d8 : 0(0 size) total buffers - 0(0 size) used buffers - 10/11 (recycle/alloc) - 2/10 (fetch/transfer)
02-09 04:22:01.812 D/BufferPoolAccessor2.0( 1286): bufferpool2 0xb4000070fef912b8 : 0(0 size) total buffers - 0(0 size) used buffers - 13/15 (recycle/alloc) - 2/14 (fetch/transfer)
02-09 04:22:01.812 D/BufferPoolAccessor2.0( 1286): bufferpool2 0xb4000070fef930c8 : 0(0 size) total buffers - 0(0 size) used buffers - 15/17 (recycle/alloc) - 2/16 (fetch/transfer)
02-09 04:22:01.812 D/BufferPoolAccessor2.0( 1286): bufferpool2 0xb4000070fef97188 : 0(0 size) total buffers - 0(0 size) used buffers - 5/7 (recycle/alloc) - 2/6 (fetch/transfer)
02-09 04:22:01.812 D/BufferPoolAccessor2.0( 1286): bufferpool2 0xb4000070fef96ce8 : 0(0 size) total buffers - 0(0 size) used buffers - 14/15 (recycle/alloc) - 1/14 (fetch/transfer)
02-09 04:22:01.812 D/BufferPoolAccessor2.0( 1286): evictor expired: 8, evicted: 8
02-09 04:22:01.812 D/CompatibilityInfo( 1523): mCompatibilityFlags - 4
02-09 04:22:01.812 D/CompatibilityInfo( 1523): applicationDensity - 240
02-09 04:22:01.812 D/CompatibilityInfo( 1523): applicationScale - 1.0
02-09 04:22:01.821 I/sysui_multi_action( 1523): [757,1501,758,1,793,200,794,0,795,200,796,17303299,797,com.android.wifi,806,android,857,NETWORK_AVAILABLE,858,2,947,0,1500,0,1688,1]
02-09 04:22:01.821 I/sysui_multi_action( 1523): [757,804,799,note_interruptive,801,0,802,1]
02-09 04:22:01.821 I/GameModeConfig( 1523): isGameModeOn = false
02-09 04:22:01.822 W/NotificationHistory( 1523): Attempted to add notif for locked/gone/disabled user 0
02-09 04:22:01.823 D/CompatibilityInfo( 1523): mCompatibilityFlags - 4
02-09 04:22:01.823 D/CompatibilityInfo( 1523): applicationDensity - 240
02-09 04:22:01.823 D/CompatibilityInfo( 1523): applicationScale - 1.0
02-09 04:22:01.831 I/am_uid_running( 1523): 10075
02-09 04:22:01.832 D/CompatibilityChangeReporter( 1523): Compat change id reported: 135634846; UID 10075; state: DISABLED
02-09 04:22:01.832 D/InterruptionStateProvider( 2018): No bubble up: not allowed to bubble: 0|android|17303299|com.android.wifi|1000
02-09 04:22:01.832 D/CompatibilityChangeReporter( 1523): Compat change id reported: 177438394; UID 10075; state: DISABLED
02-09 04:22:01.832 D/CompatibilityChangeReporter( 1523): Compat change id reported: 135772972; UID 10075; state: DISABLED
02-09 04:22:01.832 D/CompatibilityChangeReporter( 1523): Compat change id reported: 135754954; UID 10075; state: ENABLED
02-09 04:22:01.832 D/InterruptionStateProvider( 2018): No heads up: unimportant notification: 0|android|17303299|com.android.wifi|1000
02-09 04:22:01.832 D/PeopleSpaceWidgetMgr( 2018): Sbn doesn't contain valid PeopleTileKey: null/0/android
02-09 04:22:01.833 D/CompatibilityChangeReporter( 1523): Compat change id reported: 143937733; UID 10075; state: ENABLED
02-09 04:22:01.838 D/Zygote ( 666): Forked child process 3751
02-09 04:22:01.839 I/am_proc_start( 1523): [0,3751,10075,com.qti.ltebc,broadcast,{com.qti.ltebc/com.qualcomm.ltebc.LTEBroadcastReceiver}]
02-09 04:22:01.839 I/ActivityManager( 1523): Start proc 3751:com.qti.ltebc/u0a75 for broadcast {com.qti.ltebc/com.qualcomm.ltebc.LTEBroadcastReceiver}
02-09 04:22:01.842 I/MediaProvider( 2866): Scanned internal due to REASON_MOUNTED, found 230 items in 3182ms, 0 inserts 223 updates 0 deletes
02-09 04:22:01.843 V/GameMode_GameTypeUtils( 2119): judge isGame:com.android.calendar
02-09 04:22:01.843 V/GameMode_GameTypeUtils( 2119): judge isGame:com.android.deskclock
02-09 04:22:01.844 V/GameMode_GameTypeUtils( 2119): judge isGame:com.android.gallery3d
02-09 04:22:01.844 V/GameMode_GameTypeUtils( 2119): judge isGame:com.android.music
02-09 04:22:01.844 V/GameMode_GameTypeUtils( 2119): judge isGame:com.android.music
02-09 04:22:01.844 V/GameMode_GameTypeUtils( 2119): judge isGame:com.microsoft.emmx
02-09 04:22:01.844 V/GameMode_GameTypeUtils( 2119): judge isGame:com.android.documentsui
02-09 04:22:01.844 W/MediaProvider( 2866): getVolumePath for unknown volume: internal
02-09 04:22:01.844 V/GameMode_GameTypeUtils( 2119): judge isGame:com.hht.lebocast
02-09 04:22:01.845 V/GameMode_GameTypeUtils( 2119): judge isGame:com.sohu.inputmethod.sogou.car
02-09 04:22:01.846 W/MediaProvider( 2866): getVolumePath for unknown volume: internal
02-09 04:22:01.847 W/MediaProvider( 2866): getVolumePath for unknown volume: internal
02-09 04:22:01.847 E/com.qti.ltebc( 3751): Not starting debugger since process cannot load the jdwp agent.
02-09 04:22:01.848 W/MediaProvider( 2866): getVolumePath for unknown volume: internal
02-09 04:22:01.849 W/MediaProvider( 2866): getVolumePath for unknown volume: internal
02-09 04:22:01.849 D/ProcessState( 3751): Binder ioctl to enable oneway spam detection failed: Invalid argument
01-02 09:38:42.008 I/binder ( 0): 3751:3751 ioctl 40046210 7ffaef2474 returned -22
02-09 04:22:01.850 W/MediaProvider( 2866): getVolumePath for unknown volume: internal
02-09 04:22:01.850 W/MediaProvider( 2866): getVolumePath for unknown volume: internal
02-09 04:22:01.851 W/MediaProvider( 2866): getVolumePath for unknown volume: internal
02-09 04:22:01.852 W/MediaProvider( 2866): getVolumePath for unknown volume: internal
02-09 04:22:01.852 I/am_proc_bound( 1523): [0,3751,com.qti.ltebc]
02-09 04:22:01.852 W/MediaProvider( 2866): getVolumePath for unknown volume: internal
02-09 04:22:01.852 D/CompatibilityChangeReporter( 1523): Compat change id reported: 168419799; UID 10075; state: DISABLED
02-09 04:22:01.852 W/MediaProvider( 2866): getVolumePath for unknown volume: internal
02-09 04:22:01.852 D/CompatibilityInfo( 1523): mCompatibilityFlags - 4
02-09 04:22:01.852 D/CompatibilityInfo( 1523): applicationDensity - 240
02-09 04:22:01.852 D/CompatibilityInfo( 1523): applicationScale - 1.0
02-09 04:22:01.853 I/am_uid_active( 1523): 10075
02-09 04:22:01.853 D/CompatibilityInfo( 1523): mCompatibilityFlags - 4
02-09 04:22:01.853 D/CompatibilityInfo( 1523): applicationDensity - 240
02-09 04:22:01.853 D/CompatibilityInfo( 1523): applicationScale - 1.0
02-09 04:22:01.854 W/MediaProvider( 2866): getVolumePath for unknown volume: internal
02-09 04:22:01.854 W/MediaProvider( 2866): getVolumePath for unknown volume: internal
02-09 04:22:01.854 W/MediaProvider( 2866): getVolumePath for unknown volume: internal
02-09 04:22:01.854 D/CompatibilityChangeReporter( 3751): Compat change id reported: 171979766; UID 10075; state: ENABLED
02-09 04:22:01.855 W/MediaProvider( 2866): getVolumePath for unknown volume: internal
02-09 04:22:01.855 W/MediaProvider( 2866): getVolumePath for unknown volume: internal
02-09 04:22:01.855 W/MediaProvider( 2866): getVolumePath for unknown volume: internal
02-09 04:22:01.855 W/MediaProvider( 2866): getVolumePath for unknown volume: internal
02-09 04:22:01.856 W/MediaProvider( 2866): getVolumePath for unknown volume: internal
02-09 04:22:01.856 W/MediaProvider( 2866): getVolumePath for unknown volume: internal
02-09 04:22:01.856 W/MediaProvider( 2866): getVolumePath for unknown volume: internal
02-09 04:22:01.857 W/MediaProvider( 2866): getVolumePath for unknown volume: internal
02-09 04:22:01.857 W/MediaProvider( 2866): getVolumePath for unknown volume: internal
02-09 04:22:01.857 W/MediaProvider( 2866): getVolumePath for unknown volume: internal
02-09 04:22:01.859 I/mpu_uart( 645): [MSG-P:RECV]:No message received in 1000 ms
02-09 04:22:01.867 V/GameMode_GameTypeUtils( 2119): judge isGame:com.android.calendar
02-09 04:22:01.867 V/GameMode_GameTypeUtils( 2119): judge isGame:com.android.deskclock
02-09 04:22:01.867 V/GameMode_GameTypeUtils( 2119): judge isGame:com.android.gallery3d
02-09 04:22:01.867 V/GameMode_GameTypeUtils( 2119): judge isGame:com.android.music
02-09 04:22:01.867 V/GameMode_GameTypeUtils( 2119): judge isGame:com.android.music
02-09 04:22:01.867 V/GameMode_GameTypeUtils( 2119): judge isGame:com.microsoft.emmx
02-09 04:22:01.867 V/GameMode_GameTypeUtils( 2119): judge isGame:com.android.documentsui
02-09 04:22:01.867 V/GameMode_GameTypeUtils( 2119): judge isGame:com.hht.lebocast
02-09 04:22:01.867 V/GameMode_GameTypeUtils( 2119): judge isGame:com.sohu.inputmethod.sogou.car
02-09 04:22:01.869 I/MediaProvider( 2866): Scanned external_primary due to REASON_MOUNTED, found 18 items in 20ms, 0 inserts 0 updates 0 deletes
02-09 04:22:01.870 I/MediaProvider( 2866): End Intent { act=com.android.providers.media.action.SCAN_VOLUME (has extras) }
02-09 04:22:01.871 I/MediaProvider( 2866): Begin Intent { act=android.intent.action.MEDIA_MOUNTED dat=file:///storage/emulated/0 flg=0x5000010 cmp=com.android.providers.media.module/com.android.providers.media.MediaService (has extras) }
02-09 04:22:01.871 I/MediaProvider( 2866): Volume MediaVolume name: [external_primary] id: [emulated;0] user: [UserHandle{0}] path: [/storage/emulated/0] already attached
02-09 04:22:01.871 I/MediaProvider( 2866): End Intent { act=android.intent.action.MEDIA_MOUNTED dat=file:///storage/emulated/0 flg=0x5000010 cmp=com.android.providers.media.module/com.android.providers.media.MediaService (has extras) }
02-09 04:22:01.874 I/Perf ( 3751): Connecting to perf service.
02-09 04:22:01.877 E/ThemeUtils( 2119): View class androidx.appcompat.widget.SwitchCompat is an AppCompat widget that can only be used with a Theme.AppCompat theme (or descendant).
02-09 04:22:01.878 V/GraphicsEnvironment( 3751): ANGLE Developer option for 'com.qti.ltebc' set to: 'default'
02-09 04:22:01.879 V/GraphicsEnvironment( 3751): ANGLE GameManagerService for com.qti.ltebc: false
02-09 04:22:01.880 D/NetworkSecurityConfig( 3751): Using Network Security Config from resource network_security_config debugBuild: false
02-09 04:22:01.881 D/NetworkSecurityConfig( 3751): Using Network Security Config from resource network_security_config debugBuild: false
02-09 04:22:01.883 D/LTE Application( 3751): getLibraryName = msp
02-09 04:22:01.885 E/ThemeUtils( 2119): View class androidx.appcompat.widget.SwitchCompat is an AppCompat widget that can only be used with a Theme.AppCompat theme (or descendant).
02-09 04:22:01.887 E/ThemeUtils( 2119): View class androidx.appcompat.widget.SwitchCompat is an AppCompat widget that can only be used with a Theme.AppCompat theme (or descendant).
02-09 04:22:01.900 D/GameMode_GameModeService( 2119): type=hide_entry
02-09 04:22:01.900 V/GameMode_GameTypeUtils( 2119): judge isGame:com.android.systemui
02-09 04:22:01.900 E/GameMode_GameModeNotificationListenerService( 2119): title :连接到开放的 WLAN 网络content :Guest,PackageName:android,isGameModeOn:false,isBulletScreenOn:false,isBulletScreenPackage:false
02-09 04:22:01.901 I/MMParserExtractor( 1195): Created(0xb400007c63869970)
02-09 04:22:01.903 D/MediaCodecList( 2119): codecHandlesFormat: no format, so no extra checks
02-09 04:22:01.903 D/MediaCodecList( 2119): codecHandlesFormat: no format, so no extra checks
02-09 04:22:01.903 D/CCodec ( 2119): allocate(c2.android.vorbis.decoder)
02-09 04:22:01.905 I/Codec2Client( 2119): Available Codec2 services: "default" "software"
02-09 04:22:01.906 I/CCodec ( 2119): setting up 'default' as default (vendor) store
02-09 04:22:01.907 V/C2Store ( 1286): in init
02-09 04:22:01.907 V/C2Store ( 1286): loading dll
02-09 04:22:01.908 I/CCodec ( 2119): Created component [c2.android.vorbis.decoder]
02-09 04:22:01.908 D/CCodecConfig( 2119): read media type: audio/vorbis
02-09 04:22:01.909 D/ReflectedParamUpdater( 2119): extent() != 1 for single value type: algo.buffers.max-count.values
02-09 04:22:01.909 D/ReflectedParamUpdater( 2119): extent() != 1 for single value type: output.subscribed-indices.values
02-09 04:22:01.909 D/ReflectedParamUpdater( 2119): extent() != 1 for single value type: input.buffers.allocator-ids.values
02-09 04:22:01.909 D/ReflectedParamUpdater( 2119): extent() != 1 for single value type: output.buffers.allocator-ids.values
02-09 04:22:01.909 D/ReflectedParamUpdater( 2119): extent() != 1 for single value type: algo.buffers.allocator-ids.values
02-09 04:22:01.909 D/ReflectedParamUpdater( 2119): extent() != 1 for single value type: output.buffers.pool-ids.values
02-09 04:22:01.909 D/ReflectedParamUpdater( 2119): extent() != 1 for single value type: algo.buffers.pool-ids.values
02-09 04:22:01.909 I/CCodecConfig( 2119): query failed after returning 7 values (BAD_INDEX)
02-09 04:22:01.909 D/CCodecConfig( 2119): c2 config diff is Dict {
02-09 04:22:01.909 D/CCodecConfig( 2119): c2::u32 coded.bitrate.value = 64000
02-09 04:22:01.909 D/CCodecConfig( 2119): c2::u32 input.buffers.max-size.value = 32768
02-09 04:22:01.909 D/CCodecConfig( 2119): c2::u32 input.delay.value = 0
02-09 04:22:01.909 D/CCodecConfig( 2119): string input.media-type.value = "audio/vorbis"
02-09 04:22:01.909 D/CCodecConfig( 2119): string output.media-type.value = "audio/raw"
02-09 04:22:01.909 D/CCodecConfig( 2119): c2::u32 raw.channel-count.value = 1
02-09 04:22:01.909 D/CCodecConfig( 2119): c2::u32 raw.sample-rate.value = 48000
02-09 04:22:01.909 D/CCodecConfig( 2119): }
02-09 04:22:01.910 D/CCodec ( 2119): [c2.android.vorbis.decoder] buffers are bound to CCodec for this session
02-09 04:22:01.910 D/CCodecConfig( 2119): no c2 equivalents for durationUs
02-09 04:22:01.910 D/CCodecConfig( 2119): no c2 equivalents for track-id
02-09 04:22:01.910 D/CCodecConfig( 2119): no c2 equivalents for csd-1
02-09 04:22:01.910 D/CCodecConfig( 2119): no c2 equivalents for language
02-09 04:22:01.910 D/CCodecConfig( 2119): no c2 equivalents for file-format
02-09 04:22:01.910 D/CCodecConfig( 2119): no c2 equivalents for flags
02-09 04:22:01.910 D/CCodecConfig( 2119): config failed => CORRUPTED
02-09 04:22:01.910 D/CCodecConfig( 2119): c2 config diff is c2::u32 coded.bitrate.value = 48000
02-09 04:22:01.910 W/Codec2Client( 2119): query -- param skipped: index = 1107298332.
02-09 04:22:01.910 D/CCodec ( 2119): setup formats input: AMessage(what = 0x00000000) = {
02-09 04:22:01.910 D/CCodec ( 2119): int32_t bitrate = 48000
02-09 04:22:01.910 D/CCodec ( 2119): int32_t channel-count = 1
02-09 04:22:01.910 D/CCodec ( 2119): int32_t max-input-size = 65307
02-09 04:22:01.910 D/CCodec ( 2119): string mime = "audio/vorbis"
02-09 04:22:01.910 D/CCodec ( 2119): int32_t sample-rate = 48000
02-09 04:22:01.910 D/CCodec ( 2119): }
02-09 04:22:01.910 D/CCodec ( 2119): setup formats output: AMessage(what = 0x00000000) = {
02-09 04:22:01.910 D/CCodec ( 2119): int32_t channel-count = 1
02-09 04:22:01.910 D/CCodec ( 2119): string mime = "audio/raw"
02-09 04:22:01.910 D/CCodec ( 2119): int32_t sample-rate = 48000
02-09 04:22:01.910 D/CCodec ( 2119): int32_t android._config-pcm-encoding = 2
02-09 04:22:01.910 D/CCodec ( 2119): }
02-09 04:22:01.910 I/CCodecConfig( 2119): query failed after returning 7 values (BAD_INDEX)
02-09 04:22:01.910 W/Codec2Client( 2119): query -- param skipped: index = 1342179345.
02-09 04:22:01.910 W/Codec2Client( 2119): query -- param skipped: index = 2415921170.
02-09 04:22:01.910 D/C2Store ( 2119): Using ION
02-09 04:22:01.911 D/CCodecBufferChannel( 2119): [c2.android.vorbis.decoder#977] Created input block pool with allocatorID 16 => poolID 17 - OK (0)
02-09 04:22:01.911 D/BufferPoolAccessor2.0( 1523): Destruction - bufferpool2 0xb40000715c055458 cached: 0/0M, 0/0% in use; allocs: 7, 14% recycled; transfers: 18, 56% unfetched
02-09 04:22:01.911 D/BufferPoolAccessor2.0( 1523): Destruction - bufferpool2 0xb40000715c04e9f8 cached: 0/0M, 0/0% in use; allocs: 7, 43% recycled; transfers: 24, 83% unfetched
02-09 04:22:01.911 D/BufferPoolAccessor2.0( 1523): Destruction - bufferpool2 0xb40000715c04ee98 cached: 0/0M, 0/0% in use; allocs: 7, 29% recycled; transfers: 26, 73% unfetched
02-09 04:22:01.911 D/BufferPoolAccessor2.0( 1523): Destruction - bufferpool2 0xb40000715c052178 cached: 0/0M, 0/0% in use; allocs: 7, 14% recycled; transfers: 24, 75% unfetched
02-09 04:22:01.911 D/BufferPoolAccessor2.0( 1523): Destruction - bufferpool2 0xb40000715c0505b8 cached: 0/0M, 0/0% in use; allocs: 7, 29% recycled; transfers: 34, 76% unfetched
02-09 04:22:01.911 D/BufferPoolAccessor2.0( 1523): Destruction - bufferpool2 0xb40000715c054fb8 cached: 0/0M, 0/0% in use; allocs: 7, 43% recycled; transfers: 34, 88% unfetched
02-09 04:22:01.911 D/BufferPoolAccessor2.0( 2018): Destruction - bufferpool2 0xb40000715c036c68 cached: 0/0M, 0/0% in use; allocs: 7, 43% recycled; transfers: 36, 83% unfetched
02-09 04:22:01.911 I/CCodecBufferChannel( 2119): [c2.android.vorbis.decoder#977] Created output block pool with allocatorID 16 => poolID 27 - OK
02-09 04:22:01.911 D/CCodecBufferChannel( 2119): [c2.android.vorbis.decoder#977] Configured output block pool ids 27 => OK
02-09 04:22:01.911 D/BufferPoolAccessor2.0( 2018): bufferpool2 0xb40000715c036a18 : 0(0 size) total buffers - 0(0 size) used buffers - 1/7 (recycle/alloc) - 6/38 (fetch/transfer)
02-09 04:22:01.911 D/BufferPoolAccessor2.0( 2018): Destruction - bufferpool2 0xb40000715c036a18 cached: 0/0M, 0/0% in use; allocs: 7, 14% recycled; transfers: 38, 84% unfetched
02-09 04:22:01.911 D/BufferPoolAccessor2.0( 2018): bufferpool2 0xb40000715c0360d8 : 0(0 size) total buffers - 0(0 size) used buffers - 2/7 (recycle/alloc) - 5/18 (fetch/transfer)
02-09 04:22:01.911 D/BufferPoolAccessor2.0( 2018): Destruction - bufferpool2 0xb40000715c0360d8 cached: 0/0M, 0/0% in use; allocs: 7, 29% recycled; transfers: 18, 72% unfetched
02-09 04:22:01.911 D/CCodecBufferChannel( 2119): [c2.android.vorbis.decoder#977] start: updating output delay 0
02-09 04:22:01.912 E/ion ( 2119): ioctl c0044901 failed with code -1: Inappropriate ioctl for device
02-09 04:22:01.912 I/CCodecBufferChannel( 2119): pipelineRoom(3) is <= numClientBuffers(3). Not signalling any more buffers to client
02-09 04:22:01.912 D/SimpleC2Component( 1286): Using output block pool with poolID 27 => got 27 - 0
02-09 04:22:01.912 D/MediaBufferGroup( 1195): creating MemoryDealer
02-09 04:22:01.912 I/CCodecBufferChannel( 2119): pipelineRoom(2) is <= numClientBuffers(2). Not signalling any more buffers to client
02-09 04:22:01.912 I/CCodecBufferChannel( 2119): pipelineRoom(1) is <= numClientBuffers(1). Not signalling any more buffers to client
02-09 04:22:01.922 D/CCodecBufferChannel( 2119): [c2.android.vorbis.decoder#977] MediaCodec discarded an unknown buffer
02-09 04:22:01.922 D/CCodecBufferChannel( 2119): [c2.android.vorbis.decoder#977] MediaCodec discarded an unknown buffer
02-09 04:22:01.922 D/CCodecBufferChannel( 2119): [c2.android.vorbis.decoder#977] MediaCodec discarded an unknown buffer
02-09 04:22:01.922 I/hw-BpHwBinder( 2119): onLastStrongRef automatically unlinking death recipients
02-09 04:22:01.922 I/hw-BpHwBinder( 1286): onLastStrongRef automatically unlinking death recipients
02-09 04:22:01.922 V/C2Store ( 1286): in ~ComponentModule
02-09 04:22:01.922 V/C2Store ( 1286): unloading dll
02-09 04:22:02.016 D/audio_hw_primary( 800): out_set_parameters: enter: usecase(1: low-latency-playback) kvpairs: suspend_playback=false
02-09 04:22:02.016 D/audio_hw_extn( 800): audio_extn_fm_set_parameters: Enter
02-09 04:22:02.016 W/audio_hw_primary( 800): out_write: underrun(2) frames_by_time(48096) > out->last_fifo_frames_remaining(384)
02-09 04:22:02.024 I/hpplay-java( 2758): [AsyncTask #7]:Bridge:getLelinkSoInfo info:90610
02-09 04:22:02.024 E/hpplay-java( 2758): [AsyncTask #7]:Bridge:soInfoCheck liblelink.so mismatch
02-09 04:22:02.024 E/hpplay-java( 2758): version:90610 / 90611
02-09 04:22:02.053 D/audio_hw_primary( 800): out_set_parameters: enter: usecase(1: low-latency-playback) kvpairs: suspend_playback=true
02-09 04:22:02.053 D/audio_hw_extn( 800): audio_extn_fm_set_parameters: Enter
02-09 04:22:02.150 I/MSP-JNI ( 3751): JNI_OnLoad called
02-09 04:22:02.150 E/MSP-JNI ( 3751): Failed to get class in Jload
02-09 04:22:02.150 I/MSP-JNI ( 3751): FindClass - com/qualcomm/ltebc/LTEBroadcastService JNI EXCEPTION CLEARED
02-09 04:22:02.150 I/MSP-JNI ( 3751): JNI_OnLoad: Initializing File Delivery references
02-09 04:22:02.151 I/MSP-JNI ( 3751): FindClass CARRIER_SPECIFIC_CLASS_DEFINITION JNI EXCEPTION CLEARED
02-09 04:22:02.151 I/MSP-JNI ( 3751): JNI_OnLoad: Completed File Delivery initialization
02-09 04:22:02.152 I/LTE Application( 3751): LTEApplicationCreate
02-09 04:22:02.153 I/LTE Application( 3751): applicationContext : com.qualcomm.ltebc.LTEQTIApplication@792dd7a
02-09 04:22:02.154 I/LTE QMI Link( 3751): Creating QMI Link
02-09 04:22:02.155 D/LTE Application( 3751): packageName = com.qti.ltebc versionCode = 5401010 versionName = MSDC_LA_5.4.01.01.0
02-09 04:22:02.155 I/LTE Application( 3751): LTE Broadcast Library Release Version = MSDC_LA_5.4.01.01.0
02-09 04:22:02.155 D/LTE Application( 3751): IntentSender : Last intent Status NOT_SENT forcedBroadcast flag = true
02-09 04:22:02.155 D/LTE Application( 3751): sendBroadcastIntent IntentAction : Sending com.qualcomm.intent.EMBMS_STATUS ACTIVE = false
02-09 04:22:02.156 W/SOCKET ( 3751): ConnectionManager constructor has been initialised
02-09 04:22:02.156 E/System ( 3751): Ignoring attempt to set property "java.net.preferIPv6Addresses" to value "false".
02-09 04:22:02.158 D/LTE Application( 3751): Android API Version 31
02-09 04:22:02.158 I/LTE Application( 3751): Package Name : com.qti.ltebc
02-09 04:22:02.159 I/LTE Application( 3751): app is not whitelisted
02-09 04:22:02.160 I/LTE Broadcast Receiver( 3751): Broadcast Receiver Received intent : Intent { act=android.intent.action.MEDIA_MOUNTED dat=file:///storage/emulated/0 flg=0x5000010 cmp=com.qti.ltebc/com.qualcomm.ltebc.LTEBroadcastReceiver (has extras) }
02-09 04:22:02.160 I/LTE Broadcast Receiver( 3751): Handled media mounted or unmounted event
02-09 04:22:02.160 E/LTE Broadcast Receiver( 3751): Received media mounted event when MSP is not initialized
02-09 04:22:02.160 I/LTE Application( 3751): getStartupReason - startup_reason: STARTUP_REASON_NOTSET
02-09 04:22:02.160 I/LTE Broadcast Receiver( 3751): Middleware is started due to media event..exiting app
02-09 04:22:02.162 I/com.qti.ltebc( 3751): System.exit called, status: 0
02-09 04:22:02.163 I/AndroidRuntime( 3751): VM exiting with result code 0, cleanup skipped.
02-09 04:22:02.163 W/System ( 2676): A resource failed to call close.
02-09 04:22:02.163 W/System ( 2676): A resource failed to call close.
02-09 04:22:02.164 W/System ( 2676): A resource failed to call close.
02-09 04:22:02.164 W/System ( 2676): A resource failed to call close.
02-09 04:22:02.177 I/ActivityManager( 1523): Process com.qti.ltebc (pid 3751) has died: fg RCVR
02-09 04:22:02.177 I/libprocessgroup( 1523): Successfully killed process cgroup uid 10075 pid 3751 in 0ms
02-09 04:22:02.177 I/Zygote ( 666): Process 3751 exited cleanly (0)
02-09 04:22:02.178 I/am_proc_died( 1523): [0,3751,com.qti.ltebc,0,11]
02-09 04:22:02.178 I/am_broadcast_discard_app( 1523): [0,244652578,android.intent.action.MEDIA_MOUNTED,2,ResolveInfo{20c091b com.qti.ltebc/com.qualcomm.ltebc.LTEBroadcastReceiver m=0x208000}]
02-09 04:22:02.178 I/am_uid_stopped( 1523): 10075
02-09 04:22:02.179 D/CompatibilityInfo( 1523): mCompatibilityFlags - 4
02-09 04:22:02.179 D/CompatibilityInfo( 1523): applicationDensity - 240
02-09 04:22:02.179 D/CompatibilityInfo( 1523): applicationScale - 1.0
02-09 04:22:02.279 W/UnsafeUtil( 2579): platform method missing - proto runtime falling back to safer methods: java.lang.NoSuchMethodException: sun.misc.Unsafe.copyMemory [class java.lang.Object, long, class java.lang.Object, long, long]
02-09 04:22:02.324 I/hpplay-java( 2758): [AsyncTask #7]:Bridge:getLelinkSoInfo info:90610
02-09 04:22:02.324 E/hpplay-java( 2758): [AsyncTask #7]:Bridge:soInfoCheck liblelink.so mismatch
02-09 04:22:02.324 E/hpplay-java( 2758): version:90610 / 90611
02-09 04:22:02.625 I/hpplay-java( 2758): [AsyncTask #7]:Bridge:getLelinkSoInfo info:90610
02-09 04:22:02.625 E/hpplay-java( 2758): [AsyncTask #7]:Bridge:soInfoCheck liblelink.so mismatch
02-09 04:22:02.625 E/hpplay-java( 2758): version:90610 / 90611
02-09 04:22:02.859 I/mpu_uart( 645): [MSG-P:RECV]:No message received in 1000 ms
02-09 04:22:02.928 I/hpplay-java( 2758): [AsyncTask #7]:PT_RestrictedMode:setPreemptCallback callback:com.hpplay.sdk.sink.business.preempt.b@b372e73
02-09 04:22:02.928 I/hpplay-java( 2758): [AsyncTask #7]:ConfigControl:initInstance key:21409
02-09 04:22:02.962 I/hpplay-java( 2758): [AsyncTask #7]:BuildConfigSupport:getFeatureMd5 FEATURE_MD5:55f68a2cf41b9a24d5682f344932c33c
02-09 04:22:02.968 I/hpplay-java( 2758): [AsyncTask #7]:LelinkCastImpl:initWithValidMac
02-09 04:22:02.968 I/hpplay-java( 2758): [AsyncTask #7]:LelinkCastImpl:initWithValidMac,updateLogPrintMode value: 0
02-09 04:22:02.969 I/hpplay-java( 2758): [AsyncTask #7]:BuildConfigSupport:isDEBUG DEBUG:false
02-09 04:22:02.970 W/hpplay-java( 2758): [AsyncTask #7]:MagicalCacheFile:serverDir is not exits
02-09 04:22:02.970 I/hpplay-java( 2758): [AsyncTask #7]:Session:updateUID use local uid
02-09 04:22:02.970 I/hpplay-java( 2758): [AsyncTask #7]:LeboUtil:getUid64 uid:8896770055177356727
02-09 04:22:02.971 W/hpplay-java( 2758): [AsyncTask #7]:MagicalCacheFile:serverDir is not exits
02-09 04:22:02.971 I/hpplay-java( 2758): [AsyncTask #7]:Session:updateHID use local hid
02-09 04:22:02.971 I/hpplay-java( 2758): [AsyncTask #7]:LeboUtil:getHID hid: 15D6EE1CDAD95FDAD1740F524F8F85BFA
02-09 04:22:02.971 I/hpplay-java( 2758): [AsyncTask #7]:SinkDataReport:initDataReport
