02-09 04:22:00.196 I/LOWI-9.0.0.87.a( 1318): [LOWIWifiDriverUtils] set the band mask from wiphy 3
02-09 04:22:00.196 D/LOWI-9.0.0.87.a( 1318): [LOWIWifiDriverUtils] getWiFiIdentityFromIoctl: ioctl(GET_MAC_ADDR) return: 0, Mac = 92:94:43:e3:3b:6b
02-09 04:22:00.198 I/LOWI-9.0.0.87.a( 1318): [LOWI-ROME-RTT] RomeWipsOpen: libCld80211 found, load the symbols..
02-09 04:22:00.198 I/CLD80211( 1318): lowi-server: initialized exit socket pair
02-09 04:22:00.198 D/LOWI-9.0.0.87.a( 1318): [LOWI-ROME-RTT] cld80211InitAndRegister: Init and Registration done
02-09 04:22:00.198 D/LOWI-9.0.0.87.a( 1318): [LOWIController] createWifiDriver: wifi driver created.
02-09 04:22:00.198 D/LOWI-9.0.0.87.a( 1318): [LOWIController] getWifiCapabilities
02-09 04:22:00.198 D/LOWI-9.0.0.87.a( 1318): [LOWIController] passContConfig
02-09 04:22:00.198 I/LOWI-9.0.0.87.a( 1318): [LOWIWifiDriverUtils] return band_mask based on wiphy 3
02-09 04:22:00.198 D/LOWI-9.0.0.87.a( 1318): [LOWIControllerExtn] createScanResultReceiver: scanbitmask(0x26)
02-09 04:22:00.198 D/LOWI-9.0.0.87.a( 1318): [LOWIController] createScanResultReceiver: Capabilities: discovery(1), ranging(1), bgscan(0), scanbitmask(0x26)
02-09 04:22:00.199 D/LOWI-9.0.0.87.a( 1318): [LOWIController] created scanReceiver successfully
02-09 04:22:00.199 D/LOWI-9.0.0.87.a( 1318): [LOWIController] created scanReceiver successfully
02-09 04:22:00.199 E/WifiScoringParams( 1523): Invalid frequency(-1), using 5G as default rssi array
02-09 04:22:00.199 D/LOWI-9.0.0.87.a( 1318): [LOWI-ROME-RTT] Creating pipe to Ranging Thread
02-09 04:22:00.199 D/LOWI-9.0.0.87.a( 1318): [LOWIScanResultReceiver] Enter passive listening mode
02-09 04:22:00.199 D/LOWI-9.0.0.87.a( 1318): [LOWIRangingFSM] FSM: Received Event EVENT_START_THREAD, Current state: STATE_IDLE_START
02-09 04:22:00.199 D/LOWI-9.0.0.87.a( 1318): [LOWI-Scan] Creating the pipe
02-09 04:22:00.199 D/LOWI-9.0.0.87.a( 1318): [LOWIScanResultReceiver] Enter passive listening mode
02-09 04:22:00.199 D/LOWI-9.0.0.87.a( 1318): [LOWIWifiDriverInterface] getMeasurements - Passive listening mode
02-09 04:22:00.199 D/LOWI-9.0.0.87.a( 1318): [LOWI-Scan] WipsScanUsingNL:wait -1 sec for netlink message
02-09 04:22:00.199 I/WifiHAL ( 830): send_nl_data: sent cld80211 msg of len: 48 to driver
02-09 04:22:00.199 I/WifiHAL ( 830): send oem msg of len : 40 to apps
01-02 09:38:40.358 E/[wifi@1][0x142d97dc][04:22:00.199641] wlan( 0): [3396:E:wifipos] wifi_pos_process_app_reg_req: 608: Received App Req Req pid(-599784642), len(16)
01-02 09:38:40.358 I/[wifi@1][0x142dba62][04:22:00.200101] wlan( 0): [3396:I:wifipos] wifi_pos_get_ch_info: 461: num channels: 26
02-09 04:22:00.199 D/LOWI-9.0.0.87.a( 1318): [LOWI-ROME-RTT] send_cld80211_nlmsg: sent cld80211 message for pid 1318
02-09 04:22:00.199 D/LOWI-9.0.0.87.a( 1318): [LOWIRangingFSM] FSM: New FSM state: STATE_IDLE_START
02-09 04:22:00.199 D/LOWI-9.0.0.87.a( 1318): [LOWI-ROME-RTT] RomeWaitOnActivityOnSocketOrPipe: issue timed select: TO: 5
02-09 04:22:00.199 D/LOWI-9.0.0.87.a( 1318): [LOWI-ROME-RTT] RomeWaitOnActivityOnSocketOrPipe: timed select over: TO: 5 retVal: 1
02-09 04:22:00.199 D/LOWI-9.0.0.87.a( 1318): [LOWI-ROME-RTT] event_handler: Valid data with length 11
02-09 04:22:00.199 D/LOWI-9.0.0.87.a( 1318): [LOWI-HELIUM-RTT] RomeNLRecvMessage: The Received RomeMsgType: ROME_REG_RSP_MSG
02-09 04:22:00.199 D/LOWI-9.0.0.87.a( 1318): [LOWIRangingFSM] FSM: Received Event EVENT_REGISTRATION_SUCCESS, Current state: STATE_IDLE_START
02-09 04:22:00.200 D/LOWI-9.0.0.87.a( 1318): [LOWI-ROME-RTT] RomeExtractRegRsp: driver support nl packing for oem data
02-09 04:22:00.200 I/LOWI-9.0.0.87.a( 1318): [LOWI-ROME-RTT] RomeExtractRegRsp: nl format oem data enabled
02-09 04:22:00.200 D/LOWI-9.0.0.87.a( 1318): [LOWI-ROME-RTT] RomeExtractRegRsp: Registered with CLD, 1 vDevs. Using 0 for STA
02-09 04:22:00.200 I/WifiHAL ( 830): send_nl_data: sent cld80211 msg of len: 32 to driver
02-09 04:22:00.200 I/WifiHAL ( 830): send oem msg of len : 148 to apps
02-09 04:22:00.200 D/LOWI-9.0.0.87.a( 1318): [LOWI-ROME-RTT] send_oem_nl_msg: sent cld80211 message with subcmd: 3
02-09 04:22:00.200 D/LOWI-9.0.0.87.a( 1318): [LOWIRangingFSM] FSM: New FSM state: STATE_WAITING_OEM_CAP
02-09 04:22:00.200 D/LOWI-9.0.0.87.a( 1318): [LOWI-ROME-RTT] RomeWaitOnActivityOnSocketOrPipe: issue timed select: TO: 5
02-09 04:22:00.200 D/LOWI-9.0.0.87.a( 1318): [LOWI-ROME-RTT] RomeWaitOnActivityOnSocketOrPipe: timed select over: TO: 5 retVal: 1
02-09 04:22:00.200 D/LOWI-9.0.0.87.a( 1318): [LOWI-ROME-RTT] event_handler: Valid data with length 116
02-09 04:22:00.200 D/LOWI-9.0.0.87.a( 1318): [LOWI-HELIUM-RTT] RomeNLRecvMessage: The Received RomeMsgType: ROME_OEM_CAP_MSG
02-09 04:22:00.200 D/LOWI-9.0.0.87.a( 1318): [LOWIRangingFSM] FSM: Received Event EVENT_OEM_CAP_INFO, Current state: STATE_WAITING_OEM_CAP
02-09 04:22:00.200 D/LOWI-9.0.0.87.a( 1318): [LOWI-ROME-RTT] RomeExtractOemCapabilities: oem_target_signature(QUALCOMM) oem_target_type(23)oem_fw_version(270140705) driver_version(0xa120205)
02-09 04:22:00.200 D/LOWI-9.0.0.87.a( 1318): [LOWI-ROME-RTT] allowed_dwell_time_min(20) allowed_dwell_time_max(40)curr_dwell_time_min(0) curr_dwell_time_max(0)supported_bands(3) num_channels(0)
02-09 04:22:00.201 I/WifiHAL ( 830): send_nl_data: sent cld80211 msg of len: 32 to driver
02-09 04:22:00.201 I/WifiHAL ( 830): send oem msg of len : 1608 to apps
02-09 04:22:00.201 D/LOWI-9.0.0.87.a( 1318): [LOWI-ROME-RTT] send_oem_nl_msg: sent cld80211 message with subcmd: 4
02-09 04:22:00.201 D/LOWI-9.0.0.87.a( 1318): [LOWIRangingFSM] FSM: New FSM state: STATE_WAITING_FOR_WIPHY_INFO
02-09 04:22:00.201 D/LOWI-9.0.0.87.a( 1318): [LOWI-ROME-RTT] RomeWaitOnActivityOnSocketOrPipe: issue timed select: TO: 5
02-09 04:22:00.201 D/LOWI-9.0.0.87.a( 1318): [LOWI-ROME-RTT] RomeWaitOnActivityOnSocketOrPipe: timed select over: TO: 5 retVal: 1
02-09 04:22:00.201 D/LOWI-9.0.0.87.a( 1318): [LOWI-ROME-RTT] event_handler: Valid data with length 1576
02-09 04:22:00.201 D/LOWI-9.0.0.87.a( 1318): [LOWI-HELIUM-RTT] RomeNLRecvMessage: The Received RomeMsgType: ROME_CHANNEL_INFO_MSG
02-09 04:22:00.201 D/LOWI-9.0.0.87.a( 1318): [LOWIRangingFSM] FSM: Received Event EVENT_CHANNEL_INFO, Current state: STATE_WAITING_FOR_WIPHY_INFO
02-09 04:22:00.201 I/LOWI-9.0.0.87.a( 1318): [LOWI-ROME-RTT] ExtractNLChannelInfo: NumChan = 26
02-09 04:22:00.202 I/WifiHAL ( 830): send_nl_data: sent cld80211 msg of len: 64 to driver
02-09 04:22:00.202 D/LOWI-9.0.0.87.a( 1318): [LOWI-ROME-RTT] send_oem_nl_msg: sent cld80211 message with subcmd: 5
02-09 04:22:00.202 D/LOWI-9.0.0.87.a( 1318): [LOWIRangingFSM] FSM: New FSM state: STATE_WAITING_FOR_RANGING_CAP
02-09 04:22:00.202 D/LOWI-9.0.0.87.a( 1318): [LOWI-ROME-RTT] RomeWaitOnActivityOnSocketOrPipe: issue timed select: TO: 5
02-09 04:22:00.202 I/WifiVendorHal( 1523): Driver: 5.2.022.10G Firmware: FW:1.0.1.0.1313.0 HW:HW_VERSION=ffffffff.
01-02 09:38:40.359 I/[wifi@1][0x142e0183][04:22:00.201050] wlan( 0): [3396:I:wifipos] wifi_pos_get_ch_info: 461: num channels: 26
02-09 04:22:00.203 W/MediaProvider( 2866): getVolumePath for unknown volume: internal
02-09 04:22:00.204 W/MediaProvider( 2866): getVolumePath for unknown volume: internal
02-09 04:22:00.205 W/MediaProvider( 2866): getVolumePath for unknown volume: internal
02-09 04:22:00.205 W/MediaProvider( 2866): getVolumePath for unknown volume: internal
02-09 04:22:00.205 W/MediaProvider( 2866): getVolumePath for unknown volume: internal
02-09 04:22:00.206 W/MediaProvider( 2866): getVolumePath for unknown volume: internal
02-09 04:22:00.206 W/MediaProvider( 2866): getVolumePath for unknown volume: internal
02-09 04:22:00.206 W/MediaProvider( 2866): getVolumePath for unknown volume: internal
02-09 04:22:00.207 D/WifiDiags( 1523): startLogging() iface list is {wlan0} after adding wlan0
02-09 04:22:00.207 W/MediaProvider( 2866): getVolumePath for unknown volume: internal
02-09 04:22:00.208 D/LOWI-9.0.0.87.a( 1318): [LOWI-Scan] wait_event:Wait done with Cmd 33
02-09 04:22:00.208 D/LOWI-9.0.0.87.a( 1318): [LOWI-Scan] do_listen_events: Rcvd valid Netlink Cmd 0 Err 0
02-09 04:22:00.213 I/ExtendedUtils( 1202): printFileName fd(27) -> /product/media/audio/ringtones/BOOTES.ogg
02-09 04:22:00.216 I/WifiClientModeImpl( 1523): Factory MAC address retrieved and stored in config store: 00:03:7f:12:9a:ec
02-09 04:22:00.220 I/MMParserExtractor( 1195): Created(0xb400007c63868710)
02-09 04:22:00.222 D/mediaserver( 1202): Time zone APEX ICU file found: /apex/com.android.tzdata/etc/icu/icu_tzdata.dat
02-09 04:22:00.222 D/mediaserver( 1202): I18n APEX ICU file found: /apex/com.android.i18n/etc/icu/icudt68l.dat
02-09 04:22:00.241 I/ExtendedUtils( 1202): printFileName fd(27) -> /product/media/audio/ringtones/Ring_Synth_02.ogg
02-09 04:22:00.251 I/MMParserExtractor( 1195): Created(0xb400007c63868710)
02-09 04:22:00.264 I/ExtendedUtils( 1202): printFileName fd(27) -> /product/media/audio/ringtones/Big_Easy.ogg
02-09 04:22:00.265 D/CompatibilityChangeReporter( 1523): Compat change id reported: 135634846; UID 1000; state: DISABLED
02-09 04:22:00.265 D/CompatibilityChangeReporter( 1523): Compat change id reported: 177438394; UID 1000; state: DISABLED
02-09 04:22:00.266 D/CompatibilityChangeReporter( 1523): Compat change id reported: 135772972; UID 1000; state: DISABLED
02-09 04:22:00.266 D/CompatibilityChangeReporter( 1523): Compat change id reported: 135754954; UID 1000; state: ENABLED
02-09 04:22:00.267 I/backup_transport_lifecycle( 1523): [com.android.localtransport/.LocalTransportService,1]
02-09 04:22:00.274 D/Zygote ( 666): Forked child process 3411
02-09 04:22:00.275 I/am_proc_start( 1523): [0,3411,1000,com.android.localtransport,service,{com.android.localtransport/com.android.localtransport.LocalTransportService}]
02-09 04:22:00.275 I/ActivityManager( 1523): Start proc 3411:com.android.localtransport/1000 for service {com.android.localtransport/com.android.localtransport.LocalTransportService}
02-09 04:22:00.280 I/MMParserExtractor( 1195): Created(0xb400007c63868710)
02-09 04:22:00.287 E/.localtranspor( 3411): Not starting debugger since process cannot load the jdwp agent.
02-09 04:22:00.290 D/ProcessState( 3411): Binder ioctl to enable oneway spam detection failed: Invalid argument
02-09 04:22:00.292 I/ExtendedUtils( 1202): printFileName fd(27) -> /product/media/audio/ringtones/OrganDub.ogg
01-02 09:38:40.449 I/binder ( 0): 3411:3411 ioctl 40046210 7ffaef2474 returned -22
02-09 04:22:00.295 I/am_proc_bound( 1523): [0,3411,com.android.localtransport]
02-09 04:22:00.296 D/CompatibilityChangeReporter( 1523): Compat change id reported: 168419799; UID 1000; state: DISABLED
02-09 04:22:00.297 D/CompatibilityInfo( 1523): mCompatibilityFlags - 4
02-09 04:22:00.297 D/CompatibilityInfo( 1523): applicationDensity - 240
02-09 04:22:00.297 D/CompatibilityInfo( 1523): applicationScale - 1.0
02-09 04:22:00.299 I/MMParserExtractor( 1195): Created(0xb400007c63868710)
02-09 04:22:00.299 D/CompatibilityInfo( 1523): mCompatibilityFlags - 4
02-09 04:22:00.299 D/CompatibilityInfo( 1523): applicationDensity - 240
02-09 04:22:00.299 D/CompatibilityInfo( 1523): applicationScale - 1.0
02-09 04:22:00.301 D/CompatibilityChangeReporter( 3411): Compat change id reported: 171979766; UID 1000; state: ENABLED
02-09 04:22:00.306 I/sysui_multi_action( 1523): [757,1717,758,1,759,0]
02-09 04:22:00.306 I/sysui_multi_action( 1523): [757,1717,758,2,759,0]
02-09 04:22:00.307 I/sysui_multi_action( 1523): [757,1717,758,3,759,0]
02-09 04:22:00.310 I/ExtendedUtils( 1202): printFileName fd(27) -> /product/media/audio/ringtones/Bollywood.ogg
02-09 04:22:00.311 I/Perf ( 3411): Connecting to perf service.
02-09 04:22:00.313 V/GraphicsEnvironment( 3411): ANGLE Developer option for 'com.android.localtransport' set to: 'default'
02-09 04:22:00.313 V/GraphicsEnvironment( 3411): ANGLE GameManagerService for com.android.localtransport: false
02-09 04:22:00.314 D/NetworkSecurityConfig( 3411): No Network Security Config specified, using platform default
02-09 04:22:00.314 D/NetworkSecurityConfig( 3411): No Network Security Config specified, using platform default
02-09 04:22:00.318 I/MMParserExtractor( 1195): Created(0xb400007c63868710)
02-09 04:22:00.329 I/ExtendedUtils( 1202): printFileName fd(27) -> /product/media/audio/ringtones/CaribbeanIce.ogg
02-09 04:22:00.337 I/MMParserExtractor( 1195): Created(0xb400007c63868710)
02-09 04:22:00.347 I/ExtendedUtils( 1202): printFileName fd(27) -> /product/media/audio/ringtones/CanisMajor.ogg
02-09 04:22:00.355 I/MMParserExtractor( 1195): Created(0xb400007c63868710)
02-09 04:22:00.364 I/ExtendedUtils( 1202): printFileName fd(27) -> /product/media/audio/ringtones/Ring_Digital_02.ogg
02-09 04:22:00.370 I/MMParserExtractor( 1195): Created(0xb400007c63868710)
02-09 04:22:00.381 I/ExtendedUtils( 1202): printFileName fd(27) -> /product/media/audio/ringtones/Ding.ogg
02-09 04:22:00.386 I/MMParserExtractor( 1195): Created(0xb400007c63868710)
02-09 04:22:00.395 I/ExtendedUtils( 1202): printFileName fd(27) -> /product/media/audio/ringtones/Aquila.ogg
01-02 09:38:40.556 I/[schedu][0x1467a1eb][04:22:00.397748] wlan( 0): [3388:I:OSIF] scan start scan id 40961
02-09 04:22:00.401 I/MMParserExtractor( 1195): Created(0xb400007c63868710)
02-09 04:22:00.410 I/ExtendedUtils( 1202): printFileName fd(27) -> /product/media/audio/ringtones/Safari.ogg
02-09 04:22:00.416 I/MMParserExtractor( 1195): Created(0xb400007c63868710)
02-09 04:22:00.422 I/WifiHAL ( 830): send oem msg of len : 112 to apps
02-09 04:22:00.424 D/LOWI-9.0.0.87.a( 1318): [LOWI-ROME-RTT] RomeWaitOnActivityOnSocketOrPipe: timed select over: TO: 5 retVal: 1
02-09 04:22:00.424 D/LOWI-9.0.0.87.a( 1318): [LOWI-ROME-RTT] event_handler: Valid data with length 80
02-09 04:22:00.424 D/LOWI-9.0.0.87.a( 1318): [LOWI-HELIUM-RTT] storeNLFragment: new fragment group, tokenid(2), adding 72 chars @position 0
02-09 04:22:00.424 D/LOWI-9.0.0.87.a( 1318): [LOWI-HELIUM-RTT] RomeNLRecvMessage: The Received OEMSubType: RTT_MSG_SUBTYPE_CAPABILITY_RSP
02-09 04:22:00.424 D/LOWI-9.0.0.87.a( 1318): [LOWI-HELIUM-RTT] RomeNLRecvMessage: The Received RomeMsgType: ROME_RANGING_CAP_MSG
02-09 04:22:00.424 D/LOWI-9.0.0.87.a( 1318): [LOWIRangingFSM] FSM: Received Event EVENT_RANGING_CAP_INFO, Current state: STATE_WAITING_FOR_RANGING_CAP
02-09 04:22:00.424 D/LOWI-9.0.0.87.a( 1318): [LOWIWifiTlvHandler] processRspHeadTlv: reqId(1) measDone(1) rttStatus(RTT_STATUS_SUCCESS) subtype(RTT_MSG_SUBTYPE_CAPABILITY_RSP) isFrag(0) fragIdx(0) fragLen(0) tknId(0)
02-09 04:22:00.424 D/LOWI-9.0.0.87.a( 1318): [LOWIWifiTlvHandler] checkTlvTag: Processing idx(0) received TLV: wmi_rtt_oem_rsp_head
02-09 04:22:00.424 D/LOWI-9.0.0.87.a( 1318): [LOWIWifiTlvHandler] processIfPeerEvtHdrTag: Invalid Tag(33), not added to vector mPeerIdx(0)
02-09 04:22:00.424 D/LOWI-9.0.0.87.a( 1318): [LOWIWifiTlvHandler] processIfPerFrmInfoTag: Invalid Tag(33) measurement not added for peer(0)
02-09 04:22:00.424 D/LOWI-9.0.0.87.a( 1318): [LOWIWifiTlvHandler] checkTlvTag: Processing idx(1) received TLV: wmi_rtt_oem_cap_rsp_head
02-09 04:22:00.424 D/LOWI-9.0.0.87.a( 1318): [LOWIWifiTlvHandler] processIfPeerEvtHdrTag: Invalid Tag(35), not added to vector mPeerIdx(0)
02-09 04:22:00.424 D/LOWI-9.0.0.87.a( 1318): [LOWIWifiTlvHandler] processIfPerFrmInfoTag: Invalid Tag(35) measurement not added for peer(0)
02-09 04:22:00.424 D/LOWI-9.0.0.87.a( 1318): [LOWIWifiTlvHandler] checkTlvTag: Processing idx(2) received TLV: wmi_rtt_oem_cap_rsp_event
02-09 04:22:00.424 D/LOWI-9.0.0.87.a( 1318): [LOWIWifiTlvHandler] processIfPeerEvtHdrTag: Invalid Tag(36), not added to vector mPeerIdx(0)
02-09 04:22:00.424 D/LOWI-9.0.0.87.a( 1318): [LOWIWifiTlvHandler] processIfPerFrmInfoTag: Invalid Tag(36) measurement not added for peer(0)
02-09 04:22:00.424 D/LOWI-9.0.0.87.a( 1318): [LOWIWifiTlvHandler] printBssidInfo: No peer info from processing TLVs
02-09 04:22:00.424 D/LOWI-9.0.0.87.a( 1318): [LOWI-HELIUM-RTT] parseRttCapabilitiesMsg: Skipping wmi_rtt_oem_rsp_head
02-09 04:22:00.424 D/LOWI-9.0.0.87.a( 1318): [LOWI-HELIUM-RTT] parseRttCapabilitiesMsg: parsing wmi_rtt_oem_cap_rsp_head TLVversion(0x3) major(0x0) minor(0x10001) serviceBitMask[0](0x0) serviceBitMask[1](0x0) serviceBitMask[2](0x0) serviceBitMask[3](0x0)
02-09 04:22:00.424 D/LOWI-9.0.0.87.a( 1318): [LOWI-HELIUM-RTT] parseRttCapabilitiesMsg: parsing wmi_rtt_oem_cap_rsp_event TLVrangingTypeMask(5) supportedFramesMask(11) maxDestPerReq(10) maxMeasPerDest(31) maxChannelsAllowed(1) maxBwAllowed(2) preambleSupportedMask(7) reportTypeSupportedMask(15) maxRfChains(3) facTypeMask(2) numPhys(1) fwMultiBurstSupport(1)
02-09 04:22:00.424 D/LOWI-9.0.0.87.a( 1318): [LOWIRangingFSM] FSM: New FSM state: STATE_READY_AND_IDLE
02-09 04:22:00.424 D/LOWI-9.0.0.87.a( 1318): [LOWI-ROME-RTT] RomeWaitOnActivityOnSocketOrPipe: issue blocking select
02-09 04:22:00.428 D/WifiActiveModeWarden( 1523): Switching all client mode managers
02-09 04:22:00.429 W/BatteryExternalStatsWorker( 1523): error reading modem stats:ERROR_PHONE_NOT_AVAILABLE
02-09 04:22:00.429 I/ExtendedUtils( 1202): printFileName fd(27) -> /product/media/audio/ringtones/MidEvilJaunt.ogg
02-09 04:22:00.433 V/WifiManager( 2370): registerScanResultsCallback: callback=com.thundercomm.tcservice.debug.WifiDebugService$1@c14fe34, executor=com.thundercomm.tcservice.debug.WifiDebugService$$ExternalSyntheticLambda0@a9c445d
02-09 04:22:00.434 W/Looper ( 1523): Slow dispatch took 333ms main h=android.app.ActivityThread$H c=android.app.LoadedApk$ReceiverDispatcher$Args$$ExternalSyntheticLambda0@60621ab m=0
02-09 04:22:00.434 W/Looper ( 1523): Slow delivery took 333ms main h=android.app.ActivityThread$H c=android.app.LoadedApk$ReceiverDispatcher$Args$$ExternalSyntheticLambda0@420a008 m=0
02-09 04:22:00.434 D/BluetoothAdapterService( 2001): Soft AP is on band: 1
02-09 04:22:00.435 I/backup_transport_connection( 1523): [com.android.localtransport/.LocalTransportService,1]
02-09 04:22:00.435 I/TransportClient( 1523): LocalTransportService#0: Notifying [TransportManager.registerTransport()] transport = IBackupTransport
02-09 04:22:00.436 I/mpu_uart( 645): [TIME-:0]:create
02-09 04:22:00.437 I/Telecom ( 1523): DefaultDialerCache: Refreshing default dialer for user 0: now null: DDC.oR@ABA
02-09 04:22:00.438 W/Looper ( 1523): Drained
02-09 04:22:00.438 I/Telecom ( 1523): MissedCallNotifierImpl: reloadAfterBootComplete: user=0: TSBCR.oR@ABE
02-09 04:22:00.439 I/Telecom ( 1523): MissedCallNotifierImpl: reloadAfterBootComplete: user=0: TSBCR.oR@ABE
02-09 04:22:00.439 I/am_uid_running( 1523): 10065
02-09 04:22:00.440 D/CompatibilityChangeReporter( 1523): Compat change id reported: 135634846; UID 10065; state: DISABLED
02-09 04:22:00.440 D/CompatibilityChangeReporter( 1523): Compat change id reported: 177438394; UID 10065; state: DISABLED
02-09 04:22:00.440 D/CompatibilityChangeReporter( 1523): Compat change id reported: 135772972; UID 10065; state: DISABLED
02-09 04:22:00.440 D/BackupTransportManager( 1523): Transport com.android.localtransport/.LocalTransportService registered
02-09 04:22:00.440 D/CompatibilityChangeReporter( 1523): Compat change id reported: 135754954; UID 10065; state: DISABLED
02-09 04:22:00.440 D/BackupManagerService( 1523): [UserID:0] Transport com.android.localtransport/.LocalTransport registered 3181ms after first request (delay = 3000ms)
02-09 04:22:00.440 D/CompatibilityChangeReporter( 1523): Compat change id reported: 143937733; UID 10065; state: DISABLED
02-09 04:22:00.442 D/WifiConfigStore( 1523): Writing to stores completed in 1 ms.
02-09 04:22:00.443 I/MMParserExtractor( 1195): Created(0xb400007c63868710)
02-09 04:22:00.445 D/WifiNetworkFactory( 1523): got request NetworkRequest [ REQUEST id=22, [ Capabilities: INTERNET&NOT_RESTRICTED&TRUSTED&NOT_VCN_MANAGED Uid: 10080 RequestorUid: 10080 RequestorPkg: com.android.systemui] ]
02-09 04:22:00.445 I/backup_transport_lifecycle( 1523): [com.android.localtransport/.LocalTransportService,0]
02-09 04:22:00.445 I/backup_transport_connection( 1523): [com.android.localtransport/.LocalTransportService,0]
02-09 04:22:00.445 D/OsAgent ( 2858): [wifi_supplicant_status_update][3202] [HC] =>> [HS]
02-09 04:22:00.445 V/LocSvc_HIDL_IzatSubscription( 817): [wifiSupplicantStatusUpdate][682] [HS] <<<<= [HC]
02-09 04:22:00.446 E/WifiScoringParams( 1523): Invalid frequency(-1), using 5G as default rssi array
02-09 04:22:00.446 V/mpu_uart( 645): send data buf:[0x3c, 0x7, 0x0, 0x11, 0x14, 0x83, 0xbd, ], send_res=7
02-09 04:22:00.446 D/WifiNetworkFactory( 1523): got request NetworkRequest [ REQUEST id=17, [ Capabilities: INTERNET&NOT_RESTRICTED&TRUSTED&NOT_VCN_MANAGED Uid: 1073 RequestorUid: 1073 RequestorPkg: com.android.networkstack] ]
02-09 04:22:00.446 D/WifiNetworkFactory( 1523): got request NetworkRequest [ REQUEST id=1, [ Capabilities: INTERNET&NOT_RESTRICTED&TRUSTED&NOT_VPN&NOT_VCN_MANAGED RequestorUid: 1000 RequestorPkg: android] ]
02-09 04:22:00.446 D/WifiNetworkFactory( 1523): got request NetworkRequest [ REQUEST id=29, [ Capabilities: INTERNET&NOT_RESTRICTED&TRUSTED&NOT_VCN_MANAGED Uid: 1000 RequestorUid: 1000 RequestorPkg: com.qualcomm.qti.qdma] ]
02-09 04:22:00.446 D/WifiNetworkFactory( 1523): got request NetworkRequest [ REQUEST id=27, [ Capabilities: INTERNET&NOT_RESTRICTED&TRUSTED&NOT_VCN_MANAGED Uid: 1000 RequestorUid: 1000 RequestorPkg: android] ]
02-09 04:22:00.446 D/WifiNetworkFactory( 1523): got request NetworkRequest [ REQUEST id=24, [ Capabilities: INTERNET&NOT_RESTRICTED&TRUSTED&NOT_VCN_MANAGED Uid: 10080 RequestorUid: 10080 RequestorPkg: com.android.systemui] ]
02-09 04:22:00.446 D/WifiNetworkFactory( 1523): got request NetworkRequest [ REQUEST id=15, [ Capabilities: INTERNET&NOT_RESTRICTED&TRUSTED&NOT_VCN_MANAGED Uid: 1000 RequestorUid: 1000 RequestorPkg: android] ]
02-09 04:22:00.446 D/WifiNetworkFactory( 1523): got request NetworkRequest [ REQUEST id=31, [ Capabilities: INTERNET&NOT_RESTRICTED&TRUSTED&NOT_VCN_MANAGED Uid: 1001 RequestorUid: 1001 RequestorPkg: com.qti.dpmserviceapp] ]
02-09 04:22:00.446 D/WifiNetworkFactory( 1523): got request NetworkRequest [ REQUEST id=7, [ Capabilities: INTERNET&NOT_RESTRICTED&TRUSTED&NOT_VCN_MANAGED Uid: 1000 RequestorUid: 1000 RequestorPkg: android] ]
02-09 04:22:00.447 D/UntrustedWifiNetworkFactory( 1523): got request NetworkRequest [ REQUEST id=22, [ Capabilities: INTERNET&NOT_RESTRICTED&TRUSTED&NOT_VCN_MANAGED Uid: 10080 RequestorUid: 10080 RequestorPkg: com.android.systemui] ]
02-09 04:22:00.447 D/UntrustedWifiNetworkFactory( 1523): got request NetworkRequest [ REQUEST id=17, [ Capabilities: INTERNET&NOT_RESTRICTED&TRUSTED&NOT_VCN_MANAGED Uid: 1073 RequestorUid: 1073 RequestorPkg: com.android.networkstack] ]
02-09 04:22:00.447 D/UntrustedWifiNetworkFactory( 1523): got request NetworkRequest [ REQUEST id=1, [ Capabilities: INTERNET&NOT_RESTRICTED&TRUSTED&NOT_VPN&NOT_VCN_MANAGED RequestorUid: 1000 RequestorPkg: android] ]
02-09 04:22:00.447 D/UntrustedWifiNetworkFactory( 1523): got request NetworkRequest [ REQUEST id=29, [ Capabilities: INTERNET&NOT_RESTRICTED&TRUSTED&NOT_VCN_MANAGED Uid: 1000 RequestorUid: 1000 RequestorPkg: com.qualcomm.qti.qdma] ]
02-09 04:22:00.447 D/UntrustedWifiNetworkFactory( 1523): got request NetworkRequest [ REQUEST id=27, [ Capabilities: INTERNET&NOT_RESTRICTED&TRUSTED&NOT_VCN_MANAGED Uid: 1000 RequestorUid: 1000 RequestorPkg: android] ]
02-09 04:22:00.447 D/UntrustedWifiNetworkFactory( 1523): got request NetworkRequest [ REQUEST id=24, [ Capabilities: INTERNET&NOT_RESTRICTED&TRUSTED&NOT_VCN_MANAGED Uid: 10080 RequestorUid: 10080 RequestorPkg: com.android.systemui] ]
02-09 04:22:00.447 D/UntrustedWifiNetworkFactory( 1523): got request NetworkRequest [ REQUEST id=15, [ Capabilities: INTERNET&NOT_RESTRICTED&TRUSTED&NOT_VCN_MANAGED Uid: 1000 RequestorUid: 1000 RequestorPkg: android] ]
02-09 04:22:00.447 D/UntrustedWifiNetworkFactory( 1523): got request NetworkRequest [ REQUEST id=31, [ Capabilities: INTERNET&NOT_RESTRICTED&TRUSTED&NOT_VCN_MANAGED Uid: 1001 RequestorUid: 1001 RequestorPkg: com.qti.dpmserviceapp] ]
02-09 04:22:00.447 D/UntrustedWifiNetworkFactory( 1523): got request NetworkRequest [ REQUEST id=7, [ Capabilities: INTERNET&NOT_RESTRICTED&TRUSTED&NOT_VCN_MANAGED Uid: 1000 RequestorUid: 1000 RequestorPkg: android] ]
02-09 04:22:00.447 D/OemPaidWifiNetworkFactory( 1523): got request NetworkRequest [ REQUEST id=22, [ Capabilities: INTERNET&NOT_RESTRICTED&TRUSTED&NOT_VCN_MANAGED Uid: 10080 RequestorUid: 10080 RequestorPkg: com.android.systemui] ]
02-09 04:22:00.447 D/OemPaidWifiNetworkFactory( 1523): got request NetworkRequest [ REQUEST id=17, [ Capabilities: INTERNET&NOT_RESTRICTED&TRUSTED&NOT_VCN_MANAGED Uid: 1073 RequestorUid: 1073 RequestorPkg: com.android.networkstack] ]
02-09 04:22:00.447 D/OemPaidWifiNetworkFactory( 1523): got request NetworkRequest [ REQUEST id=1, [ Capabilities: INTERNET&NOT_RESTRICTED&TRUSTED&NOT_VPN&NOT_VCN_MANAGED RequestorUid: 1000 RequestorPkg: android] ]
02-09 04:22:00.447 D/OemPaidWifiNetworkFactory( 1523): got request NetworkRequest [ REQUEST id=29, [ Capabilities: INTERNET&NOT_RESTRICTED&TRUSTED&NOT_VCN_MANAGED Uid: 1000 RequestorUid: 1000 RequestorPkg: com.qualcomm.qti.qdma] ]
02-09 04:22:00.447 D/OemPaidWifiNetworkFactory( 1523): got request NetworkRequest [ REQUEST id=27, [ Capabilities: INTERNET&NOT_RESTRICTED&TRUSTED&NOT_VCN_MANAGED Uid: 1000 RequestorUid: 1000 RequestorPkg: android] ]
02-09 04:22:00.447 D/OemPaidWifiNetworkFactory( 1523): got request NetworkRequest [ REQUEST id=24, [ Capabilities: INTERNET&NOT_RESTRICTED&TRUSTED&NOT_VCN_MANAGED Uid: 10080 RequestorUid: 10080 RequestorPkg: com.android.systemui] ]
02-09 04:22:00.447 D/OemPaidWifiNetworkFactory( 1523): got request NetworkRequest [ REQUEST id=15, [ Capabilities: INTERNET&NOT_RESTRICTED&TRUSTED&NOT_VCN_MANAGED Uid: 1000 RequestorUid: 1000 RequestorPkg: android] ]
02-09 04:22:00.447 D/OemPaidWifiNetworkFactory( 1523): got request NetworkRequest [ REQUEST id=31, [ Capabilities: INTERNET&NOT_RESTRICTED&TRUSTED&NOT_VCN_MANAGED Uid: 1001 RequestorUid: 1001 RequestorPkg: com.qti.dpmserviceapp] ]
02-09 04:22:00.447 D/OemPaidWifiNetworkFactory( 1523): got request NetworkRequest [ REQUEST id=7, [ Capabilities: INTERNET&NOT_RESTRICTED&TRUSTED&NOT_VCN_MANAGED Uid: 1000 RequestorUid: 1000 RequestorPkg: android] ]
02-09 04:22:00.448 D/Zygote ( 666): Forked child process 3429
02-09 04:22:00.449 D/BluetoothVendorService( 2001): getPowerBackoff
02-09 04:22:00.449 D/BluetoothVendorService( 2001): setPowerBackoff to: true
02-09 04:22:00.449 I/BluetoothVendorJni( 2001): setPowerBackoffNative
02-09 04:22:00.449 I/bt_btif_vendor( 2001): setPowerBackOffState :1
02-09 04:22:00.449 W/bt_btm ( 2001): btm_cb.is_power_backoff = 1
02-09 04:22:00.449 W/bt_device_profile( 2001): max_radiated_power_fetch:profile 4
02-09 04:22:00.449 W/bt_device_profile( 2001): max_radiated_power_fetch:profile 4
02-09 04:22:00.449 W/bt_device_profile( 2001): max_radiated_power_fetch:profile 4
02-09 04:22:00.449 I/BtOppService( 2001): handleMessage :300
02-09 04:22:00.450 V/mpu_uart( 645): [MSG-P:SYNC]:sync resp:62
02-09 04:22:00.450 I/mpu_uart( 645): [TIME-:0]:delete
02-09 04:22:00.450 D/ProtectUartService( 2370): send mpu boot completed res=0
02-09 04:22:00.451 I/libc ( 3429): SetHeapTaggingLevel: tag level set to 0
02-09 04:22:00.455 I/GameModeConfig( 1523): isGameModeOn = false
02-09 04:22:00.455 I/notification_cancel_all( 1523): [1002,2001,com.android.bluetooth,0,0,64,9,NULL]
02-09 04:22:00.456 I/GameModeConfig( 1523): isGameModeOn = false
02-09 04:22:00.456 I/GameModeConfig( 1523): isGameModeOn = false
02-09 04:22:00.457 I/BluetoothAdapterService( 2001): isIgnoreDevice false device name B.O.W addr 87:73:00:01:31:64
02-09 04:22:00.460 I/ExtendedUtils( 1202): printFileName fd(27) -> /product/media/audio/ringtones/Noises1.ogg
02-09 04:22:00.461 E/ndroid.calenda( 3429): Not starting debugger since process cannot load the jdwp agent.
02-09 04:22:00.462 I/am_proc_start( 1523): [0,3429,10065,com.android.calendar,broadcast,{com.android.calendar/com.android.calendar.alerts.AlertReceiver}]
02-09 04:22:00.462 I/ActivityManager( 1523): Start proc 3429:com.android.calendar/u0a65 for broadcast {com.android.calendar/com.android.calendar.alerts.AlertReceiver}
02-09 04:22:00.462 I/BackupManagerService( 1523): [UserID:0] Found 1 stale backup journal(s), scheduling.
02-09 04:22:00.463 I/BackupManagerService( 1523): [UserID:0] Stale backup journals: Scheduled 8 package(s) total
02-09 04:22:00.465 D/BluetoothHeadset( 1523): Proxy object connected
02-09 04:22:00.465 D/BluetoothHeadset( 1523): Proxy object connected
02-09 04:22:00.465 D/BluetoothHeadset( 2018): Proxy object connected
02-09 04:22:00.466 I/Telecom ( 1523): BluetoothDeviceManager: Got BluetoothHeadset: com.android.server.telecom.BluetoothHeadsetProxy@c921f05: BMSL.oSC@ABY
02-09 04:22:00.466 D/BluetoothActiveDeviceManager( 2001): handleMessage(MESSAGE_ADAPTER_ACTION_STATE_CHANGED): newState=12
02-09 04:22:00.466 D/AvrcpBipRsp( 2001): action: android.bluetooth.adapter.action.STATE_CHANGED
02-09 04:22:00.466 I/AS.BtHelper( 1523): In onServiceConnected(), profile: 1, proxy: android.bluetooth.BluetoothHeadset@e5a6326
02-09 04:22:00.466 D/AvrcpBipRsp( 2001): state:12
02-09 04:22:00.466 D/BtOppService( 2001): action : android.bluetooth.adapter.action.STATE_CHANGED
02-09 04:22:00.469 I/AS.BtHelper( 1523): setBtScoActiveDevice: (null) -> (null)
02-09 04:22:00.469 I/AS.BtHelper( 1523): In checkScoAudioState(), mScoAudioState: 0
02-09 04:22:00.469 D/ProcessState( 3429): Binder ioctl to enable oneway spam detection failed: Invalid argument
01-02 09:38:40.628 I/binder ( 0): 3429:3429 ioctl 40046210 7ffaef2474 returned -22
02-09 04:22:00.471 D/BluetoothAdapterService( 2001): android.net.wifi.WIFI_STATE_CHANGED
02-09 04:22:00.471 I/am_proc_bound( 1523): [0,3429,com.android.calendar]
02-09 04:22:00.472 D/CompatibilityChangeReporter( 1523): Compat change id reported: 168419799; UID 10065; state: DISABLED
02-09 04:22:00.472 D/CompatibilityInfo( 1523): mCompatibilityFlags - 4
02-09 04:22:00.472 D/CompatibilityInfo( 1523): applicationDensity - 240
02-09 04:22:00.472 D/CompatibilityInfo( 1523): applicationScale - 1.0
02-09 04:22:00.473 D/BluetoothAdapterService( 2001): Soft AP is on band: 1
02-09 04:22:00.475 I/am_uid_active( 1523): 10065
02-09 04:22:00.475 E/KernelCpuSpeedReader( 1523): Failed to read cpu-freq: /sys/devices/system/cpu/cpu4/cpufreq/stats/time_in_state: open failed: ENOENT (No such file or directory)
02-09 04:22:00.475 E/KernelCpuSpeedReader( 1523): Failed to read cpu-freq: /sys/devices/system/cpu/cpu0/cpufreq/stats/time_in_state: open failed: ENOENT (No such file or directory)
02-09 04:22:00.476 D/CompatibilityInfo( 1523): mCompatibilityFlags - 4
02-09 04:22:00.476 D/CompatibilityInfo( 1523): applicationDensity - 240
02-09 04:22:00.476 D/CompatibilityInfo( 1523): applicationScale - 1.0
02-09 04:22:00.476 D/BluetoothVendorService( 2001): getPowerBackoff
02-09 04:22:00.476 D/BluetoothAdapterService( 2001): android.net.wifi.WIFI_STATE_CHANGED
02-09 04:22:00.477 D/BluetoothAdapterService( 2001): Soft AP is on band: 1
02-09 04:22:00.477 W/BatteryStatsImpl( 1523): Attempted to remove untracked isolated uid (1037)
02-09 04:22:00.477 D/BluetoothVendorService( 2001): getPowerBackoff
02-09 04:22:00.477 D/ControlsListingControllerImpl( 2018): Subscribing callback, service count: 0
02-09 04:22:00.478 I/BluetoothPhonePolicy( 2001): delay auto connect by 500 ms
02-09 04:22:00.478 D/BluetoothAdapterService( 2001): isQuetModeEnabled() - Enabled = false
02-09 04:22:00.478 D/AvrcpBipRsp( 2001): Handler(): got msg=1
02-09 04:22:00.478 D/AvrcpBipRsp( 2001): startL2capListener
02-09 04:22:00.478 D/AvrcpBipRsp( 2001): closeServerSocket
02-09 04:22:00.478 D/ObexServerSockets( 2001): create(rfcomm = -1, l2capPsm = 4129)
02-09 04:22:00.479 D/ControlsListingControllerImpl( 2018): Subscribing callback, service count: 0
02-09 04:22:00.479 I/MMParserExtractor( 1195): Created(0xb400007c63868710)
02-09 04:22:00.481 W/bt_l2cap( 2001): L2CAP - L2CA_Register() called for PSM: 0x1021
02-09 04:22:00.481 D/ObexServerSockets( 2001): Succeed to create listening sockets
02-09 04:22:00.481 D/ObexServerSockets2( 2001): startAccept()
02-09 04:22:00.481 D/CompatibilityChangeReporter( 3429): Compat change id reported: 171979766; UID 10065; state: DISABLED
02-09 04:22:00.481 I/BtOppService( 2001): handleMessage :1
02-09 04:22:00.481 D/ObexServerSockets2( 2001): Accepting socket connection...
02-09 04:22:00.481 D/BtOppService( 2001): start Socket Listeners
02-09 04:22:00.481 D/BtOppService( 2001): stopListeners: mServerSocket is null
02-09 04:22:00.481 D/ObexServerSockets( 2001): create(rfcomm = 12, l2capPsm = 4131)
02-09 04:22:00.482 D/ControlsListingControllerImpl( 2018): Subscribing callback, service count: 0
02-09 04:22:00.483 I/bt_stack( 2001): [INFO:port_api.cc(123)] RFCOMM_CreateConnection BDA: ff:ff:ff:ff:ff:ff
02-09 04:22:00.484 D/BluetoothAdapter( 2001): listenUsingInsecureL2capOn: port=4131
02-09 04:22:00.486 W/bt_l2cap( 2001): L2CAP - L2CA_Register() called for PSM: 0x1023
02-09 04:22:00.486 D/ObexServerSockets( 2001): Succeed to create listening sockets
02-09 04:22:00.486 D/ObexServerSockets3( 2001): startAccept()
02-09 04:22:00.486 D/ApplicationLoaders( 3429): Returning zygote-cached class loader: /system/framework/android.test.base.jar
02-09 04:22:00.487 D/ObexServerSockets3( 2001): Accepting socket connection...
02-09 04:22:00.487 D/BluetoothSdpJni( 2001): sdpCreateOppOpsRecordNative
02-09 04:22:00.487 D/BluetoothSdpJni( 2001): SDP Create record success - handle: 3
02-09 04:22:00.487 W/bt_device_profile( 2001): profile_feature_fetch:profile 5
02-09 04:22:00.487 W/bt_device_profile( 2001): profile_feature_fetch:opp_0100_support found 0
02-09 04:22:00.487 D/BtOppService( 2001): mOppSdpHandle :3
02-09 04:22:00.487 D/vendor.qti.bluetooth@1.0-ibs_handler( 808): SerialClockVote: vote for UART CLK ON
02-09 04:22:00.487 D/vendor.qti.bluetooth@1.0-wake_lock( 808): Acquire wakelock is acquired
02-09 04:22:00.487 I/vendor.qti.bluetooth@1.0-ibs_handler( 808): DeviceWakeUp: Writing IBS_WAKE_IND
02-09 04:22:00.488 I/BluetoothPhonePolicy( 2001): Received ACTION_UUID for device 87:73:00:01:31:64
02-09 04:22:00.488 I/BluetoothPhonePolicy( 2001): index=0uuid=00001124-0000-1000-8000-00805f9b34fb
02-09 04:22:00.488 I/BluetoothPhonePolicy( 2001): index=1uuid=00000000-0000-1000-8000-00805f9b34fb
02-09 04:22:00.488 I/BluetoothPhonePolicy( 2001): index=2uuid=00000000-0000-1000-8000-00805f9b34fb
02-09 04:22:00.488 I/BluetoothPhonePolicy( 2001): index=3uuid=00000000-0000-0000-0000-000000000000
02-09 04:22:00.488 I/BluetoothPhonePolicy( 2001): index=4uuid=00000000-0000-0000-0000-000000000000
02-09 04:22:00.488 I/BluetoothPhonePolicy( 2001): index=5uuid=00000000-0000-0000-0000-000000000000
02-09 04:22:00.488 I/BluetoothPhonePolicy( 2001): index=6uuid=00000000-0000-0000-0000-000000000000
02-09 04:22:00.488 I/BluetoothPhonePolicy( 2001): index=7uuid=00000000-0000-0000-0000-000000000000
02-09 04:22:00.488 I/BluetoothPhonePolicy( 2001): index=8uuid=00000000-0000-0000-0000-000000000000
02-09 04:22:00.488 I/BluetoothPhonePolicy( 2001): index=9uuid=00000000-0000-0000-0000-000000000000
02-09 04:22:00.488 I/BluetoothPhonePolicy( 2001): index=10uuid=00000000-0000-0000-0000-000000000000
02-09 04:22:00.488 I/BluetoothPhonePolicy( 2001): index=11uuid=00000000-0000-0000-0000-000000000000
02-09 04:22:00.488 I/BluetoothPhonePolicy( 2001): index=12uuid=00000000-0000-0000-0000-000000000000
02-09 04:22:00.488 I/BluetoothPhonePolicy( 2001): index=13uuid=00000000-0000-0000-0000-000000000000
02-09 04:22:00.488 I/BluetoothPhonePolicy( 2001): index=14uuid=00000000-0000-0000-0000-000000000000
02-09 04:22:00.488 I/BluetoothPhonePolicy( 2001): index=15uuid=00000000-0000-0000-0000-000000000000
02-09 04:22:00.488 I/BluetoothPhonePolicy( 2001): index=16uuid=00000000-0000-0000-0000-000000000000
02-09 04:22:00.488 I/BluetoothPhonePolicy( 2001): index=17uuid=00000000-0000-0000-0000-000000000000
02-09 04:22:00.488 I/BluetoothPhonePolicy( 2001): index=18uuid=00000000-0000-0000-0000-000000000000
02-09 04:22:00.488 I/BluetoothPhonePolicy( 2001): index=19uuid=00000000-0000-0000-0000-000000000000
02-09 04:22:00.488 I/BluetoothPhonePolicy( 2001): index=20uuid=00000000-0000-0000-0000-000000000000
02-09 04:22:00.488 I/BluetoothPhonePolicy( 2001): index=21uuid=00000000-0000-0000-0000-000000000000
02-09 04:22:00.488 I/BluetoothPhonePolicy( 2001): index=22uuid=00000000-0000-0000-0000-000000000000
02-09 04:22:00.488 I/BluetoothPhonePolicy( 2001): index=23uuid=00000000-0000-0000-0000-000000000000
02-09 04:22:00.489 I/BluetoothPhonePolicy( 2001): index=24uuid=00000000-0000-0000-0000-000000000000
02-09 04:22:00.489 I/BluetoothPhonePolicy( 2001): index=25uuid=00000000-0000-0000-0000-000000000000
02-09 04:22:00.489 I/BluetoothPhonePolicy( 2001): index=26uuid=00000000-0000-0000-0000-000000000000
02-09 04:22:00.489 I/BluetoothPhonePolicy( 2001): index=27uuid=00000000-0000-0000-0000-000000000000
02-09 04:22:00.489 I/BluetoothPhonePolicy( 2001): index=28uuid=00000000-0000-0000-0000-000000000000
02-09 04:22:00.489 I/BluetoothPhonePolicy( 2001): index=29uuid=00000000-0000-0000-0000-000000000000
02-09 04:22:00.489 I/BluetoothPhonePolicy( 2001): index=30uuid=00000000-0000-0000-0000-000000000000
02-09 04:22:00.489 I/BluetoothPhonePolicy( 2001): index=31uuid=00000000-0000-0000-0000-000000000000
02-09 04:22:00.489 I/BluetoothPhonePolicy( 2001): processInitProfilePriorities() - device 87:73:00:01:31:64
02-09 04:22:00.489 D/HeadsetService( 2001): getHeadsetService(): returning com.android.bluetooth.hfp.HeadsetService@8e07092
02-09 04:22:00.489 D/BluetoothHidHostService( 2001): getConnectionPolicy: 87:73:00:01:31:64
02-09 04:22:00.489 V/BluetoothDatabase( 2001): getProfileConnectionPolicy: 87:73:00:01:31:64, profile=4, connectionPolicy = 100
02-09 04:22:00.490 D/ObexServerSockets3( 2001): Accepting socket connection...
02-09 04:22:00.490 D/PeopleSpaceWidgetMgr( 2018): Sbn doesn't contain valid PeopleTileKey: null/0/com.android.systemui
02-09 04:22:00.490 D/PeopleSpaceWidgetMgr( 2018): Sbn doesn't contain valid PeopleTileKey: null/-1/android
02-09 04:22:00.493 I/vendor.qti.bluetooth@1.0-ibs_handler( 808): ProcessIbsCmd: Received IBS_WAKE_ACK: 0xFC
02-09 04:22:00.493 I/vendor.qti.bluetooth@1.0-ibs_handler( 808): ProcessIbsCmd: Signal wack_cond_
02-09 04:22:00.493 D/vendor.qti.bluetooth@1.0-ibs_handler( 808): DeviceWakeUp: Unblocked from waiting for FC, pthread_cond_timedwait ret = 0
02-09 04:22:00.494 I/ExtendedUtils( 1202): printFileName fd(27) -> /product/media/audio/ringtones/UrsaMinor.ogg
02-09 04:22:00.495 I/vendor.qti.bluetooth@1.0-ibs_handler( 808): ProcessIbsCmd: Received IBS_WAKE_IND: 0xFD
02-09 04:22:00.495 I/vendor.qti.bluetooth@1.0-ibs_handler( 808): ProcessIbsCmd: Writing IBS_WAKE_ACK
02-09 04:22:00.496 D/PeopleSpaceWidgetMgr( 2018): Sbn doesn't contain valid PeopleTileKey: null/-1/android
02-09 04:22:00.498 W/ActivityManager( 1523): Receiver with filter android.content.IntentFilter@8817fb0 already registered for pid 2018, callerPackage is com.android.systemui
02-09 04:22:00.501 D/LocalBluetoothProfileManager( 2018): Current Profiles[]
02-09 04:22:00.503 D/nativeloader( 3429): classloader namespace configured for unbundled product apk. library_path=/product/app/Calendar/lib/arm64:/product/lib64:/system/product/lib64
02-09 04:22:00.504 D/BluetoothMap( 2018): getConnectionState(87:73:00:01:31:64)
02-09 04:22:00.505 V/MediaTimeout( 2018): processState 0|com.android.systemui|1|empty_media|10080: null
02-09 04:22:00.505 V/MediaTimeout( 2018): schedule timeout for 0|com.android.systemui|1|empty_media|10080 playing false, false
02-09 04:22:00.505 D/MediaResumeListener( 2018): Checking for service component for com.android.systemui
02-09 04:22:00.505 D/LocalBluetoothProfileManager( 2018): New Profiles[HID]
02-09 04:22:00.506 D/CachedBluetoothDevice( 2018): updating profiles for B.O.W
02-09 04:22:00.506 V/CachedBluetoothDevice( 2018): Class: 2540
02-09 04:22:00.506 V/CachedBluetoothDevice( 2018): UUID:
02-09 04:22:00.506 V/CachedBluetoothDevice( 2018): 00001124-0000-1000-8000-00805f9b34fb
02-09 04:22:00.506 V/CachedBluetoothDevice( 2018): 00000000-0000-1000-8000-00805f9b34fb
02-09 04:22:00.506 V/CachedBluetoothDevice( 2018): 00000000-0000-1000-8000-00805f9b34fb
02-09 04:22:00.506 V/CachedBluetoothDevice( 2018): 00000000-0000-0000-0000-000000000000
02-09 04:22:00.507 V/CachedBluetoothDevice( 2018): 00000000-0000-0000-0000-000000000000
02-09 04:22:00.507 V/CachedBluetoothDevice( 2018): 00000000-0000-0000-0000-000000000000
02-09 04:22:00.507 V/CachedBluetoothDevice( 2018): 00000000-0000-0000-0000-000000000000
02-09 04:22:00.507 V/CachedBluetoothDevice( 2018): 00000000-0000-0000-0000-000000000000
02-09 04:22:00.507 V/CachedBluetoothDevice( 2018): 00000000-0000-0000-0000-000000000000
02-09 04:22:00.507 V/CachedBluetoothDevice( 2018): 00000000-0000-0000-0000-000000000000
02-09 04:22:00.507 V/CachedBluetoothDevice( 2018): 00000000-0000-0000-0000-000000000000
02-09 04:22:00.507 V/CachedBluetoothDevice( 2018): 00000000-0000-0000-0000-000000000000
02-09 04:22:00.507 V/CachedBluetoothDevice( 2018): 00000000-0000-0000-0000-000000000000
02-09 04:22:00.507 V/CachedBluetoothDevice( 2018): 00000000-0000-0000-0000-000000000000
02-09 04:22:00.507 V/CachedBluetoothDevice( 2018): 00000000-0000-0000-0000-000000000000
02-09 04:22:00.507 V/CachedBluetoothDevice( 2018): 00000000-0000-0000-0000-000000000000
02-09 04:22:00.507 V/CachedBluetoothDevice( 2018): 00000000-0000-0000-0000-000000000000
02-09 04:22:00.507 V/CachedBluetoothDevice( 2018): 00000000-0000-0000-0000-000000000000
02-09 04:22:00.507 V/CachedBluetoothDevice( 2018): 00000000-0000-0000-0000-000000000000
02-09 04:22:00.507 V/CachedBluetoothDevice( 2018): 00000000-0000-0000-0000-000000000000
02-09 04:22:00.507 V/CachedBluetoothDevice( 2018): 00000000-0000-0000-0000-000000000000
02-09 04:22:00.507 V/CachedBluetoothDevice( 2018): 00000000-0000-0000-0000-000000000000
02-09 04:22:00.507 V/CachedBluetoothDevice( 2018): 00000000-0000-0000-0000-000000000000
02-09 04:22:00.507 V/CachedBluetoothDevice( 2018): 00000000-0000-0000-0000-000000000000
02-09 04:22:00.507 V/CachedBluetoothDevice( 2018): 00000000-0000-0000-0000-000000000000
02-09 04:22:00.507 V/CachedBluetoothDevice( 2018): 00000000-0000-0000-0000-000000000000
02-09 04:22:00.507 V/CachedBluetoothDevice( 2018): 00000000-0000-0000-0000-000000000000
02-09 04:22:00.507 V/CachedBluetoothDevice( 2018): 00000000-0000-0000-0000-000000000000
02-09 04:22:00.507 V/CachedBluetoothDevice( 2018): 00000000-0000-0000-0000-000000000000
02-09 04:22:00.507 V/CachedBluetoothDevice( 2018): 00000000-0000-0000-0000-000000000000
02-09 04:22:00.507 V/CachedBluetoothDevice( 2018): 00000000-0000-0000-0000-000000000000
02-09 04:22:00.507 V/CachedBluetoothDevice( 2018): 00000000-0000-0000-0000-000000000000
02-09 04:22:00.509 D/HearingAidService( 2001): getActiveDevices
02-09 04:22:00.513 I/MMParserExtractor( 1195): Created(0xb400007c63868710)
02-09 04:22:00.513 D/BluetoothHidHostService( 2001): getConnectionState: 87:73:00:01:31:64
02-09 04:22:00.513 I/Perf ( 3429): Connecting to perf service.
02-09 04:22:00.513 D/BluetoothHidHostService( 2001): getConnectionState: 87:73:00:01:31:64
02-09 04:22:00.513 D/BluetoothHidHostService( 2001): getConnectionState: 87:73:00:01:31:64
02-09 04:22:00.514 D/BluetoothHidHostService( 2001): getConnectionState: 87:73:00:01:31:64
02-09 04:22:00.514 D/BluetoothHidHostService( 2001): getConnectionState: 87:73:00:01:31:64
02-09 04:22:00.514 D/BluetoothHidHostService( 2001): getConnectionState: 87:73:00:01:31:64
02-09 04:22:00.516 D/LocalBluetoothProfileManager( 2018): Current Profiles[HID]
02-09 04:22:00.517 V/GraphicsEnvironment( 3429): ANGLE Developer option for 'com.android.calendar' set to: 'default'
02-09 04:22:00.517 D/BluetoothMap( 2018): getConnectionState(87:73:00:01:31:64)
02-09 04:22:00.518 D/LocalBluetoothProfileManager( 2018): New Profiles[HID]
02-09 04:22:00.518 V/GraphicsEnvironment( 3429): ANGLE GameManagerService for com.android.calendar: false
02-09 04:22:00.518 D/CachedBluetoothDevice( 2018): updating profiles for B.O.W
02-09 04:22:00.519 V/CachedBluetoothDevice( 2018): Class: 2540
02-09 04:22:00.519 V/CachedBluetoothDevice( 2018): UUID:
02-09 04:22:00.519 V/CachedBluetoothDevice( 2018): 00001124-0000-1000-8000-00805f9b34fb
02-09 04:22:00.519 V/CachedBluetoothDevice( 2018): 00000000-0000-1000-8000-00805f9b34fb
02-09 04:22:00.519 V/CachedBluetoothDevice( 2018): 00000000-0000-1000-8000-00805f9b34fb
02-09 04:22:00.519 V/CachedBluetoothDevice( 2018): 00000000-0000-0000-0000-000000000000
02-09 04:22:00.519 V/CachedBluetoothDevice( 2018): 00000000-0000-0000-0000-000000000000
02-09 04:22:00.519 V/CachedBluetoothDevice( 2018): 00000000-0000-0000-0000-000000000000
02-09 04:22:00.519 V/CachedBluetoothDevice( 2018): 00000000-0000-0000-0000-000000000000
02-09 04:22:00.519 V/CachedBluetoothDevice( 2018): 00000000-0000-0000-0000-000000000000
02-09 04:22:00.519 V/CachedBluetoothDevice( 2018): 00000000-0000-0000-0000-000000000000
02-09 04:22:00.519 D/NetworkSecurityConfig( 3429): No Network Security Config specified, using platform default
02-09 04:22:00.519 V/CachedBluetoothDevice( 2018): 00000000-0000-0000-0000-000000000000
02-09 04:22:00.519 V/CachedBluetoothDevice( 2018): 00000000-0000-0000-0000-000000000000
02-09 04:22:00.519 V/CachedBluetoothDevice( 2018): 00000000-0000-0000-0000-000000000000
02-09 04:22:00.519 V/CachedBluetoothDevice( 2018): 00000000-0000-0000-0000-000000000000
02-09 04:22:00.519 V/CachedBluetoothDevice( 2018): 00000000-0000-0000-0000-000000000000
02-09 04:22:00.519 V/CachedBluetoothDevice( 2018): 00000000-0000-0000-0000-000000000000
02-09 04:22:00.519 V/CachedBluetoothDevice( 2018): 00000000-0000-0000-0000-000000000000
02-09 04:22:00.519 V/CachedBluetoothDevice( 2018): 00000000-0000-0000-0000-000000000000
02-09 04:22:00.519 V/CachedBluetoothDevice( 2018): 00000000-0000-0000-0000-000000000000
02-09 04:22:00.519 V/CachedBluetoothDevice( 2018): 00000000-0000-0000-0000-000000000000
02-09 04:22:00.519 V/CachedBluetoothDevice( 2018): 00000000-0000-0000-0000-000000000000
02-09 04:22:00.519 V/CachedBluetoothDevice( 2018): 00000000-0000-0000-0000-000000000000
02-09 04:22:00.519 V/CachedBluetoothDevice( 2018): 00000000-0000-0000-0000-000000000000
02-09 04:22:00.519 V/CachedBluetoothDevice( 2018): 00000000-0000-0000-0000-000000000000
02-09 04:22:00.519 V/CachedBluetoothDevice( 2018): 00000000-0000-0000-0000-000000000000
02-09 04:22:00.519 V/CachedBluetoothDevice( 2018): 00000000-0000-0000-0000-000000000000
02-09 04:22:00.519 V/CachedBluetoothDevice( 2018): 00000000-0000-0000-0000-000000000000
02-09 04:22:00.519 V/CachedBluetoothDevice( 2018): 00000000-0000-0000-0000-000000000000
02-09 04:22:00.519 V/CachedBluetoothDevice( 2018): 00000000-0000-0000-0000-000000000000
02-09 04:22:00.519 D/NetworkSecurityConfig( 3429): No Network Security Config specified, using platform default
02-09 04:22:00.519 V/CachedBluetoothDevice( 2018): 00000000-0000-0000-0000-000000000000
02-09 04:22:00.519 V/CachedBluetoothDevice( 2018): 00000000-0000-0000-0000-000000000000
02-09 04:22:00.519 V/CachedBluetoothDevice( 2018): 00000000-0000-0000-0000-000000000000
02-09 04:22:00.519 V/CachedBluetoothDevice( 2018): 00000000-0000-0000-0000-000000000000
02-09 04:22:00.519 D/CachedBluetoothDevice( 2018): onUuidChanged: Time since last connect=15735
02-09 04:22:00.520 D/BluetoothHidHostService( 2001): getConnectionState: 87:73:00:01:31:64
02-09 04:22:00.520 D/BluetoothHidHostService( 2001): getConnectionState: 87:73:00:01:31:64
02-09 04:22:00.520 D/BluetoothHidHostService( 2001): getConnectionState: 87:73:00:01:31:64
02-09 04:22:00.525 I/ExtendedUtils( 1202): printFileName fd(27) -> /product/media/audio/ringtones/Rasalas.ogg
02-09 04:22:00.530 D/AlertReceiver( 3429): onReceive: a=android.intent.action.BOOT_COMPLETED Intent { act=android.intent.action.BOOT_COMPLETED flg=0x89000010 cmp=com.android.calendar/.alerts.AlertReceiver (has extras) }
02-09 04:22:00.532 D/CompatibilityInfo( 1523): mCompatibilityFlags - 4
02-09 04:22:00.532 D/CompatibilityInfo( 1523): applicationDensity - 240
02-09 04:22:00.532 D/CompatibilityInfo( 1523): applicationScale - 1.0
02-09 04:22:00.533 I/AlarmClock( 2676): AlarmInitReceiver android.intent.action.BOOT_COMPLETED
02-09 04:22:00.538 W/ShortcutService( 1523): Clock rewound
02-09 04:22:00.538 I/MMParserExtractor( 1195): Created(0xb400007c63868710)
02-09 04:22:00.540 D/TouchInteractionService( 2579): Touch service destroyed: user=0
02-09 04:22:00.540 W/InputManager-JNI( 1523): Input channel object 'recents_animation_input_consumer (client)' was disposed without first being removed with the input manager!
02-09 04:22:00.545 D/CompatibilityChangeReporter( 1523): Compat change id reported: 168419799; UID 10074; state: DISABLED
02-09 04:22:00.545 I/AlarmClock( 2676): Fixing alarm instances
02-09 04:22:00.545 D/CompatibilityInfo( 1523): mCompatibilityFlags - 4
02-09 04:22:00.545 D/CompatibilityInfo( 1523): applicationDensity - 240
02-09 04:22:00.545 D/CompatibilityInfo( 1523): applicationScale - 1.0
02-09 04:22:00.548 I/InputDispatcher( 1523): Erasing monitor swipe-up (server) on display 0, pid=2579
02-09 04:22:00.553 D/CompatibilityChangeReporter( 1523): Compat change id reported: 135634846; UID 1000; state: DISABLED
02-09 04:22:00.553 D/CompatibilityChangeReporter( 1523): Compat change id reported: 177438394; UID 1000; state: DISABLED
02-09 04:22:00.553 D/CompatibilityChangeReporter( 1523): Compat change id reported: 135772972; UID 1000; state: DISABLED
02-09 04:22:00.553 D/CompatibilityChangeReporter( 1523): Compat change id reported: 135754954; UID 1000; state: ENABLED
02-09 04:22:00.557 I/ExtendedUtils( 1202): printFileName fd(27) -> /product/media/audio/ringtones/Calypso_Steel.ogg
02-09 04:22:00.561 D/Zygote ( 666): Forked child process 3457
02-09 04:22:00.561 I/am_proc_start( 1523): [0,3457,1000,com.android.dynsystem,broadcast,{com.android.dynsystem/com.android.dynsystem.BootCompletedReceiver}]
