01-02 09:38:32.346 I/subsys-restart( 0): __subsystem_get(): Changing subsys fw_name to venus
01-02 09:38:32.347 E/msm-pcm-routing soc( 0): qcom,msm-pcm-routing: ASoC: no source widget found for AUX_PCM_TX
01-02 09:38:32.347 E/msm-pcm-routing soc( 0): qcom,msm-pcm-routing: ASoC: Failed to add route AUX_PCM_TX -> AUX_PCM_UL_TX -> VoLTE Stub Tx Mixer
01-02 09:38:32.348 W/subsys-pil-tz aab0000.qcom,venus( 0): Falling back to syfs fallback for: venus.mdt
01-02 09:38:32.348 E/msm-pcm-routing soc( 0): qcom,msm-pcm-routing: ASoC: no source widget found for AUX_PCM_RX
01-02 09:38:32.348 E/msm-pcm-routing soc( 0): qcom,msm-pcm-routing: ASoC: Failed to add route AUX_PCM_RX -> direct -> BE_OUT
01-02 09:38:32.348 E/swr-wcd wsa_swr_ctrl( 0): swrm_get_logical_dev_num: device 0x1020170211 is not ready
01-02 09:38:32.348 E/swr_get_logical_dev_num( 0): Error -22 to get logical addr for device 1020170211
01-02 09:38:32.348 W/wsa881x ( 0): probe of wsa881x.1020170211 failed with error -22
01-02 09:38:32.349 E/swr-wcd rx_swr_ctrl( 0): swrm_get_logical_dev_num: device 0xd01170224 is not ready
01-02 09:38:32.349 E/swr_get_logical_dev_num( 0): Error -22 to get logical addr for device d01170224
01-02 09:38:32.349 E/swr-wcd rx_swr_ctrl( 0): swrm_get_logical_dev_num: device 0xd01170224 is not ready
01-02 09:38:32.349 E/swr_get_logical_dev_num( 0): Error -22 to get logical addr for device d01170224
01-02 09:38:32.349 E/swr-wcd rx_swr_ctrl( 0): swrm_get_logical_dev_num: device 0xd01170224 is not ready
01-02 09:38:32.349 E/swr_get_logical_dev_num( 0): Error -22 to get logical addr for device d01170224
01-02 09:38:32.349 E/swr-wcd rx_swr_ctrl( 0): swrm_get_logical_dev_num: device 0xd01170224 is not ready
01-02 09:38:32.349 E/swr_get_logical_dev_num( 0): Error -22 to get logical addr for device d01170224
01-02 09:38:32.349 E/swr-wcd rx_swr_ctrl( 0): swrm_get_logical_dev_num: device 0xd01170224 is not ready
01-02 09:38:32.349 E/swr_get_logical_dev_num( 0): Error -22 to get logical addr for device d01170224
01-02 09:38:32.349 E/wcd938x_codec wcd938x-codec( 0): wcd938x_bind: Slave bind failed, ret = -517
01-02 09:38:32.350 W/msm-pcm-routing soc( 0): qcom,msm-pcm-routing: ASoC: no dapm match for MM_DL23 --> MultiMedia23 --> QUIN_TDM_RX_1 Audio Mixer
01-02 09:38:32.350 E/msm-pcm-routing soc( 0): qcom,msm-pcm-routing: ASoC: Failed to add route MM_DL23 -> MultiMedia23 -> QUIN_TDM_RX_1 Audio Mixer
01-02 09:38:32.350 W/msm-pcm-routing soc( 0): qcom,msm-pcm-routing: ASoC: no dapm match for MM_DL24 --> MultiMedia24 --> QUIN_TDM_RX_1 Audio Mixer
01-02 09:38:32.350 E/msm-pcm-routing soc( 0): qcom,msm-pcm-routing: ASoC: Failed to add route MM_DL24 -> MultiMedia24 -> QUIN_TDM_RX_1 Audio Mixer
01-02 09:38:32.350 W/msm-pcm-routing soc( 0): qcom,msm-pcm-routing: ASoC: no dapm match for MM_DL25 --> MultiMedia25 --> QUIN_TDM_RX_1 Audio Mixer
01-02 09:38:32.350 E/msm-pcm-routing soc( 0): qcom,msm-pcm-routing: ASoC: Failed to add route MM_DL25 -> MultiMedia25 -> QUIN_TDM_RX_1 Audio Mixer
01-02 09:38:32.354 E/swr-wcd wsa_swr_ctrl( 0): swrm_get_logical_dev_num: device 0x1020170212 is not ready
01-02 09:38:32.354 E/swr_get_logical_dev_num( 0): Error -22 to get logical addr for device 1020170212
01-02 09:38:32.354 W/wsa881x ( 0): probe of wsa881x.1020170212 failed with error -22
01-02 09:38:32.358 I/binder ( 0): 897:897 ioctl 40046210 7fd35f79c4 returned -22
01-02 09:38:32.358 I/binder ( 0): 897:897 ioctl 40046210 7fd35f79e4 returned -22
01-02 09:38:32.359 E/swr-wcd wsa_swr_ctrl( 0): swrm_get_logical_dev_num: device 0x1021170213 is not ready
01-02 09:38:32.359 E/swr_get_logical_dev_num( 0): Error -22 to get logical addr for device 1021170213
01-02 09:38:32.359 W/wsa881x ( 0): probe of wsa881x.1021170213 failed with error -22
01-02 09:38:32.763 I/auditd ( 504): avc: denied { find } for pid=903 uid=1000 name=vendor.qti.hardware.display.config.IDisplayConfig/default scontext=u:r:surfaceflinger:s0 tcontext=u:object_r:default_android_service:s0 tclass=service_manager permissive=0
01-02 09:38:32.361 E/msm-pcm-routing soc( 0): qcom,msm-pcm-routing: ASoC: no source widget found for AUX_PCM_TX
01-02 09:38:32.361 E/msm-pcm-routing soc( 0): qcom,msm-pcm-routing: ASoC: Failed to add route AUX_PCM_TX -> AUX_PCM_UL_TX -> SLIMBUS_0_RX Port Mixer
01-02 09:38:32.361 E/msm-pcm-routing soc( 0): qcom,msm-pcm-routing: ASoC: no source widget found for SEC_AUX_PCM_TX
01-02 09:38:32.361 E/msm-pcm-routing soc( 0): qcom,msm-pcm-routing: ASoC: Failed to add route SEC_AUX_PCM_TX -> SEC_AUX_PCM_UL_TX -> SLIMBUS_0_RX Port Mixer
01-02 09:38:32.361 E/msm-pcm-routing soc( 0): qcom,msm-pcm-routing: ASoC: no source widget found for TERT_AUX_PCM_TX
01-02 09:38:32.361 E/msm-pcm-routing soc( 0): qcom,msm-pcm-routing: ASoC: Failed to add route TERT_AUX_PCM_TX -> TERT_AUXPCM_UL_TX -> SLIMBUS_0_RX Port Mixer
01-02 09:38:32.361 E/msm-pcm-routing soc( 0): qcom,msm-pcm-routing: ASoC: no source widget found for QUAT_AUX_PCM_TX
01-02 09:38:32.361 E/msm-pcm-routing soc( 0): qcom,msm-pcm-routing: ASoC: Failed to add route QUAT_AUX_PCM_TX -> QUAT_AUXPCM_UL_TX -> SLIMBUS_0_RX Port Mixer
01-02 09:38:32.361 E/msm-pcm-routing soc( 0): qcom,msm-pcm-routing: ASoC: no source widget found for QUIN_AUX_PCM_TX
01-02 09:38:32.361 E/msm-pcm-routing soc( 0): qcom,msm-pcm-routing: ASoC: Failed to add route QUIN_AUX_PCM_TX -> QUIN_AUXPCM_UL_TX -> SLIMBUS_0_RX Port Mixer
01-02 09:38:32.361 E/msm-pcm-routing soc( 0): qcom,msm-pcm-routing: ASoC: no source widget found for SEN_AUX_PCM_TX
01-02 09:38:32.361 E/msm-pcm-routing soc( 0): qcom,msm-pcm-routing: ASoC: Failed to add route SEN_AUX_PCM_TX -> SEN_AUXPCM_UL_TX -> SLIMBUS_0_RX Port Mixer
01-02 09:38:32.767 I/auditd ( 504): avc: denied { find } for pid=903 uid=1000 name=vendor.qti.hardware.display.config.IDisplayConfig/default scontext=u:r:surfaceflinger:s0 tcontext=u:object_r:default_android_service:s0 tclass=service_manager permissive=0
01-02 09:38:32.364 E/swr-wcd wsa_swr_ctrl( 0): swrm_get_logical_dev_num: device 0x1021170214 is not ready
01-02 09:38:32.364 E/swr_get_logical_dev_num( 0): Error -22 to get logical addr for device 1021170214
01-02 09:38:32.364 W/wsa881x ( 0): probe of wsa881x.1021170214 failed with error -22
01-02 09:38:32.381 D/cnss ( 0): MHI status cb is called with reason MISSION_MODE(6)
01-02 09:38:32.381 D/cnss ( 0): Notify MHI to use already allocated images
01-02 09:38:32.381 D/cnss ( 0): PM relax, state: 0x8, count: 0
01-02 09:38:32.811 I/auditd ( 919): type=1400 audit(0.0:56): avc: denied { read write } for comm="sensors.qti" name="diag" dev="tmpfs" ino=1103 scontext=u:r:vendor_sensors_qti:s0 tcontext=u:object_r:vendor_diag_device:s0 tclass=chr_file permissive=0
01-02 09:38:32.428 I/subsys-pil-tz aab0000.qcom,venus( 0): venus: loading from 0x0000000086e00000 to 0x0000000087300000
01-02 09:38:32.429 D/cnss ( 0): WLFW server arriving: node 7 port 1
01-02 09:38:32.429 D/cnss ( 0): Posting event: SERVER_ARRIVE(0), state: 0x8 flags: 0x0
01-02 09:38:32.429 D/cnss ( 0): PM stay awake, state: 0x8, count: 1
01-02 09:38:32.429 D/cnss ( 0): PM relax, state: 0x8, count: 0
01-02 09:38:32.429 D/cnss ( 0): PM stay awake, state: 0x8, count: 1
01-02 09:38:32.429 D/cnss ( 0): Processing driver event: SERVER_ARRIVE(0), state: 0x8
01-02 09:38:32.429 I/cnss ( 0): QMI WLFW service connected, state: 0x9
01-02 09:38:32.429 D/cnss ( 0): Sending indication register message, state: 0x9
01-02 09:38:32.432 D/cnss ( 0): Sending host capability message, state: 0x9
01-02 09:38:32.432 D/cnss ( 0): Number of clients is 2
01-02 09:38:32.432 D/cnss ( 0): Assign MSI to user: WAKE, num_vectors: 1, user_base_data: 813, base_vector: 13
01-02 09:38:32.432 D/cnss ( 0): WAKE MSI base data is 813
01-02 09:38:32.432 D/cnss ( 0): Calibration done is 0
01-02 09:38:32.432 D/cnss ( 0): Sending iova starting 0xa0000000 with size 0x10010000
01-02 09:38:32.434 W/subsys-pil-tz aab0000.qcom,venus( 0): Falling back to syfs fallback for: venus.b02
01-02 09:38:32.434 W/subsys-pil-tz aab0000.qcom,venus( 0): Falling back to syfs fallback for: venus.b03
01-02 09:38:32.434 W/subsys-pil-tz aab0000.qcom,venus( 0): Falling back to syfs fallback for: venus.b04
01-02 09:38:32.434 W/subsys-pil-tz aab0000.qcom,venus( 0): Falling back to syfs fallback for: venus.b06
01-02 09:38:32.434 W/subsys-pil-tz aab0000.qcom,venus( 0): Falling back to syfs fallback for: venus.b05
01-02 09:38:32.434 W/subsys-pil-tz aab0000.qcom,venus( 0): Falling back to syfs fallback for: venus.b07
01-02 09:38:32.434 W/subsys-pil-tz aab0000.qcom,venus( 0): Falling back to syfs fallback for: venus.b08
01-02 09:38:32.434 W/subsys-pil-tz aab0000.qcom,venus( 0): Falling back to syfs fallback for: venus.b09
01-02 09:38:32.434 W/subsys-pil-tz aab0000.qcom,venus( 0): Falling back to syfs fallback for: venus.b10
01-02 09:38:32.434 W/subsys-pil-tz aab0000.qcom,venus( 0): Falling back to syfs fallback for: venus.b19
01-02 09:38:32.442 D/cnss ( 0): PM relax, state: 0x9, count: 0
01-02 09:38:32.466 I/subsys-pil-tz aab0000.qcom,venus( 0): venus: Brought out of reset
01-02 09:38:32.477 W/kgsl-3d0( 0): Falling back to syfs fallback for: a650_sqe.fw
01-02 09:38:32.480 I/msm_vidc( 0): err : 00000001: ....d: Failed to create debugfs for msm_vidc
01-02 09:38:32.482 W/kgsl-3d0( 0): Falling back to syfs fallback for: a650_gmu.bin
01-02 09:38:32.485 I/msm_vidc( 0): high: 00000001: h264d: Closed video instance: 0000000000000000
01-02 09:38:32.485 I/msm_vidc( 0): high: 00000001: ....d: Opening video instance: 0000000000000000, 1
01-02 09:38:32.485 I/msm_vidc( 0): err : 00000001: ....d: Failed to create debugfs for msm_vidc
01-02 09:38:32.491 I/msm_vidc( 0): high: 00000001: h264d: Closed video instance: 0000000000000000
01-02 09:38:32.493 I/msm_vidc( 0): high: 00000001: ....d: Opening video instance: 0000000000000000, 1
01-02 09:38:32.493 I/msm_vidc( 0): err : 00000001: ....d: Failed to create debugfs for msm_vidc
01-02 09:38:32.497 I/msm_vidc( 0): high: 00000001: h265d: Closed video instance: 0000000000000000
01-02 09:38:32.499 I/msm_vidc( 0): high: 00000001: ....d: Opening video instance: 0000000000000000, 1
01-02 09:38:32.499 I/msm_vidc( 0): err : 00000001: ....d: Failed to create debugfs for msm_vidc
01-02 09:38:32.505 I/msm_vidc( 0): high: 00000001: h265d: Closed video instance: 0000000000000000
01-02 09:38:32.508 I/msm_vidc( 0): high: 00000001: ....d: Opening video instance: 0000000000000000, 1
01-02 09:38:32.508 I/msm_vidc( 0): err : 00000001: ....d: Failed to create debugfs for msm_vidc
01-02 09:38:32.512 I/msm_vidc( 0): high: 00000001: vp8d: Closed video instance: 0000000000000000
01-02 09:38:32.515 I/msm_vidc( 0): high: 00000001: ....d: Opening video instance: 0000000000000000, 1
01-02 09:38:32.515 I/msm_vidc( 0): err : 00000001: ....d: Failed to create debugfs for msm_vidc
01-02 09:38:32.516 I/binder ( 0): 1089:1089 ioctl 40046210 7fcdc4ea14 returned -22
01-02 09:38:32.519 I/msm_vidc( 0): high: 00000001: vp9d: Closed video instance: 0000000000000000
01-02 09:38:32.520 I/msm_vidc( 0): high: 00000001: ....d: Opening video instance: 0000000000000000, 1
01-02 09:38:32.520 I/msm_vidc( 0): err : 00000001: ....d: Failed to create debugfs for msm_vidc
01-02 09:38:32.530 I/msm_vidc( 0): high: 00000001: vp9d: Closed video instance: 0000000000000000
01-02 09:38:32.534 I/msm_vidc( 0): high: 00000001: ....d: Opening video instance: 0000000000000000, 1
01-02 09:38:32.534 I/msm_vidc( 0): err : 00000001: ....d: Failed to create debugfs for msm_vidc
01-02 09:38:32.537 I/msm_vidc( 0): high: 00000001: mpg2d: Closed video instance: 0000000000000000
01-02 09:38:32.538 I/msm_vidc( 0): high: 00000001: ....d: Opening video instance: 0000000000000000, 1
01-02 09:38:32.538 I/msm_vidc( 0): err : 00000001: ....d: Failed to create debugfs for msm_vidc
01-02 09:38:32.542 I/msm_vidc( 0): high: 00000001: mpg2d: Closed video instance: 0000000000000000
01-02 09:38:32.546 I/msm_vidc( 0): high: 00000001: ....e: Opening video instance: 0000000000000000, 0
01-02 09:38:32.546 I/msm_vidc( 0): err : 00000001: ....e: Failed to create debugfs for msm_vidc
01-02 09:38:32.551 I/msm_vidc( 0): high: 00000001: h264e: Closed video instance: 0000000000000000
01-02 09:38:32.554 I/msm_vidc( 0): high: 00000001: ....e: Opening video instance: 0000000000000000, 0
01-02 09:38:32.554 I/msm_vidc( 0): err : 00000001: ....e: Failed to create debugfs for msm_vidc
01-02 09:38:32.556 I/msm_vidc( 0): high: 00000001: h265e: Closed video instance: 0000000000000000
01-02 09:38:32.558 I/msm_vidc( 0): high: 00000001: ....e: Opening video instance: 0000000000000000, 0
01-02 09:38:32.558 I/msm_vidc( 0): err : 00000001: ....e: Failed to create debugfs for msm_vidc
01-02 09:38:32.560 I/msm_vidc( 0): high: 00000001: h265e: Closed video instance: 0000000000000000
01-02 09:38:32.563 I/msm_vidc( 0): high: 00000001: ....e: Opening video instance: 0000000000000000, 0
01-02 09:38:32.563 I/msm_vidc( 0): err : 00000001: ....e: Failed to create debugfs for msm_vidc
01-02 09:38:32.565 I/msm_vidc( 0): high: 00000001: h265e: Closed video instance: 0000000000000000
01-02 09:38:32.568 I/msm_vidc( 0): high: 00000001: ....e: Opening video instance: 0000000000000000, 0
01-02 09:38:32.568 I/msm_vidc( 0): err : 00000001: ....e: Failed to create debugfs for msm_vidc
01-02 09:38:32.568 I/msm_vidc( 0): err : 00000001: ....e: msm_vidc_comm_update_ctrl: failed: control name Ltr Count, min 0, max 0, step 0, default_value 0
01-02 09:38:32.569 E/msm-dai-fe soc( 0): qcom,msm-dai-fe: ASoC: no sink widget found for AUXPCM_DL_HL
01-02 09:38:32.569 E/msm-dai-fe soc( 0): qcom,msm-dai-fe: ASoC: Failed to add route AUXPCM_HOSTLESS Playback -> direct -> AUXPCM_DL_HL
01-02 09:38:32.569 E/msm-dai-fe soc( 0): qcom,msm-dai-fe: ASoC: no source widget found for AUXPCM_UL_HL
01-02 09:38:32.569 E/msm-dai-fe soc( 0): qcom,msm-dai-fe: ASoC: Failed to add route AUXPCM_UL_HL -> direct -> AUXPCM_HOSTLESS Capture
01-02 09:38:32.570 I/msm_vidc( 0): high: 00000001: vp8e: Closed video instance: 0000000000000000
01-02 09:38:32.573 E/msm-auxpcm-dev soc( 0): qcom,msm-pri-auxpcm: ASoC: no source widget found for AUX_PCM_RX
01-02 09:38:32.573 E/msm-auxpcm-dev soc( 0): qcom,msm-pri-auxpcm: ASoC: Failed to add route AUX_PCM_RX -> direct -> AUX PCM Playback
01-02 09:38:32.573 E/msm-auxpcm-dev soc( 0): qcom,msm-pri-auxpcm: ASoC: no sink widget found for AUX_PCM_TX
01-02 09:38:32.573 E/msm-auxpcm-dev soc( 0): qcom,msm-pri-auxpcm: ASoC: Failed to add route AUX PCM Capture -> direct -> AUX_PCM_TX
01-02 09:38:32.573 E/msm-auxpcm-dev soc( 0): qcom,msm-sec-auxpcm: ASoC: no source widget found for SEC_AUX_PCM_RX
01-02 09:38:32.573 E/msm-auxpcm-dev soc( 0): qcom,msm-sec-auxpcm: ASoC: Failed to add route SEC_AUX_PCM_RX -> direct -> Sec AUX PCM Playback
01-02 09:38:32.573 E/msm-auxpcm-dev soc( 0): qcom,msm-sec-auxpcm: ASoC: no sink widget found for SEC_AUX_PCM_TX
01-02 09:38:32.573 E/msm-auxpcm-dev soc( 0): qcom,msm-sec-auxpcm: ASoC: Failed to add route Sec AUX PCM Capture -> direct -> SEC_AUX_PCM_TX
01-02 09:38:32.573 E/msm-auxpcm-dev soc( 0): qcom,msm-tert-auxpcm: ASoC: no source widget found for TERT_AUX_PCM_RX
01-02 09:38:32.573 E/msm-auxpcm-dev soc( 0): qcom,msm-tert-auxpcm: ASoC: Failed to add route TERT_AUX_PCM_RX -> direct -> Tert AUX PCM Playback
01-02 09:38:32.573 E/msm-auxpcm-dev soc( 0): qcom,msm-tert-auxpcm: ASoC: no sink widget found for TERT_AUX_PCM_TX
01-02 09:38:32.573 E/msm-auxpcm-dev soc( 0): qcom,msm-tert-auxpcm: ASoC: Failed to add route Tert AUX PCM Capture -> direct -> TERT_AUX_PCM_TX
01-02 09:38:32.573 E/msm-auxpcm-dev soc( 0): qcom,msm-quat-auxpcm: ASoC: no source widget found for QUAT_AUX_PCM_RX
01-02 09:38:32.573 E/msm-auxpcm-dev soc( 0): qcom,msm-quat-auxpcm: ASoC: Failed to add route QUAT_AUX_PCM_RX -> direct -> Quat AUX PCM Playback
01-02 09:38:32.573 E/msm-auxpcm-dev soc( 0): qcom,msm-quat-auxpcm: ASoC: no sink widget found for QUAT_AUX_PCM_TX
01-02 09:38:32.573 E/msm-auxpcm-dev soc( 0): qcom,msm-quat-auxpcm: ASoC: Failed to add route Quat AUX PCM Capture -> direct -> QUAT_AUX_PCM_TX
01-02 09:38:32.573 E/msm-auxpcm-dev soc( 0): qcom,msm-quin-auxpcm: ASoC: no source widget found for QUIN_AUX_PCM_RX
01-02 09:38:32.573 E/msm-auxpcm-dev soc( 0): qcom,msm-quin-auxpcm: ASoC: Failed to add route QUIN_AUX_PCM_RX -> direct -> Quin AUX PCM Playback
01-02 09:38:32.573 E/msm-auxpcm-dev soc( 0): qcom,msm-quin-auxpcm: ASoC: no sink widget found for QUIN_AUX_PCM_TX
01-02 09:38:32.573 E/msm-auxpcm-dev soc( 0): qcom,msm-quin-auxpcm: ASoC: Failed to add route Quin AUX PCM Capture -> direct -> QUIN_AUX_PCM_TX
01-02 09:38:32.573 E/msm-auxpcm-dev soc( 0): qcom,msm-sen-auxpcm: ASoC: no source widget found for SEN_AUX_PCM_RX
01-02 09:38:32.573 E/msm-auxpcm-dev soc( 0): qcom,msm-sen-auxpcm: ASoC: Failed to add route SEN_AUX_PCM_RX -> direct -> Sen AUX PCM Playback
01-02 09:38:32.573 E/msm-auxpcm-dev soc( 0): qcom,msm-sen-auxpcm: ASoC: no sink widget found for SEN_AUX_PCM_TX
01-02 09:38:32.573 E/msm-auxpcm-dev soc( 0): qcom,msm-sen-auxpcm: ASoC: Failed to add route Sen AUX PCM Capture -> direct -> SEN_AUX_PCM_TX
01-02 09:38:32.573 W/msm-dai-q6-hdmi soc( 0): qcom,msm-dai-q6-dp: DAI driver id is not set
01-02 09:38:32.983 I/auditd ( 965): type=1400 audit(0.0:57): avc: denied { write } for comm="init.qcom.usb.s" name="uvc.0" dev="configfs" ino=17886 scontext=u:r:vendor_qti_init_shell:s0 tcontext=u:object_r:configfs:s0 tclass=dir permissive=0
01-02 09:38:32.983 I/auditd ( 965): type=1400 audit(0.0:58): avc: denied { write } for comm="init.qcom.usb.s" name="uvc.0" dev="configfs" ino=17886 scontext=u:r:vendor_qti_init_shell:s0 tcontext=u:object_r:configfs:s0 tclass=dir permissive=0
01-02 09:38:32.987 I/auditd ( 1125): type=1400 audit(0.0:59): avc: denied { write } for comm="mkdir" name="header" dev="configfs" ino=17888 scontext=u:r:vendor_qti_init_shell:s0 tcontext=u:object_r:configfs:s0 tclass=dir permissive=0
01-02 09:38:32.995 I/auditd ( 1126): type=1400 audit(0.0:60): avc: denied { write } for comm="ln" name="fs" dev="configfs" ino=17897 scontext=u:r:vendor_qti_init_shell:s0 tcontext=u:object_r:configfs:s0 tclass=dir permissive=0
01-02 09:38:32.999 I/auditd ( 1127): type=1400 audit(0.0:61): avc: denied { write } for comm="ln" name="ss" dev="configfs" ino=17898 scontext=u:r:vendor_qti_init_shell:s0 tcontext=u:object_r:configfs:s0 tclass=dir permissive=0
01-02 09:38:33.007 I/auditd ( 1128): type=1400 audit(0.0:62): avc: denied { write } for comm="mkdir" name="uncompressed" dev="configfs" ino=17901 scontext=u:r:vendor_qti_init_shell:s0 tcontext=u:object_r:configfs:s0 tclass=dir permissive=0
01-02 09:38:33.011 I/auditd ( 919): type=1400 audit(0.0:63): avc: denied { read write } for comm="sensors.qti" name="diag" dev="tmpfs" ino=1103 scontext=u:r:vendor_sensors_qti:s0 tcontext=u:object_r:vendor_diag_device:s0 tclass=chr_file permissive=0
01-02 09:38:33.015 I/auditd ( 1129): type=1400 audit(0.0:64): avc: denied { write } for comm="mkdir" name="uncompressed" dev="configfs" ino=17901 scontext=u:r:vendor_qti_init_shell:s0 tcontext=u:object_r:configfs:s0 tclass=dir permissive=0
01-02 09:38:33.019 I/auditd ( 1130): type=1400 audit(0.0:65): avc: denied { write } for comm="mkdir" name="mjpeg" dev="configfs" ino=17902 scontext=u:r:vendor_qti_init_shell:s0 tcontext=u:object_r:configfs:s0 tclass=dir permissive=0
01-02 09:38:33.027 I/auditd ( 1131): type=1400 audit(0.0:66): avc: denied { write } for comm="mkdir" name="mjpeg" dev="configfs" ino=17902 scontext=u:r:vendor_qti_init_shell:s0 tcontext=u:object_r:configfs:s0 tclass=dir permissive=0
01-02 09:38:33.035 I/auditd ( 1132): type=1400 audit(0.0:67): avc: denied { write } for comm="mkdir" name="h264" dev="configfs" ino=17903 scontext=u:r:vendor_qti_init_shell:s0 tcontext=u:object_r:configfs:s0 tclass=dir permissive=0
01-02 09:38:33.039 I/auditd ( 1133): type=1400 audit(0.0:68): avc: denied { write } for comm="mkdir" name="h264" dev="configfs" ino=17903 scontext=u:r:vendor_qti_init_shell:s0 tcontext=u:object_r:configfs:s0 tclass=dir permissive=0
01-02 09:38:33.047 I/auditd ( 1134): type=1400 audit(0.0:69): avc: denied { write } for comm="mkdir" name="header" dev="configfs" ino=17900 scontext=u:r:vendor_qti_init_shell:s0 tcontext=u:object_r:configfs:s0 tclass=dir permissive=0
01-02 09:38:32.665 E/bolero-codec soc( 0): qcom,msm-audio-apr:qcom,q6core-audio:bolero-cdc: ASoC: unknown pin WSA AIF VI
01-02 09:38:33.067 I/auditd ( 1135): type=1400 audit(0.0:70): avc: denied { write } for comm="ln" name="header" dev="configfs" ino=17900 scontext=u:r:vendor_qti_init_shell:s0 tcontext=u:object_r:configfs:s0 tclass=dir permissive=0
01-02 09:38:33.071 I/auditd ( 1139): type=1400 audit(0.0:71): avc: denied { write } for comm="ln" name="header" dev="configfs" ino=17900 scontext=u:r:vendor_qti_init_shell:s0 tcontext=u:object_r:configfs:s0 tclass=dir permissive=0
01-02 09:38:32.670 E/kona-asoc-snd soc( 0): qcom,msm-audio-apr:qcom,q6core-audio:sound: ASoC: no source widget found for MIC BIAS1
01-02 09:38:32.670 E/kona-asoc-snd soc( 0): qcom,msm-audio-apr:qcom,q6core-audio:sound: ASoC: Failed to add route MIC BIAS1 -> direct -> AMIC1
01-02 09:38:32.670 E/kona-asoc-snd soc( 0): qcom,msm-audio-apr:qcom,q6core-audio:sound: ASoC: no sink widget found for MIC BIAS1
01-02 09:38:32.670 E/kona-asoc-snd soc( 0): qcom,msm-audio-apr:qcom,q6core-audio:sound: ASoC: Failed to add route Analog Mic1 -> direct -> MIC BIAS1
01-02 09:38:32.670 E/kona-asoc-snd soc( 0): qcom,msm-audio-apr:qcom,q6core-audio:sound: ASoC: no source widget found for MIC BIAS2
01-02 09:38:32.670 E/kona-asoc-snd soc( 0): qcom,msm-audio-apr:qcom,q6core-audio:sound: ASoC: Failed to add route MIC BIAS2 -> direct -> AMIC2
01-02 09:38:32.670 E/kona-asoc-snd soc( 0): qcom,msm-audio-apr:qcom,q6core-audio:sound: ASoC: no sink widget found for MIC BIAS2
01-02 09:38:32.670 E/kona-asoc-snd soc( 0): qcom,msm-audio-apr:qcom,q6core-audio:sound: ASoC: Failed to add route Analog Mic2 -> direct -> MIC BIAS2
01-02 09:38:32.670 E/kona-asoc-snd soc( 0): qcom,msm-audio-apr:qcom,q6core-audio:sound: ASoC: no source widget found for MIC BIAS3
01-02 09:38:32.670 E/kona-asoc-snd soc( 0): qcom,msm-audio-apr:qcom,q6core-audio:sound: ASoC: Failed to add route MIC BIAS3 -> direct -> AMIC3
01-02 09:38:32.670 E/kona-asoc-snd soc( 0): qcom,msm-audio-apr:qcom,q6core-audio:sound: ASoC: no sink widget found for MIC BIAS3
01-02 09:38:32.670 E/kona-asoc-snd soc( 0): qcom,msm-audio-apr:qcom,q6core-audio:sound: ASoC: Failed to add route Analog Mic3 -> direct -> MIC BIAS3
01-02 09:38:32.670 E/kona-asoc-snd soc( 0): qcom,msm-audio-apr:qcom,q6core-audio:sound: ASoC: no source widget found for MIC BIAS3
01-02 09:38:32.670 E/kona-asoc-snd soc( 0): qcom,msm-audio-apr:qcom,q6core-audio:sound: ASoC: Failed to add route MIC BIAS3 -> direct -> AMIC4
01-02 09:38:32.670 E/kona-asoc-snd soc( 0): qcom,msm-audio-apr:qcom,q6core-audio:sound: ASoC: no sink widget found for MIC BIAS3
01-02 09:38:32.670 E/kona-asoc-snd soc( 0): qcom,msm-audio-apr:qcom,q6core-audio:sound: ASoC: Failed to add route Analog Mic4 -> direct -> MIC BIAS3
01-02 09:38:32.670 E/kona-asoc-snd soc( 0): qcom,msm-audio-apr:qcom,q6core-audio:sound: ASoC: no source widget found for MIC BIAS4
01-02 09:38:32.670 E/kona-asoc-snd soc( 0): qcom,msm-audio-apr:qcom,q6core-audio:sound: ASoC: Failed to add route MIC BIAS4 -> direct -> AMIC5
01-02 09:38:32.670 E/kona-asoc-snd soc( 0): qcom,msm-audio-apr:qcom,q6core-audio:sound: ASoC: no sink widget found for MIC BIAS4
01-02 09:38:32.670 E/kona-asoc-snd soc( 0): qcom,msm-audio-apr:qcom,q6core-audio:sound: ASoC: Failed to add route Analog Mic5 -> direct -> MIC BIAS4
01-02 09:38:32.670 E/kona-asoc-snd soc( 0): qcom,msm-audio-apr:qcom,q6core-audio:sound: ASoC: no source widget found for MIC BIAS3
01-02 09:38:32.670 E/kona-asoc-snd soc( 0): qcom,msm-audio-apr:qcom,q6core-audio:sound: ASoC: Failed to add route MIC BIAS3 -> direct -> TX DMIC0
01-02 09:38:32.670 E/kona-asoc-snd soc( 0): qcom,msm-audio-apr:qcom,q6core-audio:sound: ASoC: no sink widget found for MIC BIAS3
01-02 09:38:32.670 E/kona-asoc-snd soc( 0): qcom,msm-audio-apr:qcom,q6core-audio:sound: ASoC: Failed to add route Digital Mic0 -> direct -> MIC BIAS3
01-02 09:38:32.670 E/kona-asoc-snd soc( 0): qcom,msm-audio-apr:qcom,q6core-audio:sound: ASoC: no source widget found for MIC BIAS3
01-02 09:38:32.670 E/kona-asoc-snd soc( 0): qcom,msm-audio-apr:qcom,q6core-audio:sound: ASoC: Failed to add route MIC BIAS3 -> direct -> TX DMIC1
01-02 09:38:32.670 E/kona-asoc-snd soc( 0): qcom,msm-audio-apr:qcom,q6core-audio:sound: ASoC: no sink widget found for MIC BIAS3
01-02 09:38:32.670 E/kona-asoc-snd soc( 0): qcom,msm-audio-apr:qcom,q6core-audio:sound: ASoC: Failed to add route Digital Mic1 -> direct -> MIC BIAS3
01-02 09:38:32.670 E/kona-asoc-snd soc( 0): qcom,msm-audio-apr:qcom,q6core-audio:sound: ASoC: no source widget found for MIC BIAS1
01-02 09:38:32.670 E/kona-asoc-snd soc( 0): qcom,msm-audio-apr:qcom,q6core-audio:sound: ASoC: Failed to add route MIC BIAS1 -> direct -> TX DMIC2
01-02 09:38:32.670 E/kona-asoc-snd soc( 0): qcom,msm-audio-apr:qcom,q6core-audio:sound: ASoC: no sink widget found for MIC BIAS1
01-02 09:38:32.670 E/kona-asoc-snd soc( 0): qcom,msm-audio-apr:qcom,q6core-audio:sound: ASoC: Failed to add route Digital Mic2 -> direct -> MIC BIAS1
01-02 09:38:32.670 E/kona-asoc-snd soc( 0): qcom,msm-audio-apr:qcom,q6core-audio:sound: ASoC: no source widget found for MIC BIAS1
01-02 09:38:32.670 E/kona-asoc-snd soc( 0): qcom,msm-audio-apr:qcom,q6core-audio:sound: ASoC: Failed to add route MIC BIAS1 -> direct -> TX DMIC3
01-02 09:38:32.670 E/kona-asoc-snd soc( 0): qcom,msm-audio-apr:qcom,q6core-audio:sound: ASoC: no sink widget found for MIC BIAS1
01-02 09:38:32.670 E/kona-asoc-snd soc( 0): qcom,msm-audio-apr:qcom,q6core-audio:sound: ASoC: Failed to add route Digital Mic3 -> direct -> MIC BIAS1
01-02 09:38:32.670 E/kona-asoc-snd soc( 0): qcom,msm-audio-apr:qcom,q6core-audio:sound: ASoC: no source widget found for MIC BIAS4
01-02 09:38:32.670 E/kona-asoc-snd soc( 0): qcom,msm-audio-apr:qcom,q6core-audio:sound: ASoC: Failed to add route MIC BIAS4 -> direct -> TX DMIC4
01-02 09:38:32.670 E/kona-asoc-snd soc( 0): qcom,msm-audio-apr:qcom,q6core-audio:sound: ASoC: no sink widget found for MIC BIAS4
01-02 09:38:32.670 E/kona-asoc-snd soc( 0): qcom,msm-audio-apr:qcom,q6core-audio:sound: ASoC: Failed to add route Digital Mic4 -> direct -> MIC BIAS4
01-02 09:38:32.670 E/kona-asoc-snd soc( 0): qcom,msm-audio-apr:qcom,q6core-audio:sound: ASoC: no source widget found for MIC BIAS4
01-02 09:38:32.670 E/kona-asoc-snd soc( 0): qcom,msm-audio-apr:qcom,q6core-audio:sound: ASoC: Failed to add route MIC BIAS4 -> direct -> TX DMIC5
01-02 09:38:32.670 E/kona-asoc-snd soc( 0): qcom,msm-audio-apr:qcom,q6core-audio:sound: ASoC: no sink widget found for MIC BIAS4
01-02 09:38:32.670 E/kona-asoc-snd soc( 0): qcom,msm-audio-apr:qcom,q6core-audio:sound: ASoC: Failed to add route Digital Mic5 -> direct -> MIC BIAS4
01-02 09:38:32.670 E/kona-asoc-snd soc( 0): qcom,msm-audio-apr:qcom,q6core-audio:sound: ASoC: no sink widget found for IN1_HPHL
01-02 09:38:32.671 E/kona-asoc-snd soc( 0): qcom,msm-audio-apr:qcom,q6core-audio:sound: ASoC: Failed to add route HPHL_OUT -> direct -> IN1_HPHL
01-02 09:38:32.671 E/kona-asoc-snd soc( 0): qcom,msm-audio-apr:qcom,q6core-audio:sound: ASoC: no sink widget found for IN2_HPHR
01-02 09:38:32.671 E/kona-asoc-snd soc( 0): qcom,msm-audio-apr:qcom,q6core-audio:sound: ASoC: Failed to add route HPHR_OUT -> direct -> IN2_HPHR
01-02 09:38:32.671 E/kona-asoc-snd soc( 0): qcom,msm-audio-apr:qcom,q6core-audio:sound: ASoC: no sink widget found for IN3_AUX
01-02 09:38:32.671 E/kona-asoc-snd soc( 0): qcom,msm-audio-apr:qcom,q6core-audio:sound: ASoC: Failed to add route AUX_OUT -> direct -> IN3_AUX
01-02 09:38:32.671 E/kona-asoc-snd soc( 0): qcom,msm-audio-apr:qcom,q6core-audio:sound: ASoC: no source widget found for ADC1_OUTPUT
01-02 09:38:32.671 E/kona-asoc-snd soc( 0): qcom,msm-audio-apr:qcom,q6core-audio:sound: ASoC: Failed to add route ADC1_OUTPUT -> direct -> TX SWR_ADC0
01-02 09:38:32.671 E/kona-asoc-snd soc( 0): qcom,msm-audio-apr:qcom,q6core-audio:sound: ASoC: no source widget found for ADC2_OUTPUT
01-02 09:38:32.671 E/kona-asoc-snd soc( 0): qcom,msm-audio-apr:qcom,q6core-audio:sound: ASoC: Failed to add route ADC2_OUTPUT -> direct -> TX SWR_ADC1
01-02 09:38:32.671 E/kona-asoc-snd soc( 0): qcom,msm-audio-apr:qcom,q6core-audio:sound: ASoC: no source widget found for ADC3_OUTPUT
01-02 09:38:32.671 E/kona-asoc-snd soc( 0): qcom,msm-audio-apr:qcom,q6core-audio:sound: ASoC: Failed to add route ADC3_OUTPUT -> direct -> TX SWR_ADC2
01-02 09:38:32.671 E/kona-asoc-snd soc( 0): qcom,msm-audio-apr:qcom,q6core-audio:sound: ASoC: no source widget found for ADC4_OUTPUT
01-02 09:38:32.671 E/kona-asoc-snd soc( 0): qcom,msm-audio-apr:qcom,q6core-audio:sound: ASoC: Failed to add route ADC4_OUTPUT -> direct -> TX SWR_ADC3
01-02 09:38:32.671 E/kona-asoc-snd soc( 0): qcom,msm-audio-apr:qcom,q6core-audio:sound: ASoC: no source widget found for DMIC1_OUTPUT
01-02 09:38:32.671 E/kona-asoc-snd soc( 0): qcom,msm-audio-apr:qcom,q6core-audio:sound: ASoC: Failed to add route DMIC1_OUTPUT -> direct -> TX SWR_DMIC0
01-02 09:38:32.671 E/kona-asoc-snd soc( 0): qcom,msm-audio-apr:qcom,q6core-audio:sound: ASoC: no source widget found for DMIC2_OUTPUT
01-02 09:38:32.671 E/kona-asoc-snd soc( 0): qcom,msm-audio-apr:qcom,q6core-audio:sound: ASoC: Failed to add route DMIC2_OUTPUT -> direct -> TX SWR_DMIC1
01-02 09:38:32.671 E/kona-asoc-snd soc( 0): qcom,msm-audio-apr:qcom,q6core-audio:sound: ASoC: no source widget found for DMIC3_OUTPUT
01-02 09:38:32.671 E/kona-asoc-snd soc( 0): qcom,msm-audio-apr:qcom,q6core-audio:sound: ASoC: Failed to add route DMIC3_OUTPUT -> direct -> TX SWR_DMIC2
01-02 09:38:32.671 E/kona-asoc-snd soc( 0): qcom,msm-audio-apr:qcom,q6core-audio:sound: ASoC: no source widget found for DMIC4_OUTPUT
01-02 09:38:32.671 E/kona-asoc-snd soc( 0): qcom,msm-audio-apr:qcom,q6core-audio:sound: ASoC: Failed to add route DMIC4_OUTPUT -> direct -> TX SWR_DMIC3
01-02 09:38:32.671 E/kona-asoc-snd soc( 0): qcom,msm-audio-apr:qcom,q6core-audio:sound: ASoC: no source widget found for DMIC5_OUTPUT
01-02 09:38:32.671 E/kona-asoc-snd soc( 0): qcom,msm-audio-apr:qcom,q6core-audio:sound: ASoC: Failed to add route DMIC5_OUTPUT -> direct -> TX SWR_DMIC4
01-02 09:38:32.671 E/kona-asoc-snd soc( 0): qcom,msm-audio-apr:qcom,q6core-audio:sound: ASoC: no source widget found for DMIC6_OUTPUT
01-02 09:38:32.671 E/kona-asoc-snd soc( 0): qcom,msm-audio-apr:qcom,q6core-audio:sound: ASoC: Failed to add route DMIC6_OUTPUT -> direct -> TX SWR_DMIC5
01-02 09:38:32.671 E/kona-asoc-snd soc( 0): qcom,msm-audio-apr:qcom,q6core-audio:sound: ASoC: no source widget found for DMIC7_OUTPUT
01-02 09:38:32.671 E/kona-asoc-snd soc( 0): qcom,msm-audio-apr:qcom,q6core-audio:sound: ASoC: Failed to add route DMIC7_OUTPUT -> direct -> TX SWR_DMIC6
01-02 09:38:32.671 E/kona-asoc-snd soc( 0): qcom,msm-audio-apr:qcom,q6core-audio:sound: ASoC: no source widget found for DMIC8_OUTPUT
01-02 09:38:32.671 E/kona-asoc-snd soc( 0): qcom,msm-audio-apr:qcom,q6core-audio:sound: ASoC: Failed to add route DMIC8_OUTPUT -> direct -> TX SWR_DMIC7
01-02 09:38:32.671 E/kona-asoc-snd soc( 0): qcom,msm-audio-apr:qcom,q6core-audio:sound: ASoC: no sink widget found for SpkrLeft IN
01-02 09:38:32.671 E/kona-asoc-snd soc( 0): qcom,msm-audio-apr:qcom,q6core-audio:sound: ASoC: Failed to add route WSA_SPK1 OUT -> direct -> SpkrLeft IN
01-02 09:38:32.671 E/kona-asoc-snd soc( 0): qcom,msm-audio-apr:qcom,q6core-audio:sound: ASoC: no sink widget found for SpkrRight IN
01-02 09:38:32.671 E/kona-asoc-snd soc( 0): qcom,msm-audio-apr:qcom,q6core-audio:sound: ASoC: Failed to add route WSA_SPK2 OUT -> direct -> SpkrRight IN
01-02 09:38:32.671 E/kona-asoc-snd soc( 0): qcom,msm-audio-apr:qcom,q6core-audio:sound: ASoC: no sink widget found for VA MIC BIAS3
01-02 09:38:32.671 E/kona-asoc-snd soc( 0): qcom,msm-audio-apr:qcom,q6core-audio:sound: ASoC: Failed to add route Digital Mic0 -> direct -> VA MIC BIAS3
01-02 09:38:32.671 E/kona-asoc-snd soc( 0): qcom,msm-audio-apr:qcom,q6core-audio:sound: ASoC: no sink widget found for VA MIC BIAS3
01-02 09:38:32.671 E/kona-asoc-snd soc( 0): qcom,msm-audio-apr:qcom,q6core-audio:sound: ASoC: Failed to add route Digital Mic1 -> direct -> VA MIC BIAS3
01-02 09:38:32.671 E/kona-asoc-snd soc( 0): qcom,msm-audio-apr:qcom,q6core-audio:sound: ASoC: no sink widget found for VA MIC BIAS4
01-02 09:38:32.671 E/kona-asoc-snd soc( 0): qcom,msm-audio-apr:qcom,q6core-audio:sound: ASoC: Failed to add route Digital Mic4 -> direct -> VA MIC BIAS4
01-02 09:38:32.671 E/kona-asoc-snd soc( 0): qcom,msm-audio-apr:qcom,q6core-audio:sound: ASoC: no sink widget found for VA MIC BIAS4
01-02 09:38:32.671 E/kona-asoc-snd soc( 0): qcom,msm-audio-apr:qcom,q6core-audio:sound: ASoC: Failed to add route Digital Mic5 -> direct -> VA MIC BIAS4
01-02 09:38:32.671 E/kona-asoc-snd soc( 0): qcom,msm-audio-apr:qcom,q6core-audio:sound: ASoC: no source widget found for VA MIC BIAS3
01-02 09:38:32.671 E/kona-asoc-snd soc( 0): qcom,msm-audio-apr:qcom,q6core-audio:sound: ASoC: Failed to add route VA MIC BIAS3 -> direct -> VA DMIC0
01-02 09:38:32.671 E/kona-asoc-snd soc( 0): qcom,msm-audio-apr:qcom,q6core-audio:sound: ASoC: no source widget found for VA MIC BIAS3
01-02 09:38:32.671 E/kona-asoc-snd soc( 0): qcom,msm-audio-apr:qcom,q6core-audio:sound: ASoC: Failed to add route VA MIC BIAS3 -> direct -> VA DMIC1
01-02 09:38:32.671 E/kona-asoc-snd soc( 0): qcom,msm-audio-apr:qcom,q6core-audio:sound: ASoC: no source widget found for VA MIC BIAS4
01-02 09:38:32.671 E/kona-asoc-snd soc( 0): qcom,msm-audio-apr:qcom,q6core-audio:sound: ASoC: Failed to add route VA MIC BIAS4 -> direct -> VA DMIC4
01-02 09:38:32.671 E/kona-asoc-snd soc( 0): qcom,msm-audio-apr:qcom,q6core-audio:sound: ASoC: no source widget found for VA MIC BIAS4
01-02 09:38:32.671 E/kona-asoc-snd soc( 0): qcom,msm-audio-apr:qcom,q6core-audio:sound: ASoC: Failed to add route VA MIC BIAS4 -> direct -> VA DMIC5
01-02 09:38:32.671 E/kona-asoc-snd soc( 0): qcom,msm-audio-apr:qcom,q6core-audio:sound: ASoC: no source widget found for ADC1_OUTPUT
01-02 09:38:32.671 E/kona-asoc-snd soc( 0): qcom,msm-audio-apr:qcom,q6core-audio:sound: ASoC: Failed to add route ADC1_OUTPUT -> direct -> VA SWR_ADC0
01-02 09:38:32.671 E/kona-asoc-snd soc( 0): qcom,msm-audio-apr:qcom,q6core-audio:sound: ASoC: no source widget found for ADC2_OUTPUT
01-02 09:38:32.671 E/kona-asoc-snd soc( 0): qcom,msm-audio-apr:qcom,q6core-audio:sound: ASoC: Failed to add route ADC2_OUTPUT -> direct -> VA SWR_ADC1
01-02 09:38:32.671 E/kona-asoc-snd soc( 0): qcom,msm-audio-apr:qcom,q6core-audio:sound: ASoC: no source widget found for ADC3_OUTPUT
01-02 09:38:32.671 E/kona-asoc-snd soc( 0): qcom,msm-audio-apr:qcom,q6core-audio:sound: ASoC: Failed to add route ADC3_OUTPUT -> direct -> VA SWR_ADC2
01-02 09:38:32.671 E/kona-asoc-snd soc( 0): qcom,msm-audio-apr:qcom,q6core-audio:sound: ASoC: no source widget found for ADC4_OUTPUT
01-02 09:38:32.671 E/kona-asoc-snd soc( 0): qcom,msm-audio-apr:qcom,q6core-audio:sound: ASoC: Failed to add route ADC4_OUTPUT -> direct -> VA SWR_ADC3
01-02 09:38:32.671 E/kona-asoc-snd soc( 0): qcom,msm-audio-apr:qcom,q6core-audio:sound: ASoC: no source widget found for DMIC1_OUTPUT
01-02 09:38:32.671 E/kona-asoc-snd soc( 0): qcom,msm-audio-apr:qcom,q6core-audio:sound: ASoC: Failed to add route DMIC1_OUTPUT -> direct -> VA SWR_MIC0
01-02 09:38:32.671 E/kona-asoc-snd soc( 0): qcom,msm-audio-apr:qcom,q6core-audio:sound: ASoC: no source widget found for DMIC2_OUTPUT
01-02 09:38:32.671 E/kona-asoc-snd soc( 0): qcom,msm-audio-apr:qcom,q6core-audio:sound: ASoC: Failed to add route DMIC2_OUTPUT -> direct -> VA SWR_MIC1
01-02 09:38:32.671 E/kona-asoc-snd soc( 0): qcom,msm-audio-apr:qcom,q6core-audio:sound: ASoC: no source widget found for DMIC3_OUTPUT
01-02 09:38:32.671 E/kona-asoc-snd soc( 0): qcom,msm-audio-apr:qcom,q6core-audio:sound: ASoC: Failed to add route DMIC3_OUTPUT -> direct -> VA SWR_MIC2
01-02 09:38:32.671 E/kona-asoc-snd soc( 0): qcom,msm-audio-apr:qcom,q6core-audio:sound: ASoC: no source widget found for DMIC4_OUTPUT
01-02 09:38:32.671 E/kona-asoc-snd soc( 0): qcom,msm-audio-apr:qcom,q6core-audio:sound: ASoC: Failed to add route DMIC4_OUTPUT -> direct -> VA SWR_MIC3
01-02 09:38:32.671 E/kona-asoc-snd soc( 0): qcom,msm-audio-apr:qcom,q6core-audio:sound: ASoC: no source widget found for DMIC5_OUTPUT
01-02 09:38:32.671 E/kona-asoc-snd soc( 0): qcom,msm-audio-apr:qcom,q6core-audio:sound: ASoC: Failed to add route DMIC5_OUTPUT -> direct -> VA SWR_MIC4
01-02 09:38:32.671 E/kona-asoc-snd soc( 0): qcom,msm-audio-apr:qcom,q6core-audio:sound: ASoC: no source widget found for DMIC6_OUTPUT
01-02 09:38:32.671 E/kona-asoc-snd soc( 0): qcom,msm-audio-apr:qcom,q6core-audio:sound: ASoC: Failed to add route DMIC6_OUTPUT -> direct -> VA SWR_MIC5
01-02 09:38:32.671 E/kona-asoc-snd soc( 0): qcom,msm-audio-apr:qcom,q6core-audio:sound: ASoC: no source widget found for DMIC7_OUTPUT
01-02 09:38:32.671 E/kona-asoc-snd soc( 0): qcom,msm-audio-apr:qcom,q6core-audio:sound: ASoC: Failed to add route DMIC7_OUTPUT -> direct -> VA SWR_MIC6
01-02 09:38:32.671 E/kona-asoc-snd soc( 0): qcom,msm-audio-apr:qcom,q6core-audio:sound: ASoC: no source widget found for DMIC8_OUTPUT
01-02 09:38:32.671 E/kona-asoc-snd soc( 0): qcom,msm-audio-apr:qcom,q6core-audio:sound: ASoC: Failed to add route DMIC8_OUTPUT -> direct -> VA SWR_MIC7
01-02 09:38:33.075 I/auditd ( 1140): type=1400 audit(0.0:72): avc: denied { write } for comm="ln" name="header" dev="configfs" ino=17900 scontext=u:r:vendor_qti_init_shell:s0 tcontext=u:object_r:configfs:s0 tclass=dir permissive=0
01-02 09:38:33.083 I/auditd ( 1141): type=1400 audit(0.0:73): avc: denied { write } for comm="ln" name="fs" dev="configfs" ino=17907 scontext=u:r:vendor_qti_init_shell:s0 tcontext=u:object_r:configfs:s0 tclass=dir permissive=0
01-02 09:38:33.087 I/auditd ( 1142): type=1400 audit(0.0:74): avc: denied { write } for comm="ln" name="hs" dev="configfs" ino=17908 scontext=u:r:vendor_qti_init_shell:s0 tcontext=u:object_r:configfs:s0 tclass=dir permissive=0
01-02 09:38:32.692 I/kona-asoc-snd soc( 0): qcom,msm-audio-apr:qcom,q6core-audio:sound: msm_asoc_machine_probe: Sound card kona-mtp-snd-card registered
01-02 09:38:33.091 I/auditd ( 1143): type=1400 audit(0.0:75): avc: denied { write } for comm="ln" name="ss" dev="configfs" ino=17909 scontext=u:r:vendor_qti_init_shell:s0 tcontext=u:object_r:configfs:s0 tclass=dir permissive=0
01-02 09:38:32.693 E/register_client_adhoc( 0): find path.src 1 dest 589
01-02 09:38:32.693 E/register_client_adhoc( 0): Failed to find path.src 1 dest 589
01-02 09:38:32.702 E/ ( 0): [drm:dp_display_init_aux_switch][msm-dp-err][79 ]failed to register notifier (-22)
01-02 09:38:32.709 E/swr-wcd rx_swr_ctrl( 0): swrm_get_logical_dev_num: device 0xd01170224 is not ready
01-02 09:38:32.709 E/swr_get_logical_dev_num( 0): Error -22 to get logical addr for device d01170224
01-02 09:38:32.709 E/swr-wcd rx_swr_ctrl( 0): swrm_get_logical_dev_num: device 0xd01170224 is not ready
01-02 09:38:32.709 E/swr_get_logical_dev_num( 0): Error -22 to get logical addr for device d01170224
01-02 09:38:32.709 E/swr-wcd rx_swr_ctrl( 0): swrm_get_logical_dev_num: device 0xd01170224 is not ready
01-02 09:38:32.709 E/swr_get_logical_dev_num( 0): Error -22 to get logical addr for device d01170224
01-02 09:38:32.709 E/swr-wcd rx_swr_ctrl( 0): swrm_get_logical_dev_num: device 0xd01170224 is not ready
01-02 09:38:32.709 E/swr_get_logical_dev_num( 0): Error -22 to get logical addr for device d01170224
01-02 09:38:32.709 E/swr-wcd rx_swr_ctrl( 0): swrm_get_logical_dev_num: device 0xd01170224 is not ready
01-02 09:38:32.709 E/swr_get_logical_dev_num( 0): Error -22 to get logical addr for device d01170224
01-02 09:38:32.709 E/wcd938x_codec wcd938x-codec( 0): wcd938x_bind: Slave bind failed, ret = -517
01-02 09:38:33.115 I/gsid ( 1145): no DSU: No such file or directory
01-02 09:38:32.731 W/subsys-pil-tz soc( 0): qcom,kgsl-hyp: Falling back to syfs fallback for: a650_zap.mdt
01-02 09:38:32.786 I/ ( 0): read descriptors
01-02 09:38:32.786 I/ ( 0): read strings
01-02 09:38:32.789 I/binder ( 0): 1159:1159 ioctl 40046210 ff8fb9f8 returned -22
01-02 09:38:33.211 I/auditd ( 919): type=1400 audit(0.0:76): avc: denied { read write } for comm="sensors.qti" name="diag" dev="tmpfs" ino=1103 scontext=u:r:vendor_sensors_qti:s0 tcontext=u:object_r:vendor_diag_device:s0 tclass=chr_file permissive=0
01-02 09:38:33.228 I/iorapd ( 1161): iorapd (the prefetchening) firing up
01-02 09:38:32.828 I/subsys-pil-tz soc( 0): qcom,kgsl-hyp: a650_zap: loading from 0x00000000fcd00000 to 0x00000000fcd01000
01-02 09:38:33.234 I/iorapd ( 1161): Opened existing database at '/data/misc/iorapd/sqlite.db'
01-02 09:38:33.235 W/iorapd ( 1161): Reconnect to package manager service: 1 times
01-02 09:38:32.830 I/binder ( 0): 1161:1161 ioctl 40046210 7ff5792b34 returned -22
01-02 09:38:33.231 I/auditd ( 1174): type=1400 audit(0.0:77): avc: denied { read write } for comm="dpmd" name="diag" dev="tmpfs" ino=1103 scontext=u:r:vendor_dpmd:s0 tcontext=u:object_r:vendor_diag_device:s0 tclass=chr_file permissive=0
01-02 09:38:33.231 I/auditd ( 1197): type=1400 audit(0.0:78): avc: denied { read write } for comm="dpmd" name="diag" dev="tmpfs" ino=1103 scontext=u:r:vendor_dpmd:s0 tcontext=u:object_r:vendor_diag_device:s0 tclass=chr_file permissive=0
01-02 09:38:32.832 W/QSEECOM ( 0): qseecom_load_app: App (featenabler) does'nt exist, loading apps for first time
01-02 09:38:32.832 W/subsys-pil-tz soc( 0): qcom,kgsl-hyp: Falling back to syfs fallback for: a650_zap.b02
01-02 09:38:32.842 I/binder ( 0): 1185:1185 ioctl 40046210 7fe03fd804 returned -22
01-02 09:38:32.844 I/binder ( 0): 1197:1197 ioctl 40046210 7fd9459ce4 returned -22
01-02 09:38:32.851 I/binder ( 0): 1191:1191 ioctl 40046210 7fc0eada14 returned -22
01-02 09:38:32.852 I/binder ( 0): 1171:1199 ioctl 40046210 6f508d9144 returned -22
01-02 09:38:32.856 W/QSEECOM ( 0): qseecom_load_app: App with id 5 (featenabler) now loaded
01-02 09:38:32.857 I/subsys-pil-tz soc( 0): qcom,kgsl-hyp: a650_zap: Brought out of reset
01-02 09:38:33.269 I/installd( 1194): installd firing up
01-02 09:38:32.872 I/binder ( 0): 1212:1212 ioctl 40046210 7fd25e51a4 returned -22
01-02 09:38:32.878 I/binder ( 0): 1196:1196 ioctl 40046210 7fcc89fd54 returned -22
01-02 09:38:32.881 I/ ( 0): tsnv nv_initialize successfully!
01-02 09:38:32.885 E/wlan ( 0): Loading driver v5.2.022.10G; 2023-02-09T06:13:05Z; cld:; cmn:;
01-02 09:38:32.888 I/binder ( 0): 1194:1194 ioctl 40046210 7febf97304 returned -22
01-02 09:38:32.889 I/binder ( 0): 1089:1110 ioctl 40046210 794a93c144 returned -22
01-02 09:38:32.896 E/ipa3_uc_reg_rdyCB( 0): 2973 bad parm. inout=0000000000000000
01-02 09:38:32.896 I/ ( 0): wlan_hdd_state wlan major(476) initialized
01-02 09:38:32.896 D/cnss ( 0): Start to wait for calibration to complete
01-02 09:38:32.904 I/binder ( 0): 1207:1207 ioctl 40046210 7ff77cb164 returned -22
01-02 09:38:33.343 I/wificond( 1209): wificond is starting up...
01-02 09:38:32.938 I/binder ( 0): 1209:1209 ioctl 40046210 7fe01597f4 returned -22
01-02 09:38:32.939 I/binder ( 0): 1209:1209 ioctl 40046210 7fe0159774 returned -22
01-02 09:38:33.345 I/HidlServiceManagement( 1209): Registered android.system.wifi.keystore@1.0::IKeystore/default
01-02 09:38:32.941 I/binder ( 0): 1195:1195 ioctl 40046210 7fec432874 returned -22
01-02 09:38:33.351 I/auditd ( 1257): type=1400 audit(0.0:79): avc: denied { read write } for comm="imsqmidaemon" name="diag" dev="tmpfs" ino=1103 scontext=u:r:vendor_ims:s0 tcontext=u:object_r:vendor_diag_device:s0 tclass=chr_file permissive=0
01-02 09:38:33.355 I/auditd ( 1257): type=1400 audit(0.0:80): avc: denied { read write } for comm="imsqmidaemon" name="diag" dev="tmpfs" ino=1103 scontext=u:r:vendor_ims:s0 tcontext=u:object_r:vendor_diag_device:s0 tclass=chr_file permissive=0
01-02 09:38:33.355 I/auditd ( 1257): type=1400 audit(0.0:81): avc: denied { read write } for comm="imsqmidaemon" name="diag" dev="tmpfs" ino=1103 scontext=u:r:vendor_ims:s0 tcontext=u:object_r:vendor_diag_device:s0 tclass=chr_file permissive=0
01-02 09:38:33.355 I/auditd ( 1257): type=1400 audit(0.0:82): avc: denied { read write } for comm="imsqmidaemon" name="diag" dev="tmpfs" ino=1103 scontext=u:r:vendor_ims:s0 tcontext=u:object_r:vendor_diag_device:s0 tclass=chr_file permissive=0
01-02 09:38:33.355 I/auditd ( 1257): type=1400 audit(0.0:83): avc: denied { read write } for comm="imsqmidaemon" name="diag" dev="tmpfs" ino=1103 scontext=u:r:vendor_ims:s0 tcontext=u:object_r:vendor_diag_device:s0 tclass=chr_file permissive=0
01-02 09:38:33.355 I/auditd ( 1257): type=1400 audit(0.0:84): avc: denied { read write } for comm="imsqmidaemon" name="diag" dev="tmpfs" ino=1103 scontext=u:r:vendor_ims:s0 tcontext=u:object_r:vendor_diag_device:s0 tclass=chr_file permissive=0
01-02 09:38:33.355 I/auditd ( 1257): type=1400 audit(0.0:85): avc: denied { read write } for comm="imsqmidaemon" name="diag" dev="tmpfs" ino=1103 scontext=u:r:vendor_ims:s0 tcontext=u:object_r:vendor_diag_device:s0 tclass=chr_file permissive=0
01-02 09:38:33.365 I/imsrcsd ( 1259): Uce Service HAL is starting up...
01-02 09:38:33.359 I/auditd ( 1264): type=1400 audit(0.0:86): avc: denied { read write } for comm="ipacm-diag" name="diag" dev="tmpfs" ino=1103 scontext=u:r:hal_tetheroffload_default:s0 tcontext=u:object_r:vendor_diag_device:s0 tclass=chr_file permissive=0
01-02 09:38:33.367 I/imsrcsd ( 1259): Uce Service HAL loading imsrcsbaseimpl
01-02 09:38:33.371 I/auditd ( 1257): type=1400 audit(0.0:87): avc: denied { read write } for comm="imsqmidaemon" name="diag" dev="tmpfs" ino=1103 scontext=u:r:vendor_ims:s0 tcontext=u:object_r:vendor_diag_device:s0 tclass=chr_file permissive=0
01-02 09:38:33.371 I/auditd ( 1257): type=1400 audit(0.0:88): avc: denied { read write } for comm="imsqmidaemon" name="diag" dev="tmpfs" ino=1103 scontext=u:r:vendor_ims:s0 tcontext=u:object_r:vendor_diag_device:s0 tclass=chr_file permissive=0
01-02 09:38:33.371 I/auditd ( 1257): type=1400 audit(0.0:89): avc: denied { read write } for comm="imsqmidaemon" name="diag" dev="tmpfs" ino=1103 scontext=u:r:vendor_ims:s0 tcontext=u:object_r:vendor_diag_device:s0 tclass=chr_file permissive=0
01-02 09:38:32.975 I/lan743x 0001( 0): 01:00.0 eth0: using MSIX interrupts, number of vectors = 6
01-02 09:38:32.994 I/mv2112_config_aneg( 0): autoneg 1
01-02 09:38:32.994 I/ ( 0): mv2112_restart_aneg
01-02 09:38:32.995 E/mv2112_read_status( 0): autoneg not complete;time=8456 ms
01-02 09:38:32.995 I/lan743x 0001( 0): 01:00.0 eth0: Link is Down
01-02 09:38:32.997 I/lan743x 0001( 0): 01:00.0 eth0: successfully registered ptp clock
01-02 09:38:33.411 I/auditd ( 919): type=1400 audit(0.0:90): avc: denied { read write } for comm="sensors.qti" name="diag" dev="tmpfs" ino=1103 scontext=u:r:vendor_sensors_qti:s0 tcontext=u:object_r:vendor_diag_device:s0 tclass=chr_file permissive=0
01-02 09:38:33.010 I/IPv6 ( 0): ADDRCONF(NETDEV_UP): eth0: link is not ready
01-02 09:38:33.431 I/auditd ( 1252): type=1400 audit(0.0:91): avc: denied { read write } for comm="ims_rtp_daemon" name="diag" dev="tmpfs" ino=1103 scontext=u:r:vendor_hal_imsrtp:s0 tcontext=u:object_r:vendor_diag_device:s0 tclass=chr_file permissive=0
01-02 09:38:33.035 I/binder ( 0): 1202:1202 ioctl 40046210 ff7f1fb8 returned -22
01-02 09:38:33.037 I/binder ( 0): 1202:1202 ioctl 40046210 ff7f1fa0 returned -22
01-02 09:38:33.041 I/cnss-daemon( 0): interop issues ap: read_iot_ap_file: No such file /data/vendor/wifi/iotap_ps.bin
01-02 09:38:33.041 I/cnss-daemon( 0): interop issues ap: read_iot_ap_ps_from_file, read file error
01-02 09:38:33.044 I/cnss-daemon( 0): NL group_id 10, cnss_nl.family_id 28
01-02 09:38:33.044 I/cnss-daemon( 0): wlfw_start: Starting
01-02 09:38:33.045 I/cnss-daemon( 0): no interop issues ap currently
01-02 09:38:33.049 I/cnss-daemon( 0): ro.baseband : [apq]
01-02 09:38:33.049 I/cnss-daemon( 0): Hardware supports external modem
01-02 09:38:33.050 I/cnss-daemon( 0): wlfw_service_request: Start the pthread: 0x0K
01-02 09:38:33.050 I/cnss-daemon( 0): pm_release_vote: pm_handle is NULL
01-02 09:38:33.050 I/cnss-daemon( 0): pm_release_vote: pm_handle is NULL
01-02 09:38:33.060 I/binder ( 0): 1305:1305 ioctl 40046210 7fe3845cc4 returned -22
01-02 09:38:33.471 I/auditd ( 1236): type=1400 audit(0.0:92): avc: denied { read write } for comm="cnd" name="diag" dev="tmpfs" ino=1103 scontext=u:r:vendor_cnd:s0 tcontext=u:object_r:vendor_diag_device:s0 tclass=chr_file permissive=0
01-02 09:38:33.073 I/binder ( 0): 1297:1297 ioctl 40046210 7fccec6864 returned -22
01-02 09:38:33.073 I/binder ( 0): 1297:1297 ioctl 40046210 7fccec6694 returned -22
01-02 09:38:33.479 I/auditd ( 820): type=1400 audit(0.0:93): avc: denied { read } for comm="android.hardwar" name="type" dev="sysfs" ino=63844 scontext=u:r:hal_health_default:s0 tcontext=u:object_r:sysfs:s0 tclass=file permissive=0
01-02 09:38:33.078 W/healthd ( 0): No battery devices found
01-02 09:38:33.486 W/healthd ( 0): battery none chg=
01-02 09:38:33.492 D/qbt ( 0): qbt_open: entry minor_no=0 fd_available=1
01-02 09:38:33.492 D/qbt ( 0): qbt_open: exit : 0 fd_available=0
01-02 09:38:33.492 D/qbt ( 0): qbt_open: entry minor_no=1 fd_available=0
01-02 09:38:33.492 D/qbt ( 0): qbt_open: exit : 0 fd_available=0
01-02 09:38:33.492 D/qbt ( 0): qbt_ioctl: cmd received 102
01-02 09:38:33.492 D/qbt ( 0): qbt_ioctl: qbt_ioctl: QBT_ENABLE_IPC
01-02 09:38:33.493 D/qbt ( 0): qbt_ioctl: cmd received 107
01-02 09:38:33.493 D/qbt ( 0): qbt_ioctl: Acquiring wakelock
01-02 09:38:33.494 I/binder ( 0): 1207:1207 ioctl 40046210 7ff77cb094 returned -22
01-02 09:38:33.494 W/storaged( 1207): health: invalid battery status
01-02 09:38:33.508 I/imsrcsd ( 1259): Starting Service for First Time imsbaseimpl
01-02 09:38:33.512 I/imsrcsd ( 1259): Interface com.qualcomm.qti.uceservice@2.3::IUceService com.qualcomm.qti.uceservice is found in manifest
01-02 09:38:33.513 I/HidlServiceManagement( 1259): Registered com.qualcomm.qti.uceservice@2.3::IUceService/com.qualcomm.qti.uceservice (start delay of 199ms)
