02-09 04:21:56.083 W/ActivityManager( 1523): Slow operation: 179ms so far, now at startProcess: starting to update pids map
02-09 04:21:56.084 W/ActivityManager( 1523): Slow operation: 179ms so far, now at startProcess: done updating pids map
02-09 04:21:56.084 W/ActivityManager( 1523): Slow operation: 177ms so far, now at startProcess: asking zygote to start proc
02-09 04:21:56.085 I/am_proc_bound( 1523): [0,2204,com.thundercomm.tcsetupwizard]
02-09 04:21:56.086 D/CompatibilityChangeReporter( 1523): Compat change id reported: 168419799; UID 1000; state: DISABLED
02-09 04:21:56.092 I/am_uid_running( 1523): 10063
02-09 04:21:56.093 D/CompatibilityChangeReporter( 1523): Compat change id reported: 135634846; UID 10063; state: DISABLED
02-09 04:21:56.093 D/CompatibilityChangeReporter( 1523): Compat change id reported: 177438394; UID 10063; state: DISABLED
02-09 04:21:56.093 D/CompatibilityChangeReporter( 1523): Compat change id reported: 135772972; UID 10063; state: DISABLED
02-09 04:21:56.093 D/CompatibilityChangeReporter( 1523): Compat change id reported: 135754954; UID 10063; state: ENABLED
02-09 04:21:56.095 W/ActivityManager( 1523): Slow operation: 189ms so far, now at startProcess: returned from zygote!
02-09 04:21:56.096 W/ActivityManager( 1523): Slow operation: 190ms so far, now at startProcess: done updating battery stats
02-09 04:21:56.096 I/am_proc_start( 1523): [0,2285,1068,com.android.se,added application,com.android.se]
02-09 04:21:56.096 W/ActivityManager( 1523): Slow operation: 190ms so far, now at startProcess: building log message
02-09 04:21:56.096 I/ActivityManager( 1523): Start proc 2285:com.android.se/1068 for added application com.android.se
02-09 04:21:56.096 W/ActivityManager( 1523): Slow operation: 190ms so far, now at startProcess: starting to update pids map
02-09 04:21:56.097 W/ActivityManager( 1523): Slow operation: 190ms so far, now at startProcess: done updating pids map
02-09 04:21:56.097 W/ActivityManager( 1523): Slow operation: 190ms so far, now at startProcess: asking zygote to start proc
01-02 09:38:36.257 I/binder ( 0): 2246:2246 ioctl 40046210 7ffaef2474 returned -22
02-09 04:21:56.104 W/ActivityManager( 1523): Slow operation: 198ms so far, now at startProcess: returned from zygote!
02-09 04:21:56.104 W/ActivityManager( 1523): Slow operation: 198ms so far, now at startProcess: done updating battery stats
02-09 04:21:56.104 I/am_proc_start( 1523): [0,2295,1000,com.thundercomm.remotecontrolservice,added application,com.thundercomm.remotecontrolservice]
02-09 04:21:56.104 W/ActivityManager( 1523): Slow operation: 198ms so far, now at startProcess: building log message
02-09 04:21:56.104 I/ActivityManager( 1523): Start proc 2295:com.thundercomm.remotecontrolservice/1000 for added application com.thundercomm.remotecontrolservice
02-09 04:21:56.104 W/ActivityManager( 1523): Slow operation: 198ms so far, now at startProcess: starting to update pids map
02-09 04:21:56.104 W/ActivityManager( 1523): Slow operation: 198ms so far, now at startProcess: done updating pids map
02-09 04:21:56.104 W/ActivityManager( 1523): Slow operation: 196ms so far, now at startProcess: asking zygote to start proc
01-02 09:38:36.266 E/init ( 0): Control message: Could not find 'vendor.qti.hardware.iop@2.0::IIop/default' for ctl.interface_start from pid: 505 (/system/bin/hwservicemanager)
02-09 04:21:56.110 I/SystemServerTiming( 1523): ManagedServices.unbindOtherUserServices_current0
02-09 04:21:56.110 I/SystemServerTiming( 1523): ManagedServices.unbindOtherUserServices_current0
02-09 04:21:56.110 I/SystemServerTiming( 1523): ManagedServices.unbindOtherUserServices_current0
01-02 09:38:36.269 E/init ( 0): Control message: Could not find 'vendor.qti.hardware.iop@2.0::IIop/default' for ctl.interface_start from pid: 505 (/system/bin/hwservicemanager)
02-09 04:21:56.111 V/NotificationAssistants( 1523): enabling notification assistant for 0: ComponentInfo{android.ext.services/android.ext.services.notification.Assistant}
02-09 04:21:56.111 V/NotificationAssistants( 1523): binding: Intent { act=android.service.notification.NotificationAssistantService cmp=android.ext.services/.notification.Assistant (has extras) }
02-09 04:21:56.115 I/am_proc_bound( 1523): [0,2246,vendor.qti.qesdk.sysservice]
02-09 04:21:56.116 D/CompatibilityChangeReporter( 1523): Compat change id reported: 168419799; UID 1000; state: DISABLED
01-02 09:38:36.278 I/binder ( 0): 2295:2295 ioctl 40046210 7ffaef2474 returned -22
01-02 09:38:36.280 E/init ( 0): Control message: Could not find 'vendor.qti.hardware.iop@2.0::IIop/default' for ctl.interface_start from pid: 505 (/system/bin/hwservicemanager)
01-02 09:38:36.281 I/binder ( 0): 2001:2001 ioctl 40046210 7ffaef1ae4 returned -22
01-02 09:38:36.282 E/init ( 0): Control message: Could not find 'vendor.qti.hardware.iop@2.0::IIop/default' for ctl.interface_start from pid: 505 (/system/bin/hwservicemanager)
02-09 04:21:56.123 D/CompatibilityChangeReporter( 1523): Compat change id reported: 182478738; UID 1073; state: DISABLED
01-02 09:38:36.285 I/binder ( 0): 2285:2285 ioctl 40046210 7ffaef2474 returned -22
02-09 04:21:56.130 W/OneHandedController( 2018): Device doesn't support OneHanded feature
01-02 09:38:36.289 I/binder ( 0): 2268:2268 ioctl 40046210 7ffaef2474 returned -22
02-09 04:21:56.132 I/am_proc_bound( 1523): [0,2268,com.qti.qualcomm.mstatssystemservice]
02-09 04:21:56.133 D/CompatibilityChangeReporter( 1523): Compat change id reported: 168419799; UID 10081; state: DISABLED
02-09 04:21:56.134 I/am_uid_active( 1523): 10081
02-09 04:21:56.138 I/am_proc_bound( 1523): [0,2295,com.thundercomm.remotecontrolservice]
02-09 04:21:56.139 D/CompatibilityChangeReporter( 1523): Compat change id reported: 168419799; UID 1000; state: DISABLED
02-09 04:21:56.140 W/ActivityManager( 1523): Slow operation: 232ms so far, now at startProcess: returned from zygote!
02-09 04:21:56.145 I/am_proc_bound( 1523): [0,2285,com.android.se]
02-09 04:21:56.147 D/CompatibilityChangeReporter( 1523): Compat change id reported: 168419799; UID 1068; state: DISABLED
02-09 04:21:56.148 I/am_uid_active( 1523): 1068
02-09 04:21:56.149 W/ActivityManager( 1523): Slow operation: 241ms so far, now at startProcess: done updating battery stats
02-09 04:21:56.149 I/am_proc_start( 1523): [0,2370,1000,com.thundercomm.tcservice,added application,com.thundercomm.tcservice]
02-09 04:21:56.149 W/ActivityManager( 1523): Slow operation: 241ms so far, now at startProcess: building log message
02-09 04:21:56.149 I/ActivityManager( 1523): Start proc 2370:com.thundercomm.tcservice/1000 for added application com.thundercomm.tcservice
02-09 04:21:56.149 W/ActivityManager( 1523): Slow operation: 241ms so far, now at startProcess: starting to update pids map
02-09 04:21:56.149 W/ActivityManager( 1523): Slow operation: 241ms so far, now at startProcess: done updating pids map
02-09 04:21:56.149 W/ActivityManager( 1523): Slow operation: 240ms so far, now at startProcess: asking zygote to start proc
02-09 04:21:56.149 D/CompatibilityChangeReporter( 1523): Compat change id reported: 143937733; UID 10061; state: ENABLED
01-02 09:38:36.318 I/binder ( 0): 2147:2385 ioctl 40046210 6ffd5519e4 returned -22
02-09 04:21:56.160 W/ActivityManager( 1523): Slow operation: 251ms so far, now at startProcess: returned from zygote!
02-09 04:21:56.161 W/ActivityManager( 1523): Slow operation: 252ms so far, now at startProcess: done updating battery stats
02-09 04:21:56.161 I/am_proc_start( 1523): [0,2387,10061,com.qualcomm.qti.devicestatisticsservice,added application,com.qualcomm.qti.devicestatisticsservice]
02-09 04:21:56.161 W/ActivityManager( 1523): Slow operation: 252ms so far, now at startProcess: building log message
02-09 04:21:56.161 I/ActivityManager( 1523): Start proc 2387:com.qualcomm.qti.devicestatisticsservice/u0a61 for added application com.qualcomm.qti.devicestatisticsservice
02-09 04:21:56.161 W/ActivityManager( 1523): Slow operation: 252ms so far, now at startProcess: starting to update pids map
02-09 04:21:56.161 W/ActivityManager( 1523): Slow operation: 252ms so far, now at startProcess: done updating pids map
02-09 04:21:56.161 W/ActivityManager( 1523): Slow operation: 251ms so far, now at startProcess: asking zygote to start proc
02-09 04:21:56.166 W/ActivityManager( 1523): Slow operation: 256ms so far, now at startProcess: returned from zygote!
02-09 04:21:56.166 W/ActivityManager( 1523): Slow operation: 256ms so far, now at startProcess: done updating battery stats
02-09 04:21:56.166 I/am_proc_start( 1523): [0,2393,1000,com.qualcomm.qti.qdma,added application,com.qualcomm.qti.qdma]
02-09 04:21:56.166 W/ActivityManager( 1523): Slow operation: 256ms so far, now at startProcess: building log message
02-09 04:21:56.166 I/ActivityManager( 1523): Start proc 2393:com.qualcomm.qti.qdma/1000 for added application com.qualcomm.qti.qdma
02-09 04:21:56.166 W/ActivityManager( 1523): Slow operation: 256ms so far, now at startProcess: starting to update pids map
02-09 04:21:56.166 W/ActivityManager( 1523): Slow operation: 256ms so far, now at startProcess: done updating pids map
02-09 04:21:56.166 W/ActivityManager( 1523): Slow operation: 191ms so far, now at startProcess: asking zygote to start proc
01-02 09:38:36.335 I/binder ( 0): 2370:2370 ioctl 40046210 7ffaef2474 returned -22
02-09 04:21:56.180 I/ActivityManager( 1523): Process WebViewLoader-arm64-v8a (pid 2071) has died: psvc PER
02-09 04:21:56.181 W/ActivityManager( 1523): Slow operation: 205ms so far, now at startProcess: returned from zygote!
02-09 04:21:56.181 I/am_proc_died( 1523): [0,2071,WebViewLoader-arm64-v8a,-700,0]
02-09 04:21:56.182 I/am_uid_stopped( 1523): 1037
02-09 04:21:56.183 I/am_low_memory( 1523): 16
02-09 04:21:56.183 W/ActivityManager( 1523): Slow operation: 208ms so far, now at startProcess: done updating battery stats
02-09 04:21:56.183 I/am_proc_start( 1523): [0,2414,1000,com.android.settings,top-activity,{com.android.settings/com.android.settings.FallbackHome}]
02-09 04:21:56.183 W/ActivityManager( 1523): Slow operation: 208ms so far, now at startProcess: building log message
02-09 04:21:56.183 I/ActivityManager( 1523): Start proc 2414:com.android.settings/1000 for top-activity {com.android.settings/com.android.settings.FallbackHome}
02-09 04:21:56.183 W/ActivityManager( 1523): Slow operation: 208ms so far, now at startProcess: starting to update pids map
02-09 04:21:56.184 W/ActivityManager( 1523): Slow operation: 209ms so far, now at startProcess: done updating pids map
02-09 04:21:56.184 W/ActivityManager( 1523): Slow operation: 183ms so far, now at startProcess: asking zygote to start proc
02-09 04:21:56.184 D/CompatibilityChangeReporter( 1523): Compat change id reported: 143937733; UID 10094; state: ENABLED
02-09 04:21:56.185 I/am_proc_bound( 1523): [0,2370,com.thundercomm.tcservice]
01-02 09:38:36.344 I/binder ( 0): 2387:2387 ioctl 40046210 7ffaef2474 returned -22
02-09 04:21:56.186 D/CompatibilityChangeReporter( 1523): Compat change id reported: 168419799; UID 1000; state: DISABLED
01-02 09:38:36.348 I/binder ( 0): 2393:2393 ioctl 40046210 7ffaef2474 returned -22
02-09 04:21:56.192 W/ActivityManager( 1523): Slow operation: 191ms so far, now at startProcess: returned from zygote!
02-09 04:21:56.192 W/ActivityManager( 1523): Slow operation: 191ms so far, now at startProcess: done updating battery stats
02-09 04:21:56.192 I/am_proc_start( 1523): [0,2435,10094,android.ext.services,service,{android.ext.services/android.ext.services.autofill.InlineSuggestionRenderServiceImpl}]
02-09 04:21:56.192 W/ActivityManager( 1523): Slow operation: 191ms so far, now at startProcess: building log message
02-09 04:21:56.192 I/ActivityManager( 1523): Start proc 2435:android.ext.services/u0a94 for service {android.ext.services/android.ext.services.autofill.InlineSuggestionRenderServiceImpl}
02-09 04:21:56.192 W/ActivityManager( 1523): Slow operation: 191ms so far, now at startProcess: starting to update pids map
02-09 04:21:56.192 W/ActivityManager( 1523): Slow operation: 191ms so far, now at startProcess: done updating pids map
02-09 04:21:56.193 W/ActivityManager( 1523): Slow operation: 100ms so far, now at startProcess: asking zygote to start proc
02-09 04:21:56.193 D/CompatibilityChangeReporter( 1523): Compat change id reported: 143937733; UID 10063; state: ENABLED
01-02 09:38:36.351 I/binder ( 0): 2285:2285 ioctl 40046210 7ffaef1424 returned -22
02-09 04:21:56.195 I/am_proc_bound( 1523): [0,2393,com.qualcomm.qti.qdma]
02-09 04:21:56.195 D/CompatibilityChangeReporter( 1523): Compat change id reported: 168419799; UID 1000; state: DISABLED
02-09 04:21:56.197 I/am_proc_bound( 1523): [0,2387,com.qualcomm.qti.devicestatisticsservice]
02-09 04:21:56.198 W/ActivityManager( 1523): Slow operation: 106ms so far, now at startProcess: returned from zygote!
02-09 04:21:56.199 D/CompatibilityChangeReporter( 1523): Compat change id reported: 168419799; UID 10061; state: DISABLED
02-09 04:21:56.199 I/am_uid_active( 1523): 10061
02-09 04:21:56.201 W/ActivityManager( 1523): Slow operation: 109ms so far, now at startProcess: done updating battery stats
02-09 04:21:56.201 I/am_proc_start( 1523): [0,2440,10063,com.thundercomm.gamemode.provider,content provider,{com.thundercomm.gamemode.provider/com.thundercomm.gamemode.provider.SettingsProvider}]
02-09 04:21:56.201 W/ActivityManager( 1523): Slow operation: 109ms so far, now at startProcess: building log message
02-09 04:21:56.201 I/ActivityManager( 1523): Start proc 2440:com.thundercomm.gamemode.provider/u0a63 for content provider {com.thundercomm.gamemode.provider/com.thundercomm.gamemode.provider.SettingsProvider}
02-09 04:21:56.202 W/ActivityManager( 1523): Slow operation: 109ms so far, now at startProcess: starting to update pids map
02-09 04:21:56.202 W/ActivityManager( 1523): Slow operation: 109ms so far, now at startProcess: done updating pids map
02-09 04:21:56.211 W/ContextImpl( 2140): Calling a method in the system process without a qualified user: android.app.ContextImpl.startService:1816 android.content.ContextWrapper.startService:774 com.thundercomm.microsettings.service.SettingsApplication.onCreate:30 android.app.Instrumentation.callApplicationOnCreate:1212 android.app.ActivityThread.handleBindApplication:6744
02-09 04:21:56.211 W/ActivityManager( 1523): Unable to start service Intent { act=com.thundercomm.microsettings.SETTING_SERVICE pkg=com.thundercomm.microsettings } U=0: not found
02-09 04:21:56.211 W/ContextImpl( 2140): Calling a method in the system process without a qualified user: android.app.ContextImpl.startService:1816 android.content.ContextWrapper.startService:774 com.thundercomm.microsettings.service.SettingsApplication.onCreate:36 android.app.Instrumentation.callApplicationOnCreate:1212 android.app.ActivityThread.handleBindApplication:6744
02-09 04:21:56.212 W/ActivityManager( 1523): Unable to start service Intent { act=com.thundercomm.microsettings.EOL_SERVICE pkg=com.thundercomm.microsettings } U=0: not found
02-09 04:21:56.216 I/commit_sys_config_file( 1523): [settings-0-0,17]
01-02 09:38:36.376 I/binder ( 0): 2414:2414 ioctl 40046210 7ffaef2474 returned -22
02-09 04:21:56.219 I/am_proc_bound( 1523): [0,2414,com.android.settings]
02-09 04:21:56.222 D/CompatibilityChangeReporter( 1523): Compat change id reported: 168419799; UID 1000; state: DISABLED
01-02 09:38:36.381 I/binder ( 0): 2435:2435 ioctl 40046210 7ffaef2474 returned -22
02-09 04:21:56.223 I/wm_restart_activity( 1523): [0,194085143,2,com.android.settings/.FallbackHome]
02-09 04:21:56.224 I/wm_set_resumed_activity( 1523): [0,com.android.settings/.FallbackHome,minimalResumeActivityLocked]
02-09 04:21:56.226 I/am_proc_bound( 1523): [0,2435,android.ext.services]
02-09 04:21:56.227 D/CompatibilityChangeReporter( 1523): Compat change id reported: 168419799; UID 10094; state: DISABLED
02-09 04:21:56.227 D/MicroServiceManager( 2140): add linkToDeath
02-09 04:21:56.228 D/MicroServiceManager( 2140): bindMicroService: called already get service
02-09 04:21:56.229 I/am_uid_active( 1523): 10094
02-09 04:21:56.235 W/Looper ( 1523): Slow dispatch took 122ms main h=android.app.ActivityThread$H c=android.app.LoadedApk$ReceiverDispatcher$Args$$ExternalSyntheticLambda0@7124d84 m=0
02-09 04:21:56.236 D/ConditionProviders.SCP( 1523): onSubscribe condition://android/schedule?days=1.2.3.4.5.6.7&start=22.0&end=7.0&exitAtAlarm=true
02-09 04:21:56.237 D/ConditionProviders.SCP( 1523): setRegistered true
02-09 04:21:56.237 D/UsbDeviceManager( 1523): push notification:正在通过 USB 为此设备充电
01-02 09:38:36.397 I/binder ( 0): 2440:2440 ioctl 40046210 7ffaef2474 returned -22
02-09 04:21:56.241 W/ActivityThread( 1523): Failed to find provider info for com.android.calendar (user not unlocked)
02-09 04:21:56.241 D/ConditionProviders.SCP( 1523): evaluateSubscriptionLocked cal=ScheduleCalendar[mDays={1, 2, 3, 4, 5, 6, 7}, mSchedule=ScheduleInfo{days=[1, 2, 3, 4, 5, 6, 7], startHour=22, startMinute=0, endHour=7, endMinute=0, exitAtAlarm=true, nextAlarm=Thu Jan 01 08:00:00 GMT+08:00 1970 (0)}], now=Thu Feb 09 04:21:56 GMT+08:00 2023 (1675887716237), nextUserAlarmTime=Thu Jan 01 08:00:00 GMT+08:00 1970 (0)
02-09 04:21:56.241 D/ConditionProviders.SCP( 1523): notifyCondition condition://android/schedule?days=1.2.3.4.5.6.7&start=22.0&end=7.0&exitAtAlarm=true STATE_TRUE reason=meetsSchedule
02-09 04:21:56.242 W/ActivityThread( 1523): Failed to find provider info for com.android.calendar (user not unlocked)
02-09 04:21:56.242 D/ConditionProviders.SCP( 1523): Scheduling evaluate for Thu Feb 09 07:00:00 GMT+08:00 2023 (1675897200000), in +2h38m3s763ms, now=Thu Feb 09 04:21:56 GMT+08:00 2023 (1675887716237)
01-02 09:38:36.401 I/binder ( 0): 2370:2370 ioctl 40046210 7ffaef0fe4 returned -22
02-09 04:21:56.246 I/am_proc_bound( 1523): [0,2440,com.thundercomm.gamemode.provider]
02-09 04:21:56.247 D/CompatibilityChangeReporter( 1523): Compat change id reported: 168419799; UID 10063; state: DISABLED
02-09 04:21:56.248 I/am_uid_active( 1523): 10063
02-09 04:21:56.250 W/ContextImpl( 2370): Calling a method in the system process without a qualified user: android.app.ContextImpl.startService:1816 android.content.ContextWrapper.startService:774 com.thundercomm.tcservice.TCService.init:46 com.thundercomm.tcservice.TCService.onCreate:33 android.app.ActivityThread.handleCreateService:4488
02-09 04:21:56.253 D/TelephonyRegistry( 1523): listen oscl: mHasNotifySubscriptionInfoChangedOccurred==false no callback
02-09 04:21:56.254 W/BluetoothManagerService( 1523): bindBluetoothProfileService:Trying to bind to profile: 1, while Bluetooth is disabled
02-09 04:21:56.255 I/Telecom ( 1523): SystemStateHelper: Registering broadcast receiver: android.content.IntentFilter@7c6ed6a: TS.init@AAA
02-09 04:21:56.255 I/Telecom ( 1523): SystemStateHelper: Registering broadcast receiver: android.content.IntentFilter@605925b: TS.init@AAA
02-09 04:21:56.255 I/Telecom ( 1523): BluetoothRouteManager: getBluetoothAudioConnectedDevice: no service available.
02-09 04:21:56.262 I/Telecom ( 1523): Logging.Events: Non-call EVENT: AUDIO_ROUTE, Entering state QuiescentEarpieceRoute
02-09 04:21:56.262 I/Telecom ( 1523): BluetoothRouteManager: getBluetoothAudioConnectedDevice: no service available.
02-09 04:21:56.259 I/auditd ( 919): type=1400 audit(0.0:240): avc: denied { read write } for comm="sensors.qti" name="diag" dev="tmpfs" ino=1103 scontext=u:r:vendor_sensors_qti:s0 tcontext=u:object_r:vendor_diag_device:s0 tclass=chr_file permissive=0
02-09 04:21:56.264 I/Telecom ( 1523): CallAudioModeStateMachine: Message received: null.: TS.init->CAMSM.pM_1@AAA
02-09 04:21:56.267 I/Telecom ( 1523): MissedCallNotifierImpl: reloadFromDatabase: Boot not yet complete -- call log db may not be available. Deferring loading until boot complete for user 0: TS.init@AAA
02-09 04:21:56.269 D/CompatibilityChangeReporter( 1523): Compat change id reported: 157233955; UID 10080; state: ENABLED
02-09 04:21:56.269 D/TelephonyRegistry( 1523): listen oscl: mHasNotifySubscriptionInfoChangedOccurred==false no callback
02-09 04:21:56.269 I/Telecom ( 1523): MissedCallNotifierImpl: reloadFromDatabase: Boot not yet complete -- call log db may not be available. Deferring loading until boot complete for user 0: TS.init@AAA
02-09 04:21:56.271 I/Telecom ( 1523): Class: TelecomSystem.INSTANCE being set
02-09 04:21:56.271 D/BluetoothManagerService( 1523): Bluetooth Adapter name changed to 高合娱乐副屏 by android
02-09 04:21:56.272 D/BluetoothManagerService( 1523): Stored Bluetooth name: 高合娱乐副屏
02-09 04:21:56.272 I/ConnectivityModuleConnector( 1523): Networking module service connected
02-09 04:21:56.274 I/AutofillManagerService( 1523): Updating for user 0: disabled=false
02-09 04:21:56.275 I/ConnectivityModuleConnector( 1523): Networking module service connected
02-09 04:21:56.275 D/BluetoothManagerService( 1523): BluetoothServiceConnection: com.android.bluetooth.btservice.AdapterService
02-09 04:21:56.276 D/BluetoothManagerService( 1523): MESSAGE_BLUETOOTH_SERVICE_CONNECTED: 1
02-09 04:21:56.278 D/BluetoothManagerService( 1523): MESSAGE_INFORM_ADAPTER_SERVICE_UP
02-09 04:21:56.278 D/BluetoothManagerService( 1523): Broadcasting onBluetoothServiceUp() to 2 receivers.
02-09 04:21:56.279 D/BluetoothManagerService( 1523): MESSAGE_BLUETOOTH_STATE_CHANGE: OFF > BLE_TURNING_ON
02-09 04:21:56.279 D/BluetoothManagerService( 1523): Sending BLE State Change: OFF > BLE_TURNING_ON
02-09 04:21:56.279 D/TelephonyRegistry( 1523): notifyCellLocationForSubscriber: subId=2147483647 cellIdentity=null
02-09 04:21:56.280 I/notification_enqueue( 1523): [1000,1523,android,32,NULL,-1,Notification(channel=USB shortcut=null contentView=null vibrate=null sound=null tick defaults=0x0 flags=0x2 color=0x00000000 vis=PUBLIC),0]
02-09 04:21:56.280 I/Telecom ( 1523): WiredHeadsetManager: ACTION_HEADSET_PLUG event, plugged in: false, : WHC.oADA@AAE
02-09 04:21:56.281 I/ExplicitHealthCheckController( 1523): Explicit health check service is connected ComponentInfo{android.ext.services/android.ext.services.watchdog.ExplicitHealthCheckServiceImpl}
02-09 04:21:56.281 I/ExplicitHealthCheckController( 1523): Service initialized, syncing requests
01-02 09:38:36.441 I/binder ( 0): 2393:2393 ioctl 40046210 7ffaef0454 returned -22
02-09 04:21:56.284 V/NotificationAssistants( 1523): 0 notification assistant service connected: ComponentInfo{android.ext.services/android.ext.services.notification.Assistant}
02-09 04:21:56.284 W/Looper ( 1523): Drained
02-09 04:21:56.284 D/CompanionDeviceManagerService( 1523): Received BT state transition broadcast: OFF -> BLE_TURNING_ON
02-09 04:21:56.285 I/sysui_multi_action( 1523): [757,1501,758,1,793,49,794,0,795,49,796,32,806,android,857,USB,858,1,947,0,1500,0]
02-09 04:21:56.286 I/sysui_multi_action( 1523): [757,804,799,note_interruptive,801,0,802,1]
02-09 04:21:56.286 I/GameModeConfig( 1523): isGameModeOn = false
02-09 04:21:56.289 W/NotificationHistory( 1523): Attempted to add notif for locked/gone/disabled user 0
02-09 04:21:56.289 I/PackageWatchdog( 1523): Syncing health check requests for packages: {}
02-09 04:21:56.289 D/ExplicitHealthCheckController( 1523): Getting health check supported packages
02-09 04:21:56.290 W/BluetoothManagerService( 1523): bindBluetoothProfileService:Trying to bind to profile: 1, while Bluetooth is disabled
02-09 04:21:56.291 I/ExplicitHealthCheckController( 1523): Explicit health check supported packages [PackageConfig{com.android.networkstack, 86400000}]
02-09 04:21:56.291 D/PackageWatchdog( 1523): Received supported packages [PackageConfig{com.android.networkstack, 86400000}]
02-09 04:21:56.291 D/ExplicitHealthCheckController( 1523): Getting health check requested packages
02-09 04:21:56.292 D/CompatibilityChangeReporter( 1523): Compat change id reported: 168419799; UID 1002; state: DISABLED
02-09 04:21:56.292 I/ExplicitHealthCheckController( 1523): Explicit health check requested packages []
02-09 04:21:56.292 I/ExplicitHealthCheckController( 1523): No more health check requests, unbinding...
02-09 04:21:56.294 I/ExplicitHealthCheckController( 1523): Explicit health check service is unbound
02-09 04:21:56.297 I/am_wtf ( 1523): [0,2414,com.android.settings,952647173,RoleParser,com.android.permissioncontroller.role.model.AssistantRoleBehavior]
02-09 04:21:56.298 I/DropBoxManagerService( 1523): add tag=system_app_wtf isTagEnabled=true flags=0x2
02-09 04:21:56.299 I/am_wtf ( 1523): [0,2414,com.android.settings,952647173,RoleParser,com.android.permissioncontroller.role.model.BrowserRoleBehavior]
02-09 04:21:56.299 I/am_wtf ( 1523): [0,2414,com.android.settings,952647173,RoleParser,com.android.permissioncontroller.role.model.DialerRoleBehavior]
02-09 04:21:56.300 I/am_wtf ( 1523): [0,2414,com.android.settings,952647173,RoleParser,com.android.permissioncontroller.role.model.SmsRoleBehavior] --------- beginning of main
02-09 04:21:56.301 E/RoleParser( 2414): Unable to instantiate behavior: com.android.permissioncontroller.role.model.EmergencyRoleBehavior
02-09 04:21:56.301 E/RoleParser( 2414): java.lang.ClassNotFoundException: com.android.permissioncontroller.role.model.EmergencyRoleBehavior
02-09 04:21:56.301 E/RoleParser( 2414): at java.lang.Class.classForName(Native Method)
02-09 04:21:56.301 E/RoleParser( 2414): at java.lang.Class.forName(Class.java:454)
02-09 04:21:56.301 E/RoleParser( 2414): at java.lang.Class.forName(Class.java:379)
02-09 04:21:56.301 E/RoleParser( 2414): at com.android.permissioncontroller.role.model.RoleParser.parseRole(RoleParser.java:298)
02-09 04:21:56.301 E/RoleParser( 2414): at com.android.permissioncontroller.role.model.RoleParser.parseRoles(RoleParser.java:212)
02-09 04:21:56.301 E/RoleParser( 2414): at com.android.permissioncontroller.role.model.RoleParser.parseXml(RoleParser.java:171)
02-09 04:21:56.301 E/RoleParser( 2414): at com.android.permissioncontroller.role.model.RoleParser.parse(RoleParser.java:136)
02-09 04:21:56.301 E/RoleParser( 2414): at com.android.permissioncontroller.role.model.Roles.get(Roles.java:49)
02-09 04:21:56.301 E/RoleParser( 2414): at com.android.permissioncontroller.PermissionControllerApplication.updateSpecialAppAccessListActivityEnabledState(PermissionControllerApplication.java:51)
02-09 04:21:56.301 E/RoleParser( 2414): at com.android.permissioncontroller.PermissionControllerApplication.onCreate(PermissionControllerApplication.java:40)
02-09 04:21:56.301 E/RoleParser( 2414): at android.app.Instrumentation.callApplicationOnCreate(Instrumentation.java:1212)
02-09 04:21:56.301 E/RoleParser( 2414): at android.app.ActivityThread.handleBindApplication(ActivityThread.java:6744)
02-09 04:21:56.301 E/RoleParser( 2414): at android.app.ActivityThread.access$1500(ActivityThread.java:248)
02-09 04:21:56.301 E/RoleParser( 2414): at android.app.ActivityThread$H.handleMessage(ActivityThread.java:2054)
02-09 04:21:56.301 E/RoleParser( 2414): at android.os.Handler.dispatchMessage(Handler.java:106)
02-09 04:21:56.301 E/RoleParser( 2414): at android.os.Looper.loopOnce(Looper.java:201)
02-09 04:21:56.301 E/RoleParser( 2414): at android.os.Looper.loop(Looper.java:288)
02-09 04:21:56.301 E/RoleParser( 2414): at android.app.ActivityThread.main(ActivityThread.java:7880)
02-09 04:21:56.301 E/RoleParser( 2414): at java.lang.reflect.Method.invoke(Native Method)
02-09 04:21:56.301 E/RoleParser( 2414): at com.android.internal.os.RuntimeInit$MethodAndArgsCaller.run(RuntimeInit.java:548)
02-09 04:21:56.301 E/RoleParser( 2414): at com.android.internal.os.ZygoteInit.main(ZygoteInit.java:1009)
02-09 04:21:56.301 E/RoleParser( 2414): Caused by: java.lang.ClassNotFoundException: com.android.permissioncontroller.role.model.EmergencyRoleBehavior
02-09 04:21:56.301 E/RoleParser( 2414): ... 21 more
02-09 04:21:56.301 I/am_wtf ( 1523): [0,2414,com.android.settings,952647173,RoleParser,com.android.permissioncontroller.role.model.EmergencyRoleBehavior]
02-09 04:21:56.301 I/ScanResultHandler( 2001): ScanResultHandler
02-09 04:21:56.301 D/BtGatt.GattService( 2001): setGattService(): set to: com.android.bluetooth.gatt.GattService@a3551a9
02-09 04:21:56.301 D/GattService( 2001): profile started successfully
02-09 04:21:56.301 W/BluetoothAdapterService( 2001): onProfileServiceStateChange() - Gatt profile service started..
02-09 04:21:56.301 I/bt_btif ( 2001): QTI OMR1 stack: enable
02-09 04:21:56.301 E/bt_vnd_log( 2001): init_vnd_Logger, Logger Not enabled from config file
02-09 04:21:56.301 E/RoleParser( 2414): Unable to instantiate behavior: com.android.permissioncontroller.role.model.HomeRoleBehavior
02-09 04:21:56.301 E/RoleParser( 2414): java.lang.ClassNotFoundException: com.android.permissioncontroller.role.model.HomeRoleBehavior
02-09 04:21:56.301 E/RoleParser( 2414): at java.lang.Class.classForName(Native Method)
02-09 04:21:56.301 E/RoleParser( 2414): at java.lang.Class.forName(Class.java:454)
02-09 04:21:56.301 E/RoleParser( 2414): at java.lang.Class.forName(Class.java:379)
02-09 04:21:56.301 E/RoleParser( 2414): at com.android.permissioncontroller.role.model.RoleParser.parseRole(RoleParser.java:298)
02-09 04:21:56.301 E/RoleParser( 2414): at com.android.permissioncontroller.role.model.RoleParser.parseRoles(RoleParser.java:212)
02-09 04:21:56.301 E/RoleParser( 2414): at com.android.permissioncontroller.role.model.RoleParser.parseXml(RoleParser.java:171)
02-09 04:21:56.301 E/RoleParser( 2414): at com.android.permissioncontroller.role.model.RoleParser.parse(RoleParser.java:136)
02-09 04:21:56.301 E/RoleParser( 2414): at com.android.permissioncontroller.role.model.Roles.get(Roles.java:49)
02-09 04:21:56.301 E/RoleParser( 2414): at com.android.permissioncontroller.PermissionControllerApplication.updateSpecialAppAccessListActivityEnabledState(PermissionControllerApplication.java:51)
02-09 04:21:56.301 E/RoleParser( 2414): at com.android.permissioncontroller.PermissionControllerApplication.onCreate(PermissionControllerApplication.java:40)
02-09 04:21:56.301 E/RoleParser( 2414): at android.app.Instrumentation.callApplicationOnCreate(Instrumentation.java:1212)
02-09 04:21:56.301 E/RoleParser( 2414): at android.app.ActivityThread.handleBindApplication(ActivityThread.java:6744)
02-09 04:21:56.301 E/RoleParser( 2414): at android.app.ActivityThread.access$1500(ActivityThread.java:248)
02-09 04:21:56.301 E/RoleParser( 2414): at android.app.ActivityThread$H.handleMessage(ActivityThread.java:2054)
02-09 04:21:56.301 E/RoleParser( 2414): at android.os.Handler.dispatchMessage(Handler.java:106)
02-09 04:21:56.301 E/RoleParser( 2414): at android.os.Looper.loopOnce(Looper.java:201)
02-09 04:21:56.301 E/RoleParser( 2414): at android.os.Looper.loop(Looper.java:288)
02-09 04:21:56.301 E/RoleParser( 2414): at android.app.ActivityThread.main(ActivityThread.java:7880)
02-09 04:21:56.301 E/RoleParser( 2414): at java.lang.reflect.Method.invoke(Native Method)
02-09 04:21:56.301 E/RoleParser( 2414): at com.android.internal.os.RuntimeInit$MethodAndArgsCaller.run(RuntimeInit.java:548)
02-09 04:21:56.301 E/RoleParser( 2414): at com.android.internal.os.ZygoteInit.main(ZygoteInit.java:1009)
02-09 04:21:56.301 E/RoleParser( 2414): Caused by: java.lang.ClassNotFoundException: com.android.permissioncontroller.role.model.HomeRoleBehavior
02-09 04:21:56.301 E/RoleParser( 2414): ... 21 more
02-09 04:21:56.301 I/bt_stack_manager( 2001): event_start_up_stack is bringing up the stack
02-09 04:21:56.302 I/QCC:OmaDMNative( 2393): qcc_hidl_update_vendor_dropbox(), path=/data/misc/qdma/down/6 isEnabled=0
02-09 04:21:56.302 I/am_wtf ( 1523): [0,2414,com.android.settings,952647173,RoleParser,com.android.permissioncontroller.role.model.HomeRoleBehavior]
02-09 04:21:56.302 I/bt_core_module( 2001): module_start_up Starting module "btif_config_module"
02-09 04:21:56.302 I/bt_core_module( 2001): module_start_up Started module "btif_config_module"
02-09 04:21:56.302 D/QCC:qccvndhal( 844): /data/vendor/qdma/down/6 is null
02-09 04:21:56.302 W/droid.bluetoot( 2001): [0209/042156.302230:WARNING:stack_interface.cc(101)] btif_stack_state OnStackState 0x02
02-09 04:21:56.302 I/QCC:OmaDMNative( 2393): qcc_hidl_update_vendor_dropbox() res=0
02-09 04:21:56.302 I/QCC:Collector( 2393): deleteDir: /data/misc/qdma/down/51 already disabled
02-09 04:21:56.302 I/bt_core_module( 2001): module_start_up Starting module "btif_bap_config_module"
02-09 04:21:56.302 I/bt_core_module( 2001): module_start_up Started module "btif_bap_config_module"
02-09 04:21:56.302 I/bt_core_module( 2001): module_start_up Starting module "device_iot_config_module"
02-09 04:21:56.302 I/bt_core_module( 2001): module_start_up Started module "device_iot_config_module"
02-09 04:21:56.302 I/bt_core_module( 2001): module_start_up Starting module "btsnoop_module"
02-09 04:21:56.302 I/droid.bluetoot( 2001): [0209/042156.302604:INFO:btsnoop.cc(444)] start_up: Snoop Logs disabled
02-09 04:21:56.302 I/droid.bluetoot( 2001): [0209/042156.302656:INFO:btsnoop.cc(895)] delete_btsnoop_files: Deleting snoop logs if they exist. filtered = 1
02-09 04:21:56.302 I/droid.bluetoot( 2001): [0209/042156.302838:INFO:btsnoop.cc(895)] delete_btsnoop_files: Deleting snoop logs if they exist. filtered = 0
02-09 04:21:56.303 E/RoleParser( 2414): Unable to instantiate behavior: com.android.permissioncontroller.role.model.SystemAutomotiveClusterRoleBehavior
02-09 04:21:56.303 E/RoleParser( 2414): java.lang.ClassNotFoundException: com.android.permissioncontroller.role.model.SystemAutomotiveClusterRoleBehavior
02-09 04:21:56.303 E/RoleParser( 2414): at java.lang.Class.classForName(Native Method)
02-09 04:21:56.303 E/RoleParser( 2414): at java.lang.Class.forName(Class.java:454)
02-09 04:21:56.303 E/RoleParser( 2414): at java.lang.Class.forName(Class.java:379)
02-09 04:21:56.303 E/RoleParser( 2414): at com.android.permissioncontroller.role.model.RoleParser.parseRole(RoleParser.java:298)
02-09 04:21:56.303 E/RoleParser( 2414): at com.android.permissioncontroller.role.model.RoleParser.parseRoles(RoleParser.java:212)
02-09 04:21:56.303 E/RoleParser( 2414): at com.android.permissioncontroller.role.model.RoleParser.parseXml(RoleParser.java:171)
02-09 04:21:56.303 E/RoleParser( 2414): at com.android.permissioncontroller.role.model.RoleParser.parse(RoleParser.java:136)
02-09 04:21:56.303 E/RoleParser( 2414): at com.android.permissioncontroller.role.model.Roles.get(Roles.java:49)
02-09 04:21:56.303 E/RoleParser( 2414): at com.android.permissioncontroller.PermissionControllerApplication.updateSpecialAppAccessListActivityEnabledState(PermissionControllerApplication.java:51)
02-09 04:21:56.303 E/RoleParser( 2414): at com.android.permissioncontroller.PermissionControllerApplication.onCreate(PermissionControllerApplication.java:40)
02-09 04:21:56.303 E/RoleParser( 2414): at android.app.Instrumentation.callApplicationOnCreate(Instrumentation.java:1212)
02-09 04:21:56.303 E/RoleParser( 2414): at android.app.ActivityThread.handleBindApplication(ActivityThread.java:6744)
02-09 04:21:56.303 E/RoleParser( 2414): at android.app.ActivityThread.access$1500(ActivityThread.java:248)
02-09 04:21:56.303 E/RoleParser( 2414): at android.app.ActivityThread$H.handleMessage(ActivityThread.java:2054)
02-09 04:21:56.303 E/RoleParser( 2414): at android.os.Handler.dispatchMessage(Handler.java:106)
02-09 04:21:56.303 E/RoleParser( 2414): at android.os.Looper.loopOnce(Looper.java:201)
02-09 04:21:56.303 E/RoleParser( 2414): at android.os.Looper.loop(Looper.java:288)
02-09 04:21:56.303 E/RoleParser( 2414): at android.app.ActivityThread.main(ActivityThread.java:7880)
02-09 04:21:56.303 E/RoleParser( 2414): at java.lang.reflect.Method.invoke(Native Method)
02-09 04:21:56.303 E/RoleParser( 2414): at com.android.internal.os.RuntimeInit$MethodAndArgsCaller.run(RuntimeInit.java:548)
02-09 04:21:56.303 E/RoleParser( 2414): at com.android.internal.os.ZygoteInit.main(ZygoteInit.java:1009)
02-09 04:21:56.303 E/RoleParser( 2414): Caused by: java.lang.ClassNotFoundException: com.android.permissioncontroller.role.model.SystemAutomotiveClusterRoleBehavior
02-09 04:21:56.303 E/RoleParser( 2414): ... 21 more
02-09 04:21:56.303 I/am_wtf ( 1523): [0,2414,com.android.settings,952647173,RoleParser,com.android.permissioncontroller.role.model.SystemAutomotiveClusterRoleBehavior]
02-09 04:21:56.304 I/QCC:OmaDMNative( 2393): qcc_hidl_update_vendor_dropbox(), path=/data/misc/qdma/down/51 isEnabled=0
02-09 04:21:56.304 D/QCC:qccvndhal( 844): /data/vendor/qdma/down/51 is null
02-09 04:21:56.304 I/QCC:OmaDMNative( 2393): qcc_hidl_update_vendor_dropbox() res=0
02-09 04:21:56.304 I/QCC:Collector( 2393): deleteDir: /data/misc/qdma/down/102 already disabled
02-09 04:21:56.304 E/RoleParser( 2414): Unable to instantiate behavior: com.android.permissioncontroller.role.model.CompanionDeviceWatchRoleBehavior
02-09 04:21:56.304 E/RoleParser( 2414): java.lang.ClassNotFoundException: com.android.permissioncontroller.role.model.CompanionDeviceWatchRoleBehavior
02-09 04:21:56.304 E/RoleParser( 2414): at java.lang.Class.classForName(Native Method)
02-09 04:21:56.304 E/RoleParser( 2414): at java.lang.Class.forName(Class.java:454)
02-09 04:21:56.304 E/RoleParser( 2414): at java.lang.Class.forName(Class.java:379)
02-09 04:21:56.304 E/RoleParser( 2414): at com.android.permissioncontroller.role.model.RoleParser.parseRole(RoleParser.java:298)
02-09 04:21:56.304 E/RoleParser( 2414): at com.android.permissioncontroller.role.model.RoleParser.parseRoles(RoleParser.java:212)
02-09 04:21:56.304 E/RoleParser( 2414): at com.android.permissioncontroller.role.model.RoleParser.parseXml(RoleParser.java:171)
02-09 04:21:56.304 E/RoleParser( 2414): at com.android.permissioncontroller.role.model.RoleParser.parse(RoleParser.java:136)
02-09 04:21:56.304 E/RoleParser( 2414): at com.android.permissioncontroller.role.model.Roles.get(Roles.java:49)
02-09 04:21:56.304 E/RoleParser( 2414): at com.android.permissioncontroller.PermissionControllerApplication.updateSpecialAppAccessListActivityEnabledState(PermissionControllerApplication.java:51)
02-09 04:21:56.304 E/RoleParser( 2414): at com.android.permissioncontroller.PermissionControllerApplication.onCreate(PermissionControllerApplication.java:40)
02-09 04:21:56.304 E/RoleParser( 2414): at android.app.Instrumentation.callApplicationOnCreate(Instrumentation.java:1212)
02-09 04:21:56.304 E/RoleParser( 2414): at android.app.ActivityThread.handleBindApplication(ActivityThread.java:6744)
02-09 04:21:56.304 E/RoleParser( 2414): at android.app.ActivityThread.access$1500(ActivityThread.java:248)
02-09 04:21:56.304 E/RoleParser( 2414): at android.app.ActivityThread$H.handleMessage(ActivityThread.java:2054)
02-09 04:21:56.304 E/RoleParser( 2414): at android.os.Handler.dispatchMessage(Handler.java:106)
02-09 04:21:56.304 E/RoleParser( 2414): at android.os.Looper.loopOnce(Looper.java:201)
02-09 04:21:56.304 E/RoleParser( 2414): at android.os.Looper.loop(Looper.java:288)
02-09 04:21:56.304 E/RoleParser( 2414): at android.app.ActivityThread.main(ActivityThread.java:7880)
02-09 04:21:56.304 E/RoleParser( 2414): at java.lang.reflect.Method.invoke(Native Method)
02-09 04:21:56.304 E/RoleParser( 2414): at com.android.internal.os.RuntimeInit$MethodAndArgsCaller.run(RuntimeInit.java:548)
02-09 04:21:56.304 E/RoleParser( 2414): at com.android.internal.os.ZygoteInit.main(ZygoteInit.java:1009)
02-09 04:21:56.304 E/RoleParser( 2414): Caused by: java.lang.ClassNotFoundException: com.android.permissioncontroller.role.model.CompanionDeviceWatchRoleBehavior
02-09 04:21:56.304 E/RoleParser( 2414): ... 21 more
02-09 04:21:56.304 I/QCC:Collector( 2393): deleteDir: /data/misc/qdma/down/104 already disabled
02-09 04:21:56.304 I/QCC:Collector( 2393): deleteDir: /data/misc/qdma/down/1501 already disabled
02-09 04:21:56.304 I/am_wtf ( 1523): [0,2414,com.android.settings,952647173,RoleParser,com.android.permissioncontroller.role.model.CompanionDeviceWatchRoleBehavior]
02-09 04:21:56.305 D/bt_snoop( 2001): start_up: vendor_logging_level values is 65535
02-09 04:21:56.305 I/bt_core_module( 2001): module_start_up Started module "btsnoop_module"
02-09 04:21:56.305 E/RoleParser( 2414): Unable to instantiate behavior: com.android.permissioncontroller.role.model.SystemShellRoleBehavior
02-09 04:21:56.305 E/RoleParser( 2414): java.lang.ClassNotFoundException: com.android.permissioncontroller.role.model.SystemShellRoleBehavior
02-09 04:21:56.305 E/RoleParser( 2414): at java.lang.Class.classForName(Native Method)
02-09 04:21:56.305 E/RoleParser( 2414): at java.lang.Class.forName(Class.java:454)
02-09 04:21:56.305 E/RoleParser( 2414): at java.lang.Class.forName(Class.java:379)
02-09 04:21:56.305 E/RoleParser( 2414): at com.android.permissioncontroller.role.model.RoleParser.parseRole(RoleParser.java:298)
02-09 04:21:56.305 E/RoleParser( 2414): at com.android.permissioncontroller.role.model.RoleParser.parseRoles(RoleParser.java:212)
02-09 04:21:56.305 E/RoleParser( 2414): at com.android.permissioncontroller.role.model.RoleParser.parseXml(RoleParser.java:171)
02-09 04:21:56.305 E/RoleParser( 2414): at com.android.permissioncontroller.role.model.RoleParser.parse(RoleParser.java:136)
02-09 04:21:56.305 E/RoleParser( 2414): at com.android.permissioncontroller.role.model.Roles.get(Roles.java:49)
02-09 04:21:56.305 E/RoleParser( 2414): at com.android.permissioncontroller.PermissionControllerApplication.updateSpecialAppAccessListActivityEnabledState(PermissionControllerApplication.java:51)
02-09 04:21:56.305 E/RoleParser( 2414): at com.android.permissioncontroller.PermissionControllerApplication.onCreate(PermissionControllerApplication.java:40)
02-09 04:21:56.305 E/RoleParser( 2414): at android.app.Instrumentation.callApplicationOnCreate(Instrumentation.java:1212)
02-09 04:21:56.305 E/RoleParser( 2414): at android.app.ActivityThread.handleBindApplication(ActivityThread.java:6744)
02-09 04:21:56.305 E/RoleParser( 2414): at android.app.ActivityThread.access$1500(ActivityThread.java:248)
02-09 04:21:56.305 E/RoleParser( 2414): at android.app.ActivityThread$H.handleMessage(ActivityThread.java:2054)
02-09 04:21:56.305 E/RoleParser( 2414): at android.os.Handler.dispatchMessage(Handler.java:106)
02-09 04:21:56.305 E/RoleParser( 2414): at android.os.Looper.loopOnce(Looper.java:201)
02-09 04:21:56.305 E/RoleParser( 2414): at android.os.Looper.loop(Looper.java:288)
02-09 04:21:56.305 E/RoleParser( 2414): at android.app.ActivityThread.main(ActivityThread.java:7880)
02-09 04:21:56.305 E/RoleParser( 2414): at java.lang.reflect.Method.invoke(Native Method)
02-09 04:21:56.305 E/RoleParser( 2414): at com.android.internal.os.RuntimeInit$MethodAndArgsCaller.run(RuntimeInit.java:548)
02-09 04:21:56.305 E/RoleParser( 2414): at com.android.internal.os.ZygoteInit.main(ZygoteInit.java:1009)
02-09 04:21:56.305 E/RoleParser( 2414): Caused by: java.lang.ClassNotFoundException: com.android.permissioncontroller.role.model.SystemShellRoleBehavior
02-09 04:21:56.305 E/RoleParser( 2414): ... 21 more
02-09 04:21:56.305 I/bt_core_module( 2001): module_start_up Starting module "hci_module"
02-09 04:21:56.305 I/bt_hci ( 2001): hci_module_start_up
02-09 04:21:56.305 I/QCC:OmaDMNative( 2393): qcc_hidl_update_vendor_dropbox(), path=/data/misc/qdma/down/1501 isEnabled=0
02-09 04:21:56.305 D/QCC:qccvndhal( 844): /data/vendor/qdma/down/1501 is null
02-09 04:21:56.305 I/QCC:OmaDMNative( 2393): qcc_hidl_update_vendor_dropbox() res=0
02-09 04:21:56.305 I/bt_osi_thread( 2001): run_thread: thread id 2534, thread name hci_thread started
02-09 04:21:56.305 I/am_wtf ( 1523): [0,2414,com.android.settings,952647173,RoleParser,com.android.permissioncontroller.role.model.SystemShellRoleBehavior]
02-09 04:21:56.305 D/bt_osi_wakelock( 2001): wakelock_initialize_native opening wake locks
02-09 04:21:56.305 I/QCC:Collector( 2393): deleteDir: /data/misc/qdma/down/1502 already disabled
02-09 04:21:56.305 D/bt_hci ( 2001): hci_module_start_up starting async portion
02-09 04:21:56.305 I/bt_hci ( 2001): hci_initialize
02-09 04:21:56.306 I/QCC:OmaDMNative( 2393): qcc_hidl_update_vendor_dropbox(), path=/data/misc/qdma/down/1502 isEnabled=0
02-09 04:21:56.306 D/QCC:qccvndhal( 844): /data/vendor/qdma/down/1502 is null
02-09 04:21:56.306 I/QCC:OmaDMNative( 2393): qcc_hidl_update_vendor_dropbox() res=0
02-09 04:21:56.306 I/bt_hci ( 2001): hci_initialize: IBluetoothHci::getService() returned 0xb40000712c027890 (remote)
02-09 04:21:56.306 I/QCC:Collector( 2393): deleteDir: /data/misc/qdma/down/1503 already disabled
02-09 04:21:56.306 W/vendor.qti.bluetooth@1.0-bluetooth_hci( 808): BluetoothHci::initialize()
02-09 04:21:56.306 W/vendor.qti.bluetooth@1.0-data_handler( 808): DataHandler:: Init()
02-09 04:21:56.306 W/vendor.qti.bluetooth@1.0-data_handler( 808): SOC property set to hastings
02-09 04:21:56.306 I/vendor.qti.bluetooth@1.0-data_handler( 808): data_service_setup_sighandler: Entry
02-09 04:21:56.306 D/vendor.qti.bluetooth@1.0-data_handler( 808): isProtocolAdded:
02-09 04:21:56.306 I/vendor.qti.bluetooth@1.0-data_handler( 808): isProtocolAdded: status:0
02-09 04:21:56.306 I/vendor.qti.bluetooth@1.0-data_handler( 808): Open init_status 0
02-09 04:21:56.306 I/vendor.qti.bluetooth@1.0-data_handler( 808): Open: soc_need_reload_patch = 1
02-09 04:21:56.306 D/vendor.qti.bluetooth@1.0-wake_lock( 808): Init wakelock is initiated
02-09 04:21:56.306 I/vendor.qti.bluetooth@1.0-bluetooth_hci( 808): initialize: linking to deathRecipient
02-09 04:21:56.306 D/vendor.qti.bluetooth@1.0-data_handler( 808): IsXMEMEnabled : XMEM property value = 0
02-09 04:21:56.306 D/vendor.qti.bluetooth@1.0-data_handler( 808): StartInitTimer: Init timer started
02-09 04:21:56.306 D/vendor.qti.bluetooth@1.0-uart_controller( 808): StartRecoveryStuckTimer
02-09 04:21:56.307 I/QCC:OmaDMNative( 2393): qcc_hidl_update_vendor_dropbox(), path=/data/misc/qdma/down/1503 isEnabled=0
02-09 04:21:56.307 D/QCC:qccvndhal( 844): /data/vendor/qdma/down/1503 is null
02-09 04:21:56.307 I/QCC:OmaDMNative( 2393): qcc_hidl_update_vendor_dropbox() res=0
02-09 04:21:56.307 E/RoleParser( 2414): Unable to instantiate behavior: com.android.permissioncontroller.role.model.TelevisionRoleBehavior
02-09 04:21:56.307 E/RoleParser( 2414): java.lang.ClassNotFoundException: com.android.permissioncontroller.role.model.TelevisionRoleBehavior
02-09 04:21:56.307 E/RoleParser( 2414): at java.lang.Class.classForName(Native Method)
02-09 04:21:56.307 E/RoleParser( 2414): at java.lang.Class.forName(Class.java:454)
02-09 04:21:56.307 E/RoleParser( 2414): at java.lang.Class.forName(Class.java:379)
02-09 04:21:56.307 E/RoleParser( 2414): at com.android.permissioncontroller.role.model.RoleParser.parseRole(RoleParser.java:298)
02-09 04:21:56.307 E/RoleParser( 2414): at com.android.permissioncontroller.role.model.RoleParser.parseRoles(RoleParser.java:212)
02-09 04:21:56.307 E/RoleParser( 2414): at com.android.permissioncontroller.role.model.RoleParser.parseXml(RoleParser.java:171)
02-09 04:21:56.307 E/RoleParser( 2414): at com.android.permissioncontroller.role.model.RoleParser.parse(RoleParser.java:136)
02-09 04:21:56.307 E/RoleParser( 2414): at com.android.permissioncontroller.role.model.Roles.get(Roles.java:49)
02-09 04:21:56.307 E/RoleParser( 2414): at com.android.permissioncontroller.PermissionControllerApplication.updateSpecialAppAccessListActivityEnabledState(PermissionControllerApplication.java:51)
02-09 04:21:56.307 E/RoleParser( 2414): at com.android.permissioncontroller.PermissionControllerApplication.onCreate(PermissionControllerApplication.java:40)
02-09 04:21:56.307 E/RoleParser( 2414): at android.app.Instrumentation.callApplicationOnCreate(Instrumentation.java:1212)
02-09 04:21:56.307 E/RoleParser( 2414): at android.app.ActivityThread.handleBindApplication(ActivityThread.java:6744)
02-09 04:21:56.307 E/RoleParser( 2414): at android.app.ActivityThread.access$1500(ActivityThread.java:248)
02-09 04:21:56.307 E/RoleParser( 2414): at android.app.ActivityThread$H.handleMessage(ActivityThread.java:2054)
02-09 04:21:56.307 E/RoleParser( 2414): at android.os.Handler.dispatchMessage(Handler.java:106)
02-09 04:21:56.307 E/RoleParser( 2414): at android.os.Looper.loopOnce(Looper.java:201)
02-09 04:21:56.307 E/RoleParser( 2414): at android.os.Looper.loop(Looper.java:288)
02-09 04:21:56.307 E/RoleParser( 2414): at android.app.ActivityThread.main(ActivityThread.java:7880)
02-09 04:21:56.307 E/RoleParser( 2414): at java.lang.reflect.Method.invoke(Native Method)
02-09 04:21:56.307 E/RoleParser( 2414): at com.android.internal.os.RuntimeInit$MethodAndArgsCaller.run(RuntimeInit.java:548)
02-09 04:21:56.307 E/RoleParser( 2414): at com.android.internal.os.ZygoteInit.main(ZygoteInit.java:1009)
02-09 04:21:56.307 E/RoleParser( 2414): Caused by: java.lang.ClassNotFoundException: com.android.permissioncontroller.role.model.TelevisionRoleBehavior
02-09 04:21:56.307 E/RoleParser( 2414): ... 21 more
02-09 04:21:56.307 I/QCC:Collector( 2393): calling forceDisableQdmaStatsD
02-09 04:21:56.307 I/QCC:Collector( 2393): calling forceDisabledAllCollectors
02-09 04:21:56.307 I/QCC:Collector( 2393): deleteDir: /data/misc/qdma/down/1 already disabled
02-09 04:21:56.307 I/am_wtf ( 1523): [0,2414,com.android.settings,952647173,RoleParser,com.android.permissioncontroller.role.model.TelevisionRoleBehavior]
02-09 04:21:56.309 E/RoleParser( 2414): Unable to instantiate behavior: com.android.permissioncontroller.role.model.TelevisionRoleBehavior
02-09 04:21:56.309 E/RoleParser( 2414): java.lang.ClassNotFoundException: com.android.permissioncontroller.role.model.TelevisionRoleBehavior
02-09 04:21:56.309 E/RoleParser( 2414): at java.lang.Class.classForName(Native Method)
02-09 04:21:56.309 E/RoleParser( 2414): at java.lang.Class.forName(Class.java:454)
02-09 04:21:56.309 E/RoleParser( 2414): at java.lang.Class.forName(Class.java:379)
02-09 04:21:56.309 E/RoleParser( 2414): at com.android.permissioncontroller.role.model.RoleParser.parseRole(RoleParser.java:298)
02-09 04:21:56.309 E/RoleParser( 2414): at com.android.permissioncontroller.role.model.RoleParser.parseRoles(RoleParser.java:212)
02-09 04:21:56.309 E/RoleParser( 2414): at com.android.permissioncontroller.role.model.RoleParser.parseXml(RoleParser.java:171)
