02-09 04:22:02.971 I/hpplay-java( 2758): [AsyncTask #7]:LeboUtil:getUid uid:-1752455626
02-09 04:22:02.972 I/hpplay-java( 2758): [AsyncTask #7]:Preference:checkFeature none
02-09 04:22:02.972 I/hpplay-java( 2758): [AsyncTask #7]:SWI:dr tip
02-09 04:22:02.972 I/hpplay-java( 2758): [AsyncTask #7]:DataReportShare:setReportSwitch,value:true
02-09 04:22:02.972 I/hpplay-java( 2758): [AsyncTask #7]:LeboUtil:getUid uid:-1752455626
02-09 04:22:02.972 I/hpplay-java( 2758): [AsyncTask #7]:LelinkCastImpl:initWithValidMac,AuthSDK
02-09 04:22:02.972 I/hpplay-java( 2758): [AsyncTask #7]:ControlCloudAPI:updateDomain cache -1
02-09 04:22:02.972 I/hpplay-java( 2758): [AsyncTask #7]:ControlCloudAPI:updateDomain config -1
02-09 04:22:02.973 I/hpplay-java( 2758): [AsyncTask #7]:DeviceUtils:getNumCores
02-09 04:22:02.975 I/hpplay-java( 2758): [AsyncTask #7]:DeviceInfo:codec: OMX.qcom.video.decoder.avc/8
02-09 04:22:02.975 I/hpplay-java( 2758): [AsyncTask #7]:DeviceInfo:model: figure mf: TC product: figure_CN os:31
02-09 04:22:02.975 I/hpplay-java( 2758): [AsyncTask #7]:DeviceInfo:uid: 8896770055177356727 hid: 15D6EE1CDAD95FDAD1740F524F8F85BFA
02-09 04:22:02.975 I/hpplay-java( 2758): [AsyncTask #7]:DeviceInfo:version: 60146-2.59.15-2022-07-25-17-24
02-09 04:22:02.984 W/hpplay-java( 2758): [AsyncTask #17]:MagicalCacheFile:serverDir is not exits
02-09 04:22:02.984 I/hpplay-java( 2758): [AsyncTask #17]:Session:no cached regTime
02-09 04:22:02.985 I/hpplay-java( 2758): [AsyncTask #17]:AuthSDK:authSDK connectTimeout = 6000
02-09 04:22:02.985 I/hpplay-java( 2758): [AsyncTask #7]:DeviceInfo:fir: sw.v:
02-09 04:22:02.985 I/hpplay-java( 2758): [AsyncTask #7]:DeviceInfo:lelink.so version: 90611
02-09 04:22:02.985 I/hpplay-java( 2758): [AsyncTask #7]:LelinkCastImpl:LEBO_OPTION_36 value: com.hht.lebocast.LelinkHelper$d@444e253
02-09 04:22:02.985 I/hpplay-java( 2758): [AsyncTask #7]:LelinkCastImpl:setMirrorSurfaceType value: 0
02-09 04:22:02.985 I/hpplay-java( 2758): [AsyncTask #7]:LelinkCastImpl:setDeviceName deviceName: 高合娱乐副屏
02-09 04:22:02.985 I/hpplay-java( 2758): [AsyncTask #7]:LelinkCastImpl:choosePlayer type: 0
02-09 04:22:02.985 I/hpplay-java( 2758): [AsyncTask #7]:LelinkCastImpl:setMaxFps maxFps: 60
02-09 04:22:02.985 D/hpplay-base( 2758): [jniBridge:613] Java_com_hpplay_sdk_sink_protocol_Bridge__1setMaxFps 60
02-09 04:22:02.985 I/hpplay-java( 2758): [AsyncTask #7]:LelinkCastImpl:setServerListener serverListener: com.hht.lebocast.LelinkHelper$e@d7bd790
02-09 04:22:02.986 I/hpplay-java( 2758): [AsyncTask #7]:Preference:checkFeature none
02-09 04:22:02.986 I/hpplay-java( 2758): [AsyncTask #19]:HttpRequest:http://sdkauth.hpplay.cn/Author/TVAuthor/?uid=8896770055177356727&appid=21409&prot_ver=4.1&version=60146-25915 path post
02-09 04:22:02.986 I/hpplay-java( 2758): [AsyncTask #7]:LelinkCastImpl:setAuthCodeCallback value: com.hht.lebocast.LelinkHelper$b@2c8d889
02-09 04:22:02.986 I/hpplay-java( 2758): [AsyncTask #7]:LelinkCastImpl:setVolumeType value: 0
02-09 04:22:02.986 I/hpplay-java( 2758): [AsyncTask #7]:Feature:getVolumeType model:figure mf:TC
02-09 04:22:02.986 I/DpmTcmClient( 2758): RegisterTcmMonitor from: $Proxy2
02-09 04:22:02.986 I/hpplay-java( 2758): [AsyncTask #7]:LelinkCastImpl:showFps showFps: true
02-09 04:22:02.986 I/hpplay-java( 2758): [AsyncTask #7]:OptionSetter:setMediaPlayerCallBack LEBO_OPTION_101 value: com.hht.lebocast.LelinkHelper$c@474208e
02-09 04:22:02.986 I/hpplay-java( 2758): [AsyncTask #7]:LelinkCastImpl:setAuthMode mode: 0
02-09 04:22:02.986 I/hpplay-java( 2758): [AsyncTask #7]:LelinkCastImpl:performAction action: ACTION_STARTSERVER
02-09 04:22:02.986 I/hpplay-java( 2758): [AsyncTask #7]:LelinkCastImpl:startServer
02-09 04:22:02.987 I/hpplay-java( 2758): [AsyncTask #7]:LelinkCastImpl:registerReceiver mNetworkReceiver: null
02-09 04:22:02.987 I/hpplay-java( 2758): [AsyncTask #7]:NetworkReceiver:NetworkReceiver context: com.hht.lebocast.CastApplication@3e205a5
02-09 04:22:02.988 W/hpplay-java( 2758): [AsyncTask #7]:IPManager:getActiveNets invalid networkInfo:null
02-09 04:22:02.988 I/hpplay-java( 2758): [AsyncTask #7]:IPManager:getActiveNets eth0:false wifi:false mobile:false ap:false
02-09 04:22:02.988 I/hpplay-java( 2758): [AsyncTask #7]:NetworkReceiver:NetworkReceiver mStartIp: null
02-09 04:22:02.989 I/hpplay-java( 2758): [AsyncTask #21]:LelinkCastImpl:startServer_l
02-09 04:22:02.989 I/hpplay-java( 2758): [AsyncTask #21]:Preference:checkFeature none
02-09 04:22:02.989 I/hpplay-java( 2758): [AsyncTask #21]:ServerTaskManager:startServer
02-09 04:22:02.989 I/hpplay-java( 2758): [AsyncTask #21]:ServerTaskManager:startServer add, reason: server start first or server was stopped
02-09 04:22:02.989 I/hpplay-java( 2758): [AsyncTask #21]:ServerTaskManager:addStartTask
02-09 04:22:02.989 I/hpplay-java( 2758): [AsyncTask #20]:IPManager:updateIPAddress getIPAddress: 192.168.4.16 name:vlan4
02-09 04:22:02.989 I/hpplay-java( 2758): [AsyncTask #20]:IPManager:updateIPAddress getIPAddress: 192.168.8.16 name:vlan8
02-09 04:22:02.989 I/hpplay-java( 2758): [AsyncTask #20]:IPManager:updateIPAddress getIPAddress: 192.168.11.16 name:vlan11
02-09 04:22:02.989 W/hpplay-java( 2758): [AsyncTask #21]:IPManager:getActiveNets invalid networkInfo:null
02-09 04:22:02.989 I/hpplay-java( 2758): [AsyncTask #20]:IPManager:updateIPAddress getIPAddress: 192.168.0.16 name:vlan0
02-09 04:22:02.989 I/hpplay-java( 2758): [AsyncTask #20]:IPManager:updateIPAddress getIPAddress: 192.168.2.16 name:vlan2
02-09 04:22:02.989 I/hpplay-java( 2758): [AsyncTask #21]:IPManager:getActiveNets eth0:false wifi:false mobile:false ap:false
02-09 04:22:02.989 I/hpplay-java( 2758): [AsyncTask #20]:IPManager:updateIPAddress getIPAddress: 192.168.1.16 name:vlan1
02-09 04:22:02.989 W/hpplay-java( 2758): [AsyncTask #21]:ServerTaskManager:exeTask startServer, need wait for ip
02-09 04:22:02.990 W/hpplay-java( 2758): [AsyncTask #19]:HttpRequest:
02-09 04:22:02.990 I/hpplay-java( 2758): [AsyncTask #19]:HttpRequest:http://sdkauth.hpplay.cn/Author/TVAuthor/?uid=8896770055177356727&appid=21409&prot_ver=4.1&version=60146-25915 path post
02-09 04:22:02.991 W/hpplay-java( 2758): [AsyncTask #19]:HttpRequest:
02-09 04:22:02.991 I/hpplay-java( 2758): [AsyncTask #19]:HttpRequest:http://sdkauth.hpplay.cn/Author/TVAuthor/?uid=8896770055177356727&appid=21409&prot_ver=4.1&version=60146-25915 path post
02-09 04:22:02.991 W/hpplay-java( 2758): [AsyncTask #19]:HttpRequest:
02-09 04:22:02.992 I/hpplay-java( 2758): [AsyncTask #22]:AuthSDK:authSDK auth failed
02-09 04:22:02.992 I/hpplay ( 2758): [AsyncTask #22]:LelinkHelper:onAuthSDK status: 3
02-09 04:22:02.992 I/hpplay-java( 2758): [AsyncTask #22]:VipAuthSDK:vipAuth
02-09 04:22:02.992 D/hpplay ( 2758): [main]:LelinkHelper:认证成功
02-09 04:22:02.996 E/MediaProvider( 2866): Creating a non-default top level directory or deleting an existing one is not allowed!
02-09 04:22:02.997 E/MediaProvider( 2866): Creating a non-default top level directory or deleting an existing one is not allowed!
02-09 04:22:02.999 I/hpplay-java( 2758): [AsyncTask #22]:EnterpriseAuthManager:getCompanyAuthSavePath,sdk install path
02-09 04:22:02.999 I/hpplay-java( 2758): [AsyncTask #22]:EnterpriseAuthManager:getNewCompanyAuthSavePath
02-09 04:22:03.001 E/MediaProvider( 2866): Creating a non-default top level directory or deleting an existing one is not allowed!
02-09 04:22:03.002 E/MediaProvider( 2866): Creating a non-default top level directory or deleting an existing one is not allowed!
02-09 04:22:03.003 I/hpplay-java( 2758): [AsyncTask #22]:EnterpriseAuthManager:getNewCompanyAuthSavePath,get app cache path
02-09 04:22:03.003 I/hpplay-java( 2758): [AsyncTask #22]:EnterpriseAuthManager:updateCompanyAccountSavePath
02-09 04:22:03.003 I/hpplay-java( 2758): [AsyncTask #22]:EnterpriseAuthManager:getCompanyAccount
02-09 04:22:03.004 I/hpplay-java( 2758): [AsyncTask #22]:EnterpriseAuthManager:getNewCompanyAuthSavePath
02-09 04:22:03.005 I/hpplay-java( 2758): [AsyncTask #22]:EnterpriseAuthManager:getNewCompanyAuthSavePath,get app cache path
02-09 04:22:03.006 I/hpplay-java( 2758): [AsyncTask #25]:HttpRequest:https://vipauth.hpplay.cn/VipAuth path post
02-09 04:22:03.006 W/hpplay-java( 2758): [AsyncTask #26]:CreateUtils:notifyQRReady server not start,ignore
02-09 04:22:03.006 W/hpplay-java( 2758): [AsyncTask #26]:CreateUtils:isServerStartAndAuth token is null
02-09 04:22:03.006 W/hpplay-java( 2758): [AsyncTask #26]:CreateUtils:isServerStartAndAuth token is null
02-09 04:22:03.006 I/hpplay-java( 2758): [AsyncTask #26]:ServerBusiness:createPinCode ignore
02-09 04:22:03.007 I/hpplay-java( 2758): [AsyncTask #22]:IMTask:IMTask
02-09 04:22:03.007 I/hpplay-java( 2758): [AsyncTask #22]:IMTask:getIMRoot
02-09 04:22:03.008 I/hpplay-java( 2758): [AsyncTask #22]:AuthTask:reAuth 600000
02-09 04:22:03.008 I/hpplay-java( 2758): [AsyncTask #22]:PlayerConfig:start request player cloud config, curVersion: -1
02-09 04:22:03.009 I/hpplay-java( 2758): [AsyncTask #22]:ModelUtil:Build.MANUFACTURER: TC -- Model: -- Build.MODEL: figure
02-09 04:22:03.009 W/hpplay-java( 2758): [AsyncTask #25]:HttpRequest:
02-09 04:22:03.009 I/hpplay-java( 2758): [AsyncTask #25]:HttpRequest:https://vipauth.hpplay.cn/VipAuth path post
02-09 04:22:03.009 W/hpplay-java( 2758): [AsyncTask #25]:HttpRequest:
02-09 04:22:03.009 I/hpplay-java( 2758): [AsyncTask #25]:HttpRequest:https://vipauth.hpplay.cn/VipAuth path post
02-09 04:22:03.009 W/hpplay-java( 2758): [AsyncTask #25]:HttpRequest:
02-09 04:22:03.010 I/hpplay-java( 2758): [AsyncTask #22]:AuthSDK:controlStartServer
02-09 04:22:03.010 W/hpplay-java( 2758): [AsyncTask #27]:HttpRequest:
02-09 04:22:03.011 W/hpplay-java( 2758): [AsyncTask #28]:HttpRequest:
02-09 04:22:03.011 I/hpplay-java( 2758): [AsyncTask #22]:ServiceUpdater:upLoadDeviceInfo url = http://gslb.hpplay.cn/lebo-flux-sdk/sdk/info/upload
02-09 04:22:03.011 W/hpplay-java( 2758): [AsyncTask #27]:HttpRequest:
02-09 04:22:03.011 W/hpplay-java( 2758): [AsyncTask #28]:HttpRequest:
02-09 04:22:03.011 W/hpplay-java( 2758): [AsyncTask #27]:HttpRequest:
02-09 04:22:03.011 W/hpplay-java( 2758): [AsyncTask #28]:HttpRequest:
02-09 04:22:03.011 E/hpplay-java( 2758): [main]:IMTask:getIMRoot failed
02-09 04:22:03.011 I/hpplay-java( 2758): [main]:PlayerConfigRequest:request failed
02-09 04:22:03.013 W/hpplay-java( 2758): [AsyncTask #29]:HttpRequest:
02-09 04:22:03.013 W/hpplay-java( 2758): [AsyncTask #30]:HttpRequest:
02-09 04:22:03.013 W/hpplay-java( 2758): [AsyncTask #29]:HttpRequest:
02-09 04:22:03.014 W/hpplay-java( 2758): [AsyncTask #30]:HttpRequest:
02-09 04:22:03.014 W/hpplay-java( 2758): [AsyncTask #29]:HttpRequest:
02-09 04:22:03.014 W/hpplay-java( 2758): [AsyncTask #30]:HttpRequest:
02-09 04:22:03.015 I/hpplay-java( 2758): [AsyncTask #22]:DeviceUtil:getNumCores
02-09 04:22:03.023 W/hpplay-java( 2758): [AsyncTask #22]:CodecCheck:checkCodecFeature ex ParseException
02-09 04:22:03.024 I/hpplay-java( 2758): [AsyncTask #22]:Decoder:syncDecoder ignore 1
02-09 04:22:03.028 I/hpplay-java( 2758): [AsyncTask #22]:BusinessConfig:requestConfig
02-09 04:22:03.028 I/hpplay-java( 2758): [AsyncTask #2]:HttpRequest:http://gslb.hpplay.cn/lebo-flux-sdk/sdk/info/upload path post
02-09 04:22:03.028 W/hpplay-java( 2758): [AsyncTask #2]:HttpRequest:
02-09 04:22:03.028 I/hpplay-java( 2758): [AsyncTask #2]:HttpRequest:http://gslb.hpplay.cn/lebo-flux-sdk/sdk/info/upload path post
02-09 04:22:03.029 W/hpplay-java( 2758): [AsyncTask #2]:HttpRequest:
02-09 04:22:03.029 I/hpplay-java( 2758): [AsyncTask #2]:HttpRequest:http://gslb.hpplay.cn/lebo-flux-sdk/sdk/info/upload path post
02-09 04:22:03.029 W/hpplay-java( 2758): [AsyncTask #3]:HttpRequest:
02-09 04:22:03.029 W/hpplay-java( 2758): [AsyncTask #2]:HttpRequest:
02-09 04:22:03.029 W/hpplay-java( 2758): [AsyncTask #3]:HttpRequest:
02-09 04:22:03.029 W/hpplay-java( 2758): [AsyncTask #3]:HttpRequest:
02-09 04:22:03.030 W/ActivityManager( 1523): Unable to start service Intent { act=android.intent.action.START_LEBO_SERVICE pkg=com.hpplay.happyplay.aw } U=0: not found
02-09 04:22:03.030 I/hpplay-java( 2758): [AsyncTask #22]:LeboUtil:wu r:false
02-09 04:22:03.054 D/audio_hw_primary( 800): out_set_parameters: enter: usecase(1: low-latency-playback) kvpairs: suspend_playback=false
02-09 04:22:03.054 D/audio_hw_extn( 800): audio_extn_fm_set_parameters: Enter
02-09 04:22:03.054 D/audio_hw_primary( 800): out_standby: enter: stream (0xee7421a0) usecase(1: low-latency-playback)
02-09 04:22:03.069 D/audio_hw_primary( 800): disable_audio_route: reset and update mixer path: low-latency-playback
02-09 04:22:03.071 E/soundtrigger( 800): audio_extn_sound_trigger_update_stream_status: invalid input device 0x0, for event 2
02-09 04:22:03.071 D/soundtrigger( 800): audio_extn_sound_trigger_update_stream_status: uc_info->id 1 of type 0 for Event 2, with Raise=0
02-09 04:22:03.071 D/msm8974_platform( 800): platform_split_snd_device: snd_device(2) num devices(0) new_snd_devices(0)
02-09 04:22:03.071 I/msm8974_platform( 800): platform_get_custom_mtmx_params: no matching param with id 0 ip_ch 2 op_ch 2 uc_id 1 snd_dev 2
02-09 04:22:03.071 D/hardware_info( 800): hw_info_append_hw_type : device_name = speaker
02-09 04:22:03.071 D/msm8974_platform( 800): platform_split_snd_device: snd_device(2) num devices(0) new_snd_devices(0)
02-09 04:22:03.071 D/audio_hw_primary( 800): out_standby: exit
02-09 04:22:03.404 E/tlogd ( 1298): [TzLogger](isPathReadable) file /sys/kernel/debug/tzdbg/qsee_log isn't exist or no permission, err: No such file or directory
02-09 04:22:03.405 E/tlogd ( 1298): [TzLogger](saveTzlogAsync) /sys/kernel/debug/tzdbg/qsee_log can not read.
02-09 04:22:03.405 E/tlogd ( 1298): [TzLogger](isPathReadable) file /sys/kernel/debug/tzdbg/log isn't exist or no permission, err: No such file or directory
02-09 04:22:03.405 E/tlogd ( 1298): [TzLogger](saveTzlogAsync) /sys/kernel/debug/tzdbg/log can not read.
02-09 04:22:03.453 I/mpu_uart( 645): [MSG-P:R]:recv sync frame timeout
02-09 04:22:03.474 D/audio_hw_primary( 800): copl(0xee7464c0):out of compress_wait
02-09 04:22:03.476 D/audio_hw_primary( 800): No space available in compress driver, post msg to cb thread
02-09 04:22:03.477 D/audio_hw_primary( 800): copl(0xee7464c0):calling compress_wait
02-09 04:22:03.557 I/sysui_multi_action( 1523): [757,1717,758,1,759,0]
02-09 04:22:03.557 I/sysui_multi_action( 1523): [757,1717,758,2,759,0]
02-09 04:22:03.558 I/sysui_multi_action( 1523): [757,1717,758,3,759,0]
02-09 04:22:03.860 I/mpu_uart( 645): [MSG-P:RECV]:No message received in 1000 ms
02-09 04:22:03.992 W/hpplay-java( 2758): [main]:IPManager:getActiveNets invalid networkInfo:null
02-09 04:22:03.992 I/hpplay-java( 2758): [main]:IPManager:getActiveNets eth0:false wifi:false mobile:false ap:false
02-09 04:22:03.992 I/hpplay-java( 2758): [main]:ServerTaskManager:get local ip:null
02-09 04:22:04.433 I/commit_sys_config_file( 1523): [package-user-0,2]
02-09 04:22:04.433 I/commit_sys_config_file( 1523): [package,43]
01-02 09:38:44.590 I/logd ( 0): start watching /data/system/packages.list ...
01-02 09:38:44.593 I/logd ( 0): ReadPackageList, total packages: 102
02-09 04:22:04.812 D/BufferPoolAccessor2.0( 1286): bufferpool2 0xb4000070fef9ee68 : 0(0 size) total buffers - 0(0 size) used buffers - 93/97 (recycle/alloc) - 4/96 (fetch/transfer)
02-09 04:22:04.812 D/BufferPoolAccessor2.0( 1286): evictor expired: 1, evicted: 1
02-09 04:22:04.860 I/mpu_uart( 645): [MSG-P:RECV]:No message received in 1000 ms
01-02 09:38:45.077 I/init ( 0): Sending signal 9 to service 'idmap2d' (pid 1185) process group...
01-02 09:38:45.083 I/libprocessgroup( 0): Successfully killed process cgroup uid 1000 pid 1185 in 5ms
01-02 09:38:45.084 I/init ( 0): Control message: Processed ctl.stop for 'idmap2d' from pid: 1523 (system_server)
01-02 09:38:45.085 I/init ( 0): Service 'idmap2d' (pid 1185) received signal 9
02-09 04:22:04.929 W/OverlayManager( 1523): service 'idmap' died
02-09 04:22:04.996 W/hpplay-java( 2758): [main]:IPManager:getActiveNets invalid networkInfo:null
02-09 04:22:04.996 I/hpplay-java( 2758): [main]:IPManager:getActiveNets eth0:false wifi:false mobile:false ap:false
02-09 04:22:04.997 I/hpplay-java( 2758): [main]:ServerTaskManager:get local ip:null
02-09 04:22:05.046 D/BufferPoolAccessor2.0( 1202): bufferpool2 0xf2d40808 : 0(0 size) total buffers - 0(0 size) used buffers - 93/101 (recycle/alloc) - 8/198 (fetch/transfer)
02-09 04:22:05.046 D/BufferPoolAccessor2.0( 1202): evictor expired: 1, evicted: 1
02-09 04:22:05.534 D/audio_hw_primary( 800): copl(0xee7464c0):out of compress_wait
02-09 04:22:05.542 D/audio_hw_primary( 800): No space available in compress driver, post msg to cb thread
02-09 04:22:05.542 D/audio_hw_primary( 800): copl(0xee7464c0):calling compress_wait
02-09 04:22:05.745 I/commit_sys_config_file( 1523): [appops,16]
02-09 04:22:05.861 I/mpu_uart( 645): [MSG-P:RECV]:No message received in 1000 ms
02-09 04:22:05.999 W/hpplay-java( 2758): [main]:IPManager:getActiveNets invalid networkInfo:null
02-09 04:22:06.000 I/hpplay-java( 2758): [main]:IPManager:getActiveNets eth0:false wifi:false mobile:false ap:false
02-09 04:22:06.000 I/hpplay-java( 2758): [main]:ServerTaskManager:get local ip:null
02-09 04:22:06.168 D/CompatibilityChangeReporter( 1523): Compat change id reported: 168419799; UID 10030; state: DISABLED
02-09 04:22:06.168 D/CompatibilityInfo( 1523): mCompatibilityFlags - 4
02-09 04:22:06.168 D/CompatibilityInfo( 1523): applicationDensity - 240
02-09 04:22:06.168 D/CompatibilityInfo( 1523): applicationScale - 1.0
02-09 04:22:06.178 D/CompatibilityInfo( 1523): mCompatibilityFlags - 4
02-09 04:22:06.178 D/CompatibilityInfo( 1523): applicationDensity - 240
02-09 04:22:06.178 D/CompatibilityInfo( 1523): applicationScale - 1.0
02-09 04:22:06.216 D/RemoteControlService( 2295): startVlanDispatchThread
01-02 09:38:46.418 E/DTC_ETH,link_delay_work_func( 0): 3003, SQI=0, link=0
02-09 04:22:06.325 W/TouchableRegionManager( 2018): onHeadsUpPinnedModeChanged
02-09 04:22:06.329 I/sysui_heads_up_status( 2018): [-1|android|26|null|1000,0]
02-09 04:22:06.459 I/mpu_uart( 645): [MSG-P:R]:recv sync frame timeout
02-09 04:22:06.519 I/GameModeConfig( 1523): isGameModeOn = false
02-09 04:22:06.678 I/am_uid_running( 1523): 10075
02-09 04:22:06.678 D/CompatibilityChangeReporter( 1523): Compat change id reported: 135634846; UID 10075; state: DISABLED
02-09 04:22:06.679 D/CompatibilityChangeReporter( 1523): Compat change id reported: 177438394; UID 10075; state: DISABLED
02-09 04:22:06.679 D/CompatibilityChangeReporter( 1523): Compat change id reported: 135772972; UID 10075; state: DISABLED
02-09 04:22:06.679 D/CompatibilityChangeReporter( 1523): Compat change id reported: 135754954; UID 10075; state: ENABLED
02-09 04:22:06.680 D/CompatibilityChangeReporter( 1523): Compat change id reported: 143937733; UID 10075; state: ENABLED
02-09 04:22:06.690 D/Zygote ( 666): Forked child process 3812
02-09 04:22:06.690 I/am_proc_start( 1523): [0,3812,10075,com.qti.ltebc,broadcast,{com.qti.ltebc/com.qualcomm.ltebc.LTEBroadcastAlarmReceiver}]
02-09 04:22:06.690 I/ActivityManager( 1523): Start proc 3812:com.qti.ltebc/u0a75 for broadcast {com.qti.ltebc/com.qualcomm.ltebc.LTEBroadcastAlarmReceiver}
02-09 04:22:06.703 E/com.qti.ltebc( 3812): Not starting debugger since process cannot load the jdwp agent.
02-09 04:22:06.704 D/ProcessState( 3812): Binder ioctl to enable oneway spam detection failed: Invalid argument
01-02 09:38:46.863 I/binder ( 0): 3812:3812 ioctl 40046210 7ffaef2474 returned -22
02-09 04:22:06.710 I/am_proc_bound( 1523): [0,3812,com.qti.ltebc]
02-09 04:22:06.711 D/CompatibilityChangeReporter( 1523): Compat change id reported: 168419799; UID 10075; state: DISABLED
02-09 04:22:06.711 D/CompatibilityInfo( 1523): mCompatibilityFlags - 4
02-09 04:22:06.711 D/CompatibilityInfo( 1523): applicationDensity - 240
02-09 04:22:06.711 D/CompatibilityInfo( 1523): applicationScale - 1.0
02-09 04:22:06.717 I/am_uid_active( 1523): 10075
02-09 04:22:06.717 D/CompatibilityInfo( 1523): mCompatibilityFlags - 4
02-09 04:22:06.717 D/CompatibilityInfo( 1523): applicationDensity - 240
02-09 04:22:06.717 D/CompatibilityInfo( 1523): applicationScale - 1.0
02-09 04:22:06.718 D/CompatibilityChangeReporter( 3812): Compat change id reported: 171979766; UID 10075; state: ENABLED
02-09 04:22:06.736 I/Perf ( 3812): Connecting to perf service.
02-09 04:22:06.740 V/GraphicsEnvironment( 3812): ANGLE Developer option for 'com.qti.ltebc' set to: 'default'
02-09 04:22:06.741 V/GraphicsEnvironment( 3812): ANGLE GameManagerService for com.qti.ltebc: false
02-09 04:22:06.741 D/NetworkSecurityConfig( 3812): Using Network Security Config from resource network_security_config debugBuild: false
02-09 04:22:06.742 D/NetworkSecurityConfig( 3812): Using Network Security Config from resource network_security_config debugBuild: false
02-09 04:22:06.743 D/LTE Application( 3812): getLibraryName = msp
02-09 04:22:06.748 D/TlogClient_LogCollectService( 2200): === START to package logs ===
02-09 04:22:06.750 D/hw-ProcessState( 2200): Binder ioctl to enable oneway spam detection failed: Invalid argument
01-02 09:38:46.909 I/binder ( 0): 2200:3827 ioctl 40046210 7060630ef4 returned -22
02-09 04:22:06.769 I/tsnv.hidl.wrapper( 2200): TsnvWrapper: tsnv_get:Link to death notification successful!
02-09 04:22:06.772 D/TlogClient_LogCollectService( 2200): mCommand: [/system/bin/sh, /data/user_de/0/com.tc.logclient/files/package_log.sh, 012, 0002, 0]
02-09 04:22:06.776 D/StatusBar( 2018): disable disable2
02-09 04:22:06.780 I/sysui_multi_action( 1523): [757,128,758,1,793,5159,794,0,795,5159,796,17303299,797,com.android.wifi,798,1,806,android,857,NETWORK_AVAILABLE,858,2,947,0,1395,3,1500,4959,1688,1]
02-09 04:22:06.780 I/sysui_multi_action( 1523): [757,804,799,note_freshness,801,5159,802,1]
02-09 04:22:06.780 I/notification_visibility( 1523): [0|android|17303299|com.android.wifi|1000,1,5159,5159,0,1]
02-09 04:22:06.780 I/sysui_multi_action( 1523): [757,128,758,1,793,10544,794,0,795,10544,796,32,798,2,806,android,857,USB,858,1,947,0,1395,3,1500,10495,1688,1]
02-09 04:22:06.780 I/sysui_multi_action( 1523): [757,804,799,note_freshness,801,10544,802,1]
02-09 04:22:06.780 I/notification_visibility( 1523): [-1|android|32|null|1000,1,10544,10544,0,2]
02-09 04:22:06.782 I/sysui_multi_action( 1523): [757,128,758,2,793,9749,794,5658,795,9749,796,26,798,0,806,android,857,DEVELOPER_IMPORTANT,858,4,947,0,1395,3,1500,9313,1688,1]
02-09 04:22:06.782 I/notification_visibility( 1523): [-1|android|26|null|1000,0,9749,9749,0,0]
02-09 04:22:06.782 I/sysui_multi_action( 1523): [757,128,758,2,793,5161,794,2,795,5161,796,17303299,797,com.android.wifi,798,1,806,android,857,NETWORK_AVAILABLE,858,2,947,0,1395,3,1500,4961,1688,1]
02-09 04:22:06.782 I/notification_visibility( 1523): [0|android|17303299|com.android.wifi|1000,0,5161,5161,0,1]
02-09 04:22:06.783 I/sysui_multi_action( 1523): [757,128,758,2,793,10547,794,3,795,10547,796,32,798,2,806,android,857,USB,858,1,947,0,1395,3,1500,10498,1688,1]
02-09 04:22:06.783 I/notification_visibility( 1523): [-1|android|32|null|1000,0,10547,10547,0,2]
02-09 04:22:06.783 I/sysui_multi_action( 1523): [757,127,758,2]
02-09 04:22:06.783 I/notification_panel_hidden( 1523):
02-09 04:22:06.784 D/StatusBar( 2018): disable disable2
02-09 04:22:06.861 I/mpu_uart( 645): [MSG-P:RECV]:No message received in 1000 ms
02-09 04:22:06.911 D/BufferPoolAccessor2.0( 2119): bufferpool2 0xb40000715c02fb18 : 0(0 size) total buffers - 0(0 size) used buffers - 2/7 (recycle/alloc) - 5/74 (fetch/transfer)
02-09 04:22:06.911 D/BufferPoolAccessor2.0( 2119): evictor expired: 1, evicted: 1
01-02 09:38:47.076 I/init ( 0): Untracked pid 3837 exited with status 0
02-09 04:22:07.001 W/hpplay-java( 2758): [main]:IPManager:getActiveNets invalid networkInfo:null
02-09 04:22:07.001 I/hpplay-java( 2758): [main]:IPManager:getActiveNets eth0:false wifi:false mobile:false ap:false
02-09 04:22:07.002 I/hpplay-java( 2758): [main]:ServerTaskManager:get local ip:null
02-09 04:22:07.012 I/MSP-JNI ( 3812): JNI_OnLoad called
02-09 04:22:07.013 E/MSP-JNI ( 3812): Failed to get class in Jload
02-09 04:22:07.013 I/MSP-JNI ( 3812): FindClass - com/qualcomm/ltebc/LTEBroadcastService JNI EXCEPTION CLEARED
02-09 04:22:07.013 I/MSP-JNI ( 3812): JNI_OnLoad: Initializing File Delivery references
02-09 04:22:07.014 I/MSP-JNI ( 3812): FindClass CARRIER_SPECIFIC_CLASS_DEFINITION JNI EXCEPTION CLEARED
02-09 04:22:07.014 I/MSP-JNI ( 3812): JNI_OnLoad: Completed File Delivery initialization
02-09 04:22:07.017 I/LTE Application( 3812): LTEApplicationCreate
02-09 04:22:07.017 I/LTE Application( 3812): applicationContext : com.qualcomm.ltebc.LTEQTIApplication@792dd7a
02-09 04:22:07.020 I/LTE QMI Link( 3812): Creating QMI Link
02-09 04:22:07.021 D/LTE Application( 3812): packageName = com.qti.ltebc versionCode = 5401010 versionName = MSDC_LA_5.4.01.01.0
02-09 04:22:07.021 I/LTE Application( 3812): LTE Broadcast Library Release Version = MSDC_LA_5.4.01.01.0
02-09 04:22:07.022 D/LTE Application( 3812): IntentSender : Last intent Status NOT_SENT forcedBroadcast flag = true
02-09 04:22:07.022 D/LTE Application( 3812): sendBroadcastIntent IntentAction : Sending com.qualcomm.intent.EMBMS_STATUS ACTIVE = false
02-09 04:22:07.023 W/SOCKET ( 3812): ConnectionManager constructor has been initialised
02-09 04:22:07.023 E/System ( 3812): Ignoring attempt to set property "java.net.preferIPv6Addresses" to value "false".
02-09 04:22:07.024 D/LTE Application( 3812): Android API Version 31
02-09 04:22:07.025 I/LTE Application( 3812): Package Name : com.qti.ltebc
02-09 04:22:07.025 I/LTE Application( 3812): app is not whitelisted
02-09 04:22:07.027 I/LTEBroadcastAlarmReceiver( 3812): onReceive
02-09 04:22:07.027 I/LTEBroadcastAlarmReceiver( 3812): ACTION_ALARM_WAKEUP_BOOT
02-09 04:22:07.027 I/LTE Application( 3812): setStartupReason - set to STARTUP_REASON_BOOT
02-09 04:22:07.027 I/LTE Application( 3812): startRootServiceASync false
02-09 04:22:07.027 I/LTEBroadcastAlarmReceiver( 3812): onReceive exit
02-09 04:22:07.028 I/LTE Application( 3812): startRootServiceSync false
02-09 04:22:07.028 I/LTE Application( 3812): startRootServiceSync initState LTEBC_MSP_NOT_INITIALIZED
02-09 04:22:07.028 I/LTE Application( 3812): setWakeupMode - mode :WAKEUP_MODE_BG
02-09 04:22:07.028 I/LTE Application( 3812): startRootServiceSync(): Started from Alarm WAKEUP_MODE_BG
02-09 04:22:07.028 I/LTE Application( 3812): Starting LTEBC Root Service : launcherIntent = Intent { cmp=com.qti.ltebc/com.qualcomm.ltebc.LTERootService }
02-09 04:22:07.031 D/CompatibilityInfo( 1523): mCompatibilityFlags - 4
02-09 04:22:07.031 D/CompatibilityInfo( 1523): applicationDensity - 240
02-09 04:22:07.031 D/CompatibilityInfo( 1523): applicationScale - 1.0
02-09 04:22:07.032 I/LTE Root Service( 3812): onCreate()
02-09 04:22:07.032 I/LTE Root Service( 3812): onStartCommand()
02-09 04:22:07.032 I/LTE Application( 3812): shutdownLockOn() Current sKeepAlive: 0, After Incrementing : 1
02-09 04:22:07.032 I/LTE Application( 3812): cancelShutDownTimer mspShutDownTimer is NULL
02-09 04:22:07.032 V/LTE Application( 3812): initStateChanged - LTEBC_PERMISSIONS_PENDING
02-09 04:22:07.032 I/LTEBC Init Manager( 3812): handleStartInitialization
02-09 04:22:07.032 I/LTE Root Service( 3812): [EVENT] row getManifestDeniedPermissionsList invoked
02-09 04:22:07.032 I/LTEBC Init Manager( 3812): Handled state : 1
02-09 04:22:07.032 I/LTEBC Init Manager( 3812): handlePermissionResult
02-09 04:22:07.032 V/LTE Application( 3812): initStateChanged - LTEBC_MSP_INIT_PENDING
02-09 04:22:07.032 I/LTE Application( 3812): handleInitConfigandConnectEmbmsServiceTask : doInBackground
02-09 04:22:07.037 I/Ltebc ( 3812): ConfigurationManager () : LTEApplication.internalDataPath /data/user/0/com.qti.ltebc/files
02-09 04:22:07.038 D/LTE_CONFIG( 3812): getVendorPath /vendor
02-09 04:22:07.040 I/ Ltebc ( 3812): Provisioning directories:[/vendor/embms/qcom, /vendor/embms/oem, /vendor/embms/qti, /vendor/embms/qcom/global, /vendor/embms/oem/global, /vendor/embms/qti/global, /system/embms/qcom, /system/embms/oem, /system/embms/qti, /system/embms/qcom/global, /system/embms/oem/global, /system/embms/qti/global, /vendor/app/embms/oem, /vendor/app/embms/oem/global, /storage/emulated/0/Android/data/com.qti.ltebc/files/embms/qcom, /storage/emulated/0/Android/data/com.qti.ltebc/files/embms/qcom/global]
02-09 04:22:07.040 I/ Ltebc ( 3812): Provisioning directories Assets:[/carrierConfig/embms]
02-09 04:22:07.040 D/LTE_CONFIG( 3812): configurable provisioningLocation: [/vendor/embms/qcom, /vendor/embms/oem, /vendor/embms/qti, /vendor/embms/qcom/global, /vendor/embms/oem/global, /vendor/embms/qti/global, /system/embms/qcom, /system/embms/oem, /system/embms/qti, /system/embms/qcom/global, /system/embms/oem/global, /system/embms/qti/global, /vendor/app/embms/oem, /vendor/app/embms/oem/global, /storage/emulated/0/Android/data/com.qti.ltebc/files/embms/qcom, /storage/emulated/0/Android/data/com.qti.ltebc/files/embms/qcom/global]
02-09 04:22:07.040 D/LTE_CONFIG( 3812): copyFilesFromAssets
02-09 04:22:07.040 D/LTE_CONFIG( 3812): copyFilesFromAssets : location = carrierConfig/embms
02-09 04:22:07.043 D/LTE_CONFIG( 3812): copyFilesFromAssets : list of files in carrierConfig/embms = []
02-09 04:22:07.043 D/LTE_CONFIG( 3812): copyFilesFromAssets : list of files in carrierConfig/embms is empty
02-09 04:22:07.043 D/LTE_CONFIG( 3812): files copy operation from Assets folder failed
02-09 04:22:07.043 D/LTE_CONFIG( 3812): oemProvisioningDirs : [/vendor/embms/qcom, /vendor/embms/oem, /vendor/embms/qti, /vendor/embms/qcom/global, /vendor/embms/oem/global, /vendor/embms/qti/global, /system/embms/qcom, /system/embms/oem, /system/embms/qti, /system/embms/qcom/global, /system/embms/oem/global, /system/embms/qti/global, /vendor/app/embms/oem, /vendor/app/embms/oem/global, /storage/emulated/0/Android/data/com.qti.ltebc/files/embms/qcom, /storage/emulated/0/Android/data/com.qti.ltebc/files/embms/qcom/global]
02-09 04:22:07.043 D/LTE_CONFIG( 3812): Checking dir: /vendor/embms/qcom
02-09 04:22:07.044 D/LTE_CONFIG( 3812): provisioning_params.xml not found, copy all other files from dir : /vendor/embms/qcom
02-09 04:22:07.044 D/LTE_CONFIG( 3812): filesCount = 0
02-09 04:22:07.044 D/LTE_CONFIG( 3812): Checking dir: /vendor/embms/oem
02-09 04:22:07.044 D/LTE_CONFIG( 3812): provisioning_params.xml not found, copy all other files from dir : /vendor/embms/oem
02-09 04:22:07.044 D/LTE_CONFIG( 3812): filesCount = 0
02-09 04:22:07.044 D/LTE_CONFIG( 3812): Checking dir: /vendor/embms/qti
02-09 04:22:07.044 D/LTE_CONFIG( 3812): provisioning_params.xml not found, copy all other files from dir : /vendor/embms/qti
02-09 04:22:07.045 D/LTE_CONFIG( 3812): filesCount = 0
02-09 04:22:07.045 D/LTE_CONFIG( 3812): Checking dir: /vendor/embms/qcom/global
02-09 04:22:07.045 D/LTE_CONFIG( 3812): provisioning_params.xml not found, copy all other files from dir : /vendor/embms/qcom/global
02-09 04:22:07.045 D/LTE_CONFIG( 3812): filesCount = 0
02-09 04:22:07.045 D/LTE_CONFIG( 3812): Checking dir: /vendor/embms/oem/global
02-09 04:22:07.045 D/LTE_CONFIG( 3812): provisioning_params.xml not found, copy all other files from dir : /vendor/embms/oem/global
02-09 04:22:07.045 D/LTE_CONFIG( 3812): filesCount = 0
02-09 04:22:07.045 D/LTE_CONFIG( 3812): Checking dir: /vendor/embms/qti/global
02-09 04:22:07.045 D/LTE_CONFIG( 3812): provisioning_params.xml not found, copy all other files from dir : /vendor/embms/qti/global
02-09 04:22:07.045 D/LTE_CONFIG( 3812): filesCount = 0
02-09 04:22:07.045 D/LTE_CONFIG( 3812): Checking dir: /system/embms/qcom
02-09 04:22:07.045 D/LTE_CONFIG( 3812): provisioning_params.xml not found, copy all other files from dir : /system/embms/qcom
02-09 04:22:07.045 D/LTE_CONFIG( 3812): filesCount = 0
02-09 04:22:07.045 D/LTE_CONFIG( 3812): Checking dir: /system/embms/oem
02-09 04:22:07.045 D/LTE_CONFIG( 3812): provisioning_params.xml not found, copy all other files from dir : /system/embms/oem
02-09 04:22:07.045 D/LTE_CONFIG( 3812): filesCount = 0
02-09 04:22:07.045 D/LTE_CONFIG( 3812): Checking dir: /system/embms/qti
02-09 04:22:07.045 D/LTE_CONFIG( 3812): provisioning_params.xml not found, copy all other files from dir : /system/embms/qti
02-09 04:22:07.045 D/LTE_CONFIG( 3812): filesCount = 0
02-09 04:22:07.045 D/LTE_CONFIG( 3812): Checking dir: /system/embms/qcom/global
02-09 04:22:07.045 D/LTE_CONFIG( 3812): provisioning_params.xml not found, copy all other files from dir : /system/embms/qcom/global
02-09 04:22:07.045 D/LTE_CONFIG( 3812): filesCount = 0
02-09 04:22:07.045 D/LTE_CONFIG( 3812): Checking dir: /system/embms/oem/global
02-09 04:22:07.045 D/LTE_CONFIG( 3812): provisioning_params.xml not found, copy all other files from dir : /system/embms/oem/global
02-09 04:22:07.045 D/LTE_CONFIG( 3812): filesCount = 0
02-09 04:22:07.046 D/LTE_CONFIG( 3812): Checking dir: /system/embms/qti/global
02-09 04:22:07.046 D/LTE_CONFIG( 3812): provisioning_params.xml not found, copy all other files from dir : /system/embms/qti/global
02-09 04:22:07.046 D/LTE_CONFIG( 3812): filesCount = 0
02-09 04:22:07.046 D/LTE_CONFIG( 3812): Checking dir: /vendor/app/embms/oem
02-09 04:22:07.046 D/LTE_CONFIG( 3812): provisioning_params.xml not found, copy all other files from dir : /vendor/app/embms/oem
02-09 04:22:07.046 D/LTE_CONFIG( 3812): filesCount = 0
02-09 04:22:07.046 D/LTE_CONFIG( 3812): Checking dir: /vendor/app/embms/oem/global
02-09 04:22:07.046 D/LTE_CONFIG( 3812): provisioning_params.xml not found, copy all other files from dir : /vendor/app/embms/oem/global
02-09 04:22:07.046 D/LTE_CONFIG( 3812): filesCount = 0
02-09 04:22:07.046 D/LTE_CONFIG( 3812): Checking dir: /storage/emulated/0/Android/data/com.qti.ltebc/files/embms/qcom
02-09 04:22:07.046 D/LTE_CONFIG( 3812): provisioning_params.xml not found, copy all other files from dir : /storage/emulated/0/Android/data/com.qti.ltebc/files/embms/qcom
02-09 04:22:07.046 D/LTE_CONFIG( 3812): filesCount = 0
02-09 04:22:07.046 D/LTE_CONFIG( 3812): Checking dir: /storage/emulated/0/Android/data/com.qti.ltebc/files/embms/qcom/global
02-09 04:22:07.046 D/LTE_CONFIG( 3812): provisioning_params.xml not found, copy all other files from dir : /storage/emulated/0/Android/data/com.qti.ltebc/files/embms/qcom/global
02-09 04:22:07.046 D/LTE_CONFIG( 3812): filesCount = 0
02-09 04:22:07.046 D/LTE_CONFIG( 3812): copyLogLevelFile: emulatedPath = /storage/emulated/0/Android/data/com.qti.ltebc/files/embms/qcom/global
02-09 04:22:07.046 D/LTE_CONFIG( 3812): copyLogLevelFile: logLevelFilePath = /storage/emulated/0/Android/data/com.qti.ltebc/files/embms/qcom/global/debug/loglevels.xml
02-09 04:22:07.047 D/LTE_CONFIG( 3812): copyLogLevelFile: logLevels file copy failed: srcLogLevelFile = /storage/emulated/0/Android/data/com.qti.ltebc/files/embms/qcom/global/debug/loglevels.xml does not exist
02-09 04:22:07.047 I/ Ltebc ( 3812): ConfigurationManager () load file from internal directory failed
02-09 04:22:07.047 I/LTE Application( 3812): Ltebc : loadConfigData()
02-09 04:22:07.047 I/Ltebc ( 3812): ConfigurationManager : getProperties()
02-09 04:22:07.047 E/LTE Application( 3812): Ltebc : preemption_priority is available in config file () : 5
02-09 04:22:07.047 I/LTE Application( 3812): Ltebc : loadConfigData() sPreemptionPriority :5
02-09 04:22:07.047 I/LTE Application( 3812): Ltebc : loadConfigData() sEarFcnList :5230
02-09 04:22:07.047 E/LTE Application( 3812): Ltebc : enable_embms_sim is available in config file () : false
02-09 04:22:07.047 E/LTE Application( 3812): Ltebc : loadConfigData() enableEmbmsSim :false
02-09 04:22:07.048 E/LTE Application( 3812): Ltebc : shutdowntimer is available in config file () : 0
02-09 04:22:07.048 E/LTE Application( 3812): shutDownTimer : 0.0
02-09 04:22:07.048 E/LTE Application( 3812): Ltebc : provisioning_timeout_ms is available in config file () : 2592000000
02-09 04:22:07.048 I/LTE Application( 3812): mProvisioningTMO : 2592000000
02-09 04:22:07.048 E/LTE Application( 3812): Ltebc : enable_unicast_in_roaming is available in config file ()
02-09 04:22:07.048 I/LTE Application( 3812): Ltebc : loadConfigData() enableUnicastInRoaming :false
02-09 04:22:07.048 E/LTE Application( 3812): Ltebc : default_plmn is not available in config file ()
02-09 04:22:07.048 E/LTE Application( 3812): Ltebc : roaming_check_periodicity_ms is available in config file ()
02-09 04:22:07.048 I/LTE Application( 3812): Ltebc : loadConfigData() roaming_check_periodicity_ms :5000
02-09 04:22:07.048 E/LTE Application( 3812): Ltebc : embms_get_e911_state_retry_attempts is available in config file ()
02-09 04:22:07.048 I/LTE Application( 3812): Ltebc : loadConfigData() EMBMS_GET_E911_STATE_RETRY_ATTEMPTS :600
02-09 04:22:07.048 E/LTE Application( 3812): provisioningTimerTask: mProvisioningTMO = 2592000000
02-09 04:22:07.049 I/LTE Application( 3812): getStartupReason - startup_reason: STARTUP_REASON_BOOT
02-09 04:22:07.049 I/LTEBC Init Manager( 3812): handlePermissionResult STARTUP_REASON_BOOT
02-09 04:22:07.049 I/LTELicenseManager( 3812): startLicenseCheck requestCode: 3 cb: com.qualcomm.ltebc.LTEBCInitManager@a9c445d
02-09 04:22:07.049 I/LTELicenseManager( 3812): processLicenseCheck in progress false
02-09 04:22:07.057 I/am_uid_running( 1523): 10054
02-09 04:22:07.058 D/CompatibilityChangeReporter( 1523): Compat change id reported: 135634846; UID 10054; state: DISABLED
02-09 04:22:07.058 D/CompatibilityChangeReporter( 1523): Compat change id reported: 177438394; UID 10054; state: DISABLED
02-09 04:22:07.058 D/CompatibilityChangeReporter( 1523): Compat change id reported: 135772972; UID 10054; state: DISABLED
02-09 04:22:07.058 D/CompatibilityChangeReporter( 1523): Compat change id reported: 135754954; UID 10054; state: DISABLED
02-09 04:22:07.058 D/CompatibilityChangeReporter( 1523): Compat change id reported: 143937733; UID 10054; state: DISABLED
02-09 04:22:07.059 I/LTELicenseManager( 3812): MinkSocketFd connect true
02-09 04:22:07.060 I/LTELicenseManager( 3812): Scheduling mink socket timeout 1000
02-09 04:22:07.060 I/LTEBC Init Manager( 3812): Handled state : 7
02-09 04:22:07.068 D/Zygote ( 666): Forked child process 3844
02-09 04:22:07.070 I/am_proc_start( 1523): [0,3844,10054,com.qualcomm.qti.qms.service.trustzoneaccess,service,{com.qualcomm.qti.qms.service.trustzoneaccess/com.qualcomm.qti.qms.service.trustzoneaccess.TZAccessService}]
02-09 04:22:07.070 I/ActivityManager( 1523): Start proc 3844:com.qualcomm.qti.qms.service.trustzoneaccess/u0a54 for service {com.qualcomm.qti.qms.service.trustzoneaccess/com.qualcomm.qti.qms.service.trustzoneaccess.TZAccessService}
02-09 04:22:07.074 I/libc ( 3844): SetHeapTaggingLevel: tag level set to 0
02-09 04:22:07.082 E/trustzoneacces( 3844): Not starting debugger since process cannot load the jdwp agent.
02-09 04:22:07.083 D/ProcessState( 3844): Binder ioctl to enable oneway spam detection failed: Invalid argument
01-02 09:38:47.242 I/binder ( 0): 3844:3844 ioctl 40046210 7ffaef2474 returned -22
02-09 04:22:07.087 I/am_proc_bound( 1523): [0,3844,com.qualcomm.qti.qms.service.trustzoneaccess]
02-09 04:22:07.089 D/CompatibilityChangeReporter( 1523): Compat change id reported: 168419799; UID 10054; state: DISABLED
02-09 04:22:07.089 D/CompatibilityInfo( 1523): mCompatibilityFlags - 4
02-09 04:22:07.089 D/CompatibilityInfo( 1523): applicationDensity - 240
02-09 04:22:07.089 D/CompatibilityInfo( 1523): applicationScale - 1.0
02-09 04:22:07.093 D/CompatibilityInfo( 1523): mCompatibilityFlags - 4
02-09 04:22:07.093 D/CompatibilityInfo( 1523): applicationDensity - 240
02-09 04:22:07.093 D/CompatibilityInfo( 1523): applicationScale - 1.0
02-09 04:22:07.096 D/CompatibilityChangeReporter( 3844): Compat change id reported: 171979766; UID 10054; state: DISABLED
02-09 04:22:07.101 D/ApplicationLoaders( 3844): Returning zygote-cached class loader: /system/framework/android.test.base.jar
02-09 04:22:07.107 D/nativeloader( 3844): classloader namespace configured for unbundled vendor apk. library_path=/vendor/app/TrustZoneAccessService/lib/arm64:/vendor/lib64
02-09 04:22:07.117 I/Perf ( 3844): Connecting to perf service.
02-09 04:22:07.121 V/GraphicsEnvironment( 3844): ANGLE Developer option for 'com.qualcomm.qti.qms.service.trustzoneaccess' set to: 'default'
02-09 04:22:07.122 V/GraphicsEnvironment( 3844): ANGLE GameManagerService for com.qualcomm.qti.qms.service.trustzoneaccess: false
02-09 04:22:07.122 D/NetworkSecurityConfig( 3844): No Network Security Config specified, using platform default
02-09 04:22:07.123 D/NetworkSecurityConfig( 3844): No Network Security Config specified, using platform default
02-09 04:22:07.130 I/MinkSocketFd( 3812): connected
02-09 04:22:07.131 V/CredentialHelper( 3844): Processing credentials for uid = 10075
02-09 04:22:07.141 I/minksocket( 795): MinkSocket_recvInvocationRequest: SMCINVOKE_IOCTL_LOG peer gid=10054 uid=10054 invoke=1, o.invoke=0x621a7fa0d0, o.context=0xb4000078e7245be0
02-09 04:22:07.141 I/ssgtzd ( 795): served new env
02-09 04:22:07.143 I/LTELicenseManager( 3812): onConnect called
02-09 04:22:07.144 I/minksocket( 795): MinkSocket_recvInvocationRequest: SMCINVOKE_IOCTL_LOG peer gid=10054 uid=10054 invoke=1, o.invoke=0x621a7fdaa0, o.context=0xb4000078a7243790
02-09 04:22:07.144 E/minksocket( 795): MinkSocket_recvInvocationRequest: err=-98, SMCINVOKE_IOCTL_LOG, peer gid=10054 uid=10054 invoke=1
02-09 04:22:07.146 I/LTELicenseManager( 3812): Before calling CheckInstalledLicense
02-09 04:22:07.155 E/LTELicenseManager( 3812): Error code 29
02-09 04:22:07.155 E/LTELicenseManager( 3812): Exception InvokeException, err=29
02-09 04:22:07.155 W/System.err( 3812): com.qualcomm.qti.qms.api.mink.IMinkObject$InvokeException: InvokeException, err=29
02-09 04:22:07.155 W/System.err( 3812): at com.qualcomm.qti.qms.api.mink.CMinkObject.nativeInvoke(Native Method)
02-09 04:22:07.155 W/System.err( 3812): at com.qualcomm.qti.qms.api.mink.CMinkObject.invoke(CMinkObject.java:55)
02-09 04:22:07.155 W/System.err( 3812): at com.qualcomm.qti.mink.IPFM$Proxy.CheckInstalledLicense(IPFM.java:164)
02-09 04:22:07.155 W/System.err( 3812): at com.qualcomm.ltebc.LTELicenseManager$1.onConnect(LTELicenseManager.java:137)
02-09 04:22:07.155 W/System.err( 3812): at com.qualcomm.qti.qms.api.minksocket.MinkSocketFdInternals$1.onServiceConnected(MinkSocketFdInternals.java:53)
02-09 04:22:07.155 W/System.err( 3812): at android.app.LoadedApk$ServiceDispatcher.doConnected(LoadedApk.java:2077)
02-09 04:22:07.155 W/System.err( 3812): at android.app.LoadedApk$ServiceDispatcher$RunConnection.run(LoadedApk.java:2110)
02-09 04:22:07.155 W/System.err( 3812): at android.os.Handler.handleCallback(Handler.java:938)
02-09 04:22:07.155 W/System.err( 3812): at android.os.Handler.dispatchMessage(Handler.java:99)
02-09 04:22:07.155 W/System.err( 3812): at android.os.Looper.loopOnce(Looper.java:201)
02-09 04:22:07.155 W/System.err( 3812): at android.os.Looper.loop(Looper.java:288)
02-09 04:22:07.155 W/System.err( 3812): at android.app.ActivityThread.main(ActivityThread.java:7880)
02-09 04:22:07.155 W/System.err( 3812): at java.lang.reflect.Method.invoke(Native Method)
02-09 04:22:07.155 W/System.err( 3812): at com.android.internal.os.RuntimeInit$MethodAndArgsCaller.run(RuntimeInit.java:548)
02-09 04:22:07.155 W/System.err( 3812): at com.android.internal.os.ZygoteInit.main(ZygoteInit.java:1009)
02-09 04:22:07.160 I/LTELicenseManager( 3812): onDisconnect called
02-09 04:22:07.161 I/LTELicenseManager( 3812): saveLicenseInSharedPreferences false
02-09 04:22:07.164 D/LTELicenseManager( 3812): processLicenseCheck notify caller license validity false
02-09 04:22:07.164 I/LTEBC Init Manager( 3812): onLicenseCheckComplete 3 isValid false
02-09 04:22:07.164 V/LTE Application( 3812): initStateChanged - LTEBC_INIT_LICENSE_ERROR
02-09 04:22:07.164 I/LTE Application( 3812): Error during ltebc initialization
02-09 04:22:07.168 I/LTE-FD Service:( 3812): LTEFileDeliveryServiceHelper get connection manager : Thread[Thread-2,5,main]
02-09 04:22:07.168 I/LTE Application( 3812): isAnyAppBindedWithMW : No Application is binded with MW
02-09 04:22:07.168 I/LTEBC Init Manager( 3812): onLicenseCheckComplete failed, hence calling explicit stop
02-09 04:22:07.169 I/LTE Application( 3812): explicitStop initState LTEBC_INIT_LICENSE_ERROR
02-09 04:22:07.170 I/LTE Root Service( 3812): onDestroy
02-09 04:22:07.170 I/LTEBC Init Manager( 3812): handleStartDeInitialization()
02-09 04:22:07.170 I/LTE Application( 3812): isAnyAppBindedWithMW : No Application is binded with MW
02-09 04:22:07.170 I/LTEBC Init Manager( 3812): forceExit() Force Killing MSP as sKeepAlive is not ZERO, sKeepAlive:1
02-09 04:22:07.170 I/LTE Application( 3812): shutdownApp
02-09 04:22:07.170 I/LTE Application( 3812): shutdownApp : after jshutdown()
02-09 04:22:07.170 I/LTE Application( 3812): shutdownApp : calling Disconnect from Ebmbs
02-09 04:22:07.170 D/LTE Application( 3812): IntentSender : Last intent Status INACTIVE_SENT forcedBroadcast flag = false
02-09 04:22:07.170 I/LTE Application( 3812): shutdownApp : calling Connection Mgr shutdown()
02-09 04:22:07.170 W/SOCEKT ( 3812): Connection Thread shutdown
02-09 04:22:07.170 W/SOCEKT ( 3812): Recieve thread Pool shutdown
02-09 04:22:07.170 I/LTE Application( 3812): shutdownApp : calling Ltebc exit
02-09 04:22:07.171 I/com.qti.ltebc( 3812): System.exit called, status: 0
02-09 04:22:07.171 I/AndroidRuntime( 3812): VM exiting with result code 0, cleanup skipped.
02-09 04:22:07.192 I/ActivityManager( 1523): Process com.qti.ltebc (pid 3812) has died: cch+5 CEM
02-09 04:22:07.193 I/libprocessgroup( 1523): Successfully killed process cgroup uid 10075 pid 3812 in 0ms
02-09 04:22:07.193 I/Zygote ( 666): Process 3812 exited cleanly (0)
02-09 04:22:07.194 I/am_proc_died( 1523): [0,3812,com.qti.ltebc,905,19]
02-09 04:22:07.194 I/am_uid_stopped( 1523): 10075
02-09 04:22:07.401 D/BufferPoolAccessor2.0( 2018): evictor expired: 3, evicted: 0
02-09 04:22:07.469 I/GameModeConfig( 1523): isGameModeOn = false
02-09 04:22:07.469 I/GameModeConfig( 1523): isGameModeOn = false
02-09 04:22:07.469 I/GameModeConfig( 1523): isGameModeOn = false
02-09 04:22:07.604 D/audio_hw_primary( 800): copl(0xee7464c0):out of compress_wait
02-09 04:22:07.607 D/audio_hw_primary( 800): No space available in compress driver, post msg to cb thread
02-09 04:22:07.607 D/audio_hw_primary( 800): copl(0xee7464c0):calling compress_wait
02-09 04:22:07.665 I/GameModeConfig( 1523): isGameModeOn = false
02-09 04:22:07.666 I/GameModeConfig( 1523): isGameModeOn = false
02-09 04:22:07.744 I/keystore2( 566): keystore2::watchdog: Watchdog thread idle -> terminating. Have a great day.
02-09 04:22:07.812 D/BufferPoolAccessor2.0( 1523): evictor expired: 6, evicted: 0
02-09 04:22:07.813 I/GameModeConfig( 1523): isGameModeOn = false
02-09 04:22:07.813 D/BufferPoolAccessor2.0( 1286): bufferpool2 0xb4000070fef973d8 : 0(0 size) total buffers - 0(0 size) used buffers - 33/35 (recycle/alloc) - 2/34 (fetch/transfer)
02-09 04:22:07.813 D/BufferPoolAccessor2.0( 1286): evictor expired: 1, evicted: 1
02-09 04:22:07.813 I/GameModeConfig( 1523): isGameModeOn = false
02-09 04:22:07.813 I/GameModeConfig( 1523): isGameModeOn = false
02-09 04:22:07.814 I/GameModeConfig( 1523): isGameModeOn = false
02-09 04:22:07.824 I/GameModeConfig( 1523): isGameModeOn = false
02-09 04:22:07.824 I/GameModeConfig( 1523): isGameModeOn = false
02-09 04:22:07.861 I/mpu_uart( 645): [MSG-P:RECV]:No message received in 1000 ms
02-09 04:22:07.869 I/GameModeConfig( 1523): isGameModeOn = false
02-09 04:22:07.869 I/GameModeConfig( 1523): isGameModeOn = false
02-09 04:22:07.869 I/GameModeConfig( 1523): isGameModeOn = false
02-09 04:22:07.870 I/GameModeConfig( 1523): isGameModeOn = false
02-09 04:22:08.004 W/hpplay-java( 2758): [main]:IPManager:getActiveNets invalid networkInfo:null
02-09 04:22:08.004 I/hpplay-java( 2758): [main]:IPManager:getActiveNets eth0:false wifi:false mobile:false ap:false
02-09 04:22:08.004 I/hpplay-java( 2758): [main]:ServerTaskManager:get local ip:null
02-09 04:22:08.250 D/TlogClient_LogCollectService( 2200): === FINISH to package logs ===
02-09 04:22:08.405 E/tlogd ( 1298): [TzLogger](isPathReadable) file /sys/kernel/debug/tzdbg/qsee_log isn't exist or no permission, err: No such file or directory
02-09 04:22:08.405 E/tlogd ( 1298): [TzLogger](saveTzlogAsync) /sys/kernel/debug/tzdbg/qsee_log can not read.
02-09 04:22:08.405 E/tlogd ( 1298): [TzLogger](isPathReadable) file /sys/kernel/debug/tzdbg/log isn't exist or no permission, err: No such file or directory
02-09 04:22:08.405 E/tlogd ( 1298): [TzLogger](saveTzlogAsync) /sys/kernel/debug/tzdbg/log can not read.
02-09 04:22:08.800 E/Launcher( 2579): Check mcu protect state
02-09 04:22:08.862 I/mpu_uart( 645): [MSG-P:RECV]:No message received in 1000 ms
02-09 04:22:09.007 W/hpplay-java( 2758): [main]:IPManager:getActiveNets invalid networkInfo:null
02-09 04:22:09.007 I/hpplay-java( 2758): [main]:IPManager:getActiveNets eth0:false wifi:false mobile:false ap:false
02-09 04:22:09.008 I/hpplay-java( 2758): [main]:ServerTaskManager:get local ip:null
02-09 04:22:09.460 I/mpu_uart( 645): [MSG-P:R]:recv sync frame timeout
02-09 04:22:09.624 D/audio_hw_primary( 800): copl(0xee7464c0):out of compress_wait
02-09 04:22:09.627 D/audio_hw_primary( 800): No space available in compress driver, post msg to cb thread
02-09 04:22:09.628 D/audio_hw_primary( 800): copl(0xee7464c0):calling compress_wait
02-09 04:22:09.868 I/mpu_uart( 645): [MSG-P:RECV]:No message received in 1000 ms
02-09 04:22:10.011 W/hpplay-java( 2758): [main]:IPManager:getActiveNets invalid networkInfo:null
02-09 04:22:10.011 I/hpplay-java( 2758): [main]:IPManager:getActiveNets eth0:false wifi:false mobile:false ap:false
02-09 04:22:10.011 I/hpplay-java( 2758): [main]:ServerTaskManager:get local ip:null
02-09 04:22:10.449 D/MCUUpdate( 2370): find 2 mcu version:figureAPP_V0.0.9_b.bin figureAPP_V0.0.9_a.bin
02-09 04:22:10.450 I/mpu_uart( 645): [TIME-:1]:create
02-09 04:22:10.456 I/GameModeConfig( 1523): isGameModeOn = false
