02-09 04:21:57.710 I/EthernetTracker( 1523): interfaceLinkStateChanged, iface: vlan1, up: false
02-09 04:21:57.712 I/hwservicemanager( 505): Since vendor.qti.hardware.iop@2.0::IIop/default is not registered, trying to start it as a lazy HAL.
02-09 04:21:57.712 E/ANDR-IOP( 1212): IIop:: Iop HAL Service is not available.
02-09 04:21:57.714 D/CompatibilityInfo( 1523): mCompatibilityFlags - 4
02-09 04:21:57.714 D/CompatibilityInfo( 1523): applicationDensity - 240
02-09 04:21:57.714 D/CompatibilityInfo( 1523): applicationScale - 1.0
02-09 04:21:57.716 W/libc ( 505): Unable to set property "ctl.interface_start" to "vendor.qti.hardware.iop@2.0::IIop/default": error code: 0x20
02-09 04:21:57.716 I/hwservicemanager( 505): Tried to start vendor.qti.hardware.iop@2.0::IIop/default as a lazy service, but was unable to. Usually this happens when a service is not installed, but if the service is intended to be used as a lazy service, then it may be configured incorrectly.
02-09 04:21:57.716 D/Zygote ( 666): Forked child process 3109
02-09 04:21:57.716 I/am_proc_start( 1523): [0,3109,10032,com.android.traceur,broadcast,{com.android.traceur/com.android.traceur.Receiver}]
02-09 04:21:57.716 I/ActivityManager( 1523): Start proc 3109:com.android.traceur/u0a32 for broadcast {com.android.traceur/com.android.traceur.Receiver}
02-09 04:21:57.727 E/android.traceu( 3109): Not starting debugger since process cannot load the jdwp agent.
02-09 04:21:57.728 D/ProcessState( 3109): Binder ioctl to enable oneway spam detection failed: Invalid argument
01-02 09:38:37.887 I/binder ( 0): 3109:3109 ioctl 40046210 7ffaef2474 returned -22
02-09 04:21:57.730 I/am_proc_bound( 1523): [0,3109,com.android.traceur]
02-09 04:21:57.730 D/CompatibilityChangeReporter( 1523): Compat change id reported: 168419799; UID 10032; state: DISABLED
02-09 04:21:57.731 D/CompatibilityInfo( 1523): mCompatibilityFlags - 4
02-09 04:21:57.731 D/CompatibilityInfo( 1523): applicationDensity - 240
02-09 04:21:57.731 D/CompatibilityInfo( 1523): applicationScale - 1.0
02-09 04:21:57.731 D/LOWI-9.0.0.87.a( 1318): [LOWINetlinkSocketReceiver] unpackRTMLinkMessage: RTM_NEWLINK - ifname vlan1, flags 0x1003 ([UP])
02-09 04:21:57.732 I/EthernetTracker( 1523): interfaceLinkStateChanged, iface: vlan1, up: false
02-09 04:21:57.732 I/am_uid_active( 1523): 10032
02-09 04:21:57.733 D/CompatibilityInfo( 1523): mCompatibilityFlags - 4
02-09 04:21:57.733 D/CompatibilityInfo( 1523): applicationDensity - 240
02-09 04:21:57.733 D/CompatibilityInfo( 1523): applicationScale - 1.0
02-09 04:21:57.737 D/CompatibilityChangeReporter( 3109): Compat change id reported: 171979766; UID 10032; state: ENABLED
02-09 04:21:57.751 D/LOWI-9.0.0.87.a( 1318): [LOWINetlinkSocketReceiver] unpackRTMLinkMessage: RTM_NEWLINK - ifname vlan1, flags 0x1003 ([UP])
02-09 04:21:57.754 I/EthernetTracker( 1523): interfaceLinkStateChanged, iface: vlan1, up: false
02-09 04:21:57.755 E/QFP ( 1309): qfpCommand: error from send_command_to_tz: 0, QFP result -11 on (0 0)
02-09 04:21:57.755 I/QFP ( 1309): close: close, usecase 3 options 0
02-09 04:21:57.755 I/QFP ( 1309): closeHandle: closeHandle (0 0)
02-09 04:21:57.763 D/QSEECOMAPI( 1309): QSEECom_dealloc_memory
02-09 04:21:57.763 D/QSEECOMAPI( 1309): QSEECom_shutdown_app, app_id = 8
02-09 04:21:57.765 I/wm_task_removed( 1523): [2,cleanUpResourcesForDestroy]
02-09 04:21:57.765 I/wm_task_removed( 1523): [1,removeChild:removeChild last r=Task{1382397 #2 type=home A=1000:com.android.settings.FallbackHome U=0 visible=false mode=fullscreen translucent=true sz=0} in t=Task{14b5a8d #1 type=home ?? U=0 visible=true mode=fullscreen translucent=true sz=0}]
02-09 04:21:57.765 I/wm_task_removed( 1523): [1,removeChild]
02-09 04:21:57.766 I/wm_task_removed( 1523): [2,removeChild:removeChild last r=ActivityRecord{b918117 u0 com.android.settings/.FallbackHome t-1 f}} in t=Task{1382397 #2 type=home A=1000:com.android.settings.FallbackHome U=0 visible=false mode=fullscreen translucent=true sz=0}]
02-09 04:21:57.766 I/wm_task_removed( 1523): [2,removeChild]
02-09 04:21:57.767 W/ActivityTaskManager( 1523): Can't find TaskDisplayArea to determine support for multi window. Task id=1 attached=false
02-09 04:21:57.767 W/ActivityTaskManager( 1523): Can't find TaskDisplayArea to determine support for multi window. Task id=1 attached=false
02-09 04:21:57.773 E/ANDR-PERF-HINTEXT( 843): FPS Switch Hysteresis time < 1 secs, ignore it
02-09 04:21:57.777 D/LOWI-9.0.0.87.a( 1318): [LOWINetlinkSocketReceiver] unpackRTMLinkMessage: RTM_NEWLINK - ifname vlan1, flags 0x1003 ([UP])
02-09 04:21:57.778 I/EthernetTracker( 1523): interfaceLinkStateChanged, iface: vlan1, up: false
02-09 04:21:57.779 E/QFP ( 1309): Dropping unsupported QBT command
02-09 04:21:57.779 I/QFP ( 1309): openFramework:QFP TZ VERSION: 3.0.3.39
02-09 04:21:57.779 E/QFP ( 1309): releaseWakelock: qbt sensor handle is invalid
02-09 04:21:57.779 E/QFP ( 1309): qfp_init failed -1
02-09 04:21:57.779 I/QFP ( 1309): QfpThreadOptimize::invoke: entry.
02-09 04:21:57.779 I/QFP ( 1309): QfpThreadOptimize::invoke: QFP not initialized, exiting Optimize thread
02-09 04:21:57.779 I/QFP ( 1309): QfpThreadErieEvent::invoke: entry.
02-09 04:21:57.779 I/QFP ( 1309): QfpThreadErieEvent::invoke: QFP not initialized, exiting ErieEvent thread
01-02 09:38:37.938 W/QSEECOM ( 0): __qseecom_unload_app: App (8) is unloaded
01-02 09:38:37.938 D/qbt ( 0): qbt_release: entry minor_no=0 fd_available=0
01-02 09:38:37.938 D/qbt ( 0): qbt_release: Releasing wakelock
01-02 09:38:37.938 D/qbt ( 0): qbt_release: exit : fd_available=1
01-02 09:38:37.938 D/qbt ( 0): qbt_release: entry minor_no=1 fd_available=1
01-02 09:38:37.938 D/qbt ( 0): qbt_release: exit : fd_available=1
02-09 04:21:57.779 I/QFP ( 1309): notifyPowerState: 2
02-09 04:21:57.780 I/QFP ( 1309): notifyPowerState: 2
02-09 04:21:57.780 I/QFP ( 1309): notifyPowerState: screen state 2
02-09 04:21:57.780 E/QFP ( 1309): set active group call error -1
02-09 04:21:57.780 W/Looper ( 1523): Slow dispatch took 282ms main h=android.os.Handler c=com.android.server.biometrics.sensors.BiometricScheduler$InternalCallback$$ExternalSyntheticLambda0@945db47 m=0
02-09 04:21:57.780 I/QFP ( 1309): QfpThreadOptimize::invoke: entry.
02-09 04:21:57.780 I/QFP ( 1309): QfpThreadOptimize::invoke: QFP not initialized, exiting Optimize thread
02-09 04:21:57.780 I/QFP ( 1309): QfpThreadErieEvent::invoke: entry.
02-09 04:21:57.780 I/QFP ( 1309): QfpThreadErieEvent::invoke: QFP not initialized, exiting ErieEvent thread
02-09 04:21:57.781 V/NotificationAssistants( 1523): 0 notification assistant service connected: ComponentInfo{android.ext.services/android.ext.services.notification.Assistant}
02-09 04:21:57.781 I/Perf ( 3109): Connecting to perf service.
02-09 04:21:57.781 D/BluetoothManagerService( 1523): Bluetooth Adapter address changed to 22:22:CD:34:44:EC
02-09 04:21:57.781 D/BluetoothManagerService( 1523): Stored Bluetoothaddress: 22:22:CD:34:44:EC
02-09 04:21:57.781 D/BluetoothManagerService( 1523): Bluetooth Adapter name changed to 高合娱乐副屏 by android
02-09 04:21:57.781 D/BluetoothManagerService( 1523): Stored Bluetooth name: 高合娱乐副屏
02-09 04:21:57.782 D/BluetoothManagerService( 1523): Bluetooth Adapter address changed to 22:22:CD:34:44:EC
02-09 04:21:57.782 D/BluetoothManagerService( 1523): Stored Bluetoothaddress: 22:22:CD:34:44:EC
02-09 04:21:57.782 D/CompanionDeviceManagerService( 1523): Received BT state transition broadcast: BLE_TURNING_ON -> BLE_ON
01-02 09:38:37.942 D/qbt ( 0): qbt_open: entry minor_no=0 fd_available=1
01-02 09:38:37.942 D/qbt ( 0): qbt_open: exit : 0 fd_available=0
01-02 09:38:37.942 D/qbt ( 0): qbt_open: entry minor_no=1 fd_available=0
01-02 09:38:37.942 D/qbt ( 0): qbt_open: exit : 0 fd_available=0
01-02 09:38:37.942 D/qbt ( 0): qbt_ioctl: cmd received 107
01-02 09:38:37.942 D/qbt ( 0): qbt_ioctl: Acquiring wakelock
01-02 09:38:37.943 W/ALERT ( 0): changing window size from 20000000 to 16000000 at 13000037492
02-09 04:21:57.782 I/CompanionDeviceManagerService( 1523): startBleScan()
02-09 04:21:57.782 D/BluetoothManagerService( 1523): BluetoothServiceConnection: com.android.bluetooth.gatt.GattService
02-09 04:21:57.782 E/GameMode_ActivityMonitoringService( 2119): sInstance is null!
02-09 04:21:57.782 D/BiometricScheduler/Fingerprint21( 1523): [Finishing] {[1] FingerprintUpdateActiveUserClient, proto=1, owner=android, cookie=0, requestId=-1, userId=0}, success: true
02-09 04:21:57.782 D/BiometricScheduler/Fingerprint21( 1523): [Polled] {[2] FingerprintInternalCleanupClient, proto=7, owner=android, cookie=0, requestId=-1, userId=0}, State: 0
02-09 04:21:57.782 D/BiometricScheduler/Fingerprint21( 1523): [Starting] {[2] FingerprintInternalCleanupClient, proto=7, owner=android, cookie=0, requestId=-1, userId=0}, State: 0
02-09 04:21:57.782 D/BiometricScheduler/Fingerprint21( 1523): [Started] {[2] FingerprintInternalCleanupClient, proto=7, owner=android, cookie=0, requestId=-1, userId=0}
02-09 04:21:57.782 W/System.err( 2119): java.lang.NullPointerException: Attempt to read from field 'java.lang.String com.thundercomm.gamemode.ingame.services.ActivityMonitoringService.CurrTopPackageName' on a null object reference
02-09 04:21:57.783 D/Biometrics/InternalCleanupClient( 1523): Starting enumerate: {[3] FingerprintInternalEnumerateClient, proto=6, owner=android, cookie=0, requestId=-1, userId=0}
02-09 04:21:57.783 W/System.err( 2119): at com.thundercomm.gamemode.ingame.services.GameModeNotificationListenerService.onNotificationPosted(GameModeNotificationListenerService.java:69)
02-09 04:21:57.783 W/System.err( 2119): at android.service.notification.NotificationListenerService.onNotificationPosted(NotificationListenerService.java:444)
02-09 04:21:57.783 W/System.err( 2119): at android.service.notification.NotificationListenerService$MyHandler.handleMessage(NotificationListenerService.java:2305)
02-09 04:21:57.783 W/System.err( 2119): at android.os.Handler.dispatchMessage(Handler.java:106)
02-09 04:21:57.783 W/System.err( 2119): at android.os.Looper.loopOnce(Looper.java:201)
02-09 04:21:57.783 W/System.err( 2119): at android.os.Looper.loop(Looper.java:288)
02-09 04:21:57.783 W/System.err( 2119): at android.app.ActivityThread.main(ActivityThread.java:7880)
02-09 04:21:57.783 W/System.err( 2119): at java.lang.reflect.Method.invoke(Native Method)
02-09 04:21:57.783 W/System.err( 2119): at com.android.internal.os.RuntimeInit$MethodAndArgsCaller.run(RuntimeInit.java:548)
02-09 04:21:57.783 I/QFP ( 1309): notifyPowerState: 2
02-09 04:21:57.783 I/QFP ( 1309): notifyPowerState: 2
02-09 04:21:57.783 I/QFP ( 1309): notifyPowerState: 2
02-09 04:21:57.783 W/System.err( 2119): at com.android.internal.os.ZygoteInit.main(ZygoteInit.java:1009)
02-09 04:21:57.783 I/QFP ( 1309): notifyPowerState: screen state 2
02-09 04:21:57.783 D/BluetoothManagerService( 1523): MESSAGE_BLUETOOTH_SERVICE_CONNECTED: 2
02-09 04:21:57.783 D/BluetoothManagerService( 1523): continueFromBleOnState()
02-09 04:21:57.783 W/Looper ( 1523): Drained
02-09 04:21:57.783 I/QFP ( 1309): Initializing QFP framework, container 0 handle 0
02-09 04:21:57.783 I/QFP ( 1309): getPersistPropVal: persist.vendor.qfp.qbt_fd_name = /dev/qbt_fd (default /dev/qbt_fd)
02-09 04:21:57.783 I/QFP ( 1309): getPersistPropVal: persist.vendor.qfp.qbt_ipc_name = /dev/qbt_ipc (default /dev/qbt_ipc)
02-09 04:21:57.783 E/QFP ( 1309): Dropping unsupported QBT command
02-09 04:21:57.784 D/BluetoothAdapterService( 2001): updateQuietModeStatus()-updateQuietModeStatus called with quiet mode status:false
02-09 04:21:57.785 D/BluetoothManagerService( 1523): Persisting Bluetooth Setting: 1
02-09 04:21:57.785 I/BluetoothVendorJni( 2001): bredrstartupNative
02-09 04:21:57.785 I/bt_btif_vendor( 2001): bredrstartup
02-09 04:21:57.785 I/AdapterState( 2001): TURNING_ON : entered
02-09 04:21:57.785 D/AdapterProperties( 2001): Setting state to TURNING_ON
02-09 04:21:57.786 D/BluetoothAdapterService( 2001): updateAdapterState() - Broadcasting state TURNING_ON to 1 receivers.
02-09 04:21:57.786 D/BluetoothManagerService( 1523): MESSAGE_BLUETOOTH_STATE_CHANGE: BLE_ON > TURNING_ON
02-09 04:21:57.786 D/BluetoothManagerService( 1523): Sending BLE State Change: BLE_ON > TURNING_ON
02-09 04:21:57.786 D/QSEECOMAPI( 1309): QSEECom_get_handle sb_length = 0x40000
02-09 04:21:57.786 D/BluetoothAdapterService( 2001): startCoreServices()
02-09 04:21:57.786 D/BluetoothManagerService( 1523): Sending State Change: OFF > TURNING_ON
02-09 04:21:57.786 I/AdapterServiceConfig( 2001): Stereo recording and unicast features are disabled in Host AddOn features
02-09 04:21:57.786 I/AdapterServiceConfig( 2001): BCA disabled in Host AddOn features
02-09 04:21:57.786 I/AdapterServiceConfig( 2001): BCS disabled in Host AddOn features
02-09 04:21:57.787 D/LOWI-9.0.0.87.a( 1318): [LOWINetlinkSocketReceiver] unpackRTMLinkMessage: RTM_NEWLINK - ifname vlan1, flags 0x1003 ([UP])
02-09 04:21:57.788 V/GraphicsEnvironment( 3109): ANGLE Developer option for 'com.android.traceur' set to: 'default'
02-09 04:21:57.788 D/BluetoothActiveDeviceManager( 2001): handleMessage(MESSAGE_ADAPTER_ACTION_STATE_CHANGED): newState=11
02-09 04:21:57.788 D/InterruptionStateProvider( 2018): No bubble up: not allowed to bubble: -1|android|26|null|1000
02-09 04:21:57.788 V/GraphicsEnvironment( 3109): ANGLE GameManagerService for com.android.traceur: false
02-09 04:21:57.788 D/QSEECOMAPI( 1309): App is not loaded in QSEE
02-09 04:21:57.789 D/QSEECOMAPI( 1309): app_arch = 2, total_files = 9
02-09 04:21:57.789 E/ion ( 1309): ioctl c0044901 failed with code -1: Inappropriate ioctl for device
02-09 04:21:57.789 W/NotifBindPipeline( 2018): Row is not set so pipeline will not run. notif = -1|android|26|null|1000
02-09 04:21:57.790 D/AdapterServiceConfig( 2001): adv_audio_feature_mask = 0
02-09 04:21:57.790 D/NetworkSecurityConfig( 3109): No Network Security Config specified, using platform default
02-09 04:21:57.790 D/BluetoothAdapterService( 2001): Calling setProfileServiceState for: HeadsetService
02-09 04:21:57.790 I/EthernetTracker( 1523): interfaceLinkStateChanged, iface: vlan1, up: false
02-09 04:21:57.790 D/CompanionDeviceManagerService( 1523): Received BT state transition broadcast: BLE_ON -> TURNING_ON
02-09 04:21:57.791 D/NetworkSecurityConfig( 3109): No Network Security Config specified, using platform default
02-09 04:21:57.791 D/CompatibilityInfo( 1523): mCompatibilityFlags - 4
02-09 04:21:57.791 D/CompatibilityInfo( 1523): applicationDensity - 240
02-09 04:21:57.791 D/CompatibilityInfo( 1523): applicationScale - 1.0
02-09 04:21:57.792 D/BluetoothAdapterService( 2001): Calling setProfileServiceState for: A2dpService
02-09 04:21:57.792 I/HeadsetService( 2001): create()
02-09 04:21:57.792 I/BluetoothVendorHfJni( 2001): classInitNative: succeeds
02-09 04:21:57.793 D/HeadsetService( 2001): Received start request. Starting profile...
02-09 04:21:57.793 D/CompatibilityInfo( 1523): mCompatibilityFlags - 4
02-09 04:21:57.793 D/CompatibilityInfo( 1523): applicationDensity - 240
02-09 04:21:57.793 D/CompatibilityInfo( 1523): applicationScale - 1.0
02-09 04:21:57.794 D/BluetoothAdapterService( 2001): Calling setProfileServiceState for: HidHostService
02-09 04:21:57.795 I/HeadsetService( 2001): start()
02-09 04:21:57.795 I/system_server( 1523): Using smaps_rollup for pss collection
02-09 04:21:57.796 D/CompatibilityInfo( 1523): mCompatibilityFlags - 4
02-09 04:21:57.796 D/CompatibilityInfo( 1523): applicationDensity - 240
02-09 04:21:57.796 D/CompatibilityInfo( 1523): applicationScale - 1.0
02-09 04:21:57.797 D/BluetoothAdapterService( 2001): Calling setProfileServiceState for: PanService
02-09 04:21:57.798 D/TelephonyRegistry( 1523): listen oscl: mHasNotifySubscriptionInfoChangedOccurred==false no callback
02-09 04:21:57.798 D/CompatibilityInfo( 1523): mCompatibilityFlags - 4
02-09 04:21:57.798 D/CompatibilityInfo( 1523): applicationDensity - 240
02-09 04:21:57.798 D/CompatibilityInfo( 1523): applicationScale - 1.0
02-09 04:21:57.799 D/BluetoothAdapterService( 2001): Calling setProfileServiceState for: BluetoothMapService
02-09 04:21:57.799 D/HeadsetPhoneState( 2001): The sim in i: 0 is absent
02-09 04:21:57.800 D/CompatibilityInfo( 1523): mCompatibilityFlags - 4
02-09 04:21:57.800 D/CompatibilityInfo( 1523): applicationDensity - 240
02-09 04:21:57.800 D/CompatibilityInfo( 1523): applicationScale - 1.0
02-09 04:21:57.800 D/BluetoothAdapterService( 2001): Calling setProfileServiceState for: AvrcpControllerService
02-09 04:21:57.801 I/HeadsetService( 2001): mIsTwsPlusEnabled: false
02-09 04:21:57.801 I/HeadsetService( 2001): mIsTwsPlusShoEnabled: false
02-09 04:21:57.801 D/HeadsetService( 2001): Max_HFP_Connections 5
02-09 04:21:57.801 D/HeadsetService( 2001): mSetMaxConfig 5
02-09 04:21:57.801 I/BluetoothHeadsetServiceJni( 2001): classInitNative: succeeds
02-09 04:21:57.802 D/HeadsetService( 2001): isInbandRingingEnabled returning: false
02-09 04:21:57.802 I/bt_btif ( 2001): get_profile_interface: id = handsfree
02-09 04:21:57.802 D/CompatibilityInfo( 1523): mCompatibilityFlags - 4
02-09 04:21:57.802 D/CompatibilityInfo( 1523): applicationDensity - 240
02-09 04:21:57.802 I/bt_stack( 2001): [INFO:btif_hf.cc(2433)] GetInterface
02-09 04:21:57.802 D/CompatibilityInfo( 1523): applicationScale - 1.0
02-09 04:21:57.802 I/bt_stack( 2001): [INFO:port_api.cc(123)] RFCOMM_CreateConnection BDA: ff:ff:ff:ff:ff:ff
02-09 04:21:57.802 I/bt_stack( 2001): [INFO:port_api.cc(123)] RFCOMM_CreateConnection BDA: ff:ff:ff:ff:ff:ff
02-09 04:21:57.803 I/bt_stack( 2001): [INFO:port_api.cc(123)] RFCOMM_CreateConnection BDA: ff:ff:ff:ff:ff:ff
02-09 04:21:57.803 I/bt_stack( 2001): [INFO:port_api.cc(123)] RFCOMM_CreateConnection BDA: ff:ff:ff:ff:ff:ff
02-09 04:21:57.803 I/bt_stack( 2001): [INFO:port_api.cc(123)] RFCOMM_CreateConnection BDA: ff:ff:ff:ff:ff:ff
02-09 04:21:57.803 I/bt_stack( 2001): [INFO:port_api.cc(123)] RFCOMM_CreateConnection BDA: ff:ff:ff:ff:ff:ff
02-09 04:21:57.803 I/bt_btif_storage( 2001): btif_storage_get_adapter_property service_mask:0x20000040
02-09 04:21:57.803 I/bt_stack( 2001): [INFO:port_api.cc(123)] RFCOMM_CreateConnection BDA: ff:ff:ff:ff:ff:ff
02-09 04:21:57.803 D/bt_btif ( 2001): btif_hf_upstreams_evt: event=BTA_AG_ENABLE_EVT
02-09 04:21:57.803 D/bt_btif ( 2001): btif_hf_upstreams_evt: event=BTA_AG_REGISTER_EVT
02-09 04:21:57.803 D/bt_btif ( 2001): btif_hf_upstreams_evt: event=BTA_AG_REGISTER_EVT
02-09 04:21:57.803 D/bt_btif ( 2001): btif_hf_upstreams_evt: event=BTA_AG_REGISTER_EVT
02-09 04:21:57.803 I/bt_stack( 2001): [INFO:port_api.cc(123)] RFCOMM_CreateConnection BDA: ff:ff:ff:ff:ff:ff
02-09 04:21:57.803 D/bt_btif ( 2001): btif_hf_upstreams_evt: event=BTA_AG_REGISTER_EVT
02-09 04:21:57.803 I/bt_stack( 2001): [INFO:port_api.cc(123)] RFCOMM_CreateConnection BDA: ff:ff:ff:ff:ff:ff
02-09 04:21:57.803 I/bt_stack( 2001): [INFO:port_api.cc(123)] RFCOMM_CreateConnection BDA: ff:ff:ff:ff:ff:ff
02-09 04:21:57.803 D/BluetoothAdapterService( 2001): Calling setProfileServiceState for: SapService
02-09 04:21:57.803 I/bt_stack( 2001): [INFO:port_api.cc(123)] RFCOMM_CreateConnection BDA: ff:ff:ff:ff:ff:ff
02-09 04:21:57.803 D/bt_btif ( 2001): btif_hf_upstreams_evt: event=BTA_AG_REGISTER_EVT
02-09 04:21:57.803 I/bt_stack( 2001): [INFO:port_api.cc(123)] RFCOMM_CreateConnection BDA: ff:ff:ff:ff:ff:ff
02-09 04:21:57.803 D/bt_btif ( 2001): btif_hf_upstreams_evt: event=BTA_AG_REGISTER_EVT
01-02 09:38:37.961 W/QSEECOM ( 0): qseecom_load_app: App (fingerpr) does'nt exist, loading apps for first time
02-09 04:21:57.804 I/vendor.qti.bluetooth@1.0-ibs_handler( 808): ProcessIbsCmd: Received IBS_WAKE_IND: 0xFD
02-09 04:21:57.804 I/vendor.qti.bluetooth@1.0-ibs_handler( 808): ProcessIbsCmd: Writing IBS_WAKE_ACK
02-09 04:21:57.804 D/CompatibilityInfo( 1523): mCompatibilityFlags - 4
02-09 04:21:57.804 D/CompatibilityInfo( 1523): applicationDensity - 240
02-09 04:21:57.804 D/CompatibilityInfo( 1523): applicationScale - 1.0
02-09 04:21:57.805 D/BluetoothAdapterService( 2001): Calling setProfileServiceState for: BluetoothOppService
02-09 04:21:57.805 D/CompatibilityInfo( 1523): mCompatibilityFlags - 4
02-09 04:21:57.806 D/CompatibilityInfo( 1523): applicationDensity - 240
02-09 04:21:57.806 D/CompatibilityInfo( 1523): applicationScale - 1.0
02-09 04:21:57.806 D/BluetoothAdapterService( 2001): Calling setProfileServiceState for: BluetoothPbapService
02-09 04:21:57.807 D/CompatibilityInfo( 1523): mCompatibilityFlags - 4
02-09 04:21:57.807 D/HeadsetService( 2001): setHeadsetService(): set to: com.android.bluetooth.hfp.HeadsetService@8e07092
02-09 04:21:57.807 D/CompatibilityInfo( 1523): applicationDensity - 240
02-09 04:21:57.807 D/CompatibilityInfo( 1523): applicationScale - 1.0
02-09 04:21:57.807 I/bt_btif ( 2001): get_profile_interface: id = vendorhfservice
02-09 04:21:57.807 I/bt_btif_vendor_hf( 2001): init done
02-09 04:21:57.807 I/bt_btif_vendor_hf( 2001): enable_swb: 1
02-09 04:21:57.807 D/BluetoothAdapterService( 2001): Calling setProfileServiceState for: HearingAidService
02-09 04:21:57.807 D/HeadsetService( 2001): registering audio server state callback
02-09 04:21:57.808 D/CompatibilityInfo( 1523): mCompatibilityFlags - 4
02-09 04:21:57.808 D/CompatibilityInfo( 1523): applicationDensity - 240
02-09 04:21:57.808 D/CompatibilityInfo( 1523): applicationScale - 1.0
02-09 04:21:57.809 I/hwservicemanager( 505): Since vendor.qti.hardware.iop@2.0::IIop/default is not registered, trying to start it as a lazy HAL.
02-09 04:21:57.809 E/ANDR-IOP( 1212): IIop:: Iop HAL Service is not available.
02-09 04:21:57.810 I/HeadsetService( 2001): HeadsetService Started
02-09 04:21:57.810 D/HeadsetService( 2001): profile started successfully
02-09 04:21:57.810 W/libc ( 505): Unable to set property "ctl.interface_start" to "vendor.qti.hardware.iop@2.0::IIop/default": error code: 0x20
02-09 04:21:57.810 I/hwservicemanager( 505): Tried to start vendor.qti.hardware.iop@2.0::IIop/default as a lazy service, but was unable to. Usually this happens when a service is not installed, but if the service is intended to be used as a lazy service, then it may be configured incorrectly.
02-09 04:21:57.811 I/A2dpService( 2001): create()
02-09 04:21:57.811 I/Traceur ( 3109): Received BOOT_COMPLETE
02-09 04:21:57.812 I/GameModeConfig( 1523): isGameModeOn = false
02-09 04:21:57.813 I/GameModeConfig( 1523): isGameModeOn = false
02-09 04:21:57.813 D/BluetoothA2dp( 1523): Proxy object connected
02-09 04:21:57.813 D/BluetoothA2dp( 1523): Proxy object connected
02-09 04:21:57.813 I/AS.BtHelper( 1523): In onServiceConnected(), profile: 2, proxy: android.bluetooth.BluetoothA2dp@24877d4
02-09 04:21:57.813 I/GameModeConfig( 1523): isGameModeOn = false
02-09 04:21:57.813 D/BluetoothA2dp( 1523): Proxy object connected
02-09 04:21:57.813 D/A2dpService( 2001): Received start request. Starting profile...
02-09 04:21:57.813 I/GameModeConfig( 1523): isGameModeOn = false
02-09 04:21:57.813 D/BluetoothA2dp( 2018): Proxy object connected
02-09 04:21:57.813 I/GameModeConfig( 1523): isGameModeOn = false
02-09 04:21:57.813 I/GameModeConfig( 1523): isGameModeOn = false
02-09 04:21:57.814 I/A2dpService( 2001): start()
02-09 04:21:57.814 I/BluetoothA2dpServiceJni( 2001): classInitNative: succeeds
02-09 04:21:57.814 I/A2dpService( 2001): Max connected audio devices set to 5
02-09 04:21:57.814 I/A2dpService( 2001): mMaxConnectedAudioDevices: 5
02-09 04:21:57.814 W/Choreographer( 1523): Frame time is 0.267962 ms in the future! Check that graphics HAL is generating vsync timestamps using the correct timebase.
02-09 04:21:57.814 D/A2dpService( 2001): Default TwsPlus ChannelMode: dual-mono
02-09 04:21:57.815 W/Choreographer( 2018): Frame time is 0.101503 ms in the future! Check that graphics HAL is generating vsync timestamps using the correct timebase.
02-09 04:21:57.815 I/BluetoothAvrcpServiceJni( 2001): classInitNative: succeeds
02-09 04:21:57.815 V/Avrcp_ext( 2001): make
02-09 04:21:57.815 V/Avrcp_ext( 2001): mAvrcp = null
02-09 04:21:57.811 I/auditd ( 3136): type=1400 audit(0.0:252): avc: denied { read } for comm="ip" name="rt_tables" dev="dm-10" ino=332 scontext=u:r:ethernet:s0 tcontext=u:object_r:net_data_file:s0 tclass=file permissive=0
02-09 04:21:57.811 W/ip ( 3136): type=1400 audit(0.0:252): avc: denied { read } for name="rt_tables" dev="dm-10" ino=332 scontext=u:r:ethernet:s0 tcontext=u:object_r:net_data_file:s0 tclass=file permissive=0
02-09 04:21:57.816 V/Avrcp_ext( 2001): Avrcp
02-09 04:21:57.816 I/bt_btif ( 2001): get_profile_interface: id = avrcp
02-09 04:21:57.819 I/auditd ( 3141): type=1400 audit(0.0:253): avc: denied { read } for comm="ip" name="rt_tables" dev="dm-10" ino=332 scontext=u:r:ethernet:s0 tcontext=u:object_r:net_data_file:s0 tclass=file permissive=0
02-09 04:21:57.819 W/ip ( 3141): type=1400 audit(0.0:253): avc: denied { read } for name="rt_tables" dev="dm-10" ino=332 scontext=u:r:ethernet:s0 tcontext=u:object_r:net_data_file:s0 tclass=file permissive=0
02-09 04:21:57.824 I/GameModeConfig( 1523): isGameModeOn = false
02-09 04:21:57.824 V/Avrcp_ext( 2001): start
02-09 04:21:57.824 I/GameModeConfig( 1523): isGameModeOn = false
02-09 04:21:57.825 W/System ( 1523): A resource failed to call release.
02-09 04:21:57.825 W/System ( 1523): A resource failed to call close.
02-09 04:21:57.825 I/GameModeConfig( 1523): isGameModeOn = false
02-09 04:21:57.825 W/System ( 1523): A resource failed to call close.
02-09 04:21:57.827 W/System ( 2018): A resource failed to call release.
02-09 04:21:57.828 D/MediaSessionService( 1523): The MediaKeyEventSessionChangedListener (android.os.BinderProxy@bdb30b3) is added by com.android.bluetooth
02-09 04:21:57.828 D/BluetoothVendorService( 2001): getProfileInfo profile_id: 1
02-09 04:21:57.828 I/BluetoothVendorJni( 2001): getProfileInfoNative
02-09 04:21:57.828 I/bt_btif_vendor( 2001): get_profile_info :1
02-09 04:21:57.828 W/bt_device_profile( 2001): profile_feature_fetch:profile 1
02-09 04:21:57.828 W/bt_device_profile( 2001): profile_feature_fetch:AVRCP_0103_SUPPORT found 0
02-09 04:21:57.828 D/BluetoothVendorService( 2001): getProfileInfo profile_id: 1
02-09 04:21:57.828 I/BluetoothVendorJni( 2001): getProfileInfoNative
02-09 04:21:57.828 I/bt_btif_vendor( 2001): get_profile_info :1
02-09 04:21:57.828 W/bt_device_profile( 2001): profile_feature_fetch:profile 1
02-09 04:21:57.828 W/bt_device_profile( 2001): profile_feature_fetch:AVRCP_COVERART_SUPPORT found 1
02-09 04:21:57.828 D/Avrcp_ext( 2001): isCoverArtSupported: true
02-09 04:21:57.828 D/AdapterProperties( 2001): getWhitelistedMediaPlayers: numWhitelistedPlayers = 2
02-09 04:21:57.828 D/AdapterProperties( 2001): players :com.google.android.apps.youtube.music
02-09 04:21:57.828 D/AdapterProperties( 2001): players :com.gaana
02-09 04:21:57.828 W/Avrcp_ext( 2001): List of Players in WhiteListDB Conf file are: [com.google.android.apps.youtube.music, com.gaana]
02-09 04:21:57.828 D/Avrcp_ext( 2001): avrcpVersion avrcp16 isCoverArtEnabled true
02-09 04:21:57.829 D/CompatibilityChangeReporter( 1523): Compat change id reported: 168419799; UID 10061; state: DISABLED
02-09 04:21:57.829 D/CompatibilityInfo( 1523): mCompatibilityFlags - 4
02-09 04:21:57.829 D/CompatibilityInfo( 1523): applicationDensity - 240
02-09 04:21:57.829 D/CompatibilityInfo( 1523): applicationScale - 1.0
02-09 04:21:57.829 D/AvrcpBipRsp( 2001): mMaxBipDevices :5
02-09 04:21:57.829 D/Avrcp_ext( 2001): Starting AVRCP BIP Responder Service
02-09 04:21:57.830 D/DeviceStatisticsBootReceiver( 2387): Boot complete received. Start DeviceStatisticsService
02-09 04:21:57.830 D/Avrcp_ext( 2001): Starting AVRCP AvrcpPlayerAppSetting Service
02-09 04:21:57.830 V/AvrcpPlayerAppSettings( 2001): Start
02-09 04:21:57.830 D/Avrcp_ext( 2001): initMediaPlayerInfoList: 0 controllers
02-09 04:21:57.830 D/CompatibilityInfo( 1523): mCompatibilityFlags - 4
02-09 04:21:57.830 D/CompatibilityInfo( 1523): applicationDensity - 240
02-09 04:21:57.830 D/CompatibilityInfo( 1523): applicationScale - 1.0
02-09 04:21:57.830 V/Avrcp_ext( 2001): updateCurrentMediaState: mMediaController: null
02-09 04:21:57.830 W/Avrcp_ext( 2001): isMusicActive: true getBluetoothPlayState: 0 A2dp State: 11 mAudioPlaybackIsActive: false
02-09 04:21:57.830 W/Avrcp_ext( 2001): updateCurrentMediaState: isPlaying = false
02-09 04:21:57.831 V/Avrcp_ext( 2001): Media update: id -1➡-1? [MediaAttributes: none] : [MediaAttributes: none]
02-09 04:21:57.831 D/Avrcp_ext( 2001): isPackageNameValid: browsedPackage = isValid = false
02-09 04:21:57.831 V/Avrcp_ext( 2001): updatePlaybackState, state: PlaybackState {state=2, position=-1, buffered position=0, speed=0.0, updated=13046, actions=0, custom actions=[], active item id=-1, error=null} device: null
02-09 04:21:57.831 V/Avrcp_ext( 2001): Device: no name:
02-09 04:21:57.831 V/Avrcp_ext( 2001): Device: no name:
02-09 04:21:57.831 V/Avrcp_ext( 2001): Device: no name:
02-09 04:21:57.831 V/Avrcp_ext( 2001): Device: no name:
02-09 04:21:57.831 V/Avrcp_ext( 2001): Device: no name:
02-09 04:21:57.831 V/Avrcp_ext( 2001): updatePlayerStateAndPosition, old=PlaybackState {state=0, position=-1, buffered position=0, speed=0.0, updated=13032, actions=0, custom actions=[], active item id=-1, error=null}, state=PlaybackState {state=2, position=-1, buffered position=0, speed=0.0, updated=13046, actions=0, custom actions=[], active item id=-1, error=null}
02-09 04:21:57.831 V/Avrcp_ext( 2001): old state = PlaybackState {state=0, position=-1, buffered position=0, speed=0.0, updated=13032, actions=0, custom actions=[], active item id=-1, error=null}, new state= PlaybackState {state=2, position=-1, buffered position=0, speed=0.0, updated=13046, actions=0, custom actions=[], active item id=-1, error=null}
02-09 04:21:57.831 D/DeviceStatisticsService( 2387): Service started
02-09 04:21:57.831 D/HeadsetService( 2001): getHeadsetService(): returning com.android.bluetooth.hfp.HeadsetService@8e07092
02-09 04:21:57.831 D/HeadsetService( 2001): isAudioOn: The number of audio connected devices 0
02-09 04:21:57.831 D/HeadsetService( 2001): isScoOrCallActive(): Call Active:falseCall is Ringing:falseSCO is Active:false
02-09 04:21:57.831 D/HeadsetService( 2001): isAudioOn: The number of audio connected devices 0
02-09 04:21:57.831 I/Avrcp_ext( 2001): updatePlayStatusForDevice: device: null
02-09 04:21:57.831 V/Avrcp_ext( 2001): updatePlaybackState (1): old=PlaybackState {state=0, position=-1, buffered position=0, speed=0.0, updated=13032, actions=0, custom actions=[], active item id=-1, error=null}(0), new=PlaybackState {state=2, position=-1, buffered position=0, speed=0.0, updated=13046, actions=0, custom actions=[], active item id=-1, error=null}(2)
02-09 04:21:57.831 I/Avrcp_ext( 2001): Exit updatePlayStatusForDevice
02-09 04:21:57.831 D/HeadsetService( 2001): isAudioOn: The number of audio connected devices 0
02-09 04:21:57.831 D/HeadsetService( 2001): isScoOrCallActive(): Call Active:falseCall is Ringing:falseSCO is Active:false
02-09 04:21:57.831 D/HeadsetService( 2001): isAudioOn: The number of audio connected devices 0
02-09 04:21:57.831 I/Avrcp_ext( 2001): updatePlayStatusForDevice: device: null
02-09 04:21:57.831 D/AndroidRuntime( 2387): Shutting down VM
02-09 04:21:57.831 V/Avrcp_ext( 2001): updatePlaybackState (1): old=PlaybackState {state=0, position=-1, buffered position=0, speed=0.0, updated=13032, actions=0, custom actions=[], active item id=-1, error=null}(0), new=PlaybackState {state=2, position=-1, buffered position=0, speed=0.0, updated=13046, actions=0, custom actions=[], active item id=-1, error=null}(2)
02-09 04:21:57.831 I/Avrcp_ext( 2001): Exit updatePlayStatusForDevice
02-09 04:21:57.831 D/HeadsetService( 2001): isAudioOn: The number of audio connected devices 0
02-09 04:21:57.831 D/HeadsetService( 2001): isScoOrCallActive(): Call Active:falseCall is Ringing:falseSCO is Active:false
02-09 04:21:57.831 D/HeadsetService( 2001): isAudioOn: The number of audio connected devices 0
02-09 04:21:57.831 I/Avrcp_ext( 2001): updatePlayStatusForDevice: device: null
02-09 04:21:57.831 V/Avrcp_ext( 2001): updatePlaybackState (1): old=PlaybackState {state=0, position=-1, buffered position=0, speed=0.0, updated=13032, actions=0, custom actions=[], active item id=-1, error=null}(0), new=PlaybackState {state=2, position=-1, buffered position=0, speed=0.0, updated=13046, actions=0, custom actions=[], active item id=-1, error=null}(2)
02-09 04:21:57.831 I/Avrcp_ext( 2001): Exit updatePlayStatusForDevice
02-09 04:21:57.831 D/HeadsetService( 2001): isAudioOn: The number of audio connected devices 0
02-09 04:21:57.831 D/HeadsetService( 2001): isScoOrCallActive(): Call Active:falseCall is Ringing:falseSCO is Active:false
02-09 04:21:57.831 D/HeadsetService( 2001): isAudioOn: The number of audio connected devices 0
02-09 04:21:57.831 I/Avrcp_ext( 2001): updatePlayStatusForDevice: device: null
02-09 04:21:57.831 V/Avrcp_ext( 2001): updatePlaybackState (1): old=PlaybackState {state=0, position=-1, buffered position=0, speed=0.0, updated=13032, actions=0, custom actions=[], active item id=-1, error=null}(0), new=PlaybackState {state=2, position=-1, buffered position=0, speed=0.0, updated=13046, actions=0, custom actions=[], active item id=-1, error=null}(2)
02-09 04:21:57.831 I/Avrcp_ext( 2001): Exit updatePlayStatusForDevice
02-09 04:21:57.831 E/AndroidRuntime( 2387): FATAL EXCEPTION: main
02-09 04:21:57.831 E/AndroidRuntime( 2387): Process: com.qualcomm.qti.devicestatisticsservice, PID: 2387
02-09 04:21:57.831 E/AndroidRuntime( 2387): java.lang.NoClassDefFoundError: Failed resolution of: Landroid/hidl/manager/V1_0/IServiceNotification$Stub;
02-09 04:21:57.831 E/AndroidRuntime( 2387): at com.qualcomm.qti.devicestatisticsservice.DeviceStatisticsService.onStartCommand(DeviceStatisticsService.java:83)
02-09 04:21:57.831 E/AndroidRuntime( 2387): at android.app.ActivityThread.handleServiceArgs(ActivityThread.java:4640)
02-09 04:21:57.831 E/AndroidRuntime( 2387): at android.app.ActivityThread.access$2000(ActivityThread.java:248)
02-09 04:21:57.831 E/AndroidRuntime( 2387): at android.app.ActivityThread$H.handleMessage(ActivityThread.java:2092)
02-09 04:21:57.831 E/AndroidRuntime( 2387): at android.os.Handler.dispatchMessage(Handler.java:106)
02-09 04:21:57.831 E/AndroidRuntime( 2387): at android.os.Looper.loopOnce(Looper.java:201)
02-09 04:21:57.831 E/AndroidRuntime( 2387): at android.os.Looper.loop(Looper.java:288)
02-09 04:21:57.831 E/AndroidRuntime( 2387): at android.app.ActivityThread.main(ActivityThread.java:7880)
02-09 04:21:57.831 E/AndroidRuntime( 2387): at java.lang.reflect.Method.invoke(Native Method)
02-09 04:21:57.831 E/AndroidRuntime( 2387): at com.android.internal.os.RuntimeInit$MethodAndArgsCaller.run(RuntimeInit.java:548)
02-09 04:21:57.831 E/AndroidRuntime( 2387): at com.android.internal.os.ZygoteInit.main(ZygoteInit.java:1009)
02-09 04:21:57.831 E/AndroidRuntime( 2387): Caused by: java.lang.ClassNotFoundException: android.hidl.manager.V1_0.IServiceNotification$Stub
02-09 04:21:57.831 E/AndroidRuntime( 2387): ... 11 more
02-09 04:21:57.831 D/HeadsetService( 2001): isAudioOn: The number of audio connected devices 0
02-09 04:21:57.831 D/HeadsetService( 2001): isScoOrCallActive(): Call Active:falseCall is Ringing:falseSCO is Active:false
02-09 04:21:57.831 D/HeadsetService( 2001): isAudioOn: The number of audio connected devices 0
02-09 04:21:57.831 I/Avrcp_ext( 2001): updatePlayStatusForDevice: device: null
02-09 04:21:57.831 V/Avrcp_ext( 2001): updatePlaybackState (1): old=PlaybackState {state=0, position=-1, buffered position=0, speed=0.0, updated=13032, actions=0, custom actions=[], active item id=-1, error=null}(0), new=PlaybackState {state=2, position=-1, buffered position=0, speed=0.0, updated=13046, actions=0, custom actions=[], active item id=-1, error=null}(2)
02-09 04:21:57.831 I/Avrcp_ext( 2001): Exit updatePlayStatusForDevice
02-09 04:21:57.831 D/Avrcp_ext( 2001): Enter sendPlayPosNotificationRsp
02-09 04:21:57.831 D/Avrcp_ext( 2001): sendPlayPosNotificationRsp: Not registered or requesting.
02-09 04:21:57.831 D/Avrcp_ext( 2001): Enter sendPlayPosNotificationRsp
02-09 04:21:57.831 D/Avrcp_ext( 2001): sendPlayPosNotificationRsp: Not registered or requesting.
02-09 04:21:57.831 D/Avrcp_ext( 2001): Enter sendPlayPosNotificationRsp
02-09 04:21:57.831 D/Avrcp_ext( 2001): sendPlayPosNotificationRsp: Not registered or requesting.
02-09 04:21:57.831 D/Avrcp_ext( 2001): Enter sendPlayPosNotificationRsp
02-09 04:21:57.831 D/Avrcp_ext( 2001): sendPlayPosNotificationRsp: Not registered or requesting.
02-09 04:21:57.832 D/Avrcp_ext( 2001): Enter sendPlayPosNotificationRsp
02-09 04:21:57.832 D/Avrcp_ext( 2001): sendPlayPosNotificationRsp: Not registered or requesting.
02-09 04:21:57.832 I/am_crash( 1523): [2387,0,com.qualcomm.qti.devicestatisticsservice,814235213,java.lang.ClassNotFoundException,android.hidl.manager.V1_0.IServiceNotification$Stub,DeviceStatisticsService.java,83]
02-09 04:21:57.832 V/Avrcp_ext( 2001): Exit updatePlayerStateAndPosition
02-09 04:21:57.832 D/Avrcp_ext( 2001): User already unlocked, initializing player lists
02-09 04:21:57.832 D/Avrcp_ext( 2001): buildBrowsablePlayerList
02-09 04:21:57.833 V/Avrcp_ext( 2001): getMediaPlayerInfo: Media players list empty
02-09 04:21:57.833 V/Avrcp_ext( 2001): isBrowseSupported for com.android.bluetooth: false
02-09 04:21:57.833 D/Avrcp_ext( 2001): Adding media player info for com.android.bluetooth with id 1
02-09 04:21:57.833 D/Avrcp_ext( 2001): add #1:MediaPlayerInfo com.android.bluetooth (as '蓝牙') Type = 1, SubType = 0, Status = 0 Feature Bits [40 41 42 44 45 47 48 58] Controller: null
02-09 04:21:57.833 D/Avrcp_ext( 2001): Added MediaPlayerController/MediaPlayerPackage
02-09 04:21:57.833 W/Avrcp_ext( 2001): getMediaPlayerInfo: com.microsoft.emmx not found
02-09 04:21:57.833 V/Avrcp_ext( 2001): isBrowseSupported for com.microsoft.emmx: false
02-09 04:21:57.834 D/KeyguardViewMediator( 2018): adjustStatusBarLocked: mShowing=false mOccluded=false isSecure=false force=false --> flags=0x0
02-09 04:21:57.835 D/Avrcp_ext( 2001): Adding media player info for com.microsoft.emmx with id 2
02-09 04:21:57.835 D/Avrcp_ext( 2001): add #2:MediaPlayerInfo com.microsoft.emmx (as 'Edge') Type = 1, SubType = 0, Status = 0 Feature Bits [40 41 42 44 45 47 48 58] Controller: null
02-09 04:21:57.835 D/Avrcp_ext( 2001): Added MediaPlayerController/MediaPlayerPackage
02-09 04:21:57.835 D/CompatibilityInfo( 1523): mCompatibilityFlags - 4
02-09 04:21:57.835 D/CompatibilityInfo( 1523): applicationDensity - 240
02-09 04:21:57.835 D/CompatibilityInfo( 1523): applicationScale - 1.0
02-09 04:21:57.835 V/Avrcp_ext( 2001): updateCurrentMediaState: mMediaController: null
02-09 04:21:57.835 W/Avrcp_ext( 2001): isMusicActive: true getBluetoothPlayState: 2 A2dp State: 11 mAudioPlaybackIsActive: false
02-09 04:21:57.835 W/Avrcp_ext( 2001): updateCurrentMediaState: isPlaying = false
02-09 04:21:57.835 V/Avrcp_ext( 2001): Media update: id -1➡-1? [MediaAttributes: none] : [MediaAttributes: none]
02-09 04:21:57.835 D/Avrcp_ext( 2001): isPackageNameValid: browsedPackage = isValid = false
02-09 04:21:57.835 V/Avrcp_ext( 2001): updatePlaybackState, state: PlaybackState {state=2, position=-1, buffered position=0, speed=0.0, updated=13051, actions=0, custom actions=[], active item id=-1, error=null} device: null
02-09 04:21:57.835 V/Avrcp_ext( 2001): Device: no name:
02-09 04:21:57.835 V/Avrcp_ext( 2001): Device: no name:
02-09 04:21:57.835 V/Avrcp_ext( 2001): Device: no name:
02-09 04:21:57.835 V/Avrcp_ext( 2001): Device: no name:
02-09 04:21:57.835 V/Avrcp_ext( 2001): Device: no name:
02-09 04:21:57.835 V/Avrcp_ext( 2001): updatePlayerStateAndPosition, old=PlaybackState {state=2, position=-1, buffered position=0, speed=0.0, updated=13046, actions=0, custom actions=[], active item id=-1, error=null}, state=PlaybackState {state=2, position=-1, buffered position=0, speed=0.0, updated=13051, actions=0, custom actions=[], active item id=-1, error=null}
02-09 04:21:57.835 V/Avrcp_ext( 2001): old state = PlaybackState {state=2, position=-1, buffered position=0, speed=0.0, updated=13046, actions=0, custom actions=[], active item id=-1, error=null}, new state= PlaybackState {state=2, position=-1, buffered position=0, speed=0.0, updated=13051, actions=0, custom actions=[], active item id=-1, error=null}
02-09 04:21:57.835 D/HeadsetService( 2001): getHeadsetService(): returning com.android.bluetooth.hfp.HeadsetService@8e07092
02-09 04:21:57.835 D/HeadsetService( 2001): isAudioOn: The number of audio connected devices 0
02-09 04:21:57.835 D/HeadsetService( 2001): isScoOrCallActive(): Call Active:falseCall is Ringing:falseSCO is Active:false
02-09 04:21:57.835 D/HeadsetService( 2001): isAudioOn: The number of audio connected devices 0
02-09 04:21:57.835 I/Avrcp_ext( 2001): updatePlayStatusForDevice: device: null
02-09 04:21:57.835 V/Avrcp_ext( 2001): updatePlaybackState (1): old=PlaybackState {state=2, position=-1, buffered position=0, speed=0.0, updated=13046, actions=0, custom actions=[], active item id=-1, error=null}(2), new=PlaybackState {state=2, position=-1, buffered position=0, speed=0.0, updated=13051, actions=0, custom actions=[], active item id=-1, error=null}(2)
02-09 04:21:57.835 I/Avrcp_ext( 2001): Exit updatePlayStatusForDevice
02-09 04:21:57.835 D/HeadsetService( 2001): isAudioOn: The number of audio connected devices 0
02-09 04:21:57.835 D/HeadsetService( 2001): isScoOrCallActive(): Call Active:falseCall is Ringing:falseSCO is Active:false
02-09 04:21:57.835 D/HeadsetService( 2001): isAudioOn: The number of audio connected devices 0
02-09 04:21:57.835 D/NetworkSecurityConfig( 1523): No Network Security Config specified, using platform default
02-09 04:21:57.835 I/Avrcp_ext( 2001): updatePlayStatusForDevice: device: null
02-09 04:21:57.835 V/Avrcp_ext( 2001): updatePlaybackState (1): old=PlaybackState {state=2, position=-1, buffered position=0, speed=0.0, updated=13046, actions=0, custom actions=[], active item id=-1, error=null}(2), new=PlaybackState {state=2, position=-1, buffered position=0, speed=0.0, updated=13051, actions=0, custom actions=[], active item id=-1, error=null}(2)
02-09 04:21:57.835 I/Avrcp_ext( 2001): Exit updatePlayStatusForDevice
02-09 04:21:57.835 D/HeadsetService( 2001): isAudioOn: The number of audio connected devices 0
02-09 04:21:57.835 D/HeadsetService( 2001): isScoOrCallActive(): Call Active:falseCall is Ringing:falseSCO is Active:false
02-09 04:21:57.835 D/HeadsetService( 2001): isAudioOn: The number of audio connected devices 0
02-09 04:21:57.835 I/Avrcp_ext( 2001): updatePlayStatusForDevice: device: null
02-09 04:21:57.835 V/Avrcp_ext( 2001): updatePlaybackState (1): old=PlaybackState {state=2, position=-1, buffered position=0, speed=0.0, updated=13046, actions=0, custom actions=[], active item id=-1, error=null}(2), new=PlaybackState {state=2, position=-1, buffered position=0, speed=0.0, updated=13051, actions=0, custom actions=[], active item id=-1, error=null}(2)
02-09 04:21:57.835 I/Avrcp_ext( 2001): Exit updatePlayStatusForDevice
02-09 04:21:57.835 D/HeadsetService( 2001): isAudioOn: The number of audio connected devices 0
02-09 04:21:57.835 D/HeadsetService( 2001): isScoOrCallActive(): Call Active:falseCall is Ringing:falseSCO is Active:false
02-09 04:21:57.835 D/HeadsetService( 2001): isAudioOn: The number of audio connected devices 0
02-09 04:21:57.835 I/Avrcp_ext( 2001): updatePlayStatusForDevice: device: null
02-09 04:21:57.835 V/Avrcp_ext( 2001): updatePlaybackState (1): old=PlaybackState {state=2, position=-1, buffered position=0, speed=0.0, updated=13046, actions=0, custom actions=[], active item id=-1, error=null}(2), new=PlaybackState {state=2, position=-1, buffered position=0, speed=0.0, updated=13051, actions=0, custom actions=[], active item id=-1, error=null}(2)
02-09 04:21:57.835 I/Avrcp_ext( 2001): Exit updatePlayStatusForDevice
02-09 04:21:57.835 D/HeadsetService( 2001): isAudioOn: The number of audio connected devices 0
02-09 04:21:57.835 D/HeadsetService( 2001): isScoOrCallActive(): Call Active:falseCall is Ringing:falseSCO is Active:false
02-09 04:21:57.836 D/HeadsetService( 2001): isAudioOn: The number of audio connected devices 0
02-09 04:21:57.836 I/Avrcp_ext( 2001): updatePlayStatusForDevice: device: null
02-09 04:21:57.836 V/Avrcp_ext( 2001): updatePlaybackState (1): old=PlaybackState {state=2, position=-1, buffered position=0, speed=0.0, updated=13046, actions=0, custom actions=[], active item id=-1, error=null}(2), new=PlaybackState {state=2, position=-1, buffered position=0, speed=0.0, updated=13051, actions=0, custom actions=[], active item id=-1, error=null}(2)
02-09 04:21:57.836 I/Avrcp_ext( 2001): Exit updatePlayStatusForDevice
02-09 04:21:57.836 D/Avrcp_ext( 2001): Enter sendPlayPosNotificationRsp
02-09 04:21:57.836 D/Avrcp_ext( 2001): sendPlayPosNotificationRsp: Not registered or requesting.
02-09 04:21:57.836 D/Avrcp_ext( 2001): Enter sendPlayPosNotificationRsp
02-09 04:21:57.836 D/Avrcp_ext( 2001): sendPlayPosNotificationRsp: Not registered or requesting.
02-09 04:21:57.836 D/Avrcp_ext( 2001): Enter sendPlayPosNotificationRsp
02-09 04:21:57.836 D/Avrcp_ext( 2001): sendPlayPosNotificationRsp: Not registered or requesting.
02-09 04:21:57.836 D/Avrcp_ext( 2001): Enter sendPlayPosNotificationRsp
02-09 04:21:57.836 D/Avrcp_ext( 2001): sendPlayPosNotificationRsp: Not registered or requesting.
02-09 04:21:57.836 D/Avrcp_ext( 2001): Enter sendPlayPosNotificationRsp
02-09 04:21:57.836 D/Avrcp_ext( 2001): sendPlayPosNotificationRsp: Not registered or requesting.
02-09 04:21:57.836 V/Avrcp_ext( 2001): Exit updatePlayerStateAndPosition
02-09 04:21:57.836 E/BootReceiver( 1523): Could not open /sys/kernel/tracing/instances/bootreceiver/trace_pipe
02-09 04:21:57.836 E/BootReceiver( 1523): android.system.ErrnoException: open failed: ENOENT (No such file or directory)
02-09 04:21:57.836 E/BootReceiver( 1523): at libcore.io.Linux.open(Native Method)
02-09 04:21:57.836 E/BootReceiver( 1523): at libcore.io.ForwardingOs.open(ForwardingOs.java:567)
02-09 04:21:57.836 E/BootReceiver( 1523): at libcore.io.BlockGuardOs.open(BlockGuardOs.java:273)
02-09 04:21:57.836 E/BootReceiver( 1523): at android.system.Os.open(Os.java:501)
02-09 04:21:57.836 E/BootReceiver( 1523): at com.android.server.BootReceiver.onReceive(BootReceiver.java:167)
02-09 04:21:57.836 E/BootReceiver( 1523): at android.app.ActivityThread.handleReceiver(ActivityThread.java:4309)
02-09 04:21:57.836 E/BootReceiver( 1523): at android.app.ActivityThread.access$1600(ActivityThread.java:248)
02-09 04:21:57.836 E/BootReceiver( 1523): at android.app.ActivityThread$H.handleMessage(ActivityThread.java:2065)
02-09 04:21:57.836 E/BootReceiver( 1523): at android.os.Handler.dispatchMessage(Handler.java:106)
02-09 04:21:57.836 E/BootReceiver( 1523): at android.os.Looper.loopOnce(Looper.java:201)
02-09 04:21:57.836 E/BootReceiver( 1523): at android.os.Looper.loop(Looper.java:288)
02-09 04:21:57.836 E/BootReceiver( 1523): at com.android.server.SystemServer.run(SystemServer.java:909)
02-09 04:21:57.836 E/BootReceiver( 1523): at com.android.server.SystemServer.main(SystemServer.java:616)
02-09 04:21:57.836 E/BootReceiver( 1523): at java.lang.reflect.Method.invoke(Native Method)
02-09 04:21:57.836 E/BootReceiver( 1523): at com.android.internal.os.RuntimeInit$MethodAndArgsCaller.run(RuntimeInit.java:548)
02-09 04:21:57.836 E/BootReceiver( 1523): at com.android.internal.os.ZygoteInit.main(ZygoteInit.java:987)
02-09 04:21:57.836 I/am_wtf ( 1523): [0,1523,system_server,-1,BootReceiver,open failed: ENOENT (No such file or directory)]
02-09 04:21:57.837 I/sysui_multi_action( 1523): [757,316,758,4,759,-1]
02-09 04:21:57.837 I/DropBoxManagerService( 1523): add tag=system_app_crash isTagEnabled=true flags=0x2
02-09 04:21:57.837 I/Process ( 2387): Sending signal. PID: 2387 SIG: 9
02-09 04:21:57.837 D/CompatibilityInfo( 1523): mCompatibilityFlags - 4
02-09 04:21:57.837 D/CompatibilityInfo( 1523): applicationDensity - 240
02-09 04:21:57.837 D/CompatibilityInfo( 1523): applicationScale - 1.0
02-09 04:21:57.839 V/Avrcp_ext( 2001): Exit start
02-09 04:21:57.839 V/Avrcp_ext( 2001): Exit make
02-09 04:21:57.839 W/A2dpCodecConfig( 2001): Disable Aptx Adaptive. Entry not present in offload property
02-09 04:21:57.839 I/A2dpCodecConfig( 2001): Aptx Adaptive priority: -1
02-09 04:21:57.839 I/RecoverySystem( 1523): No recovery log file
02-09 04:21:57.839 I/bt_btif ( 2001): get_profile_interface: id = a2dp
02-09 04:21:57.839 I/btif_av ( 2001): isBATEnabled: 0
02-09 04:21:57.839 E/bt_btif ( 2001): bta_av_co_get_active_peer: peer index out of bounds: 5
02-09 04:21:57.839 E/bt_btif ( 2001): btif_av_is_split_a2dp_enabled: No active peer codec config found, by default splitmode
02-09 04:21:57.839 I/bt_osi_thread( 2001): run_thread: thread id 3154, thread name media_worker started
02-09 04:21:57.840 I/btif_av ( 2001): isBATEnabled: 0
02-09 04:21:57.840 E/bt_btif ( 2001): bta_av_co_get_active_peer: peer index out of bounds: 5
02-09 04:21:57.840 E/bt_btif ( 2001): btif_av_is_split_a2dp_enabled: No active peer codec config found, by default splitmode
02-09 04:21:57.840 I/a2dp_codec( 2001): A2dp_SetOffloadStatus:status = 1
02-09 04:21:57.840 D/a2dp_codec( 2001): init
02-09 04:21:57.840 D/a2dp_codec( 2001): createCodec: codec SBC
02-09 04:21:57.840 D/a2dp_codec( 2001): setCodecPriority: codec_priority_: 1001
02-09 04:21:57.840 D/a2dp_codec( 2001): A2dpCodecConfig: init all codec caps info
02-09 04:21:57.840 D/a2dp_sbc( 2001): A2dpCodecConfigSbc
02-09 04:21:57.840 D/a2dp_sbc( 2001): init: SBC enabled in HW mode
02-09 04:21:57.840 I/a2dp_codec( 2001): init: updated SBC codec priority to 1001
02-09 04:21:57.840 D/a2dp_codec( 2001): createCodec: codec AAC
02-09 04:21:57.840 D/a2dp_codec( 2001): setCodecPriority: codec_priority_: 2001
02-09 04:21:57.840 D/a2dp_codec( 2001): A2dpCodecConfig: init all codec caps info
02-09 04:21:57.840 D/a2dp_aac( 2001): A2dpCodecConfigAac: AAC VBR is enabled for this target
02-09 04:21:57.840 D/a2dp_aac( 2001): init: AAC enabled in HW mode
