02-09 04:21:56.447 D/vendor.qti.bluetooth@1.0-patch_dl_manager( 808): HciSendVsCmd: Get Version Cmd sent to SOC
02-09 04:21:56.451 D/InterruptionStateProvider( 2018): heads up is enabled
02-09 04:21:56.451 I/vendor.qti.bluetooth@1.0-patch_dl_manager( 808): ReadVsHciEvent: Expected CC
02-09 04:21:56.451 I/vendor.qti.bluetooth@1.0-patch_dl_manager( 808): HCI Unified command interface supported
02-09 04:21:56.451 I/vendor.qti.bluetooth@1.0-patch_dl_manager( 808): unified Current Product ID : 0x00000010
02-09 04:21:56.451 I/vendor.qti.bluetooth@1.0-patch_dl_manager( 808): unified Current Patch Version : 0x0d2b
02-09 04:21:56.451 I/vendor.qti.bluetooth@1.0-patch_dl_manager( 808): unified Current ROM Build Version : 0x0200
02-09 04:21:56.451 I/vendor.qti.bluetooth@1.0-patch_dl_manager( 808): unified Current SOC Version : 0x400a0200
02-09 04:21:56.451 E/vendor.qti.bluetooth@1.0-power_manager( 808):
02-09 04:21:56.451 E/vendor.qti.bluetooth@1.0-power_manager( 808): bt soc version (1074397696)
02-09 04:21:56.451 E/vendor.qti.bluetooth@1.0-patch_dl_manager( 808): PatchVerReq: rsp[CMD_RSP_OFFSET] = 1 , rsp[RSP_TYPE_OFFSET] = 0
02-09 04:21:56.451 I/vendor.qti.bluetooth@1.0-patch_dl_manager( 808): SocInit: Chipset Version (0x400a020000100200)
02-09 04:21:56.451 I/vendor.qti.bluetooth@1.0-patch_dl_manager( 808): FormRegularPaths: Getting value of persist.vendor.bluetooth.alt_path_for_fw
02-09 04:21:56.451 I/vendor.qti.bluetooth@1.0-patch_dl_manager( 808): FormRegularPaths: persist.vendor.bluetooth.alt_path_for_fw not set!
02-09 04:21:56.451 D/vendor.qti.bluetooth@1.0-patch_dl_manager( 808): FormRegularPaths: Checking and Setting proper Rampatch and NVM path
01-02 09:38:36.610 E/bt_ioctl( 0): unified Current SOC Version : 400a0200
02-09 04:21:56.452 D/vendor.qti.bluetooth@1.0-patch_dl_manager( 808): FormRegularPaths: Done checking and setting proper Rampatch and NVM path
02-09 04:21:56.452 I/vendor.qti.bluetooth@1.0-uart_transport( 808): ## userial_vendor_ioctl: UART Flow Off
02-09 04:21:56.452 I/hw-BpHwBinder( 2018): onLastStrongRef automatically unlinking death recipients
02-09 04:21:56.452 I/hw-BpHwBinder( 1286): onLastStrongRef automatically unlinking death recipients
02-09 04:21:56.452 D/NavigationModeController( 2018): getCurrentInteractionMode: mode=2 contextUser=0
02-09 04:21:56.453 V/C2Store ( 1286): in ~ComponentModule
02-09 04:21:56.453 V/C2Store ( 1286): unloading dll
02-09 04:21:56.461 W/AudioManager( 2018): attempt to call registerAudioRecordingCallback() on a previouslyregistered callback
02-09 04:21:56.461 I/system_server( 1523): Background concurrent copying GC freed 130610(6174KB) AllocSpace objects, 21(2132KB) LOS objects, 49% free, 8994KB/17MB, paused 139us,45us total 102.414ms
02-09 04:21:56.462 I/sensors.qti( 919): handle_diag_settings:418, try Diag_LSM_Init, count = 21
02-09 04:21:56.462 E/Diag_Lib( 919): Diag_LSM_Init: Failed to open handle to diag driver, error = 13
02-09 04:21:56.463 W/System ( 1523): A resource failed to call release.
02-09 04:21:56.463 W/System ( 1523): A resource failed to call release.
02-09 04:21:56.463 W/System ( 1523): A resource failed to call release.
02-09 04:21:56.463 W/System ( 1523): A resource failed to call release.
02-09 04:21:56.463 W/System ( 1523): A resource failed to call release.
02-09 04:21:56.463 W/System ( 1523): A resource failed to call close.
02-09 04:21:56.463 W/System ( 1523): A resource failed to call close.
02-09 04:21:56.459 I/auditd ( 919): type=1400 audit(0.0:241): avc: denied { read write } for comm="sensors.qti" name="diag" dev="tmpfs" ino=1103 scontext=u:r:vendor_sensors_qti:s0 tcontext=u:object_r:vendor_diag_device:s0 tclass=chr_file permissive=0
02-09 04:21:56.459 W/sensors.qti( 919): type=1400 audit(0.0:241): avc: denied { read write } for name="diag" dev="tmpfs" ino=1103 scontext=u:r:vendor_sensors_qti:s0 tcontext=u:object_r:vendor_diag_device:s0 tclass=chr_file permissive=0
02-09 04:21:56.464 W/CarrierConfigManager( 2018): Error getting config for subId -1 ICarrierConfigLoader is null
02-09 04:21:56.466 D/ConnectivityService( 1523): NetReassign [no changes]
02-09 04:21:56.466 D/ConnectivityService( 1523): requestNetwork for uid/pid:10080/2018 activeRequest: null callbackRequest: 21 [NetworkRequest [ REQUEST id=22, [ Capabilities: INTERNET&NOT_RESTRICTED&TRUSTED&NOT_VCN_MANAGED Uid: 10080 RequestorUid: 10080 RequestorPkg: com.android.systemui] ]] callback flags: 1 priority: 2147483647
02-09 04:21:56.466 D/ConnectivityService( 1523): NetReassign [no changes]
02-09 04:21:56.466 V/WifiManager( 2018): registerTrafficStateCallback: callback=com.android.systemui.statusbar.policy.WifiSignalController$WifiTrafficStateCallback@67a0434, executor=android.os.HandlerExecutor@9e8bebe
02-09 04:21:56.466 D/Ethernet( 1523): got request NetworkRequest [ REQUEST id=22, [ Capabilities: INTERNET&NOT_RESTRICTED&TRUSTED&NOT_VCN_MANAGED Uid: 10080 RequestorUid: 10080 RequestorPkg: com.android.systemui] ]
02-09 04:21:56.466 D/EthernetNetworkFactory( 1523): acceptRequest, request: NetworkRequest [ REQUEST id=22, [ Capabilities: INTERNET&NOT_RESTRICTED&TRUSTED&NOT_VCN_MANAGED Uid: 10080 RequestorUid: 10080 RequestorPkg: com.android.systemui] ]
02-09 04:21:56.466 I/EthernetNetworkFactory( 1523): networkForRequest, request: NetworkRequest [ REQUEST id=22, [ Capabilities: INTERNET&NOT_RESTRICTED&TRUSTED&NOT_VCN_MANAGED Uid: 10080 RequestorUid: 10080 RequestorPkg: com.android.systemui] ], network: null
02-09 04:21:56.467 V/WifiManager( 2018): registerScanResultsCallback: callback=com.android.systemui.statusbar.policy.NetworkControllerImpl$5@373d25d, executor=androidx.mediarouter.media.MediaRoute2Provider$$ExternalSyntheticLambda0@35717d2
02-09 04:21:56.468 D/ConnectivityService( 1523): requestNetwork for uid/pid:10080/2018 activeRequest: null callbackRequest: 23 [NetworkRequest [ REQUEST id=24, [ Capabilities: INTERNET&NOT_RESTRICTED&TRUSTED&NOT_VCN_MANAGED Uid: 10080 RequestorUid: 10080 RequestorPkg: com.android.systemui] ]] callback flags: 1 priority: 2147483647
02-09 04:21:56.468 D/ConnectivityService( 1523): NetReassign [no changes]
02-09 04:21:56.468 W/ServiceManager( 1523): Permission failure: android.permission.HIGH_SAMPLING_RATE_SENSORS from uid=10074 pid=2579
02-09 04:21:56.468 D/Ethernet( 1523): got request NetworkRequest [ REQUEST id=24, [ Capabilities: INTERNET&NOT_RESTRICTED&TRUSTED&NOT_VCN_MANAGED Uid: 10080 RequestorUid: 10080 RequestorPkg: com.android.systemui] ]
02-09 04:21:56.468 D/EthernetNetworkFactory( 1523): acceptRequest, request: NetworkRequest [ REQUEST id=24, [ Capabilities: INTERNET&NOT_RESTRICTED&TRUSTED&NOT_VCN_MANAGED Uid: 10080 RequestorUid: 10080 RequestorPkg: com.android.systemui] ]
02-09 04:21:56.468 I/EthernetNetworkFactory( 1523): networkForRequest, request: NetworkRequest [ REQUEST id=24, [ Capabilities: INTERNET&NOT_RESTRICTED&TRUSTED&NOT_VCN_MANAGED Uid: 10080 RequestorUid: 10080 RequestorPkg: com.android.systemui] ], network: null
02-09 04:21:56.468 D/TelephonyRegistry( 1523): listen oscl: mHasNotifySubscriptionInfoChangedOccurred==false no callback
02-09 04:21:56.470 D/ConnectivityService( 1523): NetReassign [no changes]
02-09 04:21:56.472 I/vendor.qti.bluetooth@1.0-uart_transport( 808): ## userial_vendor_set_baud: 17
02-09 04:21:56.472 D/CompatibilityChangeReporter( 2018): Compat change id reported: 171228096; UID 10080; state: ENABLED
02-09 04:21:56.473 I/InputDispatcher( 1523): Created monitor swipe-up for display 0, gesture=true, pid=2579
02-09 04:21:56.474 I/InputDispatcher( 1523): Erasing monitor swipe-up (server) on display 0, pid=2579
02-09 04:21:56.474 I/InputDispatcher( 1523): Created monitor swipe-up for display 0, gesture=true, pid=2579
02-09 04:21:56.474 W/ContextImpl( 2579): Failed to ensure /data/user/0/com.android.launcher3/files: mkdir failed: errno 126 (Required key not available)
02-09 04:21:56.474 D/TouchInteractionService( 2579): Touch service connected: user=0
02-09 04:21:56.477 V/KeyguardUpdateMonitor( 2018): *** register callback for com.android.systemui.doze.DozeLog$1@3c0e264
02-09 04:21:56.477 V/KeyguardUpdateMonitor( 2018): *** unregister callback for null
02-09 04:21:56.478 V/KeyguardUpdateMonitor( 2018): *** register callback for com.android.systemui.statusbar.phone.BiometricUnlockController@b730ccd
02-09 04:21:56.478 V/KeyguardUpdateMonitor( 2018): *** unregister callback for null
02-09 04:21:56.482 I/vendor.qti.bluetooth@1.0-uart_transport( 808): SetBaudRate: in BOTHER
02-09 04:21:56.482 I/vendor.qti.bluetooth@1.0-uart_transport( 808): GetBaudRate: Current Baudrate = 3200000 bps
02-09 04:21:56.482 I/vendor.qti.bluetooth@1.0-uart_transport( 808): ## userial_vendor_ioctl: UART Flow On
02-09 04:21:56.482 D/vendor.qti.bluetooth@1.0-patch_dl_manager( 808): ReadHciEvent: Expected CC
02-09 04:21:56.482 I/vendor.qti.bluetooth@1.0-patch_dl_manager( 808): SocInit: Baud rate changed successfully
02-09 04:21:56.482 E/vendor.qti.bluetooth@1.0-patch_dl_manager( 808): /bt_firmware/image/htbtfw20.tlv File Open Fail No such file or directory (2)
02-09 04:21:56.482 I/vendor.qti.bluetooth@1.0-patch_dl_manager( 808): File open /vendor/bt_firmware/image/htbtfw20.tlv succeeded
02-09 04:21:56.483 I/vendor.qti.bluetooth@1.0-patch_dl_manager( 808): ====================================================
02-09 04:21:56.483 I/vendor.qti.bluetooth@1.0-patch_dl_manager( 808): TLV Type : 0x1
02-09 04:21:56.483 I/vendor.qti.bluetooth@1.0-patch_dl_manager( 808): Length : 205716 bytes
02-09 04:21:56.483 I/vendor.qti.bluetooth@1.0-patch_dl_manager( 808): Total Length : 205684 bytes
02-09 04:21:56.483 I/vendor.qti.bluetooth@1.0-patch_dl_manager( 808): Patch Data Length : 205648 bytes
02-09 04:21:56.483 I/vendor.qti.bluetooth@1.0-patch_dl_manager( 808): Signing Format Version : 0x1
02-09 04:21:56.483 I/vendor.qti.bluetooth@1.0-patch_dl_manager( 808): Signature Algorithm : 0x0
02-09 04:21:56.483 I/vendor.qti.bluetooth@1.0-patch_dl_manager( 808): Event Handling : 0x3
02-09 04:21:56.483 I/vendor.qti.bluetooth@1.0-patch_dl_manager( 808): Reserved : 0x0
02-09 04:21:56.484 I/vendor.qti.bluetooth@1.0-patch_dl_manager( 808): Product ID : 0x0010
02-09 04:21:56.484 I/vendor.qti.bluetooth@1.0-patch_dl_manager( 808): Rom Build Version : 0x0200
02-09 04:21:56.484 I/vendor.qti.bluetooth@1.0-patch_dl_manager( 808): Patch Version : 0x45df
02-09 04:21:56.484 I/vendor.qti.bluetooth@1.0-patch_dl_manager( 808): Reserved : 0x0
02-09 04:21:56.484 I/vendor.qti.bluetooth@1.0-patch_dl_manager( 808): Patch Entry Address : 0x0
02-09 04:21:56.484 I/vendor.qti.bluetooth@1.0-patch_dl_manager( 808): ====================================================
02-09 04:21:56.484 I/vendor.qti.bluetooth@1.0-patch_dl_manager( 808): TlvDnldReq: TLV size: 205720, Total Seg num: 846, remain size: 142
02-09 04:21:56.484 I/vendor.qti.bluetooth@1.0-patch_dl_manager( 808): Event handling type: SKIP_EVT_VSE_CC
02-09 04:21:56.484 D/NavigationModeController( 2018): getCurrentInteractionMode: mode=2 contextUser=0
02-09 04:21:56.484 D/NavigationModeController( 2018): getCurrentInteractionMode: mode=2 contextUser=0
02-09 04:21:56.484 V/KeyguardUpdateMonitor( 2018): *** register callback for com.android.systemui.accessibility.floatingmenu.AccessibilityFloatingMenuController$1@f30a8c9
02-09 04:21:56.484 V/KeyguardUpdateMonitor( 2018): *** unregister callback for null
02-09 04:21:56.488 D/NavigationModeController( 2018): getCurrentInteractionMode: mode=2 contextUser=0
02-09 04:21:56.490 I/TetheringManager( 2018): registerTetheringEventCallback:com.android.systemui
02-09 04:21:56.490 I/TetheringManager( 2018): registerTetheringEventCallback caller:com.android.systemui
02-09 04:21:56.496 V/KeyguardUpdateMonitor( 2018): *** register callback for com.android.systemui.statusbar.KeyguardIndicationController$BaseKeyguardCallback@8385639
02-09 04:21:56.496 V/KeyguardUpdateMonitor( 2018): *** unregister callback for null
02-09 04:21:56.496 V/KeyguardUpdateMonitor( 2018): *** register callback for com.android.systemui.statusbar.KeyguardIndicationController$4@358447e
02-09 04:21:56.497 V/KeyguardUpdateMonitor( 2018): *** unregister callback for null
02-09 04:21:56.497 D/StatusBar( 2018): disable disable2
02-09 04:21:56.497 I/StatusBarManagerService( 1523): registerStatusBar bar=com.android.internal.statusbar.IStatusBar$Stub$Proxy@9c52412
02-09 04:21:56.497 I/commit_sys_config_file( 1523): [settings-0-0,1]
02-09 04:21:56.498 W/Binder ( 1523): Outgoing transactions from this process must be FLAG_ONEWAY
02-09 04:21:56.498 W/Binder ( 1523): java.lang.Throwable
02-09 04:21:56.498 W/Binder ( 1523): at android.os.BinderProxy.transact(BinderProxy.java:532)
02-09 04:21:56.498 W/Binder ( 1523): at com.android.internal.statusbar.IStatusBar$Stub$Proxy.setUdfpsHbmListener(IStatusBar.java:2371)
02-09 04:21:56.498 W/Binder ( 1523): at com.android.server.statusbar.StatusBarManagerService.setUdfpsHbmListener(StatusBarManagerService.java:851)
02-09 04:21:56.498 W/Binder ( 1523): at com.android.server.statusbar.StatusBarManagerService.lambda$notifyBarAttachChanged$3$StatusBarManagerService(StatusBarManagerService.java:1266)
02-09 04:21:56.498 W/Binder ( 1523): at com.android.server.statusbar.StatusBarManagerService$$ExternalSyntheticLambda1.run(Unknown Source:2)
02-09 04:21:56.498 W/Binder ( 1523): at android.os.Handler.handleCallback(Handler.java:938)
02-09 04:21:56.498 W/Binder ( 1523): at android.os.Handler.dispatchMessage(Handler.java:99)
02-09 04:21:56.498 W/Binder ( 1523): at android.os.Looper.loopOnce(Looper.java:201)
02-09 04:21:56.498 W/Binder ( 1523): at android.os.Looper.loop(Looper.java:288)
02-09 04:21:56.498 W/Binder ( 1523): at com.android.server.SystemServer.run(SystemServer.java:909)
02-09 04:21:56.498 W/Binder ( 1523): at com.android.server.SystemServer.main(SystemServer.java:616)
02-09 04:21:56.498 W/Binder ( 1523): at java.lang.reflect.Method.invoke(Native Method)
02-09 04:21:56.498 W/Binder ( 1523): at com.android.internal.os.RuntimeInit$MethodAndArgsCaller.run(RuntimeInit.java:548)
02-09 04:21:56.498 W/Binder ( 1523): at com.android.internal.os.ZygoteInit.main(ZygoteInit.java:987)
02-09 04:21:56.518 I/sysui_multi_action( 1523): [757,1501,758,1,793,201,794,0,795,201,796,1,797,empty_media,806,com.android.systemui,857,empty_media_style_id,858,4,947,0,1500,0,1641,transport,1688,1,1745,1043716538]
02-09 04:21:56.518 I/sysui_multi_action( 1523): [757,804,799,note_interruptive,801,0,802,1]
02-09 04:21:56.518 I/GameModeConfig( 1523): isGameModeOn = false
02-09 04:21:56.520 W/NotificationHistory( 1523): Attempted to add notif for locked/gone/disabled user 0
02-09 04:21:56.521 E/GameMode_ActivityMonitoringService( 2119): sInstance is null!
02-09 04:21:56.521 W/System.err( 2119): java.lang.NullPointerException: Attempt to read from field 'java.lang.String com.thundercomm.gamemode.ingame.services.ActivityMonitoringService.CurrTopPackageName' on a null object reference
02-09 04:21:56.522 W/System.err( 2119): at com.thundercomm.gamemode.ingame.services.GameModeNotificationListenerService.onNotificationPosted(GameModeNotificationListenerService.java:69)
02-09 04:21:56.522 W/System.err( 2119): at android.service.notification.NotificationListenerService.onNotificationPosted(NotificationListenerService.java:444)
02-09 04:21:56.522 W/System.err( 2119): at android.service.notification.NotificationListenerService$MyHandler.handleMessage(NotificationListenerService.java:2305)
02-09 04:21:56.522 W/System.err( 2119): at android.os.Handler.dispatchMessage(Handler.java:106)
02-09 04:21:56.522 W/System.err( 2119): at android.os.Looper.loopOnce(Looper.java:201)
02-09 04:21:56.522 W/System.err( 2119): at android.os.Looper.loop(Looper.java:288)
02-09 04:21:56.522 W/System.err( 2119): at android.app.ActivityThread.main(ActivityThread.java:7880)
02-09 04:21:56.522 W/System.err( 2119): at java.lang.reflect.Method.invoke(Native Method)
02-09 04:21:56.522 W/System.err( 2119): at com.android.internal.os.RuntimeInit$MethodAndArgsCaller.run(RuntimeInit.java:548)
02-09 04:21:56.522 W/System.err( 2119): at com.android.internal.os.ZygoteInit.main(ZygoteInit.java:1009)
02-09 04:21:56.561 I/commit_sys_config_file( 1523): [settings-2-0,0]
02-09 04:21:56.566 I/CameraManagerGlobal( 2018): Connecting to camera service
02-09 04:21:56.569 E/ThemeUtils( 2018): View class com.airbnb.lottie.LottieAnimationView is an AppCompat widget that can only be used with a Theme.AppCompat theme (or descendant).
02-09 04:21:56.576 D/CompatibilityChangeReporter( 2018): Compat change id reported: 170233598; UID 10080; state: DISABLED
02-09 04:21:56.615 D/NavigationModeController( 2018): getCurrentInteractionMode: mode=2 contextUser=0
02-09 04:21:56.621 D/ControlsListingControllerImpl( 2018): Initializing
02-09 04:21:56.630 D/NavigationModeController( 2018): getCurrentInteractionMode: mode=2 contextUser=0
02-09 04:21:56.631 D/NavigationModeController( 2018): getCurrentInteractionMode: mode=2 contextUser=0
02-09 04:21:56.635 D/NavigationModeController( 2018): getCurrentUserContext: contextUser=0 currentUser=0
02-09 04:21:56.637 D/NavigationModeController( 2018): getCurrentInteractionMode: mode=2 contextUser=0
02-09 04:21:56.642 D/CompatibilityChangeReporter( 1523): Compat change id reported: 168419799; UID 10080; state: DISABLED
02-09 04:21:56.650 D/StatusBar( 2018): disable disable2
02-09 04:21:56.654 V/KeyguardUpdateMonitor( 2018): *** register callback for com.android.systemui.statusbar.phone.ScrimController$KeyguardVisibilityCallback@ced13f8
02-09 04:21:56.654 V/KeyguardUpdateMonitor( 2018): *** unregister callback for null
02-09 04:21:56.662 D/StatusBar( 2018): mUserSetupObserver - DeviceProvisionedListener called for user 0
02-09 04:21:56.663 I/sensors.qti( 919): handle_diag_settings:418, try Diag_LSM_Init, count = 22
02-09 04:21:56.663 E/Diag_Lib( 919): Diag_LSM_Init: Failed to open handle to diag driver, error = 13
02-09 04:21:56.659 I/auditd ( 919): type=1400 audit(0.0:242): avc: denied { read write } for comm="sensors.qti" name="diag" dev="tmpfs" ino=1103 scontext=u:r:vendor_sensors_qti:s0 tcontext=u:object_r:vendor_diag_device:s0 tclass=chr_file permissive=0
02-09 04:21:56.659 W/sensors.qti( 919): type=1400 audit(0.0:242): avc: denied { read write } for name="diag" dev="tmpfs" ino=1103 scontext=u:r:vendor_sensors_qti:s0 tcontext=u:object_r:vendor_diag_device:s0 tclass=chr_file permissive=0
02-09 04:21:56.663 D/StatusBar( 2018): updateQsExpansionEnabled - QS Expand enabled: true
02-09 04:21:56.663 D/StatusBar( 2018): mUserSetupObserver - DeviceProvisionedListener called for user 0
02-09 04:21:56.663 D/OpenGLRenderer( 2018): profile bars disabled
02-09 04:21:56.663 D/OpenGLRenderer( 2018): ambientRatio = 1.50
02-09 04:21:56.672 V/KeyguardUpdateMonitor( 2018): *** register callback for com.android.systemui.statusbar.notification.collection.coordinator.KeyguardCoordinator$6@e3b605d
02-09 04:21:56.672 V/KeyguardUpdateMonitor( 2018): *** unregister callback for null
02-09 04:21:56.673 D/NotifPipeline( 2018): Notif pipeline initialized
02-09 04:21:56.676 V/WifiManager( 2018): registerSoftApCallback: callback=com.android.systemui.statusbar.policy.HotspotControllerImpl@e8b71ff, executor=android.os.HandlerExecutor@8556bcc
02-09 04:21:56.677 V/KeyguardUpdateMonitor( 2018): *** register callback for com.android.systemui.statusbar.phone.KeyguardBouncer$1@eff3e15
02-09 04:21:56.677 V/KeyguardUpdateMonitor( 2018): *** unregister callback for null
02-09 04:21:56.677 V/KeyguardUpdateMonitor( 2018): *** register callback for com.android.systemui.statusbar.phone.StatusBarKeyguardViewManager$3@d6052a
02-09 04:21:56.677 V/KeyguardUpdateMonitor( 2018): *** unregister callback for null
02-09 04:21:56.677 D/KeyguardViewMediator( 2018): adjustStatusBarLocked: mShowing=false mOccluded=false isSecure=false force=false --> flags=0x0
02-09 04:21:56.677 D/NavigationModeController( 2018): getCurrentInteractionMode: mode=2 contextUser=0
02-09 04:21:56.678 V/KeyguardUpdateMonitor( 2018): *** register callback for com.android.systemui.statusbar.phone.StatusBar$5@92f2f1b
02-09 04:21:56.678 V/KeyguardUpdateMonitor( 2018): *** unregister callback for null
02-09 04:21:56.680 W/ActivityThread( 2018): Failed to find provider info for com.android.contacts (user not unlocked)
02-09 04:21:56.681 D/StorageNotification( 2018): Notifying about private volume: VolumeInfo{private}:
02-09 04:21:56.681 D/StorageNotification( 2018): type=PRIVATE diskId=null partGuid=null mountFlags=0 mountUserId=-10000
02-09 04:21:56.681 D/StorageNotification( 2018): state=MOUNTED
02-09 04:21:56.681 D/StorageNotification( 2018): fsType=null fsUuid=null fsLabel=null
02-09 04:21:56.681 D/StorageNotification( 2018): path=/data internalPath=null
02-09 04:21:56.688 D/AuthController( 2018): onFingerprintProvidersAvailable | sensors: [ID: 0, Strength: 2, Type: 1]
02-09 04:21:56.688 D/AuthController( 2018): onEnrollmentsChanged, userId: 0, sensorId: 0, hasEnrollments: false
02-09 04:21:56.689 W/Binder ( 2018): Caught a RuntimeException from the binder stub implementation.
02-09 04:21:56.689 W/Binder ( 2018): java.lang.NullPointerException: Attempt to invoke interface method 'java.util.Iterator java.util.List.iterator()' on a null object reference
02-09 04:21:56.689 W/Binder ( 2018): at com.android.systemui.biometrics.AuthController$1.onEnrollmentsChanged(AuthController.java:139)
02-09 04:21:56.689 W/Binder ( 2018): at android.hardware.fingerprint.IFingerprintStateListener$Stub.onTransact(IFingerprintStateListener.java:107)
02-09 04:21:56.689 W/Binder ( 2018): at android.os.Binder.execTransactInternal(Binder.java:1184)
02-09 04:21:56.689 W/Binder ( 2018): at android.os.Binder.execTransact(Binder.java:1143)
02-09 04:21:56.690 D/ThemeOverlayController( 2018): Start
02-09 04:21:56.692 V/KeyguardUpdateMonitor( 2018): *** register callback for com.android.systemui.wmshell.WMShell$2@8136400
02-09 04:21:56.692 V/KeyguardUpdateMonitor( 2018): *** unregister callback for null
02-09 04:21:56.693 V/KeyguardUpdateMonitor( 2018): *** register callback for com.android.systemui.wmshell.WMShell$4@5f81a7e
02-09 04:21:56.693 V/KeyguardUpdateMonitor( 2018): *** unregister callback for null
02-09 04:21:56.693 D/ShowWindowUtil( 2018): start and showTipWindow
02-09 04:21:56.714 D/StatusBar( 2018): disable disable2
02-09 04:21:56.715 D/CompatibilityInfo( 1523): mCompatibilityFlags - 4
02-09 04:21:56.715 D/CompatibilityInfo( 1523): applicationDensity - 240
02-09 04:21:56.715 D/CompatibilityInfo( 1523): applicationScale - 1.0
02-09 04:21:56.718 D/KeyguardViewMediator( 2018): onStartedWakingUp, seq = 1
02-09 04:21:56.718 D/KeyguardViewMediator( 2018): notifyStartedWakingUp
02-09 04:21:56.718 D/KeyguardViewMediator( 2018): notifyScreenOn
02-09 04:21:56.718 D/KeyguardViewMediator( 2018): notifyScreenTurnedOn
02-09 04:21:56.719 D/KeyguardViewMediator( 2018): adjustStatusBarLocked: mShowing=false mOccluded=false isSecure=false force=false --> flags=0x0
02-09 04:21:56.723 I/Choreographer( 2018): Skipped 38 frames! The application may be doing too much work on its main thread.
02-09 04:21:56.723 I/DepthController( 2018): Won't set zoom. Window not attached com.android.systemui.statusbar.phone.NotificationShadeWindowView{6d740d1 I.E...... ......I. 0,0-0,0}
02-09 04:21:56.733 I/InputDispatcher( 1523): Created monitor edge-swipe for display 0, gesture=true, pid=2018
02-09 04:21:56.736 D/NavigationModeController( 2018): getCurrentUserContext: contextUser=0 currentUser=0
02-09 04:21:56.740 I/AdrenoGLES-0( 2018): QUALCOMM build : 47421dbee6, I139f36ad46
02-09 04:21:56.740 I/AdrenoGLES-0( 2018): Build Date : 02/18/22
02-09 04:21:56.740 I/AdrenoGLES-0( 2018): OpenGL ES Shader Compiler Version: EV031.32.02.17
02-09 04:21:56.740 I/AdrenoGLES-0( 2018): Local Branch :
02-09 04:21:56.740 I/AdrenoGLES-0( 2018): Remote Branch :
02-09 04:21:56.740 I/AdrenoGLES-0( 2018): Remote Branch :
02-09 04:21:56.740 I/AdrenoGLES-0( 2018): Reconstruct Branch :
02-09 04:21:56.740 I/AdrenoGLES-0( 2018): Build Config : S P 10.0.7 AArch64
02-09 04:21:56.740 I/AdrenoGLES-0( 2018): Driver Path : /vendor/lib64/egl/libGLESv2_adreno.so
02-09 04:21:56.740 I/hwservicemanager( 505): getTransport: Cannot find entry android.hardware.graphics.mapper@4.0::IMapper/default in either framework or device VINTF manifest.
02-09 04:21:56.740 D/PermissionCache( 903): checking android.permission.READ_FRAME_BUFFER for uid=10080 => granted (101 us)
02-09 04:21:56.743 I/AdrenoGLES-0( 2018): PFP: 0x016dd093, ME: 0x00000000
02-09 04:21:56.746 D/libEGL ( 2018): MSAA-->msaa:0 gamemode:0 4x_msaa:0
02-09 04:21:56.746 D/libEGL ( 2018): MSAA-->msaa:0 gamemode:0 4x_msaa:0
02-09 04:21:56.747 D/libEGL ( 2018): MSAA-->msaa:0 gamemode:0 4x_msaa:0
02-09 04:21:56.751 I/SDM ( 837): HWCDisplay::GetColorModeCount: Supported color mode count = 1
02-09 04:21:56.751 I/SDM ( 837): HWCDisplay::GetColorModes: Color mode = 0 is supported
02-09 04:21:56.751 E/HWComposer( 903): getSupportedContentTypes: getSupportedContentTypes failed for display 4630946370410392961: Unsupported (8)
02-09 04:21:56.752 I/hwservicemanager( 505): getTransport: Cannot find entry android.hardware.graphics.mapper@4.0::IMapper/default in either framework or device VINTF manifest.
02-09 04:21:56.752 I/Gralloc4( 2018): mapper 4.x is not supported
02-09 04:21:56.753 I/hwservicemanager( 505): getTransport: Cannot find entry android.hardware.graphics.allocator@4.0::IAllocator/default in either framework or device VINTF manifest.
02-09 04:21:56.753 W/Gralloc4( 2018): allocator 4.x is not supported
02-09 04:21:56.756 E/cnss-daemon( 1289): wlfw_qmi_ind_cb: Receive Ind : 0x2a
02-09 04:21:56.767 V/KeyguardUpdateMonitor( 2018): *** register callback for com.android.systemui.statusbar.phone.NotificationPanelViewController$1@4d25e53
02-09 04:21:56.767 V/KeyguardUpdateMonitor( 2018): *** unregister callback for null
02-09 04:21:56.768 W/ActivityThread( 2018): Failed to find provider info for com.android.contacts (user not unlocked)
02-09 04:21:56.770 V/KeyguardUpdateMonitor( 2018): *** register callback for com.android.systemui.statusbar.phone.KeyguardBottomAreaView$9@b9e54a8
02-09 04:21:56.770 V/KeyguardUpdateMonitor( 2018): *** unregister callback for null
02-09 04:21:56.770 V/KeyguardUpdateMonitor( 2018): *** register callback for com.android.keyguard.EmergencyButtonController$1@2256bc1
02-09 04:21:56.770 V/KeyguardUpdateMonitor( 2018): *** unregister callback for null
02-09 04:21:56.771 D/CompatibilityChangeReporter( 2018): Compat change id reported: 182185642; UID 10080; state: ENABLED
02-09 04:21:56.771 E/EmergencyButton( 2018): Fail to call TelephonyManager.requestCellInfoUpdate
02-09 04:21:56.771 E/EmergencyButton( 2018): java.lang.IllegalStateException: Telephony is null
02-09 04:21:56.771 E/EmergencyButton( 2018): at android.telephony.TelephonyManager.requestCellInfoUpdate(TelephonyManager.java:6362)
02-09 04:21:56.771 E/EmergencyButton( 2018): at com.android.keyguard.EmergencyButtonController.requestCellInfoUpdate(EmergencyButtonController.java:182)
02-09 04:21:56.771 E/EmergencyButton( 2018): at com.android.keyguard.EmergencyButtonController.access$100(EmergencyButtonController.java:51)
02-09 04:21:56.771 E/EmergencyButton( 2018): at com.android.keyguard.EmergencyButtonController$1.onPhoneStateChanged(EmergencyButtonController.java:77)
02-09 04:21:56.771 E/EmergencyButton( 2018): at com.android.keyguard.KeyguardUpdateMonitor.sendUpdates(KeyguardUpdateMonitor.java:3085)
02-09 04:21:56.771 E/EmergencyButton( 2018): at com.android.keyguard.KeyguardUpdateMonitor.registerCallback(KeyguardUpdateMonitor.java:3062)
02-09 04:21:56.771 E/EmergencyButton( 2018): at com.android.keyguard.EmergencyButtonController.onViewAttached(EmergencyButtonController.java:119)
02-09 04:21:56.771 E/EmergencyButton( 2018): at com.android.systemui.util.ViewController$1.onViewAttachedToWindow(ViewController.java:52)
02-09 04:21:56.771 E/EmergencyButton( 2018): at android.view.View.dispatchAttachedToWindow(View.java:20768)
02-09 04:21:56.771 E/EmergencyButton( 2018): at android.view.ViewGroup.dispatchAttachedToWindow(ViewGroup.java:3497)
02-09 04:21:56.771 E/EmergencyButton( 2018): at android.view.ViewGroup.dispatchAttachedToWindow(ViewGroup.java:3497)
02-09 04:21:56.771 E/EmergencyButton( 2018): at android.view.ViewGroup.dispatchAttachedToWindow(ViewGroup.java:3497)
02-09 04:21:56.771 E/EmergencyButton( 2018): at android.view.ViewGroup.dispatchAttachedToWindow(ViewGroup.java:3497)
02-09 04:21:56.771 E/EmergencyButton( 2018): at android.view.ViewRootImpl.performTraversals(ViewRootImpl.java:2633)
02-09 04:21:56.771 E/EmergencyButton( 2018): at android.view.ViewRootImpl.doTraversal(ViewRootImpl.java:2146)
02-09 04:21:56.771 E/EmergencyButton( 2018): at android.view.ViewRootImpl$TraversalRunnable.run(ViewRootImpl.java:8675)
02-09 04:21:56.771 E/EmergencyButton( 2018): at android.view.Choreographer$CallbackRecord.run(Choreographer.java:1120)
02-09 04:21:56.771 E/EmergencyButton( 2018): at android.view.Choreographer.doCallbacks(Choreographer.java:926)
02-09 04:21:56.771 E/EmergencyButton( 2018): at android.view.Choreographer.doFrame(Choreographer.java:859)
02-09 04:21:56.771 E/EmergencyButton( 2018): at android.view.Choreographer$FrameDisplayEventReceiver.run(Choreographer.java:1105)
02-09 04:21:56.771 E/EmergencyButton( 2018): at android.os.Handler.handleCallback(Handler.java:938)
02-09 04:21:56.771 E/EmergencyButton( 2018): at android.os.Handler.dispatchMessage(Handler.java:99)
02-09 04:21:56.771 E/EmergencyButton( 2018): at android.os.Looper.loopOnce(Looper.java:201)
02-09 04:21:56.771 E/EmergencyButton( 2018): at android.os.Looper.loop(Looper.java:288)
02-09 04:21:56.771 E/EmergencyButton( 2018): at android.app.ActivityThread.main(ActivityThread.java:7880)
02-09 04:21:56.771 E/EmergencyButton( 2018): at java.lang.reflect.Method.invoke(Native Method)
02-09 04:21:56.771 E/EmergencyButton( 2018): at com.android.internal.os.RuntimeInit$MethodAndArgsCaller.run(RuntimeInit.java:548)
02-09 04:21:56.771 E/EmergencyButton( 2018): at com.android.internal.os.ZygoteInit.main(ZygoteInit.java:1009)
02-09 04:21:56.771 V/KeyguardUpdateMonitor( 2018): *** register callback for com.android.keyguard.LockIconViewController$3@3d81354
02-09 04:21:56.771 V/KeyguardUpdateMonitor( 2018): *** unregister callback for null
02-09 04:21:56.772 V/KeyguardUpdateMonitor( 2018): *** register callback for com.android.keyguard.KeyguardStatusViewController$2@fdc02fd
02-09 04:21:56.772 V/KeyguardUpdateMonitor( 2018): *** unregister callback for null
02-09 04:21:56.774 V/KeyguardUpdateMonitor( 2018): *** register callback for com.android.keyguard.AnimatableClockController$4@c8dff9f
02-09 04:21:56.774 V/KeyguardUpdateMonitor( 2018): *** unregister callback for null
02-09 04:21:56.774 V/KeyguardUpdateMonitor( 2018): *** register callback for com.android.keyguard.AnimatableClockController$4@5278ec
02-09 04:21:56.774 V/KeyguardUpdateMonitor( 2018): *** unregister callback for null
02-09 04:21:56.786 W/ActivityThread( 2018): Failed to find provider info for com.android.contacts (user not unlocked)
02-09 04:21:56.793 W/ActivityThread( 2018): Failed to find provider info for com.android.contacts (user not unlocked)
02-09 04:21:56.797 V/KeyguardUpdateMonitor( 2018): *** register callback for com.android.systemui.biometrics.AuthRippleController$keyguardUpdateMonitorCallback$1@a617d80
02-09 04:21:56.797 V/KeyguardUpdateMonitor( 2018): *** unregister callback for null
02-09 04:21:56.831 I/OpenGLRenderer( 2018): Davey! duration=743ms; Flags=1, FrameTimelineVsyncId=57, IntendedVsync=11293463025, Vsync=11926796333, InputEventId=0, HandleInputStart=11939448743, AnimationStart=11939449628, PerformTraversalsStart=11939977857, DrawStart=12036006607, FrameDeadline=11310129691, FrameInterval=11939412389, FrameStartTime=16666666, SyncQueued=12036034993, SyncStart=12036082597, IssueDrawCommandsStart=12036123326, SwapBuffers=12036442857, FrameCompleted=12036836712, DequeueBufferDuration=126667, QueueBufferDuration=220573, GpuCompleted=12036665201, SwapBuffersCompleted=12036836712, DisplayPresentTime=0,
02-09 04:21:56.831 I/OpenGLRenderer( 2018): Davey! duration=746ms; Flags=1, FrameTimelineVsyncId=57, IntendedVsync=11293463025, Vsync=11926796333, InputEventId=0, HandleInputStart=11939448743, AnimationStart=11939449628, PerformTraversalsStart=11939977857, DrawStart=12038817753, FrameDeadline=11310129691, FrameInterval=11939412389, FrameStartTime=16666666, SyncQueued=12038873899, SyncStart=12038898222, IssueDrawCommandsStart=12038917857, SwapBuffers=12039984368, FrameCompleted=12040416712, DequeueBufferDuration=47448, QueueBufferDuration=220052, GpuCompleted=12040210774, SwapBuffersCompleted=12040416712, DisplayPresentTime=0,
02-09 04:21:56.831 I/OpenGLRenderer( 2018): Davey! duration=750ms; Flags=1, FrameTimelineVsyncId=57, IntendedVsync=11293463025, Vsync=11926796333, InputEventId=0, HandleInputStart=11939448743, AnimationStart=11939449628, PerformTraversalsStart=11939977857, DrawStart=12042708847, FrameDeadline=11310129691, FrameInterval=11939412389, FrameStartTime=16666666, SyncQueued=12042768587, SyncStart=12042799941, IssueDrawCommandsStart=12042823482, SwapBuffers=12043223847, FrameCompleted=12043599889, DequeueBufferDuration=4427, QueueBufferDuration=214844, GpuCompleted=12043440149, SwapBuffersCompleted=12043599889, DisplayPresentTime=0,
02-09 04:21:56.835 D/KeyguardUpdateMonitor( 2018): handleServiceStateChange(subId=-1, serviceState=null
02-09 04:21:56.835 W/KeyguardUpdateMonitor( 2018): invalid subId in handleServiceStateChange()
02-09 04:21:56.836 E/EmergencyButton( 2018): Fail to call TelephonyManager.requestCellInfoUpdate
02-09 04:21:56.836 E/EmergencyButton( 2018): java.lang.IllegalStateException: Telephony is null
02-09 04:21:56.836 E/EmergencyButton( 2018): at android.telephony.TelephonyManager.requestCellInfoUpdate(TelephonyManager.java:6362)
02-09 04:21:56.836 E/EmergencyButton( 2018): at com.android.keyguard.EmergencyButtonController.requestCellInfoUpdate(EmergencyButtonController.java:182)
02-09 04:21:56.836 E/EmergencyButton( 2018): at com.android.keyguard.EmergencyButtonController.access$100(EmergencyButtonController.java:51)
02-09 04:21:56.836 E/EmergencyButton( 2018): at com.android.keyguard.EmergencyButtonController$1.onServiceStateChanged(EmergencyButtonController.java:84)
02-09 04:21:56.836 E/EmergencyButton( 2018): at com.android.keyguard.KeyguardUpdateMonitor.handleServiceStateChange(KeyguardUpdateMonitor.java:2851)
02-09 04:21:56.836 E/EmergencyButton( 2018): at com.android.keyguard.KeyguardUpdateMonitor$15.handleMessage(KeyguardUpdateMonitor.java:1839)
02-09 04:21:56.836 E/EmergencyButton( 2018): at android.os.Handler.dispatchMessage(Handler.java:106)
02-09 04:21:56.836 E/EmergencyButton( 2018): at android.os.Looper.loopOnce(Looper.java:201)
02-09 04:21:56.836 E/EmergencyButton( 2018): at android.os.Looper.loop(Looper.java:288)
02-09 04:21:56.836 E/EmergencyButton( 2018): at android.app.ActivityThread.main(ActivityThread.java:7880)
02-09 04:21:56.836 E/EmergencyButton( 2018): at java.lang.reflect.Method.invoke(Native Method)
02-09 04:21:56.836 E/EmergencyButton( 2018): at com.android.internal.os.RuntimeInit$MethodAndArgsCaller.run(RuntimeInit.java:548)
02-09 04:21:56.836 E/EmergencyButton( 2018): at com.android.internal.os.ZygoteInit.main(ZygoteInit.java:1009)
02-09 04:21:56.837 D/KeyguardUpdateMonitor( 2018): handleLockScreenMode(1)
02-09 04:21:56.840 D/BluetoothA2dp( 1523): Binding service...
02-09 04:21:56.841 D/BluetoothHearingAid( 1523): Binding service...
02-09 04:21:56.846 V/WallpaperService( 2018): Setting wallpaper dimming: 0
02-09 04:21:56.847 D/libEGL ( 2018): MSAA-->msaa:0 gamemode:0 4x_msaa:0
02-09 04:21:56.847 D/EglHelper( 2018): createEglContext start
02-09 04:21:56.848 I/OpenGLRenderer( 2018): Davey! duration=753ms; Flags=1, FrameTimelineVsyncId=57, IntendedVsync=11293463025, Vsync=11926796333, InputEventId=0, HandleInputStart=11939448743, AnimationStart=11939449628, PerformTraversalsStart=11939977857, DrawStart=12046354368, FrameDeadline=11310129691, FrameInterval=11939412389, FrameStartTime=16666666, SyncQueued=12046406816, SyncStart=12046480982, IssueDrawCommandsStart=12046509055, SwapBuffers=12046984889, FrameCompleted=12047385930, DequeueBufferDuration=57291, QueueBufferDuration=220782, GpuCompleted=12047206139, SwapBuffersCompleted=12047385930, DisplayPresentTime=318645062,
02-09 04:21:56.848 D/Tonal ( 2018): Tonal Palette - index: 3. Main color: ff242935
02-09 04:21:56.848 D/Tonal ( 2018): Colors: ff030304, ff0d0f14, ff181b23, ff242935, ff333c4c, ff434a62, ff525b79, ff81838a, ff868cac, ff989db9, ffadb0c8, ffcccddc, ffe1e2ea
02-09 04:21:56.848 I/OpenGLRenderer( 2018): Davey! duration=757ms; Flags=1, FrameTimelineVsyncId=57, IntendedVsync=11293463025, Vsync=11926796333, InputEventId=0, HandleInputStart=11939448743, AnimationStart=11939449628, PerformTraversalsStart=11939977857, DrawStart=12049694212, FrameDeadline=11310129691, FrameInterval=11939412389, FrameStartTime=16666666, SyncQueued=12049748534, SyncStart=12049777962, IssueDrawCommandsStart=12049798170, SwapBuffers=12050198170, FrameCompleted=12050568534, DequeueBufferDuration=5260, QueueBufferDuration=205938, GpuCompleted=12050418534, SwapBuffersCompleted=12050568534, DisplayPresentTime=64,
02-09 04:21:56.848 D/Tonal ( 2018): Gradients:
02-09 04:21:56.848 D/Tonal ( 2018): Normal GradientColors(ff242935, ff242935)
02-09 04:21:56.848 D/Tonal ( 2018): Dark GradientColors(ff242935, ff242935)
02-09 04:21:56.848 D/Tonal ( 2018): Extra dark: GradientColors(ff181b23, ff181b23)
02-09 04:21:56.848 D/Tonal ( 2018): Tonal Palette - index: 3. Main color: ff242935
02-09 04:21:56.848 D/Tonal ( 2018): Colors: ff030304, ff0d0f14, ff181b23, ff242935, ff333c4c, ff434a62, ff525b79, ff81838a, ff868cac, ff989db9, ffadb0c8, ffcccddc, ffe1e2ea
02-09 04:21:56.848 D/EglHelper( 2018): createEglContext done
02-09 04:21:56.848 D/Tonal ( 2018): Gradients:
02-09 04:21:56.848 D/Tonal ( 2018): Normal GradientColors(ff242935, ff242935)
02-09 04:21:56.848 D/Tonal ( 2018): Dark GradientColors(ff242935, ff242935)
02-09 04:21:56.848 D/Tonal ( 2018): Extra dark: GradientColors(ff181b23, ff181b23)
02-09 04:21:56.848 D/EglHelper( 2018): createEglSurface start
02-09 04:21:56.848 D/EglHelper( 2018): createEglSurface done
02-09 04:21:56.851 I/InputDispatcher( 1523): Erasing monitor swipe-up (server) on display 0, pid=2579
02-09 04:21:56.851 I/InputDispatcher( 1523): Created monitor swipe-up for display 0, gesture=true, pid=2579
02-09 04:21:56.858 I/mpu_uart( 645): [MSG-P:RECV]:No message received in 1000 ms
02-09 04:21:56.863 I/sensors.qti( 919): handle_diag_settings:418, try Diag_LSM_Init, count = 23
02-09 04:21:56.863 E/Diag_Lib( 919): Diag_LSM_Init: Failed to open handle to diag driver, error = 13
02-09 04:21:56.859 I/auditd ( 919): type=1400 audit(0.0:243): avc: denied { read write } for comm="sensors.qti" name="diag" dev="tmpfs" ino=1103 scontext=u:r:vendor_sensors_qti:s0 tcontext=u:object_r:vendor_diag_device:s0 tclass=chr_file permissive=0
02-09 04:21:56.859 W/sensors.qti( 919): type=1400 audit(0.0:243): avc: denied { read write } for name="diag" dev="tmpfs" ino=1103 scontext=u:r:vendor_sensors_qti:s0 tcontext=u:object_r:vendor_diag_device:s0 tclass=chr_file permissive=0
02-09 04:21:56.869 D/QSTileHost( 2018): Recreating tiles
02-09 04:21:56.869 D/QSTileHost( 2018): Creating tile: internet
02-09 04:21:56.870 D/QSTileHost( 2018): Creating tile: bt
02-09 04:21:56.870 D/QSTileHost( 2018): Creating tile: screenshot
02-09 04:21:56.871 D/QSTileHost( 2018): Creating tile: screenrecord
02-09 04:21:56.871 D/QSTileHost( 2018): Creating tile: night
02-09 04:21:56.872 D/incidentd( 1191): WorkDirectory::getReports
02-09 04:21:56.872 D/QSTileHost( 2018): Creating tile: gamemode
02-09 04:21:56.872 D/GameModeIF_GameModeSettings( 2018): getUriFor setting_content_uri_root = content://com.thundercomm.gamemode.api/gamemode_settings , name = gamemode_enable
02-09 04:21:56.872 D/GameModeIF_GameModeSettings( 2018): getUriFor setting_content_uri_root = content://com.thundercomm.gamemode.api/gamemode_settings , name = gamemode_dnd_voice
02-09 04:21:56.872 D/GameModeIF_GameModeSettings( 2018): getUriFor setting_content_uri_root = content://com.thundercomm.gamemode.api/gamemode_settings , name = gamemode_dnd_notification
02-09 04:21:56.872 D/GameModeIF_GameModeSettings( 2018): getUriFor setting_content_uri_root = content://com.thundercomm.gamemode.api/gamemode_settings , name = gamemode_gpu_standard_enable
02-09 04:21:56.872 D/GameModeIF_GameModeSettings( 2018): getUriFor setting_content_uri_root = content://com.thundercomm.gamemode.api/gamemode_settings , name = gamemode_gpu_standard_value
02-09 04:21:56.872 D/GameModeIF_GameModeSettings( 2018): getUriFor setting_content_uri_root = content://com.thundercomm.gamemode.api/gamemode_settings , name = gamemode_gpu_custom_enable
02-09 04:21:56.872 D/GameModeIF_GameModeSettings( 2018): getUriFor setting_content_uri_root = content://com.thundercomm.gamemode.api/gamemode_settings , name = gamemode_gpu_custom_fps
02-09 04:21:56.872 D/GameModeIF_GameModeSettings( 2018): getUriFor setting_content_uri_root = content://com.thundercomm.gamemode.api/gamemode_settings , name = gamemode_gpu_custom_dpi
02-09 04:21:56.872 D/GameModeIF_GameModeSettings( 2018): getUriFor setting_content_uri_root = content://com.thundercomm.gamemode.api/gamemode_settings , name = gamemode_gpu_custom_aliasing
02-09 04:21:56.872 D/GameModeIF_GameModeSettings( 2018): getUriFor setting_content_uri_root = content://com.thundercomm.gamemode.api/gamemode_settings , name = gamemode_isgaming
02-09 04:21:56.872 D/GameModeIF_GameModeSettings( 2018): getUriFor setting_content_uri_root = content://com.thundercomm.gamemode.api/gamemode_settings , name = gamemode_bulletscreen
02-09 04:21:56.872 D/GameModeIF_GameModeSettings( 2018): getUriFor setting_content_uri_root = content://com.thundercomm.gamemode.api/gamemode_settings , name = gamemode_enable
02-09 04:21:56.931 I/commit_sys_config_file( 1523): [settings-1-0,1]
02-09 04:21:56.968 D/QSPanel ( 2018): setHorizontalContentContainer
02-09 04:21:56.975 D/QSPanel ( 2018): setHorizontalContentContainer
02-09 04:21:56.977 D/QSPanel ( 2018): setHorizontalContentContainer
02-09 04:21:56.977 D/QSPanel ( 2018): setHorizontalContentContainer
02-09 04:21:56.977 D/QSPanel ( 2018): qs brightness view is null
02-09 04:21:56.980 D/QSPanel ( 2018): setHorizontalContentContainer
02-09 04:21:56.980 D/QSPanel ( 2018): qs brightness view is null
02-09 04:21:56.984 D/ControlsFavoritePersistenceWrapper( 2018): No favorites, returning empty list
02-09 04:21:57.000 W/DepthController( 2018): Invalid qs expansion
02-09 04:21:57.002 V/ShadeControllerImpl( 2018): NotificationShadeWindow: com.android.systemui.statusbar.phone.NotificationShadeWindowView{6d740d1 I.E...... ......ID 0,0-2380,1020} canPanelBeCollapsed(): false
02-09 04:21:57.003 D/KeyguardViewMediator( 2018): onSystemReady
02-09 04:21:57.003 D/KeyguardViewMediator( 2018): doKeyguard: not showing because lockscreen is off
02-09 04:21:57.003 V/KeyguardUpdateMonitor( 2018): *** register callback for com.android.systemui.keyguard.KeyguardViewMediator$2@b720f98
02-09 04:21:57.003 V/KeyguardUpdateMonitor( 2018): *** unregister callback for null
02-09 04:21:57.003 D/KeyguardViewMediator( 2018): adjustStatusBarLocked: mShowing=false mOccluded=false isSecure=false force=false --> flags=0x0
02-09 04:21:57.004 D/KeyguardViewMediator( 2018): handleNotifyWakingUp
02-09 04:21:57.008 D/PackageManager( 1523): Size of mPackageChangeObservers after registry is 1
02-09 04:21:57.008 W/DepthController( 2018): Invalid qs expansion
02-09 04:21:57.009 I/iorapd ( 1161): iorapd (the prefetchening) readied up
02-09 04:21:57.009 W/DepthController( 2018): Invalid qs expansion
02-09 04:21:57.010 D/StatusBar( 2018): updateQsExpansionEnabled - QS Expand enabled: true
02-09 04:21:57.011 D/KeyguardViewMediator( 2018): handleNotifyScreenTurningOn
02-09 04:21:57.012 I/wm_boot_animation_done( 1523): 12228
02-09 04:21:57.012 I/ActivityManagerTiming( 1523): FinishBooting
02-09 04:21:57.012 W/Zygote ( 666): forkRepeatedly terminated due to non-simple command
02-09 04:21:57.012 D/Zygote ( 666): mbuffer starts with 1 , nice name is , mEnd = 19, mNext = 19, mLinesLeft = 0, mFd = 5
02-09 04:21:57.013 I/ActivityManager( 1523): About to commit checkpoint
02-09 04:21:57.014 W/ActivityManager( 1523): FinishBooting sync begin
02-09 04:21:57.014 D/KeyguardViewMediator( 2018): handleNotifyScreenTurnedOn
02-09 04:21:57.015 W/ActivityManager( 1523): FinishBooting sync end
02-09 04:21:57.015 I/SystemServiceManager( 1523): Starting phase 1000
02-09 04:21:57.015 I/ActivityManagerTiming( 1523): OnBootPhase_1000
02-09 04:21:57.015 I/ActivityManagerTiming( 1523): OnBootPhase_1000_com.android.server.security.FileIntegrityService
02-09 04:21:57.015 I/ActivityManagerTiming( 1523): OnBootPhase_1000_com.android.server.pm.Installer
02-09 04:21:57.015 I/ActivityManagerTiming( 1523): OnBootPhase_1000_com.android.server.os.DeviceIdentifiersPolicyService
02-09 04:21:57.015 I/ActivityManagerTiming( 1523): OnBootPhase_1000_com.android.server.uri.UriGrantsManagerService$Lifecycle
02-09 04:21:57.015 I/ActivityManagerTiming( 1523): OnBootPhase_1000_com.android.server.powerstats.PowerStatsService
02-09 04:21:57.015 E/PowerStatsService( 1523): Failed to start PowerStatsService loggers
02-09 04:21:57.015 I/ActivityManagerTiming( 1523): OnBootPhase_1000_com.android.server.wm.ActivityTaskManagerService$Lifecycle
02-09 04:21:57.015 I/ActivityManagerTiming( 1523): OnBootPhase_1000_com.android.server.am.ActivityManagerService$Lifecycle
02-09 04:21:57.015 I/ActivityManagerTiming( 1523): OnBootPhase_1000_com.android.server.pm.DataLoaderManagerService
02-09 04:21:57.015 I/ActivityManagerTiming( 1523): OnBootPhase_1000_com.android.server.power.PowerManagerService
02-09 04:21:57.016 I/ActivityManagerTiming( 1523): OnBootPhase_1000_com.android.server.power.ThermalManagerService
02-09 04:21:57.016 I/ActivityManagerTiming( 1523): OnBootPhase_1000_com.android.server.power.hint.HintManagerService
02-09 04:21:57.016 I/ActivityManagerTiming( 1523): OnBootPhase_1000_com.android.server.recoverysystem.RecoverySystemService$Lifecycle
02-09 04:21:57.016 I/ActivityManagerTiming( 1523): OnBootPhase_1000_com.android.server.lights.LightsService
02-09 04:21:57.016 I/ActivityManagerTiming( 1523): OnBootPhase_1000_com.android.server.display.DisplayManagerService
02-09 04:21:57.016 E/SensorManager( 1523): sensor or listener is null
02-09 04:21:57.016 V/DisplayPowerController[0]( 1523): Brightness [1.0] reason changing to: 'manual', previous reason: 'override'.
02-09 04:21:57.016 I/ActivityManagerTiming( 1523): OnBootPhase_1000_com.android.server.pm.verify.domain.DomainVerificationService
02-09 04:21:57.016 I/ActivityManagerTiming( 1523): OnBootPhase_1000_com.android.server.pm.PackageInstallerService$Lifecycle
02-09 04:21:57.016 I/ActivityManagerTiming( 1523): OnBootPhase_1000_com.android.server.pm.UserManagerService$LifeCycle
02-09 04:21:57.016 I/ActivityManagerTiming( 1523): OnBootPhase_1000_com.android.server.om.OverlayManagerService
02-09 04:21:57.016 I/ActivityManagerTiming( 1523): OnBootPhase_1000_com.android.server.SensorPrivacyService
02-09 04:21:57.016 I/ActivityManagerTiming( 1523): OnBootPhase_1000_com.android.server.thunderperf.ThunderBoostPerfService
02-09 04:21:57.016 I/ActivityManagerTiming( 1523): OnBootPhase_1000_com.android.server.sensors.SensorService
02-09 04:21:57.016 I/ActivityManagerTiming( 1523): OnBootPhase_1000_com.android.server.SystemConfigService
02-09 04:21:57.016 I/ActivityManagerTiming( 1523): OnBootPhase_1000_com.android.server.BatteryService
02-09 04:21:57.016 I/ActivityManagerTiming( 1523): OnBootPhase_1000_com.android.server.usage.UsageStatsService
02-09 04:21:57.016 I/ActivityManagerTiming( 1523): OnBootPhase_1000_com.android.server.webkit.WebViewUpdateService
02-09 04:21:57.016 I/ActivityManagerTiming( 1523): OnBootPhase_1000_com.android.server.CachedDeviceStateService
02-09 04:21:57.017 I/ActivityManagerTiming( 1523): OnBootPhase_1000_com.android.server.BinderCallsStatsService$LifeCycle
02-09 04:21:57.017 I/ActivityManagerTiming( 1523): OnBootPhase_1000_com.android.server.LooperStatsService$Lifecycle
02-09 04:21:57.017 I/ActivityManagerTiming( 1523): OnBootPhase_1000_com.android.server.rollback.RollbackManagerService
02-09 04:21:57.017 I/ActivityManagerTiming( 1523): OnBootPhase_1000_com.android.server.os.NativeTombstoneManagerService
02-09 04:21:57.017 I/ActivityManagerTiming( 1523): OnBootPhase_1000_com.android.server.os.BugreportManagerService
02-09 04:21:57.017 I/ActivityManagerTiming( 1523): OnBootPhase_1000_com.android.server.gpu.GpuService
02-09 04:21:57.017 D/RollbackManager( 1523): mRollbackLifetimeDurationInMillis=1209600000
02-09 04:21:57.017 D/AppStandbyController( 1523): Loading headless system app cache. appIdleEnabled=false
02-09 04:21:57.018 W/UnsafeUtil( 1523): platform method missing - proto runtime falling back to safer methods: java.lang.NoSuchMethodException: sun.misc.Unsafe.copyMemory [class java.lang.Object, long, class java.lang.Object, long, long]
02-09 04:21:57.019 I/ActivityManagerTiming( 1523): OnBootPhase_1000_com.android.server.security.KeyChainSystemService
02-09 04:21:57.019 I/ActivityManagerTiming( 1523): OnBootPhase_1000_com.android.server.telecom.TelecomLoaderService
02-09 04:21:57.019 I/ActivityManagerTiming( 1523): OnBootPhase_1000_com.android.server.accounts.AccountManagerService$Lifecycle
02-09 04:21:57.019 I/ActivityManagerTiming( 1523): OnBootPhase_1000_com.android.server.content.ContentService$Lifecycle
02-09 04:21:57.019 I/ActivityManagerTiming( 1523): OnBootPhase_1000_com.android.server.DropBoxManagerService
02-09 04:21:57.019 I/ActivityManagerTiming( 1523): OnBootPhase_1000_com.android.role.RoleService
02-09 04:21:57.019 I/ActivityManagerTiming( 1523): OnBootPhase_1000_com.android.server.vibrator.VibratorManagerService$Lifecycle
02-09 04:21:57.019 I/ActivityManagerTiming( 1523): OnBootPhase_1000_com.android.server.alarm.AlarmManagerService
