02-09 04:21:57.876 D/CompatibilityInfo( 1523): applicationScale - 1.0
02-09 04:21:57.876 D/EthernetNetworkFactory( 1523): acceptRequest, request: NetworkRequest [ REQUEST id=31, [ Capabilities: INTERNET&NOT_RESTRICTED&TRUSTED&NOT_VCN_MANAGED Uid: 1001 RequestorUid: 1001 RequestorPkg: com.qti.dpmserviceapp] ]
02-09 04:21:57.876 I/EthernetNetworkFactory( 1523): networkForRequest, request: NetworkRequest [ REQUEST id=31, [ Capabilities: INTERNET&NOT_RESTRICTED&TRUSTED&NOT_VCN_MANAGED Uid: 1001 RequestorUid: 1001 RequestorPkg: com.qti.dpmserviceapp] ], network: null
02-09 04:21:57.876 I/DPMJ ( 2147): |REQ:RCVR| Connected to 'dpmd' socket
02-09 04:21:57.876 D/CompatibilityInfo( 1523): mCompatibilityFlags - 4
02-09 04:21:57.876 D/CompatibilityInfo( 1523): applicationDensity - 240
02-09 04:21:57.876 D/CompatibilityInfo( 1523): applicationScale - 1.0
02-09 04:21:57.874 D/BluetoothMapAccountEmailLoader( 2001): mEmailContext Assigned
02-09 04:21:57.877 I/BluetoothAvrcpControllerJni( 2001): classInitNative: succeeds
02-09 04:21:57.877 D/BluetoothMapAccountEmailLoader( 2001): Groups SIZE: 0
02-09 04:21:57.877 D/BluetoothMapAccountEmailLoader( 2001): Found 0 applications - Support legacy default or primary email Account
02-09 04:21:57.877 D/AvrcpControllerService( 2001): Received start request. Starting profile...
02-09 04:21:57.878 I/DPMJ ( 2147): |SERVICE| DPM_S_RSP_GET_FEATURE_STATUS
02-09 04:21:57.878 I/bt_btif ( 2001): get_profile_interface: id = avrcp_ctrl
02-09 04:21:57.878 I/bt_btif ( 2001): get_profile_interface: id = vendor_avrcp_ctrl
02-09 04:21:57.878 D/bt_btif ( 2001): btif_rc_vendor_ctrl_get_interface
02-09 04:21:57.879 D/BluetoothMapAccountEmailLoader( 2001): isEmailAppStarted: false
02-09 04:21:57.879 D/CompatibilityInfo( 1523): mCompatibilityFlags - 4
02-09 04:21:57.879 D/CompatibilityInfo( 1523): applicationDensity - 240
02-09 04:21:57.879 D/CompatibilityInfo( 1523): applicationScale - 1.0
02-09 04:21:57.880 D/CompatibilityChangeReporter( 3156): Compat change id reported: 171979766; UID 10061; state: ENABLED
02-09 04:21:57.880 D/AvrcpControllerService( 2001): profile started successfully
02-09 04:21:57.881 V/SapService( 2001): SapBinder()
02-09 04:21:57.881 D/CompatibilityInfo( 1523): mCompatibilityFlags - 4
02-09 04:21:57.881 D/CompatibilityInfo( 1523): applicationDensity - 240
02-09 04:21:57.881 D/CompatibilityInfo( 1523): applicationScale - 1.0
02-09 04:21:57.882 D/SapService( 2001): Received start request. Starting profile...
02-09 04:21:57.882 D/BluetoothSap( 2018): Proxy object connected
02-09 04:21:57.882 D/BluetoothSap( 2018): getConnectedDevices()
02-09 04:21:57.883 V/SapService( 2001): start()
02-09 04:21:57.883 D/SapService( 2001): setSapService(): set to: com.android.bluetooth.sap.SapService@f1b3b4a
02-09 04:21:57.883 D/SapService( 2001): profile started successfully
02-09 04:21:57.884 V/BtOppService( 2001): onCreate
02-09 04:21:57.884 D/LOWI-9.0.0.87.a( 1318): [LOWINetlinkSocketReceiver] unpackRTMLinkMessage: RTM_NEWLINK - ifname vlan2, flags 0x1003 ([UP])
02-09 04:21:57.885 D/BluetoothOppService( 2001): Received start request. Starting profile...
02-09 04:21:57.885 I/EthernetTracker( 1523): interfaceLinkStateChanged, iface: vlan2, up: false
02-09 04:21:57.885 D/BluetoothMapAccountEmailLoader( 2001): Email app is not installed
02-09 04:21:57.885 W/BluetoothMapAccountEmailLoader( 2001): mEmailContext Cannot Access DefaultEmail
02-09 04:21:57.885 V/BtOppService( 2001): start()
02-09 04:21:57.885 D/BluetoothMapAccountEmailLoader( 2001): Enabled Accounts count:0
02-09 04:21:57.885 D/BluetoothMapAccountLoader( 2001): Enabled Accounts count:0
02-09 04:21:57.885 D/BtOppService( 2001): setBluetoothOppService(): set to: com.android.bluetooth.opp.BluetoothOppService@85ebd8
02-09 04:21:57.885 D/BluetoothOppService( 2001): profile started successfully
02-09 04:21:57.886 D/nativeloader( 3156): classloader namespace configured for unbundled product apk. library_path=/product/app/DeviceStatisticsService/lib/arm64:/product/lib64:/system/product/lib64
01-02 09:38:38.046 I/binder ( 0): 2807:3179 ioctl 40046210 700187b604 returned -22
02-09 04:21:57.886 D/SysHelperService( 2807): Service started flags 0 startId 1
02-09 04:21:57.888 D/hw-ProcessState( 2807): Binder ioctl to enable oneway spam detection failed: Invalid argument
02-09 04:21:57.888 D/mhelper_servic( 2807): SystemEvent interface registering.
02-09 04:21:57.889 D/BluetoothMapAppObserver( 2001): createReceiver()
02-09 04:21:57.889 D/CompatibilityChangeReporter( 1523): Compat change id reported: 135634846; UID 1000; state: DISABLED
02-09 04:21:57.890 D/CompatibilityChangeReporter( 1523): Compat change id reported: 177438394; UID 1000; state: DISABLED
02-09 04:21:57.890 D/CompatibilityChangeReporter( 1523): Compat change id reported: 135772972; UID 1000; state: DISABLED
02-09 04:21:57.890 D/CompatibilityChangeReporter( 1523): Compat change id reported: 135754954; UID 1000; state: ENABLED
02-09 04:21:57.890 D/BluetoothPbapService( 2001): Received start request. Starting profile...
02-09 04:21:57.891 D/BluetoothMapAppObserver( 2001): initObservers()
02-09 04:21:57.891 D/BluetoothMapAppObserver( 2001): getEnabledAccountItems()
02-09 04:21:57.891 I/BluetoothPbapService( 2001): setCurrentUser(0)
02-09 04:21:57.891 I/BluetoothPbapService( 2001): setUserUnlocked(0)
02-09 04:21:57.891 I/BluetoothPbapService( 2001): setUserUnlocked(0)
02-09 04:21:57.891 I/Perf ( 3156): Connecting to perf service.
02-09 04:21:57.892 I/HidlServiceManagement( 839): Registered vendor.qti.hardware.iop@2.0::IIop/default (start delay of 5578ms)
02-09 04:21:57.893 I/HidlServiceManagement( 839): Removing namespace from process name vendor.qti.hardware.iop@2.0-service to iop@2.0-service.
02-09 04:21:57.893 E/vendor.qti.hardware.iop@2.0-service( 839): Registered IIop HAL service success!
02-09 04:21:57.894 V/BluetoothMapService( 2001): Handler(): got msg=1
02-09 04:21:57.894 D/BluetoothMapMasInstance0( 2001): Map Service startSocketListeners
02-09 04:21:57.894 I/HidlServiceManagement( 2807): Registered vendor.qti.hardware.systemhelper@1.0::ISystemEvent/default
02-09 04:21:57.894 D/ObexServerSockets( 2001): create(rfcomm = 26, l2capPsm = 4137)
02-09 04:21:57.894 D/mhelper_servic( 2807): SystemResource interface registering.
02-09 04:21:57.895 D/BluetoothPbapService( 2001): setBluetoothPbapService(): set to: com.android.bluetooth.pbap.BluetoothPbapService@7e94f69
02-09 04:21:57.895 D/BluetoothPbapService( 2001): profile started successfully
02-09 04:21:57.895 V/GraphicsEnvironment( 3156): ANGLE Developer option for 'com.qualcomm.qti.devicestatisticsservice' set to: 'default'
02-09 04:21:57.895 D/HearingAidService( 2001): create()
02-09 04:21:57.895 V/GraphicsEnvironment( 3156): ANGLE GameManagerService for com.qualcomm.qti.devicestatisticsservice: false
02-09 04:21:57.896 D/BluetoothHearingAid( 1523): Proxy object connected
02-09 04:21:57.896 D/BluetoothHearingAid( 1523): Proxy object connected
02-09 04:21:57.896 D/HearingAidService( 2001): Received start request. Starting profile...
02-09 04:21:57.896 D/BluetoothHearingAid( 2018): Proxy object connected
02-09 04:21:57.896 I/Telecom ( 1523): BluetoothDeviceManager: Got BluetoothHearingAid: android.bluetooth.BluetoothHearingAid@65e0197: BMSL.oSC@AAs
02-09 04:21:57.896 D/BluetoothHearingAid( 1523): Proxy object connected
02-09 04:21:57.896 D/HearingAidService( 2001): start()
02-09 04:21:57.896 I/bt_stack( 2001): [INFO:com_android_bluetooth_hearing_aid.cpp(100)] classInitNative: succeeds
02-09 04:21:57.897 D/BluetoothHearingAid( 1523): Proxy object connected
02-09 04:21:57.897 I/AS.BtHelper( 1523): In onServiceConnected(), profile: 21, proxy: android.bluetooth.BluetoothHearingAid@f72033
02-09 04:21:57.897 I/HidlServiceManagement( 2807): Registered vendor.qti.hardware.systemhelper@1.0::ISystemResource/default
02-09 04:21:57.897 D/mhelper_servic( 2807): Successfully registered for both SystemEvent and SystemResource 1.0 interfaces
02-09 04:21:57.897 D/NetworkSecurityConfig( 3156): No Network Security Config specified, using platform default
02-09 04:21:57.897 D/NetworkSecurityConfig( 3156): No Network Security Config specified, using platform default
02-09 04:21:57.898 I/bt_stack( 2001): [INFO:port_api.cc(123)] RFCOMM_CreateConnection BDA: ff:ff:ff:ff:ff:ff
02-09 04:21:57.898 D/HearingAidService( 2001): setHearingAidService(): set to: com.android.bluetooth.hearingaid.HearingAidService@5be7925
02-09 04:21:57.898 I/bt_btif ( 2001): get_profile_interface: id = hearing_aid
02-09 04:21:57.899 D/HearingAidService( 2001): profile started successfully
02-09 04:21:57.899 I/bt_stack( 2001): [INFO:hearing_aid_software_encoding.cc(325)] init
02-09 04:21:57.899 W/bt_stack( 2001): [WARNING:hearing_aid_software_encoding.cc(310)] get_hal_version
02-09 04:21:57.899 W/bt_stack( 2001): [WARNING:client_interface.cc(240)] BluetoothAudioDeathRecipient: worker thread 0x0
02-09 04:21:57.899 D/BluetoothMediaBrowserService( 2001): onCreate
02-09 04:21:57.899 D/Zygote ( 666): Forked child process 3188
02-09 04:21:57.899 I/am_proc_start( 1523): [0,3188,1000,com.qti.diagservices,broadcast,{com.qti.diagservices/com.qti.diagservices.Diag_OnBoot}]
02-09 04:21:57.899 I/ActivityManager( 1523): Start proc 3188:com.qti.diagservices/1000 for broadcast {com.qti.diagservices/com.qti.diagservices.Diag_OnBoot}
02-09 04:21:57.900 D/ObexServerSockets( 2001): create(rfcomm = 19, l2capPsm = 4133)
02-09 04:21:57.902 I/am_uid_running( 1523): 10019
02-09 04:21:57.902 D/CompatibilityChangeReporter( 1523): Compat change id reported: 135634846; UID 10019; state: DISABLED
02-09 04:21:57.902 D/CompatibilityChangeReporter( 1523): Compat change id reported: 177438394; UID 10019; state: DISABLED
02-09 04:21:57.902 D/CompatibilityChangeReporter( 1523): Compat change id reported: 135772972; UID 10019; state: DISABLED
02-09 04:21:57.902 D/CompatibilityChangeReporter( 1523): Compat change id reported: 135754954; UID 10019; state: ENABLED
02-09 04:21:57.902 D/CompatibilityChangeReporter( 1523): Compat change id reported: 143937733; UID 10019; state: ENABLED
02-09 04:21:57.904 W/BluetoothAdapterService( 2001): onProfileServiceStateChange() - All profile services started..
02-09 04:21:57.904 V/Avrcp_ext( 2001): updateCurrentMediaState: mMediaController: null
02-09 04:21:57.904 W/Avrcp_ext( 2001): isMusicActive: true getBluetoothPlayState: 2 A2dp State: 11 mAudioPlaybackIsActive: false
02-09 04:21:57.904 D/AdapterProperties( 2001): onBluetoothReady, state=TURNING_ON, ScanMode=20
02-09 04:21:57.904 W/Avrcp_ext( 2001): updateCurrentMediaState: isPlaying = false
02-09 04:21:57.904 V/Avrcp_ext( 2001): Media update: id -1➡-1? [MediaAttributes: none] : [MediaAttributes: none]
02-09 04:21:57.904 D/Avrcp_ext( 2001): isPackageNameValid: browsedPackage = isValid = false
02-09 04:21:57.904 V/Avrcp_ext( 2001): updatePlaybackState, state: PlaybackState {state=2, position=-1, buffered position=0, speed=0.0, updated=13120, actions=0, custom actions=[], active item id=-1, error=null} device: null
02-09 04:21:57.904 V/Avrcp_ext( 2001): Device: no name:
02-09 04:21:57.904 V/Avrcp_ext( 2001): Device: no name:
02-09 04:21:57.904 V/Avrcp_ext( 2001): Device: no name:
02-09 04:21:57.904 V/Avrcp_ext( 2001): Device: no name:
02-09 04:21:57.904 V/Avrcp_ext( 2001): Device: no name:
02-09 04:21:57.904 V/Avrcp_ext( 2001): updatePlayerStateAndPosition, old=PlaybackState {state=2, position=-1, buffered position=0, speed=0.0, updated=13051, actions=0, custom actions=[], active item id=-1, error=null}, state=PlaybackState {state=2, position=-1, buffered position=0, speed=0.0, updated=13120, actions=0, custom actions=[], active item id=-1, error=null}
02-09 04:21:57.904 V/Avrcp_ext( 2001): old state = PlaybackState {state=2, position=-1, buffered position=0, speed=0.0, updated=13051, actions=0, custom actions=[], active item id=-1, error=null}, new state= PlaybackState {state=2, position=-1, buffered position=0, speed=0.0, updated=13120, actions=0, custom actions=[], active item id=-1, error=null}
02-09 04:21:57.904 D/HeadsetService( 2001): getHeadsetService(): returning com.android.bluetooth.hfp.HeadsetService@8e07092
02-09 04:21:57.904 D/HeadsetService( 2001): isAudioOn: The number of audio connected devices 0
02-09 04:21:57.904 D/HeadsetService( 2001): isScoOrCallActive(): Call Active:falseCall is Ringing:falseSCO is Active:false
02-09 04:21:57.904 D/HeadsetService( 2001): isAudioOn: The number of audio connected devices 0
02-09 04:21:57.904 I/Avrcp_ext( 2001): updatePlayStatusForDevice: device: null
02-09 04:21:57.904 V/Avrcp_ext( 2001): updatePlaybackState (1): old=PlaybackState {state=2, position=-1, buffered position=0, speed=0.0, updated=13051, actions=0, custom actions=[], active item id=-1, error=null}(2), new=PlaybackState {state=2, position=-1, buffered position=0, speed=0.0, updated=13120, actions=0, custom actions=[], active item id=-1, error=null}(2)
02-09 04:21:57.904 I/Avrcp_ext( 2001): Exit updatePlayStatusForDevice
02-09 04:21:57.904 D/HeadsetService( 2001): isAudioOn: The number of audio connected devices 0
02-09 04:21:57.904 D/HeadsetService( 2001): isScoOrCallActive(): Call Active:falseCall is Ringing:falseSCO is Active:false
02-09 04:21:57.904 D/HeadsetService( 2001): isAudioOn: The number of audio connected devices 0
02-09 04:21:57.904 I/Avrcp_ext( 2001): updatePlayStatusForDevice: device: null
02-09 04:21:57.904 V/Avrcp_ext( 2001): updatePlaybackState (1): old=PlaybackState {state=2, position=-1, buffered position=0, speed=0.0, updated=13051, actions=0, custom actions=[], active item id=-1, error=null}(2), new=PlaybackState {state=2, position=-1, buffered position=0, speed=0.0, updated=13120, actions=0, custom actions=[], active item id=-1, error=null}(2)
02-09 04:21:57.904 I/Avrcp_ext( 2001): Exit updatePlayStatusForDevice
02-09 04:21:57.904 D/HeadsetService( 2001): isAudioOn: The number of audio connected devices 0
02-09 04:21:57.904 D/HeadsetService( 2001): isScoOrCallActive(): Call Active:falseCall is Ringing:falseSCO is Active:false
02-09 04:21:57.904 D/HeadsetService( 2001): isAudioOn: The number of audio connected devices 0
02-09 04:21:57.904 I/Avrcp_ext( 2001): updatePlayStatusForDevice: device: null
02-09 04:21:57.904 V/Avrcp_ext( 2001): updatePlaybackState (1): old=PlaybackState {state=2, position=-1, buffered position=0, speed=0.0, updated=13051, actions=0, custom actions=[], active item id=-1, error=null}(2), new=PlaybackState {state=2, position=-1, buffered position=0, speed=0.0, updated=13120, actions=0, custom actions=[], active item id=-1, error=null}(2)
02-09 04:21:57.904 I/Avrcp_ext( 2001): Exit updatePlayStatusForDevice
02-09 04:21:57.904 D/HeadsetService( 2001): isAudioOn: The number of audio connected devices 0
02-09 04:21:57.904 D/HeadsetService( 2001): isScoOrCallActive(): Call Active:falseCall is Ringing:falseSCO is Active:false
02-09 04:21:57.904 D/HeadsetService( 2001): isAudioOn: The number of audio connected devices 0
02-09 04:21:57.904 I/Avrcp_ext( 2001): updatePlayStatusForDevice: device: null
02-09 04:21:57.904 V/Avrcp_ext( 2001): updatePlaybackState (1): old=PlaybackState {state=2, position=-1, buffered position=0, speed=0.0, updated=13051, actions=0, custom actions=[], active item id=-1, error=null}(2), new=PlaybackState {state=2, position=-1, buffered position=0, speed=0.0, updated=13120, actions=0, custom actions=[], active item id=-1, error=null}(2)
02-09 04:21:57.904 I/Avrcp_ext( 2001): Exit updatePlayStatusForDevice
02-09 04:21:57.904 D/HeadsetService( 2001): isAudioOn: The number of audio connected devices 0
02-09 04:21:57.904 D/HeadsetService( 2001): isScoOrCallActive(): Call Active:falseCall is Ringing:falseSCO is Active:false
02-09 04:21:57.904 D/HeadsetService( 2001): isAudioOn: The number of audio connected devices 0
02-09 04:21:57.904 I/Avrcp_ext( 2001): updatePlayStatusForDevice: device: null
02-09 04:21:57.904 V/Avrcp_ext( 2001): updatePlaybackState (1): old=PlaybackState {state=2, position=-1, buffered position=0, speed=0.0, updated=13051, actions=0, custom actions=[], active item id=-1, error=null}(2), new=PlaybackState {state=2, position=-1, buffered position=0, speed=0.0, updated=13120, actions=0, custom actions=[], active item id=-1, error=null}(2)
02-09 04:21:57.904 I/Avrcp_ext( 2001): Exit updatePlayStatusForDevice
02-09 04:21:57.904 D/Avrcp_ext( 2001): Enter sendPlayPosNotificationRsp
02-09 04:21:57.904 D/Avrcp_ext( 2001): sendPlayPosNotificationRsp: Not registered or requesting.
02-09 04:21:57.904 D/Avrcp_ext( 2001): Enter sendPlayPosNotificationRsp
02-09 04:21:57.904 D/Avrcp_ext( 2001): sendPlayPosNotificationRsp: Not registered or requesting.
02-09 04:21:57.904 D/Avrcp_ext( 2001): Enter sendPlayPosNotificationRsp
02-09 04:21:57.904 D/Avrcp_ext( 2001): sendPlayPosNotificationRsp: Not registered or requesting.
02-09 04:21:57.904 D/Avrcp_ext( 2001): Enter sendPlayPosNotificationRsp
02-09 04:21:57.904 D/Avrcp_ext( 2001): sendPlayPosNotificationRsp: Not registered or requesting.
02-09 04:21:57.904 D/Avrcp_ext( 2001): Enter sendPlayPosNotificationRsp
02-09 04:21:57.904 D/Avrcp_ext( 2001): sendPlayPosNotificationRsp: Not registered or requesting.
02-09 04:21:57.904 V/Avrcp_ext( 2001): Exit updatePlayerStateAndPosition
02-09 04:21:57.905 D/BluetoothAdapterService( 2001): updateUuids() - Updating UUIDs for bonded devices
02-09 04:21:57.905 I/BluetoothAdapterService( 2001): initProfileServices: Initializing all bluetooth profile services
02-09 04:21:57.905 I/BluetoothA2dpSinkServiceJni( 2001): classInitNative: succeeds
02-09 04:21:57.905 D/HeadsetService( 2001): getHeadsetService(): returning com.android.bluetooth.hfp.HeadsetService@8e07092
02-09 04:21:57.905 W/HeadsetClientService( 2001): getHeadsetClientService(): service is null
02-09 04:21:57.905 W/MapClientService( 2001): getMapClientService(): service is null
02-09 04:21:57.905 D/HidDeviceService( 2001): getHidDeviceService(): service is NULL
02-09 04:21:57.905 W/PbapClientService( 2001): getPbapClientService(): service is null
02-09 04:21:57.906 D/AdapterProperties( 2001): Scan Mode:21
02-09 04:21:57.906 W/BluetoothGroupService( 2001): getGroupService(): service is NULL
02-09 04:21:57.906 D/AdapterProperties( 2001): Discoverable Timeout:120
02-09 04:21:57.906 D/AdapterProperties( 2001): mLocalIOCapability set to 1
02-09 04:21:57.906 D/AdapterProperties( 2001): mLocalIOCapabilityBLE set to 4
02-09 04:21:57.906 I/btif_av ( 2001): isBATEnabled: 0
02-09 04:21:57.906 E/bt_btif ( 2001): bta_av_co_get_active_peer: peer index out of bounds: 5
02-09 04:21:57.906 E/bt_btif ( 2001): btif_av_is_split_a2dp_enabled: No active peer codec config found, by default splitmode
02-09 04:21:57.906 I/hwservicemanager( 505): getTransport: Cannot find entry vendor.qti.hardware.bluetooth_audio@2.1::IBluetoothAudioProvidersFactory/default in either framework or device VINTF manifest.
02-09 04:21:57.906 D/LOWI-9.0.0.87.a( 1318): [LOWINetlinkSocketReceiver] unpackRTMLinkMessage: RTM_NEWLINK - ifname vlan2, flags 0x1003 ([UP])
02-09 04:21:57.906 I/bt_stack( 2001): [INFO:client_interface.cc(463)] GetHalVersion
02-09 04:21:57.906 W/bt_stack( 2001): [WARNING:client_interface.cc(240)] BluetoothAudioDeathRecipient: worker thread 0xb4000070bc02bb60
02-09 04:21:57.906 V/bt_stack( 2001): [VERBOSE1:bta_gattc_act.cc(210)] bta_gattc_register: state:2
02-09 04:21:57.906 I/bt_stack( 2001): [INFO:gatt_api.cc(1223)] GATT_Register f0f4ba29-df2f-d355-0b58-616440e93e2e
02-09 04:21:57.906 I/bt_stack( 2001): [INFO:gatt_api.cc(1244)] allocated gatt_if=5
02-09 04:21:57.906 I/AdapterState( 2001): ON : entered
02-09 04:21:57.906 D/AdapterProperties( 2001): Setting state to ON
02-09 04:21:57.906 W/bt_l2cap( 2001): L2CAP - L2CA_Register() called for PSM: 0x1029
02-09 04:21:57.907 D/ObexServerSockets( 2001): Succeed to create listening sockets
02-09 04:21:57.907 D/ObexServerSockets0( 2001): startAccept()
02-09 04:21:57.907 V/bt_stack( 2001): [VERBOSE1:gatt_api.cc(1369)] GATT_StartIf gatt_if=5
02-09 04:21:57.907 D/BluetoothSdpJni( 2001): sdpCreateMapMasRecordNative
02-09 04:21:57.907 V/bt_stack( 2001): [VERBOSE1:gatt_utils.cc(293)] gatt_find_the_connected_bda start_idx=0
02-09 04:21:57.907 D/BluetoothSdpJni( 2001): SDP Create record success - handle: 0
02-09 04:21:57.907 V/bt_stack( 2001): [VERBOSE1:gatt_utils.cc(305)] found=0 found_idx=5
02-09 04:21:57.907 I/bt_stack( 2001): [INFO:port_api.cc(123)] RFCOMM_CreateConnection BDA: ff:ff:ff:ff:ff:ff
02-09 04:21:57.907 I/EthernetTracker( 1523): interfaceLinkStateChanged, iface: vlan2, up: false
02-09 04:21:57.907 I/bt_stack( 2001): [INFO:port_api.cc(123)] RFCOMM_CreateConnection BDA: ff:ff:ff:ff:ff:ff
02-09 04:21:57.908 D/BluetoothSdpJni( 2001): sdpCreateSapsRecordNative
02-09 04:21:57.908 D/BluetoothSdpJni( 2001): SDP Create record success - handle: 1
02-09 04:21:57.909 W/bt_l2cap( 2001): L2CAP - L2CA_Register() called for PSM: 0x1025
02-09 04:21:57.909 D/ObexServerSockets( 2001): Succeed to create listening sockets
02-09 04:21:57.909 D/ObexServerSockets1( 2001): startAccept()
02-09 04:21:57.910 D/BluetoothVendorService( 2001): getProfileInfo profile_id: 2
02-09 04:21:57.910 I/BluetoothVendorJni( 2001): getProfileInfoNative
02-09 04:21:57.910 I/bt_btif_vendor( 2001): get_profile_info :2
02-09 04:21:57.910 W/bt_device_profile( 2001): profile_feature_fetch:profile 2
02-09 04:21:57.910 W/bt_device_profile( 2001): profile_feature_fetch:PBAP_0102_SUPPORT found 1
02-09 04:21:57.910 D/BluetoothVendorService( 2001): getProfileInfo profile_id: 2
02-09 04:21:57.910 I/BluetoothVendorJni( 2001): getProfileInfoNative
02-09 04:21:57.910 I/bt_btif_vendor( 2001): get_profile_info :2
02-09 04:21:57.910 W/bt_device_profile( 2001): profile_feature_fetch:profile 2
02-09 04:21:57.910 W/bt_device_profile( 2001): profile_feature_fetch:USE_SIM_SUPPORT found 1
02-09 04:21:57.910 D/BluetoothPbapFixes( 2001): isSupportedPbap12: true
02-09 04:21:57.910 D/BluetoothPbapFixes( 2001): isSimSupported: true
02-09 04:21:57.910 D/BluetoothPbapFixes( 2001): creating PBAP 1.1 record with sim support
02-09 04:21:57.910 D/BluetoothSdpJni( 2001): sdpCreatePbapPseRecordNative
02-09 04:21:57.910 D/BluetoothSdpJni( 2001): SDP Create record success - handle: 2
02-09 04:21:57.910 D/BluetoothPbapService( 2001): created Sdp record, mSdpHandle=2
02-09 04:21:57.911 D/Zygote ( 666): Forked child process 3196
02-09 04:21:57.911 D/ObexServerSockets1( 2001): Accepting socket connection...
02-09 04:21:57.911 D/BluetoothAdapterService( 2001): updateAdapterState() - Broadcasting state ON to 1 receivers.
02-09 04:21:57.911 I/am_proc_start( 1523): [0,3196,10019,android.process.acore,content provider,{com.android.providers.contacts/com.android.providers.contacts.ContactsProvider2}]
02-09 04:21:57.911 I/ActivityManager( 1523): Start proc 3196:android.process.acore/u0a19 for content provider {com.android.providers.contacts/com.android.providers.contacts.ContactsProvider2}
02-09 04:21:57.911 D/BluetoothManagerService( 1523): MESSAGE_BLUETOOTH_STATE_CHANGE: TURNING_ON > ON
02-09 04:21:57.911 D/BluetoothManagerService( 1523): Broadcasting onBluetoothStateChange(true) to 17 receivers.
02-09 04:21:57.911 D/BluetoothHeadset( 1523): onBluetoothStateChange: up=true
02-09 04:21:57.912 D/BluetoothHeadset( 1523): Binding service...
02-09 04:21:57.912 D/BluetoothHeadset( 2018): onBluetoothStateChange: up=true
02-09 04:21:57.912 D/BluetoothHeadset( 2018): Binding service...
02-09 04:21:57.912 D/BluetoothManagerService( 1523): Creating new ProfileServiceConnections object for profile: 1
02-09 04:21:57.914 W/BluetoothManagerService( 1523): psc is not null in bindBluetoothProfileService
02-09 04:21:57.914 D/BluetoothHeadset( 1523): onBluetoothStateChange: up=true
02-09 04:21:57.914 D/BluetoothHeadset( 1523): Binding service...
02-09 04:21:57.914 W/BluetoothManagerService( 1523): psc is not null in bindBluetoothProfileService
02-09 04:21:57.914 D/BluetoothManagerService( 1523): Sending BLE State Change: TURNING_ON > ON
02-09 04:21:57.914 D/BluetoothManagerService( 1523): Sending State Change: TURNING_ON > ON
02-09 04:21:57.914 D/CompanionDeviceManagerService( 1523): Received BT state transition broadcast: TURNING_ON -> ON
02-09 04:21:57.914 I/CompanionDeviceManagerService( 1523): startBleScan()
02-09 04:21:57.916 E/ti.diagservice( 3188): Not starting debugger since process cannot load the jdwp agent.
02-09 04:21:57.918 D/ProcessState( 3188): Binder ioctl to enable oneway spam detection failed: Invalid argument
01-02 09:38:38.076 I/binder ( 0): 3188:3188 ioctl 40046210 7ffaef2474 returned -22
02-09 04:21:57.918 D/ObexServerSockets0( 2001): Accepting socket connection...
02-09 04:21:57.919 D/ObexServerSockets1( 2001): Accepting socket connection...
02-09 04:21:57.920 E/d.process.acor( 3196): Not starting debugger since process cannot load the jdwp agent.
02-09 04:21:57.920 I/am_proc_bound( 1523): [0,3188,com.qti.diagservices]
02-09 04:21:57.921 D/CompatibilityInfo( 1523): mCompatibilityFlags - 4
02-09 04:21:57.921 D/CompatibilityInfo( 1523): applicationDensity - 240
02-09 04:21:57.921 D/ProcessState( 3196): Binder ioctl to enable oneway spam detection failed: Invalid argument
02-09 04:21:57.921 D/CompatibilityInfo( 1523): applicationScale - 1.0
02-09 04:21:57.922 D/CompatibilityInfo( 1523): mCompatibilityFlags - 4
02-09 04:21:57.922 D/CompatibilityInfo( 1523): applicationDensity - 240
02-09 04:21:57.922 D/CompatibilityInfo( 1523): applicationScale - 1.0
01-02 09:38:38.080 I/binder ( 0): 3196:3196 ioctl 40046210 7ffaef2474 returned -22
02-09 04:21:57.922 D/ObexServerSockets0( 2001): Accepting socket connection...
02-09 04:21:57.924 D/LOWI-9.0.0.87.a( 1318): [LOWINetlinkSocketReceiver] unpackRTMLinkMessage: RTM_NEWLINK - ifname vlan2, flags 0x1003 ([UP])
02-09 04:21:57.924 D/CompatibilityChangeReporter( 3188): Compat change id reported: 171979766; UID 1000; state: DISABLED
02-09 04:21:57.925 I/am_proc_bound( 1523): [0,3196,android.process.acore]
02-09 04:21:57.925 I/EthernetTracker( 1523): interfaceLinkStateChanged, iface: vlan2, up: false
02-09 04:21:57.925 D/QSEECOMAPI( 1309): Loaded image: APP id = 9
01-02 09:38:38.084 W/QSEECOM ( 0): qseecom_load_app: App with id 9 (fingerpr) now loaded
02-09 04:21:57.927 D/CompatibilityChangeReporter( 1523): Compat change id reported: 168419799; UID 10019; state: DISABLED
02-09 04:21:57.927 D/CompatibilityInfo( 1523): mCompatibilityFlags - 4
02-09 04:21:57.927 D/CompatibilityInfo( 1523): applicationDensity - 240
02-09 04:21:57.927 D/CompatibilityInfo( 1523): applicationScale - 1.0
02-09 04:21:57.929 I/am_uid_active( 1523): 10019
02-09 04:21:57.930 D/CompatibilityChangeReporter( 3196): Compat change id reported: 171979766; UID 10019; state: ENABLED
02-09 04:21:57.932 I/QFP ( 1309): qsc_start_app: Loading app [fingerpr] succeeded
02-09 04:21:57.932 I/QFP ( 1309): openFramework: entry with eeprom_buffer_size=0
02-09 04:21:57.932 D/LOWI-9.0.0.87.a( 1318): [LOWINetlinkSocketReceiver] unpackRTMLinkMessage: RTM_NEWLINK - ifname vlan2, flags 0x1003 ([UP])
02-09 04:21:57.933 I/EthernetTracker( 1523): interfaceLinkStateChanged, iface: vlan2, up: false
02-09 04:21:57.939 I/Perf ( 3196): Connecting to perf service.
02-09 04:21:57.941 V/GraphicsEnvironment( 3196): ANGLE Developer option for 'com.android.providers.contacts' set to: 'default'
02-09 04:21:57.941 V/GraphicsEnvironment( 3196): ANGLE GameManagerService for com.android.providers.contacts: false
02-09 04:21:57.941 D/LOWI-9.0.0.87.a( 1318): [LOWINetlinkSocketReceiver] unpackRTMLinkMessage: RTM_NEWLINK - ifname vlan2, flags 0x1003 ([UP])
02-09 04:21:57.941 D/NetworkSecurityConfig( 3196): No Network Security Config specified, using platform default
02-09 04:21:57.942 D/NetworkSecurityConfig( 3196): No Network Security Config specified, using platform default
02-09 04:21:57.942 I/EthernetTracker( 1523): interfaceLinkStateChanged, iface: vlan2, up: false
02-09 04:21:57.942 D/DrmLibTime( 515): got the req here! ret=0
02-09 04:21:57.942 D/DrmLibTime( 515): command id, time_cmd_id = 770
02-09 04:21:57.942 D/DrmLibTime( 515): time_getutcsec starts!
02-09 04:21:57.942 D/DrmLibTime( 515): QSEE Time Listener: time_getutcsec
02-09 04:21:57.942 D/DrmLibTime( 515): QSEE Time Listener: get_utc_seconds
02-09 04:21:57.942 D/DrmLibTime( 515): QSEE Time Listener: time_get_modem_time
02-09 04:21:57.942 D/DrmLibTime( 515): QSEE Time Listener: Checking if ATS_MODEM is set or not.
02-09 04:21:57.942 D/QC-time-services( 515): Lib:time_genoff_operation: pargs->base = 13
02-09 04:21:57.942 D/QC-time-services( 515): Lib:time_genoff_operation: pargs->operation = 2
02-09 04:21:57.942 D/QC-time-services( 515): Lib:time_genoff_operation: pargs->ts_val = 0
02-09 04:21:57.942 D/QC-time-services( 515): Lib:time_genoff_operation: Send to server passed!!
02-09 04:21:57.943 D/QC-time-services( 643): Daemon: Connection accepted:time_genoff
02-09 04:21:57.943 D/QC-time-services( 643): Daemon:Received base = 13, unit = 1, operation = 2,value = 0
02-09 04:21:57.943 D/QC-time-services( 643): Daemon:genoff_opr: Base = 13, val = 0, operation = 2
02-09 04:21:57.943 D/QC-time-services( 643): offset is: 0 for base: 13
02-09 04:21:57.943 E/QC-time-services( 515): Receive Passed == base = 13, unit = 1, operation = 2, result = 0
02-09 04:21:57.943 D/DrmLibTime( 515): QSEE Time Listener: ATS_MODEM is not set. Fallback to Android system time.
02-09 04:21:57.943 D/DrmLibTime( 515): QSEE Time Listener: Retrieved Android system time: 1675887717
02-09 04:21:57.943 D/DrmLibTime( 515): time_getutcsec returns 0, sec = 1675887717; nsec = 0
02-09 04:21:57.943 D/DrmLibTime( 515): time_getutcsec finished!
02-09 04:21:57.943 D/DrmLibTime( 515): iotcl_continue_command finished! and return 0
02-09 04:21:57.943 D/DrmLibTime( 515): before calling ioctl to read the next time_cmd
02-09 04:21:57.947 E/QC-time-services( 643): Daemon: Time-services: Waiting to acceptconnection
02-09 04:21:57.953 D/LOWI-9.0.0.87.a( 1318): [LOWINetlinkSocketReceiver] unpackRTMLinkMessage: RTM_NEWLINK - ifname vlan2, flags 0x1003 ([UP])
02-09 04:21:57.953 I/EthernetTracker( 1523): interfaceLinkStateChanged, iface: vlan2, up: false
02-09 04:21:57.953 I/Perf ( 3188): Connecting to perf service.
02-09 04:21:57.958 V/GraphicsEnvironment( 3188): ANGLE Developer option for 'com.qti.diagservices' set to: 'default'
02-09 04:21:57.959 V/GraphicsEnvironment( 3188): ANGLE GameManagerService for com.qti.diagservices: false
02-09 04:21:57.960 D/NetworkSecurityConfig( 3188): No Network Security Config specified, using platform default
02-09 04:21:57.960 D/NetworkSecurityConfig( 3188): No Network Security Config specified, using platform default
02-09 04:21:57.961 D/LOWI-9.0.0.87.a( 1318): [LOWINetlinkSocketReceiver] unpackRTMLinkMessage: RTM_NEWLINK - ifname vlan2, flags 0x1003 ([UP])
02-09 04:21:57.962 I/ContactsPerf( 3196): VoicemailContentProvider.onCreate start
02-09 04:21:57.963 W/ContextImpl( 3188): Calling a method in the system process without a qualified user: android.app.ContextImpl.startService:1816 android.content.ContextWrapper.startService:774 android.content.ContextWrapper.startService:774 com.qti.diagservices.Diag_OnBoot.onReceive:40 android.app.ActivityThread.handleReceiver:4309
02-09 04:21:57.963 I/EthernetTracker( 1523): interfaceLinkStateChanged, iface: vlan2, up: false
02-09 04:21:57.964 D/CompatibilityInfo( 1523): mCompatibilityFlags - 4
02-09 04:21:57.964 D/CompatibilityInfo( 1523): applicationDensity - 240
02-09 04:21:57.964 D/CompatibilityInfo( 1523): applicationScale - 1.0
02-09 04:21:57.965 I/ContactsPerf( 3196): VoicemailContentProvider.onCreate finish
02-09 04:21:57.966 D/Diag_OnBoot( 3188): Started Successfully
02-09 04:21:57.970 E/DiagJNIInterface( 3188): Trying to load libDiagService
02-09 04:21:57.973 D/CountryDetector( 1523): The first listener is added
02-09 04:21:57.973 I/ContactsDatabaseHelper( 3196): updateUseStrictPhoneNumberComparison: CN
02-09 04:21:57.976 D/LOWI-9.0.0.87.a( 1318): [LOWINetlinkSocketReceiver] unpackRTMLinkMessage: RTM_NEWLINK - ifname vlan2, flags 0x1003 ([UP])
02-09 04:21:57.975 I/auditd ( 3188): type=1400 audit(0.0:254): avc: denied { read write } for comm="ti.diagservices" name="diag" dev="tmpfs" ino=1103 scontext=u:r:system_app:s0 tcontext=u:object_r:vendor_diag_device:s0 tclass=chr_file permissive=0
02-09 04:21:57.975 W/ti.diagservices( 3188): type=1400 audit(0.0:254): avc: denied { read write } for name="diag" dev="tmpfs" ino=1103 scontext=u:r:system_app:s0 tcontext=u:object_r:vendor_diag_device:s0 tclass=chr_file permissive=0
02-09 04:21:57.977 I/EthernetTracker( 1523): interfaceLinkStateChanged, iface: vlan2, up: false
02-09 04:21:57.977 E/Diag_Lib( 3188): Diag_LSM_Init: Failed to open handle to diag driver, error = 13
02-09 04:21:57.977 E/Diag_Lib( 3188): Diag_LSM_Init call failed
02-09 04:21:57.978 E/DiagJNIInterface( 3188): WARNING: Could not load libDiagService
02-09 04:21:57.994 I/CallLogProvider( 3196): Syncing call composer pics -- source user=0, isShadow=true, forAllUser=false
02-09 04:21:57.994 I/CallLogProvider( 3196): Fetching list of Uris to sync
02-09 04:21:57.996 I/vendor.qti.bluetooth@1.0-ibs_handler( 808): ProcessIbsCmd: Received IBS_SLEEP_IND: 0xFE
02-09 04:21:58.001 I/am_meminfo( 1523): [933015552,4943704064,12288,311320576,604000256]
02-09 04:21:58.005 D/ContactsDatabaseHelper( 3196): WAL enabled for contacts2.db: true
02-09 04:21:58.003 I/auditd ( 3242): type=1400 audit(0.0:255): avc: denied { read } for comm="ip" name="rt_tables" dev="dm-10" ino=332 scontext=u:r:ethernet:s0 tcontext=u:object_r:net_data_file:s0 tclass=file permissive=0
02-09 04:21:58.003 W/ip ( 3242): type=1400 audit(0.0:255): avc: denied { read } for name="rt_tables" dev="dm-10" ino=332 scontext=u:r:ethernet:s0 tcontext=u:object_r:net_data_file:s0 tclass=file permissive=0
02-09 04:21:58.007 I/am_pss ( 1523): [2554,10083,com.qualcomm.qti.qccauthmgr,6707200,4255744,0,96165888,2,5,5]
02-09 04:21:58.012 I/CallLogProvider( 3196): Will sync following Uris:[]
02-09 04:21:58.012 I/CallLogProvider( 3196): Syncing call composer pics -- got []
02-09 04:21:58.013 I/am_pss ( 1523): [2440,10063,com.thundercomm.gamemode.provider,8165376,5787648,0,96452608,2,5,5]
02-09 04:21:58.018 I/am_pss ( 1523): [2435,10094,android.ext.services,10011648,4993024,0,103505920,2,5,4]
01-02 09:38:38.178 W/audit ( 0): audit_lost=1 audit_rate_limit=5 audit_backlog_limit=64
01-02 09:38:38.178 E/audit ( 0): rate limit exceeded
02-09 04:21:58.023 W/AudioIDCMicroNegotiator( 1523): idcm_warn: idcm control is not enable
02-09 04:21:58.023 I/GenericSource( 1202): start
02-09 04:21:58.023 D/MediaSessionService( 1523): Media button session is changed to com.android.systemui/MediaSession (userId=0)
02-09 04:21:58.024 W/Utils ( 1202): track of type 'audio/vorbis' does not publish channel mask, channel count 1
02-09 04:21:58.024 D/Avrcp_ext( 2001): AudioManager Player: AudioPlaybackConfiguration piid:71 deviceId:0 type:android.media.SoundPool u/pid:10080/2018 state:idle attr:AudioAttributes: usage=USAGE_ASSISTANCE_SONIFICATION content=CONTENT_TYPE_SONIFICATION flags=0x800 tags= bundle=null sessionId:0
02-09 04:21:58.024 D/Avrcp_ext( 2001): AudioManager Player: AudioPlaybackConfiguration piid:63 deviceId:0 type:android.media.SoundPool u/pid:1000/1523 state:idle attr:AudioAttributes: usage=USAGE_ASSISTANCE_SONIFICATION content=CONTENT_TYPE_SONIFICATION flags=0x800 tags= bundle=null sessionId:0
02-09 04:21:58.024 D/Avrcp_ext( 2001): AudioManager Player: AudioPlaybackConfiguration piid:79 deviceId:0 type:android.media.MediaPlayer u/pid:10080/2018 state:started attr:AudioAttributes: usage=USAGE_NOTIFICATION content=CONTENT_TYPE_SONIFICATION flags=0x800 tags= bundle=null sessionId:0
02-09 04:21:58.025 D/MediaRouter( 2018): onRestoreRoute() : route=RouteInfo{ name=平板电脑, description=null, status=null, category=RouteCategory{ name=系统 types=ROUTE_TYPE_LIVE_AUDIO ROUTE_TYPE_LIVE_VIDEO groupable=false }, supportedTypes=ROUTE_TYPE_LIVE_AUDIO ROUTE_TYPE_LIVE_VIDEO , presentationDisplay=null }
02-09 04:21:58.025 V/MediaRouter( 2018): Selecting route: RouteInfo{ name=平板电脑, description=null, status=null, category=RouteCategory{ name=系统 types=ROUTE_TYPE_LIVE_AUDIO ROUTE_TYPE_LIVE_VIDEO groupable=false }, supportedTypes=ROUTE_TYPE_LIVE_AUDIO ROUTE_TYPE_LIVE_VIDEO , presentationDisplay=null }
02-09 04:21:58.025 I/am_pss ( 1523): [2579,10074,com.android.launcher3,17520640,13979648,0,112291840,2,5,5]
02-09 04:21:58.025 W/Avrcp_ext( 2001): onMediaKeyEventSessionChanged(Token): Addressed Player changed to a player we didn't have a session for
02-09 04:21:58.025 W/Avrcp_ext( 2001): playState object null, sending STOPPED
02-09 04:21:58.025 V/Avrcp_ext( 2001): isBrowseSupported for com.android.systemui: false
02-09 04:21:58.025 W/Utils ( 1202): track of type 'audio/vorbis' does not publish channel mask, channel count 1
02-09 04:21:58.026 D/Avrcp_ext( 2001): AudioManager Player in started state: com.android.systemui
02-09 04:21:58.026 D/vendor.qti.bluetooth@1.0-wake_lock( 808): Release wakelock is released
02-09 04:21:58.026 D/Avrcp_ext( 2001): AudioManager Active Player: com.android.systemui
02-09 04:21:58.026 D/Avrcp_ext( 2001): AudioManager isPlaying: true, mAudioPlaybackIsActive = false
02-09 04:21:58.026 D/audio_hw_primary( 800): adev_get_parameters:is_hw_dec_session_available
02-09 04:21:58.026 D/audio_hw_spkr_prot( 800): fbsp_get_parameters: Speaker protection disabled
02-09 04:21:58.026 D/soundtrigger( 800): audio_extn_sound_trigger_get_parameters input string
02-09 04:21:58.026 D/soundtrigger( 800): extract_sm_handle input string param string
02-09 04:21:58.026 D/audio_hw_extn( 800): audio_extn_fm_get_parameters: Enter
02-09 04:21:58.026 D/audio_hw_extn( 800): audio_extn_get_parameters: returns
02-09 04:21:58.026 D/audio_hw_primary( 800): adev_get_parameters: exit: returns -
02-09 04:21:58.026 I/hash_map_utils( 897): system/bt/osi/src/hash_map_utils.cc:81 hash_map_utils_dump_string_keys_string_values: key: 'is_hw_dec_session_available' value: 'audio/vorbis'
02-09 04:21:58.027 V/Avrcp_ext( 2001): updateCurrentMediaState: mMediaController: null
02-09 04:21:58.027 W/Avrcp_ext( 2001): isMusicActive: true getBluetoothPlayState: 2 A2dp State: 11 mAudioPlaybackIsActive: true
02-09 04:21:58.027 W/Avrcp_ext( 2001): updateCurrentMediaState: isPlaying = false
02-09 04:21:58.027 V/Avrcp_ext( 2001): Media update: id -1➡-1? [MediaAttributes: none] : [MediaAttributes: none]
02-09 04:21:58.027 D/Avrcp_ext( 2001): isPackageNameValid: browsedPackage = isValid = false
02-09 04:21:58.027 V/Avrcp_ext( 2001): updatePlaybackState, state: PlaybackState {state=2, position=-1, buffered position=0, speed=0.0, updated=13243, actions=0, custom actions=[], active item id=-1, error=null} device: null
02-09 04:21:58.027 V/Avrcp_ext( 2001): Device: no name:
02-09 04:21:58.027 V/Avrcp_ext( 2001): Device: no name:
02-09 04:21:58.027 V/Avrcp_ext( 2001): Device: no name:
02-09 04:21:58.027 V/Avrcp_ext( 2001): Device: no name:
02-09 04:21:58.027 V/Avrcp_ext( 2001): Device: no name:
02-09 04:21:58.027 V/Avrcp_ext( 2001): updatePlayerStateAndPosition, old=PlaybackState {state=2, position=-1, buffered position=0, speed=0.0, updated=13120, actions=0, custom actions=[], active item id=-1, error=null}, state=PlaybackState {state=2, position=-1, buffered position=0, speed=0.0, updated=13243, actions=0, custom actions=[], active item id=-1, error=null}
02-09 04:21:58.027 V/Avrcp_ext( 2001): old state = PlaybackState {state=2, position=-1, buffered position=0, speed=0.0, updated=13120, actions=0, custom actions=[], active item id=-1, error=null}, new state= PlaybackState {state=2, position=-1, buffered position=0, speed=0.0, updated=13243, actions=0, custom actions=[], active item id=-1, error=null}
02-09 04:21:58.027 D/HeadsetService( 2001): getHeadsetService(): returning com.android.bluetooth.hfp.HeadsetService@8e07092
02-09 04:21:58.027 D/HeadsetService( 2001): isAudioOn: The number of audio connected devices 0
02-09 04:21:58.027 D/HeadsetService( 2001): isScoOrCallActive(): Call Active:falseCall is Ringing:falseSCO is Active:false
02-09 04:21:58.027 D/HeadsetService( 2001): isAudioOn: The number of audio connected devices 0
02-09 04:21:58.027 I/Avrcp_ext( 2001): updatePlayStatusForDevice: device: null
02-09 04:21:58.027 V/Avrcp_ext( 2001): updatePlaybackState (1): old=PlaybackState {state=2, position=-1, buffered position=0, speed=0.0, updated=13120, actions=0, custom actions=[], active item id=-1, error=null}(2), new=PlaybackState {state=2, position=-1, buffered position=0, speed=0.0, updated=13243, actions=0, custom actions=[], active item id=-1, error=null}(2)
02-09 04:21:58.027 I/Avrcp_ext( 2001): Exit updatePlayStatusForDevice
02-09 04:21:58.027 D/HeadsetService( 2001): isAudioOn: The number of audio connected devices 0
02-09 04:21:58.027 D/HeadsetService( 2001): isScoOrCallActive(): Call Active:falseCall is Ringing:falseSCO is Active:false
02-09 04:21:58.027 D/HeadsetService( 2001): isAudioOn: The number of audio connected devices 0
02-09 04:21:58.027 I/Avrcp_ext( 2001): updatePlayStatusForDevice: device: null
02-09 04:21:58.027 V/Avrcp_ext( 2001): updatePlaybackState (1): old=PlaybackState {state=2, position=-1, buffered position=0, speed=0.0, updated=13120, actions=0, custom actions=[], active item id=-1, error=null}(2), new=PlaybackState {state=2, position=-1, buffered position=0, speed=0.0, updated=13243, actions=0, custom actions=[], active item id=-1, error=null}(2)
02-09 04:21:58.027 I/Avrcp_ext( 2001): Exit updatePlayStatusForDevice
02-09 04:21:58.027 D/HeadsetService( 2001): isAudioOn: The number of audio connected devices 0
02-09 04:21:58.027 D/HeadsetService( 2001): isScoOrCallActive(): Call Active:falseCall is Ringing:falseSCO is Active:false
02-09 04:21:58.027 D/HeadsetService( 2001): isAudioOn: The number of audio connected devices 0
02-09 04:21:58.027 I/Avrcp_ext( 2001): updatePlayStatusForDevice: device: null
02-09 04:21:58.028 V/Avrcp_ext( 2001): updatePlaybackState (1): old=PlaybackState {state=2, position=-1, buffered position=0, speed=0.0, updated=13120, actions=0, custom actions=[], active item id=-1, error=null}(2), new=PlaybackState {state=2, position=-1, buffered position=0, speed=0.0, updated=13243, actions=0, custom actions=[], active item id=-1, error=null}(2)
02-09 04:21:58.028 I/Avrcp_ext( 2001): Exit updatePlayStatusForDevice
02-09 04:21:58.028 D/HeadsetService( 2001): isAudioOn: The number of audio connected devices 0
02-09 04:21:58.028 D/HeadsetService( 2001): isScoOrCallActive(): Call Active:falseCall is Ringing:falseSCO is Active:false
02-09 04:21:58.028 D/HeadsetService( 2001): isAudioOn: The number of audio connected devices 0
02-09 04:21:58.028 I/Avrcp_ext( 2001): updatePlayStatusForDevice: device: null
02-09 04:21:58.028 V/Avrcp_ext( 2001): updatePlaybackState (1): old=PlaybackState {state=2, position=-1, buffered position=0, speed=0.0, updated=13120, actions=0, custom actions=[], active item id=-1, error=null}(2), new=PlaybackState {state=2, position=-1, buffered position=0, speed=0.0, updated=13243, actions=0, custom actions=[], active item id=-1, error=null}(2)
02-09 04:21:58.028 I/Avrcp_ext( 2001): Exit updatePlayStatusForDevice
02-09 04:21:58.028 D/HeadsetService( 2001): isAudioOn: The number of audio connected devices 0
02-09 04:21:58.028 D/HeadsetService( 2001): isScoOrCallActive(): Call Active:falseCall is Ringing:falseSCO is Active:false
02-09 04:21:58.028 D/HeadsetService( 2001): isAudioOn: The number of audio connected devices 0
02-09 04:21:58.028 I/Avrcp_ext( 2001): updatePlayStatusForDevice: device: null
02-09 04:21:58.028 V/Avrcp_ext( 2001): updatePlaybackState (1): old=PlaybackState {state=2, position=-1, buffered position=0, speed=0.0, updated=13120, actions=0, custom actions=[], active item id=-1, error=null}(2), new=PlaybackState {state=2, position=-1, buffered position=0, speed=0.0, updated=13243, actions=0, custom actions=[], active item id=-1, error=null}(2)
02-09 04:21:58.028 I/Avrcp_ext( 2001): Exit updatePlayStatusForDevice
02-09 04:21:58.028 D/Avrcp_ext( 2001): Enter sendPlayPosNotificationRsp
02-09 04:21:58.028 D/Avrcp_ext( 2001): sendPlayPosNotificationRsp: Not registered or requesting.
02-09 04:21:58.028 D/Avrcp_ext( 2001): Enter sendPlayPosNotificationRsp
02-09 04:21:58.028 D/Avrcp_ext( 2001): sendPlayPosNotificationRsp: Not registered or requesting.
02-09 04:21:58.028 D/Avrcp_ext( 2001): Enter sendPlayPosNotificationRsp
02-09 04:21:58.028 D/Avrcp_ext( 2001): sendPlayPosNotificationRsp: Not registered or requesting.
02-09 04:21:58.028 D/Avrcp_ext( 2001): Enter sendPlayPosNotificationRsp
02-09 04:21:58.028 D/Avrcp_ext( 2001): sendPlayPosNotificationRsp: Not registered or requesting.
02-09 04:21:58.028 D/Avrcp_ext( 2001): Enter sendPlayPosNotificationRsp
02-09 04:21:58.028 D/Avrcp_ext( 2001): sendPlayPosNotificationRsp: Not registered or requesting.
02-09 04:21:58.028 V/Avrcp_ext( 2001): Exit updatePlayerStateAndPosition
02-09 04:21:58.028 V/Avrcp_ext( 2001): updateCurrentMediaState: mMediaController: null
02-09 04:21:58.028 W/Avrcp_ext( 2001): isMusicActive: true getBluetoothPlayState: 2 A2dp State: 11 mAudioPlaybackIsActive: true
02-09 04:21:58.028 W/Avrcp_ext( 2001): updateCurrentMediaState: isPlaying = false
02-09 04:21:58.028 V/Avrcp_ext( 2001): Media update: id -1➡-1? [MediaAttributes: none] : [MediaAttributes: none]
02-09 04:21:58.028 D/Avrcp_ext( 2001): isPackageNameValid: browsedPackage = isValid = false
02-09 04:21:58.028 V/Avrcp_ext( 2001): updatePlaybackState, state: PlaybackState {state=2, position=-1, buffered position=0, speed=0.0, updated=13244, actions=0, custom actions=[], active item id=-1, error=null} device: null
02-09 04:21:58.028 V/Avrcp_ext( 2001): Device: no name:
02-09 04:21:58.028 V/Avrcp_ext( 2001): Device: no name:
02-09 04:21:58.028 V/Avrcp_ext( 2001): Device: no name:
02-09 04:21:58.028 V/Avrcp_ext( 2001): Device: no name:
02-09 04:21:58.028 V/Avrcp_ext( 2001): Device: no name:
02-09 04:21:58.028 V/Avrcp_ext( 2001): updatePlayerStateAndPosition, old=PlaybackState {state=2, position=-1, buffered position=0, speed=0.0, updated=13243, actions=0, custom actions=[], active item id=-1, error=null}, state=PlaybackState {state=2, position=-1, buffered position=0, speed=0.0, updated=13244, actions=0, custom actions=[], active item id=-1, error=null}
02-09 04:21:58.028 V/Avrcp_ext( 2001): old state = PlaybackState {state=2, position=-1, buffered position=0, speed=0.0, updated=13243, actions=0, custom actions=[], active item id=-1, error=null}, new state= PlaybackState {state=2, position=-1, buffered position=0, speed=0.0, updated=13244, actions=0, custom actions=[], active item id=-1, error=null}
02-09 04:21:58.028 D/HeadsetService( 2001): getHeadsetService(): returning com.android.bluetooth.hfp.HeadsetService@8e07092
02-09 04:21:58.028 D/HeadsetService( 2001): isAudioOn: The number of audio connected devices 0
02-09 04:21:58.029 D/HeadsetService( 2001): isScoOrCallActive(): Call Active:falseCall is Ringing:falseSCO is Active:false
02-09 04:21:58.029 D/HeadsetService( 2001): isAudioOn: The number of audio connected devices 0
02-09 04:21:58.029 I/Avrcp_ext( 2001): updatePlayStatusForDevice: device: null
02-09 04:21:58.029 V/Avrcp_ext( 2001): updatePlaybackState (1): old=PlaybackState {state=2, position=-1, buffered position=0, speed=0.0, updated=13243, actions=0, custom actions=[], active item id=-1, error=null}(2), new=PlaybackState {state=2, position=-1, buffered position=0, speed=0.0, updated=13244, actions=0, custom actions=[], active item id=-1, error=null}(2)
02-09 04:21:58.029 I/Avrcp_ext( 2001): Exit updatePlayStatusForDevice
02-09 04:21:58.029 D/HeadsetService( 2001): isAudioOn: The number of audio connected devices 0
02-09 04:21:58.029 D/HeadsetService( 2001): isScoOrCallActive(): Call Active:falseCall is Ringing:falseSCO is Active:false
02-09 04:21:58.029 D/HeadsetService( 2001): isAudioOn: The number of audio connected devices 0
02-09 04:21:58.029 I/Avrcp_ext( 2001): updatePlayStatusForDevice: device: null
02-09 04:21:58.029 V/Avrcp_ext( 2001): updatePlaybackState (1): old=PlaybackState {state=2, position=-1, buffered position=0, speed=0.0, updated=13243, actions=0, custom actions=[], active item id=-1, error=null}(2), new=PlaybackState {state=2, position=-1, buffered position=0, speed=0.0, updated=13244, actions=0, custom actions=[], active item id=-1, error=null}(2)
02-09 04:21:58.029 I/Avrcp_ext( 2001): Exit updatePlayStatusForDevice
02-09 04:21:58.029 D/HeadsetService( 2001): isAudioOn: The number of audio connected devices 0
02-09 04:21:58.029 D/HeadsetService( 2001): isScoOrCallActive(): Call Active:falseCall is Ringing:falseSCO is Active:false
02-09 04:21:58.029 D/HeadsetService( 2001): isAudioOn: The number of audio connected devices 0
02-09 04:21:58.029 I/Avrcp_ext( 2001): updatePlayStatusForDevice: device: null
02-09 04:21:58.029 V/Avrcp_ext( 2001): updatePlaybackState (1): old=PlaybackState {state=2, position=-1, buffered position=0, speed=0.0, updated=13243, actions=0, custom actions=[], active item id=-1, error=null}(2), new=PlaybackState {state=2, position=-1, buffered position=0, speed=0.0, updated=13244, actions=0, custom actions=[], active item id=-1, error=null}(2)
02-09 04:21:58.029 I/Avrcp_ext( 2001): Exit updatePlayStatusForDevice
02-09 04:21:58.029 D/HeadsetService( 2001): isAudioOn: The number of audio connected devices 0
02-09 04:21:58.029 D/HeadsetService( 2001): isScoOrCallActive(): Call Active:falseCall is Ringing:falseSCO is Active:false
02-09 04:21:58.029 D/HeadsetService( 2001): isAudioOn: The number of audio connected devices 0
02-09 04:21:58.029 I/Avrcp_ext( 2001): updatePlayStatusForDevice: device: null
02-09 04:21:58.029 V/Avrcp_ext( 2001): updatePlaybackState (1): old=PlaybackState {state=2, position=-1, buffered position=0, speed=0.0, updated=13243, actions=0, custom actions=[], active item id=-1, error=null}(2), new=PlaybackState {state=2, position=-1, buffered position=0, speed=0.0, updated=13244, actions=0, custom actions=[], active item id=-1, error=null}(2)
02-09 04:21:58.029 I/Avrcp_ext( 2001): Exit updatePlayStatusForDevice
