01-02 09:38:28.174 I/fastrpc soc( 0): qcom,msm_fastrpc:qcom,msm_fastrpc_compute_cb6: Linked as a consumer to 15000000.apps-smmu
01-02 09:38:28.174 I/iommu ( 0): Adding device soc:qcom,msm_fastrpc:qcom,msm_fastrpc_compute_cb6 to group 37
01-02 09:38:28.175 I/fastrpc soc( 0): qcom,msm_fastrpc:qcom,msm_fastrpc_compute_cb7: Linked as a consumer to 15000000.apps-smmu
01-02 09:38:28.175 I/iommu ( 0): Adding device soc:qcom,msm_fastrpc:qcom,msm_fastrpc_compute_cb7 to group 38
01-02 09:38:28.175 I/fastrpc soc( 0): qcom,msm_fastrpc:qcom,msm_fastrpc_compute_cb8: Linked as a consumer to 15000000.apps-smmu
01-02 09:38:28.175 I/iommu ( 0): Adding device soc:qcom,msm_fastrpc:qcom,msm_fastrpc_compute_cb8 to group 39
01-02 09:38:28.176 I/fastrpc soc( 0): qcom,msm_fastrpc:qcom,msm_fastrpc_compute_cb9: Linked as a consumer to 15000000.apps-smmu
01-02 09:38:28.176 I/iommu ( 0): Adding device soc:qcom,msm_fastrpc:qcom,msm_fastrpc_compute_cb9 to group 40
01-02 09:38:28.176 I/fastrpc soc( 0): qcom,msm_fastrpc:qcom,msm_fastrpc_compute_cb10: Linked as a consumer to 15000000.apps-smmu
01-02 09:38:28.176 I/iommu ( 0): Adding device soc:qcom,msm_fastrpc:qcom,msm_fastrpc_compute_cb10 to group 41
01-02 09:38:28.177 I/fastrpc soc( 0): qcom,msm_fastrpc:qcom,msm_fastrpc_compute_cb11: Linked as a consumer to 15000000.apps-smmu
01-02 09:38:28.177 I/iommu ( 0): Adding device soc:qcom,msm_fastrpc:qcom,msm_fastrpc_compute_cb11 to group 42
01-02 09:38:28.177 I/fastrpc soc( 0): qcom,msm_fastrpc:qcom,msm_fastrpc_compute_cb12: Linked as a consumer to 15000000.apps-smmu
01-02 09:38:28.177 I/iommu ( 0): Adding device soc:qcom,msm_fastrpc:qcom,msm_fastrpc_compute_cb12 to group 43
01-02 09:38:28.178 I/fastrpc soc( 0): qcom,msm_fastrpc:qcom,msm_fastrpc_compute_cb13: Linked as a consumer to 15000000.apps-smmu
01-02 09:38:28.178 I/iommu ( 0): Adding device soc:qcom,msm_fastrpc:qcom,msm_fastrpc_compute_cb13 to group 44
01-02 09:38:28.178 I/fastrpc soc( 0): qcom,msm_fastrpc:qcom,msm_fastrpc_compute_cb14: Linked as a consumer to 15000000.apps-smmu
01-02 09:38:28.178 I/iommu ( 0): Adding device soc:qcom,msm_fastrpc:qcom,msm_fastrpc_compute_cb14 to group 45
01-02 09:38:28.178 I/fastrpc soc( 0): qcom,msm_fastrpc:qcom,msm_fastrpc_compute_cb15: Linked as a consumer to 15000000.apps-smmu
01-02 09:38:28.179 I/iommu ( 0): Adding device soc:qcom,msm_fastrpc:qcom,msm_fastrpc_compute_cb15 to group 46
01-02 09:38:28.179 I/adsprpc ( 0): fastrpc_device_init: SSR notifier registered for adsp
01-02 09:38:28.179 I/adsprpc ( 0): fastrpc_device_init: SSR notifier registered for modem
01-02 09:38:28.179 I/adsprpc ( 0): fastrpc_device_init: SSR notifier registered for slpi
01-02 09:38:28.179 I/adsprpc ( 0): fastrpc_device_init: SSR notifier registered for cdsp
01-02 09:38:28.179 E/register_client_adhoc( 0): find path.src 1 dest 589
01-02 09:38:28.179 E/register_client_adhoc( 0): Failed to find path.src 1 dest 589
01-02 09:38:28.180 E/register_client_adhoc( 0): find path.src 1 dest 589
01-02 09:38:28.180 E/register_client_adhoc( 0): Failed to find path.src 1 dest 589
01-02 09:38:28.180 I/ngd_msm_ctrl 3ac0000.slim( 0): Linked as a consumer to 15000000.apps-smmu
01-02 09:38:28.180 I/iommu ( 0): Adding device 3ac0000.slim to group 47
01-02 09:38:28.181 E/register_client_adhoc( 0): find path.src 1 dest 589
01-02 09:38:28.181 E/register_client_adhoc( 0): Failed to find path.src 1 dest 589
01-02 09:38:28.182 I/input ( 0): gpio-keys as /devices/platform/soc/soc:gpio_keys/input/input3
01-02 09:38:28.182 E/register_client_adhoc( 0): find path.src 1 dest 589
01-02 09:38:28.182 E/register_client_adhoc( 0): Failed to find path.src 1 dest 589
01-02 09:38:28.183 E/register_client_adhoc( 0): find path.src 1 dest 589
01-02 09:38:28.183 E/register_client_adhoc( 0): Failed to find path.src 1 dest 589
01-02 09:38:28.184 I/lpm_levels( 0): Cluster (L3) stats not registered
01-02 09:38:28.185 E/register_client_adhoc( 0): find path.src 1 dest 589
01-02 09:38:28.185 E/register_client_adhoc( 0): Failed to find path.src 1 dest 589
01-02 09:38:28.186 E/register_client_adhoc( 0): find path.src 1 dest 589
01-02 09:38:28.187 E/register_client_adhoc( 0): Failed to find path.src 1 dest 589
01-02 09:38:28.188 I/ ( 0): rmnet_ipa3 started initialization
01-02 09:38:28.188 E/register_client_adhoc( 0): find path.src 1 dest 589
01-02 09:38:28.188 E/register_client_adhoc( 0): Failed to find path.src 1 dest 589
01-02 09:38:28.189 E/register_client_adhoc( 0): find path.src 1 dest 589
01-02 09:38:28.189 E/register_client_adhoc( 0): Failed to find path.src 1 dest 589
01-02 09:38:28.189 I/ ( 0): RNDIS_IPA module is loaded.
01-02 09:38:28.189 E/ ( 0): [drm:dp_display_init_aux_switch][msm-dp-err][1 ]failed to register notifier (-22)
01-02 09:38:28.190 I/ ( 0): msm notifier probed successfully
01-02 09:38:28.190 E/register_client_adhoc( 0): find path.src 1 dest 589
01-02 09:38:28.190 E/register_client_adhoc( 0): Failed to find path.src 1 dest 589
01-02 09:38:28.190 E/ ( 0): [drm:dp_display_init_aux_switch][msm-dp-err][18 ]failed to register notifier (-22)
01-02 09:38:28.191 I/cfg80211( 0): Loading compiled-in X.509 certificates for regulatory database
01-02 09:38:28.192 I/cfg80211( 0): Loaded X.509 cert 'sforshee: 00b28ddf47aef9cea7'
01-02 09:38:28.193 E/msm_bus_late_init( 0): Remove handoff bw requests
01-02 09:38:28.193 I/regulator_proxy_consumer_remove_all( 0): removing regulator proxy consumer requests
01-02 09:38:28.194 I/ ( 0): ALSA device list:
01-02 09:38:28.194 I/ ( 0): No soundcards found.
01-02 09:38:28.194 E/ ( 0): Warning: unable to open an initial console.
01-02 09:38:28.195 I/ ( 0): Freeing unused kernel memory: 4096K
01-02 09:38:28.195 I/ ( 0): Run /init as init process
01-02 09:38:28.197 I/init ( 0): init first stage started!
01-02 09:38:28.197 I/init ( 0): Unable to open /lib/modules, skipping module loading.
01-02 09:38:28.197 I/init ( 0): [libfs_mgr]dt_fstab: Skip disabled entry for partition vendor
01-02 09:38:28.197 I/init ( 0): [libfs_mgr]ReadFstabFromDt(): failed to read fstab from dt
01-02 09:38:28.198 I/init ( 0): [libfs_mgr]dt_fstab: Skip disabled entry for partition vendor
01-02 09:38:28.198 W/init ( 0): [libfs_mgr]Warning: unknown flag: resize
01-02 09:38:28.198 I/init ( 0): Using Android DT directory /proc/device-tree/firmware/android/
01-02 09:38:28.211 I/init ( 0): [libfs_mgr]superblock s_max_mnt_count:65535,/dev/block/platform/soc/1d84000.ufshc/by-name/metadata
01-02 09:38:28.211 I/init ( 0): [libfs_mgr]check_fs(): mount(/dev/block/platform/soc/1d84000.ufshc/by-name/metadata,/metadata,ext4)=-1: No such file or directory
01-02 09:38:28.211 I/init ( 0): [libfs_mgr]Running /system/bin/e2fsck on /dev/block/sda11
01-02 09:38:28.213 I/e2fsck ( 0): e2fsck 1.45.4 (23-Sep-2019)
01-02 09:38:28.215 I/e2fsck ( 0): Pass 1: Checking inodes, blocks, and sizes
01-02 09:38:28.217 I/e2fsck ( 0): Pass 2: Checking directory structure
01-02 09:38:28.218 I/e2fsck ( 0): Pass 3: Checking directory connectivity
01-02 09:38:28.218 I/e2fsck ( 0): Pass 4: Checking reference counts
01-02 09:38:28.219 I/e2fsck ( 0): Pass 5: Checking group summary information
01-02 09:38:28.222 I/e2fsck ( 0): /dev/block/platform/soc/1d84000.ufshc/by-name/metadata: 33/4096 files (0.0% non-contiguous), 1197/4096 blocks
01-02 09:38:28.224 I/EXT4-fs (sda11)( 0): mounted filesystem with ordered data mode. Opts: discard
01-02 09:38:28.229 I/device-mapper( 0): verity: sha256 using implementation "sha256-ce"
01-02 09:38:28.233 W/EXT4-fs (dm-5)( 0): mounting with "discard" option, but the device does not support discard
01-02 09:38:28.233 I/EXT4-fs (dm-5)( 0): mounted filesystem without journal. Opts: barrier=1,discard
01-02 09:38:28.236 I/device-mapper( 0): verity: sha256 using implementation "sha256-ce"
01-02 09:38:28.240 W/EXT4-fs (dm-6)( 0): mounting with "discard" option, but the device does not support discard
01-02 09:38:28.240 I/EXT4-fs (dm-6)( 0): mounted filesystem without journal. Opts: barrier=1,discard
01-02 09:38:28.241 I/device-mapper( 0): verity: sha256 using implementation "sha256-ce"
01-02 09:38:28.245 W/EXT4-fs (dm-7)( 0): mounting with "discard" option, but the device does not support discard
01-02 09:38:28.245 I/EXT4-fs (dm-7)( 0): mounted filesystem without journal. Opts: barrier=1,discard
01-02 09:38:28.246 I/device-mapper( 0): verity: sha1 using implementation "sha1-ce"
01-02 09:38:28.251 W/EXT4-fs (dm-8)( 0): mounting with "discard" option, but the device does not support discard
01-02 09:38:28.251 I/EXT4-fs (dm-8)( 0): mounted filesystem without journal. Opts: barrier=1,discard
01-02 09:38:28.252 I/device-mapper( 0): verity: sha1 using implementation "sha1-ce"
01-02 09:38:28.256 W/EXT4-fs (dm-9)( 0): mounting with "discard" option, but the device does not support discard
01-02 09:38:28.256 I/EXT4-fs (dm-9)( 0): mounted filesystem without journal. Opts: barrier=1,discard
01-02 09:38:28.257 I/EXT4-fs (sda2)( 0): mounted filesystem with ordered data mode. Opts: barrier=1
01-02 09:38:28.271 W/init ( 0): 37 output lines suppressed due to ratelimiting
01-02 09:38:28.401 I/init ( 0): [libfs_mgr]dt_fstab: Skip disabled entry for partition vendor
01-02 09:38:28.401 I/init ( 0): [libfs_mgr]GetFstabPath()fstab_path:/odm/etc/fstab.default
01-02 09:38:28.402 I/init ( 0): [libfs_mgr]GetFstabPath()fstab_path:/vendor/etc/fstab.default
01-02 09:38:28.403 I/init ( 0): [libfs_mgr]GetFstabPath()fstab_path:/system/etc/fstab.default
01-02 09:38:28.403 I/init ( 0): [libfs_mgr]GetFstabPath()fstab_path:/first_stage_ramdisk/system/etc/fstab.default
01-02 09:38:28.403 I/init ( 0): [libfs_mgr]GetFstabPath()fstab_path:/fstab.default
01-02 09:38:28.403 I/init ( 0): [libfs_mgr]GetFstabPath()fstab_path:/first_stage_ramdisk/fstab.default
01-02 09:38:28.403 I/init ( 0): [libfs_mgr]GetFstabPath()fstab_path:/odm/etc/fstab.qcom
01-02 09:38:28.403 I/init ( 0): [libfs_mgr]GetFstabPath()fstab_path:/vendor/etc/fstab.qcom
01-02 09:38:28.404 I/init ( 0): [libfs_mgr]GetFstabPath()fstab_path.c_str():/vendor/etc/fstab.qcom
01-02 09:38:29.460 I/SELinux ( 0): policy capability network_peer_controls=1
01-02 09:38:29.460 I/SELinux ( 0): policy capability open_perms=1
01-02 09:38:29.460 I/SELinux ( 0): policy capability extended_socket_class=1
01-02 09:38:29.460 I/SELinux ( 0): policy capability always_check_network=0
01-02 09:38:29.460 I/SELinux ( 0): policy capability cgroup_seclabel=0
01-02 09:38:29.460 I/SELinux ( 0): policy capability nnp_nosuid_transition=1
01-02 09:38:29.487 I/auditd ( 502): type=1403 audit(0.0:2): auid=4294967295 ses=4294967295 lsm=selinux res=1
01-02 09:38:29.487 I/auditd ( 502): type=1404 audit(0.0:3): enforcing=1 old_enforcing=0 auid=4294967295 ses=4294967295 enabled=1 old-enabled=1 lsm=selinux res=1
01-02 09:38:29.497 W/init ( 0): 8 output lines suppressed due to ratelimiting
01-02 09:38:29.508 I/init ( 0): init second stage started!
01-02 09:38:29.522 I/init ( 0): Using Android DT directory /proc/device-tree/firmware/android/
01-02 09:38:29.524 E/init ( 0): Do not have permissions to set 'ro.adb.secure' to '1' in property file '/vendor/default.prop': SELinux permission check failed
01-02 09:38:29.525 E/init ( 0): Do not have permissions to set 'persist.backup.ntpServer' to '0.pool.ntp.org' in property file '/vendor/build.prop': SELinux permission check failed
01-02 09:38:29.525 W/init ( 0): Overriding previous property 'dalvik.vm.heapsize':'36m' with new value '512m'
01-02 09:38:29.525 E/init ( 0): Do not have permissions to set 'persist.vendor.bt.a2dp_offload_cap' to 'sbc-aptx-aptxtws-aptxhd-aac-ldac' in property file '/vendor/build.prop': SELinux permission check failed
01-02 09:38:29.525 E/init ( 0): Do not have permissions to set 'vendor.mm.enable.qcom_parser' to '16777215' in property file '/vendor/build.prop': SELinux permission check failed
01-02 09:38:29.525 E/init ( 0): Do not have permissions to set 'persist.demo.hdmirotationlock' to 'false' in property file '/vendor/build.prop': SELinux permission check failed
01-02 09:38:29.526 W/init ( 0): Couldn't load property file '/vendor_dlkm/etc/build.prop': open() failed: No such file or directory: No such file or directory
01-02 09:38:29.526 W/init ( 0): Couldn't load property file '/odm_dlkm/etc/build.prop': open() failed: No such file or directory: No such file or directory
01-02 09:38:29.531 I/auditd ( 1): type=1400 audit(0.0:4): avc: denied { relabelto } for comm="init" name="persist" dev="tmpfs" ino=12335 scontext=u:r:init:s0 tcontext=u:object_r:vendor_persist_block_device:s0 tclass=lnk_file permissive=0
01-02 09:38:29.551 I/auditd ( 1): type=1107 audit(0.0:5): uid=0 auid=4294967295 ses=4294967295 subj=u:r:init:s0 msg='avc: denied { read } for property=persist.debug.trace pid=0 uid=0 gid=0 scontext=u:r:vendor_init:s0 tcontext=u:object_r:persist_debug_prop:s0 tclass=file permissive=0'
01-02 09:38:29.685 I/ueventd ( 0): ueventd started!
01-02 09:38:29.686 I/selinux ( 0): SELinux: Loaded file_contexts
01-02 09:38:29.686 I/selinux ( 0):
01-02 09:38:29.686 I/ueventd ( 0): Parsing file /system/etc/ueventd.rc...
01-02 09:38:29.687 I/ueventd ( 0): Added '/vendor/etc/ueventd.rc' to import list
01-02 09:38:29.687 I/ueventd ( 0): Added '/odm/etc/ueventd.rc' to import list
01-02 09:38:29.687 I/ueventd ( 0): Parsing file /vendor/etc/ueventd.rc...
01-02 09:38:29.687 I/ueventd ( 0): Unable to read config file '/vendor/etc/ueventd.rc': open() failed: No such file or directory
01-02 09:38:29.687 I/ueventd ( 0): Parsing file /odm/etc/ueventd.rc...
01-02 09:38:29.687 I/ueventd ( 0): Unable to read config file '/odm/etc/ueventd.rc': open() failed: No such file or directory
01-02 09:38:29.815 I/auditd ( 477): type=1400 audit(0.0:6): avc: denied { read } for comm="ueventd" name="persist" dev="tmpfs" ino=12335 scontext=u:r:ueventd:s0 tcontext=u:object_r:tmpfs:s0 tclass=lnk_file permissive=0
01-02 09:38:29.911 I/auditd ( 1): type=1400 audit(0.0:7): avc: denied { mounton } for comm="init" path="/sys/kernel/tracing" dev="tracefs" ino=1 scontext=u:r:init:s0 tcontext=u:object_r:debugfs_tracing_debug:s0 tclass=dir permissive=0
01-02 09:38:29.960 W/msm_11ad soc( 0): qcom,wil6210: GPIO not found, dc GPIO not used
01-02 09:38:29.960 W/msm_11ad soc( 0): qcom,wil6210: GPIO not found, enable GPIO not used
01-02 09:38:29.960 W/msm_11ad soc( 0): qcom,wil6210: GPIO not found, sleep clock not used
01-02 09:38:29.960 W/msm_11ad soc( 0): qcom,wil6210: soc:qcom,wil6210 supply vdd not found, using dummy regulator
01-02 09:38:29.960 I/msm_11ad soc( 0): qcom,wil6210: Linked as a consumer to regulator.0
01-02 09:38:29.960 I/msm_11ad soc( 0): qcom,wil6210: Linked as a consumer to regulator.8
01-02 09:38:29.960 I/msm_11ad soc( 0): qcom,wil6210: Linked as a consumer to regulator.26
01-02 09:38:29.961 E/msm_pcie_enumerate( 0): PCIe: RC1: has already been enumerated.
01-02 09:38:29.961 E/msm_11ad soc( 0): qcom,wil6210: Wigig device not found
01-02 09:38:29.961 I/msm_11ad soc( 0): qcom,wil6210: Dropping the link to regulator.26
01-02 09:38:29.961 I/msm_11ad soc( 0): qcom,wil6210: Dropping the link to regulator.0
01-02 09:38:29.961 I/msm_11ad soc( 0): qcom,wil6210: Dropping the link to regulator.8
01-02 09:38:29.979 W/q6_pdr_dlkm( 0): loading out-of-tree module taints kernel.
01-02 09:38:29.982 W/apr_dlkm( 0): no symbol version for snd_event_notify
01-02 09:38:29.983 E/register_client_adhoc( 0): find path.src 1 dest 589
01-02 09:38:29.983 E/register_client_adhoc( 0): Failed to find path.src 1 dest 589
01-02 09:38:29.984 E/ ( 0): [drm:dp_display_init_aux_switch][msm-dp-err][30 ]failed to register notifier (-22)
01-02 09:38:29.987 E/register_client_adhoc( 0): find path.src 1 dest 589
01-02 09:38:29.987 E/register_client_adhoc( 0): Failed to find path.src 1 dest 589
01-02 09:38:29.987 E/ ( 0): [drm:dp_display_init_aux_switch][msm-dp-err][491 ]failed to register notifier (-22)
01-02 09:38:30.018 W/ ( 0): **********************************************************
01-02 09:38:30.018 W/ ( 0): ** NOTICE NOTICE NOTICE NOTICE NOTICE NOTICE NOTICE **
01-02 09:38:30.018 W/ ( 0): ** **
01-02 09:38:30.018 W/ ( 0): ** trace_printk() being used. Allocating extra memory. **
01-02 09:38:30.018 W/ ( 0): ** **
01-02 09:38:30.018 W/ ( 0): ** This means that this is a DEBUG kernel and it is **
01-02 09:38:30.018 W/ ( 0): ** unsafe for production use. **
01-02 09:38:30.018 W/ ( 0): ** **
01-02 09:38:30.018 W/ ( 0): ** If you see this message and you are not debugging **
01-02 09:38:30.018 W/ ( 0): ** the kernel, report this immediately to your vendor! **
01-02 09:38:30.018 W/ ( 0): ** **
01-02 09:38:30.018 W/ ( 0): ** NOTICE NOTICE NOTICE NOTICE NOTICE NOTICE NOTICE **
01-02 09:38:30.018 W/ ( 0): **********************************************************
01-02 09:38:30.020 E/register_client_adhoc( 0): find path.src 1 dest 589
01-02 09:38:30.020 E/register_client_adhoc( 0): Failed to find path.src 1 dest 589
01-02 09:38:30.020 E/ ( 0): [drm:dp_display_init_aux_switch][msm-dp-err][79 ]failed to register notifier (-22)
01-02 09:38:30.035 E/register_client_adhoc( 0): find path.src 1 dest 589
01-02 09:38:30.035 E/register_client_adhoc( 0): Failed to find path.src 1 dest 589
01-02 09:38:30.036 E/ ( 0): [drm:dp_display_init_aux_switch][msm-dp-err][79 ]failed to register notifier (-22)
01-02 09:38:30.036 E/register_client_adhoc( 0): find path.src 1 dest 589
01-02 09:38:30.036 E/register_client_adhoc( 0): Failed to find path.src 1 dest 589
01-02 09:38:30.036 E/ ( 0): [drm:dp_display_init_aux_switch][msm-dp-err][79 ]failed to register notifier (-22)
01-02 09:38:30.036 E/register_client_adhoc( 0): find path.src 1 dest 589
01-02 09:38:30.036 E/register_client_adhoc( 0): Failed to find path.src 1 dest 589
01-02 09:38:30.036 E/ ( 0): [drm:dp_display_init_aux_switch][msm-dp-err][79 ]failed to register notifier (-22)
01-02 09:38:30.036 E/register_client_adhoc( 0): find path.src 1 dest 589
01-02 09:38:30.036 E/register_client_adhoc( 0): Failed to find path.src 1 dest 589
01-02 09:38:30.037 E/ ( 0): [drm:dp_display_init_aux_switch][msm-dp-err][79 ]failed to register notifier (-22)
01-02 09:38:30.037 E/register_client_adhoc( 0): find path.src 1 dest 589
01-02 09:38:30.037 E/register_client_adhoc( 0): Failed to find path.src 1 dest 589
01-02 09:38:30.037 E/ ( 0): [drm:dp_display_init_aux_switch][msm-dp-err][79 ]failed to register notifier (-22)
01-02 09:38:30.037 E/register_client_adhoc( 0): find path.src 1 dest 589
01-02 09:38:30.037 E/register_client_adhoc( 0): Failed to find path.src 1 dest 589
01-02 09:38:30.037 E/ ( 0): [drm:dp_display_init_aux_switch][msm-dp-err][79 ]failed to register notifier (-22)
01-02 09:38:30.037 E/register_client_adhoc( 0): find path.src 1 dest 589
01-02 09:38:30.037 E/register_client_adhoc( 0): Failed to find path.src 1 dest 589
01-02 09:38:30.037 E/ ( 0): [drm:dp_display_init_aux_switch][msm-dp-err][79 ]failed to register notifier (-22)
01-02 09:38:30.037 E/register_client_adhoc( 0): find path.src 1 dest 589
01-02 09:38:30.037 E/register_client_adhoc( 0): Failed to find path.src 1 dest 589
01-02 09:38:30.037 E/ ( 0): [drm:dp_display_init_aux_switch][msm-dp-err][79 ]failed to register notifier (-22)
01-02 09:38:30.037 E/register_client_adhoc( 0): find path.src 1 dest 589
01-02 09:38:30.037 E/register_client_adhoc( 0): Failed to find path.src 1 dest 589
01-02 09:38:30.037 E/ ( 0): [drm:dp_display_init_aux_switch][msm-dp-err][79 ]failed to register notifier (-22)
01-02 09:38:30.038 E/register_client_adhoc( 0): find path.src 1 dest 589
01-02 09:38:30.038 E/register_client_adhoc( 0): Failed to find path.src 1 dest 589
01-02 09:38:30.038 E/ ( 0): [drm:dp_display_init_aux_switch][msm-dp-err][79 ]failed to register notifier (-22)
01-02 09:38:30.038 E/register_client_adhoc( 0): find path.src 1 dest 589
01-02 09:38:30.038 E/register_client_adhoc( 0): Failed to find path.src 1 dest 589
01-02 09:38:30.038 E/ ( 0): [drm:dp_display_init_aux_switch][msm-dp-err][79 ]failed to register notifier (-22)
01-02 09:38:30.039 E/register_client_adhoc( 0): find path.src 1 dest 589
01-02 09:38:30.039 E/register_client_adhoc( 0): Failed to find path.src 1 dest 589
01-02 09:38:30.040 E/ ( 0): [drm:dp_display_init_aux_switch][msm-dp-err][79 ]failed to register notifier (-22)
01-02 09:38:30.040 E/register_client_adhoc( 0): find path.src 1 dest 589
01-02 09:38:30.040 E/register_client_adhoc( 0): Failed to find path.src 1 dest 589
01-02 09:38:30.040 E/ ( 0): [drm:dp_display_init_aux_switch][msm-dp-err][79 ]failed to register notifier (-22)
01-02 09:38:30.040 E/register_client_adhoc( 0): find path.src 1 dest 589
01-02 09:38:30.040 E/register_client_adhoc( 0): Failed to find path.src 1 dest 589
01-02 09:38:30.040 E/ ( 0): [drm:dp_display_init_aux_switch][msm-dp-err][79 ]failed to register notifier (-22)
01-02 09:38:30.040 E/register_client_adhoc( 0): find path.src 1 dest 589
01-02 09:38:30.040 E/register_client_adhoc( 0): Failed to find path.src 1 dest 589
01-02 09:38:30.040 E/ ( 0): [drm:dp_display_init_aux_switch][msm-dp-err][79 ]failed to register notifier (-22)
01-02 09:38:30.040 E/register_client_adhoc( 0): find path.src 1 dest 589
01-02 09:38:30.040 E/register_client_adhoc( 0): Failed to find path.src 1 dest 589
01-02 09:38:30.040 E/ ( 0): [drm:dp_display_init_aux_switch][msm-dp-err][79 ]failed to register notifier (-22)
01-02 09:38:30.040 E/register_client_adhoc( 0): find path.src 1 dest 589
01-02 09:38:30.040 E/register_client_adhoc( 0): Failed to find path.src 1 dest 589
01-02 09:38:30.041 E/ ( 0): [drm:dp_display_init_aux_switch][msm-dp-err][79 ]failed to register notifier (-22)
01-02 09:38:30.041 E/register_client_adhoc( 0): find path.src 1 dest 589
01-02 09:38:30.041 E/register_client_adhoc( 0): Failed to find path.src 1 dest 589
01-02 09:38:30.041 E/ ( 0): [drm:dp_display_init_aux_switch][msm-dp-err][79 ]failed to register notifier (-22)
01-02 09:38:30.041 E/register_client_adhoc( 0): find path.src 1 dest 589
01-02 09:38:30.041 E/register_client_adhoc( 0): Failed to find path.src 1 dest 589
01-02 09:38:30.041 E/ ( 0): [drm:dp_display_init_aux_switch][msm-dp-err][79 ]failed to register notifier (-22)
01-02 09:38:30.041 E/register_client_adhoc( 0): find path.src 1 dest 589
01-02 09:38:30.041 E/register_client_adhoc( 0): Failed to find path.src 1 dest 589
01-02 09:38:30.041 E/ ( 0): [drm:dp_display_init_aux_switch][msm-dp-err][79 ]failed to register notifier (-22)
01-02 09:38:30.041 E/register_client_adhoc( 0): find path.src 1 dest 589
01-02 09:38:30.041 E/register_client_adhoc( 0): Failed to find path.src 1 dest 589
01-02 09:38:30.041 E/ ( 0): [drm:dp_display_init_aux_switch][msm-dp-err][79 ]failed to register notifier (-22)
01-02 09:38:30.041 E/register_client_adhoc( 0): find path.src 1 dest 589
01-02 09:38:30.041 E/register_client_adhoc( 0): Failed to find path.src 1 dest 589
01-02 09:38:30.041 E/ ( 0): [drm:dp_display_init_aux_switch][msm-dp-err][79 ]failed to register notifier (-22)
01-02 09:38:30.041 E/register_client_adhoc( 0): find path.src 1 dest 589
01-02 09:38:30.041 E/register_client_adhoc( 0): Failed to find path.src 1 dest 589
01-02 09:38:30.042 E/ ( 0): [drm:dp_display_init_aux_switch][msm-dp-err][79 ]failed to register notifier (-22)
01-02 09:38:30.042 E/register_client_adhoc( 0): find path.src 1 dest 589
01-02 09:38:30.042 E/register_client_adhoc( 0): Failed to find path.src 1 dest 589
01-02 09:38:30.042 E/ ( 0): [drm:dp_display_init_aux_switch][msm-dp-err][79 ]failed to register notifier (-22)
01-02 09:38:30.042 E/register_client_adhoc( 0): find path.src 1 dest 589
01-02 09:38:30.042 E/register_client_adhoc( 0): Failed to find path.src 1 dest 589
01-02 09:38:30.042 E/ ( 0): [drm:dp_display_init_aux_switch][msm-dp-err][79 ]failed to register notifier (-22)
01-02 09:38:30.042 E/register_client_adhoc( 0): find path.src 1 dest 589
01-02 09:38:30.042 E/register_client_adhoc( 0): Failed to find path.src 1 dest 589
01-02 09:38:30.042 E/ ( 0): [drm:dp_display_init_aux_switch][msm-dp-err][79 ]failed to register notifier (-22)
01-02 09:38:30.042 E/register_client_adhoc( 0): find path.src 1 dest 589
01-02 09:38:30.042 E/register_client_adhoc( 0): Failed to find path.src 1 dest 589
01-02 09:38:30.042 E/ ( 0): [drm:dp_display_init_aux_switch][msm-dp-err][79 ]failed to register notifier (-22)
01-02 09:38:30.042 E/register_client_adhoc( 0): find path.src 1 dest 589
01-02 09:38:30.042 E/register_client_adhoc( 0): Failed to find path.src 1 dest 589
01-02 09:38:30.042 E/ ( 0): [drm:dp_display_init_aux_switch][msm-dp-err][79 ]failed to register notifier (-22)
01-02 09:38:30.042 E/register_client_adhoc( 0): find path.src 1 dest 589
01-02 09:38:30.042 E/register_client_adhoc( 0): Failed to find path.src 1 dest 589
01-02 09:38:30.043 E/ ( 0): [drm:dp_display_init_aux_switch][msm-dp-err][79 ]failed to register notifier (-22)
01-02 09:38:30.043 E/register_client_adhoc( 0): find path.src 1 dest 589
01-02 09:38:30.043 E/register_client_adhoc( 0): Failed to find path.src 1 dest 589
01-02 09:38:30.043 E/ ( 0): [drm:dp_display_init_aux_switch][msm-dp-err][79 ]failed to register notifier (-22)
01-02 09:38:30.043 E/register_client_adhoc( 0): find path.src 1 dest 589
01-02 09:38:30.043 E/register_client_adhoc( 0): Failed to find path.src 1 dest 589
01-02 09:38:30.043 E/ ( 0): [drm:dp_display_init_aux_switch][msm-dp-err][79 ]failed to register notifier (-22)
01-02 09:38:30.043 E/register_client_adhoc( 0): find path.src 1 dest 589
01-02 09:38:30.043 E/register_client_adhoc( 0): Failed to find path.src 1 dest 589
01-02 09:38:30.043 E/ ( 0): [drm:dp_display_init_aux_switch][msm-dp-err][79 ]failed to register notifier (-22)
01-02 09:38:30.043 E/register_client_adhoc( 0): find path.src 1 dest 589
01-02 09:38:30.043 E/register_client_adhoc( 0): Failed to find path.src 1 dest 589
01-02 09:38:30.043 E/ ( 0): [drm:dp_display_init_aux_switch][msm-dp-err][79 ]failed to register notifier (-22)
01-02 09:38:30.043 E/register_client_adhoc( 0): find path.src 1 dest 589
01-02 09:38:30.043 E/register_client_adhoc( 0): Failed to find path.src 1 dest 589
01-02 09:38:30.043 E/ ( 0): [drm:dp_display_init_aux_switch][msm-dp-err][79 ]failed to register notifier (-22)
01-02 09:38:30.043 E/register_client_adhoc( 0): find path.src 1 dest 589
01-02 09:38:30.043 E/register_client_adhoc( 0): Failed to find path.src 1 dest 589
01-02 09:38:30.044 E/ ( 0): [drm:dp_display_init_aux_switch][msm-dp-err][79 ]failed to register notifier (-22)
01-02 09:38:30.044 E/register_client_adhoc( 0): find path.src 1 dest 589
01-02 09:38:30.044 E/register_client_adhoc( 0): Failed to find path.src 1 dest 589
01-02 09:38:30.044 E/ ( 0): [drm:dp_display_init_aux_switch][msm-dp-err][79 ]failed to register notifier (-22)
01-02 09:38:30.044 E/register_client_adhoc( 0): find path.src 1 dest 589
01-02 09:38:30.044 E/register_client_adhoc( 0): Failed to find path.src 1 dest 589
01-02 09:38:30.044 E/ ( 0): [drm:dp_display_init_aux_switch][msm-dp-err][79 ]failed to register notifier (-22)
01-02 09:38:30.044 E/register_client_adhoc( 0): find path.src 1 dest 589
01-02 09:38:30.044 E/register_client_adhoc( 0): Failed to find path.src 1 dest 589
01-02 09:38:30.044 E/ ( 0): [drm:dp_display_init_aux_switch][msm-dp-err][79 ]failed to register notifier (-22)
01-02 09:38:30.044 E/register_client_adhoc( 0): find path.src 1 dest 589
01-02 09:38:30.044 E/register_client_adhoc( 0): Failed to find path.src 1 dest 589
01-02 09:38:30.044 E/ ( 0): [drm:dp_display_init_aux_switch][msm-dp-err][79 ]failed to register notifier (-22)
01-02 09:38:30.044 E/register_client_adhoc( 0): find path.src 1 dest 589
01-02 09:38:30.044 E/register_client_adhoc( 0): Failed to find path.src 1 dest 589
01-02 09:38:30.044 E/ ( 0): [drm:dp_display_init_aux_switch][msm-dp-err][79 ]failed to register notifier (-22)
01-02 09:38:30.044 E/register_client_adhoc( 0): find path.src 1 dest 589
01-02 09:38:30.044 E/register_client_adhoc( 0): Failed to find path.src 1 dest 589
01-02 09:38:30.045 E/ ( 0): [drm:dp_display_init_aux_switch][msm-dp-err][79 ]failed to register notifier (-22)
01-02 09:38:30.045 E/register_client_adhoc( 0): find path.src 1 dest 589
01-02 09:38:30.045 E/register_client_adhoc( 0): Failed to find path.src 1 dest 589
01-02 09:38:30.045 E/ ( 0): [drm:dp_display_init_aux_switch][msm-dp-err][79 ]failed to register notifier (-22)
01-02 09:38:30.045 E/register_client_adhoc( 0): find path.src 1 dest 589
01-02 09:38:30.045 E/register_client_adhoc( 0): Failed to find path.src 1 dest 589
01-02 09:38:30.045 E/ ( 0): [drm:dp_display_init_aux_switch][msm-dp-err][79 ]failed to register notifier (-22)
01-02 09:38:30.045 E/register_client_adhoc( 0): find path.src 1 dest 589
01-02 09:38:30.045 E/register_client_adhoc( 0): Failed to find path.src 1 dest 589
01-02 09:38:30.045 E/ ( 0): [drm:dp_display_init_aux_switch][msm-dp-err][79 ]failed to register notifier (-22)
01-02 09:38:30.045 E/register_client_adhoc( 0): find path.src 1 dest 589
01-02 09:38:30.045 E/register_client_adhoc( 0): Failed to find path.src 1 dest 589
01-02 09:38:30.045 E/ ( 0): [drm:dp_display_init_aux_switch][msm-dp-err][79 ]failed to register notifier (-22)
01-02 09:38:30.045 E/register_client_adhoc( 0): find path.src 1 dest 589
01-02 09:38:30.045 E/register_client_adhoc( 0): Failed to find path.src 1 dest 589
01-02 09:38:30.045 E/ ( 0): [drm:dp_display_init_aux_switch][msm-dp-err][79 ]failed to register notifier (-22)
01-02 09:38:30.046 E/register_client_adhoc( 0): find path.src 1 dest 589
01-02 09:38:30.046 E/register_client_adhoc( 0): Failed to find path.src 1 dest 589
01-02 09:38:30.046 E/ ( 0): [drm:dp_display_init_aux_switch][msm-dp-err][79 ]failed to register notifier (-22)
01-02 09:38:30.046 E/register_client_adhoc( 0): find path.src 1 dest 589
01-02 09:38:30.046 E/register_client_adhoc( 0): Failed to find path.src 1 dest 589
01-02 09:38:30.046 E/ ( 0): [drm:dp_display_init_aux_switch][msm-dp-err][79 ]failed to register notifier (-22)
01-02 09:38:30.046 E/register_client_adhoc( 0): find path.src 1 dest 589
01-02 09:38:30.046 E/register_client_adhoc( 0): Failed to find path.src 1 dest 589
01-02 09:38:30.046 E/ ( 0): [drm:dp_display_init_aux_switch][msm-dp-err][79 ]failed to register notifier (-22)
01-02 09:38:30.046 E/register_client_adhoc( 0): find path.src 1 dest 589
01-02 09:38:30.046 E/register_client_adhoc( 0): Failed to find path.src 1 dest 589
01-02 09:38:30.046 E/ ( 0): [drm:dp_display_init_aux_switch][msm-dp-err][79 ]failed to register notifier (-22)
01-02 09:38:30.047 E/register_client_adhoc( 0): find path.src 1 dest 589
01-02 09:38:30.047 E/register_client_adhoc( 0): Failed to find path.src 1 dest 589
01-02 09:38:30.047 E/ ( 0): [drm:dp_display_init_aux_switch][msm-dp-err][79 ]failed to register notifier (-22)
01-02 09:38:30.047 E/register_client_adhoc( 0): find path.src 1 dest 589
01-02 09:38:30.047 E/register_client_adhoc( 0): Failed to find path.src 1 dest 589
01-02 09:38:30.047 E/ ( 0): [drm:dp_display_init_aux_switch][msm-dp-err][79 ]failed to register notifier (-22)
01-02 09:38:30.047 E/register_client_adhoc( 0): find path.src 1 dest 589
01-02 09:38:30.047 E/register_client_adhoc( 0): Failed to find path.src 1 dest 589
01-02 09:38:30.047 E/ ( 0): [drm:dp_display_init_aux_switch][msm-dp-err][79 ]failed to register notifier (-22)
01-02 09:38:30.047 E/register_client_adhoc( 0): find path.src 1 dest 589
01-02 09:38:30.047 E/register_client_adhoc( 0): Failed to find path.src 1 dest 589
01-02 09:38:30.047 E/ ( 0): [drm:dp_display_init_aux_switch][msm-dp-err][79 ]failed to register notifier (-22)
01-02 09:38:30.047 E/register_client_adhoc( 0): find path.src 1 dest 589
01-02 09:38:30.047 E/register_client_adhoc( 0): Failed to find path.src 1 dest 589
01-02 09:38:30.048 E/ ( 0): [drm:dp_display_init_aux_switch][msm-dp-err][79 ]failed to register notifier (-22)
01-02 09:38:30.048 E/register_client_adhoc( 0): find path.src 1 dest 589
01-02 09:38:30.048 E/register_client_adhoc( 0): Failed to find path.src 1 dest 589
01-02 09:38:30.048 E/ ( 0): [drm:dp_display_init_aux_switch][msm-dp-err][79 ]failed to register notifier (-22)
01-02 09:38:30.048 E/register_client_adhoc( 0): find path.src 1 dest 589
01-02 09:38:30.048 E/register_client_adhoc( 0): Failed to find path.src 1 dest 589
01-02 09:38:30.048 E/ ( 0): [drm:dp_display_init_aux_switch][msm-dp-err][79 ]failed to register notifier (-22)
01-02 09:38:30.048 E/register_client_adhoc( 0): find path.src 1 dest 589
01-02 09:38:30.048 E/register_client_adhoc( 0): Failed to find path.src 1 dest 589
01-02 09:38:30.048 E/ ( 0): [drm:dp_display_init_aux_switch][msm-dp-err][79 ]failed to register notifier (-22)
01-02 09:38:30.048 E/register_client_adhoc( 0): find path.src 1 dest 589
01-02 09:38:30.048 E/register_client_adhoc( 0): Failed to find path.src 1 dest 589
01-02 09:38:30.049 E/ ( 0): [drm:dp_display_init_aux_switch][msm-dp-err][79 ]failed to register notifier (-22)
01-02 09:38:30.049 E/register_client_adhoc( 0): find path.src 1 dest 589
01-02 09:38:30.049 E/register_client_adhoc( 0): Failed to find path.src 1 dest 589
01-02 09:38:30.049 E/ ( 0): [drm:dp_display_init_aux_switch][msm-dp-err][79 ]failed to register notifier (-22)
01-02 09:38:30.049 E/register_client_adhoc( 0): find path.src 1 dest 589
01-02 09:38:30.049 E/register_client_adhoc( 0): Failed to find path.src 1 dest 589
01-02 09:38:30.049 E/ ( 0): [drm:dp_display_init_aux_switch][msm-dp-err][79 ]failed to register notifier (-22)
01-02 09:38:30.049 E/register_client_adhoc( 0): find path.src 1 dest 589
01-02 09:38:30.049 E/register_client_adhoc( 0): Failed to find path.src 1 dest 589
01-02 09:38:30.049 E/ ( 0): [drm:dp_display_init_aux_switch][msm-dp-err][79 ]failed to register notifier (-22)
01-02 09:38:30.049 E/register_client_adhoc( 0): find path.src 1 dest 589
01-02 09:38:30.049 E/register_client_adhoc( 0): Failed to find path.src 1 dest 589
01-02 09:38:30.049 E/ ( 0): [drm:dp_display_init_aux_switch][msm-dp-err][79 ]failed to register notifier (-22)
01-02 09:38:30.049 E/register_client_adhoc( 0): find path.src 1 dest 589
01-02 09:38:30.049 E/register_client_adhoc( 0): Failed to find path.src 1 dest 589
01-02 09:38:30.050 E/ ( 0): [drm:dp_display_init_aux_switch][msm-dp-err][79 ]failed to register notifier (-22)
01-02 09:38:30.050 E/register_client_adhoc( 0): find path.src 1 dest 589
01-02 09:38:30.050 E/register_client_adhoc( 0): Failed to find path.src 1 dest 589
01-02 09:38:30.050 E/ ( 0): [drm:dp_display_init_aux_switch][msm-dp-err][79 ]failed to register notifier (-22)
01-02 09:38:30.050 E/register_client_adhoc( 0): find path.src 1 dest 589
01-02 09:38:30.050 E/register_client_adhoc( 0): Failed to find path.src 1 dest 589
01-02 09:38:30.050 E/ ( 0): [drm:dp_display_init_aux_switch][msm-dp-err][79 ]failed to register notifier (-22)
01-02 09:38:30.050 E/register_client_adhoc( 0): find path.src 1 dest 589
01-02 09:38:30.050 E/register_client_adhoc( 0): Failed to find path.src 1 dest 589
01-02 09:38:30.050 E/ ( 0): [drm:dp_display_init_aux_switch][msm-dp-err][79 ]failed to register notifier (-22)
01-02 09:38:30.050 E/register_client_adhoc( 0): find path.src 1 dest 589
01-02 09:38:30.050 E/register_client_adhoc( 0): Failed to find path.src 1 dest 589
01-02 09:38:30.050 E/ ( 0): [drm:dp_display_init_aux_switch][msm-dp-err][79 ]failed to register notifier (-22)
01-02 09:38:30.050 E/register_client_adhoc( 0): find path.src 1 dest 589
01-02 09:38:30.050 E/register_client_adhoc( 0): Failed to find path.src 1 dest 589
01-02 09:38:30.051 E/ ( 0): [drm:dp_display_init_aux_switch][msm-dp-err][79 ]failed to register notifier (-22)
01-02 09:38:30.051 E/register_client_adhoc( 0): find path.src 1 dest 589
01-02 09:38:30.051 E/register_client_adhoc( 0): Failed to find path.src 1 dest 589
01-02 09:38:30.051 E/ ( 0): [drm:dp_display_init_aux_switch][msm-dp-err][79 ]failed to register notifier (-22)
01-02 09:38:30.051 E/register_client_adhoc( 0): find path.src 1 dest 589
01-02 09:38:30.051 E/register_client_adhoc( 0): Failed to find path.src 1 dest 589
01-02 09:38:30.051 E/ ( 0): [drm:dp_display_init_aux_switch][msm-dp-err][79 ]failed to register notifier (-22)
01-02 09:38:30.051 E/register_client_adhoc( 0): find path.src 1 dest 589
01-02 09:38:30.051 E/register_client_adhoc( 0): Failed to find path.src 1 dest 589
01-02 09:38:30.051 E/ ( 0): [drm:dp_display_init_aux_switch][msm-dp-err][79 ]failed to register notifier (-22)
01-02 09:38:30.051 E/register_client_adhoc( 0): find path.src 1 dest 589
01-02 09:38:30.051 E/register_client_adhoc( 0): Failed to find path.src 1 dest 589
01-02 09:38:30.051 E/ ( 0): [drm:dp_display_init_aux_switch][msm-dp-err][79 ]failed to register notifier (-22)
01-02 09:38:30.051 E/register_client_adhoc( 0): find path.src 1 dest 589
01-02 09:38:30.051 E/register_client_adhoc( 0): Failed to find path.src 1 dest 589
01-02 09:38:30.052 E/ ( 0): [drm:dp_display_init_aux_switch][msm-dp-err][79 ]failed to register notifier (-22)
01-02 09:38:30.052 E/register_client_adhoc( 0): find path.src 1 dest 589
01-02 09:38:30.052 E/register_client_adhoc( 0): Failed to find path.src 1 dest 589
01-02 09:38:30.052 E/ ( 0): [drm:dp_display_init_aux_switch][msm-dp-err][79 ]failed to register notifier (-22)
01-02 09:38:30.052 E/register_client_adhoc( 0): find path.src 1 dest 589
01-02 09:38:30.052 E/register_client_adhoc( 0): Failed to find path.src 1 dest 589
01-02 09:38:30.052 E/ ( 0): [drm:dp_display_init_aux_switch][msm-dp-err][79 ]failed to register notifier (-22)
01-02 09:38:30.052 E/register_client_adhoc( 0): find path.src 1 dest 589
01-02 09:38:30.052 E/register_client_adhoc( 0): Failed to find path.src 1 dest 589
01-02 09:38:30.052 E/ ( 0): [drm:dp_display_init_aux_switch][msm-dp-err][79 ]failed to register notifier (-22)
01-02 09:38:30.055 E/register_client_adhoc( 0): find path.src 1 dest 589
01-02 09:38:30.055 E/register_client_adhoc( 0): Failed to find path.src 1 dest 589
01-02 09:38:30.055 E/ ( 0): [drm:dp_display_init_aux_switch][msm-dp-err][79 ]failed to register notifier (-22)
01-02 09:38:30.063 E/register_client_adhoc( 0): find path.src 1 dest 589
01-02 09:38:30.063 E/register_client_adhoc( 0): Failed to find path.src 1 dest 589
01-02 09:38:30.064 E/ ( 0): [drm:dp_display_init_aux_switch][msm-dp-err][79 ]failed to register notifier (-22)
01-02 09:38:30.064 E/register_client_adhoc( 0): find path.src 1 dest 589
01-02 09:38:30.064 E/register_client_adhoc( 0): Failed to find path.src 1 dest 589
01-02 09:38:30.064 E/ ( 0): [drm:dp_display_init_aux_switch][msm-dp-err][79 ]failed to register notifier (-22)
01-02 09:38:30.065 E/register_client_adhoc( 0): find path.src 1 dest 589
01-02 09:38:30.065 E/register_client_adhoc( 0): Failed to find path.src 1 dest 589
01-02 09:38:30.065 E/ ( 0): [drm:dp_display_init_aux_switch][msm-dp-err][79 ]failed to register notifier (-22)
01-02 09:38:30.066 E/register_client_adhoc( 0): find path.src 1 dest 589
01-02 09:38:30.066 E/register_client_adhoc( 0): Failed to find path.src 1 dest 589
01-02 09:38:30.066 E/ ( 0): [drm:dp_display_init_aux_switch][msm-dp-err][79 ]failed to register notifier (-22)
01-02 09:38:30.066 E/kona-pinctrl f000000.pinctrl( 0): invalid function func2 in map table
01-02 09:38:30.066 E/kona-pinctrl f000000.pinctrl( 0): invalid function func2 in map table
01-02 09:38:30.066 E/kona-pinctrl f000000.pinctrl( 0): invalid function func2 in map table
01-02 09:38:30.066 E/kona-pinctrl f000000.pinctrl( 0): invalid function func2 in map table
01-02 09:38:30.066 E/register_client_adhoc( 0): find path.src 1 dest 589
01-02 09:38:30.066 E/register_client_adhoc( 0): Failed to find path.src 1 dest 589
01-02 09:38:30.066 E/ ( 0): [drm:dp_display_init_aux_switch][msm-dp-err][79 ]failed to register notifier (-22)
01-02 09:38:30.081 E/register_client_adhoc( 0): find path.src 1 dest 589
01-02 09:38:30.081 E/register_client_adhoc( 0): Failed to find path.src 1 dest 589
01-02 09:38:30.081 E/ ( 0): [drm:dp_display_init_aux_switch][msm-dp-err][78 ]failed to register notifier (-22)
01-02 09:38:30.081 E/register_client_adhoc( 0): find path.src 1 dest 589
01-02 09:38:30.081 E/register_client_adhoc( 0): Failed to find path.src 1 dest 589
01-02 09:38:30.082 E/ ( 0): [drm:dp_display_init_aux_switch][msm-dp-err][78 ]failed to register notifier (-22)
01-02 09:38:30.082 E/register_client_adhoc( 0): find path.src 1 dest 589
01-02 09:38:30.082 E/register_client_adhoc( 0): Failed to find path.src 1 dest 589
01-02 09:38:30.082 E/ ( 0): [drm:dp_display_init_aux_switch][msm-dp-err][78 ]failed to register notifier (-22)
01-02 09:38:30.082 E/register_client_adhoc( 0): find path.src 1 dest 589
01-02 09:38:30.082 E/register_client_adhoc( 0): Failed to find path.src 1 dest 589
01-02 09:38:30.082 E/ ( 0): [drm:dp_display_init_aux_switch][msm-dp-err][78 ]failed to register notifier (-22)
01-02 09:38:30.082 E/register_client_adhoc( 0): find path.src 1 dest 589
01-02 09:38:30.083 E/register_client_adhoc( 0): Failed to find path.src 1 dest 589
01-02 09:38:30.083 E/ ( 0): [drm:dp_display_init_aux_switch][msm-dp-err][78 ]failed to register notifier (-22)
01-02 09:38:30.083 E/register_client_adhoc( 0): find path.src 1 dest 589
01-02 09:38:30.083 E/register_client_adhoc( 0): Failed to find path.src 1 dest 589
01-02 09:38:30.083 E/ ( 0): [drm:dp_display_init_aux_switch][msm-dp-err][78 ]failed to register notifier (-22)
01-02 09:38:30.083 E/register_client_adhoc( 0): find path.src 1 dest 589
01-02 09:38:30.083 E/register_client_adhoc( 0): Failed to find path.src 1 dest 589
01-02 09:38:30.083 E/ ( 0): [drm:dp_display_init_aux_switch][msm-dp-err][78 ]failed to register notifier (-22)
01-02 09:38:30.083 E/register_client_adhoc( 0): find path.src 1 dest 589
01-02 09:38:30.083 E/register_client_adhoc( 0): Failed to find path.src 1 dest 589
01-02 09:38:30.084 E/ ( 0): [drm:dp_display_init_aux_switch][msm-dp-err][78 ]failed to register notifier (-22)
01-02 09:38:30.145 E/ ( 0): Trying to create more than 6 SchedTune boosting groups
01-02 09:38:30.145 E/ ( 0): Trying to create more than 6 SchedTune boosting groups
01-02 09:38:30.155 I/ ( 0): Registered swp emulation handler
01-02 09:38:30.173 I/binder ( 0): 504:504 ioctl 40046210 7fc6468434 returned -22
01-02 09:38:30.176 I/logd.auditd( 0): start
01-02 09:38:30.175 I/auditd ( 513): type=1400 audit(0.0:8): avc: denied { ptrace } for comm="crash_dump64" scontext=u:r:crash_dump:s0 tcontext=u:r:init:s0 tclass=process permissive=0
01-02 09:38:30.177 I/binder ( 0): 505:505 ioctl 40046210 7fe210a624 returned -22
01-02 09:38:30.183 I/init ( 0): wait for '/dev/block/platform/soc/1d84000.ufshc' took 0ms
01-02 09:38:30.186 I/ ( 0): tsnv tsnv_init register TSNV Driver v0.01
01-02 09:38:30.187 I/init ( 0): wait for '/dev/qseecom' took 0ms
01-02 09:38:30.198 E/FAT-fs (sde51)( 0): bogus number of reserved sectors
01-02 09:38:30.198 I/FAT-fs (sde51)( 0): Can't find a valid FAT filesystem
01-02 09:38:30.195 I/auditd ( 520): type=1400 audit(0.0:9): avc: denied { read write } for comm="fsck_msdos" name="sde51" dev="tmpfs" ino=12904 scontext=u:r:fsck:s0 tcontext=u:object_r:block_device:s0 tclass=blk_file permissive=0
01-02 09:38:30.195 I/auditd ( 520): type=1400 audit(0.0:10): avc: denied { read } for comm="fsck_msdos" name="sde51" dev="tmpfs" ino=12904 scontext=u:r:fsck:s0 tcontext=u:object_r:block_device:s0 tclass=blk_file permissive=0
01-02 09:38:30.195 I/auditd ( 520): type=1400 audit(0.0:11): avc: denied { kill } for comm="fsck_msdos" capability=5 scontext=u:r:fsck:s0 tcontext=u:r:fsck:s0 tclass=capability permissive=0
01-02 09:38:30.202 I/fsck_msdos( 0): ** /dev/block/bootdevice/by-name/spunvm
01-02 09:38:30.202 I/fsck_msdos( 0): Can't open `/dev/block/bootdevice/by-name/spunvm'
01-02 09:38:30.202 I/fsck_msdos( 0): fsck_msdos terminated by exit(8)
01-02 09:38:30.202 E/FAT-fs (sde51)( 0): bogus number of reserved sectors
01-02 09:38:30.202 I/FAT-fs (sde51)( 0): Can't find a valid FAT filesystem
01-02 09:38:30.207 I/EXT4-fs (sde9)( 0): mounted filesystem with ordered data mode. Opts: barrier=1
01-02 09:38:30.210 I/binder ( 0): 503:503 ioctl 40046210 7fd6db3394 returned -22
01-02 09:38:30.215 I/auditd ( 523): type=1400 audit(0.0:12): avc: denied { read } for comm="e2fsck" name="persist" dev="tmpfs" ino=12335 scontext=u:r:fsck:s0 tcontext=u:object_r:tmpfs:s0 tclass=lnk_file permissive=0
01-02 09:38:30.215 I/auditd ( 523): type=1400 audit(0.0:13): avc: denied { read } for comm="e2fsck" name="persist" dev="tmpfs" ino=12335 scontext=u:r:fsck:s0 tcontext=u:object_r:tmpfs:s0 tclass=lnk_file permissive=0
01-02 09:38:30.215 I/auditd ( 523): type=1400 audit(0.0:14): avc: denied { read } for comm="e2fsck" name="persist" dev="tmpfs" ino=12335 scontext=u:r:fsck:s0 tcontext=u:object_r:tmpfs:s0 tclass=lnk_file permissive=0
01-02 09:38:30.215 I/auditd ( 523): type=1400 audit(0.0:15): avc: denied { read } for comm="e2fsck" name="persist" dev="tmpfs" ino=12335 scontext=u:r:fsck:s0 tcontext=u:object_r:tmpfs:s0 tclass=lnk_file permissive=0
01-02 09:38:30.215 I/auditd ( 523): type=1400 audit(0.0:16): avc: denied { read } for comm="e2fsck" name="persist" dev="tmpfs" ino=12335 scontext=u:r:fsck:s0 tcontext=u:object_r:tmpfs:s0 tclass=lnk_file permissive=0
01-02 09:38:30.215 I/auditd ( 523): type=1400 audit(0.0:17): avc: denied { read } for comm="e2fsck" name="persist" dev="tmpfs" ino=12335 scontext=u:r:fsck:s0 tcontext=u:object_r:tmpfs:s0 tclass=lnk_file permissive=0
01-02 09:38:30.215 I/auditd ( 523): type=1400 audit(0.0:18): avc: denied { read } for comm="e2fsck" name="persist" dev="tmpfs" ino=12335 scontext=u:r:fsck:s0 tcontext=u:object_r:tmpfs:s0 tclass=lnk_file permissive=0
01-02 09:38:30.215 I/auditd ( 523): type=1400 audit(0.0:19): avc: denied { kill } for comm="e2fsck" capability=5 scontext=u:r:fsck:s0 tcontext=u:r:fsck:s0 tclass=capability permissive=0
01-02 09:38:30.221 I/e2fsck ( 0): e2fsck 1.45.4 (23-Sep-2019) --------- beginning of system
01-02 09:38:30.220 I/vold ( 519): Vold 3.0 (the awakening) firing up
01-02 09:38:30.221 I/e2fsck ( 0): /system/bin/e2fsck: Permission denied while trying to open /dev/block/bootdevice/by-name/persist
01-02 09:38:30.220 D/vold ( 519): Detected support for: ext4 f2fs vfat
01-02 09:38:30.221 D/vold ( 519): Found unmanaged dm device named system_ext_a
01-02 09:38:30.221 D/vold ( 519): Found unmanaged dm device named odm_a
01-02 09:38:30.221 D/vold ( 519): Found unmanaged dm device named system_a
01-02 09:38:30.221 D/vold ( 519): Found unmanaged dm device named vendor-verity
01-02 09:38:30.221 D/vold ( 519): Found unmanaged dm device named vendor_a
01-02 09:38:30.221 D/vold ( 519): Found unmanaged dm device named system_ext-verity
01-02 09:38:30.221 D/vold ( 519): Found unmanaged dm device named odm-verity
01-02 09:38:30.221 D/vold ( 519): Found unmanaged dm device named product-verity
01-02 09:38:30.221 D/vold ( 519): Found unmanaged dm device named system-verity
01-02 09:38:30.221 D/vold ( 519): Found unmanaged dm device named product_a
01-02 09:38:30.221 I/vold ( 519): [libfs_mgr]dt_fstab: Skip disabled entry for partition vendor
01-02 09:38:30.221 I/vold ( 519): [libfs_mgr]GetFstabPath()fstab_path:/odm/etc/fstab.default
01-02 09:38:30.221 I/vold ( 519): [libfs_mgr]GetFstabPath()fstab_path:/vendor/etc/fstab.default
01-02 09:38:30.221 I/vold ( 519): [libfs_mgr]GetFstabPath()fstab_path:/system/etc/fstab.default
01-02 09:38:30.221 I/vold ( 519): [libfs_mgr]GetFstabPath()fstab_path:/first_stage_ramdisk/system/etc/fstab.default
01-02 09:38:30.221 I/vold ( 519): [libfs_mgr]GetFstabPath()fstab_path:/fstab.default
01-02 09:38:30.221 I/vold ( 519): [libfs_mgr]GetFstabPath()fstab_path:/first_stage_ramdisk/fstab.default
01-02 09:38:30.221 I/vold ( 519): [libfs_mgr]GetFstabPath()fstab_path:/odm/etc/fstab.qcom
01-02 09:38:30.221 I/vold ( 519): [libfs_mgr]GetFstabPath()fstab_path:/vendor/etc/fstab.qcom
01-02 09:38:30.221 I/vold ( 519): [libfs_mgr]GetFstabPath()fstab_path.c_str():/vendor/etc/fstab.qcom
01-02 09:38:30.221 I/e2fsck ( 0): You must have r/w access to the filesystem or be root
01-02 09:38:30.221 I/e2fsck ( 0): e2fsck terminated by exit(8)
01-02 09:38:30.222 I/binder ( 0): 519:519 ioctl 40046210 7fc7470714 returned -22
01-02 09:38:30.222 I/binder ( 0): 519:519 ioctl 40046210 7fc74706b4 returned -22
01-02 09:38:30.223 D/vold ( 519): VoldNativeService::start() completed OK
01-02 09:38:30.232 I/QISL ( 515): QSEE Interrupt Service Listener Thread is started
01-02 09:38:30.232 I/QISL ( 515): QSEE Interrupt Service Listener was activated successfully
01-02 09:38:30.232 D/SPL ( 515): Call QSEECom_register_listener()
01-02 09:38:30.233 D/SPL ( 515): Registered listener sucessfully!
01-02 09:38:30.233 D/SPL ( 515): pipe read-fd [32] write-fd [33]
01-02 09:38:30.233 D/SPL ( 515): Create thread
01-02 09:38:30.233 D/SPL ( 515): Thread created sucessfully.
01-02 09:38:30.233 D/SPL ( 515): spl_dispatch() started
01-02 09:38:30.233 D/SPL ( 515): ==== Wait For Request ======
01-02 09:38:30.234 I/binder ( 0): 555:555 ioctl 40046210 7fcdf13164 returned -22
01-02 09:38:30.234 D/ProcessState( 0): Binder ioctl to enable oneway spam detection failed: Invalid argument
01-02 09:38:30.234 D/vdc ( 0): Waited 0ms for vold
01-02 09:38:30.241 W/subsys-pil-tz soc( 0): qcom,ipa_fws: Falling back to syfs fallback for: ipa_fws.mdt
01-02 09:38:30.242 I/init ( 0): wait for '/mnt/vendor/spunvm' took 0ms
01-02 09:38:30.260 D/spdaemon( 564): Firmware Name [spss2p].
01-02 09:38:30.260 D/spdaemon( 564): Prod FW.
01-02 09:38:30.260 D/spdaemon( 564): firmware_type [p].
01-02 09:38:30.260 D/spdaemon( 564): open() file [/sys/devices/soc0/machine] Failed, ret =-1.
01-02 09:38:30.260 D/spdaemon( 564): soc_type 1048576
01-02 09:38:30.260 E/iardb ( 564): [iar_db_get_iar_state] failed to open file /mnt/vendor/spunvm/iar_db/iar_state.bin [13] [Permission denied]
01-02 09:38:30.260 D/iarlib ( 564): [iar_get_state] Can't get iar_state, return DISABLED
01-02 09:38:30.260 I/spdaemon( 564): IAR is not activated
01-02 09:38:30.260 D/spdaemon( 564): ------ going to start SP From kernel ------
01-02 09:38:30.260 I/spcomlib( 564): [spcom_restart_sp_subsystem] restart_sp starts
01-02 09:38:30.260 D/spcomlib( 564): [spcom_restart_sp_subsystem] restart_sp - Send PIL request [1]
01-02 09:38:30.260 I/ ( 0): SW_INIT_DONE - 2nd phase loading [spss] completed ok
01-02 09:38:30.260 I/ ( 0): PBL_DONE - 1st phase loading [spss] completed ok
