02-09 04:21:55.881 V/StorageManagerService( 1523): Package ts.car.uart does not have legacy storage
02-09 04:21:55.881 V/StorageManagerService( 1523): Package com.android.egg does not have legacy storage
02-09 04:21:55.881 V/StorageManagerService( 1523): Package com.android.mtp does not have legacy storage
02-09 04:21:55.881 V/StorageManagerService( 1523): Package com.android.nfc does not have legacy storage
02-09 04:21:55.881 V/StorageManagerService( 1523): Package com.android.launcher3 does not have legacy storage
02-09 04:21:55.881 V/StorageManagerService( 1523): Package com.android.backupconfirm does not have legacy storage
02-09 04:21:55.881 V/StorageManagerService( 1523): Package vendor.qti.qesdk.sysservice does not have legacy storage
02-09 04:21:55.881 V/StorageManagerService( 1523): Package com.hryt.hiphishowfsecontrol does not have legacy storage
02-09 04:21:55.881 V/StorageManagerService( 1523): Package com.android.provision does not have legacy storage
02-09 04:21:55.881 V/StorageManagerService( 1523): Package android.overlay.target does not have legacy storage
02-09 04:21:55.881 V/StorageManagerService( 1523): Package com.microsoft.emmx does not have legacy storage
02-09 04:21:55.881 V/StorageManagerService( 1523): Package com.qti.pasrservice does not have legacy storage
02-09 04:21:55.881 V/StorageManagerService( 1523): Package com.android.settings.intelligence does not have legacy storage
02-09 04:21:55.881 V/StorageManagerService( 1523): Package com.android.calendar does not have legacy storage
02-09 04:21:55.881 V/StorageManagerService( 1523): Package com.android.internal.systemui.navbar.gestural_extra_wide_back does not have legacy storage
02-09 04:21:55.881 V/StorageManagerService( 1523): Package com.qualcomm.qti.dynamicddsservice does not have legacy storage
02-09 04:21:55.881 V/StorageManagerService( 1523): Package com.qualcomm.qti.xrvd.service does not have legacy storage
02-09 04:21:55.881 V/StorageManagerService( 1523): Package com.android.providers.settings does not have legacy storage
02-09 04:21:55.881 V/StorageManagerService( 1523): Package com.android.sharedstoragebackup does not have legacy storage
02-09 04:21:55.882 V/StorageManagerService( 1523): Package com.android.printspooler does not have legacy storage
02-09 04:21:55.882 V/StorageManagerService( 1523): Package com.qti.qualcomm.mstatssystemservice does not have legacy storage
02-09 04:21:55.882 V/StorageManagerService( 1523): Package com.qualcomm.qti.services.systemhelper does not have legacy storage
02-09 04:21:55.882 V/StorageManagerService( 1523): Package com.android.wifi.resources.overlay.common does not have legacy storage
02-09 04:21:55.882 V/StorageManagerService( 1523): Package com.android.dreams.basic does not have legacy storage
02-09 04:21:55.882 V/StorageManagerService( 1523): Package com.android.webview does not have legacy storage
02-09 04:21:55.882 V/StorageManagerService( 1523): Package com.android.se does not have legacy storage
02-09 04:21:55.882 V/StorageManagerService( 1523): Package com.android.inputdevices does not have legacy storage
02-09 04:21:55.882 W/ActivityManager( 1523): Slow operation: 90ms so far, now at startProcess: returned from zygote!
02-09 04:21:55.882 V/StorageManagerService( 1523): Package com.android.bips does not have legacy storage
02-09 04:21:55.882 V/StorageManagerService( 1523): Package com.qti.dpmserviceapp does not have legacy storage
02-09 04:21:55.882 W/ActivityManager( 1523): Slow operation: 90ms so far, now at startProcess: done updating battery stats
02-09 04:21:55.882 V/StorageManagerService( 1523): Package com.thundercomm.remotecontrolservice does not have legacy storage
02-09 04:21:55.882 I/am_proc_start( 1523): [0,2071,1037,WebViewLoader-arm64-v8a,NULL,]
02-09 04:21:55.882 W/ActivityManager( 1523): Slow operation: 90ms so far, now at startProcess: building log message
02-09 04:21:55.882 V/StorageManagerService( 1523): Package com.android.musicfx does not have legacy storage
02-09 04:21:55.882 I/ActivityManager( 1523): Start proc 2071:WebViewLoader-arm64-v8a/1037 [android.webkit.WebViewLibraryLoader$RelroFileCreator] for null
02-09 04:21:55.882 W/ActivityManager( 1523): Slow operation: 90ms so far, now at startProcess: starting to update pids map
02-09 04:21:55.882 V/StorageManagerService( 1523): Package com.android.settings.overlay.common does not have legacy storage
02-09 04:21:55.882 V/StorageManagerService( 1523): Package com.qualcomm.qti.qccnetstat does not have legacy storage
02-09 04:21:55.882 V/StorageManagerService( 1523): Package android.ext.shared does not have legacy storage
02-09 04:21:55.882 V/StorageManagerService( 1523): Package com.android.onetimeinitializer does not have legacy storage
02-09 04:21:55.882 V/StorageManagerService( 1523): Package com.android.server.telecom does not have legacy storage
02-09 04:21:55.882 V/StorageManagerService( 1523): Package com.android.keychain does not have legacy storage
02-09 04:21:55.882 V/StorageManagerService( 1523): Package com.qti.snapdragon.qdcm_ff does not have legacy storage
02-09 04:21:55.882 V/StorageManagerService( 1523): Package com.android.wifi.resources.overlay.target does not have legacy storage
02-09 04:21:55.882 W/ActivityManager( 1523): Slow operation: 90ms so far, now at startProcess: done updating pids map
02-09 04:21:55.882 V/StorageManagerService( 1523): Package com.android.printservice.recommendation does not have legacy storage
02-09 04:21:55.882 V/StorageManagerService( 1523): Package com.thundercomm.mcuupgrade does not have legacy storage
02-09 04:21:55.882 V/StorageManagerService( 1523): Package com.android.gallery3d has legacy storage
02-09 04:21:55.882 V/StorageManagerService( 1523): Package android.ext.services does not have legacy storage
02-09 04:21:55.882 V/StorageManagerService( 1523): Package com.android.wifi.resources does not have legacy storage
02-09 04:21:55.882 V/StorageManagerService( 1523): Package com.baidu.input does not have legacy storage
02-09 04:21:55.882 V/StorageManagerService( 1523): Package com.android.systemui.overlay.common does not have legacy storage
02-09 04:21:55.882 V/StorageManagerService( 1523): Package com.android.cameraextensions does not have legacy storage
02-09 04:21:55.883 V/StorageManagerService( 1523): Package com.thundercomm.tcservice does not have legacy storage
02-09 04:21:55.883 V/StorageManagerService( 1523): Package com.android.localtransport does not have legacy storage
02-09 04:21:55.883 V/StorageManagerService( 1523): Package com.android.packageinstaller does not have legacy storage
02-09 04:21:55.883 V/StorageManagerService( 1523): Package com.qualcomm.qti.devicestatisticsservice does not have legacy storage
02-09 04:21:55.883 V/StorageManagerService( 1523): Package com.android.theme.font.notoserifsource does not have legacy storage
02-09 04:21:55.883 V/StorageManagerService( 1523): Package com.android.proxyhandler does not have legacy storage
02-09 04:21:55.883 V/StorageManagerService( 1523): Package com.android.internal.display.cutout.emulation.waterfall does not have legacy storage
02-09 04:21:55.883 V/StorageManagerService( 1523): Package com.qualcomm.qti.workloadclassifier does not have legacy storage
02-09 04:21:55.883 V/StorageManagerService( 1523): Package com.android.inputmethod.latin does not have legacy storage
02-09 04:21:55.883 V/StorageManagerService( 1523): Package com.android.providers.settings.overlay does not have legacy storage
02-09 04:21:55.883 V/StorageManagerService( 1523): Package com.android.managedprovisioning does not have legacy storage
02-09 04:21:55.883 V/StorageManagerService( 1523): Package com.android.networkstack.tethering does not have legacy storage
02-09 04:21:55.883 V/StorageManagerService( 1523): Package com.android.soundpicker does not have legacy storage
02-09 04:21:55.883 V/StorageManagerService( 1523): Package com.android.dreams.phototable does not have legacy storage
02-09 04:21:55.883 V/StorageManagerService( 1523): Package com.thundercomm.screensaver does not have legacy storage
02-09 04:21:55.883 V/StorageManagerService( 1523): Package com.android.wallpaper.livepicker does not have legacy storage
02-09 04:21:55.883 V/StorageManagerService( 1523): Package com.android.apps.tag does not have legacy storage
02-09 04:21:55.883 V/StorageManagerService( 1523): Package com.android.storagemanager does not have legacy storage
02-09 04:21:55.883 V/StorageManagerService( 1523): Package com.android.bookmarkprovider does not have legacy storage
02-09 04:21:55.883 V/StorageManagerService( 1523): Package com.android.settings does not have legacy storage
02-09 04:21:55.883 V/StorageManagerService( 1523): Package com.android.networkstack.permissionconfig does not have legacy storage
02-09 04:21:55.883 V/StorageManagerService( 1523): Package com.qualcomm.location does not have legacy storage
02-09 04:21:55.883 V/StorageManagerService( 1523): Package com.android.cts.ctsshim does not have legacy storage
02-09 04:21:55.883 V/StorageManagerService( 1523): Package com.qti.diagservices does not have legacy storage
02-09 04:21:55.883 V/StorageManagerService( 1523): Package com.android.vpndialogs does not have legacy storage
02-09 04:21:55.883 V/StorageManagerService( 1523): Package com.qualcomm.location.XT does not have legacy storage
02-09 04:21:55.883 V/StorageManagerService( 1523): Package com.android.music does not have legacy storage
02-09 04:21:55.883 V/StorageManagerService( 1523): Package com.android.shell does not have legacy storage
02-09 04:21:55.883 V/StorageManagerService( 1523): Package com.android.wallpaperbackup does not have legacy storage
02-09 04:21:55.884 V/StorageManagerService( 1523): Package com.android.providers.userdictionary does not have legacy storage
02-09 04:21:55.884 V/StorageManagerService( 1523): Package com.android.providers.media.module does not have legacy storage
02-09 04:21:55.884 V/StorageManagerService( 1523): Package com.android.emergency does not have legacy storage
02-09 04:21:55.884 V/StorageManagerService( 1523): Package com.android.hotspot2.osulogin does not have legacy storage
02-09 04:21:55.884 V/StorageManagerService( 1523): Package com.qualcomm.qti.qdma does not have legacy storage
02-09 04:21:55.884 V/StorageManagerService( 1523): Package com.qualcomm.qti.xrcb does not have legacy storage
02-09 04:21:55.884 V/StorageManagerService( 1523): Package com.android.internal.systemui.navbar.gestural does not have legacy storage
02-09 04:21:55.884 V/StorageManagerService( 1523): Package com.android.location.fused does not have legacy storage
02-09 04:21:55.884 V/StorageManagerService( 1523): Package com.android.deskclock does not have legacy storage
02-09 04:21:55.884 V/StorageManagerService( 1523): Package com.android.systemui does not have legacy storage
02-09 04:21:55.884 V/StorageManagerService( 1523): Package com.android.bluetoothmidiservice does not have legacy storage
02-09 04:21:55.884 V/StorageManagerService( 1523): Package com.qti.ltebc does not have legacy storage
02-09 04:21:55.884 V/StorageManagerService( 1523): Package com.android.permissioncontroller does not have legacy storage
02-09 04:21:55.884 V/StorageManagerService( 1523): Package com.android.traceur does not have legacy storage
02-09 04:21:55.884 V/StorageManagerService( 1523): Package com.qualcomm.qti.qccauthmgr does not have legacy storage
02-09 04:21:55.884 V/StorageManagerService( 1523): Package com.qualcomm.qti.qms.service.trustzoneaccess does not have legacy storage
02-09 04:21:55.884 V/StorageManagerService( 1523): Package com.qualcomm.qtil.aptxui does not have legacy storage
02-09 04:21:55.884 V/StorageManagerService( 1523): Package com.android.bluetooth does not have legacy storage
02-09 04:21:55.884 V/StorageManagerService( 1523): Package com.qualcomm.timeservice does not have legacy storage
02-09 04:21:55.884 V/StorageManagerService( 1523): Package com.qualcomm.embms does not have legacy storage
02-09 04:21:55.884 V/StorageManagerService( 1523): Package com.android.providers.contacts does not have legacy storage
02-09 04:21:55.884 V/StorageManagerService( 1523): Package com.android.captiveportallogin does not have legacy storage
02-09 04:21:55.884 V/StorageManagerService( 1523): Package com.android.internal.systemui.navbar.gestural_narrow_back does not have legacy storage
02-09 04:21:55.884 V/StorageManagerService( 1523): Package com.android.cellbroadcastreceiver.overlay.common does not have legacy storage
02-09 04:21:55.885 I/SystemServerTiming( 1523): ssm.onStartUser-0_com.android.server.usage.StorageStatsService$Lifecycle
02-09 04:21:55.885 I/SystemServerTiming( 1523): ssm.onStartUser-0_com.android.server.UiModeManagerService
02-09 04:21:55.885 I/SystemServerTiming( 1523): ssm.onStartUser-0_com.android.server.locksettings.LockSettingsService$Lifecycle
02-09 04:21:55.885 I/SystemServerTiming( 1523): ssm.onStartUser-0_com.android.server.PersistentDataBlockService
02-09 04:21:55.885 I/SystemServerTiming( 1523): ssm.onStartUser-0_com.android.server.testharness.TestHarnessModeService
02-09 04:21:55.885 I/SystemServerTiming( 1523): ssm.onStartUser-0_com.android.server.oemlock.OemLockService
02-09 04:21:55.885 I/SystemServerTiming( 1523): ssm.onStartUser-0_com.android.server.DeviceIdleController
02-09 04:21:55.885 I/SystemServerTiming( 1523): ssm.onStartUser-0_com.android.server.devicepolicy.DevicePolicyManagerService$Lifecycle
02-09 04:21:55.885 I/SystemServerTiming( 1523): ssm.onStartUser-0_com.android.server.texttospeech.TextToSpeechManagerService
02-09 04:21:55.885 I/SystemServerTiming( 1523): ssm.onStartUser-0_com.android.server.speech.SpeechRecognitionManagerService
02-09 04:21:55.885 I/SystemServerTiming( 1523): ssm.onStartUser-0_com.android.server.searchui.SearchUiManagerService
02-09 04:21:55.885 I/SystemServerTiming( 1523): ssm.onStartUser-0_com.android.server.smartspace.SmartspaceManagerService
02-09 04:21:55.885 I/SystemServerTiming( 1523): ssm.onStartUser-0_com.android.server.graphics.fonts.FontManagerService$Lifecycle
02-09 04:21:55.885 I/SystemServerTiming( 1523): ssm.onStartUser-0_com.android.server.textservices.TextServicesManagerService$Lifecycle
02-09 04:21:55.885 I/SystemServerTiming( 1523): ssm.onStartUser-0_com.android.server.textclassifier.TextClassificationManagerService$Lifecycle
02-09 04:21:55.885 I/SystemServerTiming( 1523): ssm.onStartUser-0_com.android.server.NetworkScoreService$Lifecycle
02-09 04:21:55.885 I/SystemServerTiming( 1523): ssm.onStartUser-0_com.android.server.wifi.WifiService
02-09 04:21:55.885 I/SystemServerTiming( 1523): ssm.onStartUser-0_com.android.server.wifi.scanner.WifiScanningService
02-09 04:21:55.885 I/SystemServerTiming( 1523): ssm.onStartUser-0_com.android.server.wifi.rtt.RttService
02-09 04:21:55.885 I/netstats_mobile_sample( 1523): [0,0,0,0,0,0,0,0,0,0,0,0,1675887715885]
02-09 04:21:55.885 I/SystemServerTiming( 1523): ssm.onStartUser-0_com.android.server.wifi.aware.WifiAwareService
02-09 04:21:55.885 I/SystemServerTiming( 1523): ssm.onStartUser-0_com.android.server.wifi.p2p.WifiP2pService
02-09 04:21:55.885 I/SystemServerTiming( 1523): ssm.onStartUser-0_com.android.server.ethernet.EthernetService
02-09 04:21:55.885 I/SystemServerTiming( 1523): ssm.onStartUser-0_com.android.server.ConnectivityServiceInitializer
02-09 04:21:55.885 I/netstats_wifi_sample( 1523): [0,0,0,0,0,0,0,0,0,0,0,0,1675887715885]
02-09 04:21:55.885 I/SystemServerTiming( 1523): ssm.onStartUser-0_com.android.server.notification.NotificationManagerService
02-09 04:21:55.885 I/SystemServerTiming( 1523): ssm.onStartUser-0_com.android.server.storage.DeviceStorageMonitorService
02-09 04:21:55.885 I/SystemServerTiming( 1523): ssm.onStartUser-0_com.android.server.location.LocationManagerService$Lifecycle
02-09 04:21:55.886 I/SystemServerTiming( 1523): ssm.onStartUser-0_com.android.server.timedetector.TimeDetectorService$Lifecycle
02-09 04:21:55.886 I/SystemServerTiming( 1523): ssm.onStartUser-0_com.android.server.timezonedetector.TimeZoneDetectorService$Lifecycle
02-09 04:21:55.886 I/SystemServerTiming( 1523): ssm.onStartUser-0_com.android.server.timezonedetector.location.LocationTimeZoneManagerService$Lifecycle
02-09 04:21:55.886 I/SystemServerTiming( 1523): ssm.onStartUser-0_com.android.server.search.SearchManagerService$Lifecycle
02-09 04:21:55.886 I/SystemServerTiming( 1523): ssm.onStartUser-0_com.android.server.wallpaper.WallpaperManagerService$Lifecycle
02-09 04:21:55.886 I/SystemServerTiming( 1523): ssm.onStartUser-0_com.android.server.audio.AudioService$Lifecycle
02-09 04:21:55.886 I/SystemServerTiming( 1523): ssm.onStartUser-0_com.android.server.soundtrigger_middleware.SoundTriggerMiddlewareService$Lifecycle
02-09 04:21:55.886 I/SystemServerTiming( 1523): ssm.onStartUser-0_com.android.server.DockObserver
02-09 04:21:55.886 I/SystemServerTiming( 1523): ssm.onStartUser-0_com.android.server.midi.MidiService$Lifecycle
02-09 04:21:55.886 I/SystemServerTiming( 1523): ssm.onStartUser-0_com.android.server.adb.AdbService$Lifecycle
02-09 04:21:55.886 I/SystemServerTiming( 1523): ssm.onStartUser-0_com.android.server.usb.UsbService$Lifecycle
02-09 04:21:55.886 I/SystemServerTiming( 1523): ssm.onStartUser-0_com.android.server.twilight.TwilightService
02-09 04:21:55.886 I/SystemServerTiming( 1523): ssm.onStartUser-0_com.android.server.display.color.ColorDisplayService
02-09 04:21:55.886 I/SystemServerTiming( 1523): ssm.onStartUser-0_com.android.server.job.JobSchedulerService
02-09 04:21:55.886 I/SystemServerTiming( 1523): ssm.onStartUser-0_com.android.server.soundtrigger.SoundTriggerService
02-09 04:21:55.886 I/SystemServerTiming( 1523): ssm.onStartUser-0_com.android.server.trust.TrustManagerService
02-09 04:21:55.886 I/SystemServerTiming( 1523): ssm.onStartUser-0_com.android.server.backup.BackupManagerService$Lifecycle
02-09 04:21:55.886 I/SystemServerTiming( 1523): ssm.onStartUser-0_com.android.server.appwidget.AppWidgetService
02-09 04:21:55.886 I/SystemServerTiming( 1523): ssm.onStartUser-0_com.android.server.voiceinteraction.VoiceInteractionManagerService
02-09 04:21:55.886 W/VoiceInteractionManager( 1523): no available voice recognition services found for user 0
02-09 04:21:55.886 I/SystemServerTiming( 1523): ssm.onStartUser-0_com.android.server.apphibernation.AppHibernationService
02-09 04:21:55.886 I/SystemServerTiming( 1523): ssm.onStartUser-0_com.android.server.SensorNotificationService
02-09 04:21:55.886 I/SystemServerTiming( 1523): ssm.onStartUser-0_com.android.server.emergency.EmergencyAffordanceService
02-09 04:21:55.886 I/SystemServerTiming( 1523): ssm.onStartUser-0_com.android.server.blob.BlobStoreManagerService
02-09 04:21:55.886 I/SystemServerTiming( 1523): ssm.onStartUser-0_com.android.server.dreams.DreamManagerService
02-09 04:21:55.886 I/SystemServerTiming( 1523): ssm.onStartUser-0_com.android.server.companion.CompanionDeviceManagerService
02-09 04:21:55.886 I/SystemServerTiming( 1523): ssm.onStartUser-0_com.android.server.restrictions.RestrictionsManagerService
02-09 04:21:55.886 I/SystemServerTiming( 1523): ssm.onStartUser-0_com.android.server.media.MediaSessionService
02-09 04:21:55.886 I/SystemServerTiming( 1523): ssm.onStartUser-0_com.android.server.media.MediaResourceMonitorService
02-09 04:21:55.886 I/SystemServerTiming( 1523): ssm.onStartUser-0_com.android.server.biometrics.sensors.fingerprint.FingerprintService
02-09 04:21:55.886 I/SystemServerTiming( 1523): ssm.onStartUser-0_com.android.server.biometrics.BiometricService
02-09 04:21:55.886 I/SystemServerTiming( 1523): ssm.onStartUser-0_com.android.server.biometrics.AuthService
02-09 04:21:55.886 I/SystemServerTiming( 1523): ssm.onStartUser-0_com.android.server.pm.ShortcutService$Lifecycle
02-09 04:21:55.886 I/SystemServerTiming( 1523): ssm.onStartUser-0_com.android.server.pm.LauncherAppsService
02-09 04:21:55.886 I/SystemServerTiming( 1523): ssm.onStartUser-0_com.android.server.pm.CrossProfileAppsService
02-09 04:21:55.886 I/SystemServerTiming( 1523): ssm.onStartUser-0_com.android.server.people.PeopleService
01-02 09:38:36.044 I/binder ( 0): 2063:2063 ioctl 40046210 ffcc5958 returned -22
02-09 04:21:55.886 I/SystemServerTiming( 1523): ssm.onStartUser-0_com.android.server.media.metrics.MediaMetricsManagerService
02-09 04:21:55.886 I/SystemServerTiming( 1523): ssm.onStartUser-0_com.android.server.media.projection.MediaProjectionManagerService
02-09 04:21:55.886 I/SystemServerTiming( 1523): ssm.onStartUser-0_com.android.server.slice.SliceManagerService$Lifecycle
02-09 04:21:55.887 I/SystemServerTiming( 1523): ssm.onStartUser-0_com.android.server.stats.StatsCompanion$Lifecycle
02-09 04:21:55.887 I/SystemServerTiming( 1523): ssm.onStartUser-0_com.android.server.scheduling.RebootReadinessManagerService$Lifecycle
02-09 04:21:55.888 I/SystemServerTiming( 1523): ssm.onStartUser-0_com.android.server.stats.pull.StatsPullAtomService
02-09 04:21:55.888 I/SystemServerTiming( 1523): ssm.onStartUser-0_com.android.server.incident.IncidentCompanionService
02-09 04:21:55.888 I/SystemServerTiming( 1523): ssm.onStartUser-0_com.android.server.MmsServiceBroker
02-09 04:21:55.888 I/am_proc_bound( 1523): [0,2063,WebViewLoader-armeabi-v7a]
02-09 04:21:55.888 I/SystemServerTiming( 1523): ssm.onStartUser-0_com.android.server.autofill.AutofillManagerService
02-09 04:21:55.888 I/SystemServerTiming( 1523): ssm.onStartUser-0_com.android.server.clipboard.ClipboardService
02-09 04:21:55.888 I/SystemServerTiming( 1523): ssm.onStartUser-0_com.android.server.appbinding.AppBindingService$Lifecycle
02-09 04:21:55.889 W/AppBindingService( 1523): [Default SMS app] u0 Target package not found
02-09 04:21:55.889 I/SystemServerTiming( 1523): ssm.onStartUser-0_com.android.server.tracing.TracingServiceProxy
02-09 04:21:55.889 I/SystemServerTiming( 1523): ssm.onStartUser-0_com.android.server.policy.PermissionPolicyService
02-09 04:21:55.889 I/SystemServerTiming( 1523): ssm.onStartUser-0_com.android.server.pm.StagingManager$Lifecycle
02-09 04:21:55.889 I/SystemServerTiming( 1523): ssm.onStartUser-0_com.android.server.app.GameManagerService$Lifecycle
02-09 04:21:55.890 I/am_uid_active( 1523): 1037
02-09 04:21:55.891 V/GameManagerService( 1523): Settings file doesn't exists, skip reading
02-09 04:21:55.891 I/SystemServerTiming( 1523): ssm.onStartUser-0_com.android.server.appsearch.AppSearchManagerService
02-09 04:21:55.891 I/SystemServerTiming( 1523): ssm.onStartUser-0_com.android.server.media.MediaCommunicationService
02-09 04:21:55.891 I/SystemServerTiming( 1523): startPersistentApps
02-09 04:21:55.894 D/CompatibilityChangeReporter( 1523): Compat change id reported: 135634846; UID 1000; state: DISABLED
02-09 04:21:55.894 D/CompatibilityChangeReporter( 1523): Compat change id reported: 177438394; UID 1000; state: DISABLED
02-09 04:21:55.895 D/CompatibilityChangeReporter( 1523): Compat change id reported: 135772972; UID 1000; state: DISABLED
02-09 04:21:55.895 D/CompatibilityChangeReporter( 1523): Compat change id reported: 135754954; UID 1000; state: ENABLED
02-09 04:21:55.897 I/netstats_mobile_sample( 1523): [0,0,0,0,0,0,0,0,0,0,0,0,1675887715897]
02-09 04:21:55.897 I/netstats_wifi_sample( 1523): [0,0,0,0,0,0,0,0,0,0,0,0,1675887715897]
02-09 04:21:55.898 I/am_uid_running( 1523): 1001
02-09 04:21:55.899 D/CompatibilityChangeReporter( 1523): Compat change id reported: 135634846; UID 1001; state: DISABLED
02-09 04:21:55.899 D/CompatibilityChangeReporter( 1523): Compat change id reported: 177438394; UID 1001; state: DISABLED
02-09 04:21:55.899 D/CompatibilityChangeReporter( 1523): Compat change id reported: 135772972; UID 1001; state: DISABLED
02-09 04:21:55.899 D/CompatibilityChangeReporter( 1523): Compat change id reported: 135754954; UID 1001; state: ENABLED
02-09 04:21:55.899 I/am_uid_running( 1523): 10056
02-09 04:21:55.900 D/CompatibilityChangeReporter( 1523): Compat change id reported: 135634846; UID 10056; state: DISABLED
02-09 04:21:55.900 D/CompatibilityChangeReporter( 1523): Compat change id reported: 177438394; UID 10056; state: DISABLED
02-09 04:21:55.900 D/CompatibilityChangeReporter( 1523): Compat change id reported: 135772972; UID 10056; state: DISABLED
02-09 04:21:55.901 D/CompatibilityChangeReporter( 1523): Compat change id reported: 135754954; UID 10056; state: DISABLED
02-09 04:21:55.903 I/netstats_mobile_sample( 1523): [0,0,0,0,0,0,0,0,0,0,0,0,1675887715903]
02-09 04:21:55.903 I/netstats_wifi_sample( 1523): [0,0,0,0,0,0,0,0,0,0,0,0,1675887715903]
02-09 04:21:55.903 W/PackageManager( 1523): Loading a package that does not exist for the calling user. package=null, user=0
02-09 04:21:55.904 I/am_uid_running( 1523): 10081
02-09 04:21:55.905 D/CompatibilityChangeReporter( 1523): Compat change id reported: 135634846; UID 10081; state: DISABLED
02-09 04:21:55.905 D/CompatibilityChangeReporter( 1523): Compat change id reported: 177438394; UID 10081; state: DISABLED
02-09 04:21:55.905 D/CompatibilityChangeReporter( 1523): Compat change id reported: 135772972; UID 10081; state: DISABLED
02-09 04:21:55.905 D/CompatibilityChangeReporter( 1523): Compat change id reported: 135754954; UID 10081; state: DISABLED
02-09 04:21:55.906 I/am_uid_running( 1523): 1068
02-09 04:21:55.906 D/CompatibilityChangeReporter( 1523): Compat change id reported: 135634846; UID 1068; state: DISABLED
01-02 09:38:36.064 I/binder ( 0): 2071:2071 ioctl 40046210 7ffaef2474 returned -22
02-09 04:21:55.909 I/am_uid_running( 1523): 10061
02-09 04:21:55.909 D/CompatibilityChangeReporter( 1523): Compat change id reported: 135634846; UID 10061; state: DISABLED
02-09 04:21:55.910 D/CompatibilityChangeReporter( 1523): Compat change id reported: 177438394; UID 10061; state: DISABLED
02-09 04:21:55.910 D/CompatibilityChangeReporter( 1523): Compat change id reported: 135772972; UID 10061; state: DISABLED
02-09 04:21:55.910 D/CompatibilityChangeReporter( 1523): Compat change id reported: 135754954; UID 10061; state: ENABLED
02-09 04:21:55.911 I/netstats_mobile_sample( 1523): [0,0,0,0,0,0,0,0,0,0,0,0,1675887715911]
02-09 04:21:55.911 I/netstats_wifi_sample( 1523): [0,0,0,0,0,0,0,0,0,0,0,0,1675887715911]
02-09 04:21:55.911 I/SystemServerTiming( 1523): startHomeOnAllDisplays
02-09 04:21:55.911 I/ActivityTaskManager( 1523): START u0 {act=android.intent.action.MAIN cat=[android.intent.category.HOME] flg=0x10000100 cmp=com.android.settings/.FallbackHome (has extras)} from uid 0
02-09 04:21:55.916 I/netstats_mobile_sample( 1523): [0,0,0,0,0,0,0,0,0,0,0,0,1675887715916]
02-09 04:21:55.916 I/netstats_wifi_sample( 1523): [0,0,0,0,0,0,0,0,0,0,0,0,1675887715916]
02-09 04:21:55.917 D/CompatibilityChangeReporter( 1523): Compat change id reported: 174042980; UID 1000; state: DISABLED
01-02 09:38:36.078 E/init ( 0): Control message: Could not find 'vendor.qti.hardware.iop@2.0::IIop/default' for ctl.interface_start from pid: 505 (/system/bin/hwservicemanager)
02-09 04:21:55.920 I/wm_task_created( 1523): [2,-1]
02-09 04:21:55.921 I/netstats_mobile_sample( 1523): [0,0,0,0,0,0,0,0,0,0,0,0,1675887715921]
02-09 04:21:55.921 I/netstats_wifi_sample( 1523): [0,0,0,0,0,0,0,0,0,0,0,0,1675887715921]
02-09 04:21:55.921 I/wm_task_moved( 1523): [2,1,2147483647]
02-09 04:21:55.923 I/wm_task_moved( 1523): [1,1,0]
02-09 04:21:55.923 I/wm_create_task( 1523): [0,2]
02-09 04:21:55.923 I/wm_create_activity( 1523): [0,194085143,2,com.android.settings/.FallbackHome,android.intent.action.MAIN,NULL,NULL,276824320]
02-09 04:21:55.923 I/wm_task_moved( 1523): [1,1,0]
02-09 04:21:55.923 I/wm_task_moved( 1523): [2,1,2147483647]
02-09 04:21:55.923 I/wm_task_to_front( 1523): [0,2]
02-09 04:21:55.925 I/netstats_mobile_sample( 1523): [0,0,0,0,0,0,0,0,0,0,0,0,1675887715925]
02-09 04:21:55.925 I/netstats_wifi_sample( 1523): [0,0,0,0,0,0,0,0,0,0,0,0,1675887715925]
01-02 09:38:36.083 I/binder ( 0): 2081:2081 ioctl 40046210 7ffaef2474 returned -22
02-09 04:21:55.932 I/netstats_mobile_sample( 1523): [0,0,0,0,0,0,0,0,0,0,0,0,1675887715932]
02-09 04:21:55.932 I/netstats_wifi_sample( 1523): [0,0,0,0,0,0,0,0,0,0,0,0,1675887715932]
02-09 04:21:55.934 I/netstats_mobile_sample( 1523): [0,0,0,0,0,0,0,0,0,0,0,0,1675887715934]
02-09 04:21:55.934 I/netstats_wifi_sample( 1523): [0,0,0,0,0,0,0,0,0,0,0,0,1675887715934]
02-09 04:21:55.936 I/netstats_mobile_sample( 1523): [0,0,0,0,0,0,0,0,0,0,0,0,1675887715936]
02-09 04:21:55.936 I/netstats_wifi_sample( 1523): [0,0,0,0,0,0,0,0,0,0,0,0,1675887715936]
02-09 04:21:55.938 I/netstats_mobile_sample( 1523): [0,0,0,0,0,0,0,0,0,0,0,0,1675887715938]
02-09 04:21:55.938 I/netstats_wifi_sample( 1523): [0,0,0,0,0,0,0,0,0,0,0,0,1675887715938]
02-09 04:21:55.940 W/ContextImpl( 1523): Calling a method in the system process without a qualified user: android.app.ContextImpl.bindService:1895 android.content.ContextWrapper.bindService:810 com.qualcomm.qti.activityextension.ActivityNotifier.bindToDynamicDDSService:103 com.qualcomm.qti.activityextension.ActivityNotifier.handleSendActivityInvokeNotification:184 com.qualcomm.qti.activityextension.ActivityNotifier.access$300:26
02-09 04:21:55.940 D/CompatibilityChangeReporter( 1523): Compat change id reported: 168419799; UID 1000; state: DISABLED
02-09 04:21:55.940 I/ActivityTaskManager( 1523): FOREGROUND_APPLICATION_CHANGED to com.android.settings.FallbackHome
02-09 04:21:55.941 I/SystemServerTiming( 1523): showSystemReadyErrorDialogs
02-09 04:21:55.941 I/netstats_mobile_sample( 1523): [0,0,0,0,0,0,0,0,0,0,0,0,1675887715941]
02-09 04:21:55.941 I/netstats_wifi_sample( 1523): [0,0,0,0,0,0,0,0,0,0,0,0,1675887715941]
02-09 04:21:55.948 I/netstats_mobile_sample( 1523): [0,0,0,0,0,0,0,0,0,0,0,0,1675887715948]
02-09 04:21:55.948 I/netstats_wifi_sample( 1523): [0,0,0,0,0,0,0,0,0,0,0,0,1675887715948]
02-09 04:21:55.954 I/netstats_mobile_sample( 1523): [0,0,0,0,0,0,0,0,0,0,0,0,1675887715954]
02-09 04:21:55.954 I/netstats_wifi_sample( 1523): [0,0,0,0,0,0,0,0,0,0,0,0,1675887715954]
02-09 04:21:55.954 D/TelephonyRegistry( 1523): listen oscl: mHasNotifySubscriptionInfoChangedOccurred==false no callback
02-09 04:21:55.955 D/CountryDetector( 1523): Using custom country detector class: com.android.server.location.ComprehensiveCountryDetector
02-09 04:21:55.955 E/CountryDetector( 1523): Could not instantiate the custom country detector class
02-09 04:21:55.955 D/CountryDetector( 1523): Using default country detector
02-09 04:21:55.965 I/SystemServerTiming( 1523): sendUserStartBroadcast
02-09 04:21:55.966 I/SystemServerTiming( 1523): resumeTopActivities
02-09 04:21:55.966 I/SystemServerTiming( 1523): sendUserSwitchBroadcasts
02-09 04:21:55.966 I/uc_send_user_broadcast( 1523): [0,android.intent.action.USER_FOREGROUND]
02-09 04:21:55.966 I/uc_send_user_broadcast( 1523): [0,android.intent.action.USER_SWITCHED]
02-09 04:21:55.966 I/SystemServerTiming( 1523): setBinderProxies
02-09 04:21:55.967 I/SystemServerTiming( 1523): StartSystemUI
02-09 04:21:55.967 W/ActivityManager( 1523): Slow operation: 103ms so far, now at startProcess: done updating battery stats
02-09 04:21:55.967 I/am_proc_start( 1523): [0,2081,1073,com.android.networkstack.process,service,{com.android.networkstack/com.android.server.NetworkStackService}]
02-09 04:21:55.967 W/ActivityManager( 1523): Slow operation: 103ms so far, now at startProcess: building log message
02-09 04:21:55.967 I/ActivityManager( 1523): Start proc 2081:com.android.networkstack.process/1073 for service {com.android.networkstack/com.android.server.NetworkStackService}
02-09 04:21:55.967 W/ActivityManager( 1523): Slow operation: 103ms so far, now at startProcess: starting to update pids map
02-09 04:21:55.967 W/ActivityManager( 1523): Slow operation: 103ms so far, now at startProcess: done updating pids map
02-09 04:21:55.967 W/ActivityManager( 1523): Slow operation: 75ms so far, now at startProcess: asking zygote to start proc
02-09 04:21:55.968 I/am_proc_bound( 1523): [0,2071,WebViewLoader-arm64-v8a]
02-09 04:21:55.969 I/am_proc_bound( 1523): [0,2081,com.android.networkstack.process]
02-09 04:21:55.969 D/CompatibilityChangeReporter( 1523): Compat change id reported: 168419799; UID 1073; state: DISABLED
01-02 09:38:36.129 I/binder ( 0): 1212:1212 ioctl 40046210 7fd25e4764 returned -22
02-09 04:21:55.970 D/CompatibilityChangeReporter( 1523): Compat change id reported: 181136395; UID 1000; state: DISABLED
02-09 04:21:55.970 D/CompatibilityChangeReporter( 1523): Compat change id reported: 174042936; UID 1000; state: DISABLED
02-09 04:21:55.970 I/am_uid_active( 1523): 1073
02-09 04:21:55.971 W/ActivityManager( 1523): Slow operation: 79ms so far, now at startProcess: returned from zygote!
02-09 04:21:55.973 D/CompatibilityChangeReporter( 1523): Compat change id reported: 168419799; UID 1073; state: DISABLED
02-09 04:21:55.974 W/ContextImpl( 1523): Calling a method in the system process without a qualified user: android.app.ContextImpl.bindService:1895 android.content.ContextWrapper.bindService:810 com.qualcomm.qti.activityextension.ActivityNotifier.bindToDynamicDDSService:103 com.qualcomm.qti.activityextension.ActivityNotifier.handleSendActivityInvokeNotification:184 com.qualcomm.qti.activityextension.ActivityNotifier.access$300:26
02-09 04:21:55.974 I/ActivityManager( 1523): Process WebViewLoader-armeabi-v7a (pid 2063) has died: psvc PER
02-09 04:21:55.974 I/am_proc_died( 1523): [0,2063,WebViewLoader-armeabi-v7a,-700,0]
02-09 04:21:55.975 I/am_low_memory( 1523): 5
02-09 04:21:55.976 D/CompatibilityChangeReporter( 1523): Compat change id reported: 135634846; UID 1000; state: DISABLED
01-02 09:38:36.138 E/init ( 0): Control message: Could not find 'vendor.qti.hardware.iop@2.0::IIop/default' for ctl.interface_start from pid: 505 (/system/bin/hwservicemanager)
02-09 04:21:55.976 D/CompatibilityChangeReporter( 1523): Compat change id reported: 177438394; UID 1000; state: DISABLED
02-09 04:21:55.976 D/CompatibilityChangeReporter( 1523): Compat change id reported: 135772972; UID 1000; state: DISABLED
01-02 09:38:36.138 E/init ( 0): Control message: Could not find 'vendor.qti.hardware.iop@2.0::IIop/default' for ctl.interface_start from pid: 505 (/system/bin/hwservicemanager)
02-09 04:21:55.976 D/CompatibilityChangeReporter( 1523): Compat change id reported: 135754954; UID 1000; state: ENABLED
02-09 04:21:55.979 I/commit_sys_config_file( 1523): [settings-0-0,7]
02-09 04:21:55.979 W/PackageManager( 1523): Loading a package that does not exist for the calling user. package=null, user=0
02-09 04:21:55.979 W/ActivityManager( 1523): Slow operation: 87ms so far, now at startProcess: done updating battery stats
02-09 04:21:55.979 I/am_proc_start( 1523): [0,2119,1000,com.thundercomm.gamemode,added application,com.thundercomm.gamemode]
02-09 04:21:55.979 W/ActivityManager( 1523): Slow operation: 87ms so far, now at startProcess: building log message
02-09 04:21:55.979 I/ActivityManager( 1523): Start proc 2119:com.thundercomm.gamemode/1000 for added application com.thundercomm.gamemode
02-09 04:21:55.979 W/ActivityManager( 1523): Slow operation: 87ms so far, now at startProcess: starting to update pids map
02-09 04:21:55.979 W/ActivityManager( 1523): Slow operation: 87ms so far, now at startProcess: done updating pids map
02-09 04:21:55.980 W/ActivityManager( 1523): Slow operation: 84ms so far, now at startProcess: asking zygote to start proc
02-09 04:21:55.980 W/ContextImpl( 1523): Calling a method in the system process without a qualified user: android.app.ContextImpl.bindService:1895 android.content.ContextWrapper.bindService:810 com.qualcomm.qti.activityextension.ActivityNotifier.bindToDynamicDDSService:103 com.qualcomm.qti.activityextension.ActivityNotifier.handleSendActivityInvokeNotification:184 com.qualcomm.qti.activityextension.ActivityNotifier.access$300:26
02-09 04:21:55.984 I/SystemServerTiming( 1523): startMicroService
02-09 04:21:55.984 W/ActivityManager( 1523): Slow operation: 89ms so far, now at startProcess: returned from zygote!
02-09 04:21:55.984 W/ActivityManager( 1523): Slow operation: 89ms so far, now at startProcess: done updating battery stats
02-09 04:21:55.984 I/am_proc_start( 1523): [0,2127,1000,com.thundercomm.microservice,added application,com.thundercomm.microservice]
02-09 04:21:55.984 W/ActivityManager( 1523): Slow operation: 89ms so far, now at startProcess: building log message
02-09 04:21:55.984 I/ActivityManager( 1523): Start proc 2127:com.thundercomm.microservice/1000 for added application com.thundercomm.microservice
02-09 04:21:55.984 W/ActivityManager( 1523): Slow operation: 89ms so far, now at startProcess: starting to update pids map
02-09 04:21:55.984 W/ActivityManager( 1523): Slow operation: 89ms so far, now at startProcess: done updating pids map
02-09 04:21:55.984 W/ActivityManager( 1523): Slow operation: 88ms so far, now at startProcess: asking zygote to start proc
02-09 04:21:55.986 I/SystemServerTiming( 1523): startRemoteControlService
02-09 04:21:55.986 I/SystemServerTiming( 1523): startTcService
02-09 04:21:55.986 I/SystemServerTiming( 1523): startBoostPerfService
02-09 04:21:55.987 W/Looper ( 1523): Slow delivery took 1619ms main h=android.app.PropertyInvalidatedCache$AutoCorker$1 c=null m=0
02-09 04:21:55.991 I/wm_task_created( 1523): [3,-1]
02-09 04:21:55.993 I/wm_task_created( 1523): [4,-1]
02-09 04:21:55.995 W/ActivityManager( 1523): Slow operation: 98ms so far, now at startProcess: returned from zygote!
02-09 04:21:55.997 W/ActivityManager( 1523): Slow operation: 100ms so far, now at startProcess: done updating battery stats
02-09 04:21:55.997 I/am_proc_start( 1523): [0,2140,1000,com.thundercomm.microsettings,added application,com.thundercomm.microsettings]
02-09 04:21:55.997 W/ActivityManager( 1523): Slow operation: 100ms so far, now at startProcess: building log message
02-09 04:21:55.997 I/ActivityManager( 1523): Start proc 2140:com.thundercomm.microsettings/1000 for added application com.thundercomm.microsettings
02-09 04:21:55.997 W/ActivityManager( 1523): Slow operation: 101ms so far, now at startProcess: starting to update pids map
02-09 04:21:55.997 W/ActivityManager( 1523): Slow operation: 101ms so far, now at startProcess: done updating pids map
02-09 04:21:55.997 W/ActivityManager( 1523): Slow operation: 99ms so far, now at startProcess: asking zygote to start proc
02-09 04:21:55.998 D/ConditionProviders.SCP( 1523): onConnected
02-09 04:21:55.998 I/GameModeConfig( 1523): isGameModeOn = false
02-09 04:21:55.998 D/ConditionProviders( 1523): Subscribing to condition://android/event?userId=-10000&calendar=&reply=1 with ComponentInfo{android/com.android.server.notification.EventConditionProvider}
02-09 04:21:55.998 D/ConditionProviders( 1523): Subscribing to condition://android/schedule?days=1.2.3.4.5.6.7&start=22.0&end=7.0&exitAtAlarm=true with ComponentInfo{android/com.android.server.notification.ScheduleConditionProvider}
02-09 04:21:55.999 I/notification_cancel_all( 1523): [1000,1523,android,0,0,0,20,NULL]
02-09 04:21:56.001 I/am_uid_running( 1523): 10094
02-09 04:21:56.001 W/ActivityManager( 1523): Slow operation: 103ms so far, now at startProcess: returned from zygote!
02-09 04:21:56.001 D/CompatibilityChangeReporter( 1523): Compat change id reported: 135634846; UID 10094; state: DISABLED
02-09 04:21:56.001 D/CompatibilityChangeReporter( 1523): Compat change id reported: 177438394; UID 10094; state: DISABLED
02-09 04:21:56.001 D/CompatibilityChangeReporter( 1523): Compat change id reported: 135772972; UID 10094; state: DISABLED
02-09 04:21:56.002 D/CompatibilityChangeReporter( 1523): Compat change id reported: 135754954; UID 10094; state: ENABLED
01-02 09:38:36.159 I/binder ( 0): 2119:2119 ioctl 40046210 7ffaef2474 returned -22
02-09 04:21:56.002 W/ActivityManager( 1523): Slow operation: 104ms so far, now at startProcess: done updating battery stats
02-09 04:21:56.002 I/am_proc_start( 1523): [0,2147,1001,.dataservices,added application,.dataservices]
02-09 04:21:56.002 W/ActivityManager( 1523): Slow operation: 104ms so far, now at startProcess: building log message
02-09 04:21:56.002 I/ActivityManager( 1523): Start proc 2147:.dataservices/1001 for added application .dataservices
02-09 04:21:56.002 W/ActivityManager( 1523): Slow operation: 104ms so far, now at startProcess: starting to update pids map
02-09 04:21:56.003 W/ActivityManager( 1523): Slow operation: 105ms so far, now at startProcess: done updating pids map
02-09 04:21:56.003 W/ActivityManager( 1523): Slow operation: 104ms so far, now at startProcess: asking zygote to start proc
02-09 04:21:56.003 I/GameModeConfig( 1523): isGameModeOn = false
02-09 04:21:56.003 D/CompatibilityChangeReporter( 1523): Compat change id reported: 143937733; UID 10056; state: DISABLED
02-09 04:21:56.004 I/am_proc_bound( 1523): [0,2119,com.thundercomm.gamemode]
02-09 04:21:56.005 D/CompatibilityChangeReporter( 1523): Compat change id reported: 168419799; UID 1000; state: DISABLED
02-09 04:21:56.006 W/iorapd ( 1161): Readahead disabled by system property
02-09 04:21:56.007 W/iorapd ( 1161): Reconnect to package manager service: 1 times
01-02 09:38:36.169 I/binder ( 0): 2127:2127 ioctl 40046210 7ffaef2474 returned -22
02-09 04:21:56.013 I/am_proc_bound( 1523): [0,2127,com.thundercomm.microservice]
02-09 04:21:56.014 D/CompatibilityChangeReporter( 1523): Compat change id reported: 168419799; UID 1000; state: DISABLED
02-09 04:21:56.018 W/ActivityManager( 1523): Slow operation: 119ms so far, now at startProcess: returned from zygote!
02-09 04:21:56.018 W/ActivityManager( 1523): Slow operation: 119ms so far, now at startProcess: done updating battery stats
02-09 04:21:56.018 I/am_proc_start( 1523): [0,2173,10056,.qtidataservices,added application,.qtidataservices]
02-09 04:21:56.018 W/ActivityManager( 1523): Slow operation: 119ms so far, now at startProcess: building log message
02-09 04:21:56.018 I/ActivityManager( 1523): Start proc 2173:.qtidataservices/u0a56 for added application .qtidataservices
02-09 04:21:56.018 W/ActivityManager( 1523): Slow operation: 119ms so far, now at startProcess: starting to update pids map
01-02 09:38:36.175 E/DTC_ETH,link_delay_work_func( 0): 3003, SQI=0, link=0
01-02 09:38:36.179 E/init ( 0): Control message: Could not find 'vendor.qti.hardware.iop@2.0::IIop/default' for ctl.interface_start from pid: 505 (/system/bin/hwservicemanager)
02-09 04:21:56.018 W/ActivityManager( 1523): Slow operation: 119ms so far, now at startProcess: done updating pids map
02-09 04:21:56.018 W/ActivityManager( 1523): Slow operation: 117ms so far, now at startProcess: asking zygote to start proc
02-09 04:21:56.023 W/ActivityManager( 1523): Slow operation: 122ms so far, now at startProcess: returned from zygote!
02-09 04:21:56.024 W/ActivityManager( 1523): Slow operation: 122ms so far, now at startProcess: done updating battery stats
02-09 04:21:56.024 I/am_proc_start( 1523): [0,2180,1000,com.thundercomm.tchttpserver,added application,com.thundercomm.tchttpserver]
02-09 04:21:56.024 W/ActivityManager( 1523): Slow operation: 122ms so far, now at startProcess: building log message
02-09 04:21:56.024 I/ActivityManager( 1523): Start proc 2180:com.thundercomm.tchttpserver/1000 for added application com.thundercomm.tchttpserver
02-09 04:21:56.024 W/ActivityManager( 1523): Slow operation: 122ms so far, now at startProcess: starting to update pids map
02-09 04:21:56.024 W/ActivityManager( 1523): Slow operation: 123ms so far, now at startProcess: done updating pids map
02-09 04:21:56.024 W/ActivityManager( 1523): Slow operation: 122ms so far, now at startProcess: asking zygote to start proc
02-09 04:21:56.026 I/wm_task_created( 1523): [5,-1]
02-09 04:21:56.028 I/wm_task_created( 1523): [6,-1]
02-09 04:21:56.032 I/wm_task_created( 1523): [7,-1]
01-02 09:38:36.194 I/binder ( 0): 2147:2147 ioctl 40046210 7ffaef2474 returned -22
02-09 04:21:56.036 I/bt_config_source( 2001): 1
02-09 04:21:56.036 I/bt_config_source( 2001): 3
02-09 04:21:56.037 W/ActivityManager( 1523): Slow operation: 135ms so far, now at startProcess: returned from zygote!
02-09 04:21:56.038 W/ActivityManager( 1523): Slow operation: 136ms so far, now at startProcess: done updating battery stats
02-09 04:21:56.038 I/am_proc_start( 1523): [0,2200,1000,com.tc.logclient,added application,com.tc.logclient]
02-09 04:21:56.038 W/ActivityManager( 1523): Slow operation: 136ms so far, now at startProcess: building log message
02-09 04:21:56.038 I/ActivityManager( 1523): Start proc 2200:com.tc.logclient/1000 for added application com.tc.logclient
02-09 04:21:56.038 W/ActivityManager( 1523): Slow operation: 136ms so far, now at startProcess: starting to update pids map
02-09 04:21:56.038 W/ActivityManager( 1523): Slow operation: 136ms so far, now at startProcess: done updating pids map
02-09 04:21:56.038 W/ActivityManager( 1523): Slow operation: 136ms so far, now at startProcess: asking zygote to start proc
01-02 09:38:36.197 I/binder ( 0): 2140:2140 ioctl 40046210 7ffaef2474 returned -22
02-09 04:21:56.039 D/iorap.prefetcherd( 2155): Installing minijail
02-09 04:21:56.039 W/iorap.prefetcherd( 2155): No seccomp filter defined for this architecture.
02-09 04:21:56.041 I/am_proc_bound( 1523): [0,2147,.dataservices]
02-09 04:21:56.042 D/CompatibilityChangeReporter( 1523): Compat change id reported: 168419799; UID 1001; state: DISABLED
02-09 04:21:56.043 W/ActivityManager( 1523): Slow operation: 141ms so far, now at startProcess: returned from zygote!
02-09 04:21:56.044 I/am_uid_active( 1523): 1001
02-09 04:21:56.046 D/CompatibilityChangeReporter( 1523): Compat change id reported: 168419799; UID 1001; state: DISABLED
02-09 04:21:56.046 W/ActivityManager( 1523): Slow operation: 144ms so far, now at startProcess: done updating battery stats
02-09 04:21:56.046 I/am_proc_start( 1523): [0,2204,1000,com.thundercomm.tcsetupwizard,added application,com.thundercomm.tcsetupwizard]
02-09 04:21:56.046 W/ActivityManager( 1523): Slow operation: 144ms so far, now at startProcess: building log message
02-09 04:21:56.046 I/ActivityManager( 1523): Start proc 2204:com.thundercomm.tcsetupwizard/1000 for added application com.thundercomm.tcsetupwizard
02-09 04:21:56.046 W/ActivityManager( 1523): Slow operation: 144ms so far, now at startProcess: starting to update pids map
02-09 04:21:56.047 W/ActivityManager( 1523): Slow operation: 144ms so far, now at startProcess: done updating pids map
02-09 04:21:56.047 W/ActivityManager( 1523): Slow operation: 144ms so far, now at startProcess: asking zygote to start proc
02-09 04:21:56.047 I/liblog ( 2001): 30
02-09 04:21:56.051 I/PackageWatchdog( 1523): Syncing health check requests for packages: {}
02-09 04:21:56.051 I/ExplicitHealthCheckController( 1523): Service not ready to get health check supported packages. Binding...
02-09 04:21:56.052 I/ExplicitHealthCheckController( 1523): Explicit health check service is bound
02-09 04:21:56.052 I/am_proc_bound( 1523): [0,2140,com.thundercomm.microsettings]
02-09 04:21:56.052 D/CompatibilityChangeReporter( 1523): Compat change id reported: 168419799; UID 1000; state: DISABLED
01-02 09:38:36.213 I/binder ( 0): 2173:2173 ioctl 40046210 7ffaef2474 returned -22
02-09 04:21:56.059 I/auditd ( 919): type=1400 audit(0.0:239): avc: denied { read write } for comm="sensors.qti" name="diag" dev="tmpfs" ino=1103 scontext=u:r:vendor_sensors_qti:s0 tcontext=u:object_r:vendor_diag_device:s0 tclass=chr_file permissive=0
02-09 04:21:56.058 I/am_proc_bound( 1523): [0,2173,.qtidataservices]
02-09 04:21:56.059 D/CompatibilityChangeReporter( 1523): Compat change id reported: 168419799; UID 10056; state: DISABLED
02-09 04:21:56.060 I/am_uid_active( 1523): 10056
01-02 09:38:36.225 I/binder ( 0): 2200:2200 ioctl 40046210 7ffaef2474 returned -22
02-09 04:21:56.066 W/ActivityManager( 1523): Slow operation: 163ms so far, now at startProcess: returned from zygote!
02-09 04:21:56.067 W/ActivityManager( 1523): Slow operation: 163ms so far, now at startProcess: done updating battery stats
02-09 04:21:56.067 I/am_proc_start( 1523): [0,2246,1000,vendor.qti.qesdk.sysservice,added application,vendor.qti.qesdk.sysservice]
02-09 04:21:56.067 W/ActivityManager( 1523): Slow operation: 164ms so far, now at startProcess: building log message
02-09 04:21:56.067 I/ActivityManager( 1523): Start proc 2246:vendor.qti.qesdk.sysservice/1000 for added application vendor.qti.qesdk.sysservice
02-09 04:21:56.067 W/ActivityManager( 1523): Slow operation: 164ms so far, now at startProcess: starting to update pids map
02-09 04:21:56.067 W/ActivityManager( 1523): Slow operation: 164ms so far, now at startProcess: done updating pids map
02-09 04:21:56.067 W/ActivityManager( 1523): Slow operation: 163ms so far, now at startProcess: asking zygote to start proc
02-09 04:21:56.067 D/CompatibilityChangeReporter( 1523): Compat change id reported: 143937733; UID 10081; state: DISABLED
01-02 09:38:36.227 I/binder ( 0): 2180:2180 ioctl 40046210 7ffaef2474 returned -22
02-09 04:21:56.070 D/CompatibilityChangeReporter( 1523): Compat change id reported: 171306433; UID 1000; state: ENABLED
02-09 04:21:56.071 I/am_proc_bound( 1523): [0,2180,com.thundercomm.tchttpserver]
02-09 04:21:56.074 D/CompatibilityChangeReporter( 1523): Compat change id reported: 168419799; UID 1000; state: DISABLED
02-09 04:21:56.076 W/ActivityManager( 1523): Slow operation: 172ms so far, now at startProcess: returned from zygote!
01-02 09:38:36.238 I/binder ( 0): 2204:2204 ioctl 40046210 7ffaef2474 returned -22
02-09 04:21:56.081 I/am_proc_bound( 1523): [0,2200,com.tc.logclient]
02-09 04:21:56.082 D/CompatibilityChangeReporter( 1523): Compat change id reported: 168419799; UID 1000; state: DISABLED
02-09 04:21:56.083 W/ActivityManager( 1523): Slow operation: 179ms so far, now at startProcess: done updating battery stats
02-09 04:21:56.083 I/am_proc_start( 1523): [0,2268,10081,com.qti.qualcomm.mstatssystemservice,added application,com.qti.qualcomm.mstatssystemservice]
02-09 04:21:56.083 W/ActivityManager( 1523): Slow operation: 179ms so far, now at startProcess: building log message
02-09 04:21:56.083 I/ActivityManager( 1523): Start proc 2268:com.qti.qualcomm.mstatssystemservice/u0a81 for added application com.qti.qualcomm.mstatssystemservice
