01-02 09:38:39.827 D/cnss ( 0): dma-coherent is enabled
01-02 09:38:39.827 D/cnss ( 0): IOMMU map: iova b0000000, len 4096
01-02 09:38:39.827 D/cnss ( 0): IOMMU map: iova_addr b0000040
01-02 09:38:39.827 D/cnss ( 0): dma-coherent is enabled
01-02 09:38:39.827 D/cnss ( 0): IOMMU map: iova b0001000, len 4096
01-02 09:38:39.827 D/cnss ( 0): IOMMU map: iova_addr b0001018
01-02 09:38:39.828 I/[kworke][0x13922ff9][04:21:59.669189] wlan( 0): [335:I:SYS] Creating periodic timer for OLBC UPDATE CACHE TIMEOUT
01-02 09:38:39.828 E/[kworke][0x13924295][04:21:59.669437] wlan( 0): [335:E:TXRX] dp_rxdma_ring_config: 5022: DBS enabled max_mac_rings 2
01-02 09:38:39.828 E/[kworke][0x13924363][04:21:59.669448] wlan( 0): [335:E:TXRX] dp_rxdma_ring_config: 5033: pdev_id 0 max_mac_rings 2
01-02 09:38:39.828 E/[kworke][0x1392440c][04:21:59.669457] wlan( 0): [335:E:TXRX] dp_rxdma_ring_config: 5050: mac_id 0
01-02 09:38:39.828 E/[kworke][0x13925385][04:21:59.669663] wlan( 0): [335:E:TXRX] dp_rxdma_ring_config: 5050: mac_id 1
01-02 09:38:39.828 I/[kworke][0x13926ea5][04:21:59.670025] wlan( 0): [335:I:POLICY_MGR] policy_mgr_update_5g_scc_prefer: 398: overwrite pm_second_connection_pcl_dbs_2x2_table, index 2 mode 3 system prefer 0 new pcl 6
01-02 09:38:39.828 I/[kworke][0x1392703e][04:21:59.670046] wlan( 0): [335:I:POLICY_MGR] policy_mgr_update_5g_scc_prefer: 404: overwrite pm_second_connection_pcl_dbs_2x2_table, index 3 mode 3 system prefer 0 new pcl 6
01-02 09:38:39.829 E/[kworke][0x13928869][04:21:59.670368] wlan( 0): [335:E:REGULATORY] reg_freq_width_to_chan_op_class: 512: no op class for frequency 5745
01-02 09:38:39.829 I/[kworke][0x1392ab48][04:21:59.670833] wlan( 0): [335:I:HIF] hif_pm_runtime_start: Enabling RUNTIME PM, Delay: 500 ms
01-02 09:38:39.830 E/cnss_utils( 0): WLAN MAC address is not set, type 0
01-02 09:38:39.830 W/cnss_pci 0000( 0): 01:00.0: Falling back to syfs fallback for: wlan/qca_cld/qca6390/wlan_mac.bin
02-09 04:21:59.682 I/MMParserExtractor( 1195): Created(0xb400007c63868e10)
01-02 09:38:39.843 I/[kworke][0x13968f20][04:21:59.684111] wlan( 0): [335:I:HDD] hdd_initialize_mac_address: 12589: using default MAC address
02-09 04:21:59.687 D/LOWI-9.0.0.87.a( 1318): [LOWINetlinkSocketReceiver] unpackRTMLinkMessage: RTM_NEWLINK - ifname wlan0, flags 0x1002 ()
02-09 04:21:59.688 D/LOWI-9.0.0.87.a( 1318): [LOWINetlinkSocketReceiver] processNetlinkPacket: ifname(wlan0) status(0)
02-09 04:21:59.688 D/LOWI-9.0.0.87.a( 1318): [LOWIController] intfStateReceived: ifname(wlan0) state(0)
02-09 04:21:59.688 D/LOWI-9.0.0.87.a( 1318): [LOWIEventReceiver] handleEvent:FROM:NA, TO:NA, REQ:NA, IREQ:NA, REQ_ID:0, RESP:NA, INFO:INTF-STATUS-UPDATE
02-09 04:21:59.688 D/LOWI-9.0.0.87.a( 1318): [LOWIEventReceiver] Info to [INTF-STATUS-UPDATE]
02-09 04:21:59.688 D/LOWI-9.0.0.87.a( 1318): [LOWIController] updateIntfState: WIFI enabled 0 mNlWifiStatus -1 mWifiStateEnabled 0
02-09 04:21:59.688 D/LOWI-9.0.0.87.a( 1318): [LOWIController] isWifiEnabled: mNlWifiStatus 0 mWifiStateEnabled 0
02-09 04:21:59.689 I/EthernetTracker( 1523): interfaceLinkStateChanged, iface: wlan0, up: false
02-09 04:21:59.689 I/Tethering( 2081): adding IpServer for: wlan0
02-09 04:21:59.690 D/LOWI-9.0.0.87.a( 1318): [LOWINetlinkSocketReceiver] unpackRTMLinkMessage: RTM_NEWLINK - ifname p2p0, flags 0x1002 ()
02-09 04:21:59.692 I/EthernetTracker( 1523): interfaceLinkStateChanged, iface: p2p0, up: false
02-09 04:21:59.692 D/LOWI-9.0.0.87.a( 1318): [LOWINetlinkSocketReceiver] unpackRTMLinkMessage: RTM_NEWLINK - ifname wifi-aware0, flags 0x1002 ()
02-09 04:21:59.692 I/EthernetTracker( 1523): interfaceLinkStateChanged, iface: wifi-aware0, up: false
01-02 09:38:39.852 D/cnss ( 0): Host time = 17125460 us, device time = 2566510 us, offset = 14558950 us
01-02 09:38:39.852 D/cnss ( 0): Updated time sync regs [0x984] = 0xde26e6, [0x988] = 0x0
01-02 09:38:39.852 D/cnss ( 0): Removing vote for Regulator vdd-wlan-rfa2
01-02 09:38:39.852 D/cnss ( 0): Removing vote for Regulator vdd-wlan-rfa1
01-02 09:38:39.852 D/cnss ( 0): Removing vote for Regulator vdd-wlan-dig
01-02 09:38:39.852 I/qcom_rpmh DRV( 0): apps_rsc TCS Busy, retrying RPMH message send: addr=0x43200
01-02 09:38:39.852 I/qcom_rpmh DRV( 0): apps_rsc TCS Busy, retrying RPMH message send: addr=0x43200
01-02 09:38:39.852 I/qcom_rpmh DRV( 0): apps_rsc TCS Busy, retrying RPMH message send: addr=0x43200
01-02 09:38:39.852 I/qcom_rpmh DRV( 0): apps_rsc TCS Busy, retrying RPMH message send: addr=0x43200
01-02 09:38:39.852 D/cnss ( 0): Removing vote for Regulator vdd-wlan-aon
01-02 09:38:39.852 D/cnss ( 0): Removing vote for Regulator vdd-wlan-io
01-02 09:38:39.852 D/cnss ( 0): PM relax, state: 0x107, count: 0
01-02 09:38:39.859 I/ ( 0): Wifi Turning On from UI
01-02 09:38:39.860 I/[wifi@1][0x139ba202][04:21:59.701429] wlan( 0): [830:I:DP] dp_vdev_attach_wifi3: wlan_cfg_ap_bridge_enabled 0
01-02 09:38:39.860 I/[wifi@1][0x139ba390][04:21:59.701450] wlan( 0): [830:I:DP] 00000000: f6 87 9b e9 7c 54 5d 1b f2 50 38 29 1a 63 ec 5a
01-02 09:38:39.860 I/[wifi@1][0x139ba3bd][04:21:59.701453] wlan( 0): [830:I:DP] 00000010: fc 07 8a 1b
01-02 09:38:39.860 I/[wifi@1][0x139ba406][04:21:59.701456] wlan( 0): [830:I:DP] 00000000: 94 f0 83 9c c5 90 82 85 5b c3 51 9f a0 b5 76 8b
01-02 09:38:39.860 I/[wifi@1][0x139ba438][04:21:59.701459] wlan( 0): [830:I:DP] 00000010: dc 88 1e 73 f7 d2 c7 6d 4c 0a a7 fb 7b 32 99 1f
01-02 09:38:39.860 I/[wifi@1][0x139ba462][04:21:59.701461] wlan( 0): [830:I:DP] 00000020: 90 5c 82 e0 06 44 77 75 6d 3a 9c c0
01-02 09:38:39.862 I/IPv6 ( 0): ADDRCONF(NETDEV_UP): wlan0: link is not ready
02-09 04:21:59.694 I/android.hardware.wifi@1.0-service( 830): Wifi HAL started
02-09 04:21:59.695 I/WifiVendorHal( 1523): Vendor Hal started successfully
02-09 04:21:59.697 I/cnss-daemon( 1289): nl80211 response handler invoked
02-09 04:21:59.697 I/cnss-daemon( 1289): nl80211_response_handler: cmd 103, vendorID 4980, subcmd 181 received
02-09 04:21:59.697 I/cnss-daemon( 1289): interop issues ap: ff:ff:ff:ff:ff:ff
02-09 04:21:59.697 I/cnss-daemon( 1289): interop issues ap: driver trigger update
02-09 04:21:59.697 E/cnss-daemon( 1289): no interop issues ap currently
02-09 04:21:59.700 I/ExtendedUtils( 1202): printFileName fd(83) -> /product/media/audio/ringtones/SpringyJalopy.ogg
02-09 04:21:59.702 D/LOWI-9.0.0.87.a( 1318): [LOWINetlinkSocketReceiver] unpackRTMLinkMessage: RTM_NEWLINK - ifname wlan0, flags 0x1003 ([UP])
02-09 04:21:59.702 D/LOWI-9.0.0.87.a( 1318): [LOWINetlinkSocketReceiver] processNetlinkPacket: ifname(wlan0) status(1)
02-09 04:21:59.702 D/LOWI-9.0.0.87.a( 1318): [LOWIController] intfStateReceived: ifname(wlan0) state(1)
02-09 04:21:59.702 D/LOWI-9.0.0.87.a( 1318): [LOWIEventReceiver] handleEvent:FROM:NA, TO:NA, REQ:NA, IREQ:NA, REQ_ID:0, RESP:NA, INFO:INTF-STATUS-UPDATE
02-09 04:21:59.702 D/LOWI-9.0.0.87.a( 1318): [LOWIEventReceiver] Info to [INTF-STATUS-UPDATE]
02-09 04:21:59.702 D/LOWI-9.0.0.87.a( 1318): [LOWIController] updateIntfState: WIFI enabled 1 mNlWifiStatus 0 mWifiStateEnabled 0
02-09 04:21:59.702 D/LOWI-9.0.0.87.a( 1318): [LOWIController] isWifiEnabled: mNlWifiStatus 1 mWifiStateEnabled 0
02-09 04:21:59.702 I/LOWI-9.0.0.87.a( 1318): [LOWIController] isWifiEnabled: Wifi is now enabled
02-09 04:21:59.702 D/LOWI-9.0.0.87.a( 1318): [LOWIController] terminateScanResultReceiver
02-09 04:21:59.703 I/WifiHAL ( 830): Initializing wifi
02-09 04:21:59.704 I/CLD80211( 830): android.hardware.wifi@1.0-service: initialized exit socket pair
02-09 04:21:59.704 I/CLD80211( 830): android.hardware.wifi@1.0-service: nlctrl family id: 16 group: host_logs mcast_id: 20
02-09 04:21:59.704 I/CLD80211( 830): android.hardware.wifi@1.0-service: nlctrl family id: 16 group: fw_logs mcast_id: 21
02-09 04:21:59.704 I/CLD80211( 830): android.hardware.wifi@1.0-service: nlctrl family id: 16 group: per_pkt_stats mcast_id: 22
02-09 04:21:59.704 I/CLD80211( 830): android.hardware.wifi@1.0-service: nlctrl family id: 16 group: diag_events mcast_id: 23
02-09 04:21:59.704 I/CLD80211( 830): android.hardware.wifi@1.0-service: nlctrl family id: 16 group: fatal_events mcast_id: 24
02-09 04:21:59.704 I/CLD80211( 830): android.hardware.wifi@1.0-service: nlctrl family id: 16 group: oem_msgs mcast_id: 25
02-09 04:21:59.705 I/TetheringManager( 2147): registerTetheringEventCallback:com.qti.dpmserviceapp
02-09 04:21:59.705 I/EthernetTracker( 1523): interfaceLinkStateChanged, iface: wlan0, up: false
02-09 04:21:59.706 I/WifiService( 1523): updateInterfaceIpState uid=1073
02-09 04:21:59.707 E/WifiHAL ( 830): wifi_get_capabilities: GSCAN is not supported by driver
02-09 04:21:59.707 E/WifiHAL ( 830): Failed to get wifi Capabilities, error: -3
02-09 04:21:59.707 D/WifiHAL ( 830): wlan_service_read_sys_param: /proc/sys/net/ipv4/tcp_limit_output_bytes 262144
02-09 04:21:59.707 D/WifiHAL ( 830): wlan_service_read_sys_param: /proc/sys/net/ipv4/tcp_adv_win_scale 1
02-09 04:21:59.708 I/android.hardware.wifi@1.0-service( 830): Adding interface handle for wlan0
02-09 04:21:59.708 I/android.hardware.wifi@1.0-service( 830): Adding interface handle for wifi-aware0
02-09 04:21:59.708 I/android.hardware.wifi@1.0-service( 830): Adding interface handle for p2p0
02-09 04:21:59.708 W/android.hardware.wifi@1.0-service( 830): No active wlan interfaces in use! Using default
02-09 04:21:59.708 W/android.hardware.wifi@1.0-service( 830): No active wlan interfaces in use! Using default
02-09 04:21:59.709 I/service_manager_stats( 1523): [705,299,5448]
02-09 04:21:59.709 I/Tethering( 2081): adding IpServer for: p2p0
02-09 04:21:59.709 W/BestClock( 1523): java.time.DateTimeException: Missing NTP fix
02-09 04:21:59.710 I/android.hardware.wifi@1.0-service( 830): Configured chip in mode 3
02-09 04:21:59.710 W/android.hardware.wifi@1.0-service( 830): No active wlan interfaces in use! Using default
02-09 04:21:59.710 D/HalDevMgr( 1523): updateRttController: no one is interested in RTT controllers
02-09 04:21:59.714 D/LOWI-9.0.0.87.a( 1318): [LOWIWpaInterface] OpenCtrl]66 Failure for mCtrl
02-09 04:21:59.714 D/LOWI-9.0.0.87.a( 1318): [LOWI-Scan] nl80211_init:SUCCESS
02-09 04:21:59.714 D/LOWI-9.0.0.87.a( 1318): [LOWI-Scan] nl_get_wiphy_info, done err = 0
02-09 04:21:59.714 I/LOWI-9.0.0.87.a( 1318): [LOWI-Scan] WipsGetSupportedChannels: return err = 0 num_2g_ch = 13 num_5g_ch = 13 num_6g_ch = 0
02-09 04:21:59.714 I/LOWI-9.0.0.87.a( 1318): [LOWIWifiDriverUtils] set the band mask from wiphy 3
02-09 04:21:59.714 D/LOWI-9.0.0.87.a( 1318): [LOWIWifiDriverUtils] getWiFiIdentityFromIoctl: ioctl(GET_MAC_ADDR) return: 0, Mac = 00:03:7f:12:9a:ec
02-09 04:21:59.714 D/LOWI-9.0.0.87.a( 1318): [LOWIWifiDriverUtils] getWiFiCapabilityFromIoctl: ioctl(GET_CAP) return: 0, Error: None(0)
02-09 04:21:59.716 I/LOWI-9.0.0.87.a( 1318): [LOWI-ROME-RTT] RomeWipsOpen: libCld80211 found, load the symbols..
01-02 09:38:39.873 I/[lowi-s][0x139f98f8][04:21:59.714962] wlan( 0): [1411:I:wifipos] wifi_pos_get_ch_info: 461: num channels: 26
02-09 04:21:59.716 W/BestClock( 1523): java.time.DateTimeException: Missing NTP fix
02-09 04:21:59.716 I/netstats_mobile_sample( 1523): [0,0,0,0,0,0,0,0,0,0,0,0,1675887719716]
02-09 04:21:59.716 I/CLD80211( 1318): lowi-server: initialized exit socket pair
02-09 04:21:59.716 D/LOWI-9.0.0.87.a( 1318): [LOWI-ROME-RTT] cld80211InitAndRegister: Init and Registration done
02-09 04:21:59.716 I/netstats_wifi_sample( 1523): [0,0,0,0,0,0,0,0,0,0,0,0,1675887719716]
02-09 04:21:59.717 D/LOWI-9.0.0.87.a( 1318): [LOWIController] createWifiDriver: wifi driver created.
02-09 04:21:59.717 D/LOWI-9.0.0.87.a( 1318): [LOWIWifiDriverInterface] getCacheMeasurements
02-09 04:21:59.717 D/LOWI-9.0.0.87.a( 1318): [LOWIDiagLog] Log: lowiMeasResult->request: invalid null argument
02-09 04:21:59.717 I/LOWI-9.0.0.87.a( 1318): [LOWI-Scan] lowi_close_record:Scan done in 0ms, 0 APs in scan results
02-09 04:21:59.717 D/LOWI-9.0.0.87.a( 1318): [LOWI-Scan] WipsScanUsingNL: passive scan cached 1, took 0 ms, err 0
02-09 04:21:59.717 D/LOWI-9.0.0.87.a( 1318): [LOWI-Scan] Cached scan, invalid timestamp, scan again
02-09 04:21:59.717 I/LOWI-9.0.0.87.a( 1318): [LOWI-Scan] No input freq.Cannot do fresh scan, cached scan failed
02-09 04:21:59.717 D/LOWI-9.0.0.87.a( 1318): [LOWI-Scan] lowi_proc_req_passive_scan_with_live_meas - No WLAN Frames to be parsed
02-09 04:21:59.717 D/LOWI-9.0.0.87.a( 1318): [LOWIController] readCachedMeasurementsFromDriver: Cache measurements
02-09 04:21:59.717 D/LOWI-9.0.0.87.a( 1318): [LOWICacheManager] putInCache:No measurements to put in cache
02-09 04:21:59.717 D/LOWI-9.0.0.87.a( 1318): [LOWIController] getWifiCapabilities
02-09 04:21:59.717 D/LOWI-9.0.0.87.a( 1318): [LOWIController] passContConfig
02-09 04:21:59.717 I/LOWI-9.0.0.87.a( 1318): [LOWIWifiDriverUtils] return band_mask based on wiphy 3
02-09 04:21:59.717 D/LOWI-9.0.0.87.a( 1318): [LOWIControllerExtn] createScanResultReceiver: scanbitmask(0x26)
02-09 04:21:59.717 D/LOWI-9.0.0.87.a( 1318): [LOWIController] createScanResultReceiver: Capabilities: discovery(1), ranging(1), bgscan(0), scanbitmask(0x26)
02-09 04:21:59.717 D/LOWI-9.0.0.87.a( 1318): [LOWIController] created scanReceiver successfully
02-09 04:21:59.717 D/LOWI-9.0.0.87.a( 1318): [LOWIController] created scanReceiver successfully
02-09 04:21:59.717 D/LOWI-9.0.0.87.a( 1318): [LOWI-ROME-RTT] Creating pipe to Ranging Thread
02-09 04:21:59.717 D/LOWI-9.0.0.87.a( 1318): [LOWIScanResultReceiver] Enter passive listening mode
02-09 04:21:59.717 D/LOWI-9.0.0.87.a( 1318): [LOWIRangingFSM] FSM: Received Event EVENT_START_THREAD, Current state: STATE_IDLE_START
02-09 04:21:59.718 I/WifiHAL ( 830): send_nl_data: sent cld80211 msg of len: 48 to driver
02-09 04:21:59.718 I/WifiHAL ( 830): send oem msg of len : 40 to apps
02-09 04:21:59.718 D/LOWI-9.0.0.87.a( 1318): [LOWI-ROME-RTT] send_cld80211_nlmsg: sent cld80211 message for pid 1318
02-09 04:21:59.718 D/LOWI-9.0.0.87.a( 1318): [LOWIRangingFSM] FSM: New FSM state: STATE_IDLE_START
02-09 04:21:59.718 D/LOWI-9.0.0.87.a( 1318): [LOWI-ROME-RTT] RomeWaitOnActivityOnSocketOrPipe: issue timed select: TO: 5
02-09 04:21:59.718 D/LOWI-9.0.0.87.a( 1318): [LOWI-ROME-RTT] RomeWaitOnActivityOnSocketOrPipe: timed select over: TO: 5 retVal: 1
02-09 04:21:59.718 D/LOWI-9.0.0.87.a( 1318): [LOWI-ROME-RTT] event_handler: Valid data with length 11
02-09 04:21:59.718 D/LOWI-9.0.0.87.a( 1318): [LOWI-HELIUM-RTT] RomeNLRecvMessage: The Received RomeMsgType: ROME_REG_RSP_MSG
02-09 04:21:59.718 D/LOWI-9.0.0.87.a( 1318): [LOWIRangingFSM] FSM: Received Event EVENT_REGISTRATION_SUCCESS, Current state: STATE_IDLE_START
02-09 04:21:59.718 D/LOWI-9.0.0.87.a( 1318): [LOWI-ROME-RTT] RomeExtractRegRsp: driver support nl packing for oem data
02-09 04:21:59.718 I/LOWI-9.0.0.87.a( 1318): [LOWI-ROME-RTT] RomeExtractRegRsp: nl format oem data enabled
02-09 04:21:59.718 D/LOWI-9.0.0.87.a( 1318): [LOWI-ROME-RTT] RomeExtractRegRsp: Registered with CLD, 1 vDevs. Using 0 for STA
02-09 04:21:59.718 I/WifiHAL ( 830): send_nl_data: sent cld80211 msg of len: 32 to driver
02-09 04:21:59.718 D/LOWI-9.0.0.87.a( 1318): [LOWI-ROME-RTT] send_oem_nl_msg: sent cld80211 message with subcmd: 3
02-09 04:21:59.718 D/LOWI-9.0.0.87.a( 1318): [LOWIRangingFSM] FSM: New FSM state: STATE_WAITING_OEM_CAP
02-09 04:21:59.718 D/LOWI-9.0.0.87.a( 1318): [LOWI-ROME-RTT] RomeWaitOnActivityOnSocketOrPipe: issue timed select: TO: 5
01-02 09:38:39.876 E/[wifi@1][0x13a0782c][04:21:59.717938] wlan( 0): [3396:E:wifipos] wifi_pos_process_app_reg_req: 608: Received App Req Req pid(-599784642), len(16)
01-02 09:38:39.877 I/[wifi@1][0x13a08692][04:21:59.718130] wlan( 0): [830:I:DP] dp_vdev_attach_wifi3: wlan_cfg_ap_bridge_enabled 1
01-02 09:38:39.877 E/[wifi@1][0x13a08ea8][04:21:59.718238] wlan( 0): [830:E:PMO] pmo_register_wow_wakeup_events: 88: Skipping wake event configuration for vdev_opmode 16
01-02 09:38:39.877 E/[wifi@1][0x13a091f4][04:21:59.718282] wlan( 0): [830:E:SME] sme_get_nss_chain_shift: 4045: Device mode 16 invalid
01-02 09:38:39.877 E/[wifi@1][0x13a09238][04:21:59.718286] wlan( 0): [830:E:SME] sme_get_nss_chain_shift: 4045: Device mode 16 invalid
02-09 04:21:59.718 D/LOWI-9.0.0.87.a( 1318): [LOWI-Scan] Creating the pipe
02-09 04:21:59.718 D/LOWI-9.0.0.87.a( 1318): [LOWIScanResultReceiver] Enter passive listening mode
02-09 04:21:59.718 D/LOWI-9.0.0.87.a( 1318): [LOWIWifiDriverInterface] getMeasurements - Passive listening mode
02-09 04:21:59.718 D/LOWI-9.0.0.87.a( 1318): [LOWI-Scan] WipsScanUsingNL:wait -1 sec for netlink message
02-09 04:21:59.718 D/LOWI-9.0.0.87.a( 1318): [LOWINetlinkSocketReceiver] unpackRTMLinkMessage: RTM_NEWLINK - ifname wifi-aware0, flags 0x1003 ([UP])
01-02 09:38:39.878 I/IPv6 ( 0): ADDRCONF(NETDEV_UP): wifi-aware0: link is not ready
02-09 04:21:59.719 I/EthernetTracker( 1523): interfaceLinkStateChanged, iface: wifi-aware0, up: false
02-09 04:21:59.721 E/WifiHAL ( 830): ack_handler_nan: called
02-09 04:21:59.721 W/BestClock( 1523): java.time.DateTimeException: Missing NTP fix
02-09 04:21:59.722 D/CompatibilityChangeReporter( 1523): Compat change id reported: 171306433; UID 1000; state: ENABLED
02-09 04:21:59.726 I/MMParserExtractor( 1195): Created(0xb400007c63868e10)
02-09 04:21:59.727 W/BestClock( 1523): java.time.DateTimeException: Missing NTP fix
02-09 04:21:59.727 I/netstats_mobile_sample( 1523): [0,0,0,0,0,0,0,0,0,0,0,0,1675887719727]
02-09 04:21:59.727 I/QCALOG ( 830): [LOWIClient] createInstance ()
02-09 04:21:59.727 I/netstats_wifi_sample( 1523): [0,0,0,0,0,0,0,0,0,0,0,0,1675887719727]
02-09 04:21:59.727 D/QCALOG ( 830): [LOWIClient] LOWIClient name = 74146574f8-LC
02-09 04:21:59.727 D/QCALOG ( 830): [LOWIClientReceiver] LOWIClientReceiver::LOWIClientReceiver ()
02-09 04:21:59.727 I/QCALOG ( 830): [MessageQ_Client] connecting to server [/dev/socket/location/mq/location-mq-s]
02-09 04:21:59.728 I/QCALOG ( 830): [MessageQ_Client] connected
02-09 04:21:59.728 D/QCALOG ( 830): [LOWIClientReceiver] connect retVal: 0
02-09 04:21:59.728 D/LOWI-9.0.0.87.a( 1318): [MqClientIpcReciver] FROM: LOCATION-MQ
02-09 04:21:59.728 D/LOWI-9.0.0.87.a( 1318): [MqClientIpcReciver] INFO: REGISTER-EVENT
02-09 04:21:59.728 D/LOWI-9.0.0.87.a( 1318): [MqClientIpcReciver] TX-ID: 12
02-09 04:21:59.728 D/QCALOG ( 830): [LOWI-WIFIHAL-2.1.1.22] LOWI_WIFIHAL_INTERFACE_VERSION: (LOWI-WIFIHAL-2.1.1.22)
02-09 04:21:59.728 E/IzatSvc_IzatManager( 817): Exiting with error handleMsg line 569 "3"
02-09 04:21:59.728 D/LOWI-9.0.0.87.a( 1318): [MqClientIpcReciver] FROM: 74146574f8-LC
02-09 04:21:59.728 D/QCALOG ( 830): [LOWIUtils] inPostcardToResponse - Unable to extract RESP
02-09 04:21:59.728 D/LOWI-9.0.0.87.a( 1318): [MqClientIpcReciver] REQ: LOWI_CAPABILITY
02-09 04:21:59.728 D/LOWI-9.0.0.87.a( 1318): [MqClientIpcReciver] TX-ID: 1
02-09 04:21:59.728 D/QCALOG ( 830): [LOWIUtils] inPostcardToResponse - NULL resp, break
02-09 04:21:59.728 D/QCALOG ( 830): [LOWIClient] Unable to parse the InPostcard
02-09 04:21:59.728 D/QCALOG ( 830): [LOWIClient] newMsg failed 1
02-09 04:21:59.728 W/QCALOG ( 830): [LOWIMsgQ] pop 0: deprecated.
02-09 04:21:59.729 D/LOWI-9.0.0.87.a( 1318): [LOWIEventReceiver] handleEvent:FROM:LOCATION-MQ, TO:LOWI-SERVER, REQ:NA, IREQ:NA, REQ_ID:0, RESP:NA, INFO:REGISTER-EVENT
02-09 04:21:59.729 D/LOWI-9.0.0.87.a( 1318): [LOWIEventReceiver] Info to [REGISTER-EVENT]
02-09 04:21:59.729 D/LOWI-9.0.0.87.a( 1318): [LOWIEventReceiver] handleEvent:FROM:74146574f8-LC, TO:LOWI-SERVER, REQ:LOWI_CAPABILITY, IREQ:NA, REQ_ID:1, RESP:NA, INFO:NA
02-09 04:21:59.729 I/LOWI-9.0.0.87.a( 1318): [LOWIUtils] inPostcardToRequest - FROM: 74146574f8-LC, TO: LOWI-SERVER, REQ: LOWI_CAPABILITY
02-09 04:21:59.729 D/LOWI-9.0.0.87.a( 1318): [LOWIController] _process: Request 74146574f8-LC_1 received, type(CAPABILITY)
02-09 04:21:59.729 D/LOWI-9.0.0.87.a( 1318): [LOWIBackgroundScanMgr] isReqForBgScanMgr: CAPABILITY - not handled
02-09 04:21:59.729 D/LOWI-9.0.0.87.a( 1318): [LOWIScheduler] manageMsg: Request: CAPABILITY -- not handled
02-09 04:21:59.729 I/LOWI-9.0.0.87.a( 1318): [LOWIController] generateResponse, Get Wigig capabilitiles from controller
02-09 04:21:59.729 D/LOWI-9.0.0.87.a( 1318): [LOWIController] generateResponse: Type (CAPABILITY) ScanStatus (0) request 74146574f8-LC_1
02-09 04:21:59.729 D/LOWI-9.0.0.87.a( 1318): [LOWIEventDispatcher] sendResponse - originator = 74146574f8-LC
02-09 04:21:59.729 I/LOWI-9.0.0.87.a( 1318): [LOWIUtils] responseToOutPostcard - TO: 74146574f8-LC, FROM: LOWI-SERVER, RESP: LOWI_CAPABILITY
02-09 04:21:59.729 D/LOWI-9.0.0.87.a( 1318): [LOWIController] processRequestImmediately: Response sent for request(CAPABILITY) 74146574f8-LC_1
02-09 04:21:59.729 D/LOWI-9.0.0.87.a( 1318): [LOWIController] processRequest: Request 74146574f8-LC_1 processed immediately
02-09 04:21:59.729 W/BestClock( 1523): java.time.DateTimeException: Missing NTP fix
02-09 04:21:59.729 W/BestClock( 1523): java.time.DateTimeException: Missing NTP fix
02-09 04:21:59.730 W/BestClock( 1523): java.time.DateTimeException: Missing NTP fix
02-09 04:21:59.730 W/BestClock( 1523): java.time.DateTimeException: Missing NTP fix
02-09 04:21:59.730 I/QCALOG ( 830): [LOWIUtils] inPostcardToResponse - FROM: LOWI-SERVER, TO: 74146574f8-LC, RESP: LOWI_CAPABILITY
02-09 04:21:59.730 D/QCALOG ( 830): [LOWIUtils] inPost cap Response - Request id(1) Ranging scan(1)Discovery scan(1) Active scan(1) capability bitmask(0x26) capability_wigig_bitmask(0x0)
02-09 04:21:59.731 D/QCALOG ( 830): [LOWIUtils] inPostcardToResponse - Single-sided rang scan supported(1) Ranging 11v(0) Ranging 11mc(1) bgscan supported(0)
02-09 04:21:59.731 D/QCALOG ( 830): [LOWIUtils] inPostcardToResponse - Capability scan status = 1
02-09 04:21:59.731 D/QCALOG ( 830): [LOWIClient] CAPABILITY response received
02-09 04:21:59.731 I/QCALOG ( 830): [LOWI-WIFIHAL-2.1.1.22] printCapabilitiesInfo: discovery_scan_supported(1) ranging_scan_supported(1)active_scan_supported(1) bgscan_supported(0) scans_supported(0x26)
02-09 04:21:59.731 I/QCALOG ( 830): [LOWI-WIFIHAL-2.1.1.22] printCapabilitiesInfo: one_sided_ranging_supported(1) dual_sided_ranging_supported_11mc(1) bwSupport(0x2) preambleSupport(0xf) mcVersion(50)
02-09 04:21:59.731 D/QCALOG ( 830): [LOWI-WIFIHAL-2.1.1.22] lowi_wifihal_get_lowi_capabilities: (0x3)
02-09 04:21:59.731 I/WifiHAL ( 830): mpdu_size_threshold : 128, aggressive_statistics_gathering : 0
02-09 04:21:59.731 I/ExtendedUtils( 1202): printFileName fd(83) -> /product/media/audio/ringtones/Andromeda.ogg
02-09 04:21:59.731 D/WifiNl80211Manager( 1523): Setting up interface for client mode: wlan0
02-09 04:21:59.732 I/wificond( 1209): createClientInterface: wiphy_index 0 iface_name wlan0
02-09 04:21:59.734 I/wificond( 1209): create scanner for interface with index: 17
02-09 04:21:59.734 I/wificond( 1209): subscribe scan result for interface with index: 17
02-09 04:21:59.735 I/wificond( 1209): add channel type 0 support at wiphy index: 0
02-09 04:21:59.735 I/wificond( 1209): add channel type 1 support at wiphy index: 0
02-09 04:21:59.738 I/WifiNative( 1523): Interface state changed on Iface:{Name=wlan0,Id=0,Type=STA_SCAN}, isUp=true
02-09 04:21:59.738 I/WifiNative( 1523): Successfully setup Iface:{Name=wlan0,Id=0,Type=STA_SCAN}
02-09 04:21:59.738 E/SupplicantStaIfaceHal( 1523): checkHalVersionByInterfaceName: called but mServiceManager is null
02-09 04:21:59.738 I/MMParserExtractor( 1195): Created(0xb400007c63868e10)
02-09 04:21:59.738 E/SupplicantStaIfaceHal( 1523): checkHalVersionByInterfaceName: called but mServiceManager is null
02-09 04:21:59.738 E/SupplicantStaIfaceHal( 1523): Method getKeyMgmtCapabilities is not supported in existing HAL
02-09 04:21:59.738 E/SupplicantStaIfaceHal( 1523): checkHalVersionByInterfaceName: called but mServiceManager is null
02-09 04:21:59.741 E/SupplicantStaIfaceHal( 1523): checkHalVersionByInterfaceName: called but mServiceManager is null
02-09 04:21:59.741 E/SupplicantStaIfaceHal( 1523): checkHalVersionByInterfaceName: called but mServiceManager is null
02-09 04:21:59.741 I/SupplicantStaIfaceHal( 1523): Method getWpaDriverFeatureSet is not supported in existing HAL
02-09 04:21:59.741 D/WifiClientModeManager[wlan0]( 1523): entering StartedState
02-09 04:21:59.742 D/ApConfigUtil( 1523): Update Softap capability, add acs feature support
02-09 04:21:59.742 D/ApConfigUtil( 1523): Update Softap capability, add client control feature support
02-09 04:21:59.742 D/ApConfigUtil( 1523): Update Softap capability, add SAE feature support
02-09 04:21:59.742 D/ApConfigUtil( 1523): Update Softap capability, add MAC customization support
02-09 04:21:59.742 D/ApConfigUtil( 1523): Update Softap capability, add 2.4G support
02-09 04:21:59.742 D/ApConfigUtil( 1523): Update Softap capability, add 5G support
02-09 04:21:59.742 D/ApConfigUtil( 1523): Update Softap capability, add OWE feature support
02-09 04:21:59.742 D/ApConfigUtil( 1523): Update Softap capability, max client = 32
02-09 04:21:59.743 V/WifiManager( 2081): SoftApCallbackProxy: send InfoChanged, newInfo: SoftApInfo{bandwidth= 0, frequency= 0, wifiStandard= 0, mApInstanceIdentifier= null, mIdleShutdownTimeoutMillis= 0}
02-09 04:21:59.743 V/WifiManager( 2081): SoftApCallbackProxy: send InfoChanged, changedInfoList: []
02-09 04:21:59.743 V/WifiManager( 2081): SoftApCallbackProxy: send onConnectedClientsChanged(clients): []
02-09 04:21:59.743 I/WifiService( 1523): setWifiEnabled package=com.thundercomm.tcservice uid=1000 enable=true
02-09 04:21:59.743 D/MicroSettings: SettingMicroservices( 2140): registerWifiBroadcast:
02-09 04:21:59.744 D/MicroSettings: SettingMicroservices( 2140): registerBriValueBroadcast:
02-09 04:21:59.744 D/MicroSettings: SettingMicroservices( 2140): registerScreenModeBroadCast
02-09 04:21:59.745 D/CompatibilityChangeReporter( 2858): Compat change id reported: 150939131; UID 10079; state: ENABLED
02-09 04:21:59.745 D/MicroSettings: SettingMicroservices( 2140): bindMicroService
02-09 04:21:59.745 V/BackupManagerConstants( 1523): getKeyValueBackupIntervalMilliseconds(...) returns 14400000
02-09 04:21:59.745 V/BackupManagerConstants( 1523): getKeyValueBackupFuzzMilliseconds(...) returns 600000
02-09 04:21:59.745 I/MicroServiceManager( 2140): addCommonCallbackListener add listener
02-09 04:21:59.745 V/BackupManagerConstants( 1523): getKeyValueBackupRequiredNetworkType(...) returns 1
02-09 04:21:59.745 V/BackupManagerConstants( 1523): getKeyValueBackupRequireCharging(...) returns true
02-09 04:21:59.745 V/KeyValueBackupJob( 1523): Scheduling k/v pass in 246 minutes
02-09 04:21:59.745 I/MicroServiceManager( 2140): addConnectChangedListener add listener
02-09 04:21:59.745 D/MicroSettings: SettingMicroservices( 2140): onBindStatus: 1
02-09 04:21:59.745 D/MicroSettings: SettingMicroservices( 2140): requestNettyConnectStatus:
02-09 04:21:59.745 D/MicroSettings: SecondScreenSetting( 2140): initSecondScreenSetting:
02-09 04:21:59.746 D/WifiService( 1523): Handle boot completed
02-09 04:21:59.747 V/WifiManager( 2018): SoftApCallbackProxy: send InfoChanged, newInfo: SoftApInfo{bandwidth= 0, frequency= 0, wifiStandard= 0, mApInstanceIdentifier= null, mIdleShutdownTimeoutMillis= 0}
02-09 04:21:59.747 E/OsAgent ( 2858): Wifi Scan Always Available: 0
02-09 04:21:59.747 V/WifiManager( 2018): SoftApCallbackProxy: send InfoChanged, changedInfoList: []
02-09 04:21:59.747 D/OsAgent ( 2858): [bool_dataitem_update][2966] [HC] =>> [HS]
02-09 04:21:59.747 V/WifiManager( 2018): SoftApCallbackProxy: send onConnectedClientsChanged(clients): []
02-09 04:21:59.747 V/LocSvc_HIDL_IzatSubscription( 817): [boolDataItemUpdate][223] [HS] <<<<= [HC]
02-09 04:21:59.748 D/MicroSettings: SecondScreenSetting( 2140): initFontArray:
02-09 04:21:59.748 D/MicroSettings: SettingEnvironment( 2140): getInstance
02-09 04:21:59.748 D/MicroSettings: SettingEnvironment( 2140): SettingEnvironment:
02-09 04:21:59.749 D/MicroSettings: ScreenCleanManager( 2140): ScreenCleanManager construct
02-09 04:21:59.749 D/MicroSettings: ScreenCleanManager( 2140): initManager
02-09 04:21:59.749 D/MicroSettings: ScreenCleanManager( 2140): initView
02-09 04:21:59.749 I/WifiScoreCard( 1523): Installing MemoryStore
02-09 04:21:59.749 I/WifiHealthMonitor( 1523): Installing MemoryStore
02-09 04:21:59.751 D/MicroSettings: SettingsService( 2140): sendSystemUI
02-09 04:21:59.752 W/ContextImpl( 2140): Calling a method in the system process without a qualified user: android.app.ContextImpl.sendBroadcast:1173 android.content.ContextWrapper.sendBroadcast:479 com.thundercomm.microsettings.service.SettingsService.sendSystemUI:59 com.thundercomm.microsettings.service.SettingsService.onCreate:50 android.app.ActivityThread.handleCreateService:4488
02-09 04:21:59.752 D/MicroSettings: SettingsService( 2140): onStartCommand
02-09 04:21:59.752 D/MicroSettings: SoundManager( 2140): bindService():
02-09 04:21:59.752 W/ContextImpl( 2140): Calling a method in the system process without a qualified user: android.app.ContextImpl.bindService:1895 android.content.ContextWrapper.bindService:810 com.thundercomm.microsettings.manager.SoundManager.bindService:206 com.thundercomm.microsettings.manager.SoundManager.connect:197 com.thundercomm.microsettings.service.SettingsService.onStartCommand:80
02-09 04:21:59.753 D/MicroSettings: SoundManager( 2140): BindService mBinderResult:true
02-09 04:21:59.753 D/MicroSettings: DisplayManager( 2140): connect:
02-09 04:21:59.753 D/MicroSettings: DisplayManager( 2140): bindService:
02-09 04:21:59.753 W/ContextImpl( 2140): Calling a method in the system process without a qualified user: android.app.ContextImpl.bindService:1895 android.content.ContextWrapper.bindService:810 com.thundercomm.microsettings.manager.DisplayManager.bindService:188 com.thundercomm.microsettings.manager.DisplayManager.connect:179 com.thundercomm.microsettings.service.SettingsService.onStartCommand:81
02-09 04:21:59.753 D/WifiNetworkFactory( 1523): Registering NetworkFactory
02-09 04:21:59.754 D/UntrustedWifiNetworkFactory( 1523): Registering NetworkFactory
02-09 04:21:59.754 D/OemPaidWifiNetworkFactory( 1523): Registering NetworkFactory
02-09 04:21:59.754 I/ExtendedUtils( 1202): printFileName fd(83) -> /product/media/audio/ringtones/Third_Eye.ogg
02-09 04:21:59.754 D/ConnectivityService( 1523): Got NetworkProvider Messenger for WifiNetworkFactory
02-09 04:21:59.754 D/ConnectivityService( 1523): Got NetworkProvider Messenger for UntrustedWifiNetworkFactory
02-09 04:21:59.754 D/MicroSettings: DisplayManager( 2140): BindService mBinderResult: true
02-09 04:21:59.754 D/ConnectivityService( 1523): Got NetworkProvider Messenger for OemPaidWifiNetworkFactory
02-09 04:21:59.758 D/MicroSettings: SettingsService( 2140): onBind
02-09 04:21:59.758 D/MicroSettings: SettingsService( 2140): getBinder
02-09 04:21:59.758 D/MicroSettings: SettingsService( 2140): action: com.thundercomm.microsettings.sound.IBinderSoundService
02-09 04:21:59.759 D/MicroSettings: SettingsService( 2140): onBind
02-09 04:21:59.759 D/MicroSettings: SettingsService( 2140): getBinder
02-09 04:21:59.759 D/MicroSettings: SettingsService( 2140): action: com.thundercomm.microsettings.display.IBinderDisplayService
02-09 04:21:59.759 E/ApConfigUtil( 1523): Malformed channel value detected: java.lang.NumberFormatException: For input string: ""
02-09 04:21:59.759 D/MicroSettings: SoundManager( 2140): ApplicationManager onServiceConnected
02-09 04:21:59.759 D/MicroSettings: SoundManager( 2140): onServiceConnected: Binder is success!
02-09 04:21:59.759 D/MicroSettings: SoundSettingServiceBinder( 2140): registSoundCallback:
02-09 04:21:59.759 D/MicroSettings: SoundSettingServiceBinder( 2140): registSoundCallback !mSoundListenerList.contains
02-09 04:21:59.759 D/MicroSettings: SoundManager( 2140): subscribeSound and mode Callback ok!
02-09 04:21:59.760 E/ApConfigUtil( 1523): Malformed channel value detected: java.lang.NumberFormatException: For input string: ""
02-09 04:21:59.760 D/MicroSettings: DisplayManager( 2140): DisplayManager onServiceConnected
02-09 04:21:59.760 D/MicroSettings: DisplayManager( 2140): onServiceConnected: Binder is success!
02-09 04:21:59.760 D/MicroSettings: DisplaySettingServiceBinder( 2140): registDisplayCallback:
02-09 04:21:59.760 I/MicroSettings: DisplayManager( 2140): subscribeDisplay and mode Callback ok!
02-09 04:21:59.763 I/MMParserExtractor( 1195): Created(0xb400007c63868e10)
02-09 04:21:59.764 D/WakeupConfigStoreData( 1523): WifiWake user data has been read
02-09 04:21:59.764 D/WifiConfigStore( 1523): Reading from user stores completed in 2 ms.
02-09 04:21:59.768 D/WifiConfigStore( 1523): Writing to stores completed in 2 ms.
02-09 04:21:59.769 W/BluetoothAdapterService( 2001): fetchWifiState - isWifiConnected =false
02-09 04:21:59.770 D/BluetoothVendorService( 2001): setWifiState to: false
02-09 04:21:59.770 I/BluetoothVendorJni( 2001): setWifiStateNative
02-09 04:21:59.770 D/WifiService( 1523): updateInterfaceIpState: ifaceName=wlan0 mode=-1 previous LOHS mode= -1
02-09 04:21:59.770 I/bt_btif_vendor( 2001): setWifiState :0
02-09 04:21:59.770 D/WifiP2pService( 1523): Wifi enabled=false
02-09 04:21:59.771 D/MicroSettings: SettingMicroservices( 2140): WifiReceiver:
02-09 04:21:59.771 I/android_os_HwBinder( 1523): HwBinder: Starting thread pool for getting: android.hidl.manager@1.0::IServiceManager/default
02-09 04:21:59.771 D/MicroSettings: SettingMicroservices( 2140): WifiReceiver WIFI_STATE_ENABLING:
02-09 04:21:59.772 I/SupplicantStaIfaceHal( 1523): Starting supplicant using HIDL
02-09 04:21:59.773 I/hwservicemanager( 505): Since android.hardware.wifi.supplicant@1.0::ISupplicant/default is not registered, trying to start it as a lazy HAL.
02-09 04:21:59.774 D/SupplicantStaIfaceHal( 1523): Successfully triggered start of supplicant using HIDL
02-09 04:21:59.780 I/ExtendedUtils( 1202): printFileName fd(83) -> /product/media/audio/ringtones/Noises2.ogg
02-09 04:21:59.800 I/MMParserExtractor( 1195): Created(0xb400007c63868e10)
02-09 04:21:59.810 I/ExtendedUtils( 1202): printFileName fd(83) -> /product/media/audio/ringtones/World.ogg
02-09 04:21:59.816 I/MMParserExtractor( 1195): Created(0xb400007c63868e10)
02-09 04:21:59.825 I/ExtendedUtils( 1202): printFileName fd(83) -> /product/media/audio/ringtones/BussaMove.ogg
02-09 04:21:59.832 I/MMParserExtractor( 1195): Created(0xb400007c63868e10)
02-09 04:21:59.842 I/ExtendedUtils( 1202): printFileName fd(83) -> /product/media/audio/ringtones/Club_Cubano.ogg
02-09 04:21:59.848 I/MMParserExtractor( 1195): Created(0xb400007c63868e10)
02-09 04:21:59.858 I/ExtendedUtils( 1202): printFileName fd(83) -> /product/media/audio/ringtones/FreeFlight.ogg
02-09 04:21:59.859 I/mpu_uart( 645): [MSG-P:RECV]:No message received in 1000 ms
02-09 04:21:59.869 D/wpa_supplicant( 3405): wpa_supplicant v2.10-devel-11
02-09 04:21:59.871 I/MMParserExtractor( 1195): Created(0xb400007c63868e10)
02-09 04:21:59.878 D/wpa_supplicant( 3405): Global control interface '@android:vendor_wpa_wlan0'
02-09 04:21:59.878 D/wpa_supplicant( 3405): Using Android control socket 'vendor_wpa_wlan0'
02-09 04:21:59.878 D/wpa_supplicant( 3405): Initing hidl control
02-09 04:21:59.878 I/wpa_supplicant( 3405): Processing hidl events on FD 4
02-09 04:21:59.878 D/wpa_supplicant( 3405): hidl_register service name default
02-09 04:21:59.879 I/HidlServiceManagement( 3405): Registered android.hardware.wifi.supplicant@1.3::ISupplicant/default (start delay of 105ms)
02-09 04:21:59.879 D/wpa_supplicant( 3405): hidl_register vendor service name default
02-09 04:21:59.879 I/HidlServiceManagement( 3405): Registered vendor.qti.hardware.wifi.supplicant@2.2::ISupplicantVendor/default (start delay of 105ms)
02-09 04:21:59.879 I/wpa_supplicant( 3405): Register Vendor HIDL default service
02-09 04:21:59.879 I/wpa_supplicant( 3405): Successfully initialized wpa_supplicant
02-09 04:21:59.882 I/android_os_HwBinder( 1523): HwBinder: Starting thread pool for getting: android.hardware.wifi.supplicant@1.0::ISupplicant/default
02-09 04:21:59.882 D/audio_hw_primary( 800): out_set_parameters: enter: usecase(1: low-latency-playback) kvpairs: suspend_playback=true
02-09 04:21:59.882 D/audio_hw_extn( 800): audio_extn_fm_set_parameters: Enter
02-09 04:21:59.883 I/ExtendedUtils( 1202): printFileName fd(83) -> /product/media/audio/ringtones/InsertCoin.ogg
02-09 04:21:59.883 I/android_os_HwBinder( 1523): HwBinder: Starting thread pool for getting: vendor.qti.hardware.wifi.supplicant@2.0::ISupplicantVendor/default
02-09 04:21:59.883 E/SupplicantStaIfaceHal( 1523): Discover ISupplicantVendor service successfull
02-09 04:21:59.883 I/SupplicantStaIfaceHal( 1523): Completed initialization of ISupplicant.
02-09 04:21:59.887 I/MMParserExtractor( 1195): Created(0xb400007c63868e10)
02-09 04:21:59.893 D/audio_hw_primary( 800): out_set_parameters: enter: usecase(1: low-latency-playback) kvpairs: suspend_playback=false
02-09 04:21:59.893 D/audio_hw_extn( 800): audio_extn_fm_set_parameters: Enter
02-09 04:21:59.897 I/ExtendedUtils( 1202): printFileName fd(83) -> /product/media/audio/ringtones/Cairo.ogg
02-09 04:21:59.902 D/audio_hw_primary( 800): out_set_parameters: enter: usecase(1: low-latency-playback) kvpairs: suspend_playback=true
02-09 04:21:59.902 D/audio_hw_extn( 800): audio_extn_fm_set_parameters: Enter
02-09 04:21:59.904 I/MMParserExtractor( 1195): Created(0xb400007c63868e10)
02-09 04:21:59.912 D/audio_hw_primary( 800): out_set_parameters: enter: usecase(1: low-latency-playback) kvpairs: suspend_playback=false
02-09 04:21:59.912 D/audio_hw_extn( 800): audio_extn_fm_set_parameters: Enter
02-09 04:21:59.918 I/ExtendedUtils( 1202): printFileName fd(83) -> /product/media/audio/ringtones/ArgoNavis.ogg
02-09 04:21:59.922 D/audio_hw_primary( 800): out_set_parameters: enter: usecase(1: low-latency-playback) kvpairs: suspend_playback=true
02-09 04:21:59.922 D/audio_hw_extn( 800): audio_extn_fm_set_parameters: Enter
02-09 04:21:59.923 W/AudioIDCMicroNegotiator( 1523): idcm_warn: idcm control is not enable
02-09 04:21:59.924 I/MediaFocusControl( 1523): abandonAudioFocus() from uid/pid 10080/2018 clientId=android.media.AudioManager@b261eff
02-09 04:21:59.924 D/Avrcp_ext( 2001): AudioManager Player: AudioPlaybackConfiguration piid:71 deviceId:0 type:android.media.SoundPool u/pid:10080/2018 state:idle attr:AudioAttributes: usage=USAGE_ASSISTANCE_SONIFICATION content=CONTENT_TYPE_SONIFICATION flags=0x800 tags= bundle=null sessionId:0
02-09 04:21:59.925 D/Avrcp_ext( 2001): AudioManager Player: AudioPlaybackConfiguration piid:63 deviceId:0 type:android.media.SoundPool u/pid:1000/1523 state:idle attr:AudioAttributes: usage=USAGE_ASSISTANCE_SONIFICATION content=CONTENT_TYPE_SONIFICATION flags=0x800 tags= bundle=null sessionId:0
02-09 04:21:59.925 V/MediaPlayer( 2018): resetDrmState: mDrmInfo=null mDrmProvisioningThread=null mPrepareDrmInProgress=false mActiveDrmScheme=false
02-09 04:21:59.925 D/Avrcp_ext( 2001): AudioManager Player: AudioPlaybackConfiguration piid:79 deviceId:3 type:android.media.MediaPlayer u/pid:10080/2018 state:stopped attr:AudioAttributes: usage=USAGE_NOTIFICATION content=CONTENT_TYPE_SONIFICATION flags=0x800 tags= bundle=null sessionId:0
02-09 04:21:59.925 D/Avrcp_ext( 2001): AudioManager isPlaying: false, mAudioPlaybackIsActive = true
02-09 04:21:59.925 V/MediaPlayer( 2018): cleanDrmObj: mDrmObj=null mDrmSessionId=null
02-09 04:21:59.925 D/Avrcp_ext( 2001): AudioManager Reset Active Player
02-09 04:21:59.925 D/NuPlayerDriver( 1202): reset(0xf3580d30) at state 6
02-09 04:21:59.926 D/audio_hw_primary( 800): out_set_parameters: enter: usecase(1: low-latency-playback) kvpairs: suspend_playback=false
02-09 04:21:59.926 D/audio_hw_extn( 800): audio_extn_fm_set_parameters: Enter
02-09 04:21:59.927 V/Avrcp_ext( 2001): updateCurrentMediaState: mMediaController: MediaController (com.android.systemui@c5cbe9e) null
02-09 04:21:59.927 W/Avrcp_ext( 2001): isMusicActive: true getBluetoothPlayState: 1 A2dp State: 11 mAudioPlaybackIsActive: false
02-09 04:21:59.927 D/Avrcp_ext( 2001): isMusicActive = true mAudioPlaybackIsActive = false player state = null
02-09 04:21:59.927 I/hw-BpHwBinder( 1202): onLastStrongRef automatically unlinking death recipients
02-09 04:21:59.927 V/Avrcp_ext( 2001): Media update: id -1➡-1? [MediaAttributes: none] : [MediaAttributes: none]
02-09 04:21:59.927 D/Avrcp_ext( 2001): isPackageNameValid: browsedPackage = com.android.systemuiisValid = true
02-09 04:21:59.927 I/hw-BpHwBinder( 1286): onLastStrongRef automatically unlinking death recipients
02-09 04:21:59.927 V/Avrcp_ext( 2001): isBrowseSupported for com.android.systemui: false
02-09 04:21:59.927 V/Avrcp_ext( 2001): updatePlaybackState, state: PlaybackState {state=2, position=-1, buffered position=0, speed=1.0, updated=15143, actions=0, custom actions=[], active item id=-1, error=null} device: null
02-09 04:21:59.927 V/Avrcp_ext( 2001): Device: no name:
02-09 04:21:59.927 V/Avrcp_ext( 2001): Device: no name:
02-09 04:21:59.927 V/Avrcp_ext( 2001): Device: no name:
02-09 04:21:59.927 V/Avrcp_ext( 2001): Device: no name:
02-09 04:21:59.927 V/Avrcp_ext( 2001): Device: no name:
02-09 04:21:59.927 V/Avrcp_ext( 2001): updatePlayerStateAndPosition, old=PlaybackState {state=3, position=-1, buffered position=0, speed=1.0, updated=13258, actions=0, custom actions=[], active item id=-1, error=null}, state=PlaybackState {state=2, position=-1, buffered position=0, speed=1.0, updated=15143, actions=0, custom actions=[], active item id=-1, error=null}
02-09 04:21:59.927 V/Avrcp_ext( 2001): old state = PlaybackState {state=3, position=-1, buffered position=0, speed=1.0, updated=13258, actions=0, custom actions=[], active item id=-1, error=null}, new state= PlaybackState {state=2, position=-1, buffered position=0, speed=1.0, updated=15143, actions=0, custom actions=[], active item id=-1, error=null}
02-09 04:21:59.927 D/HeadsetService( 2001): getHeadsetService(): returning com.android.bluetooth.hfp.HeadsetService@8e07092
02-09 04:21:59.927 D/HeadsetService( 2001): isAudioOn: The number of audio connected devices 0
02-09 04:21:59.927 D/HeadsetService( 2001): isScoOrCallActive(): Call Active:falseCall is Ringing:falseSCO is Active:false
02-09 04:21:59.927 D/HeadsetService( 2001): isAudioOn: The number of audio connected devices 0
02-09 04:21:59.927 I/Avrcp_ext( 2001): updatePlayStatusForDevice: device: null
02-09 04:21:59.928 V/Avrcp_ext( 2001): updatePlaybackState (1): old=PlaybackState {state=2, position=-1, buffered position=0, speed=0.0, updated=13244, actions=0, custom actions=[], active item id=-1, error=null}(2), new=PlaybackState {state=2, position=-1, buffered position=0, speed=1.0, updated=15143, actions=0, custom actions=[], active item id=-1, error=null}(2)
02-09 04:21:59.928 I/Avrcp_ext( 2001): Exit updatePlayStatusForDevice
02-09 04:21:59.928 D/HeadsetService( 2001): isAudioOn: The number of audio connected devices 0
02-09 04:21:59.928 D/HeadsetService( 2001): isScoOrCallActive(): Call Active:falseCall is Ringing:falseSCO is Active:false
02-09 04:21:59.928 D/HeadsetService( 2001): isAudioOn: The number of audio connected devices 0
02-09 04:21:59.928 I/Avrcp_ext( 2001): updatePlayStatusForDevice: device: null
02-09 04:21:59.928 V/Avrcp_ext( 2001): updatePlaybackState (1): old=PlaybackState {state=2, position=-1, buffered position=0, speed=0.0, updated=13244, actions=0, custom actions=[], active item id=-1, error=null}(2), new=PlaybackState {state=2, position=-1, buffered position=0, speed=1.0, updated=15143, actions=0, custom actions=[], active item id=-1, error=null}(2)
02-09 04:21:59.928 I/Avrcp_ext( 2001): Exit updatePlayStatusForDevice
02-09 04:21:59.928 V/C2Store ( 1286): in ~ComponentModule
02-09 04:21:59.928 D/HeadsetService( 2001): isAudioOn: The number of audio connected devices 0
02-09 04:21:59.928 V/C2Store ( 1286): unloading dll
02-09 04:21:59.928 D/HeadsetService( 2001): isScoOrCallActive(): Call Active:falseCall is Ringing:falseSCO is Active:false
02-09 04:21:59.928 D/HeadsetService( 2001): isAudioOn: The number of audio connected devices 0
02-09 04:21:59.928 I/Avrcp_ext( 2001): updatePlayStatusForDevice: device: null
02-09 04:21:59.928 V/Avrcp_ext( 2001): updatePlaybackState (1): old=PlaybackState {state=2, position=-1, buffered position=0, speed=0.0, updated=13244, actions=0, custom actions=[], active item id=-1, error=null}(2), new=PlaybackState {state=2, position=-1, buffered position=0, speed=1.0, updated=15143, actions=0, custom actions=[], active item id=-1, error=null}(2)
02-09 04:21:59.928 I/Avrcp_ext( 2001): Exit updatePlayStatusForDevice
02-09 04:21:59.928 D/HeadsetService( 2001): isAudioOn: The number of audio connected devices 0
02-09 04:21:59.928 D/HeadsetService( 2001): isScoOrCallActive(): Call Active:falseCall is Ringing:falseSCO is Active:false
02-09 04:21:59.928 D/HeadsetService( 2001): isAudioOn: The number of audio connected devices 0
02-09 04:21:59.928 I/Avrcp_ext( 2001): updatePlayStatusForDevice: device: null
02-09 04:21:59.928 V/Avrcp_ext( 2001): updatePlaybackState (1): old=PlaybackState {state=2, position=-1, buffered position=0, speed=0.0, updated=13244, actions=0, custom actions=[], active item id=-1, error=null}(2), new=PlaybackState {state=2, position=-1, buffered position=0, speed=1.0, updated=15143, actions=0, custom actions=[], active item id=-1, error=null}(2)
02-09 04:21:59.928 I/Avrcp_ext( 2001): Exit updatePlayStatusForDevice
02-09 04:21:59.928 D/HeadsetService( 2001): isAudioOn: The number of audio connected devices 0
02-09 04:21:59.928 D/HeadsetService( 2001): isScoOrCallActive(): Call Active:falseCall is Ringing:falseSCO is Active:false
02-09 04:21:59.928 D/HeadsetService( 2001): isAudioOn: The number of audio connected devices 0
02-09 04:21:59.928 I/Avrcp_ext( 2001): updatePlayStatusForDevice: device: null
02-09 04:21:59.928 V/Avrcp_ext( 2001): updatePlaybackState (1): old=PlaybackState {state=2, position=-1, buffered position=0, speed=0.0, updated=13244, actions=0, custom actions=[], active item id=-1, error=null}(2), new=PlaybackState {state=2, position=-1, buffered position=0, speed=1.0, updated=15143, actions=0, custom actions=[], active item id=-1, error=null}(2)
02-09 04:21:59.929 I/Avrcp_ext( 2001): Exit updatePlayStatusForDevice
02-09 04:21:59.929 D/Avrcp_ext( 2001): Enter sendPlayPosNotificationRsp
02-09 04:21:59.929 D/Avrcp_ext( 2001): sendPlayPosNotificationRsp: Not registered or requesting.
02-09 04:21:59.929 D/Avrcp_ext( 2001): Enter sendPlayPosNotificationRsp
02-09 04:21:59.929 D/Avrcp_ext( 2001): sendPlayPosNotificationRsp: Not registered or requesting.
02-09 04:21:59.929 D/Avrcp_ext( 2001): Enter sendPlayPosNotificationRsp
02-09 04:21:59.929 D/Avrcp_ext( 2001): sendPlayPosNotificationRsp: Not registered or requesting.
02-09 04:21:59.929 D/Avrcp_ext( 2001): Enter sendPlayPosNotificationRsp
02-09 04:21:59.929 D/Avrcp_ext( 2001): sendPlayPosNotificationRsp: Not registered or requesting.
02-09 04:21:59.929 D/Avrcp_ext( 2001): Enter sendPlayPosNotificationRsp
02-09 04:21:59.929 D/Avrcp_ext( 2001): sendPlayPosNotificationRsp: Not registered or requesting.
02-09 04:21:59.929 V/Avrcp_ext( 2001): Exit updatePlayerStateAndPosition
02-09 04:21:59.929 D/Avrcp_ext( 2001): AudioManager Player: AudioPlaybackConfiguration piid:71 deviceId:0 type:android.media.SoundPool u/pid:10080/2018 state:idle attr:AudioAttributes: usage=USAGE_ASSISTANCE_SONIFICATION content=CONTENT_TYPE_SONIFICATION flags=0x800 tags= bundle=null sessionId:0
02-09 04:21:59.929 D/Avrcp_ext( 2001): AudioManager Player: AudioPlaybackConfiguration piid:63 deviceId:0 type:android.media.SoundPool u/pid:1000/1523 state:idle attr:AudioAttributes: usage=USAGE_ASSISTANCE_SONIFICATION content=CONTENT_TYPE_SONIFICATION flags=0x800 tags= bundle=null sessionId:0
02-09 04:21:59.929 D/Avrcp_ext( 2001): AudioManager isPlaying: false, mAudioPlaybackIsActive = false
02-09 04:21:59.929 D/Avrcp_ext( 2001): AudioManager Reset Active Player
02-09 04:21:59.932 D/NuPlayerDriver( 1202): notifyResetComplete(0xf3580d30)
02-09 04:21:59.932 W/AMessage( 1202): failed to post message as target looper for handler 0 is gone.
02-09 04:21:59.939 I/MMParserExtractor( 1195): Created(0xb400007c63868710)
02-09 04:21:59.948 I/commit_sys_config_file( 1523): [settings-0-0,4]
02-09 04:21:59.955 I/ExtendedUtils( 1202): printFileName fd(27) -> /product/media/audio/ringtones/Terminated.ogg
02-09 04:21:59.963 I/MMParserExtractor( 1195): Created(0xb400007c63868710)
02-09 04:21:59.972 D/audio_hw_primary( 800): out_set_parameters: enter: usecase(1: low-latency-playback) kvpairs: suspend_playback=true
02-09 04:21:59.972 D/audio_hw_extn( 800): audio_extn_fm_set_parameters: Enter
02-09 04:21:59.972 D/msm8974_platform( 800): platform_split_snd_device: snd_device(2) num devices(1) new_snd_devices(0)
02-09 04:21:59.972 D/ACDB-LOADER( 800): ACDB -> send_audvoltable
02-09 04:21:59.972 D/ACDB-LOADER( 800): ACDB -> ACDB_CMD_GET_AUDPROC_INSTANCE_GAIN_DEP_STEP_TABLE_SIZE
02-09 04:21:59.972 D/ACDB-LOADER( 800): ACDB -> ACDB_CMD_GET_AUDPROC_INSTANCE_GAIN_DEP_STEP_TABLE, vol index 4
02-09 04:21:59.972 D/ACDB-LOADER( 800): ACDB -> AUDIO_SET_VOL_CAL cal type = 40
02-09 04:21:59.973 D/msm8974_platform( 800): platform_split_snd_device: snd_device(2) num devices(1) new_snd_devices(0)
02-09 04:21:59.973 D/ACDB-LOADER( 800): ACDB -> send_audvoltable
02-09 04:21:59.973 D/ACDB-LOADER( 800): ACDB -> ACDB_CMD_GET_AUDPROC_INSTANCE_GAIN_DEP_STEP_TABLE_SIZE
02-09 04:21:59.973 D/ACDB-LOADER( 800): ACDB -> ACDB_CMD_GET_AUDPROC_INSTANCE_GAIN_DEP_STEP_TABLE, vol index 4
02-09 04:21:59.973 D/ACDB-LOADER( 800): ACDB -> AUDIO_SET_VOL_CAL cal type = 40
02-09 04:21:59.973 I/ExtendedUtils( 1202): printFileName fd(27) -> /product/media/audio/ringtones/LoopyLounge.ogg
02-09 04:21:59.974 E/SupplicantStaIfaceHal( 1523): Can't call setupIface, ISupplicantStaIface is null for iface=wlan0
02-09 04:21:59.978 I/android_os_HwBinder( 1523): HwBinder: Starting thread pool for getting: android.hardware.wifi.supplicant@1.0::ISupplicant/default
02-09 04:21:59.981 D/wpa_supplicant( 3405): Override interface parameter: ctrl_interface ('(null)' -> '/data/vendor/wifi/wpa/sockets')
