02-09 04:21:56.309 E/RoleParser( 2414): at com.android.permissioncontroller.role.model.RoleParser.parse(RoleParser.java:136)
02-09 04:21:56.309 E/RoleParser( 2414): at com.android.permissioncontroller.role.model.Roles.get(Roles.java:49)
02-09 04:21:56.309 E/RoleParser( 2414): at com.android.permissioncontroller.PermissionControllerApplication.updateSpecialAppAccessListActivityEnabledState(PermissionControllerApplication.java:51)
02-09 04:21:56.309 E/RoleParser( 2414): at com.android.permissioncontroller.PermissionControllerApplication.onCreate(PermissionControllerApplication.java:40)
02-09 04:21:56.309 E/RoleParser( 2414): at android.app.Instrumentation.callApplicationOnCreate(Instrumentation.java:1212)
02-09 04:21:56.309 E/RoleParser( 2414): at android.app.ActivityThread.handleBindApplication(ActivityThread.java:6744)
02-09 04:21:56.309 E/RoleParser( 2414): at android.app.ActivityThread.access$1500(ActivityThread.java:248)
02-09 04:21:56.309 E/RoleParser( 2414): at android.app.ActivityThread$H.handleMessage(ActivityThread.java:2054)
02-09 04:21:56.309 E/RoleParser( 2414): at android.os.Handler.dispatchMessage(Handler.java:106)
02-09 04:21:56.309 E/RoleParser( 2414): at android.os.Looper.loopOnce(Looper.java:201)
02-09 04:21:56.309 E/RoleParser( 2414): at android.os.Looper.loop(Looper.java:288)
02-09 04:21:56.309 E/RoleParser( 2414): at android.app.ActivityThread.main(ActivityThread.java:7880)
02-09 04:21:56.309 E/RoleParser( 2414): at java.lang.reflect.Method.invoke(Native Method)
02-09 04:21:56.309 E/RoleParser( 2414): at com.android.internal.os.RuntimeInit$MethodAndArgsCaller.run(RuntimeInit.java:548)
02-09 04:21:56.309 E/RoleParser( 2414): at com.android.internal.os.ZygoteInit.main(ZygoteInit.java:1009)
02-09 04:21:56.309 E/RoleParser( 2414): Caused by: java.lang.ClassNotFoundException: com.android.permissioncontroller.role.model.TelevisionRoleBehavior
02-09 04:21:56.309 E/RoleParser( 2414): ... 21 more
02-09 04:21:56.309 I/am_wtf ( 1523): [0,2414,com.android.settings,952647173,RoleParser,com.android.permissioncontroller.role.model.TelevisionRoleBehavior]
02-09 04:21:56.309 I/QCC:OmaDMNative( 2393): qcc_hidl_update_vendor_dropbox(), path=/data/misc/qdma/down/1 isEnabled=0
02-09 04:21:56.309 D/QCC:qccvndhal( 844): /data/vendor/qdma/down/1 is null
02-09 04:21:56.309 I/QCC:OmaDMNative( 2393): qcc_hidl_update_vendor_dropbox() res=0
02-09 04:21:56.309 I/QCC:Collector( 2393): deleteDir: /data/misc/qdma/down/3 already disabled
02-09 04:21:56.309 D/vendor.qti.bluetooth@1.0-uart_controller( 808): StartRecoveryStuckTimer:Stuck recovery timer started
02-09 04:21:56.309 D/vendor.qti.bluetooth@1.0-uart_controller( 808): StartRecoveryStuckTimer: Stuck recovery timer started
02-09 04:21:56.309 I/vendor.qti.bluetooth@1.0-uart_controller( 808): soc need reload patch = 1
02-09 04:21:56.309 D/vendor.qti.bluetooth@1.0-power_manager( 808): SetPower: enable: 0
02-09 04:21:56.309 E/vendor.qti.bluetooth@1.0-power_manager( 808):
02-09 04:21:56.309 E/vendor.qti.bluetooth@1.0-power_manager( 808): PowerUpChip enable(0) retentionMode(0)
02-09 04:21:56.309 D/vendor.qti.bluetooth@1.0-power_manager( 808): SetPower: enable: 1
02-09 04:21:56.309 E/vendor.qti.bluetooth@1.0-power_manager( 808):
02-09 04:21:56.309 E/vendor.qti.bluetooth@1.0-power_manager( 808): PowerUpChip enable(1) retentionMode(0)
02-09 04:21:56.309 I/QCC:OmaDMNative( 2393): qcc_hidl_update_vendor_dropbox(), path=/data/misc/qdma/down/3 isEnabled=0
02-09 04:21:56.309 D/QCC:qccvndhal( 844): /data/vendor/qdma/down/3 is null
02-09 04:21:56.309 I/QCC:OmaDMNative( 2393): qcc_hidl_update_vendor_dropbox() res=0
02-09 04:21:56.310 I/QCC:Collector( 2393): deleteDir: /data/misc/qdma/down/1500 already disabled
01-02 09:38:36.468 E/bt_ioctl( 0): BT_CMD_PWR_CTRL pwr_cntrl:0
01-02 09:38:36.468 E/bt_ioctl( 0): BT state already:0 no change done
01-02 09:38:36.468 E/bt_ioctl( 0): BT_CMD_PWR_CTRL pwr_cntrl:1
01-02 09:38:36.468 I/bt_power vendor( 0): bt_qca6390: Linked as a consumer to regulator.9
01-02 09:38:36.471 E/bt_vreg_enable( 0): vreg_en successful for : qca,bt-vdd-aon
01-02 09:38:36.471 I/bt_power vendor( 0): bt_qca6390: Linked as a consumer to regulator.51
01-02 09:38:36.471 E/bt_vreg_enable( 0): vreg_en successful for : qca,bt-vdd-dig
01-02 09:38:36.471 I/bt_power vendor( 0): bt_qca6390: Linked as a consumer to regulator.8
01-02 09:38:36.471 E/bt_vreg_enable( 0): vreg_en successful for : qca,bt-vdd-rfa1
01-02 09:38:36.471 I/bt_power vendor( 0): bt_qca6390: Linked as a consumer to regulator.36
01-02 09:38:36.471 E/bt_vreg_enable( 0): vreg_en successful for : qca,bt-vdd-rfa2
01-02 09:38:36.471 I/bt_power vendor( 0): bt_qca6390: Linked as a consumer to regulator.27
01-02 09:38:36.471 E/bt_vreg_enable( 0): vreg_en successful for : qca,bt-vdd-asd
02-09 04:21:56.310 I/hwservicemanager( 505): Since vendor.qti.hardware.iop@2.0::IIop/default is not registered, trying to start it as a lazy HAL.
02-09 04:21:56.310 E/ANDR-IOP( 1212): IIop:: Iop HAL Service is not available.
02-09 04:21:56.311 W/libc ( 505): Unable to set property "ctl.interface_start" to "vendor.qti.hardware.iop@2.0::IIop/default": error code: 0x20
02-09 04:21:56.311 I/hwservicemanager( 505): Tried to start vendor.qti.hardware.iop@2.0::IIop/default as a lazy service, but was unable to. Usually this happens when a service is not installed, but if the service is intended to be used as a lazy service, then it may be configured incorrectly.
02-09 04:21:56.316 I/QCC:OmaDMNative( 2393): qcc_hidl_update_vendor_dropbox(), path=/data/misc/qdma/down/1500 isEnabled=0
02-09 04:21:56.316 D/QCC:qccvndhal( 844): /data/vendor/qdma/down/1500 is null
02-09 04:21:56.316 I/QCC:OmaDMNative( 2393): qcc_hidl_update_vendor_dropbox() res=0
02-09 04:21:56.316 I/QCC:Collector( 2393): deleteDir: /data/misc/qdma/down/1504 already disabled
02-09 04:21:56.317 I/QCC:OmaDMNative( 2393): qcc_hidl_update_vendor_dropbox(), path=/data/misc/qdma/down/1504 isEnabled=0
02-09 04:21:56.317 D/QCC:qccvndhal( 844): /data/vendor/qdma/down/1504 is null
02-09 04:21:56.317 I/QCC:OmaDMNative( 2393): qcc_hidl_update_vendor_dropbox() res=0
02-09 04:21:56.317 I/QCC:Collector( 2393): deleteDir: /data/misc/qdma/down/6 already disabled
02-09 04:21:56.318 I/GameModeConfig( 1523): isGameModeOn = false
02-09 04:21:56.318 I/notification_enqueue( 1523): [10080,2018,com.android.systemui,1,empty_media,0,Notification(channel=empty_media_style_id shortcut=null contentView=null vibrate=null sound=null defaults=0x0 flags=0x20 color=0x00000000 category=transport actions=4 vis=PRIVATE),0]
02-09 04:21:56.318 I/QCC:OmaDMNative( 2393): qcc_hidl_update_vendor_dropbox(), path=/data/misc/qdma/down/6 isEnabled=0
02-09 04:21:56.318 D/QCC:qccvndhal( 844): /data/vendor/qdma/down/6 is null
02-09 04:21:56.318 I/QCC:OmaDMNative( 2393): qcc_hidl_update_vendor_dropbox() res=0
02-09 04:21:56.318 I/QCC:Collector( 2393): deleteDir: /data/misc/qdma/down/51 already disabled
02-09 04:21:56.319 W/AlarmManager( 2018): Unrecognized alarm listener com.android.systemui.keyguard.KeyguardSliceProvider$$ExternalSyntheticLambda0@d7e1a56
02-09 04:21:56.319 I/QCC:OmaDMNative( 2393): qcc_hidl_update_vendor_dropbox(), path=/data/misc/qdma/down/51 isEnabled=0
02-09 04:21:56.319 D/QCC:qccvndhal( 844): /data/vendor/qdma/down/51 is null
02-09 04:21:56.319 I/QCC:OmaDMNative( 2393): qcc_hidl_update_vendor_dropbox() res=0
02-09 04:21:56.320 V/KeyguardUpdateMonitor( 2018): *** register callback for com.android.systemui.keyguard.KeyguardSliceProvider$2@ed89fc4
02-09 04:21:56.320 V/KeyguardUpdateMonitor( 2018): *** unregister callback for null
02-09 04:21:56.320 I/QCC:Collector( 2393): deleteDir: /data/misc/qdma/down/102 already disabled
02-09 04:21:56.320 I/QCC:Collector( 2393): deleteDir: /data/misc/qdma/down/104 already disabled
02-09 04:21:56.320 I/QCC:Collector( 2393): deleteDir: /data/misc/qdma/down/1501 already disabled
02-09 04:21:56.323 V/SystemUIService( 2018): SystemUIApplication created.
02-09 04:21:56.323 I/wm_on_create_called( 2414): [194085143,com.android.settings.FallbackHome,performCreate]
02-09 04:21:56.324 I/SystemUIService( 2018): Found SurfaceFlinger's GPU Priority: 12545
02-09 04:21:56.324 I/wm_on_start_called( 2414): [194085143,com.android.settings.FallbackHome,handleStartActivity]
02-09 04:21:56.325 I/wm_on_resume_called( 2414): [194085143,com.android.settings.FallbackHome,RESUME_ACTIVITY]
02-09 04:21:56.326 I/hwservicemanager( 505): Since vendor.qti.hardware.iop@2.0::IIop/default is not registered, trying to start it as a lazy HAL.
02-09 04:21:56.326 E/ANDR-IOP( 1212): IIop:: Iop HAL Service is not available.
02-09 04:21:56.326 I/QCC:OmaDMNative( 2393): qcc_hidl_update_vendor_dropbox(), path=/data/misc/qdma/down/1501 isEnabled=0
02-09 04:21:56.326 D/QCC:qccvndhal( 844): /data/vendor/qdma/down/1501 is null
02-09 04:21:56.326 I/QCC:OmaDMNative( 2393): qcc_hidl_update_vendor_dropbox() res=0
02-09 04:21:56.326 I/QCC:Collector( 2393): deleteDir: /data/misc/qdma/down/1502 already disabled
02-09 04:21:56.327 W/libc ( 505): Unable to set property "ctl.interface_start" to "vendor.qti.hardware.iop@2.0::IIop/default": error code: 0x20
02-09 04:21:56.327 I/QCC:OmaDMNative( 2393): qcc_hidl_update_vendor_dropbox(), path=/data/misc/qdma/down/1502 isEnabled=0
02-09 04:21:56.327 I/hwservicemanager( 505): Tried to start vendor.qti.hardware.iop@2.0::IIop/default as a lazy service, but was unable to. Usually this happens when a service is not installed, but if the service is intended to be used as a lazy service, then it may be configured incorrectly.
02-09 04:21:56.327 D/QCC:qccvndhal( 844): /data/vendor/qdma/down/1502 is null
02-09 04:21:56.327 I/QCC:OmaDMNative( 2393): qcc_hidl_update_vendor_dropbox() res=0
02-09 04:21:56.327 I/QCC:Collector( 2393): deleteDir: /data/misc/qdma/down/1503 already disabled
02-09 04:21:56.327 I/QCC:OmaDMNative( 2393): qcc_hidl_update_vendor_dropbox(), path=/data/misc/qdma/down/1503 isEnabled=0
02-09 04:21:56.327 D/QCC:qccvndhal( 844): /data/vendor/qdma/down/1503 is null
02-09 04:21:56.327 I/QCC:OmaDMNative( 2393): qcc_hidl_update_vendor_dropbox() res=0
02-09 04:21:56.328 W/QCC:Collector( 2393): enable: already enabled /data/misc/qdma/down/200
02-09 04:21:56.328 W/QCC:Collector( 2393): enable: already enabled /data/misc/qdma/down/101
02-09 04:21:56.329 I/QCC:OmaDMNative( 2393): qcc_hidl_update_vendor_dropbox(), path=/data/misc/qdma/down/101 isEnabled=1
02-09 04:21:56.329 D/QCC:qccvndhal( 844): /data/vendor/qdma/down/101 is already exist
02-09 04:21:56.329 I/QCC:OmaDMNative( 2393): qcc_hidl_update_vendor_dropbox() res=0
02-09 04:21:56.329 I/QCC:OperationMode( 2393): runOperationMode
02-09 04:21:56.329 I/QCC:OperationMode( 2393): readOpMode operationMode: 1
02-09 04:21:56.329 I/QCC:OperationMode( 2393): storedOpMode : 1 and opMode : 1
02-09 04:21:56.329 I/QCC:OperationMode( 2393): not newer one
02-09 04:21:56.329 I/QCC:OptInOutHandler( 2393): getTypeOptInOut, key : data_preference
02-09 04:21:56.330 I/wm_on_top_resumed_gained_called( 2414): [194085143,com.android.settings.FallbackHome,topStateChangedWhenResumed]
02-09 04:21:56.334 V/SystemUIService( 2018): Starting SystemUI services for user 0.
02-09 04:21:56.336 I/am_uid_running( 1523): 10083
02-09 04:21:56.336 D/CompatibilityChangeReporter( 1523): Compat change id reported: 135634846; UID 10083; state: DISABLED
02-09 04:21:56.336 D/CompatibilityChangeReporter( 1523): Compat change id reported: 177438394; UID 10083; state: DISABLED
02-09 04:21:56.336 D/CompatibilityChangeReporter( 1523): Compat change id reported: 135772972; UID 10083; state: DISABLED
02-09 04:21:56.336 D/CompatibilityChangeReporter( 1523): Compat change id reported: 135754954; UID 10083; state: ENABLED
02-09 04:21:56.336 D/CompatibilityChangeReporter( 1523): Compat change id reported: 143937733; UID 10083; state: ENABLED
02-09 04:21:56.337 I/GameModeConfig( 1523): isGameModeOn = false
02-09 04:21:56.337 I/notification_cancel_all( 1523): [1000,1523,com.android.systemui,0,0,0,20,NULL]
02-09 04:21:56.338 I/FalsingManager( 2018): xdpi, ydpi: 319.851, 319.851
02-09 04:21:56.338 I/FalsingManager( 2018): width, height: 2380, 954
02-09 04:21:56.342 D/Zygote ( 666): Forked child process 2554
02-09 04:21:56.342 I/am_proc_start( 1523): [0,2554,10083,com.qualcomm.qti.qccauthmgr,content provider,{com.qualcomm.qti.qccauthmgr/com.qualcomm.qti.qccauthmgr.providers.SMQContentProvider}]
02-09 04:21:56.342 I/ActivityManager( 1523): Start proc 2554:com.qualcomm.qti.qccauthmgr/u0a83 for content provider {com.qualcomm.qti.qccauthmgr/com.qualcomm.qti.qccauthmgr.providers.SMQContentProvider}
02-09 04:21:56.348 I/input_focus( 1523): [Focus request 499f3ed com.android.settings/com.android.settings.FallbackHome,reason=UpdateInputWindows]
02-09 04:21:56.348 W/ServiceManager( 1523): Permission failure: android.permission.HIGH_SAMPLING_RATE_SENSORS from uid=10080 pid=2018
02-09 04:21:56.349 I/AdrenoGLES-0( 2414): QUALCOMM build : 47421dbee6, I139f36ad46
02-09 04:21:56.349 I/AdrenoGLES-0( 2414): Build Date : 02/18/22
02-09 04:21:56.349 I/AdrenoGLES-0( 2414): OpenGL ES Shader Compiler Version: EV031.32.02.17
02-09 04:21:56.349 I/AdrenoGLES-0( 2414): Local Branch :
02-09 04:21:56.349 I/AdrenoGLES-0( 2414): Remote Branch :
02-09 04:21:56.349 I/AdrenoGLES-0( 2414): Remote Branch :
02-09 04:21:56.349 I/AdrenoGLES-0( 2414): Reconstruct Branch :
02-09 04:21:56.349 I/AdrenoGLES-0( 2414): Build Config : S P 10.0.7 AArch64
02-09 04:21:56.349 I/AdrenoGLES-0( 2414): Driver Path : /vendor/lib64/egl/libGLESv2_adreno.so
02-09 04:21:56.350 I/hwservicemanager( 505): getTransport: Cannot find entry android.hardware.graphics.mapper@4.0::IMapper/default in either framework or device VINTF manifest.
02-09 04:21:56.350 V/KeyguardUpdateMonitor( 2018): *** register callback for com.android.systemui.classifier.FalsingCollectorImpl$2@8349aea
02-09 04:21:56.350 V/KeyguardUpdateMonitor( 2018): *** unregister callback for null
02-09 04:21:56.353 I/AdrenoGLES-0( 2414): PFP: 0x016dd093, ME: 0x00000000
02-09 04:21:56.356 D/NavigationModeController( 2018): getCurrentUserContext: contextUser=0 currentUser=0
02-09 04:21:56.356 D/NavigationModeController( 2018): getCurrentInteractionMode: mode=2 contextUser=0
02-09 04:21:56.356 D/NavigationModeController( 2018): updateCurrentInteractionMode: mode=2
02-09 04:21:56.356 D/NavigationModeController( 2018): contextUser=0
02-09 04:21:56.356 D/NavigationModeController( 2018): assetPaths=
02-09 04:21:56.356 D/NavigationModeController( 2018): and /system/framework/framework-res.apk
02-09 04:21:56.356 D/NavigationModeController( 2018): /product/overlay/FrameworksResCommon_Sys.apk
02-09 04:21:56.356 D/NavigationModeController( 2018): /product/overlay/FrameworksResCommonQva_Sys.apk
02-09 04:21:56.356 D/NavigationModeController( 2018): /vendor/overlay/FrameworksResTarget.apk
02-09 04:21:56.356 D/NavigationModeController( 2018): /product/overlay/FrameworkResource/FrameworksResOverlay.apk
02-09 04:21:56.356 D/NavigationModeController( 2018): and /system_ext/priv-app/SystemUI/SystemUI.apk
02-09 04:21:56.356 D/NavigationModeController( 2018): /product/overlay/NavigationBarModeGestural/NavigationBarModeGesturalOverlay.apk
02-09 04:21:56.356 D/NavigationModeController( 2018): /product/overlay/SystemUIResCommon_Sys.apk
02-09 04:21:56.357 D/NavigationModeController( 2018): getCurrentInteractionMode: mode=2 contextUser=0
02-09 04:21:56.358 D/libEGL ( 2414): MSAA-->msaa:0 gamemode:0 4x_msaa:0
02-09 04:21:56.358 D/libEGL ( 2414): MSAA-->msaa:0 gamemode:0 4x_msaa:0
02-09 04:21:56.358 D/libEGL ( 2414): MSAA-->msaa:0 gamemode:0 4x_msaa:0
02-09 04:21:56.359 E/.qti.qccauthmg( 2554): Not starting debugger since process cannot load the jdwp agent.
01-02 09:38:36.520 I/binder ( 0): 2554:2554 ioctl 40046210 7ffaef2474 returned -22
02-09 04:21:56.361 D/ProcessState( 2554): Binder ioctl to enable oneway spam detection failed: Invalid argument
02-09 04:21:56.363 D/NavigationModeController( 2018): getCurrentInteractionMode: mode=2 contextUser=0
02-09 04:21:56.364 V/MediaRouter( 2018): Selecting route: RouteInfo{ name=平板电脑, description=null, status=null, category=RouteCategory{ name=系统 types=ROUTE_TYPE_LIVE_AUDIO ROUTE_TYPE_LIVE_VIDEO groupable=false }, supportedTypes=ROUTE_TYPE_LIVE_AUDIO ROUTE_TYPE_LIVE_VIDEO , presentationDisplay=null }
02-09 04:21:56.364 I/MediaRouter( 2018): Skip setBluetoothA2dpOn(): types=8388615, isPlaybackActive()=false, BT route=null
02-09 04:21:56.365 D/KeyguardViewMediator( 2018): updateActivityLockScreenState(false, false)
02-09 04:21:56.365 I/am_uid_running( 1523): 10074
02-09 04:21:56.366 D/CompatibilityChangeReporter( 1523): Compat change id reported: 135634846; UID 10074; state: DISABLED
02-09 04:21:56.366 I/SDM ( 837): HWCDisplay::GetColorModeCount: Supported color mode count = 1
02-09 04:21:56.366 D/CompatibilityChangeReporter( 1523): Compat change id reported: 177438394; UID 10074; state: DISABLED
02-09 04:21:56.366 I/SDM ( 837): HWCDisplay::GetColorModes: Color mode = 0 is supported
02-09 04:21:56.366 D/CompatibilityChangeReporter( 1523): Compat change id reported: 135772972; UID 10074; state: DISABLED
02-09 04:21:56.366 E/HWComposer( 903): getSupportedContentTypes: getSupportedContentTypes failed for display 4630946370410392961: Unsupported (8)
02-09 04:21:56.366 D/CompatibilityChangeReporter( 1523): Compat change id reported: 135754954; UID 10074; state: ENABLED
02-09 04:21:56.366 D/CompatibilityChangeReporter( 1523): Compat change id reported: 143937733; UID 10074; state: ENABLED
02-09 04:21:56.366 D/hw-ProcessState( 2414): Binder ioctl to enable oneway spam detection failed: Invalid argument
01-02 09:38:36.525 I/binder ( 0): 2414:2541 ioctl 40046210 70029c61f4 returned -22
02-09 04:21:56.368 I/hwservicemanager( 505): getTransport: Cannot find entry android.hardware.graphics.mapper@4.0::IMapper/default in either framework or device VINTF manifest.
02-09 04:21:56.368 I/Gralloc4( 2414): mapper 4.x is not supported
01-02 09:38:36.527 I/bt_configure_gpios( 0): BTON:Turn Bt Off bt-reset-gpio(1121) value(0)
01-02 09:38:36.527 I/bt_configure_gpios( 0): BTON:Turn Bt Off
01-02 09:38:36.527 I/bt_configure_gpios( 0): bt-sw-ctrl-gpio(1224) value(1)
01-02 09:38:36.527 I/bt_enable_bt_reset_gpios_safely( 0): bt_enable_bt_reset_gpios_safely: BTON:Turn Bt On
01-02 09:38:36.527 I/bt_enable_bt_reset_gpios_safely( 0): bt_enable_bt_reset_gpios_safely: wl-reset-gpio(1120) value(1)
01-02 09:38:36.527 I/bt_enable_bt_reset_gpios_safely( 0): bt_enable_bt_reset_gpios_safely: BTON: Asserting BT_EN
02-09 04:21:56.369 I/hwservicemanager( 505): getTransport: Cannot find entry android.hardware.graphics.allocator@4.0::IAllocator/default in either framework or device VINTF manifest.
02-09 04:21:56.369 I/vol.Events( 2018): writeEvent collection_started
02-09 04:21:56.369 W/Gralloc4( 2414): allocator 4.x is not supported
02-09 04:21:56.371 I/am_proc_bound( 1523): [0,2554,com.qualcomm.qti.qccauthmgr]
02-09 04:21:56.372 I/MMParserExtractor( 1195): Created(0xb400007c63868e10)
02-09 04:21:56.373 D/CompatibilityChangeReporter( 1523): Compat change id reported: 168419799; UID 10083; state: DISABLED
02-09 04:21:56.373 D/CompatibilityInfo( 1523): mCompatibilityFlags - 4
02-09 04:21:56.373 D/CompatibilityInfo( 1523): applicationDensity - 240
02-09 04:21:56.373 D/CompatibilityInfo( 1523): applicationScale - 1.0
02-09 04:21:56.373 D/Zygote ( 666): Forked child process 2579
02-09 04:21:56.374 I/am_uid_active( 1523): 10083
02-09 04:21:56.376 I/am_proc_start( 1523): [0,2579,10074,com.android.launcher3,service,{com.android.launcher3/com.android.quickstep.TouchInteractionService}]
02-09 04:21:56.376 I/ActivityManager( 1523): Start proc 2579:com.android.launcher3/u0a74 for service {com.android.launcher3/com.android.quickstep.TouchInteractionService}
02-09 04:21:56.376 D/MediaCodecList( 2018): codecHandlesFormat: no format, so no extra checks
02-09 04:21:56.376 D/MediaCodecList( 2018): codecHandlesFormat: no format, so no extra checks
02-09 04:21:56.377 D/CompatibilityChangeReporter( 2554): Compat change id reported: 171979766; UID 10083; state: ENABLED
02-09 04:21:56.381 D/CCodec ( 2018): allocate(c2.android.vorbis.decoder)
02-09 04:21:56.381 D/hw-ProcessState( 2018): Binder ioctl to enable oneway spam detection failed: Invalid argument
01-02 09:38:36.540 I/binder ( 0): 2018:2580 ioctl 40046210 6fee9f8124 returned -22
02-09 04:21:56.381 I/MMParserExtractor( 1195): Created(0xb400007c63869970)
02-09 04:21:56.383 I/ActivityManagerTiming( 1523): FinishBooting
02-09 04:21:56.383 I/boot_progress_enable_screen( 1523): 11599
02-09 04:21:56.384 D/MediaCodecList( 2018): codecHandlesFormat: no format, so no extra checks
02-09 04:21:56.384 D/MediaCodecList( 2018): codecHandlesFormat: no format, so no extra checks
02-09 04:21:56.384 I/screen_toggled( 1523): 1
02-09 04:21:56.384 I/Codec2Client( 2018): Available Codec2 services: "default" "software"
02-09 04:21:56.385 W/KeyguardServiceDelegate( 1523): onScreenTurningOn(): no keyguard service!
02-09 04:21:56.385 D/CCodec ( 2018): allocate(c2.android.vorbis.decoder)
02-09 04:21:56.386 I/CCodec ( 2018): setting up 'default' as default (vendor) store
02-09 04:21:56.387 I/CCodec ( 2018): setting up 'default' as default (vendor) store
02-09 04:21:56.388 I/Perf ( 2554): Connecting to perf service.
02-09 04:21:56.390 V/GraphicsEnvironment( 2554): ANGLE Developer option for 'com.qualcomm.qti.qccauthmgr' set to: 'default'
02-09 04:21:56.390 V/GraphicsEnvironment( 2554): ANGLE GameManagerService for com.qualcomm.qti.qccauthmgr: false
02-09 04:21:56.391 D/NetworkSecurityConfig( 2554): No Network Security Config specified, using platform default
02-09 04:21:56.391 D/NetworkSecurityConfig( 2554): No Network Security Config specified, using platform default
02-09 04:21:56.391 D/qcc:QccAuthApp( 2554): load libqccAuthMgr
02-09 04:21:56.391 V/C2Store ( 1286): in init
02-09 04:21:56.391 V/C2Store ( 1286): loading dll
02-09 04:21:56.392 I/CCodec ( 2018): Created component [c2.android.vorbis.decoder]
02-09 04:21:56.392 D/CCodecConfig( 2018): read media type: audio/vorbis
01-02 09:38:36.553 I/binder ( 0): 2579:2579 ioctl 40046210 7ffaef2474 returned -22
02-09 04:21:56.393 I/CCodec ( 2018): Created component [c2.android.vorbis.decoder]
02-09 04:21:56.393 D/CCodecConfig( 2018): read media type: audio/vorbis
02-09 04:21:56.393 E/droid.launcher( 2579): Not starting debugger since process cannot load the jdwp agent.
02-09 04:21:56.393 D/ReflectedParamUpdater( 2018): extent() != 1 for single value type: algo.buffers.max-count.values
02-09 04:21:56.394 D/ReflectedParamUpdater( 2018): extent() != 1 for single value type: output.subscribed-indices.values
02-09 04:21:56.394 D/ReflectedParamUpdater( 2018): extent() != 1 for single value type: input.buffers.allocator-ids.values
02-09 04:21:56.394 D/ReflectedParamUpdater( 2018): extent() != 1 for single value type: output.buffers.allocator-ids.values
02-09 04:21:56.394 D/ReflectedParamUpdater( 2018): extent() != 1 for single value type: algo.buffers.allocator-ids.values
02-09 04:21:56.394 D/ReflectedParamUpdater( 2018): extent() != 1 for single value type: output.buffers.pool-ids.values
02-09 04:21:56.394 D/ReflectedParamUpdater( 2018): extent() != 1 for single value type: algo.buffers.pool-ids.values
02-09 04:21:56.394 D/ProcessState( 2579): Binder ioctl to enable oneway spam detection failed: Invalid argument
02-09 04:21:56.394 D/ReflectedParamUpdater( 2018): extent() != 1 for single value type: algo.buffers.max-count.values
02-09 04:21:56.394 D/ReflectedParamUpdater( 2018): extent() != 1 for single value type: output.subscribed-indices.values
02-09 04:21:56.394 D/ReflectedParamUpdater( 2018): extent() != 1 for single value type: input.buffers.allocator-ids.values
02-09 04:21:56.394 D/ReflectedParamUpdater( 2018): extent() != 1 for single value type: output.buffers.allocator-ids.values
02-09 04:21:56.394 D/ReflectedParamUpdater( 2018): extent() != 1 for single value type: algo.buffers.allocator-ids.values
02-09 04:21:56.394 D/ReflectedParamUpdater( 2018): extent() != 1 for single value type: output.buffers.pool-ids.values
02-09 04:21:56.395 I/CCodecConfig( 2018): query failed after returning 7 values (BAD_INDEX)
02-09 04:21:56.395 D/ReflectedParamUpdater( 2018): extent() != 1 for single value type: algo.buffers.pool-ids.values
02-09 04:21:56.395 D/CCodecConfig( 2018): c2 config diff is Dict {
02-09 04:21:56.395 D/CCodecConfig( 2018): c2::u32 coded.bitrate.value = 64000
02-09 04:21:56.395 D/CCodecConfig( 2018): c2::u32 input.buffers.max-size.value = 32768
02-09 04:21:56.395 D/CCodecConfig( 2018): c2::u32 input.delay.value = 0
02-09 04:21:56.395 D/CCodecConfig( 2018): string input.media-type.value = "audio/vorbis"
02-09 04:21:56.395 D/CCodecConfig( 2018): string output.media-type.value = "audio/raw"
02-09 04:21:56.395 D/CCodecConfig( 2018): c2::u32 raw.channel-count.value = 1
02-09 04:21:56.395 D/CCodecConfig( 2018): c2::u32 raw.sample-rate.value = 48000
02-09 04:21:56.395 D/CCodecConfig( 2018): }
02-09 04:21:56.395 D/QCCAuthMgr( 2554): SMQContentProvider onCreate
02-09 04:21:56.395 I/CCodecConfig( 2018): query failed after returning 7 values (BAD_INDEX)
02-09 04:21:56.395 D/CCodecConfig( 2018): c2 config diff is Dict {
02-09 04:21:56.395 D/CCodecConfig( 2018): c2::u32 coded.bitrate.value = 64000
02-09 04:21:56.395 D/CCodecConfig( 2018): c2::u32 input.buffers.max-size.value = 32768
02-09 04:21:56.395 D/CCodecConfig( 2018): c2::u32 input.delay.value = 0
02-09 04:21:56.395 D/CCodecConfig( 2018): string input.media-type.value = "audio/vorbis"
02-09 04:21:56.395 D/CCodecConfig( 2018): string output.media-type.value = "audio/raw"
02-09 04:21:56.395 D/CCodecConfig( 2018): c2::u32 raw.channel-count.value = 1
02-09 04:21:56.395 D/CCodecConfig( 2018): c2::u32 raw.sample-rate.value = 48000
02-09 04:21:56.395 D/CCodecConfig( 2018): }
02-09 04:21:56.395 D/CCodec ( 2018): [c2.android.vorbis.decoder] buffers are bound to CCodec for this session
02-09 04:21:56.395 D/CCodecConfig( 2018): no c2 equivalents for durationUs
02-09 04:21:56.395 D/CCodecConfig( 2018): no c2 equivalents for track-id
02-09 04:21:56.395 D/CCodecConfig( 2018): no c2 equivalents for csd-1
02-09 04:21:56.395 D/CCodecConfig( 2018): no c2 equivalents for language
02-09 04:21:56.395 D/CCodecConfig( 2018): no c2 equivalents for file-format
02-09 04:21:56.395 D/CCodecConfig( 2018): no c2 equivalents for flags
02-09 04:21:56.395 D/CCodecConfig( 2018): config failed => CORRUPTED
02-09 04:21:56.395 D/CCodecConfig( 2018): c2 config diff is c2::u32 coded.bitrate.value = 160000
02-09 04:21:56.395 D/CCodecConfig( 2018): c2::u32 raw.channel-count.value = 2
02-09 04:21:56.395 D/CCodecConfig( 2018): c2::u32 raw.sample-rate.value = 44100
02-09 04:21:56.395 I/qcc:QccAuthApp( 2554): onCreate()
02-09 04:21:56.395 D/qcc:QccAuthApp( 2554): detectUninstallIsv
02-09 04:21:56.396 W/Codec2Client( 2018): query -- param skipped: index = 1107298332.
02-09 04:21:56.396 D/CCodec ( 2018): setup formats input: AMessage(what = 0x00000000) = {
02-09 04:21:56.396 D/CCodec ( 2018): int32_t bitrate = 160000
02-09 04:21:56.396 D/CCodec ( 2018): int32_t channel-count = 2
02-09 04:21:56.396 D/CCodec ( 2018): int32_t max-input-size = 65307
02-09 04:21:56.396 D/CCodec ( 2018): string mime = "audio/vorbis"
02-09 04:21:56.396 D/CCodec ( 2018): int32_t sample-rate = 44100
02-09 04:21:56.396 D/CCodec ( 2018): }
02-09 04:21:56.396 D/CCodec ( 2018): setup formats output: AMessage(what = 0x00000000) = {
02-09 04:21:56.396 D/CCodec ( 2018): int32_t channel-count = 2
02-09 04:21:56.396 D/CCodec ( 2018): string mime = "audio/raw"
02-09 04:21:56.396 D/CCodec ( 2018): int32_t sample-rate = 44100
02-09 04:21:56.396 D/CCodec ( 2018): int32_t android._config-pcm-encoding = 2
02-09 04:21:56.396 D/CCodec ( 2018): }
02-09 04:21:56.396 I/CCodecConfig( 2018): query failed after returning 7 values (BAD_INDEX)
02-09 04:21:56.396 D/CCodec ( 2018): [c2.android.vorbis.decoder] buffers are bound to CCodec for this session
02-09 04:21:56.396 D/CCodecConfig( 2018): no c2 equivalents for durationUs
02-09 04:21:56.396 D/CCodecConfig( 2018): no c2 equivalents for track-id
02-09 04:21:56.396 W/Codec2Client( 2018): query -- param skipped: index = 1342179345.
02-09 04:21:56.396 W/Codec2Client( 2018): query -- param skipped: index = 2415921170.
02-09 04:21:56.396 D/C2Store ( 2018): Using ION
02-09 04:21:56.396 D/CCodecConfig( 2018): no c2 equivalents for csd-1
02-09 04:21:56.396 D/CCodecConfig( 2018): no c2 equivalents for language
02-09 04:21:56.396 D/CCodecConfig( 2018): no c2 equivalents for file-format
02-09 04:21:56.396 D/CCodecConfig( 2018): no c2 equivalents for flags
02-09 04:21:56.397 D/CCodecBufferChannel( 2018): [c2.android.vorbis.decoder#977] Created input block pool with allocatorID 16 => poolID 17 - OK (0)
02-09 04:21:56.397 I/CCodecBufferChannel( 2018): [c2.android.vorbis.decoder#977] Created output block pool with allocatorID 16 => poolID 23 - OK
02-09 04:21:56.397 D/CCodecBufferChannel( 2018): [c2.android.vorbis.decoder#977] Configured output block pool ids 23 => OK
02-09 04:21:56.397 D/CCodecBufferChannel( 2018): [c2.android.vorbis.decoder#977] start: updating output delay 0
02-09 04:21:56.397 D/QCCAuthMgr( 2554): SMQContentProvider query uri: content://com.qti.smq.Feedback.provider/smq_settings, selection: key=?, uri_matcher: 1
02-09 04:21:56.398 E/ion ( 2018): ioctl c0044901 failed with code -1: Inappropriate ioctl for device
02-09 04:21:56.398 I/CCodecBufferChannel( 2018): pipelineRoom(3) is <= numClientBuffers(3). Not signalling any more buffers to client
02-09 04:21:56.398 D/SimpleC2Component( 1286): Using output block pool with poolID 23 => got 23 - 0
02-09 04:21:56.399 D/CCodecConfig( 2018): config failed => CORRUPTED
02-09 04:21:56.399 D/MediaBufferGroup( 1195): creating MemoryDealer
02-09 04:21:56.399 I/am_proc_bound( 1523): [0,2579,com.android.launcher3]
02-09 04:21:56.400 D/CompatibilityChangeReporter( 1523): Compat change id reported: 168419799; UID 10074; state: DISABLED
02-09 04:21:56.400 D/CompatibilityInfo( 1523): mCompatibilityFlags - 4
02-09 04:21:56.400 D/CompatibilityInfo( 1523): applicationDensity - 240
02-09 04:21:56.400 D/CompatibilityInfo( 1523): applicationScale - 1.0
02-09 04:21:56.400 D/CCodecConfig( 2018): c2 config diff is c2::u32 coded.bitrate.value = 160000
02-09 04:21:56.400 D/CCodecConfig( 2018): c2::u32 raw.channel-count.value = 2
02-09 04:21:56.400 D/CCodecConfig( 2018): c2::u32 raw.sample-rate.value = 44100
02-09 04:21:56.400 I/hwservicemanager( 505): Since vendor.qti.hardware.iop@2.0::IIop/default is not registered, trying to start it as a lazy HAL.
02-09 04:21:56.400 I/am_uid_active( 1523): 10074
02-09 04:21:56.400 E/ANDR-IOP( 1212): IIop:: Iop HAL Service is not available.
02-09 04:21:56.401 W/Codec2Client( 2018): query -- param skipped: index = 1107298332.
02-09 04:21:56.401 D/CompatibilityInfo( 1523): mCompatibilityFlags - 4
02-09 04:21:56.401 D/CompatibilityInfo( 1523): applicationDensity - 240
02-09 04:21:56.401 D/CompatibilityInfo( 1523): applicationScale - 1.0
02-09 04:21:56.401 D/CCodec ( 2018): setup formats input: AMessage(what = 0x00000000) = {
02-09 04:21:56.401 D/CCodec ( 2018): int32_t bitrate = 160000
02-09 04:21:56.401 D/CCodec ( 2018): int32_t channel-count = 2
02-09 04:21:56.401 D/CCodec ( 2018): int32_t max-input-size = 65307
02-09 04:21:56.401 D/CCodec ( 2018): string mime = "audio/vorbis"
02-09 04:21:56.401 D/CCodec ( 2018): int32_t sample-rate = 44100
02-09 04:21:56.401 D/CCodec ( 2018): }
02-09 04:21:56.401 D/CCodec ( 2018): setup formats output: AMessage(what = 0x00000000) = {
02-09 04:21:56.401 D/CCodec ( 2018): int32_t channel-count = 2
02-09 04:21:56.401 D/CCodec ( 2018): string mime = "audio/raw"
02-09 04:21:56.401 D/CCodec ( 2018): int32_t sample-rate = 44100
02-09 04:21:56.401 D/CCodec ( 2018): int32_t android._config-pcm-encoding = 2
02-09 04:21:56.401 D/CCodec ( 2018): }
02-09 04:21:56.401 I/CCodecConfig( 2018): query failed after returning 7 values (BAD_INDEX)
02-09 04:21:56.402 I/CCodecBufferChannel( 2018): pipelineRoom(2) is <= numClientBuffers(2). Not signalling any more buffers to client
02-09 04:21:56.402 I/CCodecBufferChannel( 2018): pipelineRoom(1) is <= numClientBuffers(1). Not signalling any more buffers to client
02-09 04:21:56.402 W/Codec2Client( 2018): query -- param skipped: index = 1342179345.
02-09 04:21:56.402 W/Codec2Client( 2018): query -- param skipped: index = 2415921170.
02-09 04:21:56.402 D/QCCAuthMgr( 2554): SMQContentProvider query tableName: smq_settings
02-09 04:21:56.402 D/CCodecBufferChannel( 2018): [c2.android.vorbis.decoder#135] Created input block pool with allocatorID 16 => poolID 18 - OK (0)
02-09 04:21:56.403 W/libc ( 505): Unable to set property "ctl.interface_start" to "vendor.qti.hardware.iop@2.0::IIop/default": error code: 0x20
02-09 04:21:56.403 I/hwservicemanager( 505): Tried to start vendor.qti.hardware.iop@2.0::IIop/default as a lazy service, but was unable to. Usually this happens when a service is not installed, but if the service is intended to be used as a lazy service, then it may be configured incorrectly.
02-09 04:21:56.403 I/CCodecBufferChannel( 2018): [c2.android.vorbis.decoder#135] Created output block pool with allocatorID 16 => poolID 24 - OK
02-09 04:21:56.403 I/QCC:OptInOutHandler( 2393): getTypeOptInOut, ret = 3
02-09 04:21:56.403 D/CCodecBufferChannel( 2018): [c2.android.vorbis.decoder#135] Configured output block pool ids 24 => OK
02-09 04:21:56.404 I/QCC:OperationMode( 2393): dbHandler.getTypeOptInOut optMode : 3
02-09 04:21:56.404 D/CCodecBufferChannel( 2018): [c2.android.vorbis.decoder#135] start: updating output delay 0
02-09 04:21:56.404 D/CompatibilityChangeReporter( 2393): Compat change id reported: 160794467; UID 1000; state: ENABLED
02-09 04:21:56.404 D/CompatibilityChangeReporter( 2579): Compat change id reported: 171979766; UID 10074; state: ENABLED
02-09 04:21:56.404 I/CCodecBufferChannel( 2018): pipelineRoom(3) is <= numClientBuffers(3). Not signalling any more buffers to client
02-09 04:21:56.404 D/SimpleC2Component( 1286): Using output block pool with poolID 24 => got 24 - 0
02-09 04:21:56.405 D/MediaBufferGroup( 1195): creating MemoryDealer
02-09 04:21:56.405 I/QCC:UploaderReceiver( 2393): stopUploaderSchedule - senderPi is not null -- try to cancel the alarm
02-09 04:21:56.405 I/CCodecBufferChannel( 2018): pipelineRoom(2) is <= numClientBuffers(2). Not signalling any more buffers to client
02-09 04:21:56.405 I/CCodecBufferChannel( 2018): pipelineRoom(1) is <= numClientBuffers(1). Not signalling any more buffers to client
02-09 04:21:56.412 I/QCC:UploaderReceiver( 2393): getLastUploaderTimeMs : 1675887722704
02-09 04:21:56.412 I/QCC:UploaderReceiver( 2393): getUploaderIntervalMs : 43200000
02-09 04:21:56.413 I/QCC:UploaderReceiver( 2393): startPeriodicScheduler - elaspedTimeMs:11620 / elaspedTargetTimeMs : 43211620
02-09 04:21:56.413 I/QCC:UploaderReceiver( 2393): setLastUploaderTimeMs :1675887716404
02-09 04:21:56.413 I/QCC:UploaderReceiver( 2393): setLastUploaderTimeMs : 2023-02-09T04:21:56 上午
02-09 04:21:56.414 D/CompatibilityChangeReporter( 1523): Compat change id reported: 171306433; UID 1000; state: ENABLED
02-09 04:21:56.416 I/QCC:ApplicationManager( 2393): clearJobDlData
02-09 04:21:56.416 I/QCC:QDMAJobService( 2393): cleanClientSubDir
02-09 04:21:56.417 I/QCC:QDMAJobService( 2393): removeAllMetaFromClientID, clientID : 200
02-09 04:21:56.417 I/QCC:QDMAJobManager( 2393): clearQDMAJob clientID: 200
02-09 04:21:56.417 I/QCC:QDMAJobManager( 2393): clearQDMAJob - there is no exist job
02-09 04:21:56.418 I/QCC:DMEFacade( 2393): === startQdmaFileServiceNative ===
02-09 04:21:56.418 I/QCC:OmaDMNative( 2393): Java_com_qualcomm_qti_innodme_DMEFacade_doStartQdmaFileServiceNative()
02-09 04:21:56.418 I/vol.Events( 2018): writeEvent level_changed STREAM_VOICE_CALL 2
02-09 04:21:56.419 I/vol.Events( 2018): writeEvent level_changed STREAM_SYSTEM 5
02-09 04:21:56.420 D/CCodecBufferChannel( 2018): [c2.android.vorbis.decoder#977] MediaCodec discarded an unknown buffer
02-09 04:21:56.420 D/CCodecBufferChannel( 2018): [c2.android.vorbis.decoder#977] MediaCodec discarded an unknown buffer
02-09 04:21:56.420 D/CCodecBufferChannel( 2018): [c2.android.vorbis.decoder#977] MediaCodec discarded an unknown buffer
02-09 04:21:56.420 I/vol.Events( 2018): writeEvent level_changed STREAM_RING 5
02-09 04:21:56.421 I/vol.Events( 2018): writeEvent level_changed STREAM_MUSIC 25
01-02 09:38:36.583 I/bt_configure_gpios( 0): BTON:Turn Bt On bt-reset-gpio(1121) value(1)
01-02 09:38:36.583 I/bt_configure_gpios( 0): BTON:Turn Bt On
01-02 09:38:36.583 I/bt_configure_gpios( 0): bt-sw-ctrl-gpio(1224) value(1)
01-02 09:38:36.583 I/bt_configure_gpios( 0): bt_gpio= 1121 on: 1 is successful
02-09 04:21:56.422 I/vol.Events( 2018): writeEvent level_changed STREAM_ALARM 5
02-09 04:21:56.422 I/qcc_file_service( 2393): create socket_listener thread id: 481041816752
02-09 04:21:56.422 I/QCC:OmaDMNative( 2393): start socket listener pid: 481041816752
02-09 04:21:56.422 I/QCC:ApplicationManager( 2393): cleanApplicationData: do not need to retrieve previous session
02-09 04:21:56.424 I/hw-BpHwBinder( 2018): onLastStrongRef automatically unlinking death recipients
02-09 04:21:56.424 I/qcc_file_server( 2393): listen to qdma socket: 64
02-09 04:21:56.424 D/vendor.qti.bluetooth@1.0-wake_lock( 808): Acquire wakelock is acquired
02-09 04:21:56.424 D/vendor.qti.bluetooth@1.0-uart_transport( 808): Init:> soc_type: 4, need_reload: 1
02-09 04:21:56.425 D/vendor.qti.bluetooth@1.0-uart_transport( 808): ConfigUart: fd: 8, p_cfg: 0x704f4027e4
02-09 04:21:56.425 D/vendor.qti.bluetooth@1.0-uart_transport( 808): ConfigUart: baud {0x0, 0x1002}, fmt: 0x8209
02-09 04:21:56.425 D/vendor.qti.bluetooth@1.0-uart_transport( 808): ConfigUart: data_bits: 0x30, parity: 0x0, stop_bits: 0x0
02-09 04:21:56.425 I/vendor.qti.bluetooth@1.0-uart_transport( 808): ConfigUart: HW flow control enabled
02-09 04:21:56.425 I/vol.Events( 2018): writeEvent level_changed STREAM_BLUETOOTH_SCO 7
02-09 04:21:56.428 W/System.err( 2393): android.content.pm.PackageManager$NameNotFoundException: com.qualcomm.qti.smq
02-09 04:21:56.428 I/sysui_multi_action( 2018): [757,213,758,4,759,-1]
02-09 04:21:56.428 W/System.err( 2393): at android.app.ApplicationPackageManager.getPackageInfoAsUser(ApplicationPackageManager.java:241)
02-09 04:21:56.428 W/System.err( 2393): at android.app.ApplicationPackageManager.getPackageInfo(ApplicationPackageManager.java:213)
02-09 04:21:56.428 W/System.err( 2393): at com.qualcomm.qti.qdma.app.ApplicationManager.isQccTrUiVer2XorHigher(ApplicationManager.java:3401)
02-09 04:21:56.428 W/System.err( 2393): at com.qualcomm.qti.qdma.app.ApplicationManager.onCreate(ApplicationManager.java:363)
02-09 04:21:56.428 W/System.err( 2393): at android.app.Instrumentation.callApplicationOnCreate(Instrumentation.java:1212)
02-09 04:21:56.428 W/System.err( 2393): at android.app.ActivityThread.handleBindApplication(ActivityThread.java:6744)
02-09 04:21:56.428 W/System.err( 2393): at android.app.ActivityThread.access$1500(ActivityThread.java:248)
02-09 04:21:56.428 W/System.err( 2393): at android.app.ActivityThread$H.handleMessage(ActivityThread.java:2054)
02-09 04:21:56.428 W/System.err( 2393): at android.os.Handler.dispatchMessage(Handler.java:106)
02-09 04:21:56.428 W/System.err( 2393): at android.os.Looper.loopOnce(Looper.java:201)
02-09 04:21:56.428 W/System.err( 2393): at android.os.Looper.loop(Looper.java:288)
02-09 04:21:56.428 W/System.err( 2393): at android.app.ActivityThread.main(ActivityThread.java:7880)
02-09 04:21:56.428 W/System.err( 2393): at java.lang.reflect.Method.invoke(Native Method)
02-09 04:21:56.428 W/System.err( 2393): at com.android.internal.os.RuntimeInit$MethodAndArgsCaller.run(RuntimeInit.java:548)
02-09 04:21:56.428 W/System.err( 2393): at com.android.internal.os.ZygoteInit.main(ZygoteInit.java:1009)
02-09 04:21:56.428 I/QCC:ApplicationManager( 2393): isQccTrUiVer2XorHigher: false
02-09 04:21:56.428 I/vol.Events( 2018): writeEvent external_ringer_mode_changed unknown
02-09 04:21:56.428 I/QCC:DMENativeInterface( 2393): droppingDefaultCDF, Build.MANUFACTURER : TC ,Build.MODEL : figure, IS_QUALCOMM_DEVICE : false , oldver: true
02-09 04:21:56.428 I/QCC:ApplicationManager( 2393): getSharedPersistence, key : DefaultCDFFile, value : 0
02-09 04:21:56.428 I/QCC:DMENativeInterface( 2393): not initial run or not Qualcomm device- do not droppingDefaultCDF
02-09 04:21:56.429 D/CCodecBufferChannel( 2018): [c2.android.vorbis.decoder#135] MediaCodec discarded an unknown buffer
02-09 04:21:56.429 D/CCodecBufferChannel( 2018): [c2.android.vorbis.decoder#135] MediaCodec discarded an unknown buffer
02-09 04:21:56.429 D/CCodecBufferChannel( 2018): [c2.android.vorbis.decoder#135] MediaCodec discarded an unknown buffer
02-09 04:21:56.429 I/hwservicemanager( 505): Since vendor.qti.hardware.iop@2.0::IIop/default is not registered, trying to start it as a lazy HAL.
02-09 04:21:56.429 E/ANDR-IOP( 1212): IIop:: Iop HAL Service is not available.
02-09 04:21:56.430 W/libc ( 505): Unable to set property "ctl.interface_start" to "vendor.qti.hardware.iop@2.0::IIop/default": error code: 0x20
02-09 04:21:56.430 I/MMParserExtractor( 1195): Created(0xb400007c63868e10)
02-09 04:21:56.430 I/hwservicemanager( 505): Tried to start vendor.qti.hardware.iop@2.0::IIop/default as a lazy service, but was unable to. Usually this happens when a service is not installed, but if the service is intended to be used as a lazy service, then it may be configured incorrectly.
02-09 04:21:56.431 I/vol.Events( 2018): writeEvent zen_mode_config_changed [disallowAlarms=false disallowMedia=false disallowSystem=true disallowRinger=false]
02-09 04:21:56.431 D/MediaCodecList( 2018): codecHandlesFormat: no format, so no extra checks
02-09 04:21:56.432 D/MediaCodecList( 2018): codecHandlesFormat: no format, so no extra checks
02-09 04:21:56.432 I/hw-BpHwBinder( 2018): onLastStrongRef automatically unlinking death recipients
02-09 04:21:56.432 I/hw-BpHwBinder( 1286): onLastStrongRef automatically unlinking death recipients
02-09 04:21:56.432 D/CCodec ( 2018): allocate(c2.android.vorbis.decoder)
02-09 04:21:56.433 V/C2Store ( 1286): in ~ComponentModule
02-09 04:21:56.433 V/C2Store ( 1286): unloading dll
02-09 04:21:56.434 I/CCodec ( 2018): setting up 'default' as default (vendor) store
02-09 04:21:56.434 V/C2Store ( 1286): in init
02-09 04:21:56.434 V/C2Store ( 1286): loading dll
02-09 04:21:56.435 I/CCodec ( 2018): Created component [c2.android.vorbis.decoder]
02-09 04:21:56.435 D/CCodecConfig( 2018): read media type: audio/vorbis
02-09 04:21:56.436 D/ReflectedParamUpdater( 2018): extent() != 1 for single value type: algo.buffers.max-count.values
02-09 04:21:56.436 D/ReflectedParamUpdater( 2018): extent() != 1 for single value type: output.subscribed-indices.values
02-09 04:21:56.436 D/ReflectedParamUpdater( 2018): extent() != 1 for single value type: input.buffers.allocator-ids.values
02-09 04:21:56.436 D/ReflectedParamUpdater( 2018): extent() != 1 for single value type: output.buffers.allocator-ids.values
02-09 04:21:56.436 D/ReflectedParamUpdater( 2018): extent() != 1 for single value type: algo.buffers.allocator-ids.values
02-09 04:21:56.436 D/ReflectedParamUpdater( 2018): extent() != 1 for single value type: output.buffers.pool-ids.values
02-09 04:21:56.436 D/ReflectedParamUpdater( 2018): extent() != 1 for single value type: algo.buffers.pool-ids.values
02-09 04:21:56.437 I/CCodecConfig( 2018): query failed after returning 7 values (BAD_INDEX)
02-09 04:21:56.437 D/CCodecConfig( 2018): c2 config diff is Dict {
02-09 04:21:56.437 D/CCodecConfig( 2018): c2::u32 coded.bitrate.value = 64000
02-09 04:21:56.437 D/CCodecConfig( 2018): c2::u32 input.buffers.max-size.value = 32768
02-09 04:21:56.437 D/CCodecConfig( 2018): c2::u32 input.delay.value = 0
02-09 04:21:56.437 D/CCodecConfig( 2018): string input.media-type.value = "audio/vorbis"
02-09 04:21:56.437 D/CCodecConfig( 2018): string output.media-type.value = "audio/raw"
02-09 04:21:56.437 D/CCodecConfig( 2018): c2::u32 raw.channel-count.value = 1
02-09 04:21:56.437 D/CCodecConfig( 2018): c2::u32 raw.sample-rate.value = 48000
02-09 04:21:56.437 D/CCodecConfig( 2018): }
02-09 04:21:56.437 D/CCodec ( 2018): [c2.android.vorbis.decoder] buffers are bound to CCodec for this session
02-09 04:21:56.437 D/CCodecConfig( 2018): no c2 equivalents for durationUs
02-09 04:21:56.437 D/CCodecConfig( 2018): no c2 equivalents for track-id
02-09 04:21:56.437 D/CCodecConfig( 2018): no c2 equivalents for csd-1
02-09 04:21:56.437 D/CCodecConfig( 2018): no c2 equivalents for language
02-09 04:21:56.437 D/CCodecConfig( 2018): no c2 equivalents for file-format
02-09 04:21:56.437 D/CCodecConfig( 2018): no c2 equivalents for flags
02-09 04:21:56.438 D/CCodecConfig( 2018): config failed => CORRUPTED
02-09 04:21:56.438 D/CCodecConfig( 2018): c2 config diff is c2::u32 coded.bitrate.value = 160000
02-09 04:21:56.438 D/CCodecConfig( 2018): c2::u32 raw.channel-count.value = 2
02-09 04:21:56.438 W/Codec2Client( 2018): query -- param skipped: index = 1107298332.
02-09 04:21:56.438 D/CCodec ( 2018): setup formats input: AMessage(what = 0x00000000) = {
02-09 04:21:56.438 D/CCodec ( 2018): int32_t bitrate = 160000
02-09 04:21:56.438 D/CCodec ( 2018): int32_t channel-count = 2
02-09 04:21:56.438 D/CCodec ( 2018): int32_t max-input-size = 65307
02-09 04:21:56.438 D/CCodec ( 2018): string mime = "audio/vorbis"
02-09 04:21:56.438 D/CCodec ( 2018): int32_t sample-rate = 48000
02-09 04:21:56.438 D/CCodec ( 2018): }
02-09 04:21:56.438 D/CCodec ( 2018): setup formats output: AMessage(what = 0x00000000) = {
02-09 04:21:56.438 D/CCodec ( 2018): int32_t channel-count = 2
02-09 04:21:56.438 D/CCodec ( 2018): string mime = "audio/raw"
02-09 04:21:56.438 D/CCodec ( 2018): int32_t sample-rate = 48000
02-09 04:21:56.438 D/CCodec ( 2018): int32_t android._config-pcm-encoding = 2
02-09 04:21:56.438 D/CCodec ( 2018): }
02-09 04:21:56.438 I/CCodecConfig( 2018): query failed after returning 7 values (BAD_INDEX)
02-09 04:21:56.438 W/Codec2Client( 2018): query -- param skipped: index = 1342179345.
02-09 04:21:56.438 W/Codec2Client( 2018): query -- param skipped: index = 2415921170.
02-09 04:21:56.439 D/CCodecBufferChannel( 2018): [c2.android.vorbis.decoder#588] Created input block pool with allocatorID 16 => poolID 19 - OK (0)
02-09 04:21:56.439 I/CCodecBufferChannel( 2018): [c2.android.vorbis.decoder#588] Created output block pool with allocatorID 16 => poolID 25 - OK
02-09 04:21:56.439 D/CCodecBufferChannel( 2018): [c2.android.vorbis.decoder#588] Configured output block pool ids 25 => OK
02-09 04:21:56.439 D/CCodecBufferChannel( 2018): [c2.android.vorbis.decoder#588] start: updating output delay 0
02-09 04:21:56.439 I/CCodecBufferChannel( 2018): pipelineRoom(3) is <= numClientBuffers(3). Not signalling any more buffers to client
02-09 04:21:56.440 I/Perf ( 2579): Connecting to perf service.
02-09 04:21:56.440 I/CCodecBufferChannel( 2018): pipelineRoom(2) is <= numClientBuffers(2). Not signalling any more buffers to client
02-09 04:21:56.440 I/CCodecBufferChannel( 2018): pipelineRoom(1) is <= numClientBuffers(1). Not signalling any more buffers to client
02-09 04:21:56.440 D/SimpleC2Component( 1286): Using output block pool with poolID 25 => got 25 - 0
02-09 04:21:56.441 W/ContextImpl( 2579): Failed to ensure /data/user/0/com.android.launcher3/cache: mkdir failed: errno 126 (Required key not available)
02-09 04:21:56.441 W/ContextImpl( 2579): Failed to update user.inode_cache: stat failed: ENOENT (No such file or directory)
02-09 04:21:56.442 V/GraphicsEnvironment( 2579): ANGLE Developer option for 'com.android.launcher3' set to: 'default'
02-09 04:21:56.442 V/GraphicsEnvironment( 2579): ANGLE GameManagerService for com.android.launcher3: false
02-09 04:21:56.443 D/NetworkSecurityConfig( 2579): No Network Security Config specified, using platform default
02-09 04:21:56.443 D/NetworkSecurityConfig( 2579): No Network Security Config specified, using platform default
02-09 04:21:56.443 I/hwservicemanager( 505): Since vendor.qti.hardware.iop@2.0::IIop/default is not registered, trying to start it as a lazy HAL.
02-09 04:21:56.443 E/ANDR-IOP( 1212): IIop:: Iop HAL Service is not available.
02-09 04:21:56.444 D/MediaBufferGroup( 1195): creating MemoryDealer
02-09 04:21:56.445 W/libc ( 505): Unable to set property "ctl.interface_start" to "vendor.qti.hardware.iop@2.0::IIop/default": error code: 0x20
02-09 04:21:56.445 I/hwservicemanager( 505): Tried to start vendor.qti.hardware.iop@2.0::IIop/default as a lazy service, but was unable to. Usually this happens when a service is not installed, but if the service is intended to be used as a lazy service, then it may be configured incorrectly.
02-09 04:21:56.446 D/vendor.qti.bluetooth@1.0-uart_transport( 808): OpenUart: succeed to open /dev/ttyHS0, fd: 8
02-09 04:21:56.446 D/vendor.qti.bluetooth@1.0-uart_transport( 808): InitTransport: soc_type(4), opening '/dev/ttyHS0' return fd=8
02-09 04:21:56.446 D/vendor.qti.bluetooth@1.0-patch_dl_manager( 808): PatchDLManager
02-09 04:21:56.446 D/vendor.qti.bluetooth@1.0-ibs_handler( 808): IsEnabled: Reading sibs property
02-09 04:21:56.446 D/vendor.qti.bluetooth@1.0-ibs_handler( 808): IsEnabled: Done reading sibs property
02-09 04:21:56.446 D/vendor.qti.bluetooth@1.0-ibs_handler( 808): IsEnabled: SIBS enabled: true
02-09 04:21:56.446 D/vendor.qti.bluetooth@1.0-ibs_handler( 808): IbsHandler
02-09 04:21:56.446 D/vendor.qti.bluetooth@1.0-ibs_handler( 808): InitInt: tty_fd = 8
02-09 04:21:56.447 D/vendor.qti.bluetooth@1.0-bluetooth_address( 808): GetLocalAddress
02-09 04:21:56.447 E/vendor.qti.bluetooth@1.0-bluetooth_address( 808): CMD result: 1
02-09 04:21:56.447 I/vendor.qti.bluetooth@1.0-uart_transport( 808): ## userial_vendor_ioctl: UART Flow On
02-09 04:21:56.447 I/vendor.qti.bluetooth@1.0-patch_dl_manager( 808): Wipower not enabled
02-09 04:21:56.447 I/vendor.qti.bluetooth@1.0-patch_dl_manager( 808): SocInit
02-09 04:21:56.447 D/vendor.qti.bluetooth@1.0-patch_dl_manager( 808): PatchVerReq: Sending Get Version CMD to SOC
