02-09 04:21:57.019 I/ActivityManagerTiming( 1523): OnBootPhase_1000_com.android.server.devicestate.DeviceStateManagerService
02-09 04:21:57.019 I/ActivityManagerTiming( 1523): OnBootPhase_1000_com.android.server.camera.CameraServiceProxy
02-09 04:21:57.020 I/ActivityManagerTiming( 1523): OnBootPhase_1000_com.android.server.BluetoothService
02-09 04:21:57.020 I/ActivityManagerTiming( 1523): OnBootPhase_1000_com.android.server.connectivity.IpConnectivityMetrics
02-09 04:21:57.020 I/ActivityManagerTiming( 1523): OnBootPhase_1000_com.android.server.net.watchlist.NetworkWatchlistService$Lifecycle
02-09 04:21:57.020 I/ActivityManagerTiming( 1523): OnBootPhase_1000_com.android.server.PinnerService
02-09 04:21:57.020 I/ActivityManagerTiming( 1523): OnBootPhase_1000_com.google.android.startop.iorap.IorapForwardingService
02-09 04:21:57.020 D/IorapForwardingService( 1523): BgJob Scheduled (jobId=283673059, interval: 86400000ms)
02-09 04:21:57.020 I/ActivityManagerTiming( 1523): OnBootPhase_1000_com.android.server.ActivityTriggerService
02-09 04:21:57.020 I/ActivityManagerTiming( 1523): OnBootPhase_1000_com.android.server.integrity.AppIntegrityManagerService
02-09 04:21:57.020 I/ActivityManagerTiming( 1523): OnBootPhase_1000_com.android.server.inputmethod.InputMethodManagerService$Lifecycle
02-09 04:21:57.020 I/ActivityManagerTiming( 1523): OnBootPhase_1000_com.android.server.accessibility.AccessibilityManagerService$Lifecycle
02-09 04:21:57.020 I/ActivityManagerTiming( 1523): OnBootPhase_1000_com.android.server.StorageManagerService$Lifecycle
02-09 04:21:57.020 I/ActivityManagerTiming( 1523): OnBootPhase_1000_com.android.server.usage.StorageStatsService$Lifecycle
02-09 04:21:57.020 I/ActivityManagerTiming( 1523): OnBootPhase_1000_com.android.server.UiModeManagerService
02-09 04:21:57.020 D/StorageManagerService( 1523): Thinking about init, mBootCompleted=true, mDaemonConnected=true
02-09 04:21:57.020 D/StorageManagerService( 1523): Thinking about reset, mBootCompleted=true, mDaemonConnected=true
02-09 04:21:57.020 I/StorageSessionController( 1523): Started resetting external storage service...
02-09 04:21:57.020 I/StorageSessionController( 1523): Finished resetting external storage service
02-09 04:21:57.020 I/StorageManagerService( 1523): Resetting vold...
02-09 04:21:57.021 I/StorageManagerService( 1523): Reset vold
02-09 04:21:57.021 I/vold ( 519): onUserAdded: 0
01-02 09:38:37.180 D/cnss ( 0): Received QMI WLFW pin connect result indication
01-02 09:38:37.180 D/cnss ( 0): Pin connect Result: pwr_pin: 0x0 phy_io_pin: 0x0 rf_io_pin: 0x2b
01-02 09:38:37.180 D/cnss ( 0): Received QMI WLFW calibration done indication
01-02 09:38:37.180 D/cnss ( 0): Posting event: COLD_BOOT_CAL_DONE(6), state: 0xf flags: 0x0
01-02 09:38:37.180 D/cnss ( 0): PM stay awake, state: 0xf, count: 1
01-02 09:38:37.180 D/cnss ( 0): PM relax, state: 0xf, count: 0
01-02 09:38:37.180 D/cnss ( 0): Received QMI WLFW FW ready indication
01-02 09:38:37.180 D/cnss ( 0): PM stay awake, state: 0xf, count: 1
01-02 09:38:37.180 D/cnss ( 0): Posting event: COLD_BOOT_CAL_DONE(6), state: 0xf flags: 0x0
01-02 09:38:37.180 D/cnss ( 0): Processing driver event: COLD_BOOT_CAL_DONE(6), state: 0xf
01-02 09:38:37.180 D/cnss ( 0): Calibration completed successfully
01-02 09:38:37.180 D/cnss ( 0): Sending mode message, mode: OFF(4), state: 0xf
02-09 04:21:57.022 E/cnss-daemon( 1289): wlfw_qmi_ind_cb: Receive Ind : 0x21
02-09 04:21:57.025 I/ActivityManagerTiming( 1523): OnBootPhase_1000_com.android.server.locksettings.LockSettingsService$Lifecycle
02-09 04:21:57.025 I/ActivityManagerTiming( 1523): OnBootPhase_1000_com.android.server.PersistentDataBlockService
02-09 04:21:57.025 I/ActivityManagerTiming( 1523): OnBootPhase_1000_com.android.server.testharness.TestHarnessModeService
02-09 04:21:57.026 D/TestHarnessModeService( 1523): Completing Test Harness Mode setup.
02-09 04:21:57.026 I/cnss-daemon( 1289): wlfw_qmi_err_cb: Server disconnect, err -2 client 0x2K
02-09 04:21:57.026 I/cnss-daemon( 1289): wlfw_service_request: Pthread exiting
01-02 09:38:37.184 D/cnss ( 0): Skip driver remove
01-02 09:38:37.184 D/cnss ( 0): Read register offset 0x1f8031c, val = 0x2
01-02 09:38:37.184 D/cnss ( 0): Write val 0x3 to register offset 0x1f8031c
01-02 09:38:37.184 D/cnss ( 0): WLFW server exiting
01-02 09:38:37.184 D/cnss ( 0): Posting event: SERVER_EXIT(1), state: 0x2000f flags: 0x0
01-02 09:38:37.186 D/cnss ( 0): Setting MHI state: POWER_OFF(4)
02-09 04:21:57.030 I/ActivityManagerTiming( 1523): OnBootPhase_1000_com.android.server.oemlock.OemLockService
02-09 04:21:57.030 I/ActivityManagerTiming( 1523): OnBootPhase_1000_com.android.server.DeviceIdleController
02-09 04:21:57.030 I/ActivityManagerTiming( 1523): OnBootPhase_1000_com.android.server.devicepolicy.DevicePolicyManagerService$Lifecycle
02-09 04:21:57.030 I/ActivityManagerTiming( 1523): OnBootPhase_1000_com.android.server.texttospeech.TextToSpeechManagerService
02-09 04:21:57.030 I/ActivityManagerTiming( 1523): OnBootPhase_1000_com.android.server.speech.SpeechRecognitionManagerService
02-09 04:21:57.030 I/ActivityManagerTiming( 1523): OnBootPhase_1000_com.android.server.searchui.SearchUiManagerService
02-09 04:21:57.030 I/ActivityManagerTiming( 1523): OnBootPhase_1000_com.android.server.smartspace.SmartspaceManagerService
02-09 04:21:57.030 I/ActivityManagerTiming( 1523): OnBootPhase_1000_com.android.server.graphics.fonts.FontManagerService$Lifecycle
02-09 04:21:57.030 I/ActivityManagerTiming( 1523): OnBootPhase_1000_com.android.server.textservices.TextServicesManagerService$Lifecycle
02-09 04:21:57.030 I/ActivityManagerTiming( 1523): OnBootPhase_1000_com.android.server.textclassifier.TextClassificationManagerService$Lifecycle
02-09 04:21:57.030 I/ActivityManagerTiming( 1523): OnBootPhase_1000_com.android.server.NetworkScoreService$Lifecycle
02-09 04:21:57.030 I/ActivityManagerTiming( 1523): OnBootPhase_1000_com.android.server.wifi.WifiService
02-09 04:21:57.030 I/ActivityManagerTiming( 1523): OnBootPhase_1000_com.android.server.wifi.scanner.WifiScanningService
02-09 04:21:57.030 I/ActivityManagerTiming( 1523): OnBootPhase_1000_com.android.server.wifi.rtt.RttService
02-09 04:21:57.030 I/ActivityManagerTiming( 1523): OnBootPhase_1000_com.android.server.wifi.aware.WifiAwareService
02-09 04:21:57.030 I/WifiAwareService( 1523): Late initialization of Wi-Fi Aware service
02-09 04:21:57.030 I/ActivityManagerTiming( 1523): OnBootPhase_1000_com.android.server.wifi.p2p.WifiP2pService
02-09 04:21:57.030 I/ActivityManagerTiming( 1523): OnBootPhase_1000_com.android.server.ethernet.EthernetService
02-09 04:21:57.030 I/ActivityManagerTiming( 1523): OnBootPhase_1000_com.android.server.ConnectivityServiceInitializer
02-09 04:21:57.030 I/ActivityManagerTiming( 1523): OnBootPhase_1000_com.android.server.notification.NotificationManagerService
02-09 04:21:57.030 I/ActivityManagerTiming( 1523): OnBootPhase_1000_com.android.server.storage.DeviceStorageMonitorService
02-09 04:21:57.030 I/ActivityManagerTiming( 1523): OnBootPhase_1000_com.android.server.location.LocationManagerService$Lifecycle
02-09 04:21:57.031 I/ActivityManagerTiming( 1523): OnBootPhase_1000_com.android.server.timedetector.TimeDetectorService$Lifecycle
02-09 04:21:57.031 I/ActivityManagerTiming( 1523): OnBootPhase_1000_com.android.server.timezonedetector.TimeZoneDetectorService$Lifecycle
02-09 04:21:57.031 I/ActivityManagerTiming( 1523): OnBootPhase_1000_com.android.server.timezonedetector.location.LocationTimeZoneManagerService$Lifecycle
02-09 04:21:57.031 I/ActivityManagerTiming( 1523): OnBootPhase_1000_com.android.server.search.SearchManagerService$Lifecycle
02-09 04:21:57.031 I/ActivityManagerTiming( 1523): OnBootPhase_1000_com.android.server.wallpaper.WallpaperManagerService$Lifecycle
02-09 04:21:57.031 I/ActivityManagerTiming( 1523): OnBootPhase_1000_com.android.server.audio.AudioService$Lifecycle
02-09 04:21:57.031 I/ActivityManagerTiming( 1523): OnBootPhase_1000_com.android.server.soundtrigger_middleware.SoundTriggerMiddlewareService$Lifecycle
02-09 04:21:57.031 I/ActivityManagerTiming( 1523): OnBootPhase_1000_com.android.server.DockObserver
02-09 04:21:57.031 I/ActivityManagerTiming( 1523): OnBootPhase_1000_com.android.server.midi.MidiService$Lifecycle
02-09 04:21:57.031 I/ActivityManagerTiming( 1523): OnBootPhase_1000_com.android.server.adb.AdbService$Lifecycle
02-09 04:21:57.031 I/ActivityManagerTiming( 1523): OnBootPhase_1000_com.android.server.usb.UsbService$Lifecycle
02-09 04:21:57.031 I/ActivityManagerTiming( 1523): OnBootPhase_1000_com.android.server.twilight.TwilightService
02-09 04:21:57.031 I/ActivityManagerTiming( 1523): OnBootPhase_1000_com.android.server.display.color.ColorDisplayService
02-09 04:21:57.031 I/ActivityManagerTiming( 1523): OnBootPhase_1000_com.android.server.job.JobSchedulerService
02-09 04:21:57.031 I/ActivityManagerTiming( 1523): OnBootPhase_1000_com.android.server.soundtrigger.SoundTriggerService
02-09 04:21:57.031 D/SoundTriggerService( 1523): onBootPhase: 1000 : false
02-09 04:21:57.031 I/ActivityManagerTiming( 1523): OnBootPhase_1000_com.android.server.trust.TrustManagerService
02-09 04:21:57.031 I/ActivityManagerTiming( 1523): OnBootPhase_1000_com.android.server.backup.BackupManagerService$Lifecycle
02-09 04:21:57.031 I/ActivityManagerTiming( 1523): OnBootPhase_1000_com.android.server.appwidget.AppWidgetService
02-09 04:21:57.031 I/ActivityManagerTiming( 1523): OnBootPhase_1000_com.android.server.voiceinteraction.VoiceInteractionManagerService
02-09 04:21:57.031 I/ActivityManagerTiming( 1523): OnBootPhase_1000_com.android.server.apphibernation.AppHibernationService
02-09 04:21:57.032 I/ActivityManagerTiming( 1523): OnBootPhase_1000_com.android.server.SensorNotificationService
02-09 04:21:57.032 I/adbd ( 1156): adbd_auth: received a new framework connection
02-09 04:21:57.032 I/adbd ( 1156): adbd_auth: received new framework fd 20 (current = -1)
02-09 04:21:57.032 I/adbd ( 1156): adbd_auth: marking framework writable
02-09 04:21:57.032 I/HibernationStateDiskStore( 1523): No hibernation file on disk for file /data/system/hibernation/states
02-09 04:21:57.032 I/Tethering( 2081): USB bcast connected:true configured:true rndis:false ncm:false
02-09 04:21:57.034 D/AdbDebuggingManager( 1523): Received public key: QAAAALX1RB9j783RWRQ9acPNgz9XdJcr7+o7oBiikFlXtUJufHoE2v9p+yrkbqJPkz4hyEwHoa0n1aXPy3/okucQKmnf1hk6Y3G8Bpey7R1HC52PYVFCRHOJIsxu6xyDp+rArYvt2p6hA6dOw2TmEjdfgbezSoRCNFRQh8p1CICvX5am9yT5Prd+pNpnB+mZEseU+P8yEYNv6IDFCmeXGct6ZD6/pZtIFbDxw+lOnbzSRpyrrJftzScOwPShg4gQOhHMSeXIMGqggVORvoWIIhw1l+el90dArz1HNK4ug+UxMnNxDi/8qTw//aWzWsrgtx40Pa9ENiIip7Qfddn0h1EyY5g1eAOsT9bibM8XKwzwfqVGHgSRCY6Y8O53tigZM3IZz1L7/WaPAs9g6y+16UHsC2eWoF0QC2rry/hRYLjVrHj2fd1RRgSWgHJ4lg0nTyMXVSHrlmuRSSnIU+kpWBvlYiKkXdUpVlC8jwmAoHK6NwkAdvZBeDzfTidSM807oLk3AcQY6IgC4ISGQaQqDmF9O6t1rrKoU3Y564gWaq0WQ3XINB0gw7S2/3fdMrKvm1yGyKDokeuPNkViVuGPeOZowi0eOzs5woQZK0ioWR3emRirSGGQftreoAEEwsprmSjyIaMPFSr8vfqzeIwd5nyCKG0rmHJwoCUMZbEYghILp+jFjAqAegEAAQA= ThunderSoft@DESKTOP-E5PM25C
02-09 04:21:57.034 I/notification_enqueue( 1523): [1000,1523,android,26,NULL,-1,Notification(channel=DEVELOPER_IMPORTANT shortcut=null contentView=null vibrate=null sound=null tick defaults=0x0 flags=0x2 color=0x00000000 vis=PUBLIC),0]
02-09 04:21:57.034 D/AdbDebuggingManager( 1523): Logging key QAAAALX1RB9j783RWRQ9acPNgz9XdJcr7+o7oBiikFlXtUJufHoE2v9p+yrkbqJPkz4hyEwHoa0n1aXPy3/okucQKmnf1hk6Y3G8Bpey7R1HC52PYVFCRHOJIsxu6xyDp+rArYvt2p6hA6dOw2TmEjdfgbezSoRCNFRQh8p1CICvX5am9yT5Prd+pNpnB+mZEseU+P8yEYNv6IDFCmeXGct6ZD6/pZtIFbDxw+lOnbzSRpyrrJftzScOwPShg4gQOhHMSeXIMGqggVORvoWIIhw1l+el90dArz1HNK4ug+UxMnNxDi/8qTw//aWzWsrgtx40Pa9ENiIip7Qfddn0h1EyY5g1eAOsT9bibM8XKwzwfqVGHgSRCY6Y8O53tigZM3IZz1L7/WaPAs9g6y+16UHsC2eWoF0QC2rry/hRYLjVrHj2fd1RRgSWgHJ4lg0nTyMXVSHrlmuRSSnIU+kpWBvlYiKkXdUpVlC8jwmAoHK6NwkAdvZBeDzfTidSM807oLk3AcQY6IgC4ISGQaQqDmF9O6t1rrKoU3Y564gWaq0WQ3XINB0gw7S2/3fdMrKvm1yGyKDokeuPNkViVuGPeOZowi0eOzs5woQZK0ioWR3emRirSGGQftreoAEEwsprmSjyIaMPFSr8vfqzeIwd5nyCKG0rmHJwoCUMZbEYghILp+jFjAqAegEAAQA= ThunderSoft@DESKTOP-E5PM25C, state = 1, alwaysAllow = false, lastConnectionTime = 0, authWindow = 604800000
02-09 04:21:57.034 D/CompatibilityChangeReporter( 1523): Compat change id reported: 168936375; UID 1000; state: ENABLED
02-09 04:21:57.034 D/CompatibilityChangeReporter( 1523): Compat change id reported: 168936375; UID 1000; state: DISABLED
02-09 04:21:57.034 I/thunderperf( 1523): Maybe need boostperf for current app!
02-09 04:21:57.036 I/ThunderPerfManager( 1523): Start bindService: PERF_SERVICE=com.thundercomm.gamemode.perfservice service=android.os.BinderProxy@efd3f7d
02-09 04:21:57.036 D/CompatibilityChangeReporter( 1523): Compat change id reported: 73144566; UID 1000; state: ENABLED
02-09 04:21:57.036 D/CompatibilityChangeReporter( 1523): Compat change id reported: 73144566; UID 1000; state: DISABLED
02-09 04:21:57.036 I/ActivityManagerTiming( 1523): OnBootPhase_1000_com.android.server.emergency.EmergencyAffordanceService
02-09 04:21:57.036 I/ActivityManagerTiming( 1523): OnBootPhase_1000_com.android.server.blob.BlobStoreManagerService
02-09 04:21:57.037 D/FgBoostPerfService( 2119): [FgBoostPerfService.perfBoostAcq]start: stat=true pkgName=com.android.systemui
02-09 04:21:57.037 I/FgBoostPerfService( 2119): [FgBoostPerfService.perfBoostAcq] not game-mode or game app!
02-09 04:21:57.037 I/ActivityManagerTiming( 1523): OnBootPhase_1000_com.android.server.dreams.DreamManagerService
02-09 04:21:57.037 I/ActivityManagerTiming( 1523): OnBootPhase_1000_com.android.server.companion.CompanionDeviceManagerService
02-09 04:21:57.037 I/ActivityManagerTiming( 1523): OnBootPhase_1000_com.android.server.restrictions.RestrictionsManagerService
02-09 04:21:57.037 I/ActivityManagerTiming( 1523): OnBootPhase_1000_com.android.server.media.MediaSessionService
02-09 04:21:57.037 I/ThunderPerfManager( 1523): PerfAcq error : state=true pkgName=com.android.systemui
02-09 04:21:57.038 V/GameMode_GameTypeUtils( 2119): judge isGame:com.android.systemui
02-09 04:21:57.038 I/FgBoostPerfService( 2119): [GetGpuMode] isMode=0 isGame=false mGpuMode=0
02-09 04:21:57.038 V/GameMode_GameTypeUtils( 2119): judge isGame:com.android.systemui
02-09 04:21:57.039 I/FgBoostPerfService( 2119): [GetGpuDpiType] isMode=0 isGame=false mGpuDpiType=0
02-09 04:21:57.039 I/ActivityManagerTiming( 1523): OnBootPhase_1000_com.android.server.media.MediaResourceMonitorService
02-09 04:21:57.039 I/thunderperf( 1523): Current app pkgName=com.android.systemui bm:com.thundercomm.perf.BoostPerfManager@90652c3 gpuMode=-1 gpuType=-1
02-09 04:21:57.039 I/ThunderBoostPerfService( 1523): Resolution: Uid=1000 Pid=1523 gMode=-1 dType=-1
02-09 04:21:57.039 I/thunderperf( 1523): PlatormCompat.setOverrides: Uid1=1000 Pid1=1523 Uid2=1000 Pid2=1523
02-09 04:21:57.039 I/thunderperf( 1523): PlatormCompat.setOverrides: needCheck:false
02-09 04:21:57.040 I/thunderperf( 1523): CompatConfig.addOverrideUnsafe: bef-state=0
02-09 04:21:57.040 I/thunderperf( 1523): CompatConfig.addOverrideUnsafe: aft-state=0
02-09 04:21:57.040 I/ActivityManagerTiming( 1523): OnBootPhase_1000_com.android.server.biometrics.sensors.fingerprint.FingerprintService
02-09 04:21:57.040 I/ActivityManagerTiming( 1523): OnBootPhase_1000_com.android.server.biometrics.BiometricService
02-09 04:21:57.040 I/ActivityManagerTiming( 1523): OnBootPhase_1000_com.android.server.biometrics.AuthService
02-09 04:21:57.040 I/ActivityManagerTiming( 1523): OnBootPhase_1000_com.android.server.pm.ShortcutService$Lifecycle
02-09 04:21:57.040 I/ActivityManagerTiming( 1523): OnBootPhase_1000_com.android.server.pm.LauncherAppsService
02-09 04:21:57.040 I/ActivityManagerTiming( 1523): OnBootPhase_1000_com.android.server.pm.CrossProfileAppsService
02-09 04:21:57.040 I/ActivityManagerTiming( 1523): OnBootPhase_1000_com.android.server.people.PeopleService
02-09 04:21:57.040 I/ActivityManagerTiming( 1523): OnBootPhase_1000_com.android.server.media.metrics.MediaMetricsManagerService
02-09 04:21:57.040 I/ActivityManagerTiming( 1523): OnBootPhase_1000_com.android.server.media.projection.MediaProjectionManagerService
02-09 04:21:57.040 I/ActivityManagerTiming( 1523): OnBootPhase_1000_com.android.server.slice.SliceManagerService$Lifecycle
02-09 04:21:57.040 I/ActivityManagerTiming( 1523): OnBootPhase_1000_com.android.server.stats.StatsCompanion$Lifecycle
02-09 04:21:57.040 I/ActivityManagerTiming( 1523): OnBootPhase_1000_com.android.server.scheduling.RebootReadinessManagerService$Lifecycle
02-09 04:21:57.040 I/ActivityManagerTiming( 1523): OnBootPhase_1000_com.android.server.stats.pull.StatsPullAtomService
02-09 04:21:57.040 I/ActivityManagerTiming( 1523): OnBootPhase_1000_com.android.server.incident.IncidentCompanionService
02-09 04:21:57.040 I/ActivityManagerTiming( 1523): OnBootPhase_1000_com.android.server.MmsServiceBroker
02-09 04:21:57.040 I/ActivityManagerTiming( 1523): OnBootPhase_1000_com.android.server.autofill.AutofillManagerService
02-09 04:21:57.040 I/ActivityManagerTiming( 1523): OnBootPhase_1000_com.android.server.clipboard.ClipboardService
02-09 04:21:57.040 I/ActivityManagerTiming( 1523): OnBootPhase_1000_com.android.server.appbinding.AppBindingService$Lifecycle
02-09 04:21:57.040 I/ActivityManagerTiming( 1523): OnBootPhase_1000_com.android.server.tracing.TracingServiceProxy
02-09 04:21:57.040 I/ActivityManagerTiming( 1523): OnBootPhase_1000_com.android.server.policy.PermissionPolicyService
02-09 04:21:57.040 I/ActivityManagerTiming( 1523): OnBootPhase_1000_com.android.server.pm.StagingManager$Lifecycle
02-09 04:21:57.040 I/ActivityManagerTiming( 1523): OnBootPhase_1000_com.android.server.app.GameManagerService$Lifecycle
02-09 04:21:57.040 D/GameManagerService( 1523): onBootCompleted
02-09 04:21:57.040 I/ActivityManagerTiming( 1523): OnBootPhase_1000_com.android.server.appsearch.AppSearchManagerService
02-09 04:21:57.040 I/thunderperf( 1523): CompatConfig.addOverrideUnsafe: bef-state=0
02-09 04:21:57.040 I/thunderperf( 1523): CompatConfig.addOverrideUnsafe: aft-state=0
02-09 04:21:57.040 D/AppSearchStatsCollector( 1523): atoms registered
02-09 04:21:57.040 I/thunderperf( 1523): CompatConfig.addOverrideUnsafe: bef-state=0
02-09 04:21:57.040 I/ActivityManagerTiming( 1523): OnBootPhase_1000_com.android.server.media.MediaCommunicationService
02-09 04:21:57.040 I/thunderperf( 1523): CompatConfig.addOverrideUnsafe: aft-state=0
02-09 04:21:57.040 D/ActivityManagerTiming( 1523): TotalBootTime took to complete: 3233ms
02-09 04:21:57.040 D/SystemServerInitThreadPool( 1523): Shutdown requested
02-09 04:21:57.040 I/SystemServerTiming( 1523): WaitInitThreadPoolShutdown
02-09 04:21:57.041 I/thunderperf( 1523): CompatConfig.addOverrideUnsafe: bef-state=0
02-09 04:21:57.041 I/thunderperf( 1523): CompatConfig.addOverrideUnsafe: aft-state=0
02-09 04:21:57.041 D/SystemServerInitThreadPool( 1523): Shutdown successful
02-09 04:21:57.042 I/uc_finish_user_boot( 1523): 0
02-09 04:21:57.042 I/ActivityManager( 1523): User 0 state changed from BOOTING to RUNNING_LOCKED
02-09 04:21:57.042 I/am_user_state_changed( 1523): [0,1]
02-09 04:21:57.042 W/ActivityManager( 1523): UserLifecycleEvent 4 received without an active userJourneySession.
01-02 09:38:37.203 D/cnss ( 0): Suspending PCI link
02-09 04:21:57.046 D/CompatibilityChangeReporter( 2018): Compat change id reported: 150939131; UID 10080; state: ENABLED
02-09 04:21:57.048 I/thunderperf( 1523): CompatConfig.addOverrideUnsafe: bef-state=0
02-09 04:21:57.049 I/thunderperf( 1523): CompatConfig.addOverrideUnsafe: aft-state=0
02-09 04:21:57.049 I/uc_send_user_broadcast( 1523): [0,android.intent.action.LOCKED_BOOT_COMPLETED]
02-09 04:21:57.049 I/thunderperf( 1523): CompatConfig.addOverrideUnsafe: bef-state=0
02-09 04:21:57.049 I/thunderperf( 1523): CompatConfig.addOverrideUnsafe: aft-state=0
02-09 04:21:57.049 D/StorageManagerService( 1523): unlockUserKey: 0 isFileEncryptedNativeOrEmulated: true hasToken: false hasSecret: false
02-09 04:21:57.049 I/thunderperf( 1523): CompatConfig.addOverrideUnsafe: bef-state=0
02-09 04:21:57.049 I/thunderperf( 1523): CompatConfig.addOverrideUnsafe: aft-state=0
02-09 04:21:57.049 D/vold ( 519): fscrypt_unlock_user_key 0 serial=0
02-09 04:21:57.049 I/thunderperf( 1523): CompatConfig.addOverrideUnsafe: bef-state=0
02-09 04:21:57.049 I/thunderperf( 1523): CompatConfig.addOverrideUnsafe: aft-state=0
02-09 04:21:57.050 D/vold ( 519): Trying user CE key /data/misc/vold/user_keys/ce/0/current
02-09 04:21:57.050 I/thunderperf( 1523): CompatConfig.addOverrideUnsafe: bef-state=0
02-09 04:21:57.050 I/thunderperf( 1523): CompatConfig.addOverrideUnsafe: aft-state=0
02-09 04:21:57.050 I/thunderperf( 1523): CompatConfig.addOverrideUnsafe: bef-state=0
02-09 04:21:57.050 I/thunderperf( 1523): CompatConfig.addOverrideUnsafe: aft-state=0
02-09 04:21:57.050 I/thunderperf( 1523): CompatConfig.addOverrideUnsafe: bef-state=0
02-09 04:21:57.050 I/thunderperf( 1523): CompatConfig.addOverrideUnsafe: aft-state=0
02-09 04:21:57.050 I/thunderperf( 1523): CompatConfig.addOverrideUnsafe: bef-state=0
02-09 04:21:57.050 I/thunderperf( 1523): CompatConfig.addOverrideUnsafe: aft-state=0
02-09 04:21:57.050 I/thunderperf( 1523): CompatConfig.addOverrideUnsafe: bef-state=0
02-09 04:21:57.050 I/thunderperf( 1523): CompatConfig.addOverrideUnsafe: aft-state=0
02-09 04:21:57.051 I/thunderperf( 1523): CompatConfig.addOverrideUnsafe: bef-state=0
02-09 04:21:57.051 I/thunderperf( 1523): CompatConfig.addOverrideUnsafe: aft-state=0
02-09 04:21:57.051 W/AudioManager( 2018): attempt to call registerAudioRecordingCallback() on a previouslyregistered callback
02-09 04:21:57.052 I/ThunderBoostPerfService( 1523): Disable downscaling com.android.systemui to 2380x1020
02-09 04:21:57.053 I/ActivityTaskManager( 1523): START u0 {flg=0x10000000 cmp=com.android.systemui/.usb.UsbDebuggingActivity (has extras)} from uid 1000
01-02 09:38:37.210 W/ ( 0): Boot completed
01-02 09:38:37.212 I/msm_pcie_disable( 0): PCIe: Assert the reset of endpoint of RC0.
01-02 09:38:37.212 D/cnss ( 0): Setting MHI state: DEINIT(1)
01-02 09:38:37.212 D/cnss ( 0): De-assert WLAN_EN GPIO successfully
01-02 09:38:37.212 D/cnss ( 0): Regulator vdd-wlan-rfa2 is being disabled
01-02 09:38:37.212 D/cnss ( 0): Regulator vdd-wlan-rfa1 is being disabled
01-02 09:38:37.212 D/cnss ( 0): Regulator vdd-wlan-dig is being disabled
01-02 09:38:37.212 D/cnss ( 0): Regulator vdd-wlan-aon is being disabled
01-02 09:38:37.212 D/cnss ( 0): Regulator wlan-ant-switch is being disabled
01-02 09:38:37.212 D/cnss ( 0): Regulator vdd-wlan-io is being disabled
02-09 04:21:57.054 I/hwservicemanager( 505): Since vendor.qti.hardware.iop@2.0::IIop/default is not registered, trying to start it as a lazy HAL.
02-09 04:21:57.055 I/wm_task_created( 1523): [8,-1]
02-09 04:21:57.055 W/ActivityTaskManager( 1523): Can't find TaskDisplayArea to determine support for multi window. Task id=8 attached=false
02-09 04:21:57.056 W/libc ( 505): Unable to set property "ctl.interface_start" to "vendor.qti.hardware.iop@2.0::IIop/default": error code: 0x20
02-09 04:21:57.056 I/hwservicemanager( 505): Tried to start vendor.qti.hardware.iop@2.0::IIop/default as a lazy service, but was unable to. Usually this happens when a service is not installed, but if the service is intended to be used as a lazy service, then it may be configured incorrectly.
02-09 04:21:57.058 D/vold ( 519): Successfully retrieved key
02-09 04:21:57.059 F/libc ( 2668): Fatal signal 6 (SIGABRT), code -1 (SI_QUEUE) in tid 2668 (init), pid 2668 (init)
02-09 04:21:57.060 D/CompatibilityChangeReporter( 1523): Compat change id reported: 174042980; UID 10080; state: DISABLED
02-09 04:21:57.061 D/CompatibilityChangeReporter( 1523): Compat change id reported: 184838306; UID 10080; state: DISABLED
02-09 04:21:57.063 I/sensors.qti( 919): handle_diag_settings:418, try Diag_LSM_Init, count = 24
02-09 04:21:57.063 D/CompatibilityChangeReporter( 1523): Compat change id reported: 185004937; UID 10080; state: DISABLED
02-09 04:21:57.063 E/Diag_Lib( 919): Diag_LSM_Init: Failed to open handle to diag driver, error = 13
02-09 04:21:57.064 D/CompatibilityChangeReporter( 1523): Compat change id reported: 181136395; UID 10080; state: DISABLED
02-09 04:21:57.059 I/auditd ( 919): type=1400 audit(0.0:244): avc: denied { read write } for comm="sensors.qti" name="diag" dev="tmpfs" ino=1103 scontext=u:r:vendor_sensors_qti:s0 tcontext=u:object_r:vendor_diag_device:s0 tclass=chr_file permissive=0
02-09 04:21:57.059 W/sensors.qti( 919): type=1400 audit(0.0:244): avc: denied { read write } for name="diag" dev="tmpfs" ino=1103 scontext=u:r:vendor_sensors_qti:s0 tcontext=u:object_r:vendor_diag_device:s0 tclass=chr_file permissive=0
02-09 04:21:57.065 D/CompatibilityChangeReporter( 1523): Compat change id reported: 174042936; UID 10080; state: DISABLED
02-09 04:21:57.065 D/vold ( 519): Installed fscrypt key with ref 12e8a37a17dcfd787fa78d8694b46946 to /data
02-09 04:21:57.065 D/vold ( 519): Added fscrypt-provisioning key for 12e8a37a17dcfd787fa78d8694b46946 to session keyring
02-09 04:21:57.065 D/vold ( 519): Installed ce key for user 0
02-09 04:21:57.065 I/uc_finish_user_unlocking( 1523): 0
02-09 04:21:57.065 W/ActivityManager( 1523): UserLifecycleEvent 5 received without an active userJourneySession.
02-09 04:21:57.066 I/wm_task_moved( 1523): [8,1,6]
02-09 04:21:57.066 I/wm_task_to_front( 1523): [0,8]
02-09 04:21:57.066 D/ActivityManager( 1523): Started unlocking user 0
02-09 04:21:57.066 D/ActivityManager( 1523): Unlocking user 0 progress 0
02-09 04:21:57.066 D/ActivityManager( 1523): Unlocking user 0 progress 5
02-09 04:21:57.066 I/wm_create_task( 1523): [0,8]
02-09 04:21:57.066 I/wm_create_activity( 1523): [0,133816629,8,com.android.systemui/.usb.UsbDebuggingActivity,NULL,NULL,NULL,276824064]
02-09 04:21:57.066 I/wm_task_moved( 1523): [8,1,6]
02-09 04:21:57.063 I/auditd ( 2673): type=1400 audit(0.0:245): avc: denied { ptrace } for comm="crash_dump64" scontext=u:r:crash_dump:s0 tcontext=u:r:init:s0 tclass=process permissive=0
02-09 04:21:57.063 W/crash_dump64( 2673): type=1400 audit(0.0:245): avc: denied { ptrace } for scontext=u:r:crash_dump:s0 tcontext=u:r:init:s0 tclass=process permissive=0
02-09 04:21:57.066 F/crash_dump64( 2673): crash_dump.cpp:482] failed to attach to thread 2668: Permission denied
02-09 04:21:57.067 I/tombstoned( 626): received crash request for pid 2668
02-09 04:21:57.067 E/tombstoned( 626): unexpected dump type: kDebuggerdAnyIntercept
02-09 04:21:57.067 I/wm_on_top_resumed_lost_called( 2414): [194085143,com.android.settings.FallbackHome,topStateChangedWhenResumed]
02-09 04:21:57.067 E/tombstoned( 626): failed to get crash output for type kDebuggerdAnyIntercept
02-09 04:21:57.067 D/CompatibilityInfo( 1523): mCompatibilityFlags - 4
02-09 04:21:57.067 D/CompatibilityInfo( 1523): applicationDensity - 240
02-09 04:21:57.067 D/CompatibilityInfo( 1523): applicationScale - 1.0
02-09 04:21:57.067 E/libc ( 2673): failed to read response to DumpRequest packet: No message of desired type
02-09 04:21:57.067 E/crash_dump64( 2673): failed to connected to tombstoned to report failure
02-09 04:21:57.067 D/ActivityTrigger( 1523): ActivityTrigger activityPauseTrigger
02-09 04:21:57.067 F/libc ( 2668): crash_dump helper failed to exec, or was killed
02-09 04:21:57.067 I/wm_pause_activity( 1523): [0,194085143,com.android.settings/.FallbackHome,userLeaving=true,pauseBackTasks]
02-09 04:21:57.069 D/vold ( 519): fscrypt_prepare_user_storage for volume null, user 0, serial 0, flags 2
02-09 04:21:57.069 D/vold ( 519): Preparing: /data/system_ce/0
02-09 04:21:57.069 D/vold ( 519): Preparing: /data/misc_ce/0
02-09 04:21:57.069 D/vold ( 519): Preparing: /data/vendor_ce/0
02-09 04:21:57.069 I/IorapForwardingService( 1523): Connected to iorapd native service.
02-09 04:21:57.070 D/vold ( 519): Preparing: /data/media/0
02-09 04:21:57.070 I/am_uid_running( 1523): 10067
02-09 04:21:57.070 D/CompatibilityChangeReporter( 1523): Compat change id reported: 135634846; UID 10067; state: DISABLED
02-09 04:21:57.070 D/CompatibilityChangeReporter( 1523): Compat change id reported: 177438394; UID 10067; state: DISABLED
02-09 04:21:57.070 D/CompatibilityChangeReporter( 1523): Compat change id reported: 135772972; UID 10067; state: DISABLED
02-09 04:21:57.070 D/CompatibilityChangeReporter( 1523): Compat change id reported: 135754954; UID 10067; state: DISABLED
02-09 04:21:57.070 D/KeyguardUpdateMonitor( 2018): handleRingerModeChange(2)
02-09 04:21:57.071 I/wm_on_paused_called( 2414): [194085143,com.android.settings.FallbackHome,performPause]
02-09 04:21:57.071 D/CompatibilityChangeReporter( 1523): Compat change id reported: 143937733; UID 10067; state: DISABLED
02-09 04:21:57.071 I/ActivityTaskManager( 1523): FOREGROUND_APPLICATION_CHANGED to com.android.systemui.usb.UsbDebuggingActivity
02-09 04:21:57.071 I/ActivityTaskManager( 1523): The Process com.android.systemui Already Exists in BG. So sending its PID: 2018
02-09 04:21:57.071 D/WallpaperService( 2018): Wallpaper has updated the surface:null
02-09 04:21:57.072 D/vold ( 519): Preparing: /data/data
02-09 04:21:57.072 I/vold ( 519): Verified that /data/system_ce/0 has the encryption policy 12e8a37a17dcfd787fa78d8694b46946 v2 modes 1/4 flags 0xa
02-09 04:21:57.072 I/vold ( 519): Verified that /data/misc_ce/0 has the encryption policy 12e8a37a17dcfd787fa78d8694b46946 v2 modes 1/4 flags 0xa
02-09 04:21:57.072 I/vold ( 519): Verified that /data/vendor_ce/0 has the encryption policy 12e8a37a17dcfd787fa78d8694b46946 v2 modes 1/4 flags 0xa
02-09 04:21:57.072 I/vold ( 519): Verified that /data/media/0 has the encryption policy 12e8a37a17dcfd787fa78d8694b46946 v2 modes 1/4 flags 0xa
02-09 04:21:57.072 I/vold ( 519): Verified that /data/data has the encryption policy 12e8a37a17dcfd787fa78d8694b46946 v2 modes 1/4 flags 0xa
02-09 04:21:57.072 D/vold ( 519): Starting restorecon of /data/system_ce/0
02-09 04:21:57.073 I/wm_restart_activity( 1523): [0,133816629,8,com.android.systemui/.usb.UsbDebuggingActivity]
02-09 04:21:57.073 D/CompatibilityInfo( 1523): mCompatibilityFlags - 4
02-09 04:21:57.073 D/CompatibilityInfo( 1523): applicationDensity - 240
02-09 04:21:57.073 D/CompatibilityInfo( 1523): applicationScale - 1.0
02-09 04:21:57.073 I/wm_set_resumed_activity( 1523): [0,com.android.systemui/.usb.UsbDebuggingActivity,minimalResumeActivityLocked]
02-09 04:21:57.074 D/CompatibilityChangeReporter( 1523): Compat change id reported: 181136395; UID 1000; state: DISABLED
02-09 04:21:57.075 D/CompatibilityChangeReporter( 1523): Compat change id reported: 174042936; UID 1000; state: DISABLED
02-09 04:21:57.075 D/CompatibilityChangeReporter( 1523): Compat change id reported: 174042980; UID 1000; state: DISABLED
02-09 04:21:57.076 W/System ( 2018): ClassLoader referenced unknown path:
02-09 04:21:57.077 D/Zygote ( 666): Forked child process 2676
02-09 04:21:57.077 I/am_proc_start( 1523): [0,2676,10067,com.android.deskclock,broadcast,{com.android.deskclock/com.android.deskclock.AlarmInitReceiver}]
02-09 04:21:57.077 I/ActivityManager( 1523): Start proc 2676:com.android.deskclock/u0a67 for broadcast {com.android.deskclock/com.android.deskclock.AlarmInitReceiver}
02-09 04:21:57.081 D/vold ( 519): Finished restorecon of /data/system_ce/0
02-09 04:21:57.081 D/vold ( 519): Starting restorecon of /data/vendor_ce/0
02-09 04:21:57.081 D/InterruptionStateProvider( 2018): No alerting: filtered notification: 0|com.android.systemui|1|empty_media|10080
02-09 04:21:57.081 D/InterruptionStateProvider( 2018): No alerting: filtered notification: 0|com.android.systemui|1|empty_media|10080
02-09 04:21:57.082 D/ColorDisplayService( 1523): setUp: currentUser=0
02-09 04:21:57.084 I/libc ( 2676): SetHeapTaggingLevel: tag level set to 0
02-09 04:21:57.085 D/vold ( 519): Finished restorecon of /data/vendor_ce/0
02-09 04:21:57.085 D/vold ( 519): Starting restorecon of /data/misc_ce/0
02-09 04:21:57.086 D/ColorDisplayService( 1523): onNightDisplayAutoModeChanged: autoMode=0
02-09 04:21:57.086 I/ColorDisplayService( 1523): Turning off night display
02-09 04:21:57.086 D/ColorDisplayService( 1523): Setting bright color reduction level: 50
02-09 04:21:57.086 V/DisplayPowerController[0]( 1523): Brightness [1.0] manual adjustment.
02-09 04:21:57.087 D/vold ( 519): Finished restorecon of /data/misc_ce/0
02-09 04:21:57.087 D/vold ( 519): /system/bin/vold_prepare_subdirs
02-09 04:21:57.087 D/vold ( 519): prepare
02-09 04:21:57.087 D/vold ( 519):
02-09 04:21:57.087 D/vold ( 519): 0
02-09 04:21:57.087 D/vold ( 519): 2
02-09 04:21:57.087 I/sysui_multi_action( 1523): [757,803,799,window_time_0,802,3]
02-09 04:21:57.089 D/InterruptionStateProvider( 2018): No bubble up: not allowed to bubble: -1|android|32|null|1000
02-09 04:21:57.089 D/InterruptionStateProvider( 2018): No heads up: unimportant notification: -1|android|32|null|1000
02-09 04:21:57.090 D/Fingerprint21( 1523): Daemon was null, reconnecting, current operation: null
02-09 04:21:57.091 I/android_os_HwBinder( 1523): HwBinder: Starting thread pool for getting: android.hardware.biometrics.fingerprint@2.1::IBiometricsFingerprint/default
02-09 04:21:57.091 D/Fingerprint21( 1523): Fingerprint HAL ready, HAL ID: 5326416
02-09 04:21:57.091 D/BiometricScheduler/Fingerprint21( 1523): [Added] {[0] FingerprintUpdateActiveUserClient, proto=1, owner=android, cookie=0, requestId=-1, userId=0}, new queue size: 1
02-09 04:21:57.092 D/BiometricScheduler/Fingerprint21( 1523): [Polled] {[0] FingerprintUpdateActiveUserClient, proto=1, owner=android, cookie=0, requestId=-1, userId=0}, State: 0
02-09 04:21:57.092 D/BiometricScheduler/Fingerprint21( 1523): [Starting] {[0] FingerprintUpdateActiveUserClient, proto=1, owner=android, cookie=0, requestId=-1, userId=0}, State: 0
02-09 04:21:57.092 D/BiometricScheduler/Fingerprint21( 1523): [Started] {[0] FingerprintUpdateActiveUserClient, proto=1, owner=android, cookie=0, requestId=-1, userId=0}
02-09 04:21:57.092 I/QFP ( 1309): notifyPowerState: 2
02-09 04:21:57.092 I/QFP ( 1309): notifyPowerState: 2
02-09 04:21:57.092 I/QFP ( 1309): notifyPowerState: 2
02-09 04:21:57.092 I/QFP ( 1309): notifyPowerState: screen state 2
02-09 04:21:57.092 I/QFP ( 1309): Initializing QFP framework, container 0 handle 0
02-09 04:21:57.092 I/QFP ( 1309): getPersistPropVal: persist.vendor.qfp.qbt_fd_name = /dev/qbt_fd (default /dev/qbt_fd)
02-09 04:21:57.092 I/QFP ( 1309): getPersistPropVal: persist.vendor.qfp.qbt_ipc_name = /dev/qbt_ipc (default /dev/qbt_ipc)
02-09 04:21:57.092 E/QFP ( 1309): Dropping unsupported QBT command
02-09 04:21:57.093 D/QSEECOMAPI( 1309): QSEECom_get_handle sb_length = 0x40000
02-09 04:21:57.093 D/QSEECOMAPI( 1309): App is not loaded in QSEE
02-09 04:21:57.093 D/QSEECOMAPI( 1309): app_arch = 2, total_files = 9
02-09 04:21:57.093 E/ion ( 1309): ioctl c0044901 failed with code -1: Inappropriate ioctl for device
01-02 09:38:37.251 D/qbt ( 0): qbt_open: entry minor_no=0 fd_available=1
01-02 09:38:37.251 D/qbt ( 0): qbt_open: exit : 0 fd_available=0
01-02 09:38:37.251 D/qbt ( 0): qbt_open: entry minor_no=1 fd_available=0
01-02 09:38:37.251 D/qbt ( 0): qbt_open: exit : 0 fd_available=0
01-02 09:38:37.251 D/qbt ( 0): qbt_ioctl: cmd received 107
01-02 09:38:37.251 D/qbt ( 0): qbt_ioctl: Acquiring wakelock
02-09 04:21:57.096 I/BpBinder( 903): onLastStrongRef automatically unlinking death recipients:
02-09 04:21:57.099 E/droid.deskcloc( 2676): Not starting debugger since process cannot load the jdwp agent.
02-09 04:21:57.100 D/ProcessState( 2676): Binder ioctl to enable oneway spam detection failed: Invalid argument
01-02 09:38:37.259 I/binder ( 0): 2676:2676 ioctl 40046210 7ffaef2474 returned -22
01-02 09:38:37.262 W/QSEECOM ( 0): qseecom_load_app: App (fingerpr) does'nt exist, loading apps for first time
02-09 04:21:57.105 I/am_proc_bound( 1523): [0,2676,com.android.deskclock]
02-09 04:21:57.105 D/CompatibilityChangeReporter( 1523): Compat change id reported: 168419799; UID 10067; state: DISABLED
02-09 04:21:57.105 D/CompatibilityInfo( 1523): mCompatibilityFlags - 4
02-09 04:21:57.105 D/CompatibilityInfo( 1523): applicationDensity - 240
02-09 04:21:57.105 D/CompatibilityInfo( 1523): applicationScale - 1.0
02-09 04:21:57.107 I/am_uid_active( 1523): 10067
02-09 04:21:57.107 D/CompatibilityInfo( 1523): mCompatibilityFlags - 4
02-09 04:21:57.107 D/CompatibilityInfo( 1523): applicationDensity - 240
02-09 04:21:57.107 D/CompatibilityInfo( 1523): applicationScale - 1.0
01-02 09:38:37.267 D/cnss ( 0): Processing driver event: COLD_BOOT_CAL_DONE(6), state: 0x20001
01-02 09:38:37.267 D/cnss ( 0): Processing driver event: SERVER_EXIT(1), state: 0x20001
01-02 09:38:37.267 I/cnss ( 0): QMI WLFW service disconnected, state: 0x20000
01-02 09:38:37.267 D/cnss ( 0): PM relax, state: 0x0, count: 0
01-02 09:38:37.267 D/cnss ( 0): PM stay awake, state: 0x0, count: 1
01-02 09:38:37.267 D/cnss ( 0): PM relax, state: 0x0, count: 0
01-02 09:38:37.267 D/cnss ( 0): Posting event: REGISTER_DRIVER(7)-sync, state: 0x0 flags: 0x5
01-02 09:38:37.267 D/cnss ( 0): PM stay awake, state: 0x0, count: 1
01-02 09:38:37.267 D/cnss ( 0): Processing driver event: REGISTER_DRIVER-sync(7), state: 0x0
01-02 09:38:37.267 D/cnss ( 0): Regulator vdd-wlan-io is being enabled
01-02 09:38:37.267 D/cnss ( 0): Regulator wlan-ant-switch is being enabled
01-02 09:38:37.267 D/cnss ( 0): Regulator vdd-wlan-aon is being enabled
01-02 09:38:37.267 D/cnss ( 0): Regulator vdd-wlan-dig is being enabled
01-02 09:38:37.267 D/cnss ( 0): Regulator vdd-wlan-rfa1 is being enabled
01-02 09:38:37.267 D/cnss ( 0): Regulator vdd-wlan-rfa2 is being enabled
01-02 09:38:37.267 D/cnss ( 0): BT_EN_GPIO State: On
02-09 04:21:57.110 D/vold_prepare_subdirs( 2679): Setting up mode 771 uid 1000 gid 1000 context u:object_r:system_data_file:s0:c512,c768 on path: /data/data
02-09 04:21:57.110 D/vold_prepare_subdirs( 2679): Setting up mode 700 uid 0 gid 0 context u:object_r:vold_data_file:s0 on path: /data/misc_ce/0/vold
01-02 09:38:37.268 D/cnss ( 0): Assert WLAN_EN GPIO successfully
01-02 09:38:37.268 D/cnss ( 0): Resuming PCI link
01-02 09:38:37.268 I/msm_pcie_enable( 0): PCIe: Assert the reset of endpoint of RC0.
02-09 04:21:57.111 D/CompatibilityChangeReporter( 2676): Compat change id reported: 171979766; UID 10067; state: DISABLED
01-02 09:38:37.271 I/qcom_rpmh DRV( 0): apps_rsc TCS Busy, retrying RPMH message send: addr=0x50000
01-02 09:38:37.271 I/qcom_rpmh DRV( 0): apps_rsc TCS Busy, retrying RPMH message send: addr=0x50000
01-02 09:38:37.271 I/qcom_rpmh DRV( 0): apps_rsc TCS Busy, retrying RPMH message send: addr=0x50000
01-02 09:38:37.271 I/qcom_rpmh DRV( 0): apps_rsc TCS Busy, retrying RPMH message send: addr=0x50000
01-02 09:38:37.271 I/qcom_rpmh DRV( 0): apps_rsc TCS Busy, retrying RPMH message send: addr=0x50000
02-09 04:21:57.112 D/vold_prepare_subdirs( 2679): Setting up mode 700 uid 0 gid 0 context u:object_r:storaged_data_file:s0 on path: /data/misc_ce/0/storaged
02-09 04:21:57.113 D/vold_prepare_subdirs( 2679): Setting up mode 700 uid 0 gid 0 context u:object_r:rollback_data_file:s0 on path: /data/misc_ce/0/rollback
02-09 04:21:57.113 D/vold_prepare_subdirs( 2679): Setting up mode 700 uid 0 gid 0 context u:object_r:apex_rollback_data_file:s0 on path: /data/misc_ce/0/apexrollback
02-09 04:21:57.114 D/vold_prepare_subdirs( 2679): Setting up mode 711 uid 0 gid 0 context u:object_r:apex_module_data_file:s0 on path: /data/misc_ce/0/apexdata
02-09 04:21:57.114 D/vold_prepare_subdirs( 2679): Setting up mode 771 uid 0 gid 1000 context u:object_r:apex_module_data_file:s0 on path: /data/misc_ce/0/apexdata/com.android.vndk.v30
02-09 04:21:57.115 D/vold_prepare_subdirs( 2679): Setting up mode 771 uid 0 gid 1000 context u:object_r:apex_wifi_data_file:s0 on path: /data/misc_ce/0/apexdata/com.android.wifi
02-09 04:21:57.115 D/vold_prepare_subdirs( 2679): Setting up mode 771 uid 0 gid 1000 context u:object_r:apex_module_data_file:s0 on path: /data/misc_ce/0/apexdata/com.android.vndk.v31
01-02 09:38:37.271 I/msm_pcie_enable( 0): PCIe: RC0: PCIE20_PARF_INT_ALL_MASK: 0x7f80d202
01-02 09:38:37.274 I/pcie_phy_init( 0): PCIe RC0 PHY is ready!
02-09 04:21:57.116 D/vold_prepare_subdirs( 2679): Setting up mode 771 uid 0 gid 1000 context u:object_r:apex_module_data_file:s0 on path: /data/misc_ce/0/apexdata/com.android.tzdata
02-09 04:21:57.117 D/vold_prepare_subdirs( 2679): Setting up mode 771 uid 0 gid 1000 context u:object_r:apex_module_data_file:s0 on path: /data/misc_ce/0/apexdata/com.android.tethering
02-09 04:21:57.117 D/vold_prepare_subdirs( 2679): Setting up mode 771 uid 0 gid 1000 context u:object_r:apex_module_data_file:s0 on path: /data/misc_ce/0/apexdata/com.android.sdkext
02-09 04:21:57.118 D/vold_prepare_subdirs( 2679): Setting up mode 771 uid 0 gid 1000 context u:object_r:apex_module_data_file:s0 on path: /data/misc_ce/0/apexdata/com.android.scheduling
02-09 04:21:57.119 D/vold_prepare_subdirs( 2679): Setting up mode 771 uid 0 gid 1000 context u:object_r:apex_module_data_file:s0 on path: /data/misc_ce/0/apexdata/com.android.runtime
02-09 04:21:57.120 D/ApplicationLoaders( 2676): Returning zygote-cached class loader: /system/framework/android.test.base.jar
02-09 04:21:57.120 D/vold_prepare_subdirs( 2679): Setting up mode 771 uid 0 gid 1000 context u:object_r:apex_module_data_file:s0 on path: /data/misc_ce/0/apexdata/com.android.resolv
02-09 04:21:57.121 W/AdbDebuggingManager( 1523): Read failed with count -1
02-09 04:21:57.121 E/AdbDebuggingManager( 1523): Caught an exception opening the socket: java.io.IOException: Connection refused
02-09 04:21:57.122 D/vold_prepare_subdirs( 2679): Setting up mode 771 uid 0 gid 1000 context u:object_r:apex_permission_data_file:s0 on path: /data/misc_ce/0/apexdata/com.android.permission
02-09 04:21:57.123 I/wm_on_create_called( 2018): [133816629,com.android.systemui.usb.UsbDebuggingActivity,performCreate]
02-09 04:21:57.123 D/vold_prepare_subdirs( 2679): Setting up mode 771 uid 0 gid 1000 context u:object_r:apex_module_data_file:s0 on path: /data/misc_ce/0/apexdata/com.android.os.statsd
02-09 04:21:57.124 I/wm_on_start_called( 2018): [133816629,com.android.systemui.usb.UsbDebuggingActivity,handleStartActivity]
02-09 04:21:57.124 D/vold_prepare_subdirs( 2679): Setting up mode 771 uid 0 gid 1000 context u:object_r:apex_module_data_file:s0 on path: /data/misc_ce/0/apexdata/com.android.neuralnetworks
02-09 04:21:57.124 I/wm_on_resume_called( 2018): [133816629,com.android.systemui.usb.UsbDebuggingActivity,RESUME_ACTIVITY]
02-09 04:21:57.124 D/vold_prepare_subdirs( 2679): Setting up mode 771 uid 0 gid 1000 context u:object_r:apex_module_data_file:s0 on path: /data/misc_ce/0/apexdata/com.android.mediaprovider
02-09 04:21:57.124 D/vold_prepare_subdirs( 2679): Setting up mode 771 uid 0 gid 1000 context u:object_r:apex_module_data_file:s0 on path: /data/misc_ce/0/apexdata/com.android.media.swcodec
02-09 04:21:57.125 D/vold_prepare_subdirs( 2679): Setting up mode 771 uid 0 gid 1000 context u:object_r:apex_module_data_file:s0 on path: /data/misc_ce/0/apexdata/com.android.media
02-09 04:21:57.125 D/vold_prepare_subdirs( 2679): Setting up mode 771 uid 0 gid 1000 context u:object_r:apex_module_data_file:s0 on path: /data/misc_ce/0/apexdata/com.android.ipsec
02-09 04:21:57.125 D/vold_prepare_subdirs( 2679): Setting up mode 771 uid 0 gid 1000 context u:object_r:apex_module_data_file:s0 on path: /data/misc_ce/0/apexdata/com.android.i18n
02-09 04:21:57.126 D/vold_prepare_subdirs( 2679): Setting up mode 771 uid 0 gid 1000 context u:object_r:apex_module_data_file:s0 on path: /data/misc_ce/0/apexdata/com.android.extservices
01-02 09:38:37.284 I/msm_pcie_enable( 0): PCIe: Release the reset of endpoint of RC0.
02-09 04:21:57.126 D/vold_prepare_subdirs( 2679): Setting up mode 771 uid 0 gid 1000 context u:object_r:apex_module_data_file:s0 on path: /data/misc_ce/0/apexdata/com.android.conscrypt
02-09 04:21:57.126 I/wm_on_top_resumed_gained_called( 2018): [133816629,com.android.systemui.usb.UsbDebuggingActivity,topStateChangedWhenResumed]
02-09 04:21:57.126 D/vold_prepare_subdirs( 2679): Setting up mode 771 uid 0 gid 1000 context u:object_r:apex_module_data_file:s0 on path: /data/misc_ce/0/apexdata/com.android.art
02-09 04:21:57.129 D/vold_prepare_subdirs( 2679): Setting up mode 771 uid 0 gid 1000 context u:object_r:apex_appsearch_data_file:s0 on path: /data/misc_ce/0/apexdata/com.android.appsearch
02-09 04:21:57.129 D/vold_prepare_subdirs( 2679): Setting up mode 771 uid 0 gid 1000 context u:object_r:apex_module_data_file:s0 on path: /data/misc_ce/0/apexdata/com.android.adbd
02-09 04:21:57.129 D/vold_prepare_subdirs( 2679): Setting up mode 700 uid 1000 gid 1000 context u:object_r:backup_data_file:s0 on path: /data/system_ce/0/backup
02-09 04:21:57.130 D/vold_prepare_subdirs( 2679): Setting up mode 700 uid 1000 gid 1000 context u:object_r:backup_data_file:s0 on path: /data/system_ce/0/backup_stage
02-09 04:21:57.130 D/vold_prepare_subdirs( 2679): Setting up mode 700 uid 1000 gid 1000 context u:object_r:face_vendor_data_file:s0 on path: /data/vendor_ce/0/facedata
02-09 04:21:57.131 V/UserDataPreparer( 1523): Found /data/user/0 with serial number 0
02-09 04:21:57.131 V/UserDataPreparer( 1523): Found /data/system_ce/0 with serial number 0
02-09 04:21:57.132 D/UserDataPreparer( 1523): Setting property: sys.user.0.ce_available=true
02-09 04:21:57.132 V/PackageManager( 1523): reconcileAppsData for null u0 0x2 migrateAppData=false
02-09 04:21:57.133 D/nativeloader( 2676): classloader namespace configured for unbundled product apk. library_path=/product/app/DeskClock/lib/arm64:/product/lib64:/system/product/lib64
02-09 04:21:57.137 I/adbd ( 2715): persist.adb.watchdog set to ''
02-09 04:21:57.137 I/adbd ( 2715): persist.sys.test_harness set to ''
02-09 04:21:57.137 I/adbd ( 2715): adb watchdog timeout set to 600 seconds
02-09 04:21:57.135 I/auditd ( 472): type=1400 audit(0.0:246): avc: denied { create } for comm="init" name="key" scontext=u:r:vendor_init:s0 tcontext=u:object_r:mnt_product_file:s0 tclass=dir permissive=0
02-09 04:21:57.135 W/init ( 472): type=1400 audit(0.0:246): avc: denied { create } for name="key" scontext=u:r:vendor_init:s0 tcontext=u:object_r:mnt_product_file:s0 tclass=dir permissive=0
02-09 04:21:57.137 I/adbd ( 2715): Setup mdns on port= 5555
02-09 04:21:57.137 I/adbd ( 2715): opening control endpoint /dev/usb-ffs/adb/ep0
02-09 04:21:57.137 I/adbd ( 2715): adbd listening on tcp:5555
02-09 04:21:57.137 I/adbd ( 2715): adbd listening on vsock:5555
02-09 04:21:57.138 I/adbd ( 2715): adbd started
02-09 04:21:57.138 I/adbd ( 2715): Waiting for persist.adb.tls_server.enable=1
02-09 04:21:57.138 I/adbd ( 2715): UsbFfsConnection constructed
02-09 04:21:57.139 I/adbd ( 2715): UsbFfs-monitor thread spawned
01-02 09:38:37.296 I/ ( 0): read descriptors
01-02 09:38:37.296 I/ ( 0): read strings
02-09 04:21:57.141 I/input_focus( 1523): [Focus request cd1cbcc com.android.systemui/com.android.systemui.usb.UsbDebuggingActivity,reason=UpdateInputWindows]
01-02 09:38:37.301 I/msm_pcie_link_train( 0): PCIe RC0 link initialized
02-09 04:21:57.155 I/EventSequenceValidator( 1523): inc AccIntentStartedEvents to 1
01-02 09:38:37.315 I/cnss_pci 0000( 0): 01:00.0: enabling device (0000 -> 0002)
01-02 09:38:37.316 D/cnss ( 0): Config PCIe remap window register to 0x4000003f
01-02 09:38:37.316 D/cnss ( 0): Read register offset 0x1f8031c, val = 0x6
01-02 09:38:37.316 D/cnss ( 0): Write val 0x2 to register offset 0x1f8031c
01-02 09:38:37.316 D/cnss ( 0): Setting MHI state: INIT(0)
01-02 09:38:37.316 D/cnss ( 0): Setting MHI state: POWER_ON(2)
01-02 09:38:37.317 W/cnss_pci 0000( 0): 01:00.0: Falling back to syfs fallback for: qca6390/amss20.bin
02-09 04:21:57.161 I/bootstat( 2728): Service started: /system/bin/bootstat --record_boot_complete --record_boot_reason --record_time_since_factory_reset -l
02-09 04:21:57.162 E/bootstat( 2728): Failed to read /data/misc/bootstat/post_decrypt_time_elapsed: No such file or directory
02-09 04:21:57.162 E/bootstat( 2728): Failed to parse boot time record: /data/misc/bootstat/post_decrypt_time_elapsed
01-02 09:38:37.329 I/ueventd ( 0): firmware: loading 'qca6390/amss20.bin' for '/devices/platform/soc/1c00000.qcom,pcie/pci0000:00/0000:00:00.0/0000:01:00.0/firmware/qca6390!amss20.bin'
02-09 04:21:57.167 W/bootstat( 2728): LogBootEvents, atomInfo not defined for events:last_boot_time_utc,build_date,ro.boottime.init.cold_boot_wait,boot_reason,system_boot_reason,time_since_last_boot
02-09 04:21:57.171 I/Perf ( 2676): Connecting to perf service.
02-09 04:21:57.174 W/cutils ( 1194): Expected path /data/data/com.baidu.input with mode 700 but found 701
02-09 04:21:57.178 D/vendor.qti.bluetooth@1.0-patch_dl_manager( 808): TlvDnldReq: Updating seg len to 142 as last segment
01-02 09:38:37.338 I/ueventd ( 0): loading /devices/platform/soc/1c00000.qcom,pcie/pci0000:00/0000:00:00.0/0000:01:00.0/firmware/qca6390!amss20.bin took 13ms
02-09 04:21:57.180 V/GraphicsEnvironment( 2676): ANGLE Developer option for 'com.android.deskclock' set to: 'default'
02-09 04:21:57.182 V/GraphicsEnvironment( 2676): ANGLE GameManagerService for com.android.deskclock: false
02-09 04:21:57.184 D/NetworkSecurityConfig( 2676): No Network Security Config specified, using platform default
02-09 04:21:57.185 D/NetworkSecurityConfig( 2676): No Network Security Config specified, using platform default
02-09 04:21:57.200 V/PackageManager( 1523): reconcileAppsData finished 137 packages
02-09 04:21:57.200 I/ActivityManager( 1523): User 0 state changed from RUNNING_LOCKED to RUNNING_UNLOCKING
02-09 04:21:57.200 I/am_user_state_changed( 1523): [0,2]
02-09 04:21:57.201 D/ActivityManager( 1523): Unlocking user 0 progress 20
02-09 04:21:57.201 I/ssm_user_unlocking( 1523): 0
02-09 04:21:57.201 W/Looper ( 1523): Slow dispatch took 133ms android.fg h=android.os.Handler c=com.android.server.am.UserController$$ExternalSyntheticLambda3@92cdfe8 m=0
02-09 04:21:57.201 I/SystemServerTimingAsync( 1523): ssm.UnlockingUser-0
02-09 04:21:57.201 I/SystemServiceManager( 1523): Calling onUnlockingUser 0
