02-09 04:22:34.163 D/LOWI-9.0.0.87.a( 1318): [LOWIControllerExtn] sendLOWILpDiscoveryScanResponse: Not a discovery scan response
02-09 04:22:34.181 D/PasspointManager( 1523): ANQP entry not found for: 62:e6:f0:dd:03:c7:
02-09 04:22:34.181 D/PasspointManager( 1523): ANQP entry not found for: d8:32:14:df:f6:03:
02-09 04:22:34.222 W/WifiDebugService( 2370): Can not find target wifi network : hht_test_wifi_fc4318c9
02-09 04:22:34.264 W/System ( 1523): A resource failed to call release.
02-09 04:22:34.264 W/System ( 1523): A resource failed to call close.
02-09 04:22:34.264 W/System ( 1523): A resource failed to call close.
02-09 04:22:34.264 W/System ( 1523): A resource failed to call close.
02-09 04:22:34.265 W/System ( 1523): A resource failed to call close.
02-09 04:22:34.506 I/mpu_uart( 645): [MSG-P:RECV]:No message received in 1000 ms
02-09 04:22:34.518 I/mpu_uart( 645): [MSG-P:R]:recv sync frame timeout
01-02 09:39:14.871 I/IRQ 5 ( 0): no longer affine to CPU5
02-09 04:22:35.090 W/hpplay-java( 2758): [main]:IPManager:getActiveNets invalid networkInfo:null
02-09 04:22:35.090 I/hpplay-java( 2758): [main]:IPManager:getActiveNets eth0:false wifi:false mobile:false ap:false
02-09 04:22:35.090 I/hpplay-java( 2758): [main]:ServerTaskManager:get local ip:null
02-09 04:22:35.451 E/WifiScoringParams( 1523): Invalid frequency(-1), using 5G as default rssi array
02-09 04:22:35.453 E/WifiHealthMonitor( 1523): Hit PackageManager exception
02-09 04:22:35.453 E/WifiHealthMonitor( 1523): android.content.pm.PackageManager$NameNotFoundException: No module info for package: com.android.wifi
02-09 04:22:35.453 E/WifiHealthMonitor( 1523): at android.app.ApplicationPackageManager.getModuleInfo(ApplicationPackageManager.java:1079)
02-09 04:22:35.453 E/WifiHealthMonitor( 1523): at com.android.server.wifi.WifiHealthMonitor.getWifiStackVersion(WifiHealthMonitor.java:365)
02-09 04:22:35.453 E/WifiHealthMonitor( 1523): at com.android.server.wifi.WifiHealthMonitor.extractCurrentSoftwareBuildInfo(WifiHealthMonitor.java:586)
02-09 04:22:35.453 E/WifiHealthMonitor( 1523): at com.android.server.wifi.WifiHealthMonitor.postBootSwBuildCheck(WifiHealthMonitor.java:521)
02-09 04:22:35.453 E/WifiHealthMonitor( 1523): at com.android.server.wifi.WifiHealthMonitor.postBootDetectionHandler(WifiHealthMonitor.java:512)
02-09 04:22:35.453 E/WifiHealthMonitor( 1523): at com.android.server.wifi.WifiHealthMonitor.access$500(WifiHealthMonitor.java:70)
02-09 04:22:35.453 E/WifiHealthMonitor( 1523): at com.android.server.wifi.WifiHealthMonitor$2.onAlarm(WifiHealthMonitor.java:189)
02-09 04:22:35.453 E/WifiHealthMonitor( 1523): at android.app.AlarmManager$ListenerWrapper.run(AlarmManager.java:323)
02-09 04:22:35.453 E/WifiHealthMonitor( 1523): at android.os.Handler.handleCallback(Handler.java:938)
02-09 04:22:35.453 E/WifiHealthMonitor( 1523): at android.os.Handler.dispatchMessage(Handler.java:99)
02-09 04:22:35.453 E/WifiHealthMonitor( 1523): at android.os.Looper.loopOnce(Looper.java:201)
02-09 04:22:35.453 E/WifiHealthMonitor( 1523): at android.os.Looper.loop(Looper.java:288)
02-09 04:22:35.453 E/WifiHealthMonitor( 1523): at android.os.HandlerThread.run(HandlerThread.java:67)
02-09 04:22:35.453 W/BestClock( 1523): java.time.DateTimeException: Missing NTP fix
02-09 04:22:35.459 D/LOWI-9.0.0.87.a( 1318): [LOWI-Scan] wait_event:Wait done with Cmd 33
02-09 04:22:35.459 D/LOWI-9.0.0.87.a( 1318): [LOWI-Scan] do_listen_events: Rcvd valid Netlink Cmd 0 Err 0
02-09 04:22:35.460 I/service_manager_stats( 1523): [100,41,35751]
02-09 04:22:35.460 W/UnsafeUtil( 1523): platform method missing - proto runtime falling back to safer methods: java.lang.NoSuchMethodException: sun.misc.Unsafe.copyMemory [class java.lang.Object, long, class java.lang.Object, long, long]
02-09 04:22:35.460 W/BestClock( 1523): java.time.DateTimeException: Missing NTP fix
02-09 04:22:35.460 I/netstats_mobile_sample( 1523): [0,0,0,0,0,0,0,0,0,0,0,0,1675887755460]
02-09 04:22:35.460 I/netstats_wifi_sample( 1523): [0,0,0,0,0,0,0,0,0,0,0,0,1675887755460]
02-09 04:22:35.467 W/BestClock( 1523): java.time.DateTimeException: Missing NTP fix
02-09 04:22:35.468 W/BestClock( 1523): java.time.DateTimeException: Missing NTP fix
02-09 04:22:35.506 I/mpu_uart( 645): [MSG-P:RECV]:No message received in 1000 ms
01-02 09:39:15.666 I/[schedu][0x3c95a9fc][04:22:35.507403] wlan( 0): [3388:I:OSIF] scan start scan id 40963
02-09 04:22:35.603 E/TaskPersister( 1523): File error accessing recents directory (directory doesn't exist?).
02-09 04:22:36.093 W/hpplay-java( 2758): [main]:IPManager:getActiveNets invalid networkInfo:null
02-09 04:22:36.093 I/hpplay-java( 2758): [main]:IPManager:getActiveNets eth0:false wifi:false mobile:false ap:false
02-09 04:22:36.093 I/hpplay-java( 2758): [main]:ServerTaskManager:get local ip:null
02-09 04:22:36.272 D/RemoteControlService( 2295): startVlanDispatchThread
02-09 04:22:36.506 I/mpu_uart( 645): [MSG-P:RECV]:No message received in 1000 ms
01-02 09:39:16.852 I/[schedu][0x3df1197a][04:22:36.693316] wlan( 0): [3388:I:OSIF] vdev 0, scan id 40963 type COMPLETED(1) reason COMPLETED(1) scan found 98 bss
02-09 04:22:36.692 D/LOWI-9.0.0.87.a( 1318): [LOWI-Scan] wait_event:Wait done with Cmd 34
02-09 04:22:36.692 D/LOWI-9.0.0.87.a( 1318): [LOWI-Scan] do_listen_events: Rcvd valid Netlink Cmd 34 Err 0
02-09 04:22:36.693 D/WifiNl80211Manager( 1523): Scan result ready event
02-09 04:22:36.693 D/WifiNative( 1523): Scan result ready event
02-09 04:22:36.693 D/LOWI-9.0.0.87.a( 1318): [LOWI-Scan]
02-09 04:22:36.693 D/LOWI-9.0.0.87.a( 1318): [LOWI-Scan] print_bss_handler: Report Probe TSF 50757110 as it greater than Beacon TSF 0
02-09 04:22:36.693 D/LOWI-9.0.0.87.a( 1318): [LOWI-Scan] decode_rsn_wpa_ie: LOWI_ENCRYPTION_TYPE_WPA_PSK
02-09 04:22:36.693 D/LOWI-9.0.0.87.a( 1318): [LOWI-Scan] is_qcom_ie, bss_age: 0
02-09 04:22:36.693 D/LOWI-9.0.0.87.a( 1318): [LOWI-Scan] BSS 58:41:20:1d:fe:89 LOWI_PHY_MODE_11AC_VHT80(10), Beacon Interval: 100, LOWI_ENCRYPTION_TYPE_WPA_PSK 11mcRanging: No, ANQP: No, LCI: No, Civic: No, capability(0x1011): ESS Privacy
02-09 04:22:36.693 D/LOWI-9.0.0.87.a( 1318): [LOWI-Scan] BSS 58:41:20:1d:fe:89 FREQ: 5180, cFreq1[40:80:160] = [5190:5210:0] cFreq2 = 0 Country Code = CN
02-09 04:22:36.693 D/LOWI-9.0.0.87.a( 1318): [LOWI-Scan] BSS 58:41:20:1d:fe:89 (wlan0) ASSO: NO AddInfo: 0x0, TSF 0, 00:00:50.757, RSSI: -136, CPL: 127, AGE: 1152, SSID TP-LINK_5G_FE87, TSFDelta: 0x93df0e00, TXRate: 0
02-09 04:22:36.693 D/LOWI-9.0.0.87.a( 1318): [LOWI-Scan]
02-09 04:22:36.693 D/LOWI-9.0.0.87.a( 1318): [LOWI-Scan] print_bss_handler: Report Probe TSF 50757473 as it greater than Beacon TSF 0
02-09 04:22:36.693 D/LOWI-9.0.0.87.a( 1318): [LOWI-Scan] is_qcom_ie, bss_age: 0
02-09 04:22:36.693 D/LOWI-9.0.0.87.a( 1318): [LOWI-Scan] BSS 38:a9:1c:35:03:0b LOWI_PHY_MODE_11AC_VHT80(10), Beacon Interval: 100, LOWI_ENCRYPTION_TYPE_OPEN 11mcRanging: No, ANQP: No, LCI: No, Civic: No, capability(0x0501): ESS SpectrumMgmt ShortSlotTime
02-09 04:22:36.693 D/LOWI-9.0.0.87.a( 1318): [LOWI-Scan] BSS 38:a9:1c:35:03:0b FREQ: 5180, cFreq1[40:80:160] = [5190:5210:0] cFreq2 = 0 Country Code = US
02-09 04:22:36.693 D/LOWI-9.0.0.87.a( 1318): [LOWI-Scan] BSS 38:a9:1c:35:03:0b (wlan0) ASSO: NO AddInfo: 0x0, TSF 0, 00:00:50.757, RSSI: -76, CPL: 127, AGE: 1152, SSID , TSFDelta: 0x63c49f8f, TXRate: 0
02-09 04:22:36.693 D/LOWI-9.0.0.87.a( 1318): [LOWI-Scan]
02-09 04:22:36.694 D/LOWI-9.0.0.87.a( 1318): [LOWI-Scan] print_bss_handler: Report beacon TSF 50771102 as it greater than probe TSF 50758044
02-09 04:22:36.694 D/LOWI-9.0.0.87.a( 1318): [LOWI-Scan] decode_rsn_wpa_ie: LOWI_ENCRYPTION_TYPE_WPA_PSK
02-09 04:22:36.694 D/LOWI-9.0.0.87.a( 1318): [LOWI-Scan] is_qcom_ie, bss_age: 0
02-09 04:22:36.694 D/LOWI-9.0.0.87.a( 1318): [LOWI-Scan] BSS 38:a9:1c:35:03:09 LOWI_PHY_MODE_11AC_VHT80(10), Beacon Interval: 100, LOWI_ENCRYPTION_TYPE_WPA_PSK 11mcRanging: No, ANQP: No, LCI: No, Civic: No, capability(0x0111): ESS Privacy SpectrumMgmt
02-09 04:22:36.694 D/LOWI-9.0.0.87.a( 1318): [LOWI-Scan] BSS 38:a9:1c:35:03:09 FREQ: 5180, cFreq1[40:80:160] = [5190:5210:0] cFreq2 = 0 Country Code = US
02-09 04:22:36.694 D/LOWI-9.0.0.87.a( 1318): [LOWI-Scan] BSS 38:a9:1c:35:03:09 (wlan0) ASSO: NO AddInfo: 0x1, TSF 0, 00:00:50.771, RSSI: -76, CPL: 127, AGE: 1140, SSID H3C_350304_5G, TSFDelta: 0x63c7f69b, TXRate: 0
02-09 04:22:36.694 D/LOWI-9.0.0.87.a( 1318): [LOWI-Scan]
02-09 04:22:36.694 D/LOWI-9.0.0.87.a( 1318): [LOWI-Scan] print_bss_handler: Report Probe TSF 50832820 as it greater than Beacon TSF 48209085
02-09 04:22:36.694 D/LOWI-9.0.0.87.a( 1318): [LOWI-Scan] decode_rsn_wpa_ie: LOWI_ENCRYPTION_TYPE_WPA_PSK
02-09 04:22:36.694 D/LOWI-9.0.0.87.a( 1318): [LOWI-Scan] is_qcom_ie, bss_age: 0
02-09 04:22:36.694 D/LOWI-9.0.0.87.a( 1318): [LOWI-Scan] BSS 18:6f:2d:81:16:e0 LOWI_PHY_MODE_11NG_HT20(5), Beacon Interval: 100, LOWI_ENCRYPTION_TYPE_WPA_PSK 11mcRanging: No, ANQP: No, LCI: No, Civic: No, capability(0x0531): ESS Privacy ShortPreamble SpectrumMgmt ShortSlotTime
02-09 04:22:36.694 D/LOWI-9.0.0.87.a( 1318): [LOWI-Scan] BSS 18:6f:2d:81:16:e0 FREQ: 2412, cFreq1[40:80:160] = [2412:0:0] cFreq2 = 0 Country Code = CN
02-09 04:22:36.694 D/LOWI-9.0.0.87.a( 1318): [LOWI-Scan] BSS 18:6f:2d:81:16:e0 (wlan0) ASSO: NO AddInfo: 0x0, TSF 0, 00:00:50.832, RSSI: -132, CPL: 127, AGE: 1076, SSID Testing , TSFDelta: 0xead51f77, TXRate: 0
02-09 04:22:36.694 D/LOWI-9.0.0.87.a( 1318): [LOWI-Scan]
02-09 04:22:36.694 D/LOWI-9.0.0.87.a( 1318): [LOWI-Scan] print_bss_handler: Report Probe TSF 50802148 as it greater than Beacon TSF 50793229
02-09 04:22:36.694 D/LOWI-9.0.0.87.a( 1318): [LOWI-Scan] is_qcom_ie, bss_age: 0
02-09 04:22:36.694 D/LOWI-9.0.0.87.a( 1318): [LOWI-Scan] BSS 38:a9:1c:35:03:04 LOWI_PHY_MODE_11NG_HT20(5), Beacon Interval: 100, LOWI_ENCRYPTION_TYPE_OPEN 11mcRanging: No, ANQP: No, LCI: No, Civic: No, capability(0x0401): ESS ShortSlotTime
02-09 04:22:36.694 D/LOWI-9.0.0.87.a( 1318): [LOWI-Scan] BSS 38:a9:1c:35:03:04 FREQ: 2412, cFreq1[40:80:160] = [0:0:0] cFreq2 = 0 Country Code =
02-09 04:22:36.694 D/LOWI-9.0.0.87.a( 1318): [LOWI-Scan] BSS 38:a9:1c:35:03:04 (wlan0) ASSO: NO AddInfo: 0x0, TSF 0, 00:00:50.802, RSSI: -58, CPL: 127, AGE: 1108, SSID , TSFDelta: 0x6530bfbf, TXRate: 0
02-09 04:22:36.694 D/LOWI-9.0.0.87.a( 1318): [LOWI-Scan]
02-09 04:22:36.694 D/LOWI-9.0.0.87.a( 1318): [LOWI-Scan] print_bss_handler: Report Probe TSF 50804401 as it greater than Beacon TSF 48280942
02-09 04:22:36.694 D/LOWI-9.0.0.87.a( 1318): [LOWI-Scan] decode_rsn_wpa_ie: LOWI_ENCRYPTION_TYPE_WPA_PSK
02-09 04:22:36.694 D/LOWI-9.0.0.87.a( 1318): [LOWI-Scan] is_qcom_ie, bss_age: 0
02-09 04:22:36.694 D/LOWI-9.0.0.87.a( 1318): [LOWI-Scan] BSS 38:a9:1c:35:03:06 LOWI_PHY_MODE_11NG_HT20(5), Beacon Interval: 100, LOWI_ENCRYPTION_TYPE_WPA_PSK 11mcRanging: No, ANQP: No, LCI: No, Civic: No, capability(0x0411): ESS Privacy ShortSlotTime
02-09 04:22:36.694 D/LOWI-9.0.0.87.a( 1318): [LOWI-Scan] BSS 38:a9:1c:35:03:06 FREQ: 2412, cFreq1[40:80:160] = [0:0:0] cFreq2 = 0 Country Code =
02-09 04:22:36.695 D/LOWI-9.0.0.87.a( 1318): [LOWI-Scan] BSS 38:a9:1c:35:03:06 (wlan0) ASSO: NO AddInfo: 0x0, TSF 0, 00:00:50.804, RSSI: -58, CPL: 127, AGE: 1104, SSID H3C_350304, TSFDelta: 0x653ea914, TXRate: 0
02-09 04:22:36.695 D/LOWI-9.0.0.87.a( 1318): [LOWI-Scan]
02-09 04:22:36.695 D/LOWI-9.0.0.87.a( 1318): [LOWI-Scan] print_bss_handler: Report beacon TSF 50789606 as it greater than probe TSF 50789606
02-09 04:22:36.695 D/LOWI-9.0.0.87.a( 1318): [LOWI-Scan] is_qcom_ie, bss_age: 0
02-09 04:22:36.695 D/LOWI-9.0.0.87.a( 1318): [LOWI-Scan] BSS 18:6f:2d:81:16:e1 LOWI_PHY_MODE_11NG_HT20(5), Beacon Interval: 100, LOWI_ENCRYPTION_TYPE_OPEN 11mcRanging: No, ANQP: No, LCI: No, Civic: No, capability(0x0521): ESS ShortPreamble SpectrumMgmt ShortSlotTime
02-09 04:22:36.695 D/LOWI-9.0.0.87.a( 1318): [LOWI-Scan] BSS 18:6f:2d:81:16:e1 FREQ: 2412, cFreq1[40:80:160] = [2412:0:0] cFreq2 = 0 Country Code = CN
02-09 04:22:36.695 D/LOWI-9.0.0.87.a( 1318): [LOWI-Scan] BSS 18:6f:2d:81:16:e1 (wlan0) ASSO: NO AddInfo: 0x1, TSF 0, 00:00:50.789, RSSI: -132, CPL: 127, AGE: 1120, SSID Guest, TSFDelta: 0xea0fe839, TXRate: 0
02-09 04:22:36.695 D/LOWI-9.0.0.87.a( 1318): [LOWI-Scan]
02-09 04:22:36.695 D/LOWI-9.0.0.87.a( 1318): [LOWI-Scan] print_bss_handler: Report beacon TSF 48225398 as it greater than probe TSF 48225398
02-09 04:22:36.695 D/LOWI-9.0.0.87.a( 1318): [LOWI-Scan] decode_rsn_wpa_ie: LOWI_ENCRYPTION_TYPE_WPA_PSK
02-09 04:22:36.695 D/LOWI-9.0.0.87.a( 1318): [LOWI-Scan] is_qcom_ie, bss_age: 0
02-09 04:22:36.695 D/LOWI-9.0.0.87.a( 1318): [LOWI-Scan] BSS e2:a6:91:5c:d1:2e LOWI_PHY_MODE_11AC_VHT80(10), Beacon Interval: 100, LOWI_ENCRYPTION_TYPE_WPA_PSK 11mcRanging: No, ANQP: No, LCI: No, Civic: No, capability(0x1031): ESS Privacy ShortPreamble
02-09 04:22:36.695 D/LOWI-9.0.0.87.a( 1318): [LOWI-Scan] BSS e2:a6:91:5c:d1:2e FREQ: 5180, cFreq1[40:80:160] = [5190:5210:0] cFreq2 = 0 Country Code =
02-09 04:22:36.695 D/LOWI-9.0.0.87.a( 1318): [LOWI-Scan] BSS e2:a6:91:5c:d1:2e (wlan0) ASSO: NO AddInfo: 0x1, TSF 0, 00:00:48.225, RSSI: -162, CPL: 127, AGE: 3683, SSID HUAWEI-GM-test1-5G, TSFDelta: 0x69fe5946, TXRate: 0
02-09 04:22:36.695 D/LOWI-9.0.0.87.a( 1318): [LOWI-Scan]
02-09 04:22:36.695 D/LOWI-9.0.0.87.a( 1318): [LOWI-Scan] print_bss_handler: Report Probe TSF 50806646 as it greater than Beacon TSF 0
02-09 04:22:36.695 D/LOWI-9.0.0.87.a( 1318): [LOWI-Scan] decode_rsn_wpa_ie: LOWI_ENCRYPTION_TYPE_WPA_PSK
02-09 04:22:36.695 D/LOWI-9.0.0.87.a( 1318): [LOWI-Scan] is_qcom_ie, bss_age: 0
02-09 04:22:36.695 D/LOWI-9.0.0.87.a( 1318): [LOWI-Scan] BSS 18:6f:2d:81:20:60 LOWI_PHY_MODE_11NG_HT20(5), Beacon Interval: 100, LOWI_ENCRYPTION_TYPE_WPA_PSK 11mcRanging: No, ANQP: No, LCI: No, Civic: No, capability(0x0531): ESS Privacy ShortPreamble SpectrumMgmt ShortSlotTime
02-09 04:22:36.695 D/LOWI-9.0.0.87.a( 1318): [LOWI-Scan] BSS 18:6f:2d:81:20:60 FREQ: 2412, cFreq1[40:80:160] = [2412:0:0] cFreq2 = 0 Country Code = CN
02-09 04:22:36.695 D/LOWI-9.0.0.87.a( 1318): [LOWI-Scan] BSS 18:6f:2d:81:20:60 (wlan0) ASSO: NO AddInfo: 0x0, TSF 0, 00:00:50.806, RSSI: -146, CPL: 127, AGE: 1104, SSID Testing , TSFDelta: 0xe9382de8, TXRate: 0
02-09 04:22:36.695 D/LOWI-9.0.0.87.a( 1318): [LOWI-Scan]
02-09 04:22:36.695 D/LOWI-9.0.0.87.a( 1318): [LOWI-Scan] print_bss_handler: Report Probe TSF 50810714 as it greater than Beacon TSF 15701641
02-09 04:22:36.696 D/LOWI-9.0.0.87.a( 1318): [LOWI-Scan] is_qcom_ie, bss_age: 0
02-09 04:22:36.696 D/LOWI-9.0.0.87.a( 1318): [LOWI-Scan] BSS 18:6f:2d:81:20:61 LOWI_PHY_MODE_11NG_HT20(5), Beacon Interval: 100, LOWI_ENCRYPTION_TYPE_OPEN 11mcRanging: No, ANQP: No, LCI: No, Civic: No, capability(0x0521): ESS ShortPreamble SpectrumMgmt ShortSlotTime
02-09 04:22:36.696 D/LOWI-9.0.0.87.a( 1318): [LOWI-Scan] BSS 18:6f:2d:81:20:61 FREQ: 2412, cFreq1[40:80:160] = [2412:0:0] cFreq2 = 0 Country Code = CN
02-09 04:22:36.696 D/LOWI-9.0.0.87.a( 1318): [LOWI-Scan] BSS 18:6f:2d:81:20:61 (wlan0) ASSO: NO AddInfo: 0x0, TSF 0, 00:00:50.810, RSSI: -144, CPL: 127, AGE: 1100, SSID Guest, TSFDelta: 0xe9574fb7, TXRate: 0
02-09 04:22:36.702 D/LOWI-9.0.0.87.a( 1318): [LOWI-Scan]
02-09 04:22:36.702 D/LOWI-9.0.0.87.a( 1318): [LOWI-Scan] print_bss_handler: Report Probe TSF 50958667 as it greater than Beacon TSF 0
02-09 04:22:36.702 D/LOWI-9.0.0.87.a( 1318): [LOWI-Scan] decode_rsn_wpa_ie: LOWI_ENCRYPTION_TYPE_WPA_PSK
02-09 04:22:36.702 D/LOWI-9.0.0.87.a( 1318): [LOWI-Scan] is_qcom_ie, bss_age: 0
02-09 04:22:36.702 D/LOWI-9.0.0.87.a( 1318): [LOWI-Scan] BSS 5c:02:14:f9:4f:d3 LOWI_PHY_MODE_11AC_VHT80(10), Beacon Interval: 100, LOWI_ENCRYPTION_TYPE_WPA_PSK 11mcRanging: No, ANQP: Yes, LCI: No, Civic: No, capability(0x1931): ESS Privacy ShortPreamble SpectrumMgmt APSD
02-09 04:22:36.702 D/LOWI-9.0.0.87.a( 1318): [LOWI-Scan] BSS 5c:02:14:f9:4f:d3 FREQ: 5745, cFreq1[40:80:160] = [5755:5775:0] cFreq2 = 0 Country Code = CN
02-09 04:22:36.702 D/LOWI-9.0.0.87.a( 1318): [LOWI-Scan] BSS 5c:02:14:f9:4f:d3 (wlan0) ASSO: NO AddInfo: 0x0, TSF 0, 00:00:50.958, RSSI: -98, CPL: 127, AGE: 952, SSID ThunderSoft_XTS_5G, TSFDelta: 0xf96c3c47, TXRate: 0
02-09 04:22:36.703 D/LOWI-9.0.0.87.a( 1318): [LOWI-Scan]
02-09 04:22:36.703 D/LOWI-9.0.0.87.a( 1318): [LOWI-Scan] print_bss_handler: Report Probe TSF 50957955 as it greater than Beacon TSF 0
02-09 04:22:36.703 D/LOWI-9.0.0.87.a( 1318): [LOWI-Scan] decode_rsn_wpa_ie: LOWI_ENCRYPTION_TYPE_WPA_PSK
02-09 04:22:36.703 D/LOWI-9.0.0.87.a( 1318): [LOWI-Scan] is_qcom_ie, bss_age: 0
02-09 04:22:36.703 D/LOWI-9.0.0.87.a( 1318): [LOWI-Scan] BSS f4:84:8d:21:25:a9 LOWI_PHY_MODE_11AC_VHT80(10), Beacon Interval: 100, LOWI_ENCRYPTION_TYPE_WPA_PSK 11mcRanging: No, ANQP: No, LCI: No, Civic: No, capability(0x1011): ESS Privacy
02-09 04:22:36.703 D/LOWI-9.0.0.87.a( 1318): [LOWI-Scan] BSS f4:84:8d:21:25:a9 FREQ: 5745, cFreq1[40:80:160] = [5755:5775:0] cFreq2 = 0 Country Code = CN
02-09 04:22:36.703 D/LOWI-9.0.0.87.a( 1318): [LOWI-Scan] BSS f4:84:8d:21:25:a9 (wlan0) ASSO: NO AddInfo: 0x0, TSF 0, 00:00:50.957, RSSI: -136, CPL: 127, AGE: 952, SSID hht, TSFDelta: 0xb81df454, TXRate: 0
02-09 04:22:36.703 D/LOWI-9.0.0.87.a( 1318): [LOWI-Scan]
02-09 04:22:36.703 D/LOWI-9.0.0.87.a( 1318): [LOWI-Scan] print_bss_handler: Report beacon TSF 48459121 as it greater than probe TSF 48459121
02-09 04:22:36.703 D/LOWI-9.0.0.87.a( 1318): [LOWI-Scan] decode_rsn_wpa_ie: LOWI_ENCRYPTION_TYPE_WPA_PSK
02-09 04:22:36.703 D/LOWI-9.0.0.87.a( 1318): [LOWI-Scan] is_qcom_ie, bss_age: 0
02-09 04:22:36.703 D/LOWI-9.0.0.87.a( 1318): [LOWI-Scan] BSS 44:94:fc:3d:da:94 LOWI_PHY_MODE_11AC_VHT80(10), Beacon Interval: 100, LOWI_ENCRYPTION_TYPE_WPA_PSK 11mcRanging: No, ANQP: No, LCI: No, Civic: No, capability(0x1011): ESS Privacy
02-09 04:22:36.703 D/LOWI-9.0.0.87.a( 1318): [LOWI-Scan] BSS 44:94:fc:3d:da:94 FREQ: 5765, cFreq1[40:80:160] = [5755:5775:0] cFreq2 = 0 Country Code =
02-09 04:22:36.703 D/LOWI-9.0.0.87.a( 1318): [LOWI-Scan] BSS 44:94:fc:3d:da:94 (wlan0) ASSO: NO AddInfo: 0x1, TSF 0, 00:00:48.459, RSSI: -178, CPL: 127, AGE: 3459, SSID _________________, TSFDelta: 0xfc9548c1, TXRate: 0
02-09 04:22:36.703 D/LOWI-9.0.0.87.a( 1318): [LOWI-Scan]
02-09 04:22:36.703 D/LOWI-9.0.0.87.a( 1318): [LOWI-Scan] print_bss_handler: Report Probe TSF 51058494 as it greater than Beacon TSF 51045594
02-09 04:22:36.703 D/LOWI-9.0.0.87.a( 1318): [LOWI-Scan] decode_rsn_wpa_ie: LOWI_ENCRYPTION_TYPE_WPA_PSK
02-09 04:22:36.703 D/LOWI-9.0.0.87.a( 1318): [LOWI-Scan] is_qcom_ie, bss_age: 0
02-09 04:22:36.704 D/LOWI-9.0.0.87.a( 1318): [LOWI-Scan] BSS 18:6f:2d:0a:b8:50 LOWI_PHY_MODE_11AC_VHT20(8), Beacon Interval: 100, LOWI_ENCRYPTION_TYPE_WPA_PSK 11mcRanging: No, ANQP: No, LCI: No, Civic: No, capability(0x0111): ESS Privacy SpectrumMgmt
02-09 04:22:36.704 D/LOWI-9.0.0.87.a( 1318): [LOWI-Scan] BSS 18:6f:2d:0a:b8:50 FREQ: 5785, cFreq1[40:80:160] = [5785:0:0] cFreq2 = 0 Country Code = CN
02-09 04:22:36.704 D/LOWI-9.0.0.87.a( 1318): [LOWI-Scan] BSS 18:6f:2d:0a:b8:50 (wlan0) ASSO: NO AddInfo: 0x0, TSF 0, 00:00:51.058, RSSI: -152, CPL: 127, AGE: 852, SSID Testing , TSFDelta: 0x61cb2e4f, TXRate: 0
02-09 04:22:36.704 D/LOWI-9.0.0.87.a( 1318): [LOWI-Scan]
02-09 04:22:36.704 D/LOWI-9.0.0.87.a( 1318): [LOWI-Scan] print_bss_handler: Report Probe TSF 51059136 as it greater than Beacon TSF 51045665
02-09 04:22:36.704 D/LOWI-9.0.0.87.a( 1318): [LOWI-Scan] is_qcom_ie, bss_age: 0
02-09 04:22:36.704 D/LOWI-9.0.0.87.a( 1318): [LOWI-Scan] BSS 18:6f:2d:0a:b8:51 LOWI_PHY_MODE_11AC_VHT20(8), Beacon Interval: 100, LOWI_ENCRYPTION_TYPE_OPEN 11mcRanging: No, ANQP: No, LCI: No, Civic: No, capability(0x0101): ESS SpectrumMgmt
02-09 04:22:36.704 D/LOWI-9.0.0.87.a( 1318): [LOWI-Scan] BSS 18:6f:2d:0a:b8:51 FREQ: 5785, cFreq1[40:80:160] = [5785:0:0] cFreq2 = 0 Country Code = CN
02-09 04:22:36.704 D/LOWI-9.0.0.87.a( 1318): [LOWI-Scan] BSS 18:6f:2d:0a:b8:51 (wlan0) ASSO: NO AddInfo: 0x0, TSF 0, 00:00:51.059, RSSI: -156, CPL: 127, AGE: 852, SSID Guest, TSFDelta: 0x61cf68c4, TXRate: 0
02-09 04:22:36.704 D/LOWI-9.0.0.87.a( 1318): [LOWI-Scan]
02-09 04:22:36.704 D/LOWI-9.0.0.87.a( 1318): [LOWI-Scan] print_bss_handler: Report Probe TSF 51059577 as it greater than Beacon TSF 51045932
02-09 04:22:36.704 D/LOWI-9.0.0.87.a( 1318): [LOWI-Scan] decode_rsn_wpa_ie: LOWI_ENCRYPTION_TYPE_WPA_PSK
02-09 04:22:36.704 D/LOWI-9.0.0.87.a( 1318): [LOWI-Scan] is_qcom_ie, bss_age: 0
02-09 04:22:36.704 D/LOWI-9.0.0.87.a( 1318): [LOWI-Scan] BSS 18:6f:2d:0a:b8:52 LOWI_PHY_MODE_11AC_VHT20(8), Beacon Interval: 100, LOWI_ENCRYPTION_TYPE_WPA_PSK 11mcRanging: No, ANQP: No, LCI: No, Civic: No, capability(0x0111): ESS Privacy SpectrumMgmt
02-09 04:22:36.704 D/LOWI-9.0.0.87.a( 1318): [LOWI-Scan] BSS 18:6f:2d:0a:b8:52 FREQ: 5785, cFreq1[40:80:160] = [5785:0:0] cFreq2 = 0 Country Code = CN
02-09 04:22:36.704 D/LOWI-9.0.0.87.a( 1318): [LOWI-Scan] BSS 18:6f:2d:0a:b8:52 (wlan0) ASSO: NO AddInfo: 0x0, TSF 0, 00:00:51.059, RSSI: -154, CPL: 127, AGE: 852, SSID ZXHY, TSFDelta: 0x61d41ff8, TXRate: 0
02-09 04:22:36.705 D/LOWI-9.0.0.87.a( 1318): [LOWI-Scan]
02-09 04:22:36.705 D/LOWI-9.0.0.87.a( 1318): [LOWI-Scan] print_bss_handler: Report Probe TSF 51060321 as it greater than Beacon TSF 51046301
02-09 04:22:36.705 D/LOWI-9.0.0.87.a( 1318): [LOWI-Scan] decode_rsn_wpa_ie: LOWI_ENCRYPTION_TYPE_WPA_PSK
02-09 04:22:36.705 D/LOWI-9.0.0.87.a( 1318): [LOWI-Scan] is_qcom_ie, bss_age: 0
02-09 04:22:36.705 D/LOWI-9.0.0.87.a( 1318): [LOWI-Scan] BSS 18:6f:2d:0a:b8:53 LOWI_PHY_MODE_11AC_VHT20(8), Beacon Interval: 100, LOWI_ENCRYPTION_TYPE_WPA_PSK 11mcRanging: No, ANQP: No, LCI: No, Civic: No, capability(0x0111): ESS Privacy SpectrumMgmt
02-09 04:22:36.705 D/LOWI-9.0.0.87.a( 1318): [LOWI-Scan] BSS 18:6f:2d:0a:b8:53 FREQ: 5785, cFreq1[40:80:160] = [5785:0:0] cFreq2 = 0 Country Code = CN
02-09 04:22:36.705 D/LOWI-9.0.0.87.a( 1318): [LOWI-Scan] BSS 18:6f:2d:0a:b8:53 (wlan0) ASSO: NO AddInfo: 0x0, TSF 0, 00:00:51.060, RSSI: -154, CPL: 127, AGE: 848, SSID Fanya, TSFDelta: 0x61d93073, TXRate: 0
02-09 04:22:36.706 D/LOWI-9.0.0.87.a( 1318): [LOWI-Scan]
02-09 04:22:36.706 D/LOWI-9.0.0.87.a( 1318): [LOWI-Scan] print_bss_handler: Report Probe TSF 51061093 as it greater than Beacon TSF 0
02-09 04:22:36.706 D/LOWI-9.0.0.87.a( 1318): [LOWI-Scan] decode_rsn_wpa_ie: LOWI_ENCRYPTION_TYPE_WPA_PSK
02-09 04:22:36.706 D/LOWI-9.0.0.87.a( 1318): [LOWI-Scan] is_qcom_ie, bss_age: 0
02-09 04:22:36.706 D/LOWI-9.0.0.87.a( 1318): [LOWI-Scan] BSS 18:6f:2d:0a:b8:54 LOWI_PHY_MODE_11AC_VHT20(8), Beacon Interval: 100, LOWI_ENCRYPTION_TYPE_WPA_PSK 11mcRanging: No, ANQP: No, LCI: No, Civic: No, capability(0x0111): ESS Privacy SpectrumMgmt
02-09 04:22:36.706 D/LOWI-9.0.0.87.a( 1318): [LOWI-Scan] BSS 18:6f:2d:0a:b8:54 FREQ: 5785, cFreq1[40:80:160] = [5785:0:0] cFreq2 = 0 Country Code = CN
02-09 04:22:36.706 D/LOWI-9.0.0.87.a( 1318): [LOWI-Scan] BSS 18:6f:2d:0a:b8:54 (wlan0) ASSO: NO AddInfo: 0x0, TSF 0, 00:00:51.061, RSSI: -156, CPL: 127, AGE: 848, SSID ThunderSoft, TSFDelta: 0x61deae03, TXRate: 0
02-09 04:22:36.707 D/LOWI-9.0.0.87.a( 1318): [LOWI-Scan]
02-09 04:22:36.707 D/LOWI-9.0.0.87.a( 1318): [LOWI-Scan] print_bss_handler: Report Probe TSF 51061830 as it greater than Beacon TSF 51047002
02-09 04:22:36.707 D/LOWI-9.0.0.87.a( 1318): [LOWI-Scan] decode_rsn_wpa_ie: LOWI_ENCRYPTION_TYPE_WPA_PSK
02-09 04:22:36.707 D/LOWI-9.0.0.87.a( 1318): [LOWI-Scan] is_qcom_ie, bss_age: 0
02-09 04:22:36.707 D/LOWI-9.0.0.87.a( 1318): [LOWI-Scan] BSS 18:6f:2d:0a:b8:55 LOWI_PHY_MODE_11AC_VHT20(8), Beacon Interval: 100, LOWI_ENCRYPTION_TYPE_WPA_PSK 11mcRanging: No, ANQP: No, LCI: No, Civic: No, capability(0x0111): ESS Privacy SpectrumMgmt
02-09 04:22:36.707 D/LOWI-9.0.0.87.a( 1318): [LOWI-Scan] BSS 18:6f:2d:0a:b8:55 FREQ: 5785, cFreq1[40:80:160] = [5785:0:0] cFreq2 = 0 Country Code = CN
02-09 04:22:36.707 D/LOWI-9.0.0.87.a( 1318): [LOWI-Scan] BSS 18:6f:2d:0a:b8:55 (wlan0) ASSO: NO AddInfo: 0x0, TSF 0, 00:00:51.061, RSSI: -156, CPL: 127, AGE: 848, SSID GM, TSFDelta: 0x61e47f08, TXRate: 0
02-09 04:22:36.707 D/LOWI-9.0.0.87.a( 1318): [LOWI-Scan]
02-09 04:22:36.707 D/LOWI-9.0.0.87.a( 1318): [LOWI-Scan] print_bss_handler: Report Probe TSF 51186075 as it greater than Beacon TSF 48631510
02-09 04:22:36.707 D/LOWI-9.0.0.87.a( 1318): [LOWI-Scan] decode_rsn_wpa_ie: LOWI_ENCRYPTION_TYPE_WPA_PSK
02-09 04:22:36.707 D/LOWI-9.0.0.87.a( 1318): [LOWI-Scan] is_qcom_ie, bss_age: 0
02-09 04:22:36.707 D/LOWI-9.0.0.87.a( 1318): [LOWI-Scan] BSS 18:6f:2d:81:18:40 LOWI_PHY_MODE_11NG_HT20(5), Beacon Interval: 100, LOWI_ENCRYPTION_TYPE_WPA_PSK 11mcRanging: No, ANQP: No, LCI: No, Civic: No, capability(0x0531): ESS Privacy ShortPreamble SpectrumMgmt ShortSlotTime
02-09 04:22:36.707 D/LOWI-9.0.0.87.a( 1318): [LOWI-Scan] BSS 18:6f:2d:81:18:40 FREQ: 2432, cFreq1[40:80:160] = [2432:0:0] cFreq2 = 0 Country Code = CN
02-09 04:22:36.707 D/LOWI-9.0.0.87.a( 1318): [LOWI-Scan] BSS 18:6f:2d:81:18:40 (wlan0) ASSO: NO AddInfo: 0x0, TSF 0, 00:00:51.186, RSSI: -132, CPL: 127, AGE: 724, SSID Testing , TSFDelta: 0xf62b9d3f, TXRate: 0
02-09 04:22:36.708 D/LOWI-9.0.0.87.a( 1318): [LOWI-Scan]
02-09 04:22:36.708 D/LOWI-9.0.0.87.a( 1318): [LOWI-Scan] print_bss_handler: Report Probe TSF 51186173 as it greater than Beacon TSF 48632337
02-09 04:22:36.708 D/LOWI-9.0.0.87.a( 1318): [LOWI-Scan] is_qcom_ie, bss_age: 0
02-09 04:22:36.708 D/LOWI-9.0.0.87.a( 1318): [LOWI-Scan] BSS 18:6f:2d:81:18:41 LOWI_PHY_MODE_11NG_HT20(5), Beacon Interval: 100, LOWI_ENCRYPTION_TYPE_OPEN 11mcRanging: No, ANQP: No, LCI: No, Civic: No, capability(0x0521): ESS ShortPreamble SpectrumMgmt ShortSlotTime
02-09 04:22:36.708 D/LOWI-9.0.0.87.a( 1318): [LOWI-Scan] BSS 18:6f:2d:81:18:41 FREQ: 2432, cFreq1[40:80:160] = [2432:0:0] cFreq2 = 0 Country Code = CN
02-09 04:22:36.708 D/LOWI-9.0.0.87.a( 1318): [LOWI-Scan] BSS 18:6f:2d:81:18:41 (wlan0) ASSO: NO AddInfo: 0x0, TSF 0, 00:00:51.186, RSSI: -130, CPL: 127, AGE: 724, SSID Guest, TSFDelta: 0xf63174b4, TXRate: 0
02-09 04:22:36.709 D/LOWI-9.0.0.87.a( 1318): [LOWI-Scan]
02-09 04:22:36.709 D/LOWI-9.0.0.87.a( 1318): [LOWI-Scan] print_bss_handler: Report Probe TSF 51186231 as it greater than Beacon TSF 0
02-09 04:22:36.709 D/LOWI-9.0.0.87.a( 1318): [LOWI-Scan] decode_rsn_wpa_ie: LOWI_ENCRYPTION_TYPE_WPA_PSK
02-09 04:22:36.709 D/LOWI-9.0.0.87.a( 1318): [LOWI-Scan] is_qcom_ie, bss_age: 0
02-09 04:22:36.709 D/LOWI-9.0.0.87.a( 1318): [LOWI-Scan] BSS 18:6f:2d:81:18:42 LOWI_PHY_MODE_11NG_HT20(5), Beacon Interval: 100, LOWI_ENCRYPTION_TYPE_WPA_PSK 11mcRanging: No, ANQP: No, LCI: No, Civic: No, capability(0x0531): ESS Privacy ShortPreamble SpectrumMgmt ShortSlotTime
02-09 04:22:36.709 D/LOWI-9.0.0.87.a( 1318): [LOWI-Scan] BSS 18:6f:2d:81:18:42 FREQ: 2432, cFreq1[40:80:160] = [2432:0:0] cFreq2 = 0 Country Code = CN
02-09 04:22:36.709 D/LOWI-9.0.0.87.a( 1318): [LOWI-Scan] BSS 18:6f:2d:81:18:42 (wlan0) ASSO: NO AddInfo: 0x0, TSF 0, 00:00:51.186, RSSI: -138, CPL: 127, AGE: 724, SSID ThunderSoft_2.4G, TSFDelta: 0xf642e96d, TXRate: 0
02-09 04:22:36.709 D/LOWI-9.0.0.87.a( 1318): [LOWI-Scan]
02-09 04:22:36.710 D/LOWI-9.0.0.87.a( 1318): [LOWI-Scan] print_bss_handler: Report Probe TSF 51186288 as it greater than Beacon TSF 48634233
02-09 04:22:36.710 D/LOWI-9.0.0.87.a( 1318): [LOWI-Scan] decode_rsn_wpa_ie: LOWI_ENCRYPTION_TYPE_WPA_PSK
02-09 04:22:36.710 D/LOWI-9.0.0.87.a( 1318): [LOWI-Scan] is_qcom_ie, bss_age: 0
02-09 04:22:36.710 D/LOWI-9.0.0.87.a( 1318): [LOWI-Scan] BSS 18:6f:2d:81:18:43 LOWI_PHY_MODE_11NG_HT20(5), Beacon Interval: 100, LOWI_ENCRYPTION_TYPE_WPA_PSK 11mcRanging: No, ANQP: No, LCI: No, Civic: No, capability(0x0531): ESS Privacy ShortPreamble SpectrumMgmt ShortSlotTime
02-09 04:22:36.710 D/LOWI-9.0.0.87.a( 1318): [LOWI-Scan] BSS 18:6f:2d:81:18:43 FREQ: 2432, cFreq1[40:80:160] = [2432:0:0] cFreq2 = 0 Country Code = CN
02-09 04:22:36.710 D/LOWI-9.0.0.87.a( 1318): [LOWI-Scan] BSS 18:6f:2d:81:18:43 (wlan0) ASSO: NO AddInfo: 0x0, TSF 0, 00:00:51.186, RSSI: -136, CPL: 127, AGE: 724, SSID ZXHY, TSFDelta: 0xf64c3fa2, TXRate: 0
02-09 04:22:36.710 D/LOWI-9.0.0.87.a( 1318): [LOWI-Scan]
02-09 04:22:36.710 D/LOWI-9.0.0.87.a( 1318): [LOWI-Scan] print_bss_handler: Report beacon TSF 51232885 as it greater than probe TSF 51218078
02-09 04:22:36.710 D/LOWI-9.0.0.87.a( 1318): [LOWI-Scan] decode_rsn_wpa_ie: LOWI_ENCRYPTION_TYPE_WPA_PSK
02-09 04:22:36.710 D/LOWI-9.0.0.87.a( 1318): [LOWI-Scan] is_qcom_ie, bss_age: 0
02-09 04:22:36.710 D/LOWI-9.0.0.87.a( 1318): [LOWI-Scan] BSS 18:6f:2d:81:25:40 LOWI_PHY_MODE_11NG_HT20(5), Beacon Interval: 100, LOWI_ENCRYPTION_TYPE_WPA_PSK 11mcRanging: No, ANQP: No, LCI: No, Civic: No, capability(0x0531): ESS Privacy ShortPreamble SpectrumMgmt ShortSlotTime
02-09 04:22:36.710 D/LOWI-9.0.0.87.a( 1318): [LOWI-Scan] BSS 18:6f:2d:81:25:40 FREQ: 2437, cFreq1[40:80:160] = [2437:0:0] cFreq2 = 0 Country Code = CN
02-09 04:22:36.710 D/LOWI-9.0.0.87.a( 1318): [LOWI-Scan] BSS 18:6f:2d:81:25:40 (wlan0) ASSO: NO AddInfo: 0x1, TSF 0, 00:00:51.232, RSSI: -80, CPL: 127, AGE: 676, SSID Testing , TSFDelta: 0xccd2a0d5, TXRate: 0
02-09 04:22:36.711 D/LOWI-9.0.0.87.a( 1318): [LOWI-Scan]
02-09 04:22:36.711 D/LOWI-9.0.0.87.a( 1318): [LOWI-Scan] print_bss_handler: Report beacon TSF 51234803 as it greater than probe TSF 51224579
02-09 04:22:36.711 D/LOWI-9.0.0.87.a( 1318): [LOWI-Scan] is_qcom_ie, bss_age: 0
02-09 04:22:36.711 D/LOWI-9.0.0.87.a( 1318): [LOWI-Scan] BSS 18:6f:2d:81:25:41 LOWI_PHY_MODE_11NG_HT20(5), Beacon Interval: 100, LOWI_ENCRYPTION_TYPE_OPEN 11mcRanging: No, ANQP: No, LCI: No, Civic: No, capability(0x0521): ESS ShortPreamble SpectrumMgmt ShortSlotTime
02-09 04:22:36.711 D/LOWI-9.0.0.87.a( 1318): [LOWI-Scan] BSS 18:6f:2d:81:25:41 FREQ: 2437, cFreq1[40:80:160] = [2437:0:0] cFreq2 = 0 Country Code = CN
02-09 04:22:36.711 D/LOWI-9.0.0.87.a( 1318): [LOWI-Scan] BSS 18:6f:2d:81:25:41 (wlan0) ASSO: NO AddInfo: 0x1, TSF 0, 00:00:51.234, RSSI: -84, CPL: 127, AGE: 676, SSID Guest, TSFDelta: 0xcd0095a9, TXRate: 0
02-09 04:22:36.711 D/LOWI-9.0.0.87.a( 1318): [LOWI-Scan]
02-09 04:22:36.711 D/LOWI-9.0.0.87.a( 1318): [LOWI-Scan] print_bss_handler: Report Probe TSF 51277402 as it greater than Beacon TSF 51239127
02-09 04:22:36.711 D/LOWI-9.0.0.87.a( 1318): [LOWI-Scan] decode_rsn_wpa_ie: LOWI_ENCRYPTION_TYPE_WPA_PSK
02-09 04:22:36.711 D/LOWI-9.0.0.87.a( 1318): [LOWI-Scan] is_qcom_ie, bss_age: 0
02-09 04:22:36.711 D/LOWI-9.0.0.87.a( 1318): [LOWI-Scan] BSS 18:6f:2d:81:16:f0 LOWI_PHY_MODE_11AC_VHT20(8), Beacon Interval: 100, LOWI_ENCRYPTION_TYPE_WPA_PSK 11mcRanging: No, ANQP: No, LCI: No, Civic: No, capability(0x0111): ESS Privacy SpectrumMgmt
02-09 04:22:36.712 D/LOWI-9.0.0.87.a( 1318): [LOWI-Scan] BSS 18:6f:2d:81:16:f0 FREQ: 5260, cFreq1[40:80:160] = [5260:0:0] cFreq2 = 0 Country Code = CN
02-09 04:22:36.712 D/LOWI-9.0.0.87.a( 1318): [LOWI-Scan] BSS 18:6f:2d:81:16:f0 (wlan0) ASSO: NO AddInfo: 0x0, TSF 0, 00:00:51.277, RSSI: -136, CPL: 127, AGE: 632, SSID Testing , TSFDelta: 0xe29c25cf, TXRate: 0
02-09 04:22:36.712 D/LOWI-9.0.0.87.a( 1318): [LOWI-Scan]
02-09 04:22:36.712 D/LOWI-9.0.0.87.a( 1318): [LOWI-Scan] print_bss_handler: Report beacon TSF 51243825 as it greater than probe TSF 51208356
02-09 04:22:36.712 D/LOWI-9.0.0.87.a( 1318): [LOWI-Scan] decode_rsn_wpa_ie: LOWI_ENCRYPTION_TYPE_WPA_PSK
02-09 04:22:36.712 D/LOWI-9.0.0.87.a( 1318): [LOWI-Scan] is_qcom_ie, bss_age: 0
02-09 04:22:36.712 D/LOWI-9.0.0.87.a( 1318): [LOWI-Scan] BSS 18:6f:2d:81:25:42 LOWI_PHY_MODE_11NG_HT20(5), Beacon Interval: 100, LOWI_ENCRYPTION_TYPE_WPA_PSK 11mcRanging: No, ANQP: No, LCI: No, Civic: No, capability(0x0531): ESS Privacy ShortPreamble SpectrumMgmt ShortSlotTime
02-09 04:22:36.712 D/LOWI-9.0.0.87.a( 1318): [LOWI-Scan] BSS 18:6f:2d:81:25:42 FREQ: 2437, cFreq1[40:80:160] = [2437:0:0] cFreq2 = 0 Country Code = CN
02-09 04:22:36.712 D/LOWI-9.0.0.87.a( 1318): [LOWI-Scan] BSS 18:6f:2d:81:25:42 (wlan0) ASSO: NO AddInfo: 0x1, TSF 0, 00:00:51.243, RSSI: -84, CPL: 127, AGE: 668, SSID ThunderSoft_2.4G, TSFDelta: 0xcc872d99, TXRate: 0
02-09 04:22:36.712 D/LOWI-9.0.0.87.a( 1318): [LOWI-Scan]
02-09 04:22:36.712 D/LOWI-9.0.0.87.a( 1318): [LOWI-Scan] print_bss_handler: Report Probe TSF 51278075 as it greater than Beacon TSF 51239383
02-09 04:22:36.712 D/LOWI-9.0.0.87.a( 1318): [LOWI-Scan] is_qcom_ie, bss_age: 0
02-09 04:22:36.712 D/LOWI-9.0.0.87.a( 1318): [LOWI-Scan] BSS 18:6f:2d:81:16:f1 LOWI_PHY_MODE_11AC_VHT20(8), Beacon Interval: 100, LOWI_ENCRYPTION_TYPE_OPEN 11mcRanging: No, ANQP: No, LCI: No, Civic: No, capability(0x0101): ESS SpectrumMgmt
02-09 04:22:36.712 D/LOWI-9.0.0.87.a( 1318): [LOWI-Scan] BSS 18:6f:2d:81:16:f1 FREQ: 5260, cFreq1[40:80:160] = [5260:0:0] cFreq2 = 0 Country Code = CN
02-09 04:22:36.712 D/LOWI-9.0.0.87.a( 1318): [LOWI-Scan] BSS 18:6f:2d:81:16:f1 (wlan0) ASSO: NO AddInfo: 0x0, TSF 0, 00:00:51.278, RSSI: -138, CPL: 127, AGE: 632, SSID Guest, TSFDelta: 0xe2a1b170, TXRate: 0
02-09 04:22:36.713 D/LOWI-9.0.0.87.a( 1318): [LOWI-Scan]
02-09 04:22:36.713 D/LOWI-9.0.0.87.a( 1318): [LOWI-Scan] print_bss_handler: Report Probe TSF 51278833 as it greater than Beacon TSF 51239619
02-09 04:22:36.713 D/LOWI-9.0.0.87.a( 1318): [LOWI-Scan] decode_rsn_wpa_ie: LOWI_ENCRYPTION_TYPE_WPA_PSK
02-09 04:22:36.713 D/LOWI-9.0.0.87.a( 1318): [LOWI-Scan] is_qcom_ie, bss_age: 0
02-09 04:22:36.713 D/LOWI-9.0.0.87.a( 1318): [LOWI-Scan] BSS 18:6f:2d:81:16:f2 LOWI_PHY_MODE_11AC_VHT20(8), Beacon Interval: 100, LOWI_ENCRYPTION_TYPE_WPA_PSK 11mcRanging: No, ANQP: No, LCI: No, Civic: No, capability(0x0111): ESS Privacy SpectrumMgmt
02-09 04:22:36.713 D/LOWI-9.0.0.87.a( 1318): [LOWI-Scan] BSS 18:6f:2d:81:16:f2 FREQ: 5260, cFreq1[40:80:160] = [5260:0:0] cFreq2 = 0 Country Code = CN
02-09 04:22:36.713 D/LOWI-9.0.0.87.a( 1318): [LOWI-Scan] BSS 18:6f:2d:81:16:f2 (wlan0) ASSO: NO AddInfo: 0x0, TSF 0, 00:00:51.278, RSSI: -138, CPL: 127, AGE: 632, SSID ZXHY, TSFDelta: 0xe2a72437, TXRate: 0
02-09 04:22:36.713 D/LOWI-9.0.0.87.a( 1318): [LOWI-Scan]
02-09 04:22:36.713 D/LOWI-9.0.0.87.a( 1318): [LOWI-Scan] print_bss_handler: Report Probe TSF 51279625 as it greater than Beacon TSF 51240405
02-09 04:22:36.713 D/LOWI-9.0.0.87.a( 1318): [LOWI-Scan] decode_rsn_wpa_ie: LOWI_ENCRYPTION_TYPE_WPA_PSK
02-09 04:22:36.713 D/LOWI-9.0.0.87.a( 1318): [LOWI-Scan] is_qcom_ie, bss_age: 0
02-09 04:22:36.713 D/LOWI-9.0.0.87.a( 1318): [LOWI-Scan] BSS 18:6f:2d:81:16:f3 LOWI_PHY_MODE_11AC_VHT20(8), Beacon Interval: 100, LOWI_ENCRYPTION_TYPE_WPA_PSK 11mcRanging: No, ANQP: No, LCI: No, Civic: No, capability(0x0111): ESS Privacy SpectrumMgmt
02-09 04:22:36.713 D/LOWI-9.0.0.87.a( 1318): [LOWI-Scan] BSS 18:6f:2d:81:16:f3 FREQ: 5260, cFreq1[40:80:160] = [5260:0:0] cFreq2 = 0 Country Code = CN
02-09 04:22:36.713 D/LOWI-9.0.0.87.a( 1318): [LOWI-Scan] BSS 18:6f:2d:81:16:f3 (wlan0) ASSO: NO AddInfo: 0x0, TSF 0, 00:00:51.279, RSSI: -136, CPL: 127, AGE: 632, SSID Fanya, TSFDelta: 0xe2ac87c6, TXRate: 0
02-09 04:22:36.713 D/LOWI-9.0.0.87.a( 1318): [LOWI-Scan]
02-09 04:22:36.713 D/LOWI-9.0.0.87.a( 1318): [LOWI-Scan] print_bss_handler: Report Probe TSF 51280363 as it greater than Beacon TSF 51240482
02-09 04:22:36.713 D/LOWI-9.0.0.87.a( 1318): [LOWI-Scan] decode_rsn_wpa_ie: LOWI_ENCRYPTION_TYPE_WPA_PSK
02-09 04:22:36.713 D/LOWI-9.0.0.87.a( 1318): [LOWI-Scan] is_qcom_ie, bss_age: 0
02-09 04:22:36.713 D/LOWI-9.0.0.87.a( 1318): [LOWI-Scan] BSS 18:6f:2d:81:16:f4 LOWI_PHY_MODE_11AC_VHT20(8), Beacon Interval: 100, LOWI_ENCRYPTION_TYPE_WPA_PSK 11mcRanging: No, ANQP: No, LCI: No, Civic: No, capability(0x0111): ESS Privacy SpectrumMgmt
02-09 04:22:36.713 D/LOWI-9.0.0.87.a( 1318): [LOWI-Scan] BSS 18:6f:2d:81:16:f4 FREQ: 5260, cFreq1[40:80:160] = [5260:0:0] cFreq2 = 0 Country Code = CN
02-09 04:22:36.713 D/LOWI-9.0.0.87.a( 1318): [LOWI-Scan] BSS 18:6f:2d:81:16:f4 (wlan0) ASSO: NO AddInfo: 0x0, TSF 0, 00:00:51.280, RSSI: -136, CPL: 127, AGE: 628, SSID ThunderSoft, TSFDelta: 0xe2b1e241, TXRate: 0
02-09 04:22:36.714 D/LOWI-9.0.0.87.a( 1318): [LOWI-Scan]
02-09 04:22:36.714 D/LOWI-9.0.0.87.a( 1318): [LOWI-Scan] print_bss_handler: Report Probe TSF 51281002 as it greater than Beacon TSF 51240548
02-09 04:22:36.714 D/LOWI-9.0.0.87.a( 1318): [LOWI-Scan] decode_rsn_wpa_ie: LOWI_ENCRYPTION_TYPE_WPA_PSK
02-09 04:22:36.714 D/LOWI-9.0.0.87.a( 1318): [LOWI-Scan] is_qcom_ie, bss_age: 0
02-09 04:22:36.714 D/LOWI-9.0.0.87.a( 1318): [LOWI-Scan] BSS 18:6f:2d:81:16:f5 LOWI_PHY_MODE_11AC_VHT20(8), Beacon Interval: 100, LOWI_ENCRYPTION_TYPE_WPA_PSK 11mcRanging: No, ANQP: No, LCI: No, Civic: No, capability(0x0111): ESS Privacy SpectrumMgmt
02-09 04:22:36.714 D/LOWI-9.0.0.87.a( 1318): [LOWI-Scan] BSS 18:6f:2d:81:16:f5 FREQ: 5260, cFreq1[40:80:160] = [5260:0:0] cFreq2 = 0 Country Code = CN
02-09 04:22:36.714 D/LOWI-9.0.0.87.a( 1318): [LOWI-Scan] BSS 18:6f:2d:81:16:f5 (wlan0) ASSO: NO AddInfo: 0x0, TSF 0, 00:00:51.281, RSSI: -136, CPL: 127, AGE: 628, SSID GM, TSFDelta: 0xe2b73511, TXRate: 0
02-09 04:22:36.714 D/LOWI-9.0.0.87.a( 1318): [LOWI-Scan]
02-09 04:22:36.714 D/LOWI-9.0.0.87.a( 1318): [LOWI-Scan] print_bss_handler: Report beacon TSF 51246463 as it greater than probe TSF 51209671
02-09 04:22:36.714 D/LOWI-9.0.0.87.a( 1318): [LOWI-Scan] decode_rsn_wpa_ie: LOWI_ENCRYPTION_TYPE_WPA_PSK
02-09 04:22:36.714 D/LOWI-9.0.0.87.a( 1318): [LOWI-Scan] is_qcom_ie, bss_age: 0
02-09 04:22:36.714 D/LOWI-9.0.0.87.a( 1318): [LOWI-Scan] BSS 18:6f:2d:81:25:43 LOWI_PHY_MODE_11NG_HT20(5), Beacon Interval: 100, LOWI_ENCRYPTION_TYPE_WPA_PSK 11mcRanging: No, ANQP: No, LCI: No, Civic: No, capability(0x0531): ESS Privacy ShortPreamble SpectrumMgmt ShortSlotTime
02-09 04:22:36.714 D/LOWI-9.0.0.87.a( 1318): [LOWI-Scan] BSS 18:6f:2d:81:25:43 FREQ: 2437, cFreq1[40:80:160] = [2437:0:0] cFreq2 = 0 Country Code = CN
02-09 04:22:36.714 D/LOWI-9.0.0.87.a( 1318): [LOWI-Scan] BSS 18:6f:2d:81:25:43 (wlan0) ASSO: NO AddInfo: 0x1, TSF 0, 00:00:51.246, RSSI: -72, CPL: 127, AGE: 664, SSID ZXHY, TSFDelta: 0xcc9577cf, TXRate: 0
02-09 04:22:36.714 D/LOWI-9.0.0.87.a( 1318): [LOWI-Scan]
02-09 04:22:36.714 D/LOWI-9.0.0.87.a( 1318): [LOWI-Scan] print_bss_handler: Report beacon TSF 51247913 as it greater than probe TSF 51211534
02-09 04:22:36.714 D/LOWI-9.0.0.87.a( 1318): [LOWI-Scan] decode_rsn_wpa_ie: LOWI_ENCRYPTION_TYPE_WPA_PSK
02-09 04:22:36.714 D/LOWI-9.0.0.87.a( 1318): [LOWI-Scan] is_qcom_ie, bss_age: 0
02-09 04:22:36.714 D/LOWI-9.0.0.87.a( 1318): [LOWI-Scan] BSS 18:6f:2d:81:25:44 LOWI_PHY_MODE_11NG_HT20(5), Beacon Interval: 100, LOWI_ENCRYPTION_TYPE_WPA_PSK 11mcRanging: No, ANQP: No, LCI: No, Civic: No, capability(0x0531): ESS Privacy ShortPreamble SpectrumMgmt ShortSlotTime
02-09 04:22:36.714 D/LOWI-9.0.0.87.a( 1318): [LOWI-Scan] BSS 18:6f:2d:81:25:44 FREQ: 2437, cFreq1[40:80:160] = [2437:0:0] cFreq2 = 0 Country Code = CN
02-09 04:22:36.714 D/LOWI-9.0.0.87.a( 1318): [LOWI-Scan] BSS 18:6f:2d:81:25:44 (wlan0) ASSO: NO AddInfo: 0x1, TSF 0, 00:00:51.247, RSSI: -80, CPL: 127, AGE: 664, SSID Fanya, TSFDelta: 0xcca38514, TXRate: 0
02-09 04:22:36.714 D/LOWI-9.0.0.87.a( 1318): [LOWI-Scan]
02-09 04:22:36.714 D/LOWI-9.0.0.87.a( 1318): [LOWI-Scan] print_bss_handler: Report Probe TSF 51277049 as it greater than Beacon TSF 51263682
02-09 04:22:36.714 D/LOWI-9.0.0.87.a( 1318): [LOWI-Scan] decode_rsn_wpa_ie: LOWI_ENCRYPTION_TYPE_WPA_PSK
02-09 04:22:36.714 D/LOWI-9.0.0.87.a( 1318): [LOWI-Scan] is_qcom_ie, bss_age: 0
02-09 04:22:36.714 D/LOWI-9.0.0.87.a( 1318): [LOWI-Scan] BSS 18:6f:2d:80:dd:70 LOWI_PHY_MODE_11AC_VHT20(8), Beacon Interval: 100, LOWI_ENCRYPTION_TYPE_WPA_PSK 11mcRanging: No, ANQP: No, LCI: No, Civic: No, capability(0x0111): ESS Privacy SpectrumMgmt
02-09 04:22:36.714 D/LOWI-9.0.0.87.a( 1318): [LOWI-Scan] BSS 18:6f:2d:80:dd:70 FREQ: 5260, cFreq1[40:80:160] = [5260:0:0] cFreq2 = 0 Country Code = CN
02-09 04:22:36.714 D/LOWI-9.0.0.87.a( 1318): [LOWI-Scan] BSS 18:6f:2d:80:dd:70 (wlan0) ASSO: NO AddInfo: 0x0, TSF 0, 00:00:51.277, RSSI: -130, CPL: 127, AGE: 632, SSID Testing , TSFDelta: 0xe339ca9c, TXRate: 0
02-09 04:22:36.715 D/LOWI-9.0.0.87.a( 1318): [LOWI-Scan]
02-09 04:22:36.715 D/LOWI-9.0.0.87.a( 1318): [LOWI-Scan] print_bss_handler: Report Probe TSF 51277660 as it greater than Beacon TSF 51263784
02-09 04:22:36.715 D/LOWI-9.0.0.87.a( 1318): [LOWI-Scan] is_qcom_ie, bss_age: 0
02-09 04:22:36.715 D/LOWI-9.0.0.87.a( 1318): [LOWI-Scan] BSS 18:6f:2d:80:dd:71 LOWI_PHY_MODE_11AC_VHT20(8), Beacon Interval: 100, LOWI_ENCRYPTION_TYPE_OPEN 11mcRanging: No, ANQP: No, LCI: No, Civic: No, capability(0x0101): ESS SpectrumMgmt
02-09 04:22:36.715 D/LOWI-9.0.0.87.a( 1318): [LOWI-Scan] BSS 18:6f:2d:80:dd:71 FREQ: 5260, cFreq1[40:80:160] = [5260:0:0] cFreq2 = 0 Country Code = CN
02-09 04:22:36.715 D/LOWI-9.0.0.87.a( 1318): [LOWI-Scan] BSS 18:6f:2d:80:dd:71 (wlan0) ASSO: NO AddInfo: 0x0, TSF 0, 00:00:51.277, RSSI: -132, CPL: 127, AGE: 632, SSID Guest, TSFDelta: 0xe33ff2d9, TXRate: 0
02-09 04:22:36.715 D/LOWI-9.0.0.87.a( 1318): [LOWI-Scan]
02-09 04:22:36.715 D/LOWI-9.0.0.87.a( 1318): [LOWI-Scan] print_bss_handler: Report Probe TSF 51278423 as it greater than Beacon TSF 51263848
02-09 04:22:36.715 D/LOWI-9.0.0.87.a( 1318): [LOWI-Scan] decode_rsn_wpa_ie: LOWI_ENCRYPTION_TYPE_WPA_PSK
02-09 04:22:36.715 D/LOWI-9.0.0.87.a( 1318): [LOWI-Scan] is_qcom_ie, bss_age: 0
02-09 04:22:36.715 D/LOWI-9.0.0.87.a( 1318): [LOWI-Scan] BSS 18:6f:2d:80:dd:72 LOWI_PHY_MODE_11AC_VHT20(8), Beacon Interval: 100, LOWI_ENCRYPTION_TYPE_WPA_PSK 11mcRanging: No, ANQP: No, LCI: No, Civic: No, capability(0x0111): ESS Privacy SpectrumMgmt
02-09 04:22:36.715 D/LOWI-9.0.0.87.a( 1318): [LOWI-Scan] BSS 18:6f:2d:80:dd:72 FREQ: 5260, cFreq1[40:80:160] = [5260:0:0] cFreq2 = 0 Country Code = CN
02-09 04:22:36.715 D/LOWI-9.0.0.87.a( 1318): [LOWI-Scan] BSS 18:6f:2d:80:dd:72 (wlan0) ASSO: NO AddInfo: 0x0, TSF 0, 00:00:51.278, RSSI: -130, CPL: 127, AGE: 632, SSID ZXHY, TSFDelta: 0xe345428c, TXRate: 0
02-09 04:22:36.715 D/LOWI-9.0.0.87.a( 1318): [LOWI-Scan]
02-09 04:22:36.715 D/LOWI-9.0.0.87.a( 1318): [LOWI-Scan] print_bss_handler: Report Probe TSF 51279258 as it greater than Beacon TSF 51264558
02-09 04:22:36.715 D/LOWI-9.0.0.87.a( 1318): [LOWI-Scan] decode_rsn_wpa_ie: LOWI_ENCRYPTION_TYPE_WPA_PSK
02-09 04:22:36.715 D/LOWI-9.0.0.87.a( 1318): [LOWI-Scan] is_qcom_ie, bss_age: 0
02-09 04:22:36.715 D/LOWI-9.0.0.87.a( 1318): [LOWI-Scan] BSS 18:6f:2d:80:dd:73 LOWI_PHY_MODE_11AC_VHT20(8), Beacon Interval: 100, LOWI_ENCRYPTION_TYPE_WPA_PSK 11mcRanging: No, ANQP: No, LCI: No, Civic: No, capability(0x0111): ESS Privacy SpectrumMgmt
02-09 04:22:36.715 D/LOWI-9.0.0.87.a( 1318): [LOWI-Scan] BSS 18:6f:2d:80:dd:73 FREQ: 5260, cFreq1[40:80:160] = [5260:0:0] cFreq2 = 0 Country Code = CN
02-09 04:22:36.715 D/LOWI-9.0.0.87.a( 1318): [LOWI-Scan] BSS 18:6f:2d:80:dd:73 (wlan0) ASSO: NO AddInfo: 0x0, TSF 0, 00:00:51.279, RSSI: -130, CPL: 127, AGE: 632, SSID Fanya, TSFDelta: 0xe34af0f1, TXRate: 0
02-09 04:22:36.715 D/LOWI-9.0.0.87.a( 1318): [LOWI-Scan]
02-09 04:22:36.715 D/LOWI-9.0.0.87.a( 1318): [LOWI-Scan] print_bss_handler: Report Probe TSF 51279943 as it greater than Beacon TSF 51264630
02-09 04:22:36.715 D/LOWI-9.0.0.87.a( 1318): [LOWI-Scan] decode_rsn_wpa_ie: LOWI_ENCRYPTION_TYPE_WPA_PSK
02-09 04:22:36.715 D/LOWI-9.0.0.87.a( 1318): [LOWI-Scan] is_qcom_ie, bss_age: 0
02-09 04:22:36.715 D/LOWI-9.0.0.87.a( 1318): [LOWI-Scan] BSS 18:6f:2d:80:dd:74 LOWI_PHY_MODE_11AC_VHT20(8), Beacon Interval: 100, LOWI_ENCRYPTION_TYPE_WPA_PSK 11mcRanging: No, ANQP: No, LCI: No, Civic: No, capability(0x0111): ESS Privacy SpectrumMgmt
02-09 04:22:36.715 D/LOWI-9.0.0.87.a( 1318): [LOWI-Scan] BSS 18:6f:2d:80:dd:74 FREQ: 5260, cFreq1[40:80:160] = [5260:0:0] cFreq2 = 0 Country Code = CN
02-09 04:22:36.715 D/LOWI-9.0.0.87.a( 1318): [LOWI-Scan] BSS 18:6f:2d:80:dd:74 (wlan0) ASSO: NO AddInfo: 0x0, TSF 0, 00:00:51.279, RSSI: -130, CPL: 127, AGE: 632, SSID ThunderSoft, TSFDelta: 0xe35054df, TXRate: 0
02-09 04:22:36.715 D/LOWI-9.0.0.87.a( 1318): [LOWI-Scan]
02-09 04:22:36.715 D/LOWI-9.0.0.87.a( 1318): [LOWI-Scan] print_bss_handler: Report Probe TSF 51280671 as it greater than Beacon TSF 51274907
02-09 04:22:36.715 D/LOWI-9.0.0.87.a( 1318): [LOWI-Scan] decode_rsn_wpa_ie: LOWI_ENCRYPTION_TYPE_WPA_PSK
02-09 04:22:36.715 D/LOWI-9.0.0.87.a( 1318): [LOWI-Scan] is_qcom_ie, bss_age: 0
02-09 04:22:36.715 D/LOWI-9.0.0.87.a( 1318): [LOWI-Scan] BSS 18:6f:2d:80:dd:75 LOWI_PHY_MODE_11AC_VHT20(8), Beacon Interval: 100, LOWI_ENCRYPTION_TYPE_WPA_PSK 11mcRanging: No, ANQP: No, LCI: No, Civic: No, capability(0x0111): ESS Privacy SpectrumMgmt
02-09 04:22:36.715 D/LOWI-9.0.0.87.a( 1318): [LOWI-Scan] BSS 18:6f:2d:80:dd:75 FREQ: 5260, cFreq1[40:80:160] = [5260:0:0] cFreq2 = 0 Country Code = CN
02-09 04:22:36.715 D/LOWI-9.0.0.87.a( 1318): [LOWI-Scan] BSS 18:6f:2d:80:dd:75 (wlan0) ASSO: NO AddInfo: 0x0, TSF 0, 00:00:51.280, RSSI: -132, CPL: 127, AGE: 628, SSID GM, TSFDelta: 0xe355c750, TXRate: 0
02-09 04:22:36.716 D/LOWI-9.0.0.87.a( 1318): [LOWI-Scan]
02-09 04:22:36.716 D/LOWI-9.0.0.87.a( 1318): [LOWI-Scan] print_bss_handler: Report Probe TSF 51393436 as it greater than Beacon TSF 51386218
02-09 04:22:36.716 D/LOWI-9.0.0.87.a( 1318): [LOWI-Scan] decode_rsn_wpa_ie: LOWI_ENCRYPTION_TYPE_WPA_PSK
02-09 04:22:36.716 D/LOWI-9.0.0.87.a( 1318): [LOWI-Scan] is_qcom_ie, bss_age: 0
02-09 04:22:36.716 D/LOWI-9.0.0.87.a( 1318): [LOWI-Scan] BSS 18:6f:2d:81:18:50 LOWI_PHY_MODE_11AC_VHT20(8), Beacon Interval: 100, LOWI_ENCRYPTION_TYPE_WPA_PSK 11mcRanging: No, ANQP: No, LCI: No, Civic: No, capability(0x0111): ESS Privacy SpectrumMgmt
02-09 04:22:36.716 D/LOWI-9.0.0.87.a( 1318): [LOWI-Scan] BSS 18:6f:2d:81:18:50 FREQ: 5280, cFreq1[40:80:160] = [5280:0:0] cFreq2 = 0 Country Code = CN
02-09 04:22:36.716 D/LOWI-9.0.0.87.a( 1318): [LOWI-Scan] BSS 18:6f:2d:81:18:50 (wlan0) ASSO: NO AddInfo: 0x0, TSF 0, 00:00:51.393, RSSI: -160, CPL: 127, AGE: 516, SSID Testing , TSFDelta: 0xe5ff0a75, TXRate: 0
02-09 04:22:36.716 D/LOWI-9.0.0.87.a( 1318): [LOWI-Scan]
02-09 04:22:36.716 D/LOWI-9.0.0.87.a( 1318): [LOWI-Scan] print_bss_handler: Report Probe TSF 51393627 as it greater than Beacon TSF 51386349
02-09 04:22:36.716 D/LOWI-9.0.0.87.a( 1318): [LOWI-Scan] is_qcom_ie, bss_age: 0
02-09 04:22:36.716 D/LOWI-9.0.0.87.a( 1318): [LOWI-Scan] BSS 18:6f:2d:81:18:51 LOWI_PHY_MODE_11AC_VHT20(8), Beacon Interval: 100, LOWI_ENCRYPTION_TYPE_OPEN 11mcRanging: No, ANQP: No, LCI: No, Civic: No, capability(0x0101): ESS SpectrumMgmt
02-09 04:22:36.716 D/LOWI-9.0.0.87.a( 1318): [LOWI-Scan] BSS 18:6f:2d:81:18:51 FREQ: 5280, cFreq1[40:80:160] = [5280:0:0] cFreq2 = 0 Country Code = CN
02-09 04:22:36.716 D/LOWI-9.0.0.87.a( 1318): [LOWI-Scan] BSS 18:6f:2d:81:18:51 (wlan0) ASSO: NO AddInfo: 0x0, TSF 0, 00:00:51.393, RSSI: -160, CPL: 127, AGE: 532, SSID Guest, TSFDelta: 0xe604aaac, TXRate: 0
02-09 04:22:36.716 D/LOWI-9.0.0.87.a( 1318): [LOWI-Scan]
02-09 04:22:36.716 D/LOWI-9.0.0.87.a( 1318): [LOWI-Scan] print_bss_handler: Report Probe TSF 51394371 as it greater than Beacon TSF 51386416
02-09 04:22:36.716 D/LOWI-9.0.0.87.a( 1318): [LOWI-Scan] decode_rsn_wpa_ie: LOWI_ENCRYPTION_TYPE_WPA_PSK
02-09 04:22:36.716 D/LOWI-9.0.0.87.a( 1318): [LOWI-Scan] is_qcom_ie, bss_age: 0
02-09 04:22:36.716 D/LOWI-9.0.0.87.a( 1318): [LOWI-Scan] BSS 18:6f:2d:81:18:52 LOWI_PHY_MODE_11AC_VHT20(8), Beacon Interval: 100, LOWI_ENCRYPTION_TYPE_WPA_PSK 11mcRanging: No, ANQP: No, LCI: No, Civic: No, capability(0x0111): ESS Privacy SpectrumMgmt
02-09 04:22:36.716 D/LOWI-9.0.0.87.a( 1318): [LOWI-Scan] BSS 18:6f:2d:81:18:52 FREQ: 5280, cFreq1[40:80:160] = [5280:0:0] cFreq2 = 0 Country Code = CN
02-09 04:22:36.716 D/LOWI-9.0.0.87.a( 1318): [LOWI-Scan] BSS 18:6f:2d:81:18:52 (wlan0) ASSO: NO AddInfo: 0x0, TSF 0, 00:00:51.394, RSSI: -160, CPL: 127, AGE: 532, SSID ZXHY, TSFDelta: 0xe60a0ad5, TXRate: 0
02-09 04:22:36.717 D/LOWI-9.0.0.87.a( 1318): [LOWI-Scan]
02-09 04:22:36.717 D/LOWI-9.0.0.87.a( 1318): [LOWI-Scan] print_bss_handler: Report Probe TSF 51395076 as it greater than Beacon TSF 51386482
02-09 04:22:36.717 D/LOWI-9.0.0.87.a( 1318): [LOWI-Scan] decode_rsn_wpa_ie: LOWI_ENCRYPTION_TYPE_WPA_PSK
02-09 04:22:36.717 D/LOWI-9.0.0.87.a( 1318): [LOWI-Scan] is_qcom_ie, bss_age: 0
02-09 04:22:36.717 D/LOWI-9.0.0.87.a( 1318): [LOWI-Scan] BSS 18:6f:2d:81:18:53 LOWI_PHY_MODE_11AC_VHT20(8), Beacon Interval: 100, LOWI_ENCRYPTION_TYPE_WPA_PSK 11mcRanging: No, ANQP: No, LCI: No, Civic: No, capability(0x0111): ESS Privacy SpectrumMgmt
02-09 04:22:36.717 D/LOWI-9.0.0.87.a( 1318): [LOWI-Scan] BSS 18:6f:2d:81:18:53 FREQ: 5280, cFreq1[40:80:160] = [5280:0:0] cFreq2 = 0 Country Code = CN
02-09 04:22:36.717 D/LOWI-9.0.0.87.a( 1318): [LOWI-Scan] BSS 18:6f:2d:81:18:53 (wlan0) ASSO: NO AddInfo: 0x0, TSF 0, 00:00:51.395, RSSI: -160, CPL: 127, AGE: 532, SSID Fanya, TSFDelta: 0xe60f3e4e, TXRate: 0
02-09 04:22:36.717 D/LOWI-9.0.0.87.a( 1318): [LOWI-Scan]
02-09 04:22:36.717 D/LOWI-9.0.0.87.a( 1318): [LOWI-Scan] print_bss_handler: Report Probe TSF 51395846 as it greater than Beacon TSF 51387078
02-09 04:22:36.717 D/LOWI-9.0.0.87.a( 1318): [LOWI-Scan] decode_rsn_wpa_ie: LOWI_ENCRYPTION_TYPE_WPA_PSK
02-09 04:22:36.717 D/LOWI-9.0.0.87.a( 1318): [LOWI-Scan] is_qcom_ie, bss_age: 0
02-09 04:22:36.717 D/LOWI-9.0.0.87.a( 1318): [LOWI-Scan] BSS 18:6f:2d:81:18:54 LOWI_PHY_MODE_11AC_VHT20(8), Beacon Interval: 100, LOWI_ENCRYPTION_TYPE_WPA_PSK 11mcRanging: No, ANQP: No, LCI: No, Civic: No, capability(0x0111): ESS Privacy SpectrumMgmt
02-09 04:22:36.717 D/LOWI-9.0.0.87.a( 1318): [LOWI-Scan] BSS 18:6f:2d:81:18:54 FREQ: 5280, cFreq1[40:80:160] = [5280:0:0] cFreq2 = 0 Country Code = CN
02-09 04:22:36.717 D/LOWI-9.0.0.87.a( 1318): [LOWI-Scan] BSS 18:6f:2d:81:18:54 (wlan0) ASSO: NO AddInfo: 0x0, TSF 0, 00:00:51.395, RSSI: -158, CPL: 127, AGE: 532, SSID ThunderSoft, TSFDelta: 0xe614850b, TXRate: 0
02-09 04:22:36.717 D/LOWI-9.0.0.87.a( 1318): [LOWI-Scan]
02-09 04:22:36.717 D/LOWI-9.0.0.87.a( 1318): [LOWI-Scan] print_bss_handler: Report Probe TSF 51396620 as it greater than Beacon TSF 51387194
02-09 04:22:36.717 D/LOWI-9.0.0.87.a( 1318): [LOWI-Scan] decode_rsn_wpa_ie: LOWI_ENCRYPTION_TYPE_WPA_PSK
02-09 04:22:36.717 D/LOWI-9.0.0.87.a( 1318): [LOWI-Scan] is_qcom_ie, bss_age: 0
02-09 04:22:36.717 D/LOWI-9.0.0.87.a( 1318): [LOWI-Scan] BSS 18:6f:2d:81:18:55 LOWI_PHY_MODE_11AC_VHT20(8), Beacon Interval: 100, LOWI_ENCRYPTION_TYPE_WPA_PSK 11mcRanging: No, ANQP: No, LCI: No, Civic: No, capability(0x0111): ESS Privacy SpectrumMgmt
