02-09 04:21:57.563 D/bt_controller( 2001): start_up HCI write RF compensation tx value : 0, rx value : 0
02-09 04:21:57.563 I/bt_config_store( 2001): getHostAddOnFeatures
02-09 04:21:57.563 I/QCC:QDMAEmbargoesList( 2393): existEmbargoesReq existed request: /data/misc/qdma/down/100/100-1.0-EmbargoesList.key.0.req
02-09 04:21:57.563 I/QCC:QDMAEmbargoesList( 2393): existEmbargoesReq ret: true
02-09 04:21:57.563 D/LOWI-9.0.0.87.a( 1318): [MqClientIpcReciver] FROM: LOCATION-MQ
02-09 04:21:57.563 D/LOWI-9.0.0.87.a( 1318): [MqClientIpcReciver] INFO: REGISTER-EVENT
02-09 04:21:57.563 D/LOWI-9.0.0.87.a( 1318): [MqClientIpcReciver] TX-ID: 7
02-09 04:21:57.563 D/LOWI-9.0.0.87.a( 1318): [MqClientIpcReciver] FROM: LOCATION-MQ
02-09 04:21:57.563 D/LOWI-9.0.0.87.a( 1318): [MqClientIpcReciver] INFO: REGISTER-EVENT
02-09 04:21:57.563 D/LOWI-9.0.0.87.a( 1318): [MqClientIpcReciver] TX-ID: 9
02-09 04:21:57.563 D/LOWI-9.0.0.87.a( 1318): [LOWIEventReceiver] handleEvent:FROM:LOCATION-MQ, TO:LOWI-SERVER, REQ:NA, IREQ:NA, REQ_ID:0, RESP:NA, INFO:REGISTER-EVENT
02-09 04:21:57.563 D/LOWI-9.0.0.87.a( 1318): [LOWIEventReceiver] Info to [REGISTER-EVENT]
02-09 04:21:57.563 D/LOWI-9.0.0.87.a( 1318): [LOWIEventReceiver] handleEvent:FROM:LOCATION-MQ, TO:LOWI-SERVER, REQ:NA, IREQ:NA, REQ_ID:0, RESP:NA, INFO:REGISTER-EVENT
02-09 04:21:57.563 D/LOWI-9.0.0.87.a( 1318): [LOWIEventReceiver] Info to [REGISTER-EVENT]
02-09 04:21:57.563 D/OsAgent ( 2858): [updateSubscribe][2914] [HC] <<= [HS]
02-09 04:21:57.564 I/QCC:UploaderPolicy( 2393): updateUploadPolicyRequest
02-09 04:21:57.564 D/OsAgent ( 2858): [string_dataitem_update][2980] [HC] =>> [HS]
02-09 04:21:57.564 V/LocSvc_HIDL_IzatSubscription( 817): [stringDataItemUpdate][283] [HS] <<<<= [HC]
02-09 04:21:57.564 V/LocSvc_HIDL_IzatSubscription( 817): [updateSubscribe][58] [HS] =>>>> [HC]
02-09 04:21:57.564 E/IzatSvc_IzatManager( 817): Exiting with error handleMsg line 569 "3"
02-09 04:21:57.564 E/IzatSvc_IzatManager( 817): Exiting with error handleMsg line 569 "3"
02-09 04:21:57.565 D/OsAgent ( 2858): [updateSubscribe][2914] [HC] <<= [HS]
02-09 04:21:57.566 D/OsAgent ( 2858): [string_dataitem_update][2980] [HC] =>> [HS]
02-09 04:21:57.566 V/LocSvc_HIDL_IzatSubscription( 817): [stringDataItemUpdate][283] [HS] <<<<= [HC]
02-09 04:21:57.568 D/vendor.qti.bluetooth@1.0-data_handler( 808): isProtocolInitialized:
02-09 04:21:57.568 I/vendor.qti.bluetooth@1.0-data_handler( 808): isProtocolInitialized: status:1
02-09 04:21:57.568 I/vendor.qti.hardware.btconfigstore@2.0-BTConfigStore( 808): getHostAddOnFeatures: 0x0
02-09 04:21:57.568 I/bt_config_store( 2001): getHostAddOnFeatures:: halResult = 1
02-09 04:21:57.568 I/bt_config_store( 2001): getControllerAddOnFeatures
02-09 04:21:57.568 E/QCC:OperationMode( 2393): isQDMAUIInstalled - non exist: android.content.pm.PackageManager$NameNotFoundException: com.qualcomm.qti.smq
02-09 04:21:57.568 I/QCC:OperationMode( 2393): isQDMAUIInstalled : false
02-09 04:21:57.568 I/QCC:Collector( 2393): calling forceDisableQdmaStatsD
02-09 04:21:57.568 I/QCC:Collector( 2393): calling forceDisabledAllCollectors
02-09 04:21:57.569 D/vendor.qti.bluetooth@1.0-data_handler( 808): isProtocolInitialized:
02-09 04:21:57.569 I/vendor.qti.bluetooth@1.0-data_handler( 808): isProtocolInitialized: status:1
02-09 04:21:57.569 I/vendor.qti.hardware.btconfigstore@2.0-BTConfigStore( 808): getControllerAddOnFeatures: 0x7055f36510
02-09 04:21:57.569 I/QCC:Collector( 2393): deleteDir: /data/misc/qdma/down/1 already disabled
02-09 04:21:57.569 I/bt_config_store( 2001): getControllerAddOnFeatures:: halResult = 0
02-09 04:21:57.569 I/bt_config_store( 2001): getControllerAddOnFeatures:: product_id = 16, version = 1, feat_mask_len = 5 features data: 0x1c 0xfd 0x7f 0xe 0x1
01-02 09:38:37.720 E/register_client_adhoc( 0): find path.src 1 dest 589
01-02 09:38:37.720 E/register_client_adhoc( 0): Failed to find path.src 1 dest 589
01-02 09:38:37.724 E/ ( 0): [drm:dp_display_init_aux_switch][msm-dp-err][84 ]failed to register notifier (-22)
01-02 09:38:37.729 I/android_work( 0): sent uevent USB_STATE=CONNECTED
02-09 04:21:57.570 D/LOWI-9.0.0.87.a( 1318): [MqClientIpcReciver] FROM: FreeWifiScanObserver
02-09 04:21:57.570 D/LOWI-9.0.0.87.a( 1318): [MqClientIpcReciver] REQ: LOWI_ASYNC_DISCOVERY_SCAN_RESULTS
02-09 04:21:57.570 D/LOWI-9.0.0.87.a( 1318): [LOWIEventReceiver] handleEvent:FROM:FreeWifiScanObserver, TO:LOWI-SERVER, REQ:LOWI_ASYNC_DISCOVERY_SCAN_RESULTS, IREQ:NA, REQ_ID:0, RESP:NA, INFO:NA
02-09 04:21:57.570 I/LOWI-9.0.0.87.a( 1318): [LOWIUtils] inPostcardToRequest - FROM: FreeWifiScanObserver, TO: LOWI-SERVER, REQ: LOWI_ASYNC_DISCOVERY_SCAN_RESULTS
02-09 04:21:57.570 D/LOWI-9.0.0.87.a( 1318): [LOWIUtils] inPostcardToRequest - Request id(0) REQ_TIMEOUT(14400)
02-09 04:21:57.570 D/LOWI-9.0.0.87.a( 1318): [LOWIController] _process: Request FreeWifiScanObserver_0 received, type(ASYNC_DISCOVERY_SCAN_RESULTS)
02-09 04:21:57.570 I/LOWI-9.0.0.87.a( 1318): [LOWIDiagLog] is Logging Enabled for LOWI log code? :0
02-09 04:21:57.570 D/LOWI-9.0.0.87.a( 1318): [LOWIBackgroundScanMgr] isReqForBgScanMgr: ASYNC_DISCOVERY_SCAN_RESULTS - not handled
02-09 04:21:57.570 D/LOWI-9.0.0.87.a( 1318): [LOWIScheduler] manageMsg: Request: ASYNC_DISCOVERY_SCAN_RESULTS -- not handled
02-09 04:21:57.570 D/LOWI-9.0.0.87.a( 1318): [LOWIController] addRequestToAsyncScanRequestList: Add request FreeWifiScanObserver_0 timeout(ms) = 1675902117571
02-09 04:21:57.570 D/LOWI-9.0.0.87.a( 1318): [LOWIController] processRequest: Request FreeWifiScanObserver_0 added to async scan list
02-09 04:21:57.571 I/QRCSService( 2147): onCreate: isSimInserted[false]
02-09 04:21:57.571 I/QRCSService( 2147): onStartCommand- Call
02-09 04:21:57.571 I/QRCSService( 2147): start service isHidlServiceUp[false], isSimInserted[false], mHidlService is [false]
02-09 04:21:57.571 I/QRCSService( 2147): Attempting to get HIDL-IUceService
02-09 04:21:57.571 D/Aidl-shim UceServiceStub( 2147): getService start
02-09 04:21:57.572 D/Aidl-shim UceServiceStub( 2147): Hal_2_3 bindToHal
02-09 04:21:57.572 I/QCC:OmaDMNative( 2393): qcc_hidl_update_vendor_dropbox(), path=/data/misc/qdma/down/1 isEnabled=0
02-09 04:21:57.572 D/QCC:qccvndhal( 844): /data/vendor/qdma/down/1 is null
02-09 04:21:57.572 I/bt_core_module( 2001): module_start_up Started module "controller_module"
02-09 04:21:57.572 W/bt_osi_thread( 2001): run_thread: thread id 3006, thread name module_wrapper exited
02-09 04:21:57.572 I/QCC:OmaDMNative( 2393): qcc_hidl_update_vendor_dropbox() res=0
02-09 04:21:57.572 V/bt_stack( 2001): [VERBOSE1:connection_manager.cc(198)] reset : after_reset1
01-02 09:38:37.733 E/swr-wcd rx_swr_ctrl( 0): swrm_get_logical_dev_num: device 0xd01170224 is not ready
01-02 09:38:37.733 E/swr_get_logical_dev_num( 0): Error -22 to get logical addr for device d01170224
01-02 09:38:37.733 E/swr-wcd rx_swr_ctrl( 0): swrm_get_logical_dev_num: device 0xd01170224 is not ready
01-02 09:38:37.733 E/swr_get_logical_dev_num( 0): Error -22 to get logical addr for device d01170224
01-02 09:38:37.733 E/swr-wcd rx_swr_ctrl( 0): swrm_get_logical_dev_num: device 0xd01170224 is not ready
01-02 09:38:37.733 E/swr_get_logical_dev_num( 0): Error -22 to get logical addr for device d01170224
01-02 09:38:37.734 E/swr-wcd rx_swr_ctrl( 0): swrm_get_logical_dev_num: device 0xd01170224 is not ready
01-02 09:38:37.734 E/swr_get_logical_dev_num( 0): Error -22 to get logical addr for device d01170224
01-02 09:38:37.734 E/swr-wcd rx_swr_ctrl( 0): swrm_get_logical_dev_num: device 0xd01170224 is not ready
01-02 09:38:37.734 E/swr_get_logical_dev_num( 0): Error -22 to get logical addr for device d01170224
01-02 09:38:37.734 E/wcd938x_codec wcd938x-codec( 0): wcd938x_bind: Slave bind failed, ret = -517
01-02 09:38:37.734 E/register_client_adhoc( 0): find path.src 1 dest 589
01-02 09:38:37.734 E/register_client_adhoc( 0): Failed to find path.src 1 dest 589
01-02 09:38:37.735 E/ ( 0): [drm:dp_display_init_aux_switch][msm-dp-err][84 ]failed to register notifier (-22)
02-09 04:21:57.572 W/bt_btm ( 2001): btm_decode_ext_features_page: feature page 1 ignored
02-09 04:21:57.572 W/bt_btm ( 2001): btm_decode_ext_features_page: feature page 2 ignored
02-09 04:21:57.572 I/QCC:Collector( 2393): deleteDir: /data/misc/qdma/down/3 already disabled
02-09 04:21:57.572 I/bt_btm_sec( 2001): BTM_SecRegister p_cb_info->p_le_callback == 0x0x6fff17a2f0
02-09 04:21:57.572 I/bt_btm_sec( 2001): BTM_SecRegister btm_cb.api.p_le_callback = 0x0x6fff17a2f0
02-09 04:21:57.573 V/bt_stack( 2001): [VERBOSE1:bta_gattc_act.cc(210)] bta_gattc_register: state:0
02-09 04:21:57.573 V/bt_stack( 2001): [VERBOSE1:bta_gattc_act.cc(132)] bta_gattc_enable
02-09 04:21:57.573 I/bt_stack( 2001): [INFO:gatt_api.cc(1223)] GATT_Register abf35d7d-c716-3a7f-3317-ba1188646ed6
02-09 04:21:57.572 E/omm.qtil.aptxu( 3032): Not starting debugger since process cannot load the jdwp agent.
02-09 04:21:57.573 I/bt_stack( 2001): [INFO:gatt_api.cc(1244)] allocated gatt_if=3
02-09 04:21:57.573 V/bt_stack( 2001): [VERBOSE1:gatt_api.cc(1369)] GATT_StartIf gatt_if=3
02-09 04:21:57.573 V/bt_stack( 2001): [VERBOSE1:gatt_utils.cc(293)] gatt_find_the_connected_bda start_idx=0
02-09 04:21:57.573 V/bt_stack( 2001): [VERBOSE1:gatt_utils.cc(305)] found=0 found_idx=5
02-09 04:21:57.574 D/OsAgent ( 2858): [bool_dataitem_update][2966] [HC] =>> [HS]
02-09 04:21:57.574 V/LocSvc_HIDL_IzatSubscription( 817): [boolDataItemUpdate][223] [HS] <<<<= [HC]
02-09 04:21:57.574 I/am_uid_running( 1523): 10023
02-09 04:21:57.575 D/CompatibilityChangeReporter( 1523): Compat change id reported: 135634846; UID 10023; state: DISABLED
02-09 04:21:57.575 D/CompatibilityChangeReporter( 1523): Compat change id reported: 177438394; UID 10023; state: DISABLED
02-09 04:21:57.575 D/CompatibilityChangeReporter( 1523): Compat change id reported: 135772972; UID 10023; state: DISABLED
02-09 04:21:57.575 D/CompatibilityChangeReporter( 1523): Compat change id reported: 135754954; UID 10023; state: ENABLED
02-09 04:21:57.575 D/CompatibilityChangeReporter( 1523): Compat change id reported: 143937733; UID 10023; state: ENABLED
02-09 04:21:57.575 I/QCC:OmaDMNative( 2393): qcc_hidl_update_vendor_dropbox(), path=/data/misc/qdma/down/3 isEnabled=0
02-09 04:21:57.576 I/Tethering( 2081): USB bcast connected:true configured:false rndis:false ncm:false
02-09 04:21:57.576 D/QCC:qccvndhal( 844): /data/vendor/qdma/down/3 is null
02-09 04:21:57.576 I/QCC:OmaDMNative( 2393): qcc_hidl_update_vendor_dropbox() res=0
02-09 04:21:57.576 I/QCC:Collector( 2393): deleteDir: /data/misc/qdma/down/1500 already disabled
02-09 04:21:57.579 D/ProcessState( 3032): Binder ioctl to enable oneway spam detection failed: Invalid argument
02-09 04:21:57.579 E/OsAgent ( 2858): Wifi Scan Always Available: 0
02-09 04:21:57.579 D/OsAgent ( 2858): [bool_dataitem_update][2966] [HC] =>> [HS]
02-09 04:21:57.579 V/LocSvc_HIDL_IzatSubscription( 817): [boolDataItemUpdate][223] [HS] <<<<= [HC]
02-09 04:21:57.580 I/android_os_HwBinder( 2147): HwBinder: Starting thread pool for getting: com.qualcomm.qti.uceservice@2.3::IUceService/com.qualcomm.qti.uceservice
02-09 04:21:57.579 I/QCC:OmaDMNative( 2393): qcc_hidl_update_vendor_dropbox(), path=/data/misc/qdma/down/1500 isEnabled=0
02-09 04:21:57.580 D/QCC:qccvndhal( 844): /data/vendor/qdma/down/1500 is null
02-09 04:21:57.580 I/QCC:OmaDMNative( 2393): qcc_hidl_update_vendor_dropbox() res=0
01-02 09:38:37.738 I/binder ( 0): 3032:3032 ioctl 40046210 7ffaef2474 returned -22
02-09 04:21:57.581 E/ion ( 884): ioctl c0044901 failed with code -1: Inappropriate ioctl for device
02-09 04:21:57.581 W/omm.location.X( 2994): ClassLoaderContext shared library size mismatch. Expected=0, found=1 (PCL[] | PCL[]{PCL[/system/system_ext/framework/izat.xt.srv.jar*844606969]})
02-09 04:21:57.582 I/sscrpcd ( 884): vendor/qcom/proprietary/adsprpc/src/mod_table.c:687: open_mod_table_open_from_static: reverse module apps_std opened with handle 0x236cb9e8 (idx 0)
02-09 04:21:57.583 I/QCC:Collector( 2393): deleteDir: /data/misc/qdma/down/1504 already disabled
02-09 04:21:57.584 V/bt_stack( 2001): [VERBOSE1:ble_advertiser_hci_interface.cc(943)] Initialize
02-09 04:21:57.584 I/bt_stack( 2001): [INFO:ble_advertiser_hci_interface.cc(947)] Extended advertising will be in use
02-09 04:21:57.584 W/sscrpcd ( 884): vendor/qcom/proprietary/adsprpc/src/apps_std_imp.c:881: Warning: apps_std_fopen_with_env failed with 0x2 for .//lowi//lowi_lp.conf (No such file or directory)
01-02 09:38:37.740 E/swr-wcd rx_swr_ctrl( 0): swrm_get_logical_dev_num: device 0xd01170224 is not ready
01-02 09:38:37.740 E/swr_get_logical_dev_num( 0): Error -22 to get logical addr for device d01170224
01-02 09:38:37.741 E/swr-wcd rx_swr_ctrl( 0): swrm_get_logical_dev_num: device 0xd01170224 is not ready
01-02 09:38:37.741 E/swr_get_logical_dev_num( 0): Error -22 to get logical addr for device d01170224
01-02 09:38:37.741 E/swr-wcd rx_swr_ctrl( 0): swrm_get_logical_dev_num: device 0xd01170224 is not ready
01-02 09:38:37.741 E/swr_get_logical_dev_num( 0): Error -22 to get logical addr for device d01170224
01-02 09:38:37.741 E/swr-wcd rx_swr_ctrl( 0): swrm_get_logical_dev_num: device 0xd01170224 is not ready
01-02 09:38:37.741 E/swr_get_logical_dev_num( 0): Error -22 to get logical addr for device d01170224
01-02 09:38:37.741 E/swr-wcd rx_swr_ctrl( 0): swrm_get_logical_dev_num: device 0xd01170224 is not ready
01-02 09:38:37.741 E/swr_get_logical_dev_num( 0): Error -22 to get logical addr for device d01170224
01-02 09:38:37.741 E/wcd938x_codec wcd938x-codec( 0): wcd938x_bind: Slave bind failed, ret = -517
02-09 04:21:57.584 D/AdapterProperties( 2001): BT_PROPERTY_LOCAL_LE_FEATURES: update from BT controller mNumOfAdvertisementInstancesSupported = 16 mRpaOffloadSupported = true mNumOfOffloadedIrkSupported = 32 mNumOfOffloadedScanFilterSupported = 32 mOffloadedScanResultStorageBytes= 10240 mIsActivityAndEnergyReporting = true mVersSupported = 96 mTotNumOfTrackableAdv = 32 mIsExtendedScanSupported = true mIsDebugLogSupported = false mIsLe2MPhySupported = true mIsLeCodedPhySupported = true mIsLeExtendedAdvertisingSupported = true mIsLePeriodicAdvertisingSupported = true mLeMaximumAdvertisingDataLength = 1650 mDynamicAudioBufferSizeSupportedCodecsGroup1 = 0 mDynamicAudioBufferSizeSupportedCodecsGroup2 = 0
02-09 04:21:57.587 E/bt_btif_storage( 2001): btif_storage_get_adapter_property: Controller ready!
02-09 04:21:57.587 I/bt_btif_storage( 2001): btif_storage_get_adapter_property service_mask:0x20000000
02-09 04:21:57.587 D/AdapterProperties( 2001): Address is:22:22:CD:34:44:EC
02-09 04:21:57.589 D/AdapterProperties( 2001): Name is: 高合娱乐副屏
02-09 04:21:57.589 D/LOWI-9.0.0.87.a( 1318): [LOWINetlinkSocketReceiver] unpackRTMLinkMessage: RTM_NEWLINK - ifname vlan1, flags 0x1003 ([UP])
02-09 04:21:57.590 D/AdapterProperties( 2001): Scan Mode:20
02-09 04:21:57.590 D/AdapterProperties( 2001): Discoverable Timeout:120
02-09 04:21:57.590 I/QCC:OmaDMNative( 2393): qcc_hidl_update_vendor_dropbox(), path=/data/misc/qdma/down/1504 isEnabled=0
02-09 04:21:57.590 D/QCC:qccvndhal( 844): /data/vendor/qdma/down/1504 is null
02-09 04:21:57.590 I/EthernetTracker( 1523): interfaceLinkStateChanged, iface: vlan1, up: false
02-09 04:21:57.590 I/QCC:OmaDMNative( 2393): qcc_hidl_update_vendor_dropbox() res=0
02-09 04:21:57.590 D/AdapterProperties( 2001): Adding bonded device:87:73:00:01:31:64
02-09 04:21:57.591 I/QCC:Collector( 2393): deleteDir: /data/misc/qdma/down/6 already disabled
02-09 04:21:57.591 D/BluetoothRemoteDevices( 2001): Property type: 163
02-09 04:21:57.591 D/BluetoothRemoteDevices( 2001): BT_PROPERTY_ADV_AUDIO_VALID_ADDR_TYPE 87:73:00:01:31:64 addrValid 1
02-09 04:21:57.591 D/BluetoothRemoteDevices( 2001): Property type: 1
01-02 09:38:37.747 E/msm-dwc3 a600000.ssusb( 0): Could not get usb psy
02-09 04:21:57.593 I/QCC:OmaDMNative( 2393): qcc_hidl_update_vendor_dropbox(), path=/data/misc/qdma/down/6 isEnabled=0
02-09 04:21:57.593 D/QCC:qccvndhal( 844): /data/vendor/qdma/down/6 is null
02-09 04:21:57.593 I/QCC:OmaDMNative( 2393): qcc_hidl_update_vendor_dropbox() res=0
02-09 04:21:57.593 I/QCC:Collector( 2393): deleteDir: /data/misc/qdma/down/51 already disabled
02-09 04:21:57.594 I/Perf ( 2994): Connecting to perf service.
02-09 04:21:57.595 I/BluetoothAdapterService( 2001): isIgnoreDevice false device name null addr 87:73:00:01:31:64
02-09 04:21:57.595 I/QCC:OmaDMNative( 2393): qcc_hidl_update_vendor_dropbox(), path=/data/misc/qdma/down/51 isEnabled=0
02-09 04:21:57.595 D/QCC:qccvndhal( 844): /data/vendor/qdma/down/51 is null
02-09 04:21:57.595 I/QCC:OmaDMNative( 2393): qcc_hidl_update_vendor_dropbox() res=0
02-09 04:21:57.596 I/QCC:Collector( 2393): deleteDir: /data/misc/qdma/down/102 already disabled
02-09 04:21:57.596 I/am_uid_active( 1523): 10084
02-09 04:21:57.596 D/Zygote ( 666): Forked child process 3051
02-09 04:21:57.596 I/QCC:Collector( 2393): deleteDir: /data/misc/qdma/down/104 already disabled
02-09 04:21:57.596 I/QCC:Collector( 2393): deleteDir: /data/misc/qdma/down/1501 already disabled
02-09 04:21:57.596 D/BluetoothRemoteDevices( 2001): Remote Device name is: B.O.W
02-09 04:21:57.596 D/BluetoothRemoteDevices( 2001): Property type: 4
02-09 04:21:57.596 D/BluetoothRemoteDevices( 2001): Remote after adv audio class is:7936 87:73:00:01:31:64
01-02 09:38:37.757 I/configfs-gadget gadget( 0): high-speed config #1: b
01-02 09:38:37.757 E/msm-dwc3 a600000.ssusb( 0): Could not get usb psy
01-02 09:38:37.758 I/android_work( 0): sent uevent USB_STATE=CONFIGURED
02-09 04:21:57.597 D/BluetoothRemoteDevices( 2001): Remote class is:9536
02-09 04:21:57.597 D/BluetoothRemoteDevices( 2001): Property type: 5
02-09 04:21:57.597 D/BluetoothRemoteDevices( 2001): BT_PROPERTY_TYPE_OF_DEVICE 87:73:00:01:31:64
02-09 04:21:57.597 D/BluetoothRemoteDevices( 2001): Property type: 164
02-09 04:21:57.597 D/BluetoothRemoteDevices( 2001): BT_PROPERTY_ADV_AUDIO_ID_BD_ADDR Remote Address MAP is:00:00:00:00:00:00
02-09 04:21:57.597 D/BluetoothRemoteDevices( 2001): Property type: 3
02-09 04:21:57.597 D/BluetoothRemoteDevices( 2001): BT_PROPERTY_UUIDS 87:73:00:01:31:64
02-09 04:21:57.597 I/am_proc_start( 1523): [0,3051,10023,android.process.media,broadcast,{com.android.mtp/com.android.mtp.MtpReceiver}]
02-09 04:21:57.597 E/BluetoothVendorJni( 2001): adapter_vendor_properties_callback: Status is: 0, Properties: 1
02-09 04:21:57.597 I/ActivityManager( 1523): Start proc 3051:android.process.media/u0a23 for broadcast {com.android.mtp/com.android.mtp.MtpReceiver}
02-09 04:21:57.597 D/BluetoothVendorService( 2001): Property type: 5
02-09 04:21:57.597 D/AdapterProperties( 2001): BT_PROPERTY_ADD_ON_FEATURES: update from BT controller
02-09 04:21:57.597 D/AdapterProperties( 2001): mWiPowerFastbootEnabled = false
02-09 04:21:57.597 D/AdapterProperties( 2001): SplitA2DPScrambleDataRequired = false
02-09 04:21:57.597 D/AdapterProperties( 2001): mSplitA2DP44p1KhzSampleFreq = true
02-09 04:21:57.597 D/AdapterProperties( 2001): mSplitA2DP48KhzSampleFreq = true
02-09 04:21:57.597 D/AdapterProperties( 2001): mSplitA2DPSingleVSCommandSupport = true
02-09 04:21:57.597 D/AdapterProperties( 2001): mSplitA2DPSourceSBCEncoding = false
02-09 04:21:57.597 D/AdapterProperties( 2001): mSplitA2DPSourceSBC = true
02-09 04:21:57.597 D/AdapterProperties( 2001): mSplitA2DPSourceMP3 = false
02-09 04:21:57.597 D/AdapterProperties( 2001): mSplitA2DPSourceAAC = true
02-09 04:21:57.597 D/AdapterProperties( 2001): mSplitA2DPSourceLDAC = true
02-09 04:21:57.597 D/AdapterProperties( 2001): mSplitA2DPSourceAPTX = true
02-09 04:21:57.597 D/AdapterProperties( 2001): mSplitA2DPSourceAPTXHD = true
02-09 04:21:57.597 D/AdapterProperties( 2001): mSplitA2DPSourceAPTXADAPTIVE = true
02-09 04:21:57.597 D/AdapterProperties( 2001): mSplitA2DPSourceAPTXTWSPLUS = true
02-09 04:21:57.597 D/AdapterProperties( 2001): mSplitA2DPSinkSBC = true
02-09 04:21:57.597 D/AdapterProperties( 2001): mSplitA2DPSinkMP3 = true
02-09 04:21:57.597 D/AdapterProperties( 2001): mSplitA2DPSinkAAC = true
02-09 04:21:57.597 D/AdapterProperties( 2001): mSplitA2DPSinkLDAC = true
02-09 04:21:57.597 D/AdapterProperties( 2001): mSplitA2DPSinkAPTX = true
02-09 04:21:57.597 D/AdapterProperties( 2001): mSplitA2DPSinkAPTXHD = true
02-09 04:21:57.597 D/AdapterProperties( 2001): mSplitA2DPSinkAPTXADAPTIVE = true
02-09 04:21:57.597 D/AdapterProperties( 2001): mSplitA2DPSinkAPTXTWSPLUS = false
02-09 04:21:57.597 D/AdapterProperties( 2001): mVoiceDualSCO = false
02-09 04:21:57.597 D/AdapterProperties( 2001): mVoiceTWSPLUSeSCOAG = true
02-09 04:21:57.597 D/AdapterProperties( 2001): mSWBVoicewithAptxAdaptiveAG = true
02-09 04:21:57.597 D/AdapterProperties( 2001): SplitA2DPSourceAACABR = false
02-09 04:21:57.597 D/AdapterProperties( 2001): SplitA2DPSourceTxSplitAPTXADAPTIVE = false
02-09 04:21:57.597 D/AdapterProperties( 2001): BroadcastAudioTxwithEC_2_5 = true
02-09 04:21:57.597 D/AdapterProperties( 2001): mBroadcastAudioTxwithEC_3_9 = false
02-09 04:21:57.597 D/AdapterProperties( 2001): mBroadcastAudioRxwithEC_2_5 = false
02-09 04:21:57.597 D/AdapterProperties( 2001): mBroadcastAudioRxwithEC_3_9= false
02-09 04:21:57.597 D/bt_btif_vendor( 2001): btif_vendor_update_whitelisted_media_players
02-09 04:21:57.597 D/bt_device_interop( 2001): interop_get_whitelisted_media_players_list :
02-09 04:21:57.597 D/bt_device_interop( 2001): interop_database_get_whitelisted_media_players_list()
02-09 04:21:57.598 E/bt_device_interop( 2001): interop_database_get_whitelisted_media_players_list(): found feature - INTEROP_BROWSE_PLAYER_WHITE_LIST
02-09 04:21:57.598 W/bt_btif ( 2001): fetch_whitelisted_media_players: Found list of Whitelisted media players
02-09 04:21:57.598 D/bt_btif_vendor( 2001): btif_vendor_update_whitelisted_media_players: 2 - WL media players found
02-09 04:21:57.598 E/BluetoothVendorJni( 2001): whitelisted_players_properties_callback: Status is: 0, Properties: 1
02-09 04:21:57.598 D/BluetoothVendorService( 2001): Property type: 6
02-09 04:21:57.598 D/BluetoothVendorService( 2001): player_name :com.google.android.apps.youtube.music
02-09 04:21:57.598 D/AdapterProperties( 2001): updateWhitelistedMediaPlayers
02-09 04:21:57.598 D/AdapterProperties( 2001): Adding to Whitelisted Players list:com.google.android.apps.youtube.music
02-09 04:21:57.598 D/BluetoothVendorService( 2001): player_name :com.gaana
02-09 04:21:57.598 D/AdapterProperties( 2001): updateWhitelistedMediaPlayers
02-09 04:21:57.598 D/AdapterProperties( 2001): Adding to Whitelisted Players list:com.gaana
02-09 04:21:57.598 I/QRCSService( 2147): Received HIDL-UCEService :VERSION_2_3
02-09 04:21:57.598 D/Aidl-shim UceServiceStub( 2147): RCSStartRCSService setHidlUceService
02-09 04:21:57.598 I/bt_stack( 2001): [INFO:btif_bqr.cc(304)] EnableBtQualityReport: is_enable: 1
02-09 04:21:57.598 W/bt_stack( 2001): [WARNING:btif_bqr.cc(318)] EnableBtQualityReport: Bluetooth Quality Report - Root inflammation event enabled, bqr_prop_evtmask: 16, bqr_prop_interval_ms: 0
02-09 04:21:57.598 I/bt_stack( 2001): [INFO:btif_bqr.cc(353)] EnableBtQualityReport: Event Mask: 0x00000010, Interval: 0
02-09 04:21:57.598 I/bt_stack( 2001): [INFO:btif_bqr.cc(402)] ConfigureBqr: Action:
02-09 04:21:57.598 I/bt_btif_core( 2001): btif_enable_bluetooth_evt entered: status 0
02-09 04:21:57.598 W/bt_btif ( 2001): btif_enable_bluetooth_evt: Saving the Adapter Address
02-09 04:21:57.598 D/AdapterProperties( 2001): Address is:22:22:CD:34:44:EC
02-09 04:21:57.598 I/am_proc_bound( 1523): [0,3032,com.qualcomm.qtil.aptxui]
02-09 04:21:57.599 V/GraphicsEnvironment( 2994): ANGLE Developer option for 'com.qualcomm.location.XT' set to: 'default'
02-09 04:21:57.599 I/adbd ( 2715): USB event: FUNCTIONFS_ENABLE
02-09 04:21:57.599 V/GraphicsEnvironment( 2994): ANGLE GameManagerService for com.qualcomm.location.XT: false
02-09 04:21:57.600 D/NetworkSecurityConfig( 2994): No Network Security Config specified, using platform default
02-09 04:21:57.600 D/NetworkSecurityConfig( 2994): No Network Security Config specified, using platform default
02-09 04:21:57.600 I/DrmHal ( 2393): found instance=clearkey version=android.hardware.drm@1.3::IDrmFactory
02-09 04:21:57.600 I/DrmHal ( 2393): found instance=wfdhdcp version=android.hardware.drm@1.3::IDrmFactory
02-09 04:21:57.600 D/vendor.qti.bluetooth@1.0-uart_controller( 808): CheckForBQRRootInflammationBit: BQR root inflammation enabled
02-09 04:21:57.600 I/adbd ( 2715): UsbFfs-worker thread spawned
02-09 04:21:57.600 I/bt_stack( 2001): [INFO:btm_ble_bgconn.cc(429)] Already connection initiated (or) No Pending connections(or) Resources of lcb are exhausted
02-09 04:21:57.601 I/bt_stack( 2001): [INFO:btif_bqr.cc(386)] BqrVscCompleteCallback, current event mask: 0x00000010
02-09 04:21:57.601 I/bt_stack( 2001): [INFO:btif_bqr.cc(288)] ConfigureBqrCmpl: current_evt_mask: 0x00000010
02-09 04:21:57.601 I/bt_stack( 2001): [INFO:btm_devctl.cc(1311)] BTM_BT_Quality_Report_VSE_Register: Success to (un)register VSEvents. is_register: 1
02-09 04:21:57.601 W/bt_stack( 2001): [WARNING:btif_bqr.cc(265)] ConfigBqrA2dpScoThreshold: a2dp_choppy_threshold: 0, sco_choppy_threshold: 0
02-09 04:21:57.601 D/HDCPManagerAdapter( 1231): getHDCPFactory get new Instance
02-09 04:21:57.602 I/QCC:OmaDMNative( 2393): qcc_hidl_update_vendor_dropbox(), path=/data/misc/qdma/down/1501 isEnabled=0
02-09 04:21:57.602 D/HDCPManagerAdapter( 1231): getHDCPFactory got new Instance
02-09 04:21:57.602 D/QCC:qccvndhal( 844): /data/vendor/qdma/down/1501 is null
02-09 04:21:57.602 I/QCC:OmaDMNative( 2393): qcc_hidl_update_vendor_dropbox() res=0
02-09 04:21:57.602 W/HDCPManagerAdapter( 1231): HDCPManagerAdapter::isHDCPAvailable 0
02-09 04:21:57.603 I/QCC:Collector( 2393): deleteDir: /data/misc/qdma/down/1502 already disabled
02-09 04:21:57.603 W/HDCPManagerAdapter( 1231): HDCPManagerAdapter::isHDCPAvailable 0
02-09 04:21:57.603 W/HDCPManagerAdapter( 1231): HDCPManagerAdapter::isHDCPAvailable 0
01-02 09:38:37.768 I/binder ( 0): 3051:3051 ioctl 40046210 7ffaef2474 returned -22
02-09 04:21:57.604 D/CompatibilityChangeReporter( 1523): Compat change id reported: 168419799; UID 10084; state: DISABLED
02-09 04:21:57.604 W/HDCPManagerAdapter( 1231): HDCPManagerAdapter::isHDCPAvailable 0
02-09 04:21:57.604 D/CompatibilityInfo( 1523): mCompatibilityFlags - 4
02-09 04:21:57.604 D/CompatibilityInfo( 1523): applicationDensity - 240
02-09 04:21:57.604 D/CompatibilityInfo( 1523): applicationScale - 1.0
02-09 04:21:57.604 E/DrmHal ( 2393): uuid=[edef8ba979d64ace a3c827dcd51d21ed] No supported hal instance found
02-09 04:21:57.605 I/hwservicemanager( 505): Since vendor.qti.hardware.iop@2.0::IIop/default is not registered, trying to start it as a lazy HAL.
02-09 04:21:57.605 E/ANDR-IOP( 1212): IIop:: Iop HAL Service is not available.
02-09 04:21:57.605 E/WidevineCollector( 2393): android.media.UnsupportedSchemeException: Failed to instantiate drm object: NO_INIT
02-09 04:21:57.605 E/WidevineCollector( 2393): ============================== Beginning of DRM Plugin Log ==============================
02-09 04:21:57.605 E/WidevineCollector( 2393):
02-09 04:21:57.600 I found instance=clearkey version=android.hardware.drm@1.3::IDrmFactory
02-09 04:21:57.605 E/WidevineCollector( 2393):
02-09 04:21:57.600 I found instance=wfdhdcp version=android.hardware.drm@1.3::IDrmFactory
02-09 04:21:57.605 E/WidevineCollector( 2393):
02-09 04:21:57.604 E uuid=[edef8ba979d64ace a3c827dcd51d21ed] No supported hal instance found
02-09 04:21:57.605 E/WidevineCollector( 2393): ============================== End of DRM Plugin Log ==============================
02-09 04:21:57.605 E/WidevineCollector( 2393): android.media.UnsupportedSchemeException: Failed to instantiate drm object: NO_INIT
02-09 04:21:57.605 E/WidevineCollector( 2393): ============================== Beginning of DRM Plugin Log ==============================
02-09 04:21:57.605 E/WidevineCollector( 2393):
02-09 04:21:57.600 I found instance=clearkey version=android.hardware.drm@1.3::IDrmFactory
02-09 04:21:57.605 E/WidevineCollector( 2393):
02-09 04:21:57.600 I found instance=wfdhdcp version=android.hardware.drm@1.3::IDrmFactory
02-09 04:21:57.605 E/WidevineCollector( 2393):
02-09 04:21:57.604 E uuid=[edef8ba979d64ace a3c827dcd51d21ed] No supported hal instance found
02-09 04:21:57.605 E/WidevineCollector( 2393): ============================== End of DRM Plugin Log ==============================
02-09 04:21:57.605 E/WidevineCollector( 2393): at android.media.MediaDrm.native_setup(Native Method)
02-09 04:21:57.605 E/WidevineCollector( 2393): at android.media.MediaDrm.(MediaDrm.java:293)
02-09 04:21:57.605 E/WidevineCollector( 2393): at com.qualcomm.qti.qdma.collector.WidevineCollector$1.run(WidevineCollector.java:81)
02-09 04:21:57.605 E/WidevineCollector( 2393): at java.util.TimerThread.mainLoop(Timer.java:562)
02-09 04:21:57.605 E/WidevineCollector( 2393): at java.util.TimerThread.run(Timer.java:512)
02-09 04:21:57.606 I/QCC:OmaDMNative( 2393): qcc_hidl_update_vendor_dropbox(), path=/data/misc/qdma/down/1502 isEnabled=0
02-09 04:21:57.606 D/QCC:qccvndhal( 844): /data/vendor/qdma/down/1502 is null
02-09 04:21:57.606 I/QCC:OmaDMNative( 2393): qcc_hidl_update_vendor_dropbox() res=0
02-09 04:21:57.606 I/QCC:Collector( 2393): deleteDir: /data/misc/qdma/down/1503 already disabled
02-09 04:21:57.607 D/CompatibilityInfo( 1523): mCompatibilityFlags - 4
02-09 04:21:57.607 D/CompatibilityInfo( 1523): applicationDensity - 240
02-09 04:21:57.607 D/CompatibilityInfo( 1523): applicationScale - 1.0
02-09 04:21:57.607 I/Aidl-shim UceServiceStub( 2147): ServiceStatus isRCSRegistered [true]
02-09 04:21:57.607 I/QRCSService( 2147): startService: attempt BroadCast ServieUpIntent
02-09 04:21:57.608 E/d.process.medi( 3051): Not starting debugger since process cannot load the jdwp agent.
02-09 04:21:57.608 I/QCC:OmaDMNative( 2393): qcc_hidl_update_vendor_dropbox(), path=/data/misc/qdma/down/1503 isEnabled=0
02-09 04:21:57.608 D/QCC:qccvndhal( 844): /data/vendor/qdma/down/1503 is null
02-09 04:21:57.608 I/QCC:OmaDMNative( 2393): qcc_hidl_update_vendor_dropbox() res=0
02-09 04:21:57.609 D/ProcessState( 3051): Binder ioctl to enable oneway spam detection failed: Invalid argument
02-09 04:21:57.609 I/QCC:QccLicenseListGen( 2393): qccCheckInstalledIsv
02-09 04:21:57.610 D/CompatibilityChangeReporter( 3032): Compat change id reported: 171979766; UID 10084; state: ENABLED
02-09 04:21:57.610 D/QCCAuthMgr( 2554): SMQContentProvider query uri: content://com.qti.smq.Feedback.provider/IsvAppTbl, selection: null, uri_matcher: 5
02-09 04:21:57.611 D/QCCAuthMgr( 2554): SMQContentProvider query tableName: IsvAppTbl
02-09 04:21:57.611 I/bt_osi_thread( 2001): run_thread: thread id 3073, thread name btif_sock started
02-09 04:21:57.612 I/Tethering( 2081): USB bcast connected:true configured:true rndis:false ncm:false
02-09 04:21:57.613 D/bt_bte_conf( 2001): Device ID record 1 : primary
02-09 04:21:57.613 D/bt_bte_conf( 2001): vendorId = 001d
02-09 04:21:57.613 D/bt_bte_conf( 2001): vendorIdSource = 0001
02-09 04:21:57.613 D/bt_bte_conf( 2001): product = 1200
02-09 04:21:57.613 D/bt_bte_conf( 2001): version = 1436
02-09 04:21:57.613 D/bt_bte_conf( 2001): clientExecutableURL =
02-09 04:21:57.613 D/bt_bte_conf( 2001): serviceDescription =
02-09 04:21:57.613 D/bt_bte_conf( 2001): documentationURL =
02-09 04:21:57.613 W/libc ( 505): Unable to set property "ctl.interface_start" to "vendor.qti.hardware.iop@2.0::IIop/default": error code: 0x20
02-09 04:21:57.613 D/bt_bte_conf( 2001): bte_load_did_conf no section named DID2.
02-09 04:21:57.613 I/bt_btif_core( 2001): btif_enable_bluetooth_evt finished
02-09 04:21:57.613 I/hwservicemanager( 505): Tried to start vendor.qti.hardware.iop@2.0::IIop/default as a lazy service, but was unable to. Usually this happens when a service is not installed, but if the service is intended to be used as a lazy service, then it may be configured incorrectly.
02-09 04:21:57.613 I/bt_stack_manager( 2001): event_start_up_stack finished
02-09 04:21:57.613 I/bt_btif_queue( 2001): btif_disconnect_queue_disconnect_next
02-09 04:21:57.613 W/bt_stack( 2001): [WARNING:stack_interface.cc(101)] btif_stack_state OnStackState 0x03
02-09 04:21:57.615 I/AdapterState( 2001): BLE_ON : entered
02-09 04:21:57.615 D/AdapterProperties( 2001): Setting state to BLE_ON
02-09 04:21:57.616 I/QCC:QccLicenseListGen( 2393): qccCheckLicenseExpiredIsv
01-02 09:38:37.778 I/binder ( 0): 2994:3071 ioctl 40046210 70019c5944 returned -22
02-09 04:21:57.616 D/LocIDLClientBase( 2994): try to get LOCAIDL service
02-09 04:21:57.616 D/BluetoothAdapterService( 2001): updateAdapterState() - Broadcasting state BLE_ON to 1 receivers.
02-09 04:21:57.616 D/QCCAuthMgr( 2554): SMQContentProvider query uri: content://com.qti.smq.Feedback.provider/IsvLicenseTbl, selection: null, uri_matcher: 3
02-09 04:21:57.616 D/QCCAuthMgr( 2554): SMQContentProvider query tableName: IsvLicenseTbl
02-09 04:21:57.616 E/servicemanager( 504): Could not find vendor.qti.gnss.ILocAidlGnss/default in the VINTF manifest.
02-09 04:21:57.617 D/BluetoothManagerService( 1523): MESSAGE_BLUETOOTH_STATE_CHANGE: BLE_TURNING_ON > BLE_ON
02-09 04:21:57.617 D/BluetoothManagerService( 1523): Bluetooth is in LE only mode
02-09 04:21:57.617 D/BluetoothManagerService( 1523): Binding Bluetooth GATT service
02-09 04:21:57.618 D/LocIDLClientBase( 2994): LOCAIDL service not available
02-09 04:21:57.618 D/LocIDLClientBase( 2994): try to get 4.1 service
02-09 04:21:57.618 D/BluetoothManagerService( 1523): Sending BLE State Change: BLE_TURNING_ON > BLE_ON
02-09 04:21:57.619 D/hw-ProcessState( 2994): Binder ioctl to enable oneway spam detection failed: Invalid argument
02-09 04:21:57.620 I/hwservicemanager( 505): getTransport: Cannot find entry vendor.qti.gnss@4.1::ILocHidlGnss/gnss_vendor in either framework or device VINTF manifest.
02-09 04:21:57.620 D/LocIDLClientBase( 2994): NoSuchElementException: java.util.NoSuchElementException
02-09 04:21:57.620 D/LocIDLClientBase( 2994): try to get 4.0 service
02-09 04:21:57.620 I/QCC:OperationMode( 2393): prepareProvisioned nProvisioned = 1
02-09 04:21:57.621 I/QCC:OperationMode( 2393): readOpMode operationMode: 1
02-09 04:21:57.621 I/QCC:OperationMode( 2393): DEVICE_PROVISIONED done or need to opmode as 3
02-09 04:21:57.621 I/QCC:QDMAEmbargoesList( 2393): checkEmbargoesListFile
02-09 04:21:57.622 I/android_os_HwBinder( 2994): HwBinder: Starting thread pool for getting: vendor.qti.gnss@4.0::ILocHidlGnss/gnss_vendor
02-09 04:21:57.622 I/QCC:QDMAEmbargoesList( 2393): QDMAEmbargoesIsDeviceInRegulatedArea regulated:false
02-09 04:21:57.622 I/QCC:OperationMode( 2393): isRestrictedEmbargoesState - : false
02-09 04:21:57.623 I/QCC:OperationMode( 2393): readOpMode operationMode: 1
02-09 04:21:57.623 I/QCC:NetworkStat( 2393): getActiveNetwork(ctx) invoked.
01-02 09:38:37.782 D/cnss ( 0): WLFW server arriving: node 7 port 1
01-02 09:38:37.782 D/cnss ( 0): Posting event: SERVER_ARRIVE(0), state: 0x10 flags: 0x0
01-02 09:38:37.782 D/cnss ( 0): PM stay awake, state: 0x10, count: 1
01-02 09:38:37.782 D/cnss ( 0): PM relax, state: 0x10, count: 0
01-02 09:38:37.782 D/cnss ( 0): PM stay awake, state: 0x10, count: 1
01-02 09:38:37.782 D/cnss ( 0): Processing driver event: SERVER_ARRIVE(0), state: 0x10
01-02 09:38:37.782 I/cnss ( 0): QMI WLFW service connected, state: 0x11
01-02 09:38:37.782 D/cnss ( 0): Sending indication register message, state: 0x11
02-09 04:21:57.624 I/am_proc_bound( 1523): [0,3051,android.process.media]
02-09 04:21:57.625 D/LOWI-9.0.0.87.a( 1318): [LOWINetlinkSocketReceiver] unpackRTMLinkMessage: RTM_NEWLINK - ifname vlan1, flags 0x1003 ([UP])
01-02 09:38:37.784 D/cnss ( 0): Sending host capability message, state: 0x11
01-02 09:38:37.784 D/cnss ( 0): Number of clients is 2
02-09 04:21:57.626 I/EthernetTracker( 1523): interfaceLinkStateChanged, iface: vlan1, up: false
01-02 09:38:37.784 D/cnss ( 0): Assign MSI to user: WAKE, num_vectors: 1, user_base_data: 813, base_vector: 13
02-09 04:21:57.626 D/CompatibilityChangeReporter( 1523): Compat change id reported: 168419799; UID 10023; state: DISABLED
02-09 04:21:57.626 D/CompatibilityInfo( 1523): mCompatibilityFlags - 4
01-02 09:38:37.784 D/cnss ( 0): WAKE MSI base data is 813
02-09 04:21:57.626 D/CompatibilityInfo( 1523): applicationDensity - 240
02-09 04:21:57.626 D/CompatibilityInfo( 1523): applicationScale - 1.0
02-09 04:21:57.626 I/QCC:NetworkStat( 2393): no available network
01-02 09:38:37.784 D/cnss ( 0): Calibration done is 1
02-09 04:21:57.627 E/ANDR-PERF-XMLPARSER( 843): Could not access the XML file at /vendor/etc/perf/perfmapping.xml
01-02 09:38:37.784 D/cnss ( 0): Sending iova starting 0xa0000000 with size 0x10010000
02-09 04:21:57.630 E/servicemanager( 504): Could not find vendor.qti.gnss.ILocAidlGnss/default in the VINTF manifest.
02-09 04:21:57.631 D/CompatibilityInfo( 1523): mCompatibilityFlags - 4
02-09 04:21:57.631 D/CompatibilityInfo( 1523): applicationDensity - 240
02-09 04:21:57.631 D/CompatibilityInfo( 1523): applicationScale - 1.0
02-09 04:21:57.632 I/android_os_HwBinder( 2994): HwBinder: Starting thread pool for getting: vendor.qti.gnss@3.0::ILocHidlGnss/gnss_vendor
02-09 04:21:57.632 V/LocSvc_HIDL_HidlGnss( 817): [getExtensionLocHidlIzatConfig][495] [HS] <<<<= [HC]
02-09 04:21:57.633 V/LocSvc_HIDL_HidlGnss( 817): [getExtensionLocHidlXT][314] [HS] <<<<= [HC]
02-09 04:21:57.633 D/XTSrv ( 2994): Readconfig init...
02-09 04:21:57.633 V/LocSvc_HIDL_IzatConfig( 817): [init][47] [HS] <<<<= [HC]
02-09 04:21:57.633 V/LocSvc_HIDL_IzatConfig( 817): [readConfig][68] [HS] <<<<= [HC]
02-09 04:21:57.633 V/LocSvc_HIDL_IzatConfig( 817): [readConfig][85] [HS] =>>>> [HC]
02-09 04:21:57.633 V/LocSvc_HIDL_XT( 817): [init][22] [HS] <<<<= [HC]
02-09 04:21:57.634 E/Xt_Adapter( 817): XtAdapter instance exists !
02-09 04:21:57.634 I/QCC:PeriodicCI( 2393): >> startConnectionChangeListener()
02-09 04:21:57.635 D/CompatibilityChangeReporter( 3051): Compat change id reported: 171979766; UID 10023; state: ENABLED
01-02 09:38:37.787 D/cnss ( 0): PM relax, state: 0x11, count: 0
02-09 04:21:57.636 D/CompatibilityChangeReporter( 1523): Compat change id reported: 171306433; UID 1000; state: ENABLED
02-09 04:21:57.638 I/QCC:PeriodicCI( 2393): -- Waiting for WiFi for up to 172800seconds
02-09 04:21:57.640 E/ANDR-PERF-XMLPARSER( 843): Could not access the XML file at /vendor/etc/perf/targetsysnodesconfigs.xml
02-09 04:21:57.643 D/ConnectivityService( 1523): requestNetwork for uid/pid:1000/2393 activeRequest: null callbackRequest: 28 [NetworkRequest [ REQUEST id=29, [ Capabilities: INTERNET&NOT_RESTRICTED&TRUSTED&NOT_VCN_MANAGED Uid: 1000 RequestorUid: 1000 RequestorPkg: com.qualcomm.qti.qdma] ]] callback flags: 0 priority: 2147483647
02-09 04:21:57.643 W/XTSrv ( 2994): setPackagePresence
02-09 04:21:57.643 D/ConnectivityService( 1523): NetReassign [no changes]
02-09 04:21:57.644 D/Ethernet( 1523): got request NetworkRequest [ REQUEST id=29, [ Capabilities: INTERNET&NOT_RESTRICTED&TRUSTED&NOT_VCN_MANAGED Uid: 1000 RequestorUid: 1000 RequestorPkg: com.qualcomm.qti.qdma] ]
02-09 04:21:57.644 D/EthernetNetworkFactory( 1523): acceptRequest, request: NetworkRequest [ REQUEST id=29, [ Capabilities: INTERNET&NOT_RESTRICTED&TRUSTED&NOT_VCN_MANAGED Uid: 1000 RequestorUid: 1000 RequestorPkg: com.qualcomm.qti.qdma] ]
02-09 04:21:57.644 D/XTProxy ( 2858): onServiceConnected
02-09 04:21:57.644 I/EthernetNetworkFactory( 1523): networkForRequest, request: NetworkRequest [ REQUEST id=29, [ Capabilities: INTERNET&NOT_RESTRICTED&TRUSTED&NOT_VCN_MANAGED Uid: 1000 RequestorUid: 1000 RequestorPkg: com.qualcomm.qti.qdma] ], network: null
02-09 04:21:57.648 E/ANDR-PERF-TARGET-INIT( 843): Error reading KPM nodes. Does KPM exist
02-09 04:21:57.648 E/ANDR-PERF-OPTSDATA( 843): Couldn't find path for idx=69
02-09 04:21:57.648 E/ANDR-PERF-OPTSDATA( 843): Couldn't find path for idx=115
02-09 04:21:57.648 E/ANDR-PERF-OPTSDATA( 843): Couldn't find path for idx=145
02-09 04:21:57.648 E/ANDR-PERF-OPTSDATA( 843): Couldn't find path for idx=146
02-09 04:21:57.648 E/ANDR-PERF-OPTSDATA( 843): Couldn't find path for idx=147
02-09 04:21:57.648 I/QCC:ActiveCareService( 2393): ActiveCareService onDestroy
02-09 04:21:57.649 E/ANDR-PERF-OPTSHANDLER( 843): Error: Sched Frequency Aggregation support not present
02-09 04:21:57.650 I/hwservicemanager( 505): getTransport: Cannot find entry vendor.qti.memory.pasrmanager@1.1::IPasrManager/pasrhal in either framework or device VINTF manifest.
02-09 04:21:57.651 I/Perf ( 3032): Connecting to perf service.
02-09 04:21:57.652 I/Perf ( 3051): Connecting to perf service.
02-09 04:21:57.656 V/GraphicsEnvironment( 3051): ANGLE Developer option for 'com.android.mtp' set to: 'default'
01-02 09:38:37.814 W/QSEECOM ( 0): qseecom_load_app: App with id 8 (fingerpr) now loaded
02-09 04:21:57.656 V/GraphicsEnvironment( 3051): ANGLE GameManagerService for com.android.mtp: false
02-09 04:21:57.656 D/QSEECOMAPI( 1309): Loaded image: APP id = 8
02-09 04:21:57.656 D/NetworkSecurityConfig( 3051): No Network Security Config specified, using platform default
02-09 04:21:57.656 D/NetworkSecurityConfig( 3051): No Network Security Config specified, using platform default
02-09 04:21:57.656 V/GraphicsEnvironment( 3032): ANGLE Developer option for 'com.qualcomm.qtil.aptxui' set to: 'default'
02-09 04:21:57.658 V/GraphicsEnvironment( 3032): ANGLE GameManagerService for com.qualcomm.qtil.aptxui: false
02-09 04:21:57.658 I/libdisplayconfigqti( 837): Register client name: MPCTL843 device client: 0xb40000773caafec0
02-09 04:21:57.659 I/QFP ( 1309): qsc_start_app: Loading app [fingerpr] succeeded
02-09 04:21:57.659 I/QFP ( 1309): openFramework: entry with eeprom_buffer_size=0
02-09 04:21:57.660 E/ANDR-PERF-MPCTL( 843): before pthread_cond_wait 1800, chk_core_online_poll
02-09 04:21:57.661 D/LOWI-9.0.0.87.a( 1318): [LOWINetlinkSocketReceiver] unpackRTMLinkMessage: RTM_NEWLINK - ifname vlan1, flags 0x1003 ([UP])
02-09 04:21:57.661 D/NetworkSecurityConfig( 3032): No Network Security Config specified, using platform default
02-09 04:21:57.661 D/NetworkSecurityConfig( 3032): No Network Security Config specified, using platform default
02-09 04:21:57.662 I/EthernetTracker( 1523): interfaceLinkStateChanged, iface: vlan1, up: false
02-09 04:21:57.664 I/GameModeConfig( 1523): isGameModeOn = false
02-09 04:21:57.664 I/GameModeConfig( 1523): isGameModeOn = false
02-09 04:21:57.664 I/aptxuiApplication( 3032): mQssEnabled: false
02-09 04:21:57.664 I/aptxuiApplication( 3032): aptxui (aptX UI app) Version Name: 4.0.6
02-09 04:21:57.665 I/aptxuiApplication( 3032): aptxui (aptX UI app) Package Name: com.qualcomm.qtil.aptxui
02-09 04:21:57.665 I/GameModeConfig( 1523): isGameModeOn = false
02-09 04:21:57.665 D/aptxuiApplication( 3032): creation complete
02-09 04:21:57.666 D/DrmLibTime( 515): got the req here! ret=0
02-09 04:21:57.666 D/DrmLibTime( 515): command id, time_cmd_id = 770
02-09 04:21:57.666 D/DrmLibTime( 515): time_getutcsec starts!
02-09 04:21:57.666 D/DrmLibTime( 515): QSEE Time Listener: time_getutcsec
02-09 04:21:57.666 D/DrmLibTime( 515): QSEE Time Listener: get_utc_seconds
02-09 04:21:57.666 D/DrmLibTime( 515): QSEE Time Listener: time_get_modem_time
02-09 04:21:57.666 D/DrmLibTime( 515): QSEE Time Listener: Checking if ATS_MODEM is set or not.
02-09 04:21:57.666 D/QC-time-services( 515): Lib:time_genoff_operation: pargs->base = 13
02-09 04:21:57.666 D/QC-time-services( 515): Lib:time_genoff_operation: pargs->operation = 2
02-09 04:21:57.666 D/QC-time-services( 515): Lib:time_genoff_operation: pargs->ts_val = 0
02-09 04:21:57.666 D/QC-time-services( 515): Lib:time_genoff_operation: Send to server passed!!
02-09 04:21:57.666 D/QC-time-services( 643): Daemon: Connection accepted:time_genoff
02-09 04:21:57.666 D/QC-time-services( 643): Daemon:Received base = 13, unit = 1, operation = 2,value = 0
02-09 04:21:57.666 D/QC-time-services( 643): Daemon:genoff_opr: Base = 13, val = 0, operation = 2
02-09 04:21:57.666 D/QC-time-services( 643): offset is: 0 for base: 13
02-09 04:21:57.666 E/QC-time-services( 515): Receive Passed == base = 13, unit = 1, operation = 2, result = 0
02-09 04:21:57.666 D/DrmLibTime( 515): QSEE Time Listener: ATS_MODEM is not set. Fallback to Android system time.
02-09 04:21:57.666 D/DrmLibTime( 515): QSEE Time Listener: Retrieved Android system time: 1675887717
02-09 04:21:57.666 D/DrmLibTime( 515): time_getutcsec returns 0, sec = 1675887717; nsec = 0
02-09 04:21:57.666 D/DrmLibTime( 515): time_getutcsec finished!
02-09 04:21:57.666 D/DrmLibTime( 515): iotcl_continue_command finished! and return 0
02-09 04:21:57.666 D/DrmLibTime( 515): before calling ioctl to read the next time_cmd
02-09 04:21:57.667 D/CompatibilityInfo( 1523): mCompatibilityFlags - 4
02-09 04:21:57.667 D/CompatibilityInfo( 1523): applicationDensity - 240
02-09 04:21:57.667 D/CompatibilityInfo( 1523): applicationScale - 1.0
02-09 04:21:57.668 E/QC-time-services( 643): Daemon: Time-services: Waiting to acceptconnection
02-09 04:21:57.670 E/ANDR-PERF-LM( 843): AdaptiveLaunch: AdaptLaunchFeature() 74: Fast Loader enabled = 0 TapEventIgnore Status 1
02-09 04:21:57.671 I/hwservicemanager( 505): Since vendor.qti.hardware.iop@2.0::IIop/default is not registered, trying to start it as a lazy HAL.
02-09 04:21:57.671 E/ANDR-IOP( 1212): IIop:: Iop HAL Service is not available.
02-09 04:21:57.672 W/libc ( 505): Unable to set property "ctl.interface_start" to "vendor.qti.hardware.iop@2.0::IIop/default": error code: 0x20
02-09 04:21:57.672 I/hwservicemanager( 505): Tried to start vendor.qti.hardware.iop@2.0::IIop/default as a lazy service, but was unable to. Usually this happens when a service is not installed, but if the service is intended to be used as a lazy service, then it may be configured incorrectly.
02-09 04:21:57.673 I/aptxuiService( 3032): onBind: Intent { act=com.qualcomm.qtil.aptxui.aptxuiService cmp=com.qualcomm.qtil.aptxui/.aptxuiService }
02-09 04:21:57.674 D/CompatibilityChangeReporter( 1523): Compat change id reported: 168419799; UID 10056; state: DISABLED
02-09 04:21:57.675 D/CompatibilityInfo( 1523): mCompatibilityFlags - 4
02-09 04:21:57.675 D/CompatibilityInfo( 1523): applicationDensity - 240
02-09 04:21:57.675 D/CompatibilityInfo( 1523): applicationScale - 1.0
02-09 04:21:57.677 I/aptxuiApplication( 3032): onServiceConnected: ComponentInfo{com.qualcomm.qtil.aptxui/com.qualcomm.qtil.aptxui.aptxuiService}
02-09 04:21:57.681 D/CompatibilityInfo( 1523): mCompatibilityFlags - 4
02-09 04:21:57.681 D/CompatibilityInfo( 1523): applicationDensity - 240
02-09 04:21:57.681 D/CompatibilityInfo( 1523): applicationScale - 1.0
02-09 04:21:57.682 D/hw-ProcessState( 2173): Binder ioctl to enable oneway spam detection failed: Invalid argument
02-09 04:21:57.683 I/HidlServiceManagement( 2173): Registered vendor.qti.hardware.cacert@1.0::IService/default
02-09 04:21:57.684 I/android_os_HwBinder( 2173): HwBinder: Starting thread pool for default
01-02 09:38:37.841 I/binder ( 0): 2173:2173 ioctl 40046210 7ffaef1e04 returned -22
02-09 04:21:57.687 D/LOWI-9.0.0.87.a( 1318): [LOWINetlinkSocketReceiver] unpackRTMLinkMessage: RTM_NEWLINK - ifname vlan1, flags 0x1003 ([UP])
02-09 04:21:57.688 D/CompatibilityInfo( 1523): mCompatibilityFlags - 4
02-09 04:21:57.688 D/CompatibilityInfo( 1523): applicationDensity - 240
02-09 04:21:57.688 D/CompatibilityInfo( 1523): applicationScale - 1.0
02-09 04:21:57.688 I/EthernetTracker( 1523): interfaceLinkStateChanged, iface: vlan1, up: false
02-09 04:21:57.690 E/ANDR-PERF-LM( 843): THERMAL_LISTENER: listener_thread_callback() 185: connect error: No such file or directory
02-09 04:21:57.692 W/ContextImpl( 2246): Calling a method in the system process without a qualified user: android.app.ContextImpl.startService:1816 android.content.ContextWrapper.startService:774 android.content.ContextWrapper.startService:774 vendor.qti.qesdk.sysservice.QesdkSysReceiver.onReceive:42 android.app.ActivityThread.handleReceiver:4309
02-09 04:21:57.693 W/ANDR-PERF-LM( 843): FeatureState: writeState() 188: GameOptimization: State transition not allowed
02-09 04:21:57.693 W/ANDR-PERF-LM( 843): FeatureState: writeState() 188: GameOptimization: State transition not allowed
02-09 04:21:57.693 D/CompatibilityInfo( 1523): mCompatibilityFlags - 4
02-09 04:21:57.693 D/CompatibilityInfo( 1523): applicationDensity - 240
02-09 04:21:57.693 D/CompatibilityInfo( 1523): applicationScale - 1.0
02-09 04:21:57.693 W/ANDR-PERF-LM( 843): FeatureState: writeState() 188: GameOptimization: State transition not allowed
02-09 04:21:57.694 I/servicemanager( 504): Found vendor.qti.qesdsys.IQesdSys/default in framework VINTF manifest.
02-09 04:21:57.695 I/vendor.qti.bluetooth@1.0-ibs_handler( 808): ProcessIbsCmd: Received IBS_SLEEP_IND: 0xFE
02-09 04:21:57.696 D/CompatibilityChangeReporter( 1523): Compat change id reported: 168419799; UID 10067; state: DISABLED
02-09 04:21:57.696 D/CompatibilityInfo( 1523): mCompatibilityFlags - 4
02-09 04:21:57.696 D/CompatibilityInfo( 1523): applicationDensity - 240
02-09 04:21:57.696 D/CompatibilityInfo( 1523): applicationScale - 1.0
02-09 04:21:57.700 D/CompatibilityInfo( 1523): mCompatibilityFlags - 4
02-09 04:21:57.700 D/CompatibilityInfo( 1523): applicationDensity - 240
02-09 04:21:57.700 D/CompatibilityInfo( 1523): applicationScale - 1.0
02-09 04:21:57.708 I/am_uid_running( 1523): 10032
02-09 04:21:57.709 D/CompatibilityChangeReporter( 1523): Compat change id reported: 135634846; UID 10032; state: DISABLED
02-09 04:21:57.709 D/CompatibilityChangeReporter( 1523): Compat change id reported: 177438394; UID 10032; state: DISABLED
02-09 04:21:57.709 D/CompatibilityChangeReporter( 1523): Compat change id reported: 135772972; UID 10032; state: DISABLED
02-09 04:21:57.710 D/CompatibilityChangeReporter( 1523): Compat change id reported: 135754954; UID 10032; state: ENABLED
02-09 04:21:57.710 D/LOWI-9.0.0.87.a( 1318): [LOWINetlinkSocketReceiver] unpackRTMLinkMessage: RTM_NEWLINK - ifname vlan1, flags 0x1003 ([UP])
02-09 04:21:57.710 D/CompatibilityChangeReporter( 1523): Compat change id reported: 143937733; UID 10032; state: ENABLED
