02-09 04:21:57.468 D/IzatProvider( 2858): getNetworkProvider finish
02-09 04:21:57.468 D/IzatProvider_network( 2858): location provider loaded
02-09 04:21:57.469 I/ServiceWatcher( 1523): [network] connected to {com.qualcomm.location/com.qualcomm.location.izatprovider.NetworkLocationService}
02-09 04:21:57.469 I/sysui_multi_action( 1523): [757,1501,758,1,793,436,794,0,795,436,796,26,806,android,857,DEVELOPER_IMPORTANT,858,4,947,0,1500,0]
02-09 04:21:57.469 D/IzatProvider( 2858): getFusedProvider
02-09 04:21:57.469 I/sysui_multi_action( 1523): [757,804,799,note_interruptive,801,0,802,1]
02-09 04:21:57.469 D/IzatProvider( 2858): getFusedProvider finish
02-09 04:21:57.469 I/GameModeConfig( 1523): isGameModeOn = false
02-09 04:21:57.469 D/IzatProvider_fused( 2858): location provider loaded
02-09 04:21:57.469 I/ServiceWatcher( 1523): [fused] connected to {com.qualcomm.location/com.qualcomm.location.izatprovider.FusedLocationService}
02-09 04:21:57.469 I/sysui_multi_action( 1523): [757,1501,758,1,793,436,794,0,795,436,796,26,806,android,857,DEVELOPER_IMPORTANT,858,4,947,0,1500,0,1688,1]
02-09 04:21:57.469 I/sysui_multi_action( 1523): [757,804,799,note_interruptive,801,0,802,1]
02-09 04:21:57.469 I/sysui_multi_action( 1523): [757,199,758,1,759,2,793,436,794,0,795,436,796,26,806,android,857,DEVELOPER_IMPORTANT,858,4,947,0,1500,0,1688,1]
02-09 04:21:57.469 I/notification_alert( 1523): [-1|android|26|null|1000,0,1,0]
02-09 04:21:57.470 W/NotificationHistory( 1523): Attempted to add notif for locked/gone/disabled user 0
02-09 04:21:57.470 I/hwservicemanager( 505): Since vendor.qti.hardware.iop@2.0::IIop/default is not registered, trying to start it as a lazy HAL.
02-09 04:21:57.470 E/ANDR-IOP( 1212): IIop:: Iop HAL Service is not available.
02-09 04:21:57.471 V/NotificationAssistants( 1523): disabling notification assistant for user 0: ComponentInfo{android.ext.services/android.ext.services.notification.Assistant}
02-09 04:21:57.471 D/NotificationListeners( 1523): Removing active service ComponentInfo{android.ext.services/android.ext.services.notification.Assistant}
02-09 04:21:57.471 E/update_engine( 1303): Read state file failed: No such file or directory
02-09 04:21:57.471 V/NotificationAssistants( 1523): enabling notification assistant for 0: ComponentInfo{android.ext.services/android.ext.services.notification.Assistant}
02-09 04:21:57.472 V/NotificationAssistants( 1523): binding: Intent { act=android.service.notification.NotificationAssistantService cmp=android.ext.services/.notification.Assistant (has extras) }
02-09 04:21:57.472 D/audio_hw_utils( 800): audio_extn_utils_compress_get_dsp_latency:: Using Fix DSP delay
02-09 04:21:57.472 D/audio_hw_utils( 800): audio_extn_utils_compress_get_dsp_latency:: delay in ms is 50
02-09 04:21:57.472 V/MediaStore( 2866): Examining volume emulated;0 with name external_primary and state checking
02-09 04:21:57.473 I/update_engine( 1303): [INFO:cleanup_previous_update_action.cc(130)] Stopping/suspending/completing CleanupPreviousUpdateAction
02-09 04:21:57.473 D/LocIDLClientBase( 2858): try to get LOCAIDL service
02-09 04:21:57.473 D/CompatibilityChangeReporter( 2866): Compat change id reported: 148180766; UID 10093; state: ENABLED
02-09 04:21:57.474 I/update_engine( 1303): [INFO:cleanup_previous_update_action.cc(469)] Not reporting merge stats because state is None
02-09 04:21:57.475 D/PulledMetrics( 2866): Registering callback with StatsManager
02-09 04:21:57.476 I/update_engine( 1303): [INFO:cleanup_previous_update_action.cc(130)] Stopping/suspending/completing CleanupPreviousUpdateAction
02-09 04:21:57.476 D/CompatibilityChangeReporter( 1523): Compat change id reported: 168419799; UID 10094; state: DISABLED
02-09 04:21:57.476 D/CompatibilityInfo( 1523): mCompatibilityFlags - 4
02-09 04:21:57.476 D/CompatibilityInfo( 1523): applicationDensity - 240
02-09 04:21:57.476 D/CompatibilityInfo( 1523): applicationScale - 1.0
02-09 04:21:57.476 E/servicemanager( 504): Could not find vendor.qti.gnss.ILocAidlGnss/default in the VINTF manifest.
02-09 04:21:57.476 D/LocIDLClientBase( 2858): LOCAIDL service not available
02-09 04:21:57.477 D/GameModeIF_GameModeSettings( 1523): getUriFor setting_content_uri_root = content://com.thundercomm.gamemode.api/gamemode_settings , name = gamemode_enable
02-09 04:21:57.477 D/CompatibilityInfo( 1523): mCompatibilityFlags - 4
02-09 04:21:57.477 D/CompatibilityInfo( 1523): applicationDensity - 240
02-09 04:21:57.477 D/CompatibilityInfo( 1523): applicationScale - 1.0
02-09 04:21:57.478 W/Binder ( 1523): Outgoing transactions from this process must be FLAG_ONEWAY
02-09 04:21:57.478 W/Binder ( 1523): java.lang.Throwable
02-09 04:21:57.478 W/Binder ( 1523): at android.os.BinderProxy.transact(BinderProxy.java:532)
02-09 04:21:57.478 W/Binder ( 1523): at android.content.ContentProviderProxy.query(ContentProviderNative.java:479)
02-09 04:21:57.478 W/Binder ( 1523): at android.content.ContentResolver.query(ContentResolver.java:1221)
02-09 04:21:57.478 W/Binder ( 1523): at android.content.ContentResolver.query(ContentResolver.java:1152)
02-09 04:21:57.478 W/Binder ( 1523): at android.content.ContentResolver.query(ContentResolver.java:1108)
02-09 04:21:57.478 W/Binder ( 1523): at com.thundercomm.gamemode.api.GameModeSettings$Settings.getInt(GameModeSettings.java:142)
02-09 04:21:57.478 W/Binder ( 1523): at com.thundercomm.gamemode.api.GameModeSettings$Settings.getBoolean(GameModeSettings.java:188)
02-09 04:21:57.478 W/Binder ( 1523): at com.android.server.notification.GameModeConfig.updateData(GameModeConfig.java:116)
02-09 04:21:57.478 W/Binder ( 1523): at com.android.server.notification.ZenModeHelper.onUserUnlocked(ZenModeHelper.java:265)
02-09 04:21:57.478 W/Binder ( 1523): at com.android.server.notification.NotificationManagerService$6.onReceive(NotificationManagerService.java:1855)
02-09 04:21:57.478 W/Binder ( 1523): at android.app.LoadedApk$ReceiverDispatcher$Args.lambda$getRunnable$0$LoadedApk$ReceiverDispatcher$Args(LoadedApk.java:1679)
02-09 04:21:57.478 W/Binder ( 1523): at android.app.LoadedApk$ReceiverDispatcher$Args$$ExternalSyntheticLambda0.run(Unknown Source:2)
02-09 04:21:57.478 W/Binder ( 1523): at android.os.Handler.handleCallback(Handler.java:938)
02-09 04:21:57.478 W/Binder ( 1523): at android.os.Handler.dispatchMessage(Handler.java:99)
02-09 04:21:57.478 W/Binder ( 1523): at android.os.Looper.loopOnce(Looper.java:201)
02-09 04:21:57.478 W/Binder ( 1523): at android.os.Looper.loop(Looper.java:288)
02-09 04:21:57.478 W/Binder ( 1523): at com.android.server.SystemServer.run(SystemServer.java:909)
02-09 04:21:57.478 W/Binder ( 1523): at com.android.server.SystemServer.main(SystemServer.java:616)
02-09 04:21:57.478 W/Binder ( 1523): at java.lang.reflect.Method.invoke(Native Method)
02-09 04:21:57.478 W/Binder ( 1523): at com.android.internal.os.RuntimeInit$MethodAndArgsCaller.run(RuntimeInit.java:548)
02-09 04:21:57.478 W/Binder ( 1523): at com.android.internal.os.ZygoteInit.main(ZygoteInit.java:987)
02-09 04:21:57.478 E/ndroid.keychai( 2948): Not starting debugger since process cannot load the jdwp agent.
02-09 04:21:57.479 D/CompatibilityInfo( 1523): mCompatibilityFlags - 4
02-09 04:21:57.479 D/CompatibilityInfo( 1523): applicationDensity - 240
02-09 04:21:57.479 D/CompatibilityInfo( 1523): applicationScale - 1.0
02-09 04:21:57.479 D/CompatibilityChangeReporter( 1523): Compat change id reported: 73144566; UID 1000; state: ENABLED
02-09 04:21:57.479 D/GameModeIF_GameModeSettings( 1523): getUriFor setting_content_uri_root = content://com.thundercomm.gamemode.api/gamemode_settings , name = gamemode_dnd_notification
02-09 04:21:57.479 D/CompatibilityChangeReporter( 1523): Compat change id reported: 73144566; UID 1000; state: DISABLED
02-09 04:21:57.480 D/GameModeIF_GameModeSettings( 1523): getUriFor setting_content_uri_root = content://com.thundercomm.gamemode.api/gamemode_settings , name = gamemode_isgaming
02-09 04:21:57.480 D/LocIDLClientBase( 2858): try to get 4.1 service
02-09 04:21:57.480 I/update_engine( 1303): [INFO:action_processor.cc(116)] ActionProcessor: finished last action CleanupPreviousUpdateAction with code ErrorCode::kSuccess
02-09 04:21:57.481 D/GameModeIF_GameModeSettings( 1523): getUriFor setting_content_uri_root = content://com.thundercomm.gamemode.api/gamemode_settings , name = gamemode_dnd_voice
02-09 04:21:57.481 I/hwservicemanager( 505): Since vendor.qti.hardware.iop@2.0::IIop/default is not registered, trying to start it as a lazy HAL.
02-09 04:21:57.481 V/MediaProvider( 2866): onConfigure() for external.db
02-09 04:21:57.481 W/libc ( 505): Unable to set property "ctl.interface_start" to "vendor.qti.hardware.iop@2.0::IIop/default": error code: 0x20
02-09 04:21:57.481 E/ANDR-IOP( 1212): IIop:: Iop HAL Service is not available.
02-09 04:21:57.481 I/hwservicemanager( 505): Tried to start vendor.qti.hardware.iop@2.0::IIop/default as a lazy service, but was unable to. Usually this happens when a service is not installed, but if the service is intended to be used as a lazy service, then it may be configured incorrectly.
02-09 04:21:57.482 W/libc ( 505): Unable to set property "ctl.interface_start" to "vendor.qti.hardware.iop@2.0::IIop/default": error code: 0x20
02-09 04:21:57.482 I/hwservicemanager( 505): Tried to start vendor.qti.hardware.iop@2.0::IIop/default as a lazy service, but was unable to. Usually this happens when a service is not installed, but if the service is intended to be used as a lazy service, then it may be configured incorrectly.
02-09 04:21:57.483 I/update_engine( 1303): [INFO:update_attempter_android.cc(546)] Processing Done.
02-09 04:21:57.483 V/MediaProvider( 2866): onOpen() for external.db
01-02 09:38:37.640 E/msm-dwc3 a600000.ssusb( 0): Could not get usb psy
01-02 09:38:37.640 I/android_work( 0): did not send uevent (0 0 0000000000000000)
01-02 09:38:37.644 I/binder ( 0): 2858:2955 ioctl 40046210 7002882934 returned -22
01-02 09:38:37.645 I/binder ( 0): 2948:2948 ioctl 40046210 7ffaef2474 returned -22
02-09 04:21:57.483 V/MediaProvider( 2866): onOpen() finished for external.db
02-09 04:21:57.484 I/update_engine( 1303): [INFO:update_attempter_android.cc(694)] Terminating cleanup previous update.
02-09 04:21:57.484 I/AccountManagerService( 1523): User 0 is unlocked - opening CE database
02-09 04:21:57.485 D/hw-ProcessState( 2858): Binder ioctl to enable oneway spam detection failed: Invalid argument
02-09 04:21:57.485 I/hwservicemanager( 505): getTransport: Cannot find entry vendor.qti.gnss@4.1::ILocHidlGnss/gnss_vendor in either framework or device VINTF manifest.
02-09 04:21:57.485 D/LOWI-9.0.0.87.a( 1318): [LOWINetlinkSocketReceiver] unpackRTMLinkMessage: RTM_NEWLINK - ifname vlan0, flags 0x1003 ([UP])
02-09 04:21:57.486 D/LocIDLClientBase( 2858): NoSuchElementException: java.util.NoSuchElementException
02-09 04:21:57.486 D/LocIDLClientBase( 2858): try to get 4.0 service
02-09 04:21:57.486 D/ProcessState( 2948): Binder ioctl to enable oneway spam detection failed: Invalid argument
02-09 04:21:57.487 I/android_os_HwBinder( 2858): HwBinder: Starting thread pool for getting: vendor.qti.gnss@4.0::ILocHidlGnss/gnss_vendor
02-09 04:21:57.487 I/EthernetTracker( 1523): interfaceLinkStateChanged, iface: vlan0, up: false
02-09 04:21:57.488 W/FileSource( 2018): offset/length adjusted from 0/576460752303423487 to 0/16905
02-09 04:21:57.489 D/CompatibilityChangeReporter( 1523): Compat change id reported: 168419799; UID 10083; state: DISABLED
02-09 04:21:57.489 D/CompatibilityInfo( 1523): mCompatibilityFlags - 4
02-09 04:21:57.489 D/CompatibilityInfo( 1523): applicationDensity - 240
02-09 04:21:57.489 D/CompatibilityInfo( 1523): applicationScale - 1.0
02-09 04:21:57.489 E/RilInfoMonitorAidlClient( 2858): ILocAidlGnss handle is null
02-09 04:21:57.489 D/RilInfoMonitor( 2858): ILocHidlGnss.getService(), service = vendor.qti.gnss@4.0::ILocHidlGnss@Proxy
02-09 04:21:57.489 I/QCCAuthMgr( 2554): BootReceiver - onReceive
02-09 04:21:57.490 I/QCCAuthMgr( 2554): android.intent.action.LOCKED_BOOT_COMPLETED intent received
02-09 04:21:57.490 I/am_proc_bound( 1523): [0,2948,com.android.keychain]
02-09 04:21:57.490 V/LocSvc_HIDL_HidlGnss( 817): [getExtensionLocHidlRilInfoMonitor][306] [HS] <<<<= [HC]
02-09 04:21:57.490 V/LocSvc_HIDL_HidlGnss( 817): [getExtensionLocHidlIzatSubscription_1_1][395] [HS] <<<<= [HC]
02-09 04:21:57.490 D/QCCAuthMgr( 2554): SMQContentProvider query uri: content://com.qti.smq.Feedback.provider/smq_settings, selection: key=?, uri_matcher: 1
02-09 04:21:57.490 D/QCCAuthMgr( 2554): SMQContentProvider query tableName: smq_settings
02-09 04:21:57.490 I/QCCAuthMgr( 2554): BootReceiver - db is not initial
02-09 04:21:57.490 D/CompatibilityChangeReporter( 1523): Compat change id reported: 168419799; UID 1000; state: DISABLED
02-09 04:21:57.490 D/CompatibilityInfo( 1523): mCompatibilityFlags - 4
02-09 04:21:57.490 D/CompatibilityInfo( 1523): applicationDensity - 240
02-09 04:21:57.490 D/CompatibilityInfo( 1523): applicationScale - 1.0
02-09 04:21:57.491 V/LocSvc_HIDL_IzatSubscription( 817): [init][171] [HS] <<<<= [HC]
02-09 04:21:57.491 I/SyncManager( 1523): Loaded persisted syncs: 0 periodic syncs, 0 oneshot syncs, 16 total system server jobs, JobStats: FirstLoad: 6/5/0 LastSave: -1/-1/-1
02-09 04:21:57.491 D/RilInfoMonitor( 2858): getRilInfoMonitorIface, mRilInfoMonitor=vendor.qti.gnss@1.1::ILocHidlRilInfoMonitor@Proxy
02-09 04:21:57.491 V/LocSvc_HIDL_RilInfoMonitor( 817): [init][18] [HS] <<<<= [HC]
02-09 04:21:57.491 D/RilInfoMonitor( 2858): RilInfoMonitorHidlClient hidl init
02-09 04:21:57.493 D/CompatibilityInfo( 1523): mCompatibilityFlags - 4
02-09 04:21:57.493 D/CompatibilityInfo( 1523): applicationDensity - 240
02-09 04:21:57.493 D/CompatibilityInfo( 1523): applicationScale - 1.0
02-09 04:21:57.494 I/MMParserExtractor( 1195): Created(0xb400007c63869970)
02-09 04:21:57.494 I/StorageUserConnection( 1523): Service: [ComponentInfo{com.android.providers.media.module/com.android.providers.media.fuse.ExternalStorageServiceImpl}] connected. User [0]
02-09 04:21:57.495 D/CompatibilityChangeReporter( 2948): Compat change id reported: 171979766; UID 1000; state: ENABLED
02-09 04:21:57.495 I/ExternalStorageServiceImpl( 2866): Starting session for id: emulated;0
02-09 04:21:57.496 V/FuseDaemonThread( 2866): Waiting 1000ms for FUSE start. Count 4
02-09 04:21:57.496 D/CompatibilityChangeReporter( 1523): Compat change id reported: 168419799; UID 1000; state: DISABLED
02-09 04:21:57.496 D/CompatibilityInfo( 1523): mCompatibilityFlags - 4
02-09 04:21:57.496 D/CompatibilityInfo( 1523): applicationDensity - 240
02-09 04:21:57.496 D/CompatibilityInfo( 1523): applicationScale - 1.0
02-09 04:21:57.498 I/FuseDaemonThread( 2866): Starting thread for emulated;0 ...
02-09 04:21:57.498 I/FuseDaemon( 2866): Starting fuse...
02-09 04:21:57.499 D/BiometricScheduler/Fingerprint21( 1523): [Finishing] {[0] FingerprintUpdateActiveUserClient, proto=1, owner=android, cookie=0, requestId=-1, userId=0}, success: true
02-09 04:21:57.499 I/QCC:QDMAEmbargoesList( 2393): checkEmbargoesListFile
02-09 04:21:57.499 D/BiometricScheduler/Fingerprint21( 1523): [Polled] {[1] FingerprintUpdateActiveUserClient, proto=1, owner=android, cookie=0, requestId=-1, userId=0}, State: 0
02-09 04:21:57.499 D/BiometricScheduler/Fingerprint21( 1523): [Starting] {[1] FingerprintUpdateActiveUserClient, proto=1, owner=android, cookie=0, requestId=-1, userId=0}, State: 0
02-09 04:21:57.499 D/BiometricScheduler/Fingerprint21( 1523): [Started] {[1] FingerprintUpdateActiveUserClient, proto=1, owner=android, cookie=0, requestId=-1, userId=0}
02-09 04:21:57.499 I/QFP ( 1309): notifyPowerState: 2
02-09 04:21:57.499 I/QFP ( 1309): notifyPowerState: 2
02-09 04:21:57.499 I/QFP ( 1309): notifyPowerState: 2
02-09 04:21:57.499 I/QFP ( 1309): notifyPowerState: screen state 2
02-09 04:21:57.499 I/QFP ( 1309): Initializing QFP framework, container 0 handle 0
02-09 04:21:57.499 I/QFP ( 1309): getPersistPropVal: persist.vendor.qfp.qbt_fd_name = /dev/qbt_fd (default /dev/qbt_fd)
02-09 04:21:57.499 I/QFP ( 1309): getPersistPropVal: persist.vendor.qfp.qbt_ipc_name = /dev/qbt_ipc (default /dev/qbt_ipc)
02-09 04:21:57.499 E/QFP ( 1309): Dropping unsupported QBT command
02-09 04:21:57.500 D/QSEECOMAPI( 1309): QSEECom_get_handle sb_length = 0x40000
02-09 04:21:57.500 I/QCC:QDMAEmbargoesList( 2393): QDMAEmbargoesIsDeviceInRegulatedArea regulated:false
02-09 04:21:57.500 I/QCC:OptInOutHandler( 2393): getAppStatusOptInOut
02-09 04:21:57.500 D/QSEECOMAPI( 1309): App is not loaded in QSEE
02-09 04:21:57.500 D/QSEECOMAPI( 1309): app_arch = 2, total_files = 9
02-09 04:21:57.500 E/ion ( 1309): ioctl c0044901 failed with code -1: Inappropriate ioctl for device
01-02 09:38:37.658 D/qbt ( 0): qbt_open: entry minor_no=0 fd_available=1
01-02 09:38:37.658 D/qbt ( 0): qbt_open: exit : 0 fd_available=0
01-02 09:38:37.658 D/qbt ( 0): qbt_open: entry minor_no=1 fd_available=0
01-02 09:38:37.658 D/qbt ( 0): qbt_open: exit : 0 fd_available=0
01-02 09:38:37.658 D/qbt ( 0): qbt_ioctl: cmd received 107
01-02 09:38:37.658 D/qbt ( 0): qbt_ioctl: Acquiring wakelock
02-09 04:21:57.502 W/MediaProvider( 2866): Failed to fetch original file descriptor
02-09 04:21:57.502 W/MediaProvider( 2866): java.io.IOException: stat failed: EACCES (Permission denied)
02-09 04:21:57.502 W/MediaProvider( 2866): at com.android.providers.media.MediaProvider.getFileFromFileDescriptor(MediaProvider.java:5794)
02-09 04:21:57.502 W/MediaProvider( 2866): at com.android.providers.media.MediaProvider.getOriginalMediaFormatFileDescriptor(MediaProvider.java:5711)
02-09 04:21:57.502 W/MediaProvider( 2866): at com.android.providers.media.MediaProvider.openTypedAssetFileCommon(MediaProvider.java:7134)
02-09 04:21:57.502 W/MediaProvider( 2866): at com.android.providers.media.MediaProvider.openTypedAssetFile(MediaProvider.java:7115)
02-09 04:21:57.502 W/MediaProvider( 2866): at android.content.ContentProvider$Transport.openTypedAssetFile(ContentProvider.java:548)
02-09 04:21:57.502 W/MediaProvider( 2866): at android.content.ContentProviderNative.onTransact(ContentProviderNative.java:327)
02-09 04:21:57.502 W/MediaProvider( 2866): at android.os.Binder.execTransactInternal(Binder.java:1179)
02-09 04:21:57.502 W/MediaProvider( 2866): at android.os.Binder.execTransact(Binder.java:1143)
02-09 04:21:57.502 W/MediaProvider( 2866): Caused by: android.system.ErrnoException: stat failed: EACCES (Permission denied)
02-09 04:21:57.502 W/MediaProvider( 2866): at libcore.io.Linux.stat(Native Method)
02-09 04:21:57.502 W/MediaProvider( 2866): at libcore.io.ForwardingOs.stat(ForwardingOs.java:853)
02-09 04:21:57.502 W/MediaProvider( 2866): at libcore.io.BlockGuardOs.stat(BlockGuardOs.java:420)
02-09 04:21:57.502 W/MediaProvider( 2866): at libcore.io.ForwardingOs.stat(ForwardingOs.java:853)
02-09 04:21:57.502 W/MediaProvider( 2866): at android.app.ActivityThread$AndroidOs.stat(ActivityThread.java:7780)
02-09 04:21:57.502 W/MediaProvider( 2866): at android.system.Os.stat(Os.java:919)
02-09 04:21:57.502 W/MediaProvider( 2866): at com.android.providers.media.MediaProvider.getFileFromFileDescriptor(MediaProvider.java:5788)
02-09 04:21:57.502 W/MediaProvider( 2866): ... 7 more
02-09 04:21:57.502 D/CompatibilityChangeReporter( 2858): Compat change id reported: 147600208; UID 10079; state: ENABLED
02-09 04:21:57.502 D/QCCAuthMgr( 2554): SMQContentProvider query uri: content://com.qti.smq.Feedback.provider/smq_settings, selection: key=?, uri_matcher: 1
02-09 04:21:57.502 D/QCCAuthMgr( 2554): SMQContentProvider query tableName: smq_settings
02-09 04:21:57.503 D/NuPlayerDriver( 1202): NuPlayerDriver(0xf3580d30) created, clientPid(2018)
02-09 04:21:57.504 I/QCC:OptInOutHandler( 2393): getAppStatusOptInOut, ret = false
02-09 04:21:57.505 I/QCC:OperationMode( 2393): readOpMode operationMode: 1
02-09 04:21:57.505 E/QCC:OperationMode( 2393): isQDMAUIInstalled - non exist: android.content.pm.PackageManager$NameNotFoundException: com.qualcomm.qti.smq
02-09 04:21:57.505 I/QCC:OperationMode( 2393): isQDMAUIInstalled : false
02-09 04:21:57.505 I/QCC:Collector( 2393): calling forceDisableQdmaStatsD
02-09 04:21:57.505 I/QCC:Collector( 2393): calling forceDisabledAllCollectors
02-09 04:21:57.506 I/QCC:Collector( 2393): deleteDir: /data/misc/qdma/down/1 already disabled
02-09 04:21:57.508 V/LocSvc_HIDL_HidlGnss( 817): [getExtensionLocHidlIzatNetworkProvider][266] [HS] <<<<= [HC]
02-09 04:21:57.510 I/QCC:OmaDMNative( 2393): qcc_hidl_update_vendor_dropbox(), path=/data/misc/qdma/down/1 isEnabled=0
02-09 04:21:57.510 D/QCC:qccvndhal( 844): /data/vendor/qdma/down/1 is null
02-09 04:21:57.510 I/QCC:OmaDMNative( 2393): qcc_hidl_update_vendor_dropbox() res=0
02-09 04:21:57.510 I/QCC:Collector( 2393): deleteDir: /data/misc/qdma/down/3 already disabled
02-09 04:21:57.511 I/ExtendedNuUtils( 1202): printFileName fd(11) -> /data/system_de/0/ringtones/notification_sound_cache
02-09 04:21:57.512 V/LocSvc_HIDL_IzatProvider( 817): [init][138] [HS] <<<<= [HC]
02-09 04:21:57.513 I/QCC:OmaDMNative( 2393): qcc_hidl_update_vendor_dropbox(), path=/data/misc/qdma/down/3 isEnabled=0
02-09 04:21:57.513 D/QCC:qccvndhal( 844): /data/vendor/qdma/down/3 is null
02-09 04:21:57.513 I/QCC:OmaDMNative( 2393): qcc_hidl_update_vendor_dropbox() res=0
02-09 04:21:57.513 D/XTProxy ( 2858): XTProxy ctor
02-09 04:21:57.513 E/XTProxy ( 2858): XTProxy binderDied
02-09 04:21:57.514 I/QCC:Collector( 2393): deleteDir: /data/misc/qdma/down/1500 already disabled
02-09 04:21:57.515 D/GenericSource( 1202): FileSource remote
02-09 04:21:57.515 I/am_uid_running( 1523): 10073
02-09 04:21:57.515 D/CompatibilityChangeReporter( 1523): Compat change id reported: 135634846; UID 10073; state: DISABLED
02-09 04:21:57.515 D/CompatibilityChangeReporter( 1523): Compat change id reported: 177438394; UID 10073; state: DISABLED
02-09 04:21:57.515 D/CompatibilityChangeReporter( 1523): Compat change id reported: 135772972; UID 10073; state: DISABLED
02-09 04:21:57.515 D/CompatibilityChangeReporter( 1523): Compat change id reported: 135754954; UID 10073; state: ENABLED
02-09 04:21:57.515 D/CompatibilityChangeReporter( 1523): Compat change id reported: 143937733; UID 10073; state: ENABLED
02-09 04:21:57.516 D/XTProxy ( 2858): setNppLoaded
02-09 04:21:57.515 I/auditd ( 2989): type=1400 audit(0.0:248): avc: denied { read } for comm="ip" name="rt_tables" dev="dm-10" ino=332 scontext=u:r:ethernet:s0 tcontext=u:object_r:net_data_file:s0 tclass=file permissive=0
02-09 04:21:57.515 W/ip ( 2989): type=1400 audit(0.0:248): avc: denied { read } for name="rt_tables" dev="dm-10" ino=332 scontext=u:r:ethernet:s0 tcontext=u:object_r:net_data_file:s0 tclass=file permissive=0
02-09 04:21:57.517 I/MMParserExtractor( 1195): Created(0xb400007c63869970)
02-09 04:21:57.517 I/QCC:OmaDMNative( 2393): qcc_hidl_update_vendor_dropbox(), path=/data/misc/qdma/down/1500 isEnabled=0
02-09 04:21:57.517 D/QCC:qccvndhal( 844): /data/vendor/qdma/down/1500 is null
02-09 04:21:57.517 I/QCC:OmaDMNative( 2393): qcc_hidl_update_vendor_dropbox() res=0
02-09 04:21:57.518 I/QCC:Collector( 2393): deleteDir: /data/misc/qdma/down/1504 already disabled
02-09 04:21:57.518 I/Perf ( 2948): Connecting to perf service.
02-09 04:21:57.519 D/MediaBufferGroup( 1195): creating MemoryDealer
02-09 04:21:57.520 I/QCC:OmaDMNative( 2393): qcc_hidl_update_vendor_dropbox(), path=/data/misc/qdma/down/1504 isEnabled=0
02-09 04:21:57.520 D/vendor.qti.bluetooth@1.0-patch_dl_manager( 808): ReadHciEvent: Expected CC
02-09 04:21:57.520 I/vendor.qti.bluetooth@1.0-patch_dl_manager( 808): GetAddOnFeatureList: param_len 13, cmd_status = 0
02-09 04:21:57.520 I/vendor.qti.bluetooth@1.0-patch_dl_manager( 808): GetAddOnFeatureList: feat_mask_len 5 product_id = 16, rsp_version = 1
02-09 04:21:57.520 I/vendor.qti.bluetooth@1.0-patch_dl_manager( 808): GetOTPBytesInfo: Sending HCI_VS_PERSIST_ACCESS_OTP_GET cmd
02-09 04:21:57.520 D/vendor.qti.bluetooth@1.0-patch_dl_manager( 808): ReadHciEvent: Expected CC
02-09 04:21:57.520 E/vendor.qti.bluetooth@1.0-patch_dl_manager( 808): GetVsHciEvent: HCI_VS_PERSIST_ACCESS_OTP_GET cmd failed config_type: 0xa subopcode: 0x0 status: 0x12
02-09 04:21:57.520 I/vendor.qti.bluetooth@1.0-patch_dl_manager( 808): EnableEnhControllerLog: disabled(0)
02-09 04:21:57.520 D/QCC:qccvndhal( 844): /data/vendor/qdma/down/1504 is null
02-09 04:21:57.520 I/QCC:OmaDMNative( 2393): qcc_hidl_update_vendor_dropbox() res=0
02-09 04:21:57.521 I/QCC:Collector( 2393): deleteDir: /data/misc/qdma/down/6 already disabled
02-09 04:21:57.521 V/GraphicsEnvironment( 2948): ANGLE Developer option for 'com.android.keychain' set to: 'default'
02-09 04:21:57.521 D/Zygote ( 666): Forked child process 2994
02-09 04:21:57.521 V/GraphicsEnvironment( 2948): ANGLE GameManagerService for com.android.keychain: false
02-09 04:21:57.522 I/am_proc_start( 1523): [0,2994,10073,com.qualcomm.location.XT,service,{com.qualcomm.location.XT/com.qualcomm.location.XT.XTSrv}]
02-09 04:21:57.522 I/ActivityManager( 1523): Start proc 2994:com.qualcomm.location.XT/u0a73 for service {com.qualcomm.location.XT/com.qualcomm.location.XT.XTSrv}
02-09 04:21:57.522 D/vendor.qti.bluetooth@1.0-patch_dl_manager( 808): ReadHciEvent: Expected CC
02-09 04:21:57.522 I/vendor.qti.bluetooth@1.0-patch_dl_manager( 808): HciReset: HCI RESET
02-09 04:21:57.522 D/IzatProvider_network( 2858): [onEnableProvider][671] [HC] =>> [HS]
02-09 04:21:57.522 I/MediaFocusControl( 1523): requestAudioFocus() from uid/pid 10080/2018 AA=USAGE_NOTIFICATION/CONTENT_TYPE_SONIFICATION clientId=android.media.AudioManager@b261eff callingPack=com.android.systemui req=3 flags=0x0 sdk=31
02-09 04:21:57.522 D/NetworkSecurityConfig( 2948): No Network Security Config specified, using platform default
02-09 04:21:57.522 V/LocSvc_HIDL_IzatProvider( 817): [onEnable][169] [HS] <<<<= [HC]
02-09 04:21:57.523 D/NetworkSecurityConfig( 2948): No Network Security Config specified, using platform default
02-09 04:21:57.523 I/AudioService.FadeOutManager( 1523): unfadeOutUid() uid:10080
02-09 04:21:57.523 I/QCC:OmaDMNative( 2393): qcc_hidl_update_vendor_dropbox(), path=/data/misc/qdma/down/6 isEnabled=0
02-09 04:21:57.523 D/QCC:qccvndhal( 844): /data/vendor/qdma/down/6 is null
02-09 04:21:57.523 I/QCC:OmaDMNative( 2393): qcc_hidl_update_vendor_dropbox() res=0
01-02 09:38:37.683 W/QSEECOM ( 0): qseecom_load_app: App (fingerpr) does'nt exist, loading apps for first time
02-09 04:21:57.523 I/auditd ( 808): type=1400 audit(0.0:249): avc: denied { read write } for comm="bluetooth@1.0-s" name="diag" dev="tmpfs" ino=1103 scontext=u:r:hal_bluetooth_default:s0 tcontext=u:object_r:vendor_diag_device:s0 tclass=chr_file permissive=0
02-09 04:21:57.523 W/bluetooth@1.0-s( 808): type=1400 audit(0.0:249): avc: denied { read write } for name="diag" dev="tmpfs" ino=1103 scontext=u:r:hal_bluetooth_default:s0 tcontext=u:object_r:vendor_diag_device:s0 tclass=chr_file permissive=0
01-02 09:38:37.685 E/bt_ioctl( 0): BT_CMD_PWR_CTRL pwr_cntrl:2
01-02 09:38:37.685 E/bt_vreg_unvote( 0): vreg_unvote successful for : qca,bt-vdd-rfa2
01-02 09:38:37.685 E/bt_vreg_unvote( 0): vreg_unvote successful for : qca,bt-vdd-rfa1
01-02 09:38:37.685 E/bt_vreg_unvote( 0): vreg_unvote successful for : qca,bt-vdd-dig
01-02 09:38:37.685 E/bt_vreg_unvote( 0): vreg_unvote successful for : qca,bt-vdd-aon
02-09 04:21:57.524 I/QCC:Collector( 2393): deleteDir: /data/misc/qdma/down/51 already disabled
02-09 04:21:57.524 V/LocSvc_HIDL_HidlGnss( 817): [getExtensionLocHidlFlpService_4_0][512] [HS] <<<<= [HC]
02-09 04:21:57.524 V/LocSvc_HIDL_HidlGnss( 817): [getExtensionLocHidlFlpService_4_0][512] [HS] <<<<= [HC]
02-09 04:21:57.524 I/hwservicemanager( 505): Since vendor.qti.hardware.iop@2.0::IIop/default is not registered, trying to start it as a lazy HAL.
02-09 04:21:57.525 V/LocSvc_HIDL_FlpService( 817): [init_4_0][122] [HS] <<<<= [HC]
02-09 04:21:57.525 E/ANDR-IOP( 1212): IIop:: Iop HAL Service is not available.
02-09 04:21:57.525 I/QCC:OmaDMNative( 2393): qcc_hidl_update_vendor_dropbox(), path=/data/misc/qdma/down/51 isEnabled=0
02-09 04:21:57.526 D/QCC:qccvndhal( 844): /data/vendor/qdma/down/51 is null
02-09 04:21:57.526 I/QCC:OmaDMNative( 2393): qcc_hidl_update_vendor_dropbox() res=0
02-09 04:21:57.526 D/vendor.qti.bluetooth@1.0-patch_dl_manager( 808): ReadCmdCmplEvent: Cmd Cmpl received for opcode c03
02-09 04:21:57.526 D/vendor.qti.bluetooth@1.0-uart_controller( 808): add on features read true
02-09 04:21:57.526 I/QCC:Collector( 2393): deleteDir: /data/misc/qdma/down/102 already disabled
02-09 04:21:57.526 E/Diag_Lib( 808): Diag_LSM_Init: Failed to open handle to diag driver, error = 13
02-09 04:21:57.526 E/vendor.qti.bluetooth@1.0-diag_interface( 808): Init:Failed to Init diag
02-09 04:21:57.526 D/vendor.qti.bluetooth@1.0-power_manager( 808): SetPower: enable: 1
02-09 04:21:57.526 E/vendor.qti.bluetooth@1.0-power_manager( 808):
02-09 04:21:57.526 E/vendor.qti.bluetooth@1.0-power_manager( 808): PowerUpChip enable(1) retentionMode(1)
02-09 04:21:57.526 D/vendor.qti.bluetooth@1.0-uart_controller( 808): Init succeded
02-09 04:21:57.526 I/vendor.qti.bluetooth@1.0-data_handler( 808): SetHostAddOnFeatures: chip_ver: (0x400a020000100200), chip_ver_str: HASTINGS_VER_2_0
02-09 04:21:57.526 I/vendor.qti.bluetooth@1.0-data_handler( 808): SetHostAddOnFeatures: before get_soc_info call
02-09 04:21:57.526 I/vendor.qti.bluetooth@1.0-data_handler( 808): SetHostAddOnFeatures: after get_soc_info call
02-09 04:21:57.526 W/vendor.qti.bluetooth@1.0-data_handler( 808): SetHostAddOnFeatures: failed to get soc info or feat not req for this chip
02-09 04:21:57.526 I/QCC:Collector( 2393): deleteDir: /data/misc/qdma/down/104 already disabled
02-09 04:21:57.526 D/vendor.qti.bluetooth@1.0-data_handler( 808): StopInitTimer: InitTimer Stopped
02-09 04:21:57.526 D/vendor.qti.bluetooth@1.0-data_handler( 808): Firmware download succeded.
02-09 04:21:57.526 I/vendor.qti.bluetooth@1.0-bluetooth_hci( 808): operator(): Set callbacks received from BT client inorder to provide status and data through them
02-09 04:21:57.526 I/QCC:Collector( 2393): deleteDir: /data/misc/qdma/down/1501 already disabled
02-09 04:21:57.526 I/bt_hci ( 2001): event_finish_startup
02-09 04:21:57.527 I/bt_core_module( 2001): module_start_up Started module "hci_module"
02-09 04:21:57.527 I/bt_osi_thread( 2001): run_thread: thread id 2998, thread name bt_workqueue started
02-09 04:21:57.527 I/droid.bluetoot( 2001): [0209/042157.527322:INFO:btu_task.cc(107)] Bluetooth chip preload is complete
02-09 04:21:57.527 W/bt_l2cap( 2001): L2CAP - L2CA_Register() called for PSM: 0x0001
02-09 04:21:57.527 W/bt_l2cap( 2001): L2CAP - L2CA_Register() called for PSM: 0x001f
02-09 04:21:57.527 I/droid.bluetoot( 2001): [0209/042157.527655:INFO:gatt_api.cc(1223)] GATT_Register 81818181-8181-8181-8181-818181818181
02-09 04:21:57.527 I/droid.bluetoot( 2001): [0209/042157.527679:INFO:gatt_api.cc(1244)] allocated gatt_if=1
02-09 04:21:57.527 I/droid.bluetoot( 2001): [0209/042157.527711:INFO:gatt_api.cc(166)] GATTS_AddService
02-09 04:21:57.527 I/droid.bluetoot( 2001): [0209/042157.527731:INFO:gatt_api.cc(269)] GATTS_AddService: service parsed correctly, now starting
02-09 04:21:57.527 W/bt_l2cap( 2001): L2CAP - L2CA_Register() called for PSM: 0x0003
02-09 04:21:57.527 I/droid.bluetoot( 2001): [0209/042157.527793:INFO:gatt_api.cc(1223)] GATT_Register 82828282-8282-8282-8282-828282828282
02-09 04:21:57.527 I/droid.bluetoot( 2001): [0209/042157.527816:INFO:gatt_api.cc(1244)] allocated gatt_if=2
02-09 04:21:57.527 I/droid.bluetoot( 2001): [0209/042157.527830:INFO:gatt_api.cc(166)] GATTS_AddService
02-09 04:21:57.527 I/droid.bluetoot( 2001): [0209/042157.527856:INFO:gatt_api.cc(269)] GATTS_AddService: service parsed correctly, now starting
02-09 04:21:57.528 I/bt_osi_thread( 2001): run_thread: thread id 3000, thread name btu message loop started
02-09 04:21:57.527 I/auditd ( 2992): type=1400 audit(0.0:250): avc: denied { read } for comm="ip" name="rt_tables" dev="dm-10" ino=332 scontext=u:r:ethernet:s0 tcontext=u:object_r:net_data_file:s0 tclass=file permissive=0
02-09 04:21:57.527 W/ip ( 2992): type=1400 audit(0.0:250): avc: denied { read } for name="rt_tables" dev="dm-10" ino=332 scontext=u:r:ethernet:s0 tcontext=u:object_r:net_data_file:s0 tclass=file permissive=0
02-09 04:21:57.528 I/QCC:OmaDMNative( 2393): qcc_hidl_update_vendor_dropbox(), path=/data/misc/qdma/down/1501 isEnabled=0
02-09 04:21:57.528 I/bt_osi_thread( 2001): run_thread: thread id 3006, thread name module_wrapper started
02-09 04:21:57.529 I/bt_core_module( 2001): module_start_up Starting module "controller_module"
02-09 04:21:57.529 D/QCC:qccvndhal( 844): /data/vendor/qdma/down/1501 is null
02-09 04:21:57.529 I/QCC:OmaDMNative( 2393): qcc_hidl_update_vendor_dropbox() res=0
02-09 04:21:57.529 I/QCC:Collector( 2393): deleteDir: /data/misc/qdma/down/1502 already disabled
02-09 04:21:57.529 I/bt_stack( 2001): [INFO:controller.cc(1326)] load_bt_configstore_lib loaded HAL: bt_configstore_interface_t=0x6fff713970, bt_configstore_lib_handle=0x37010768d8acb1c1
02-09 04:21:57.529 I/bt_config_store( 2001): getVendorProperties
02-09 04:21:57.530 E/omm.location.X( 2994): Not starting debugger since process cannot load the jdwp agent.
02-09 04:21:57.530 I/QCC:OmaDMNative( 2393): qcc_hidl_update_vendor_dropbox(), path=/data/misc/qdma/down/1502 isEnabled=0
02-09 04:21:57.531 D/RilInfoMonitor( 2858): handleMessage what - 601
02-09 04:21:57.531 D/QCC:qccvndhal( 844): /data/vendor/qdma/down/1502 is null
02-09 04:21:57.531 D/RilInfoMonitor( 2858): SGLTE with ES SUPL
02-09 04:21:57.531 I/QCC:OmaDMNative( 2393): qcc_hidl_update_vendor_dropbox() res=0
02-09 04:21:57.531 D/RilInfoMonitor( 2858): [init][321] [HC] =>> [HS]
02-09 04:21:57.531 V/LocSvc_HIDL_RilInfoMonitor( 817): [init][18] [HS] <<<<= [HC]
02-09 04:21:57.531 D/LocSvc_java( 2858): [init][993] [HC] =>> [HS]
02-09 04:21:57.531 I/QCC:Collector( 2393): deleteDir: /data/misc/qdma/down/1503 already disabled
02-09 04:21:57.531 V/LocSvc_HIDL_HidlGnss( 817): [getExtensionLocHidlGnssNi][282] [HS] <<<<= [HC]
02-09 04:21:57.532 D/LocSvc_java( 2858): getGnssNiIface, sGnssNi=vendor.qti.gnss@1.1::ILocHidlGnssNi@Proxy
02-09 04:21:57.532 V/LocSvc_HIDL_HidlGnss( 817): [getExtensionLocHidlAGnss_2_1][438] [HS] <<<<= [HC]
02-09 04:21:57.532 D/LocSvc_java( 2858): getAGnssIface with instanceOf, sAGnss_2_1=vendor.qti.gnss@2.1::ILocHidlAGnss@Proxy
02-09 04:21:57.532 V/LocSvc_HIDL_GnssNi( 817): [setVendorCallback][36] [HS] <<<<= [HC]
02-09 04:21:57.532 I/QCC:OmaDMNative( 2393): qcc_hidl_update_vendor_dropbox(), path=/data/misc/qdma/down/1503 isEnabled=0
02-09 04:21:57.532 V/LocSvc_HIDL_HidlAGnss( 817): [setCallbackExt][328] [HS] <<<<= [HC]
02-09 04:21:57.532 D/LocSvc_HIDL_HidlAGnss( 817): getGnssInterface]: loading libgnss.so::getGnssInterface ...
02-09 04:21:57.533 D/QCC:qccvndhal( 844): /data/vendor/qdma/down/1503 is null
02-09 04:21:57.533 I/QCC:OmaDMNative( 2393): qcc_hidl_update_vendor_dropbox() res=0
02-09 04:21:57.533 D/ProcessState( 2994): Binder ioctl to enable oneway spam detection failed: Invalid argument
02-09 04:21:57.533 D/GeocoderService( 2858): handleMessage what - 700
02-09 04:21:57.533 D/GeocoderService( 2858): GeocoderProxy init
02-09 04:21:57.533 I/QCC:OperationMode( 2393): bQDMAUIEnabled : false
02-09 04:21:57.533 D/EsStatusReceiver( 2858): LOCHIDL version is lower than 4.1, or use LOCAIDL, initialize AFW client
02-09 04:21:57.534 I/vendor.qti.hardware.btconfigstore@2.0-BTConfigStore( 808): getVendorProperties:: Bluetooth soc type set to: hastings, ret: 8
02-09 04:21:57.534 I/vendor.qti.hardware.btconfigstore@2.0-BTConfigStore( 808): getVendorProperties:: persist.vendor.qcom.bluetooth.enable.splita2dp: true, ret: 4
02-09 04:21:57.534 I/vendor.qti.hardware.btconfigstore@2.0-BTConfigStore( 808): getVendorProperties:: persist.vendor.qcom.bluetooth.a2dp_offload_cap: sbc-aac, ret: 7
02-09 04:21:57.534 I/vendor.qti.hardware.btconfigstore@2.0-BTConfigStore( 808): getVendorProperties:: ro.vendor.bluetooth.wipower: false, ret: 5
02-09 04:21:57.534 I/vendor.qti.hardware.btconfigstore@2.0-BTConfigStore( 808): getVendorProperties:: persist.vendor.qcom.bluetooth.aac_frm_ctl.enabled: true, ret: 4
02-09 04:21:57.534 I/vendor.qti.hardware.btconfigstore@2.0-BTConfigStore( 808): getVendorProperties:: persist.vendor.qcom.bluetooth.enable.swb: true, ret: 4
02-09 04:21:57.534 I/vendor.qti.hardware.btconfigstore@2.0-BTConfigStore( 808): getVendorProperties:: persist.vendor.qcom.bluetooth.enable.swbpm: true, ret: 4
02-09 04:21:57.534 I/vendor.qti.hardware.btconfigstore@2.0-BTConfigStore( 808): getVendorProperties:: persist.vendor.qcom.bluetooth.a2dp_mcast_test.enabled: false, ret: 5
02-09 04:21:57.534 I/vendor.qti.hardware.btconfigstore@2.0-BTConfigStore( 808): getVendorProperties:: persist.vendor.qcom.bluetooth.twsp_state.enabled: false, ret: 5
02-09 04:21:57.534 I/vendor.qti.hardware.btconfigstore@2.0-BTConfigStore( 808): getVendorProperties:: persist.vendor.qcom.bluetooth.max_power_support: false, ret: 5
02-09 04:21:57.534 I/bt_config_store( 2001): prop type: BT_PROP_SOC_TYPE, prop_value: hastings
02-09 04:21:57.534 I/bt_config_store( 2001): prop type: BT_PROP_SPILT_A2DP, prop_value: true
02-09 04:21:57.534 I/bt_config_store( 2001): prop type: BT_PROP_A2DP_OFFLOAD_CAP, prop_value: sbc-aac
02-09 04:21:57.534 I/bt_config_store( 2001): prop type: BT_PROP_WIPOWER, prop_value: false
02-09 04:21:57.534 I/bt_config_store( 2001): prop type: BT_PROP_AAC_FRAME_CTL, prop_value: true
02-09 04:21:57.534 I/bt_config_store( 2001): not handled propType = 6
02-09 04:21:57.534 I/bt_config_store( 2001): prop type: not handled, prop_value: true
02-09 04:21:57.534 I/bt_config_store( 2001): not handled propType = 7
02-09 04:21:57.534 I/bt_config_store( 2001): prop type: not handled, prop_value: true
02-09 04:21:57.534 I/bt_config_store( 2001): not handled propType = 8
02-09 04:21:57.534 I/bt_config_store( 2001): prop type: not handled, prop_value: false
02-09 04:21:57.534 I/bt_config_store( 2001): not handled propType = 9
02-09 04:21:57.534 I/bt_config_store( 2001): prop type: not handled, prop_value: false
02-09 04:21:57.534 I/bt_config_store( 2001): not handled propType = 11
02-09 04:21:57.534 I/bt_config_store( 2001): prop type: not handled, prop_value: false
02-09 04:21:57.534 I/bt_config_store( 2001): soc_name: hastings, soc_type = 0004
02-09 04:21:57.534 I/bt_controller( 2001): start_up:: soc_name:hastings, soc_type = 4
02-09 04:21:57.534 I/bt_controller( 2001): start_up:: spilt_a2dp_supported = 1
02-09 04:21:57.534 I/bt_controller( 2001): start_up:: a2dp_offload_Cap = sbc-aac
02-09 04:21:57.534 I/bt_controller( 2001): start_up:: wipower_supported = 0
02-09 04:21:57.534 I/bt_controller( 2001): start_up:: aac_frame_ctl_enabled = 1
02-09 04:21:57.534 I/bt_controller( 2001): start_up:: a2dp_multicast_supported = 0
02-09 04:21:57.534 I/bt_controller( 2001): start_up:: twsp_state_supported = 0
02-09 04:21:57.534 I/bt_controller( 2001): decode_max_power_values: MAX POW property is not set
02-09 04:21:57.534 I/bt_controller( 2001): start_up:: max_power_prop_enabled = 0
02-09 04:21:57.534 D/vendor.qti.bluetooth@1.0-data_handler( 808): operator(): init thread exited now
02-09 04:21:57.534 I/vendor.qti.bluetooth@1.0-ibs_handler( 808): DeviceWakeUp: Writing IBS_WAKE_IND
02-09 04:21:57.534 I/vendor.qti.bluetooth@1.0-ibs_handler( 808): ProcessIbsCmd: Received IBS_WAKE_ACK: 0xFC
02-09 04:21:57.534 I/vendor.qti.bluetooth@1.0-ibs_handler( 808): ProcessIbsCmd: Signal wack_cond_
02-09 04:21:57.535 D/vendor.qti.bluetooth@1.0-ibs_handler( 808): DeviceWakeUp: Unblocked from waiting for FC, pthread_cond_timedwait ret = 0
02-09 04:21:57.535 D/CompatibilityChangeReporter( 1523): Compat change id reported: 157233955; UID 10079; state: DISABLED
01-02 09:38:37.692 I/binder ( 0): 2994:2994 ioctl 40046210 7ffaef2474 returned -22
02-09 04:21:57.535 I/QCC:OperationMode( 2393): prepareProvisioned nProvisioned = 1
02-09 04:21:57.535 I/QCC:OperationMode( 2393): readOpMode operationMode: 1
02-09 04:21:57.535 I/QCC:OperationMode( 2393): DEVICE_PROVISIONED done or need to opmode as 3
02-09 04:21:57.536 W/ContextImpl( 2393): Calling a method in the system process without a qualified user: android.app.ContextImpl.startService:1816 android.content.ContextWrapper.startService:774 android.content.ContextWrapper.startService:774 com.qualcomm.qti.qdma.app.BootReceiver.onBootReceived:115 com.qualcomm.qti.innodme.InnoBootReceiver.onReceive:22
02-09 04:21:57.536 W/libc ( 505): Unable to set property "ctl.interface_start" to "vendor.qti.hardware.iop@2.0::IIop/default": error code: 0x20
02-09 04:21:57.536 I/hwservicemanager( 505): Tried to start vendor.qti.hardware.iop@2.0::IIop/default as a lazy service, but was unable to. Usually this happens when a service is not installed, but if the service is intended to be used as a lazy service, then it may be configured incorrectly.
02-09 04:21:57.536 D/CompatibilityInfo( 1523): mCompatibilityFlags - 4
02-09 04:21:57.536 D/CompatibilityInfo( 1523): applicationDensity - 240
02-09 04:21:57.536 D/CompatibilityInfo( 1523): applicationScale - 1.0
02-09 04:21:57.538 I/QCC:ActiveCareService( 2393): onStartCommand :Intent: Intent { act=com.qualcomm.qti.qdma.DEVICE_BOOTED cmp=com.qualcomm.qti.qdma/.app.ActiveCareService }
02-09 04:21:57.538 I/QCC:ApplicationManager( 2393): isItDMSessionRecovery, Invoked.?
02-09 04:21:57.538 I/QCC:ApplicationManager( 2393): isItDMSessionRecovery, return false.
02-09 04:21:57.538 I/QCC:PeriodicCI( 2393): PeriodicCI.start()
02-09 04:21:57.538 I/QCC:PeriodicCI( 2393): sw_ver is changed
02-09 04:21:57.538 I/QCC:PeriodicCI( 2393): PeriodicCI.run() invoked, status=0, use wifi=false
02-09 04:21:57.539 I/QCC:PeriodicCI( 2393): Starting Registration session...
02-09 04:21:57.539 W/ContextImpl( 2393): Calling a method in the system process without a qualified user: android.app.ContextImpl.startService:1816 android.content.ContextWrapper.startService:774 com.qualcomm.qti.qdma.util.PeriodicCI.run:477 com.qualcomm.qti.qdma.util.PeriodicCI.start:390 com.qualcomm.qti.qdma.app.ActiveCareService$ProcessSessionRequest.run:457
02-09 04:21:57.539 D/vendor.qti.bluetooth@1.0-data_handler( 808): operator(): Resetting Rx thread stuck prop
02-09 04:21:57.539 D/CompatibilityInfo( 1523): mCompatibilityFlags - 4
02-09 04:21:57.539 D/CompatibilityInfo( 1523): applicationDensity - 240
02-09 04:21:57.539 D/CompatibilityInfo( 1523): applicationScale - 1.0
02-09 04:21:57.540 I/am_proc_bound( 1523): [0,2994,com.qualcomm.location.XT]
02-09 04:21:57.542 D/RCSService BC-Receiver( 2147): Boot Complete Event Received. Is IMS RCS Single Reg enabled0
02-09 04:21:57.542 D/RCSService BC-Receiver( 2147): START RCS SERVICE ON BOOTUP
02-09 04:21:57.542 D/CompatibilityChangeReporter( 1523): Compat change id reported: 168419799; UID 10073; state: DISABLED
02-09 04:21:57.542 D/vendor.qti.bluetooth@1.0-data_handler( 808): operator(): Resetting Rx thread stuck prop completed
02-09 04:21:57.542 D/CompatibilityInfo( 1523): mCompatibilityFlags - 4
02-09 04:21:57.542 D/CompatibilityInfo( 1523): applicationDensity - 240
02-09 04:21:57.542 D/CompatibilityInfo( 1523): applicationScale - 1.0
02-09 04:21:57.545 I/am_uid_active( 1523): 10073
02-09 04:21:57.546 D/CompatibilityInfo( 1523): mCompatibilityFlags - 4
02-09 04:21:57.546 D/CompatibilityInfo( 1523): applicationDensity - 240
02-09 04:21:57.546 D/CompatibilityInfo( 1523): applicationScale - 1.0
02-09 04:21:57.551 I/auditd ( 817): type=1400 audit(0.0:251): avc: denied { read } for comm="Loc_hal_worker" name="u:object_r:vendor_pd_locater_dbg_prop:s0" dev="tmpfs" ino=12665 scontext=u:r:vendor_hal_gnss_qti:s0 tcontext=u:object_r:vendor_pd_locater_dbg_prop:s0 tclass=file permissive=0
02-09 04:21:57.551 W/Loc_hal_worker( 817): type=1400 audit(0.0:251): avc: denied { read } for name="u:object_r:vendor_pd_locater_dbg_prop:s0" dev="tmpfs" ino=12665 scontext=u:r:vendor_hal_gnss_qti:s0 tcontext=u:object_r:vendor_pd_locater_dbg_prop:s0 tclass=file permissive=0
01-02 09:38:37.716 D/cnss ( 0): MHI status cb is called with reason MISSION_MODE(6)
01-02 09:38:37.716 D/cnss ( 0): Completed event: REGISTER_DRIVER(7), state: 0x10, ret: 0/0
01-02 09:38:37.716 D/cnss ( 0): PM relax, state: 0x10, count: 0
02-09 04:21:57.548 D/CompatibilityChangeReporter( 2994): Compat change id reported: 171979766; UID 10073; state: DISABLED
02-09 04:21:57.549 D/CompatibilityInfo( 1523): mCompatibilityFlags - 4
02-09 04:21:57.549 D/CompatibilityInfo( 1523): applicationDensity - 240
02-09 04:21:57.549 D/CompatibilityInfo( 1523): applicationScale - 1.0
02-09 04:21:57.550 I/QRCSService( 2147): onCreate: Attempt to start service
02-09 04:21:57.551 I/am_uid_running( 1523): 10084
02-09 04:21:57.551 D/CompatibilityChangeReporter( 1523): Compat change id reported: 135634846; UID 10084; state: DISABLED
02-09 04:21:57.551 D/CompatibilityChangeReporter( 1523): Compat change id reported: 177438394; UID 10084; state: DISABLED
02-09 04:21:57.551 D/CompatibilityChangeReporter( 1523): Compat change id reported: 135772972; UID 10084; state: DISABLED
02-09 04:21:57.551 D/CompatibilityChangeReporter( 1523): Compat change id reported: 135754954; UID 10084; state: ENABLED
02-09 04:21:57.551 D/CompatibilityChangeReporter( 1523): Compat change id reported: 143937733; UID 10084; state: ENABLED
02-09 04:21:57.552 D/LOWI-9.0.0.87.a( 1318): [MqClientIpcReciver] FROM: LOCATION-MQ
02-09 04:21:57.552 D/LOWI-9.0.0.87.a( 1318): [MqClientIpcReciver] INFO: REGISTER-EVENT
02-09 04:21:57.552 D/LOWI-9.0.0.87.a( 1318): [MqClientIpcReciver] TX-ID: 3
02-09 04:21:57.552 D/LOWI-9.0.0.87.a( 1318): [LOWIEventReceiver] handleEvent:FROM:LOCATION-MQ, TO:LOWI-SERVER, REQ:NA, IREQ:NA, REQ_ID:0, RESP:NA, INFO:REGISTER-EVENT
02-09 04:21:57.552 D/LOWI-9.0.0.87.a( 1318): [LOWIEventReceiver] Info to [REGISTER-EVENT]
02-09 04:21:57.552 E/IzatSvc_QNP( 817): Exiting with error getInstance line 284 2
02-09 04:21:57.552 W/IzatSvc_ComboNetworkProvider( 817): Failed to initialize to NLP_MODE_QNP_ONLY for Emergency mode
02-09 04:21:57.553 W/libc ( 817): Access denied finding property "persist.vendor.pd_locater_debug"
02-09 04:21:57.553 D/LOWI-9.0.0.87.a( 1318): [MqClientIpcReciver] FROM: LOCATION-MQ
02-09 04:21:57.553 D/LOWI-9.0.0.87.a( 1318): [MqClientIpcReciver] INFO: REGISTER-EVENT
02-09 04:21:57.553 D/LOWI-9.0.0.87.a( 1318): [MqClientIpcReciver] TX-ID: 5
02-09 04:21:57.553 E/IPCMessagingProxy( 817): Exiting with error _process line 159 "3"
02-09 04:21:57.553 D/LOWI-9.0.0.87.a( 1318): [LOWIEventReceiver] handleEvent:FROM:LOCATION-MQ, TO:LOWI-SERVER, REQ:NA, IREQ:NA, REQ_ID:0, RESP:NA, INFO:REGISTER-EVENT
02-09 04:21:57.553 D/LOWI-9.0.0.87.a( 1318): [LOWIEventReceiver] Info to [REGISTER-EVENT]
02-09 04:21:57.553 I/QCC:ActiveCareService( 2393): onStartCommand :Intent: Intent { act=com.qualcomm.qti.qdma.PERIODIC_CLIENT_INITIATED_REGISTRATION cmp=com.qualcomm.qti.qdma/.app.ActiveCareService }
02-09 04:21:57.553 E/IzatSvc_IzatManager( 817): Exiting with error handleMsg line 569 "3"
02-09 04:21:57.555 E/LocSvc_LBSProxy( 817): parseModemRegistryForGpsService:187] Error while getting num providers for gps/gps_service
02-09 04:21:57.556 I/QCC:QDMAEmbargoesList( 2393): updateEmbargoesRequest
02-09 04:21:57.556 I/QCC:QDMAEmbargoesList( 2393): makeRequest
02-09 04:21:57.557 D/CompatibilityChangeReporter( 2147): Compat change id reported: 147600208; UID 1001; state: ENABLED
02-09 04:21:57.557 E/PerMgrSrv( 891): No such peripheral
02-09 04:21:57.557 I/modprobe( 1144): Loaded kernel module /vendor/lib/modules/qca_cld3_qca6390.ko
02-09 04:21:57.558 I/modprobe( 1144): Loading module /vendor/lib/modules/qca_cld3_qca6490.ko with args ""
02-09 04:21:57.558 D/Zygote ( 666): Forked child process 3032
02-09 04:21:57.558 E/PerMgrLib( 817): registar fail
02-09 04:21:57.558 E/PerMgrLib( 817): GPS failed to register for
02-09 04:21:57.558 E/LocSvc_LBSProxy( 817): modemPowerVote:321]: Error: pm_client_register returned: -1
02-09 04:21:57.558 I/am_proc_start( 1523): [0,3032,10084,com.qualcomm.qtil.aptxui,broadcast,{com.qualcomm.qtil.aptxui/com.qualcomm.qtil.aptxui.aptxuiBootReceiver}]
02-09 04:21:57.558 I/ActivityManager( 1523): Start proc 3032:com.qualcomm.qtil.aptxui/u0a84 for broadcast {com.qualcomm.qtil.aptxui/com.qualcomm.qtil.aptxui.aptxuiBootReceiver}
02-09 04:21:57.560 E/PerMgrSrv( 891): No such peripheral
02-09 04:21:57.560 E/PerMgrLib( 817): registar fail
02-09 04:21:57.560 E/PerMgrLib( 817): GPS failed to register for
02-09 04:21:57.560 E/LocSvc_LBSProxy( 817): modemPowerVote:321]: Error: pm_client_register returned: -1
02-09 04:21:57.560 V/LocSvc_HIDL_IzatSubscription( 817): [updateSubscribe][58] [HS] =>>>> [HC]
02-09 04:21:57.560 D/bt_controller( 2001): start_up read local simple pairing options
02-09 04:21:57.561 D/OsAgent ( 2858): [updateSubscribe][2914] [HC] <<= [HS]
02-09 04:21:57.561 I/QCC:QDMAEmbargoesList( 2393): existEmbargoesReq
02-09 04:21:57.562 D/TelephonyRegistry( 1523): listen oscl: mHasNotifySubscriptionInfoChangedOccurred==false no callback
02-09 04:21:57.562 D/CompatibilityChangeReporter( 1523): Compat change id reported: 182478738; UID 1001; state: DISABLED
02-09 04:21:57.562 V/LocSvc_HIDL_IzatSubscription( 817): [requestData][88] [HS] =>>>> [HC]
02-09 04:21:57.562 D/bt_controller( 2001): start_up simple pairing options is 0x1
02-09 04:21:57.562 W/bt_device_profile( 2001): rf_path_loss_values_fetch:profile 6
02-09 04:21:57.562 W/bt_device_profile( 2001): rf_path_loss_values_fetch:RF_TX_PATH_COMPENSATION_VALUE found, tx value : 0
02-09 04:21:57.562 W/bt_device_profile( 2001): rf_path_loss_values_fetch:profile 6
02-09 04:21:57.562 W/bt_device_profile( 2001): rf_path_loss_values_fetch:RF_RX_PATH_COMPENSATION_VALUE found, rx value : 0
02-09 04:21:57.562 D/OsAgent ( 2858): [requestData][2904] [HC] <<= [HS]
02-09 04:21:57.563 I/QCC:QDMAEmbargoesList( 2393): existEmbargoesReq entryFile: /data/misc/qdma/down/100/100-1.0-EmbargoesList.key.0.req
02-09 04:21:57.563 V/LocSvc_HIDL_IzatSubscription( 817): [updateSubscribe][58] [HS] =>>>> [HC]
