02-09 04:22:10.456 I/GameModeConfig( 1523): isGameModeOn = false
02-09 04:22:10.464 V/mpu_uart( 645): send data buf:[0x3c, 0x7, 0x0, 0x11, 0xff, 0x82, 0x57, ], send_res=7
02-09 04:22:10.467 V/mpu_uart( 645): [MSG-P:SYNC]:sync resp:62
02-09 04:22:10.467 I/mpu_uart( 645): [TIME-:1]:delete
02-09 04:22:10.467 D/MCUUpdate( 2370): Check MCU current version :res = 0
02-09 04:22:10.493 D/mpu_uart( 645): [MSG-P:R-M]:recved H:15, L:0
02-09 04:22:10.494 V/mpu_uart( 645): recv data buf:[0x3c, 0xf, 0x0, 0x0, 0xff, 0x82, 0x56, 0x30, 0x2e, 0x30, 0x2e, 0x39, 0x0, 0x0, 0x21, ]
02-09 04:22:10.494 D/mpu_uart( 645): [SESSION-Distribute]:Message en queue:ff
02-09 04:22:10.496 D/MCUUpdate( 2370): MCU version: 86 length: 9
02-09 04:22:10.496 D/MCUUpdate( 2370): Current version: V0.0.9, Find version: V0.0.9
02-09 04:22:10.496 D/MCUUpdate( 2370): no need to update!
02-09 04:22:10.693 I/GameModeConfig( 1523): isGameModeOn = false
02-09 04:22:10.694 I/GameModeConfig( 1523): isGameModeOn = false
02-09 04:22:11.013 W/hpplay-java( 2758): [main]:IPManager:getActiveNets invalid networkInfo:null
02-09 04:22:11.014 I/hpplay-java( 2758): [main]:IPManager:getActiveNets eth0:false wifi:false mobile:false ap:false
02-09 04:22:11.014 I/hpplay-java( 2758): [main]:ServerTaskManager:get local ip:null
02-09 04:22:11.225 D/RemoteControlService( 2295): startVlanDispatchThread
01-02 09:38:51.535 E/DTC_ETH,link_delay_work_func( 0): 3003, SQI=0, link=0
02-09 04:22:11.494 I/mpu_uart( 645): [MSG-P:RECV]:No message received in 1000 ms
02-09 04:22:11.714 D/audio_hw_primary( 800): copl(0xee7464c0):out of compress_wait
02-09 04:22:11.717 D/audio_hw_primary( 800): No space available in compress driver, post msg to cb thread
02-09 04:22:11.718 D/audio_hw_primary( 800): copl(0xee7464c0):calling compress_wait
02-09 04:22:11.762 I/GameModeConfig( 1523): isGameModeOn = false
02-09 04:22:11.762 I/GameModeConfig( 1523): isGameModeOn = false
02-09 04:22:11.796 D/InterruptionStateProvider( 2018): No bubble up: not allowed to bubble: -1|android|26|null|1000
02-09 04:22:11.797 D/InterruptionStateProvider( 2018): No alerting: filtered notification: 0|com.android.systemui|1|empty_media|10080
02-09 04:22:11.797 D/InterruptionStateProvider( 2018): No bubble up: not allowed to bubble: 0|android|17303299|com.android.wifi|1000
02-09 04:22:11.797 D/InterruptionStateProvider( 2018): No bubble up: not allowed to bubble: -1|android|32|null|1000
02-09 04:22:11.805 D/InterruptionStateProvider( 2018): No bubble up: not allowed to bubble: -1|android|26|null|1000
02-09 04:22:11.805 D/InterruptionStateProvider( 2018): No alerting: filtered notification: 0|com.android.systemui|1|empty_media|10080
02-09 04:22:11.805 D/InterruptionStateProvider( 2018): No bubble up: not allowed to bubble: 0|android|17303299|com.android.wifi|1000
02-09 04:22:11.805 D/InterruptionStateProvider( 2018): No bubble up: not allowed to bubble: -1|android|32|null|1000
02-09 04:22:12.017 W/hpplay-java( 2758): [main]:IPManager:getActiveNets invalid networkInfo:null
02-09 04:22:12.017 I/hpplay-java( 2758): [main]:IPManager:getActiveNets eth0:false wifi:false mobile:false ap:false
02-09 04:22:12.017 I/hpplay-java( 2758): [main]:ServerTaskManager:get local ip:null
02-09 04:22:12.495 I/mpu_uart( 645): [MSG-P:RECV]:No message received in 1000 ms
01-02 09:38:53.071 E/thermal cooling_device4( 0): DTC_Fan: ERROR, avg(0) out of range(1680, 2800)
at stat(1)
02-09 04:22:12.968 I/ActivityManager( 1523): Waited long enough for: ServiceRecord{6cdcf81 u0 com.qti.diagservices/.QTIDiagServices}
02-09 04:22:13.020 W/hpplay-java( 2758): [main]:IPManager:getActiveNets invalid networkInfo:null
02-09 04:22:13.020 I/hpplay-java( 2758): [main]:IPManager:getActiveNets eth0:false wifi:false mobile:false ap:false
02-09 04:22:13.021 I/hpplay-java( 2758): [main]:ServerTaskManager:get local ip:null
02-09 04:22:13.406 E/tlogd ( 1298): [TzLogger](isPathReadable) file /sys/kernel/debug/tzdbg/qsee_log isn't exist or no permission, err: No such file or directory
02-09 04:22:13.406 E/tlogd ( 1298): [TzLogger](saveTzlogAsync) /sys/kernel/debug/tzdbg/qsee_log can not read.
02-09 04:22:13.406 E/tlogd ( 1298): [TzLogger](isPathReadable) file /sys/kernel/debug/tzdbg/log isn't exist or no permission, err: No such file or directory
02-09 04:22:13.406 E/tlogd ( 1298): [TzLogger](saveTzlogAsync) /sys/kernel/debug/tzdbg/log can not read.
02-09 04:22:13.495 I/mpu_uart( 645): [MSG-P:RECV]:No message received in 1000 ms
02-09 04:22:13.497 I/mpu_uart( 645): [MSG-P:R]:recv sync frame timeout
02-09 04:22:13.964 D/audio_hw_primary( 800): copl(0xee7464c0):out of compress_wait
02-09 04:22:13.967 D/audio_hw_primary( 800): No space available in compress driver, post msg to cb thread
02-09 04:22:13.969 D/audio_hw_primary( 800): copl(0xee7464c0):calling compress_wait
02-09 04:22:14.022 W/hpplay-java( 2758): [main]:IPManager:getActiveNets invalid networkInfo:null
02-09 04:22:14.022 I/hpplay-java( 2758): [main]:IPManager:getActiveNets eth0:false wifi:false mobile:false ap:false
02-09 04:22:14.022 I/hpplay-java( 2758): [main]:ServerTaskManager:get local ip:null
02-09 04:22:14.495 I/mpu_uart( 645): [MSG-P:RECV]:No message received in 1000 ms
02-09 04:22:15.025 W/hpplay-java( 2758): [main]:IPManager:getActiveNets invalid networkInfo:null
02-09 04:22:15.025 I/hpplay-java( 2758): [main]:IPManager:getActiveNets eth0:false wifi:false mobile:false ap:false
02-09 04:22:15.026 I/hpplay-java( 2758): [main]:ServerTaskManager:get local ip:null
02-09 04:22:15.498 I/mpu_uart( 645): [MSG-P:RECV]:No message received in 1000 ms
02-09 04:22:16.028 W/hpplay-java( 2758): [main]:IPManager:getActiveNets invalid networkInfo:null
02-09 04:22:16.029 I/hpplay-java( 2758): [main]:IPManager:getActiveNets eth0:false wifi:false mobile:false ap:false
02-09 04:22:16.029 I/hpplay-java( 2758): [main]:ServerTaskManager:get local ip:null
02-09 04:22:16.233 D/RemoteControlService( 2295): startVlanDispatchThread
02-09 04:22:16.244 D/audio_hw_primary( 800): copl(0xee7464c0):out of compress_wait
02-09 04:22:16.246 D/audio_hw_primary( 800): No space available in compress driver, post msg to cb thread
02-09 04:22:16.247 D/audio_hw_primary( 800): copl(0xee7464c0):calling compress_wait
02-09 04:22:16.499 I/mpu_uart( 645): [MSG-P:RECV]:No message received in 1000 ms
01-02 09:38:56.655 E/DTC_ETH,link_delay_work_func( 0): 3003, SQI=0, link=0
02-09 04:22:16.500 I/mpu_uart( 645): [MSG-P:R]:recv sync frame timeout
02-09 04:22:17.037 W/hpplay-java( 2758): [main]:IPManager:getActiveNets invalid networkInfo:null
02-09 04:22:17.037 I/hpplay-java( 2758): [main]:IPManager:getActiveNets eth0:false wifi:false mobile:false ap:false
02-09 04:22:17.037 I/hpplay-java( 2758): [main]:ServerTaskManager:get local ip:null
02-09 04:22:17.500 I/mpu_uart( 645): [MSG-P:RECV]:No message received in 1000 ms
02-09 04:22:17.730 I/am_pss ( 1523): [2579,10074,com.android.launcher3,99658752,85184512,0,233140224,0,2,17]
02-09 04:22:17.741 I/am_pss ( 1523): [2676,10067,com.android.deskclock,9288704,6578176,0,103088128,0,19,8]
02-09 04:22:17.748 I/am_pss ( 1523): [3032,10084,com.qualcomm.qtil.aptxui,7144448,5574656,0,92278784,0,19,6]
02-09 04:22:17.754 I/am_pss ( 1523): [2994,10073,com.qualcomm.location.XT,6339584,4595712,0,94838784,0,6,6]
02-09 04:22:17.762 I/am_pss ( 1523): [2414,1000,com.android.settings,32114688,18624512,0,148869120,0,19,6]
02-09 04:22:17.768 I/am_pss ( 1523): [2435,10094,android.ext.services,12933120,5672960,0,124710912,0,5,5]
02-09 04:22:17.843 I/am_pss ( 1523): [3109,10032,com.android.traceur,10233856,8499200,0,98668544,0,19,10]
02-09 04:22:18.039 W/hpplay-java( 2758): [main]:IPManager:getActiveNets invalid networkInfo:null
02-09 04:22:18.040 I/hpplay-java( 2758): [main]:IPManager:getActiveNets eth0:false wifi:false mobile:false ap:false
02-09 04:22:18.040 I/hpplay-java( 2758): [main]:ServerTaskManager:get local ip:null
02-09 04:22:18.406 E/tlogd ( 1298): [TzLogger](isPathReadable) file /sys/kernel/debug/tzdbg/qsee_log isn't exist or no permission, err: No such file or directory
02-09 04:22:18.406 E/tlogd ( 1298): [TzLogger](saveTzlogAsync) /sys/kernel/debug/tzdbg/qsee_log can not read.
02-09 04:22:18.406 E/tlogd ( 1298): [TzLogger](isPathReadable) file /sys/kernel/debug/tzdbg/log isn't exist or no permission, err: No such file or directory
02-09 04:22:18.406 E/tlogd ( 1298): [TzLogger](saveTzlogAsync) /sys/kernel/debug/tzdbg/log can not read.
02-09 04:22:18.424 D/audio_hw_primary( 800): copl(0xee7464c0):out of compress_wait
02-09 04:22:18.427 D/audio_hw_primary( 800): copl(0xee7464c0):calling compress_partial_drain
02-09 04:22:18.500 I/mpu_uart( 645): [MSG-P:RECV]:No message received in 1000 ms
01-02 09:38:58.703 I/display_panel_avdd( 0): disabling
01-02 09:38:58.704 I/vdd_tof ( 0): disabling
02-09 04:22:19.042 W/hpplay-java( 2758): [main]:IPManager:getActiveNets invalid networkInfo:null
02-09 04:22:19.043 I/hpplay-java( 2758): [main]:IPManager:getActiveNets eth0:false wifi:false mobile:false ap:false
02-09 04:22:19.043 I/hpplay-java( 2758): [main]:ServerTaskManager:get local ip:null
02-09 04:22:19.500 I/mpu_uart( 645): [MSG-P:RECV]:No message received in 1000 ms
02-09 04:22:19.503 I/mpu_uart( 645): [MSG-P:R]:recv sync frame timeout
02-09 04:22:20.046 W/hpplay-java( 2758): [main]:IPManager:getActiveNets invalid networkInfo:null
02-09 04:22:20.046 I/hpplay-java( 2758): [main]:IPManager:getActiveNets eth0:false wifi:false mobile:false ap:false
02-09 04:22:20.046 I/hpplay-java( 2758): [main]:ServerTaskManager:get local ip:null
02-09 04:22:20.456 I/am_pss ( 1523): [3188,1000,com.qti.diagservices,5866496,3858432,0,96034816,0,10,11]
02-09 04:22:20.477 I/am_pss ( 1523): [3411,1000,com.android.localtransport,5423104,3805184,0,92041216,0,19,9]
02-09 04:22:20.501 I/mpu_uart( 645): [MSG-P:RECV]:No message received in 1000 ms
02-09 04:22:20.544 I/am_pss ( 1523): [3429,10065,com.android.calendar,6162432,4136960,0,93171712,0,19,11]
02-09 04:22:20.744 I/am_pss ( 1523): [3487,1000,com.android.dynsystem:dynsystem,5670912,3874816,0,92524544,0,19,11]
02-09 04:22:20.751 I/am_pss ( 1523): [2948,1000,com.android.keychain,8029184,6356992,0,94879744,0,19,7]
02-09 04:22:20.758 I/am_pss ( 1523): [3457,1000,com.android.dynsystem,5501952,3833856,0,91611136,0,19,6]
02-09 04:22:20.841 I/am_pss ( 1523): [3526,10028,com.android.managedprovisioning,8707072,7090176,0,95125504,0,19,7]
02-09 04:22:20.917 I/am_pss ( 1523): [3549,10088,com.android.music,7924736,6266880,0,94810112,0,19,11]
02-09 04:22:20.963 I/am_pss ( 1523): [3569,10059,com.android.onetimeinitializer,5150720,3534848,0,91664384,0,19,10]
02-09 04:22:21.049 W/hpplay-java( 2758): [main]:IPManager:getActiveNets invalid networkInfo:null
02-09 04:22:21.049 I/hpplay-java( 2758): [main]:IPManager:getActiveNets eth0:false wifi:false mobile:false ap:false
02-09 04:22:21.049 I/hpplay-java( 2758): [main]:ServerTaskManager:get local ip:null
02-09 04:22:21.096 I/am_pss ( 1523): [3601,10092,com.android.permissioncontroller,11588608,9797632,0,100311040,0,19,11]
02-09 04:22:21.104 I/am_pss ( 1523): [3586,10027,com.android.packageinstaller,7061504,5517312,0,92020736,0,19,7]
02-09 04:22:21.240 D/RemoteControlService( 2295): startVlanDispatchThread
02-09 04:22:21.270 I/am_pss ( 1523): [3643,2000,com.android.shell,5901312,4251648,0,93028352,0,19,11]
02-09 04:22:21.501 I/mpu_uart( 645): [MSG-P:RECV]:No message received in 1000 ms
01-02 09:39:01.775 E/DTC_ETH,link_delay_work_func( 0): 3003, SQI=0, link=0
02-09 04:22:21.744 I/am_pss ( 1523): [3707,10057,com.qualcomm.qti.qms.service.connectionsecurity,18481152,4276224,0,77172736,0,19,9]
02-09 04:22:22.052 W/hpplay-java( 2758): [main]:IPManager:getActiveNets invalid networkInfo:null
02-09 04:22:22.053 I/hpplay-java( 2758): [main]:IPManager:getActiveNets eth0:false wifi:false mobile:false ap:false
02-09 04:22:22.053 I/hpplay-java( 2758): [main]:ServerTaskManager:get local ip:null
02-09 04:22:22.500 E/GpuMem ( 902): Failed to attach bpf program to gpu_mem/gpu_mem_total tracepoint [2(No such file or directory)]
02-09 04:22:22.501 E/GpuMemTracer( 902): Cannot initialize GpuMemTracer before GpuMem
02-09 04:22:22.501 I/mpu_uart( 645): [MSG-P:RECV]:No message received in 1000 ms
02-09 04:22:22.504 I/mpu_uart( 645): [MSG-P:R]:recv sync frame timeout
02-09 04:22:23.056 W/hpplay-java( 2758): [main]:IPManager:getActiveNets invalid networkInfo:null
02-09 04:22:23.056 I/hpplay-java( 2758): [main]:IPManager:getActiveNets eth0:false wifi:false mobile:false ap:false
02-09 04:22:23.056 I/hpplay-java( 2758): [main]:ServerTaskManager:get local ip:null
02-09 04:22:23.407 E/tlogd ( 1298): [TzLogger](isPathReadable) file /sys/kernel/debug/tzdbg/qsee_log isn't exist or no permission, err: No such file or directory
02-09 04:22:23.407 E/tlogd ( 1298): [TzLogger](saveTzlogAsync) /sys/kernel/debug/tzdbg/qsee_log can not read.
02-09 04:22:23.407 E/tlogd ( 1298): [TzLogger](isPathReadable) file /sys/kernel/debug/tzdbg/log isn't exist or no permission, err: No such file or directory
02-09 04:22:23.407 E/tlogd ( 1298): [TzLogger](saveTzlogAsync) /sys/kernel/debug/tzdbg/log can not read.
02-09 04:22:23.421 I/selfinstaller( 1203): create socket failed: Network is unreachable 101
02-09 04:22:23.501 I/mpu_uart( 645): [MSG-P:RECV]:No message received in 1000 ms
02-09 04:22:24.059 W/hpplay-java( 2758): [main]:IPManager:getActiveNets invalid networkInfo:null
02-09 04:22:24.059 I/hpplay-java( 2758): [main]:IPManager:getActiveNets eth0:false wifi:false mobile:false ap:false
02-09 04:22:24.059 I/hpplay-java( 2758): [main]:ServerTaskManager:get local ip:null
02-09 04:22:24.503 I/mpu_uart( 645): [MSG-P:RECV]:No message received in 1000 ms
02-09 04:22:25.062 W/hpplay-java( 2758): [main]:IPManager:getActiveNets invalid networkInfo:null
02-09 04:22:25.063 I/hpplay-java( 2758): [main]:IPManager:getActiveNets eth0:false wifi:false mobile:false ap:false
02-09 04:22:25.063 I/hpplay-java( 2758): [main]:ServerTaskManager:get local ip:null
02-09 04:22:25.111 D/CompatibilityInfo( 1523): mCompatibilityFlags - 4
02-09 04:22:25.111 D/CompatibilityInfo( 1523): applicationDensity - 240
02-09 04:22:25.111 D/CompatibilityInfo( 1523): applicationScale - 1.0
02-09 04:22:25.503 I/mpu_uart( 645): [MSG-P:RECV]:No message received in 1000 ms
02-09 04:22:25.507 I/mpu_uart( 645): [MSG-P:R]:recv sync frame timeout
02-09 04:22:26.066 W/hpplay-java( 2758): [main]:IPManager:getActiveNets invalid networkInfo:null
02-09 04:22:26.066 I/hpplay-java( 2758): [main]:IPManager:getActiveNets eth0:false wifi:false mobile:false ap:false
02-09 04:22:26.066 I/hpplay-java( 2758): [main]:ServerTaskManager:get local ip:null
02-09 04:22:26.250 D/RemoteControlService( 2295): startVlanDispatchThread
02-09 04:22:26.504 I/mpu_uart( 645): [MSG-P:RECV]:No message received in 1000 ms
02-09 04:22:26.565 D/audio_hw_primary( 800): copl(0xee7464c0):out of compress_partial_drain
02-09 04:22:26.566 D/audio_hw_utils( 800): audio_extn_utils_compress_get_dsp_latency:: Using Fix DSP delay
02-09 04:22:26.566 D/audio_hw_utils( 800): audio_extn_utils_compress_get_dsp_latency:: delay in ms is 50
02-09 04:22:26.569 E/AudioFlinger( 897): no wake lock to update, but system ready!
02-09 04:22:26.570 D/BootAnimation( 1089): type:2 0 0 1
02-09 04:22:26.571 I/snet_event_log( 1523): [172655291,-1,]
02-09 04:22:26.571 D/msm8974_platform( 800): platform_split_snd_device: snd_device(2) num devices(1) new_snd_devices(0)
02-09 04:22:26.572 D/ACDB-LOADER( 800): ACDB -> send_audvoltable
02-09 04:22:26.572 D/ACDB-LOADER( 800): ACDB -> ACDB_CMD_GET_AUDPROC_INSTANCE_GAIN_DEP_STEP_TABLE_SIZE
02-09 04:22:26.572 D/ACDB-LOADER( 800): ACDB -> ACDB_CMD_GET_AUDPROC_INSTANCE_GAIN_DEP_STEP_TABLE, vol index 0
02-09 04:22:26.572 D/ACDB-LOADER( 800): ACDB -> AUDIO_SET_VOL_CAL cal type = 40
02-09 04:22:26.574 D/msm8974_platform( 800): platform_split_snd_device: snd_device(2) num devices(1) new_snd_devices(0)
02-09 04:22:26.581 W/AudioFlinger( 897): moveEffectChain_l() effect chain for session 0 not on source thread 0xb400007b63cf1030
02-09 04:22:26.584 D/NuPlayerDriver( 1202): stop(0xf3581550)
02-09 04:22:26.584 D/NuPlayerDriver( 1202): reset(0xf3581550) at state 8
02-09 04:22:26.606 I/OMX-VDEC-1080P( 1233): omx_vdec::component_deinit() complete
01-02 09:39:06.766 I/msm_vidc( 0): high: 00000001: h264d: Closed video instance: 0000000000000000
02-09 04:22:26.607 I/OMX-VDEC-1080P( 1233): Exit OMX vdec Destructor: fd=7
02-09 04:22:26.609 D/SurfaceUtils( 1202): disconnecting from surface 0xf2d03278, reason disconnectFromSurface
02-09 04:22:26.613 D/SurfaceUtils( 1202): connecting to surface 0xf2d03278, reason onShutdown
02-09 04:22:26.616 D/audio_hw_primary( 800): adev_release_audio_patch: Remove patch with handle 6
02-09 04:22:26.616 D/audio_hw_primary( 800): route_output_stream: enter: usecase(3: compress-offload-playback) devices 0
02-09 04:22:26.617 D/audio_hw_primary( 800): out_set_parameters: enter: usecase(3: compress-offload-playback) kvpairs: closing=true
02-09 04:22:26.618 D/NuPlayerDriver( 1202): notifyResetComplete(0xf3581550)
02-09 04:22:26.618 D/SurfaceUtils( 1202): disconnecting from surface 0xf2d04ba8, reason disconnectNativeWindow
02-09 04:22:26.620 W/AMessage( 1202): failed to post message as target looper for handler 0 is gone.
02-09 04:22:26.620 D/audio_hw_primary( 800): out_set_parameters: enter: usecase(3: compress-offload-playback) kvpairs: exiting=1
02-09 04:22:26.620 D/audio_hw_primary( 800): out_standby: enter: stream (0xee7464c0) usecase(3: compress-offload-playback)
02-09 04:22:26.621 D/audio_hw_primary( 800): copl(0xee7464c0):standby
01-02 09:39:06.780 E/q6asm_callback( 0): cmd = 0x10bce returned error = 0xa
01-02 09:39:06.780 E/__q6asm_cmd( 0): DSP returned error[ADSP_ENOTREADY] opcode 68558
01-02 09:39:06.781 I/afe_close( 0): port_id = 0x9000
02-09 04:22:26.625 E/libEGL ( 1089): eglDestroySurfaceImpl:853 error 300d (EGL_BAD_SURFACE)
02-09 04:22:26.627 D/BootAnimation( 1089): BootAnimationStopTiming start time: 41843ms
02-09 04:22:26.638 I/BpBinder( 1089): onLastStrongRef automatically unlinking death recipients:
02-09 04:22:26.641 D/offload_visualizer( 800): thread exit
02-09 04:22:26.641 D/audio_hw_primary( 800): disable_audio_route: reset and update mixer path: compress-offload-playback
02-09 04:22:26.642 E/soundtrigger( 800): audio_extn_sound_trigger_update_stream_status: invalid input device 0x0, for event 2
02-09 04:22:26.642 D/soundtrigger( 800): audio_extn_sound_trigger_update_stream_status: uc_info->id 3 of type 0 for Event 2, with Raise=1
02-09 04:22:26.642 I/sound_trigger_platform( 800): platform_stdev_check_and_update_concurrency: Received STREAM event, event type 2, usecase type 0
02-09 04:22:26.642 D/sound_trigger_platform( 800): platform_stdev_get_capture_device: Device = 0x80000004
02-09 04:22:26.642 D/sound_trigger_platform( 800): platform_stdev_get_capture_device: Available device = 0x80000004
02-09 04:22:26.642 D/sound_trigger_platform( 800): platform_stdev_check_and_update_concurrency: dedicated path 1, reset backend 1, tx 0, rx 0, concurrency session allowed
02-09 04:22:26.642 D/msm8974_platform( 800): platform_split_snd_device: snd_device(2) num devices(0) new_snd_devices(0)
02-09 04:22:26.642 I/msm8974_platform( 800): platform_get_custom_mtmx_params: no matching param with id 0 ip_ch 2 op_ch 2 uc_id 3 snd_dev 2
02-09 04:22:26.642 D/hardware_info( 800): hw_info_append_hw_type : device_name = speaker
02-09 04:22:26.642 D/audio_hw_primary( 800): disable_snd_device: snd_device(2: speaker)
02-09 04:22:26.642 D/msm8974_platform( 800): platform_split_snd_device: snd_device(2) num devices(0) new_snd_devices(0)
02-09 04:22:26.642 I/soundtrigger( 800): audio_extn_sound_trigger_update_device_status: device 0x2 of type 0 for Event 0, with Raise=0
02-09 04:22:26.642 D/audio_hw_primary( 800): audio_enable_asm_bit_width_enforce_mode: DSP bitwidth feature is disabled.
02-09 04:22:26.643 D/audio_hw_primary( 800): out_standby: exit
02-09 04:22:26.643 D/audio_hw_primary( 800): adev_close_output_stream: enter:stream_handle(compress-offload-playback)
02-09 04:22:26.643 D/audio_hw_primary( 800): io_streams_map_remove: Removed stream with handle 85
02-09 04:22:26.643 D/audio_hw_primary( 800): out_standby: enter: stream (0xee7464c0) usecase(3: compress-offload-playback)
02-09 04:22:26.643 D/audio_hw_primary( 800): out_standby: exit
02-09 04:22:26.645 E/audio_hw_primary( 800): offload_thread_loop: Compress handle is NULL
01-02 09:39:06.817 I/binder ( 0): undelivered transaction 103118, process died.
01-02 09:39:06.818 I/init ( 0): Service 'bootanim' (pid 1089) exited with status 0 oneshot service took 33.974998 seconds in background
01-02 09:39:06.818 I/init ( 0): Sending signal 9 to service 'bootanim' (pid 1089) process group...
01-02 09:39:06.818 I/libprocessgroup( 0): Successfully killed process cgroup uid 1003 pid 1089 in 0ms
01-02 09:39:06.895 E/DTC_ETH,link_delay_work_func( 0): 3003, SQI=0, link=0
02-09 04:22:27.069 W/hpplay-java( 2758): [main]:IPManager:getActiveNets invalid networkInfo:null
02-09 04:22:27.069 I/hpplay-java( 2758): [main]:IPManager:getActiveNets eth0:false wifi:false mobile:false ap:false
02-09 04:22:27.070 I/hpplay-java( 2758): [main]:ServerTaskManager:get local ip:null
02-09 04:22:27.504 I/mpu_uart( 645): [MSG-P:RECV]:No message received in 1000 ms
02-09 04:22:27.687 I/input_interaction( 1523): Interaction with: cd1cbcc com.android.systemui/com.android.systemui.usb.UsbDebuggingActivity (server), edge-swipe (server), swipe-up (server), PointerEventDispatcher0 (server),
02-09 04:22:28.072 W/hpplay-java( 2758): [main]:IPManager:getActiveNets invalid networkInfo:null
02-09 04:22:28.072 I/hpplay-java( 2758): [main]:IPManager:getActiveNets eth0:false wifi:false mobile:false ap:false
02-09 04:22:28.072 I/hpplay-java( 2758): [main]:ServerTaskManager:get local ip:null
02-09 04:22:28.407 E/tlogd ( 1298): [TzLogger](isPathReadable) file /sys/kernel/debug/tzdbg/qsee_log isn't exist or no permission, err: No such file or directory
02-09 04:22:28.407 E/tlogd ( 1298): [TzLogger](saveTzlogAsync) /sys/kernel/debug/tzdbg/qsee_log can not read.
02-09 04:22:28.407 E/tlogd ( 1298): [TzLogger](isPathReadable) file /sys/kernel/debug/tzdbg/log isn't exist or no permission, err: No such file or directory
02-09 04:22:28.407 E/tlogd ( 1298): [TzLogger](saveTzlogAsync) /sys/kernel/debug/tzdbg/log can not read.
02-09 04:22:28.504 I/mpu_uart( 645): [MSG-P:RECV]:No message received in 1000 ms
02-09 04:22:28.512 I/mpu_uart( 645): [MSG-P:R]:recv sync frame timeout
02-09 04:22:28.813 I/OpenGLRenderer( 2018): Davey! duration=9223371992849ms; Flags=0, FrameTimelineVsyncId=2057, IntendedVsync=44005473709, Vsync=44005473709, InputEventId=93508756, HandleInputStart=44005794876, AnimationStart=44006214512, PerformTraversalsStart=44006216751, DrawStart=44006306074, FrameDeadline=44022140375, FrameInterval=44005791231, FrameStartTime=16666666, SyncQueued=44010239043, SyncStart=44010325345, IssueDrawCommandsStart=44010493158, SwapBuffers=44017253210, FrameCompleted=9223372036854775807, DequeueBufferDuration=35417, QueueBufferDuration=929062, GpuCompleted=9223372036854775807, SwapBuffersCompleted=44018644251, DisplayPresentTime=0,
02-09 04:22:28.836 I/wm_finish_activity( 1523): [0,133816629,8,com.android.systemui/.usb.UsbDebuggingActivity,app-request]
02-09 04:22:28.836 I/adbd ( 2715): adbd_auth: received packet: OK
02-09 04:22:28.836 W/adbd ( 2715): adbd_auth: received authorization for unknown prompt, ignoring
02-09 04:22:28.836 I/adbd ( 2715): adbd_auth: no prompts to send
02-09 04:22:28.837 I/wm_task_moved( 1523): [18,1,6]
02-09 04:22:28.838 D/AdbDebuggingManager( 1523): Logging key QAAAALX1RB9j783RWRQ9acPNgz9XdJcr7+o7oBiikFlXtUJufHoE2v9p+yrkbqJPkz4hyEwHoa0n1aXPy3/okucQKmnf1hk6Y3G8Bpey7R1HC52PYVFCRHOJIsxu6xyDp+rArYvt2p6hA6dOw2TmEjdfgbezSoRCNFRQh8p1CICvX5am9yT5Prd+pNpnB+mZEseU+P8yEYNv6IDFCmeXGct6ZD6/pZtIFbDxw+lOnbzSRpyrrJftzScOwPShg4gQOhHMSeXIMGqggVORvoWIIhw1l+el90dArz1HNK4ug+UxMnNxDi/8qTw//aWzWsrgtx40Pa9ENiIip7Qfddn0h1EyY5g1eAOsT9bibM8XKwzwfqVGHgSRCY6Y8O53tigZM3IZz1L7/WaPAs9g6y+16UHsC2eWoF0QC2rry/hRYLjVrHj2fd1RRgSWgHJ4lg0nTyMXVSHrlmuRSSnIU+kpWBvlYiKkXdUpVlC8jwmAoHK6NwkAdvZBeDzfTidSM807oLk3AcQY6IgC4ISGQaQqDmF9O6t1rrKoU3Y564gWaq0WQ3XINB0gw7S2/3fdMrKvm1yGyKDokeuPNkViVuGPeOZowi0eOzs5woQZK0ioWR3emRirSGGQftreoAEEwsprmSjyIaMPFSr8vfqzeIwd5nyCKG0rmHJwoCUMZbEYghILp+jFjAqAegEAAQA= ThunderSoft@DESKTOP-E5PM25C, state = 2, alwaysAllow = true, lastConnectionTime = 1675887748836, authWindow = 604800000
02-09 04:22:28.841 I/wm_task_moved( 1523): [19,1,2147483647]
02-09 04:22:28.841 I/wm_task_to_front( 1523): [0,19]
02-09 04:22:28.841 I/wm_focused_root_task( 1523): [0,0,18,-1,finish-top adjustFocusToNextFocusableTask]
02-09 04:22:28.843 D/PermissionCache( 903): checking android.permission.READ_FRAME_BUFFER for uid=1000 => granted (274 us)
02-09 04:22:28.851 I/hwservicemanager( 505): getTransport: Cannot find entry android.hardware.graphics.mapper@4.0::IMapper/default in either framework or device VINTF manifest.
02-09 04:22:28.852 I/Gralloc4( 1523): mapper 4.x is not supported
02-09 04:22:28.858 D/ActivityTrigger( 1523): ActivityTrigger activityPauseTrigger
02-09 04:22:28.859 I/wm_pause_activity( 1523): [0,133816629,com.android.systemui/.usb.UsbDebuggingActivity,userLeaving=false,finish]
02-09 04:22:28.865 I/input_focus( 1523): [Focus request ad81902 com.android.launcher3/com.android.launcher3.uioverrides.QuickstepLauncher,reason=UpdateInputWindows]
02-09 04:22:28.866 I/wm_on_top_resumed_lost_called( 2018): [133816629,com.android.systemui.usb.UsbDebuggingActivity,topStateChangedWhenResumed]
02-09 04:22:28.868 I/wm_on_paused_called( 2018): [133816629,com.android.systemui.usb.UsbDebuggingActivity,performPause]
02-09 04:22:28.868 I/hwservicemanager( 505): getTransport: Cannot find entry android.hardware.graphics.mapper@4.0::IMapper/default in either framework or device VINTF manifest.
02-09 04:22:28.868 I/Gralloc4( 2119): mapper 4.x is not supported
02-09 04:22:28.869 I/ActivityTaskManager( 1523): FOREGROUND_APPLICATION_CHANGED to com.android.launcher3.uioverrides.QuickstepLauncher
02-09 04:22:28.870 I/wm_set_resumed_activity( 1523): [0,com.android.launcher3/.uioverrides.QuickstepLauncher,resumeTopActivityInnerLocked]
02-09 04:22:28.872 I/AdrenoGLES-0( 1523): QUALCOMM build : 47421dbee6, I139f36ad46
02-09 04:22:28.872 I/AdrenoGLES-0( 1523): Build Date : 02/18/22
02-09 04:22:28.872 I/AdrenoGLES-0( 1523): OpenGL ES Shader Compiler Version: EV031.32.02.17
02-09 04:22:28.872 I/AdrenoGLES-0( 1523): Local Branch :
02-09 04:22:28.872 I/AdrenoGLES-0( 1523): Remote Branch :
02-09 04:22:28.872 I/AdrenoGLES-0( 1523): Remote Branch :
02-09 04:22:28.872 I/AdrenoGLES-0( 1523): Reconstruct Branch :
02-09 04:22:28.872 I/AdrenoGLES-0( 1523): Build Config : S P 10.0.7 AArch64
02-09 04:22:28.872 I/AdrenoGLES-0( 1523): Driver Path : /vendor/lib64/egl/libGLESv2_adreno.so
02-09 04:22:28.873 I/wm_resume_activity( 1523): [0,152178272,19,com.android.launcher3/.uioverrides.QuickstepLauncher]
02-09 04:22:28.875 I/hwservicemanager( 505): getTransport: Cannot find entry android.hardware.graphics.mapper@4.0::IMapper/default in either framework or device VINTF manifest.
02-09 04:22:28.878 I/wm_on_resume_called( 2579): [152178272,com.android.launcher3.uioverrides.QuickstepLauncher,RESUME_ACTIVITY]
02-09 04:22:28.878 I/wm_on_top_resumed_gained_called( 2579): [152178272,com.android.launcher3.uioverrides.QuickstepLauncher,topWhenResuming]
02-09 04:22:28.884 I/AdrenoGLES-0( 1523): PFP: 0x016dd093, ME: 0x00000000
02-09 04:22:28.887 I/sysui_multi_action( 1523): [319,28300,322,240,325,15,757,761,758,8,759,2,806,com.android.launcher3,871,com.android.launcher3.uioverrides.QuickstepLauncher,904,com.android.launcher3,905,0,1320,4,1321,1]
02-09 04:22:28.888 I/wm_activity_launch_time( 1523): [0,152178272,com.android.launcher3/.uioverrides.QuickstepLauncher,240]
02-09 04:22:28.889 I/ActivityTaskManager( 1523): Displayed com.android.launcher3/.uioverrides.QuickstepLauncher: +240ms
02-09 04:22:28.890 I/BpBinder( 903): onLastStrongRef automatically unlinking death recipients:
02-09 04:22:28.891 I/input_focus( 1523): [Focus leaving cd1cbcc com.android.systemui/com.android.systemui.usb.UsbDebuggingActivity (server),reason=NO_WINDOW]
02-09 04:22:28.891 I/input_focus( 1523): [Focus entering ad81902 com.android.launcher3/com.android.launcher3.uioverrides.QuickstepLauncher (server),reason=setFocusedWindow]
02-09 04:22:28.897 I/sysui_multi_action( 1523): [757,803,799,window_time_0,802,32]
02-09 04:22:28.897 I/EventSequenceValidator( 1523): dec AccIntentStartedEvents to 1
02-09 04:22:28.910 I/am_uid_running( 1523): 10034
02-09 04:22:28.910 D/libEGL ( 1523): MSAA-->msaa:0 gamemode:0 4x_msaa:0
02-09 04:22:28.911 D/CompatibilityChangeReporter( 1523): Compat change id reported: 135634846; UID 10034; state: DISABLED
02-09 04:22:28.911 D/CompatibilityChangeReporter( 1523): Compat change id reported: 177438394; UID 10034; state: DISABLED
02-09 04:22:28.911 D/CompatibilityChangeReporter( 1523): Compat change id reported: 135772972; UID 10034; state: DISABLED
02-09 04:22:28.911 I/am_pss ( 1523): [2579,10074,com.android.launcher3,100572160,85356544,0,233439232,0,2,8]
02-09 04:22:28.911 D/CompatibilityChangeReporter( 1523): Compat change id reported: 135754954; UID 10034; state: DISABLED
02-09 04:22:28.912 D/CompatibilityChangeReporter( 1523): Compat change id reported: 143937733; UID 10034; state: DISABLED
02-09 04:22:28.913 D/libEGL ( 1523): MSAA-->msaa:0 gamemode:0 4x_msaa:0
02-09 04:22:28.914 D/libEGL ( 1523): MSAA-->msaa:0 gamemode:0 4x_msaa:0
02-09 04:22:28.915 I/wm_destroy_activity( 1523): [0,133816629,8,com.android.systemui/.usb.UsbDebuggingActivity,finish-idle]
02-09 04:22:28.921 D/Zygote ( 666): Forked child process 3897
02-09 04:22:28.921 I/am_proc_start( 1523): [0,3897,10034,com.baidu.input,service,{com.baidu.input/com.baidu.input.ImeService}]
02-09 04:22:28.921 I/ActivityManager( 1523): Start proc 3897:com.baidu.input/u0a34 for service {com.baidu.input/com.baidu.input.ImeService}
02-09 04:22:28.927 I/libc ( 3897): SetHeapTaggingLevel: tag level set to 0
02-09 04:22:28.930 I/am_pss ( 1523): [2018,10080,com.android.systemui,183502848,159604736,0,350089216,0,0,11]
02-09 04:22:28.931 I/wm_on_stop_called( 2018): [133816629,com.android.systemui.usb.UsbDebuggingActivity,LIFECYCLER_STOP_ACTIVITY]
02-09 04:22:28.931 I/wm_on_destroy_called( 2018): [133816629,com.android.systemui.usb.UsbDebuggingActivity,performDestroy]
02-09 04:22:28.933 D/OpenGLRenderer( 2018): endAllActiveAnimators on 0xb40000718c1476b0 (RippleDrawable) with handle 0xb40000709c0a4630
02-09 04:22:28.933 E/com.baidu.inpu( 3897): Not starting debugger since process cannot load the jdwp agent.
01-02 09:39:09.095 I/binder ( 0): 3897:3897 ioctl 40046210 7ffaef2474 returned -22
02-09 04:22:28.934 W/InputManager-JNI( 1523): Input channel object 'cd1cbcc com.android.systemui/com.android.systemui.usb.UsbDebuggingActivity (client)' was disposed without first being removed with the input manager!
02-09 04:22:28.936 D/ProcessState( 3897): Binder ioctl to enable oneway spam detection failed: Invalid argument
02-09 04:22:28.937 I/am_pss ( 1523): [3844,10054,com.qualcomm.qti.qms.service.trustzoneaccess,5548032,3792896,0,92684288,0,19,5]
02-09 04:22:28.938 I/am_proc_bound( 1523): [0,3897,com.baidu.input]
02-09 04:22:28.942 D/CompatibilityChangeReporter( 1523): Compat change id reported: 168419799; UID 10034; state: DISABLED
02-09 04:22:28.942 D/CompatibilityInfo( 1523): mCompatibilityFlags - 4
02-09 04:22:28.942 D/CompatibilityInfo( 1523): applicationDensity - 240
02-09 04:22:28.942 D/CompatibilityInfo( 1523): applicationScale - 1.0
02-09 04:22:28.944 I/am_pss ( 1523): [3617,10030,com.android.providers.calendar,7123968,5128192,0,99237888,0,19,6]
02-09 04:22:28.944 I/am_uid_active( 1523): 10034
02-09 04:22:28.945 D/CompatibilityInfo( 1523): mCompatibilityFlags - 4
02-09 04:22:28.945 D/CompatibilityInfo( 1523): applicationDensity - 240
02-09 04:22:28.945 D/CompatibilityInfo( 1523): applicationScale - 1.0
02-09 04:22:28.947 D/CompatibilityChangeReporter( 3897): Compat change id reported: 171979766; UID 10034; state: DISABLED
02-09 04:22:28.949 D/ApplicationLoaders( 3897): Returning zygote-cached class loader: /system/framework/android.test.base.jar
02-09 04:22:28.952 I/am_pss ( 1523): [2866,10093,com.android.providers.media.module,17513472,13611008,0,123498496,0,0,7]
02-09 04:22:28.958 I/am_pss ( 1523): [3051,10023,android.process.media,9806848,7774208,0,102072320,0,19,5]
02-09 04:22:28.964 I/am_pss ( 1523): [3731,10018,com.android.externalstorage,5464064,3821568,0,92860416,0,19,5]
02-09 04:22:28.970 I/am_pss ( 1523): [2554,10083,com.qualcomm.qti.qccauthmgr,6244352,4358144,0,96665600,0,19,5]
02-09 04:22:28.975 I/GameMode_ActivityMonitoringService( 2119): onTaskStackChanged
02-09 04:22:28.976 I/am_pss ( 1523): [3196,10019,android.process.acore,13265920,9551872,0,117960704,0,19,6]
02-09 04:22:28.980 I/GameMode_ActivityMonitoringService( 2119): Updating top task to: TaskInfoContainer [topActivity=ComponentInfo{com.android.launcher3/com.android.launcher3.uioverrides.QuickstepLauncher}, taskId=19, stackId=18, userId=0, displayId=0, position=6
02-09 04:22:28.980 I/GameMode_ActivityMonitoringService( 2119): Notifying about top task: TaskInfoContainer [topActivity=ComponentInfo{com.android.launcher3/com.android.launcher3.uioverrides.QuickstepLauncher}, taskId=19, stackId=18, userId=0, displayId=0, position=6
02-09 04:22:28.980 I/GameMode_ActivityMonitoringService( 2119): WindowMode: 1
02-09 04:22:28.980 E/GameMode_ActivityMonitoringService( 2119): onActivityLaunch:com.android.launcher3
02-09 04:22:28.980 V/GameMode_GameTypeUtils( 2119): judge isGame:com.android.launcher3
02-09 04:22:28.980 V/GameMode_GpuUtils( 2119): fps:60
02-09 04:22:28.983 D/GameMode_GameModeActionUtils( 2119): Show GameMode entry by service!
02-09 04:22:28.983 W/ContextImpl( 2119): Calling a method in the system process without a qualified user: android.app.ContextImpl.startService:1816 android.content.ContextWrapper.startService:774 com.thundercomm.gamemode.ingame.services.GameModeActionUtils.startGameModeService:111 com.thundercomm.gamemode.ingame.services.GameModeActionUtils.startGameModeEntry:22 com.thundercomm.gamemode.ingame.services.ActivityMonitoringService$1.onActivityLaunch:139
02-09 04:22:28.984 I/am_pss ( 1523): [2001,1002,com.android.bluetooth,32516096,23482368,0,147640320,0,0,7]
02-09 04:22:28.985 D/GameMode_GameModeService( 2119): type=hide_entry
02-09 04:22:28.985 D/GameModeIF_GameModeSettings( 2119): getUriFor setting_content_uri_root = content://com.thundercomm.gamemode.api/gamemode_settings , name = gamemode_isgaming
02-09 04:22:28.992 I/GameModeConfig( 1523): Current uri is uri = content://com.thundercomm.gamemode.api/gamemode_settings/gamemode_isgaming
02-09 04:22:28.992 D/GameModeIF_GameModeSettings( 1523): getUriFor setting_content_uri_root = content://com.thundercomm.gamemode.api/gamemode_settings , name = gamemode_isgaming
02-09 04:22:28.993 D/GameModeIF_GameModeSettings( 2119): gamemode_isgaming set to 0
02-09 04:22:28.993 D/CompatibilityChangeReporter( 2119): Compat change id reported: 150939131; UID 1000; state: ENABLED
02-09 04:22:28.993 D/GameMode_GameSettingsObserver( 2119): Game Data change!!!! uri = content://com.thundercomm.gamemode.api/gamemode_settings/gamemode_isgaming
02-09 04:22:28.993 D/GameModeIF_GameModeSettings( 2119): getUriFor setting_content_uri_root = content://com.thundercomm.gamemode.api/gamemode_settings , name = gamemode_isgaming
02-09 04:22:28.993 I/GameModeConfig( 1523): isGameModeOn = false
02-09 04:22:28.993 I/GameMode_ActivityMonitoringService( 2119): [Perf]-lastSession=
02-09 04:22:28.993 D/GameModeIF_GameModeSettings( 2119): getUriFor setting_content_uri_root = content://com.thundercomm.gamemode.api/gamemode_settings , name = gamemode_enable
02-09 04:22:28.994 I/GameModeConfig( 1523): isGameModeOn = false
02-09 04:22:28.994 I/GameModeConfig( 1523): isDisableVoice = true
02-09 04:22:28.994 D/GameMode_GameModeService( 2119): updateGlobalSettings = gamemode_isgaming
02-09 04:22:28.995 I/hwservicemanager( 505): getTransport: Cannot find entry android.hardware.graphics.allocator@4.0::IAllocator/default in either framework or device VINTF manifest.
02-09 04:22:28.995 W/Gralloc4( 1523): allocator 4.x is not supported
02-09 04:22:28.995 I/am_pss ( 1523): [2847,10082,com.qualcomm.qti.workloadclassifier,8364032,6762496,0,94683136,0,0,5]
02-09 04:22:28.997 D/libEGL ( 1523): MSAA-->msaa:0 gamemode:0 4x_msaa:0
02-09 04:22:28.998 D/libEGL ( 1523): MSAA-->msaa:0 gamemode:0 4x_msaa:0
02-09 04:22:28.998 D/libEGL ( 1523): MSAA-->msaa:0 gamemode:0 4x_msaa:0
02-09 04:22:29.001 I/am_pss ( 1523): [2858,10079,com.qualcomm.location,9799680,7360512,0,103415808,0,0,5]
02-09 04:22:29.006 I/am_pss ( 1523): [2807,10072,com.qualcomm.qti.services.systemhelper:systemhelper_service,6189056,4468736,0,94900224,0,0,5]
02-09 04:22:29.012 I/am_pss ( 1523): [2799,10058,.pasr,5180416,3633152,0,90361856,0,0,5]
02-09 04:22:29.017 I/am_pss ( 1523): [2812,10086,com.qualcomm.qti.qccnetstat,5953536,4308992,0,93048832,0,0,5]
02-09 04:22:29.023 I/am_pss ( 1523): [2796,1000,com.hryt.hiphishowfsecontrol,14045184,11956224,0,106635264,0,0,5]
02-09 04:22:29.029 I/am_pss ( 1523): [2758,10085,com.hht.lebocast,35078144,16048128,0,111104000,0,0,6]
02-09 04:22:29.035 I/am_pss ( 1523): [2763,10055,ts.car.uart,5954560,4411392,0,91303936,0,0,5]
02-09 04:22:29.039 I/Perf ( 3897): Connecting to perf service.
02-09 04:22:29.041 I/am_pss ( 1523): [3156,10061,com.qualcomm.qti.devicestatisticsservice,5142528,3600384,0,90181632,0,0,5]
02-09 04:22:29.044 V/GraphicsEnvironment( 3897): ANGLE Developer option for 'com.baidu.input' set to: 'default'
02-09 04:22:29.044 V/GraphicsEnvironment( 3897): ANGLE GameManagerService for com.baidu.input: false
02-09 04:22:29.045 D/NetworkSecurityConfig( 3897): Using Network Security Config from resource network_security_config debugBuild: false
02-09 04:22:29.046 D/NetworkSecurityConfig( 3897): Using Network Security Config from resource network_security_config debugBuild: false
02-09 04:22:29.047 I/am_pss ( 1523): [2393,1000,com.qualcomm.qti.qdma,9484288,6516736,0,106893312,0,0,5]
02-09 04:22:29.053 I/am_pss ( 1523): [2370,1000,com.thundercomm.tcservice,8094720,6332416,0,97005568,0,0,6]
02-09 04:22:29.059 I/am_pss ( 1523): [2285,1068,com.android.se,5626880,4018176,0,92540928,0,0,5]
02-09 04:22:29.066 I/am_pss ( 1523): [2295,1000,com.thundercomm.remotecontrolservice,9371648,7114752,0,102404096,0,0,6]
02-09 04:22:29.072 I/am_pss ( 1523): [2268,10081,com.qti.qualcomm.mstatssystemservice,5275648,3727360,0,90923008,0,0,5]
02-09 04:22:29.076 W/hpplay-java( 2758): [main]:IPManager:getActiveNets invalid networkInfo:null
02-09 04:22:29.076 I/hpplay-java( 2758): [main]:IPManager:getActiveNets eth0:false wifi:false mobile:false ap:false
02-09 04:22:29.076 I/hpplay-java( 2758): [main]:ServerTaskManager:get local ip:null
02-09 04:22:29.077 I/am_pss ( 1523): [2246,1000,vendor.qti.qesdk.sysservice,5358592,3751936,0,92266496,0,0,5]
02-09 04:22:29.083 I/am_pss ( 1523): [2204,1000,com.thundercomm.tcsetupwizard,6543360,4997120,0,92352512,0,0,5]
02-09 04:22:29.088 I/am_pss ( 1523): [2200,1000,com.tc.logclient,7412736,5419008,0,99979264,0,0,4]
02-09 04:22:29.094 I/am_pss ( 1523): [2180,1000,com.thundercomm.tchttpserver,7499776,5914624,0,94277632,0,0,5]
02-09 04:22:29.098 I/MultiDex( 3897): VM with version 2.1.0 has multidex support
02-09 04:22:29.098 I/MultiDex( 3897): Installing application
02-09 04:22:29.098 I/MultiDex( 3897): VM has multidex support, MultiDex support library is disabled.
02-09 04:22:29.101 I/MultiDex( 3897): Installing application
02-09 04:22:29.101 I/MultiDex( 3897): VM has multidex support, MultiDex support library is disabled.
02-09 04:22:29.101 I/am_pss ( 1523): [2173,10056,.qtidataservices,5699584,4108288,0,92446720,0,0,5]
02-09 04:22:29.107 I/am_pss ( 1523): [2140,1000,com.thundercomm.microsettings,35371008,32313344,0,129527808,0,0,6]
02-09 04:22:29.114 I/am_pss ( 1523): [2147,1001,.dataservices,7777280,6082560,0,95076352,0,0,6]
02-09 04:22:29.120 I/am_pss ( 1523): [2127,1000,com.thundercomm.microservice,8622080,6950912,0,96874496,0,0,5]
02-09 04:22:29.127 I/am_pss ( 1523): [2119,1000,com.thundercomm.gamemode,27421696,21463040,0,137203712,0,0,7]
02-09 04:22:29.134 I/am_pss ( 1523): [2081,1073,com.android.networkstack.process,10853376,8491008,0,105611264,0,0,6]
02-09 04:22:29.140 I/wm_task_removed( 1523): [8,removeChild:removeChild last r=ActivityRecord{7f9e135 u0 com.android.systemui/.usb.UsbDebuggingActivity t-1 f}} in t=Task{7cbc864 #8 type=standard A=10080:com.android.systemui U=0 visible=false mode=fullscreen translucent=true sz=0}]
02-09 04:22:29.140 I/wm_task_removed( 1523): [8,removeChild]
02-09 04:22:29.142 W/ActivityTaskManager( 1523): Can't find TaskDisplayArea to determine support for multi window. Task id=8 attached=false
02-09 04:22:29.142 W/ActivityTaskManager( 1523): Can't find TaskDisplayArea to determine support for multi window. Task id=8 attached=false
02-09 04:22:29.153 I/am_pss ( 1523): [1523,1000,system,226877440,130002944,0,555511808,0,0,17]
02-09 04:22:29.239 I/MMKV ( 3897): page size:4096
02-09 04:22:29.240 I/MMKV ( 3897): root dir: /data/user/0/com.baidu.input/files/mmkv
02-09 04:22:29.241 I/MMKV ( 3897): loading [mmkv.default] with 1839 size in total, file size is 4096
02-09 04:22:29.241 I/MMKV ( 3897): loading [mmkv.default] with crc 1905845341 sequence 3
02-09 04:22:29.241 I/MMKV ( 3897): loaded [mmkv.default] with 33 values
02-09 04:22:29.322 I/Helios ( 3897): provider onCreate
02-09 04:22:29.396 W/UnsafeUtil( 3897): platform method missing - proto runtime falling back to safer methods: java.lang.NoSuchMethodException: sun.misc.Unsafe.copyMemory [class java.lang.Object, long, class java.lang.Object, long, long]
02-09 04:22:29.405 I/DpmTcmClient( 3897): RegisterTcmMonitor from: $Proxy2
02-09 04:22:29.415 D/CompatibilityChangeReporter( 3897): Compat change id reported: 160794467; UID 10034; state: DISABLED
02-09 04:22:29.466 I/MMKV ( 3897): loading [noti_center_version] with 0 size in total, file size is 4096
02-09 04:22:29.466 I/MMKV ( 3897): loaded [noti_center_version] with 0 values
02-09 04:22:29.468 I/MMKV ( 3897): loading [noti_center_md5] with 0 size in total, file size is 4096
02-09 04:22:29.468 I/MMKV ( 3897): loaded [noti_center_md5] with 0 values
02-09 04:22:29.479 I/gamesdk_start( 3897): initCmGameSdk version: 2.0.6_202108041119
02-09 04:22:29.481 I/FileUtil( 3897): load json file length : 0
02-09 04:22:29.504 I/mpu_uart( 645): [MSG-P:RECV]:No message received in 1000 ms
02-09 04:22:29.518 W/linker ( 3897): Warning: "/system/priv-app/baidu_ime-mainLine-release/baidu_ime-mainLine-release.apk!/lib/arm64-v8a/libpaddle_light_api_shared.so" unused DT entry: DT_RPATH (type 0xf arg 0xb01e) (ignoring)
02-09 04:22:29.531 D/CompatibilityChangeReporter( 1523): Compat change id reported: 171306433; UID 10034; state: DISABLED
02-09 04:22:29.570 E/ActivityThread( 3897): Failed to find provider info for telephony
02-09 04:22:29.578 D/MicroMsg.PaySdk.WXFactory( 3897): createWXAPI, appId = wxb42cca62c3f838b9, checkSignature = false
02-09 04:22:29.578 D/MicroMsg.SDK.WXApiImplV10( 3897): , appId = wxb42cca62c3f838b9, checkSignature = false
02-09 04:22:29.579 D/MicroMsg.SDK.WXMsgImplComm( 3897): ignore wechat app signature validation
02-09 04:22:29.579 D/MicroMsg.SDK.WXApiImplV10( 3897): registerApp, appId = wxb42cca62c3f838b9
02-09 04:22:29.579 D/MicroMsg.SDK.WXApiImplV10( 3897): registerApp, appId = wxb42cca62c3f838b9
02-09 04:22:29.579 D/MicroMsg.SDK.WXApiImplV10( 3897): register app com.baidu.input
02-09 04:22:29.580 D/MicroMsg.SDK.MMessage( 3897): send mm message, intent=Intent { act=com.tencent.mm.plugin.openapi.Intent.ACTION_HANDLE_APP_REGISTER (has extras) }, perm=com.tencent.mm.permission.MM_MESSAGE
02-09 04:22:29.584 I/WebViewFactory( 3897): Loading com.android.webview version 91.0.4472.114 (code 447211453)
02-09 04:22:29.586 D/nativeloader( 3897): classloader namespace configured for unbundled product apk. library_path=/product/app/webview/lib/arm64:/product/app/webview/webview.apk!/lib/arm64-v8a:/product/lib64:/system/product/lib64
02-09 04:22:29.589 E/ThemeUtils( 3897): View class androidx.appcompat.widget.SwitchCompat is an AppCompat widget that can only be used with a Theme.AppCompat theme (or descendant).
02-09 04:22:29.597 E/ThemeUtils( 3897): View class com.baidu.input.ime.cand.view.MinorWordTextView is an AppCompat widget that can only be used with a Theme.AppCompat theme (or descendant).
02-09 04:22:29.767 I/cr_LibraryLoader( 3897): Loaded native library version number "91.0.4472.114"
02-09 04:22:29.768 W/com.baidu.inpu( 3897): Accessing hidden field Ljava/util/Collections$SynchronizedCollection;->mutex:Ljava/lang/Object; (max-target-o, reflection, denied)
02-09 04:22:29.768 W/com.baidu.inpu( 3897): Accessing hidden method Ljava/util/Collections$SynchronizedSet;->(Ljava/util/Set;Ljava/lang/Object;)V (max-target-o, reflection, denied)
02-09 04:22:29.768 W/com.baidu.inpu( 3897): Accessing hidden method Ljava/util/Collections$SynchronizedCollection;->(Ljava/util/Collection;Ljava/lang/Object;)V (max-target-o, reflection, denied)
02-09 04:22:29.770 I/cr_CachingUmaRecorder( 3897): Flushed 5 samples from 5 histograms.
02-09 04:22:30.079 W/hpplay-java( 2758): [main]:IPManager:getActiveNets invalid networkInfo:null
02-09 04:22:30.079 I/hpplay-java( 2758): [main]:IPManager:getActiveNets eth0:false wifi:false mobile:false ap:false
02-09 04:22:30.079 I/hpplay-java( 2758): [main]:ServerTaskManager:get local ip:null
01-02 09:39:10.439 I/logd ( 0): logdr: UID=2000 GID=2000 PID=3986 b tail=0 logMask=bf pid=0 start=0ns deadline=0ns
02-09 04:22:30.505 I/mpu_uart( 645): [MSG-P:RECV]:No message received in 1000 ms
02-09 04:22:31.081 W/hpplay-java( 2758): [main]:IPManager:getActiveNets invalid networkInfo:null
02-09 04:22:31.082 I/hpplay-java( 2758): [main]:IPManager:getActiveNets eth0:false wifi:false mobile:false ap:false
02-09 04:22:31.082 I/hpplay-java( 2758): [main]:ServerTaskManager:get local ip:null
02-09 04:22:31.258 D/RemoteControlService( 2295): startVlanDispatchThread
02-09 04:22:31.505 I/mpu_uart( 645): [MSG-P:RECV]:No message received in 1000 ms
02-09 04:22:31.515 I/mpu_uart( 645): [MSG-P:R]:recv sync frame timeout
01-02 09:39:12.015 E/DTC_ETH,link_delay_work_func( 0): 3003, SQI=0, link=0
02-09 04:22:32.084 W/hpplay-java( 2758): [main]:IPManager:getActiveNets invalid networkInfo:null
02-09 04:22:32.085 I/hpplay-java( 2758): [main]:IPManager:getActiveNets eth0:false wifi:false mobile:false ap:false
02-09 04:22:32.085 I/hpplay-java( 2758): [main]:ServerTaskManager:get local ip:null
02-09 04:22:32.433 I/input_interaction( 1523): Interaction with: ad81902 com.android.launcher3/com.android.launcher3.uioverrides.QuickstepLauncher (server), a2a9c20 com.android.systemui.ImageWallpaper (server), edge-swipe (server), swipe-up (server), PointerEventDispatcher0 (server),
02-09 04:22:32.506 I/mpu_uart( 645): [MSG-P:RECV]:No message received in 1000 ms
02-09 04:22:32.565 I/thunderperf( 1523): Maybe need boostperf for current app!
02-09 04:22:32.565 D/FgBoostPerfService( 2119): [FgBoostPerfService.perfBoostAcq]start: stat=true pkgName=com.android.settings
02-09 04:22:32.565 I/FgBoostPerfService( 2119): [FgBoostPerfService.perfBoostAcq] not game-mode or game app!
02-09 04:22:32.565 I/ThunderPerfManager( 1523): PerfAcq error : state=true pkgName=com.android.settings
02-09 04:22:32.566 V/GameMode_GameTypeUtils( 2119): judge isGame:com.android.settings
02-09 04:22:32.567 I/FgBoostPerfService( 2119): [GetGpuMode] isMode=0 isGame=false mGpuMode=0
02-09 04:22:32.567 V/GameMode_GameTypeUtils( 2119): judge isGame:com.android.settings
02-09 04:22:32.567 I/FgBoostPerfService( 2119): [GetGpuDpiType] isMode=0 isGame=false mGpuDpiType=0
02-09 04:22:32.568 I/thunderperf( 1523): Current app pkgName=com.android.settings bm:com.thundercomm.perf.BoostPerfManager@90652c3 gpuMode=-1 gpuType=-1
02-09 04:22:32.568 I/ThunderBoostPerfService( 1523): Resolution: Uid=10074 Pid=2579 gMode=-1 dType=-1
02-09 04:22:32.571 I/thunderperf( 1523): PlatormCompat.setOverrides: Uid1=10074 Pid1=2579 Uid2=10074 Pid2=2579
02-09 04:22:32.571 I/thunderperf( 1523): PlatormCompat.setOverrides: needCheck:false
02-09 04:22:32.572 I/thunderperf( 1523): CompatConfig.addOverrideUnsafe: bef-state=1
02-09 04:22:32.572 E/thunderperf( 1523): CompatConfig.addOverrideUnsafe: exception:java.lang.SecurityException: Cannot override a change on a non-debuggable app and user build.
02-09 04:22:32.572 I/thunderperf( 1523): CompatConfig.addOverrideUnsafe: aft-state=1
02-09 04:22:32.573 I/thunderperf( 1523): CompatConfig.addOverrideUnsafe: bef-state=1
02-09 04:22:32.574 E/thunderperf( 1523): CompatConfig.addOverrideUnsafe: exception:java.lang.SecurityException: Cannot override a change on a non-debuggable app and user build.
02-09 04:22:32.574 I/thunderperf( 1523): CompatConfig.addOverrideUnsafe: aft-state=1
02-09 04:22:32.574 I/thunderperf( 1523): CompatConfig.addOverrideUnsafe: bef-state=1
02-09 04:22:32.574 E/thunderperf( 1523): CompatConfig.addOverrideUnsafe: exception:java.lang.SecurityException: Cannot override a change on a non-debuggable app and user build.
02-09 04:22:32.574 I/thunderperf( 1523): CompatConfig.addOverrideUnsafe: aft-state=1
02-09 04:22:32.575 I/thunderperf( 1523): CompatConfig.addOverrideUnsafe: bef-state=1
02-09 04:22:32.575 E/thunderperf( 1523): CompatConfig.addOverrideUnsafe: exception:java.lang.SecurityException: Cannot override a change on a non-debuggable app and user build.
02-09 04:22:32.575 I/thunderperf( 1523): CompatConfig.addOverrideUnsafe: aft-state=1
02-09 04:22:32.576 I/thunderperf( 1523): CompatConfig.addOverrideUnsafe: bef-state=1
02-09 04:22:32.576 E/thunderperf( 1523): CompatConfig.addOverrideUnsafe: exception:java.lang.SecurityException: Cannot override a change on a non-debuggable app and user build.
02-09 04:22:32.576 I/thunderperf( 1523): CompatConfig.addOverrideUnsafe: aft-state=1
02-09 04:22:32.577 I/thunderperf( 1523): CompatConfig.addOverrideUnsafe: bef-state=1
