02-09 04:21:57.840 I/a2dp_codec( 2001): init: updated AAC codec priority to 2001
02-09 04:21:57.840 D/a2dp_codec( 2001): createCodec: codec aptX
02-09 04:21:57.840 D/a2dp_codec( 2001): setCodecPriority: codec_priority_: -1
02-09 04:21:57.840 D/a2dp_codec( 2001): A2dpCodecConfig: init all codec caps info
02-09 04:21:57.840 D/a2dp_vendor_aptx( 2001): init: APTX enabled in HW mode
02-09 04:21:57.840 I/a2dp_codec( 2001): init: updated aptX codec priority to -1
02-09 04:21:57.840 D/a2dp_codec( 2001): createCodec: codec aptX-HD
02-09 04:21:57.840 D/a2dp_codec( 2001): setCodecPriority: codec_priority_: -1
02-09 04:21:57.840 D/a2dp_codec( 2001): A2dpCodecConfig: init all codec caps info
02-09 04:21:57.840 D/a2dp_vendor_aptx_hd( 2001): init: APTX-HD enabled in HW mode
02-09 04:21:57.840 I/a2dp_codec( 2001): init: updated aptX-HD codec priority to -1
02-09 04:21:57.840 D/a2dp_codec( 2001): createCodec: codec LDAC
02-09 04:21:57.840 D/a2dp_codec( 2001): setCodecPriority: codec_priority_: -1
02-09 04:21:57.840 D/a2dp_codec( 2001): A2dpCodecConfig: init all codec caps info
02-09 04:21:57.840 D/a2dp_vendor_ldac( 2001): init: LDAC enabled in HW mode
02-09 04:21:57.840 I/a2dp_codec( 2001): init: updated LDAC codec priority to -1
02-09 04:21:57.840 D/a2dp_codec( 2001): createCodec: codec aptX-adaptive
02-09 04:21:57.840 D/a2dp_codec( 2001): setCodecPriority: codec_priority_: -1
02-09 04:21:57.840 D/a2dp_codec( 2001): A2dpCodecConfig: init all codec caps info
02-09 04:21:57.840 I/a2dp_vendor_aptx_adaptive( 2001): A2dpCodecConfigAptxAdaptive: Using Aptx Adaptive R1 config
02-09 04:21:57.840 D/a2dp_vendor_aptx_adaptive( 2001): init: APTX-Adaptive enabled in HW mode
02-09 04:21:57.840 I/a2dp_codec( 2001): init: updated aptX-adaptive codec priority to -1
02-09 04:21:57.840 D/a2dp_codec( 2001): createCodec: codec aptX-TWS
02-09 04:21:57.840 D/a2dp_codec( 2001): setCodecPriority: codec_priority_: -1
02-09 04:21:57.840 D/a2dp_codec( 2001): A2dpCodecConfig: init all codec caps info
02-09 04:21:57.840 E/a2dp_vendor_aptx_tws( 2001): init: APTX-Tws enabled in HW mode
02-09 04:21:57.840 I/a2dp_codec( 2001): init: updated aptX-TWS codec priority to -1
02-09 04:21:57.840 D/a2dp_codec( 2001): createCodec: codec SBC SINK
02-09 04:21:57.840 D/a2dp_codec( 2001): setDefaultCodecPriority: default_codec_priority_: 0
02-09 04:21:57.840 D/a2dp_codec( 2001): setDefaultCodecPriority: Compute the default codec priority
02-09 04:21:57.840 D/a2dp_codec( 2001): setDefaultCodecPriority: codec_priority_: 8001
02-09 04:21:57.840 D/a2dp_codec( 2001): setCodecPriority: codec_priority_: 8001
02-09 04:21:57.840 D/a2dp_codec( 2001): A2dpCodecConfig: init all codec caps info
02-09 04:21:57.840 D/a2dp_codec( 2001): createCodec: codec UNKNOWN CODEC INDEX
02-09 04:21:57.840 D/a2dp_codec( 2001): createCodec: codec UNKNOWN CODEC INDEX
02-09 04:21:57.840 I/a2dp_codec( 2001): init: initialized Source codec AAC
02-09 04:21:57.840 I/a2dp_codec( 2001): init: initialized Source codec SBC
02-09 04:21:57.840 I/a2dp_codec( 2001): init: initialized Sink codec SBC(Sink)
02-09 04:21:57.840 D/a2dp_codec( 2001): init
02-09 04:21:57.840 D/a2dp_codec( 2001): createCodec: codec SBC
02-09 04:21:57.840 D/a2dp_codec( 2001): setCodecPriority: codec_priority_: 1001
02-09 04:21:57.840 D/a2dp_codec( 2001): A2dpCodecConfig: init all codec caps info
02-09 04:21:57.840 D/a2dp_sbc( 2001): A2dpCodecConfigSbc
02-09 04:21:57.840 D/a2dp_sbc( 2001): init: SBC enabled in HW mode
02-09 04:21:57.840 I/a2dp_codec( 2001): init: updated SBC codec priority to 1001
02-09 04:21:57.840 D/a2dp_codec( 2001): createCodec: codec AAC
02-09 04:21:57.840 D/a2dp_codec( 2001): setCodecPriority: codec_priority_: 2001
02-09 04:21:57.840 D/a2dp_codec( 2001): A2dpCodecConfig: init all codec caps info
02-09 04:21:57.840 D/a2dp_aac( 2001): A2dpCodecConfigAac: AAC VBR is enabled for this target
02-09 04:21:57.840 D/a2dp_aac( 2001): init: AAC enabled in HW mode
02-09 04:21:57.840 I/a2dp_codec( 2001): init: updated AAC codec priority to 2001
02-09 04:21:57.840 D/a2dp_codec( 2001): createCodec: codec aptX
02-09 04:21:57.840 D/a2dp_codec( 2001): setCodecPriority: codec_priority_: -1
02-09 04:21:57.840 D/a2dp_codec( 2001): A2dpCodecConfig: init all codec caps info
02-09 04:21:57.840 D/a2dp_vendor_aptx( 2001): init: APTX enabled in HW mode
02-09 04:21:57.840 I/a2dp_codec( 2001): init: updated aptX codec priority to -1
02-09 04:21:57.840 D/a2dp_codec( 2001): createCodec: codec aptX-HD
02-09 04:21:57.840 D/a2dp_codec( 2001): setCodecPriority: codec_priority_: -1
02-09 04:21:57.840 D/a2dp_codec( 2001): A2dpCodecConfig: init all codec caps info
02-09 04:21:57.840 D/a2dp_vendor_aptx_hd( 2001): init: APTX-HD enabled in HW mode
02-09 04:21:57.840 I/a2dp_codec( 2001): init: updated aptX-HD codec priority to -1
02-09 04:21:57.840 D/a2dp_codec( 2001): createCodec: codec LDAC
02-09 04:21:57.840 D/a2dp_codec( 2001): setCodecPriority: codec_priority_: -1
02-09 04:21:57.840 D/a2dp_codec( 2001): A2dpCodecConfig: init all codec caps info
02-09 04:21:57.840 D/a2dp_vendor_ldac( 2001): init: LDAC enabled in HW mode
02-09 04:21:57.840 I/a2dp_codec( 2001): init: updated LDAC codec priority to -1
02-09 04:21:57.840 D/a2dp_codec( 2001): createCodec: codec aptX-adaptive
02-09 04:21:57.840 D/a2dp_codec( 2001): setCodecPriority: codec_priority_: -1
02-09 04:21:57.840 D/a2dp_codec( 2001): A2dpCodecConfig: init all codec caps info
02-09 04:21:57.840 I/a2dp_vendor_aptx_adaptive( 2001): A2dpCodecConfigAptxAdaptive: Using Aptx Adaptive R1 config
02-09 04:21:57.840 D/a2dp_vendor_aptx_adaptive( 2001): init: APTX-Adaptive enabled in HW mode
02-09 04:21:57.840 I/a2dp_codec( 2001): init: updated aptX-adaptive codec priority to -1
02-09 04:21:57.840 D/a2dp_codec( 2001): createCodec: codec aptX-TWS
02-09 04:21:57.840 D/a2dp_codec( 2001): setCodecPriority: codec_priority_: -1
02-09 04:21:57.840 D/a2dp_codec( 2001): A2dpCodecConfig: init all codec caps info
02-09 04:21:57.840 E/a2dp_vendor_aptx_tws( 2001): init: APTX-Tws enabled in HW mode
02-09 04:21:57.840 I/a2dp_codec( 2001): init: updated aptX-TWS codec priority to -1
02-09 04:21:57.840 D/a2dp_codec( 2001): createCodec: codec SBC SINK
02-09 04:21:57.840 D/a2dp_codec( 2001): setDefaultCodecPriority: default_codec_priority_: 0
02-09 04:21:57.840 D/a2dp_codec( 2001): setDefaultCodecPriority: Compute the default codec priority
02-09 04:21:57.840 D/a2dp_codec( 2001): setDefaultCodecPriority: codec_priority_: 8001
02-09 04:21:57.840 D/a2dp_codec( 2001): setCodecPriority: codec_priority_: 8001
02-09 04:21:57.840 D/a2dp_codec( 2001): A2dpCodecConfig: init all codec caps info
02-09 04:21:57.840 D/a2dp_codec( 2001): createCodec: codec UNKNOWN CODEC INDEX
02-09 04:21:57.840 D/a2dp_codec( 2001): createCodec: codec UNKNOWN CODEC INDEX
02-09 04:21:57.840 I/a2dp_codec( 2001): init: initialized Source codec AAC
02-09 04:21:57.840 I/a2dp_codec( 2001): init: initialized Source codec SBC
02-09 04:21:57.840 I/a2dp_codec( 2001): init: initialized Sink codec SBC(Sink)
02-09 04:21:57.840 D/a2dp_codec( 2001): init
02-09 04:21:57.840 D/a2dp_codec( 2001): createCodec: codec SBC
02-09 04:21:57.840 D/a2dp_codec( 2001): setCodecPriority: codec_priority_: 1001
02-09 04:21:57.840 D/a2dp_codec( 2001): A2dpCodecConfig: init all codec caps info
02-09 04:21:57.840 D/a2dp_sbc( 2001): A2dpCodecConfigSbc
02-09 04:21:57.840 D/a2dp_sbc( 2001): init: SBC enabled in HW mode
02-09 04:21:57.840 I/a2dp_codec( 2001): init: updated SBC codec priority to 1001
02-09 04:21:57.840 D/a2dp_codec( 2001): createCodec: codec AAC
02-09 04:21:57.840 D/a2dp_codec( 2001): setCodecPriority: codec_priority_: 2001
02-09 04:21:57.840 D/a2dp_codec( 2001): A2dpCodecConfig: init all codec caps info
02-09 04:21:57.840 D/a2dp_aac( 2001): A2dpCodecConfigAac: AAC VBR is enabled for this target
02-09 04:21:57.840 D/a2dp_aac( 2001): init: AAC enabled in HW mode
02-09 04:21:57.840 I/a2dp_codec( 2001): init: updated AAC codec priority to 2001
02-09 04:21:57.840 D/a2dp_codec( 2001): createCodec: codec aptX
02-09 04:21:57.840 D/a2dp_codec( 2001): setCodecPriority: codec_priority_: -1
02-09 04:21:57.840 D/a2dp_codec( 2001): A2dpCodecConfig: init all codec caps info
02-09 04:21:57.840 D/a2dp_vendor_aptx( 2001): init: APTX enabled in HW mode
02-09 04:21:57.840 I/a2dp_codec( 2001): init: updated aptX codec priority to -1
02-09 04:21:57.840 D/a2dp_codec( 2001): createCodec: codec aptX-HD
02-09 04:21:57.840 D/a2dp_codec( 2001): setCodecPriority: codec_priority_: -1
02-09 04:21:57.840 D/a2dp_codec( 2001): A2dpCodecConfig: init all codec caps info
02-09 04:21:57.840 D/a2dp_vendor_aptx_hd( 2001): init: APTX-HD enabled in HW mode
02-09 04:21:57.840 I/a2dp_codec( 2001): init: updated aptX-HD codec priority to -1
02-09 04:21:57.840 D/a2dp_codec( 2001): createCodec: codec LDAC
02-09 04:21:57.840 D/a2dp_codec( 2001): setCodecPriority: codec_priority_: -1
02-09 04:21:57.840 D/a2dp_codec( 2001): A2dpCodecConfig: init all codec caps info
02-09 04:21:57.840 D/a2dp_vendor_ldac( 2001): init: LDAC enabled in HW mode
02-09 04:21:57.840 I/a2dp_codec( 2001): init: updated LDAC codec priority to -1
02-09 04:21:57.840 D/a2dp_codec( 2001): createCodec: codec aptX-adaptive
02-09 04:21:57.840 D/a2dp_codec( 2001): setCodecPriority: codec_priority_: -1
02-09 04:21:57.840 D/a2dp_codec( 2001): A2dpCodecConfig: init all codec caps info
02-09 04:21:57.840 I/a2dp_vendor_aptx_adaptive( 2001): A2dpCodecConfigAptxAdaptive: Using Aptx Adaptive R1 config
02-09 04:21:57.840 D/a2dp_vendor_aptx_adaptive( 2001): init: APTX-Adaptive enabled in HW mode
02-09 04:21:57.840 I/a2dp_codec( 2001): init: updated aptX-adaptive codec priority to -1
02-09 04:21:57.840 D/a2dp_codec( 2001): createCodec: codec aptX-TWS
02-09 04:21:57.840 D/a2dp_codec( 2001): setCodecPriority: codec_priority_: -1
02-09 04:21:57.840 D/a2dp_codec( 2001): A2dpCodecConfig: init all codec caps info
02-09 04:21:57.840 E/a2dp_vendor_aptx_tws( 2001): init: APTX-Tws enabled in HW mode
02-09 04:21:57.840 I/a2dp_codec( 2001): init: updated aptX-TWS codec priority to -1
02-09 04:21:57.840 D/a2dp_codec( 2001): createCodec: codec SBC SINK
02-09 04:21:57.840 D/a2dp_codec( 2001): setDefaultCodecPriority: default_codec_priority_: 0
02-09 04:21:57.840 D/a2dp_codec( 2001): setDefaultCodecPriority: Compute the default codec priority
02-09 04:21:57.840 D/a2dp_codec( 2001): setDefaultCodecPriority: codec_priority_: 8001
02-09 04:21:57.840 D/a2dp_codec( 2001): setCodecPriority: codec_priority_: 8001
02-09 04:21:57.840 D/a2dp_codec( 2001): A2dpCodecConfig: init all codec caps info
02-09 04:21:57.840 D/a2dp_codec( 2001): createCodec: codec UNKNOWN CODEC INDEX
02-09 04:21:57.840 D/a2dp_codec( 2001): createCodec: codec UNKNOWN CODEC INDEX
02-09 04:21:57.840 I/a2dp_codec( 2001): init: initialized Source codec AAC
02-09 04:21:57.840 I/a2dp_codec( 2001): init: initialized Source codec SBC
02-09 04:21:57.840 I/a2dp_codec( 2001): init: initialized Sink codec SBC(Sink)
02-09 04:21:57.840 D/a2dp_codec( 2001): init
02-09 04:21:57.840 D/a2dp_codec( 2001): createCodec: codec SBC
02-09 04:21:57.840 D/a2dp_codec( 2001): setCodecPriority: codec_priority_: 1001
02-09 04:21:57.840 D/a2dp_codec( 2001): A2dpCodecConfig: init all codec caps info
02-09 04:21:57.840 D/a2dp_sbc( 2001): A2dpCodecConfigSbc
02-09 04:21:57.840 D/a2dp_sbc( 2001): init: SBC enabled in HW mode
02-09 04:21:57.840 I/a2dp_codec( 2001): init: updated SBC codec priority to 1001
02-09 04:21:57.840 D/a2dp_codec( 2001): createCodec: codec AAC
02-09 04:21:57.840 D/a2dp_codec( 2001): setCodecPriority: codec_priority_: 2001
02-09 04:21:57.840 D/a2dp_codec( 2001): A2dpCodecConfig: init all codec caps info
02-09 04:21:57.840 D/a2dp_aac( 2001): A2dpCodecConfigAac: AAC VBR is enabled for this target
02-09 04:21:57.840 D/a2dp_aac( 2001): init: AAC enabled in HW mode
02-09 04:21:57.840 I/a2dp_codec( 2001): init: updated AAC codec priority to 2001
02-09 04:21:57.840 D/a2dp_codec( 2001): createCodec: codec aptX
02-09 04:21:57.840 D/a2dp_codec( 2001): setCodecPriority: codec_priority_: -1
02-09 04:21:57.840 D/a2dp_codec( 2001): A2dpCodecConfig: init all codec caps info
02-09 04:21:57.840 D/a2dp_vendor_aptx( 2001): init: APTX enabled in HW mode
02-09 04:21:57.840 I/a2dp_codec( 2001): init: updated aptX codec priority to -1
02-09 04:21:57.840 D/a2dp_codec( 2001): createCodec: codec aptX-HD
02-09 04:21:57.840 D/a2dp_codec( 2001): setCodecPriority: codec_priority_: -1
02-09 04:21:57.840 D/a2dp_codec( 2001): A2dpCodecConfig: init all codec caps info
02-09 04:21:57.840 D/a2dp_vendor_aptx_hd( 2001): init: APTX-HD enabled in HW mode
02-09 04:21:57.840 I/a2dp_codec( 2001): init: updated aptX-HD codec priority to -1
02-09 04:21:57.840 D/a2dp_codec( 2001): createCodec: codec LDAC
02-09 04:21:57.840 D/a2dp_codec( 2001): setCodecPriority: codec_priority_: -1
02-09 04:21:57.840 D/a2dp_codec( 2001): A2dpCodecConfig: init all codec caps info
02-09 04:21:57.840 D/a2dp_vendor_ldac( 2001): init: LDAC enabled in HW mode
02-09 04:21:57.840 I/a2dp_codec( 2001): init: updated LDAC codec priority to -1
02-09 04:21:57.840 D/a2dp_codec( 2001): createCodec: codec aptX-adaptive
02-09 04:21:57.840 D/a2dp_codec( 2001): setCodecPriority: codec_priority_: -1
02-09 04:21:57.840 D/a2dp_codec( 2001): A2dpCodecConfig: init all codec caps info
02-09 04:21:57.840 I/a2dp_vendor_aptx_adaptive( 2001): A2dpCodecConfigAptxAdaptive: Using Aptx Adaptive R1 config
02-09 04:21:57.840 D/a2dp_vendor_aptx_adaptive( 2001): init: APTX-Adaptive enabled in HW mode
02-09 04:21:57.840 I/a2dp_codec( 2001): init: updated aptX-adaptive codec priority to -1
02-09 04:21:57.840 D/a2dp_codec( 2001): createCodec: codec aptX-TWS
02-09 04:21:57.840 D/a2dp_codec( 2001): setCodecPriority: codec_priority_: -1
02-09 04:21:57.840 D/a2dp_codec( 2001): A2dpCodecConfig: init all codec caps info
02-09 04:21:57.840 E/a2dp_vendor_aptx_tws( 2001): init: APTX-Tws enabled in HW mode
02-09 04:21:57.840 I/a2dp_codec( 2001): init: updated aptX-TWS codec priority to -1
02-09 04:21:57.840 D/a2dp_codec( 2001): createCodec: codec SBC SINK
02-09 04:21:57.840 D/a2dp_codec( 2001): setDefaultCodecPriority: default_codec_priority_: 0
02-09 04:21:57.840 D/a2dp_codec( 2001): setDefaultCodecPriority: Compute the default codec priority
02-09 04:21:57.840 D/a2dp_codec( 2001): setDefaultCodecPriority: codec_priority_: 8001
02-09 04:21:57.840 D/a2dp_codec( 2001): setCodecPriority: codec_priority_: 8001
02-09 04:21:57.840 D/a2dp_codec( 2001): A2dpCodecConfig: init all codec caps info
02-09 04:21:57.840 D/a2dp_codec( 2001): createCodec: codec UNKNOWN CODEC INDEX
02-09 04:21:57.840 D/a2dp_codec( 2001): createCodec: codec UNKNOWN CODEC INDEX
02-09 04:21:57.840 I/a2dp_codec( 2001): init: initialized Source codec AAC
02-09 04:21:57.840 I/a2dp_codec( 2001): init: initialized Source codec SBC
02-09 04:21:57.840 I/a2dp_codec( 2001): init: initialized Sink codec SBC(Sink)
02-09 04:21:57.840 D/a2dp_codec( 2001): init
02-09 04:21:57.840 D/a2dp_codec( 2001): createCodec: codec SBC
02-09 04:21:57.840 D/a2dp_codec( 2001): setCodecPriority: codec_priority_: 1001
02-09 04:21:57.840 D/a2dp_codec( 2001): A2dpCodecConfig: init all codec caps info
02-09 04:21:57.840 D/a2dp_sbc( 2001): A2dpCodecConfigSbc
02-09 04:21:57.840 D/a2dp_sbc( 2001): init: SBC enabled in HW mode
02-09 04:21:57.840 I/a2dp_codec( 2001): init: updated SBC codec priority to 1001
02-09 04:21:57.840 D/a2dp_codec( 2001): createCodec: codec AAC
02-09 04:21:57.840 D/a2dp_codec( 2001): setCodecPriority: codec_priority_: 2001
02-09 04:21:57.840 D/a2dp_codec( 2001): A2dpCodecConfig: init all codec caps info
02-09 04:21:57.840 D/a2dp_aac( 2001): A2dpCodecConfigAac: AAC VBR is enabled for this target
02-09 04:21:57.840 D/a2dp_aac( 2001): init: AAC enabled in HW mode
02-09 04:21:57.840 I/a2dp_codec( 2001): init: updated AAC codec priority to 2001
02-09 04:21:57.840 D/a2dp_codec( 2001): createCodec: codec aptX
02-09 04:21:57.840 D/a2dp_codec( 2001): setCodecPriority: codec_priority_: -1
02-09 04:21:57.840 D/a2dp_codec( 2001): A2dpCodecConfig: init all codec caps info
02-09 04:21:57.841 D/a2dp_vendor_aptx( 2001): init: APTX enabled in HW mode
02-09 04:21:57.841 I/a2dp_codec( 2001): init: updated aptX codec priority to -1
02-09 04:21:57.841 D/a2dp_codec( 2001): createCodec: codec aptX-HD
02-09 04:21:57.841 D/a2dp_codec( 2001): setCodecPriority: codec_priority_: -1
02-09 04:21:57.841 D/a2dp_codec( 2001): A2dpCodecConfig: init all codec caps info
02-09 04:21:57.841 D/a2dp_vendor_aptx_hd( 2001): init: APTX-HD enabled in HW mode
02-09 04:21:57.841 I/a2dp_codec( 2001): init: updated aptX-HD codec priority to -1
02-09 04:21:57.841 D/a2dp_codec( 2001): createCodec: codec LDAC
02-09 04:21:57.841 D/a2dp_codec( 2001): setCodecPriority: codec_priority_: -1
02-09 04:21:57.841 D/a2dp_codec( 2001): A2dpCodecConfig: init all codec caps info
02-09 04:21:57.841 D/a2dp_vendor_ldac( 2001): init: LDAC enabled in HW mode
02-09 04:21:57.841 I/a2dp_codec( 2001): init: updated LDAC codec priority to -1
02-09 04:21:57.841 D/a2dp_codec( 2001): createCodec: codec aptX-adaptive
02-09 04:21:57.841 D/a2dp_codec( 2001): setCodecPriority: codec_priority_: -1
02-09 04:21:57.841 D/a2dp_codec( 2001): A2dpCodecConfig: init all codec caps info
02-09 04:21:57.841 I/a2dp_vendor_aptx_adaptive( 2001): A2dpCodecConfigAptxAdaptive: Using Aptx Adaptive R1 config
02-09 04:21:57.841 D/a2dp_vendor_aptx_adaptive( 2001): init: APTX-Adaptive enabled in HW mode
02-09 04:21:57.841 I/a2dp_codec( 2001): init: updated aptX-adaptive codec priority to -1
02-09 04:21:57.841 D/a2dp_codec( 2001): createCodec: codec aptX-TWS
02-09 04:21:57.841 D/a2dp_codec( 2001): setCodecPriority: codec_priority_: -1
02-09 04:21:57.841 D/a2dp_codec( 2001): A2dpCodecConfig: init all codec caps info
02-09 04:21:57.841 E/a2dp_vendor_aptx_tws( 2001): init: APTX-Tws enabled in HW mode
02-09 04:21:57.841 I/a2dp_codec( 2001): init: updated aptX-TWS codec priority to -1
02-09 04:21:57.841 D/a2dp_codec( 2001): createCodec: codec SBC SINK
02-09 04:21:57.841 D/a2dp_codec( 2001): setDefaultCodecPriority: default_codec_priority_: 0
02-09 04:21:57.841 D/a2dp_codec( 2001): setDefaultCodecPriority: Compute the default codec priority
02-09 04:21:57.841 D/a2dp_codec( 2001): setDefaultCodecPriority: codec_priority_: 8001
02-09 04:21:57.841 D/a2dp_codec( 2001): setCodecPriority: codec_priority_: 8001
02-09 04:21:57.841 D/a2dp_codec( 2001): A2dpCodecConfig: init all codec caps info
02-09 04:21:57.841 D/a2dp_codec( 2001): createCodec: codec UNKNOWN CODEC INDEX
02-09 04:21:57.841 D/a2dp_codec( 2001): createCodec: codec UNKNOWN CODEC INDEX
02-09 04:21:57.841 I/a2dp_codec( 2001): init: initialized Source codec AAC
02-09 04:21:57.841 I/a2dp_codec( 2001): init: initialized Source codec SBC
02-09 04:21:57.841 I/a2dp_codec( 2001): init: initialized Sink codec SBC(Sink)
02-09 04:21:57.841 D/bt_btif ( 2001): btif_dispatch_sm_event: event: 36, len: 6
02-09 04:21:57.841 D/bt_btif ( 2001): btif_dispatch_sm_event: event 36 sent
02-09 04:21:57.841 D/bt_btif ( 2001): btif_av_state_idle_handler: event:BTIF_SM_ENTER_EVT flags: 0 on index: 0, codec_cfg_change: 0
02-09 04:21:57.841 I/btif_av ( 2001): isBATEnabled: 0
02-09 04:21:57.841 D/bt_btif ( 2001): ignore updating BTIF_AV_SOURCE_CONFIG_UPDATED_EVT
02-09 04:21:57.841 E/bt_btif ( 2001): bta_av_co_get_active_peer: peer index out of bounds: 5
02-09 04:21:57.841 E/bt_btif ( 2001): btif_av_is_split_a2dp_enabled: No active peer codec config found, by default splitmode
02-09 04:21:57.841 D/a2dp_codec( 2001): init
02-09 04:21:57.841 D/a2dp_codec( 2001): createCodec: codec SBC
02-09 04:21:57.841 D/a2dp_codec( 2001): setCodecPriority: codec_priority_: 1001
02-09 04:21:57.841 D/a2dp_codec( 2001): A2dpCodecConfig: init all codec caps info
02-09 04:21:57.841 D/a2dp_sbc( 2001): A2dpCodecConfigSbc
02-09 04:21:57.841 D/a2dp_sbc( 2001): init: SBC enabled in HW mode
02-09 04:21:57.841 I/a2dp_codec( 2001): init: updated SBC codec priority to 1001
02-09 04:21:57.841 D/a2dp_codec( 2001): createCodec: codec AAC
02-09 04:21:57.841 D/a2dp_codec( 2001): setCodecPriority: codec_priority_: 2001
02-09 04:21:57.841 D/a2dp_codec( 2001): A2dpCodecConfig: init all codec caps info
02-09 04:21:57.841 D/a2dp_aac( 2001): A2dpCodecConfigAac: AAC VBR is enabled for this target
02-09 04:21:57.841 D/a2dp_aac( 2001): init: AAC enabled in HW mode
02-09 04:21:57.841 I/a2dp_codec( 2001): init: updated AAC codec priority to 2001
02-09 04:21:57.841 D/a2dp_codec( 2001): createCodec: codec aptX
02-09 04:21:57.841 D/a2dp_codec( 2001): setCodecPriority: codec_priority_: -1
02-09 04:21:57.841 D/a2dp_codec( 2001): A2dpCodecConfig: init all codec caps info
02-09 04:21:57.841 D/a2dp_vendor_aptx( 2001): init: APTX enabled in HW mode
02-09 04:21:57.841 I/a2dp_codec( 2001): init: updated aptX codec priority to -1
02-09 04:21:57.841 D/a2dp_codec( 2001): createCodec: codec aptX-HD
02-09 04:21:57.841 D/a2dp_codec( 2001): setCodecPriority: codec_priority_: -1
02-09 04:21:57.841 I/liblog ( 2001): 22
02-09 04:21:57.841 I/liblog ( 2001): 3
02-09 04:21:57.841 I/liblog ( 2001): 1
02-09 04:21:57.841 I/liblog ( 2001): 1
02-09 04:21:57.841 I/liblog ( 2001): 1
02-09 04:21:57.841 I/liblog ( 2001): 1
02-09 04:21:57.841 E/bt_btif ( 2001): btif_sm_get_state : Invalid handle
02-09 04:21:57.841 I/liblog ( 2001): 1
02-09 04:21:57.841 I/liblog ( 2001): 2
02-09 04:21:57.841 I/liblog ( 2001): 1
02-09 04:21:57.841 I/liblog ( 2001): 1
02-09 04:21:57.841 I/liblog ( 2001): 1
02-09 04:21:57.841 E/bt_btif ( 2001): btif_sm_get_state : Invalid handle
02-09 04:21:57.841 E/bt_btif ( 2001): btif_sm_get_state : Invalid handle
02-09 04:21:57.841 E/bt_btif ( 2001): btif_sm_get_state : Invalid handle
02-09 04:21:57.841 E/bt_btif ( 2001): btif_sm_get_state : Invalid handle
02-09 04:21:57.841 I/btif_av ( 2001): isBATEnabled: 0
02-09 04:21:57.841 E/bt_btif ( 2001): bta_av_co_get_active_peer: peer index out of bounds: 5
02-09 04:21:57.841 E/bt_btif ( 2001): btif_av_is_split_a2dp_enabled: No active peer codec config found, by default splitmode
02-09 04:21:57.841 E/bt_btif ( 2001): btif_media_send_reset_vendor_state:
02-09 04:21:57.841 D/bt_btif_a2dp_source( 2001): btif_a2dp_source_command_ready: event: 7 BTIF_MEDIA_RESET_VS_STATE
02-09 04:21:57.841 D/bt_btif ( 2001): btif_av_state_idle_handler: event:BTIF_SM_ENTER_EVT flags: 0 on index: 1, codec_cfg_change: 0
02-09 04:21:57.841 I/btif_av ( 2001): isBATEnabled: 0
02-09 04:21:57.841 E/bt_btif ( 2001): bta_av_co_get_active_peer: peer index out of bounds: 5
02-09 04:21:57.841 E/bt_btif ( 2001): btif_av_is_split_a2dp_enabled: No active peer codec config found, by default splitmode
02-09 04:21:57.841 D/a2dp_codec( 2001): init
02-09 04:21:57.841 D/bt_btif_a2dp_source( 2001): btif_a2dp_source_command_ready: event: 2 BTIF_MEDIA_AUDIO_TX_STOP
02-09 04:21:57.842 I/liblog ( 2001): 26
02-09 04:21:57.842 I/liblog ( 2001): 3
02-09 04:21:57.842 I/liblog ( 2001): 1
02-09 04:21:57.842 E/bt_btif ( 2001): Invalid cmd pending for ack
02-09 04:21:57.842 D/a2dp_codec( 2001): A2dpCodecConfig: init all codec caps info
02-09 04:21:57.842 I/a2dp_vendor_aptx_adaptive( 2001): A2dpCodecConfigAptxAdaptive: Using Aptx Adaptive R1 config
02-09 04:21:57.842 D/a2dp_vendor_aptx_adaptive( 2001): init: APTX-Adaptive enabled in HW mode
02-09 04:21:57.842 D/bt_btif_a2dp_source( 2001): btif_a2dp_source_command_ready: event: 7 BTIF_MEDIA_RESET_VS_STATE
02-09 04:21:57.842 I/a2dp_codec( 2001): init: updated aptX-adaptive codec priority to -1
02-09 04:21:57.842 D/a2dp_codec( 2001): createCodec: codec aptX-TWS
02-09 04:21:57.842 D/a2dp_codec( 2001): setCodecPriority: codec_priority_: -1
02-09 04:21:57.842 D/a2dp_codec( 2001): A2dpCodecConfig: init all codec caps info
02-09 04:21:57.842 E/a2dp_vendor_aptx_tws( 2001): init: APTX-Tws enabled in HW mode
02-09 04:21:57.842 I/a2dp_codec( 2001): init: updated aptX-TWS codec priority to -1
02-09 04:21:57.842 D/a2dp_codec( 2001): createCodec: codec SBC SINK
02-09 04:21:57.842 D/a2dp_codec( 2001): setDefaultCodecPriority: default_codec_priority_: 0
02-09 04:21:57.842 D/a2dp_codec( 2001): setDefaultCodecPriority: Compute the default codec priority
02-09 04:21:57.842 D/a2dp_codec( 2001): setDefaultCodecPriority: codec_priority_: 8001
02-09 04:21:57.842 D/a2dp_codec( 2001): setCodecPriority: codec_priority_: 8001
02-09 04:21:57.842 D/a2dp_codec( 2001): A2dpCodecConfig: init all codec caps info
02-09 04:21:57.842 D/a2dp_codec( 2001): createCodec: codec UNKNOWN CODEC INDEX
02-09 04:21:57.842 D/a2dp_codec( 2001): createCodec: codec UNKNOWN CODEC INDEX
02-09 04:21:57.842 I/a2dp_codec( 2001): init: initialized Source codec AAC
02-09 04:21:57.842 I/a2dp_codec( 2001): init: initialized Source codec SBC
02-09 04:21:57.842 I/a2dp_codec( 2001): init: initialized Sink codec SBC(Sink)
02-09 04:21:57.842 E/bt_btif ( 2001): btif_sm_get_state : Invalid handle
02-09 04:21:57.842 E/bt_btif ( 2001): btif_sm_get_state : Invalid handle
02-09 04:21:57.842 E/bt_btif ( 2001): btif_sm_get_state : Invalid handle
02-09 04:21:57.842 E/bt_btif ( 2001): btif_sm_get_state : Invalid handle
02-09 04:21:57.842 E/bt_btif ( 2001): btif_media_send_reset_vendor_state:
02-09 04:21:57.842 E/bt_btif ( 2001): btif_sm_get_state : Invalid handle
02-09 04:21:57.842 E/bt_btif ( 2001): btif_sm_get_state : Invalid handle
02-09 04:21:57.842 E/bt_btif ( 2001): btif_sm_get_state : Invalid handle
02-09 04:21:57.842 I/btif_av ( 2001): isBATEnabled: 0
02-09 04:21:57.842 E/bt_btif ( 2001): bta_av_co_get_active_peer: peer index out of bounds: 5
02-09 04:21:57.842 D/bt_btif_a2dp_source( 2001): btif_a2dp_source_command_ready: event: 7 BTIF_MEDIA_RESET_VS_STATE
02-09 04:21:57.842 E/bt_btif ( 2001): btif_av_is_split_a2dp_enabled: No active peer codec config found, by default splitmode
02-09 04:21:57.842 E/bt_btif ( 2001): btif_media_send_reset_vendor_state:
02-09 04:21:57.842 D/bt_btif_a2dp_source( 2001): btif_a2dp_source_command_ready: event: 2 BTIF_MEDIA_AUDIO_TX_STOP
02-09 04:21:57.842 E/bt_stack( 2001): [ERROR:a2dp_encoding.cc(2718)] read: BluetoothAudio HAL is not enabled
02-09 04:21:57.842 E/bt_btif ( 2001): Invalid cmd pending for ack
02-09 04:21:57.842 D/bt_btif ( 2001): btif_av_state_idle_handler: event:BTIF_SM_ENTER_EVT flags: 0 on index: 2, codec_cfg_change: 0
02-09 04:21:57.842 D/bt_btif_a2dp_source( 2001): btif_a2dp_source_command_ready: event: 7 BTIF_MEDIA_RESET_VS_STATE
02-09 04:21:57.842 I/btif_av ( 2001): isBATEnabled: 0
02-09 04:21:57.842 E/bt_btif ( 2001): bta_av_co_get_active_peer: peer index out of bounds: 5
02-09 04:21:57.842 E/bt_btif ( 2001): btif_av_is_split_a2dp_enabled: No active peer codec config found, by default splitmode
02-09 04:21:57.842 D/a2dp_codec( 2001): init
02-09 04:21:57.842 D/a2dp_codec( 2001): createCodec: codec SBC
02-09 04:21:57.842 D/a2dp_codec( 2001): setCodecPriority: codec_priority_: 1001
02-09 04:21:57.842 D/a2dp_codec( 2001): A2dpCodecConfig: init all codec caps info
02-09 04:21:57.842 D/a2dp_sbc( 2001): A2dpCodecConfigSbc
02-09 04:21:57.842 D/a2dp_sbc( 2001): init: SBC enabled in HW mode
02-09 04:21:57.842 I/a2dp_codec( 2001): init: updated SBC codec priority to 1001
02-09 04:21:57.842 D/a2dp_codec( 2001): createCodec: codec AAC
02-09 04:21:57.842 D/a2dp_codec( 2001): setCodecPriority: codec_priority_: 2001
02-09 04:21:57.842 D/a2dp_codec( 2001): A2dpCodecConfig: init all codec caps info
02-09 04:21:57.842 D/a2dp_aac( 2001): A2dpCodecConfigAac: AAC VBR is enabled for this target
02-09 04:21:57.842 D/a2dp_aac( 2001): init: AAC enabled in HW mode
02-09 04:21:57.842 I/a2dp_codec( 2001): init: updated AAC codec priority to 2001
02-09 04:21:57.842 D/a2dp_codec( 2001): createCodec: codec aptX
02-09 04:21:57.842 D/a2dp_codec( 2001): setCodecPriority: codec_priority_: -1
02-09 04:21:57.842 D/a2dp_codec( 2001): A2dpCodecConfig: init all codec caps info
02-09 04:21:57.842 D/a2dp_vendor_aptx( 2001): init: APTX enabled in HW mode
02-09 04:21:57.842 I/a2dp_codec( 2001): init: updated aptX codec priority to -1
02-09 04:21:57.842 D/a2dp_codec( 2001): createCodec: codec aptX-HD
02-09 04:21:57.842 D/a2dp_codec( 2001): setCodecPriority: codec_priority_: -1
02-09 04:21:57.842 D/a2dp_codec( 2001): A2dpCodecConfig: init all codec caps info
02-09 04:21:57.842 D/a2dp_vendor_aptx_hd( 2001): init: APTX-HD enabled in HW mode
02-09 04:21:57.842 I/a2dp_codec( 2001): init: updated aptX-HD codec priority to -1
02-09 04:21:57.842 D/a2dp_codec( 2001): createCodec: codec LDAC
02-09 04:21:57.842 D/a2dp_codec( 2001): setCodecPriority: codec_priority_: -1
02-09 04:21:57.842 D/a2dp_codec( 2001): A2dpCodecConfig: init all codec caps info
02-09 04:21:57.842 D/a2dp_vendor_ldac( 2001): init: LDAC enabled in HW mode
02-09 04:21:57.842 I/a2dp_codec( 2001): init: updated LDAC codec priority to -1
02-09 04:21:57.842 D/a2dp_codec( 2001): createCodec: codec aptX-adaptive
02-09 04:21:57.842 D/a2dp_codec( 2001): setCodecPriority: codec_priority_: -1
02-09 04:21:57.842 D/a2dp_codec( 2001): A2dpCodecConfig: init all codec caps info
02-09 04:21:57.842 I/a2dp_vendor_aptx_adaptive( 2001): A2dpCodecConfigAptxAdaptive: Using Aptx Adaptive R1 config
02-09 04:21:57.842 D/a2dp_vendor_aptx_adaptive( 2001): init: APTX-Adaptive enabled in HW mode
02-09 04:21:57.842 I/a2dp_codec( 2001): init: updated aptX-adaptive codec priority to -1
02-09 04:21:57.842 D/a2dp_codec( 2001): createCodec: codec aptX-TWS
02-09 04:21:57.842 D/a2dp_codec( 2001): setCodecPriority: codec_priority_: -1
02-09 04:21:57.842 D/a2dp_codec( 2001): A2dpCodecConfig: init all codec caps info
02-09 04:21:57.842 E/a2dp_vendor_aptx_tws( 2001): init: APTX-Tws enabled in HW mode
02-09 04:21:57.842 I/a2dp_codec( 2001): init: updated aptX-TWS codec priority to -1
02-09 04:21:57.842 D/a2dp_codec( 2001): createCodec: codec SBC SINK
02-09 04:21:57.842 D/a2dp_codec( 2001): setDefaultCodecPriority: default_codec_priority_: 0
02-09 04:21:57.842 D/a2dp_codec( 2001): setDefaultCodecPriority: Compute the default codec priority
02-09 04:21:57.842 D/a2dp_codec( 2001): setDefaultCodecPriority: codec_priority_: 8001
02-09 04:21:57.842 D/a2dp_codec( 2001): setCodecPriority: codec_priority_: 8001
02-09 04:21:57.842 D/a2dp_codec( 2001): A2dpCodecConfig: init all codec caps info
02-09 04:21:57.842 D/a2dp_codec( 2001): createCodec: codec UNKNOWN CODEC INDEX
02-09 04:21:57.842 D/a2dp_codec( 2001): createCodec: codec UNKNOWN CODEC INDEX
02-09 04:21:57.842 I/a2dp_codec( 2001): init: initialized Source codec AAC
02-09 04:21:57.842 I/a2dp_codec( 2001): init: initialized Source codec SBC
02-09 04:21:57.842 I/a2dp_codec( 2001): init: initialized Sink codec SBC(Sink)
02-09 04:21:57.842 E/bt_btif ( 2001): btif_sm_get_state : Invalid handle
02-09 04:21:57.842 E/bt_btif ( 2001): btif_sm_get_state : Invalid handle
02-09 04:21:57.842 E/bt_btif ( 2001): btif_sm_get_state : Invalid handle
02-09 04:21:57.842 E/bt_btif ( 2001): btif_media_send_reset_vendor_state:
02-09 04:21:57.842 E/bt_btif ( 2001): btif_sm_get_state : Invalid handle
02-09 04:21:57.842 E/bt_btif ( 2001): btif_sm_get_state : Invalid handle
02-09 04:21:57.842 I/btif_av ( 2001): isBATEnabled: 0
02-09 04:21:57.842 E/bt_btif ( 2001): bta_av_co_get_active_peer: peer index out of bounds: 5
02-09 04:21:57.842 E/bt_btif ( 2001): btif_av_is_split_a2dp_enabled: No active peer codec config found, by default splitmode
02-09 04:21:57.842 E/bt_btif ( 2001): btif_media_send_reset_vendor_state:
02-09 04:21:57.842 D/bt_btif ( 2001): btif_av_state_idle_handler: event:BTIF_SM_ENTER_EVT flags: 0 on index: 3, codec_cfg_change: 0
02-09 04:21:57.842 D/bt_btif_a2dp_source( 2001): btif_a2dp_source_command_ready: event: 7 BTIF_MEDIA_RESET_VS_STATE
02-09 04:21:57.842 I/btif_av ( 2001): isBATEnabled: 0
02-09 04:21:57.842 E/bt_btif ( 2001): bta_av_co_get_active_peer: peer index out of bounds: 5
02-09 04:21:57.842 D/bt_btif_a2dp_source( 2001): btif_a2dp_source_command_ready: event: 2 BTIF_MEDIA_AUDIO_TX_STOP
02-09 04:21:57.842 E/bt_btif ( 2001): btif_av_is_split_a2dp_enabled: No active peer codec config found, by default splitmode
02-09 04:21:57.842 D/a2dp_codec( 2001): init
02-09 04:21:57.843 D/a2dp_codec( 2001): createCodec: codec SBC
02-09 04:21:57.843 D/a2dp_codec( 2001): setCodecPriority: codec_priority_: 1001
02-09 04:21:57.843 D/a2dp_codec( 2001): A2dpCodecConfig: init all codec caps info
02-09 04:21:57.843 D/a2dp_sbc( 2001): A2dpCodecConfigSbc
02-09 04:21:57.843 E/bt_stack( 2001): [ERROR:a2dp_encoding.cc(2718)] read: BluetoothAudio HAL is not enabled
02-09 04:21:57.843 D/a2dp_sbc( 2001): init: SBC enabled in HW mode
02-09 04:21:57.843 I/a2dp_codec( 2001): init: updated SBC codec priority to 1001
02-09 04:21:57.843 D/a2dp_codec( 2001): createCodec: codec AAC
02-09 04:21:57.843 E/bt_btif ( 2001): Invalid cmd pending for ack
02-09 04:21:57.843 D/a2dp_codec( 2001): setCodecPriority: codec_priority_: 2001
02-09 04:21:57.843 D/a2dp_codec( 2001): A2dpCodecConfig: init all codec caps info
02-09 04:21:57.843 D/a2dp_aac( 2001): A2dpCodecConfigAac: AAC VBR is enabled for this target
02-09 04:21:57.843 D/a2dp_aac( 2001): init: AAC enabled in HW mode
02-09 04:21:57.843 I/a2dp_codec( 2001): init: updated AAC codec priority to 2001
02-09 04:21:57.843 D/bt_btif_a2dp_source( 2001): btif_a2dp_source_command_ready: event: 7 BTIF_MEDIA_RESET_VS_STATE
02-09 04:21:57.843 I/liblog ( 2001): 12
02-09 04:21:57.843 I/liblog ( 2001): 7
02-09 04:21:57.843 I/liblog ( 2001): 4
02-09 04:21:57.843 D/a2dp_codec( 2001): setDefaultCodecPriority: Compute the default codec priority
02-09 04:21:57.843 I/liblog ( 2001): 8
02-09 04:21:57.843 I/liblog ( 2001): 6
02-09 04:21:57.843 I/liblog ( 2001): 2
02-09 04:21:57.843 E/bt_btif ( 2001): btif_sm_get_state : Invalid handle
02-09 04:21:57.843 I/liblog ( 2001): 4
02-09 04:21:57.843 I/liblog ( 2001): 3
02-09 04:21:57.843 I/liblog ( 2001): 4
02-09 04:21:57.843 I/liblog ( 2001): 3
02-09 04:21:57.843 I/liblog ( 2001): 4
02-09 04:21:57.843 D/bt_btif_a2dp_source( 2001): btif_a2dp_source_command_ready: event: 7 BTIF_MEDIA_RESET_VS_STATE
02-09 04:21:57.843 D/a2dp_aac( 2001): A2dpCodecConfigAac: AAC VBR is enabled for this target
02-09 04:21:57.843 D/a2dp_aac( 2001): init: AAC enabled in HW mode
02-09 04:21:57.843 I/a2dp_codec( 2001): init: updated AAC codec priority to 2001
02-09 04:21:57.843 D/a2dp_codec( 2001): createCodec: codec aptX
02-09 04:21:57.843 D/a2dp_codec( 2001): setCodecPriority: codec_priority_: -1
02-09 04:21:57.843 D/a2dp_codec( 2001): A2dpCodecConfig: init all codec caps info
02-09 04:21:57.844 D/a2dp_vendor_aptx( 2001): init: APTX enabled in HW mode
02-09 04:21:57.844 I/a2dp_codec( 2001): init: updated aptX codec priority to -1
02-09 04:21:57.844 D/a2dp_codec( 2001): createCodec: codec aptX-HD
02-09 04:21:57.844 D/bt_btif_a2dp_source( 2001): btif_a2dp_source_command_ready: event: 2 BTIF_MEDIA_AUDIO_TX_STOP
02-09 04:21:57.844 D/a2dp_codec( 2001): setCodecPriority: codec_priority_: -1
02-09 04:21:57.844 D/a2dp_codec( 2001): A2dpCodecConfig: init all codec caps info
02-09 04:21:57.844 D/a2dp_vendor_aptx_hd( 2001): init: APTX-HD enabled in HW mode
02-09 04:21:57.844 I/a2dp_codec( 2001): init: updated aptX-HD codec priority to -1
02-09 04:21:57.844 D/a2dp_codec( 2001): createCodec: codec LDAC
02-09 04:21:57.844 D/a2dp_codec( 2001): setCodecPriority: codec_priority_: -1
02-09 04:21:57.844 D/a2dp_codec( 2001): A2dpCodecConfig: init all codec caps info
02-09 04:21:57.844 E/bt_stack( 2001): [ERROR:a2dp_encoding.cc(2718)] read: BluetoothAudio HAL is not enabled
02-09 04:21:57.844 D/a2dp_vendor_ldac( 2001): init: LDAC enabled in HW mode
02-09 04:21:57.844 I/a2dp_codec( 2001): init: updated LDAC codec priority to -1
02-09 04:21:57.844 E/bt_btif ( 2001): Invalid cmd pending for ack
02-09 04:21:57.844 D/a2dp_codec( 2001): createCodec: codec aptX-adaptive
02-09 04:21:57.844 D/a2dp_codec( 2001): setCodecPriority: codec_priority_: -1
02-09 04:21:57.844 D/a2dp_codec( 2001): A2dpCodecConfig: init all codec caps info
02-09 04:21:57.844 D/bt_btif_a2dp_source( 2001): btif_a2dp_source_command_ready: event: 7 BTIF_MEDIA_RESET_VS_STATE
02-09 04:21:57.844 I/a2dp_vendor_aptx_adaptive( 2001): A2dpCodecConfigAptxAdaptive: Using Aptx Adaptive R1 config
02-09 04:21:57.844 D/a2dp_vendor_aptx_adaptive( 2001): init: APTX-Adaptive enabled in HW mode
02-09 04:21:57.844 I/a2dp_codec( 2001): init: updated aptX-adaptive codec priority to -1
02-09 04:21:57.844 D/a2dp_codec( 2001): createCodec: codec aptX-TWS
02-09 04:21:57.844 D/a2dp_codec( 2001): setCodecPriority: codec_priority_: -1
02-09 04:21:57.844 D/a2dp_codec( 2001): A2dpCodecConfig: init all codec caps info
02-09 04:21:57.844 E/a2dp_vendor_aptx_tws( 2001): init: APTX-Tws enabled in HW mode
02-09 04:21:57.844 I/a2dp_codec( 2001): init: updated aptX-TWS codec priority to -1
02-09 04:21:57.844 D/a2dp_codec( 2001): createCodec: codec SBC SINK
02-09 04:21:57.844 D/a2dp_codec( 2001): setDefaultCodecPriority: default_codec_priority_: 0
02-09 04:21:57.844 D/a2dp_codec( 2001): setDefaultCodecPriority: Compute the default codec priority
02-09 04:21:57.844 D/a2dp_codec( 2001): setDefaultCodecPriority: codec_priority_: 8001
02-09 04:21:57.844 D/a2dp_codec( 2001): setCodecPriority: codec_priority_: 8001
02-09 04:21:57.844 D/a2dp_codec( 2001): A2dpCodecConfig: init all codec caps info
02-09 04:21:57.844 D/a2dp_codec( 2001): createCodec: codec UNKNOWN CODEC INDEX
02-09 04:21:57.844 D/a2dp_codec( 2001): createCodec: codec UNKNOWN CODEC INDEX
02-09 04:21:57.844 I/a2dp_codec( 2001): init: initialized Source codec AAC
02-09 04:21:57.844 I/a2dp_codec( 2001): init: initialized Source codec SBC
02-09 04:21:57.844 I/a2dp_codec( 2001): init: initialized Sink codec SBC(Sink)
02-09 04:21:57.844 E/bt_btif ( 2001): btif_sm_get_state : Invalid handle
02-09 04:21:57.844 E/bt_btif ( 2001): btif_media_send_reset_vendor_state:
02-09 04:21:57.844 I/btif_av ( 2001): isBATEnabled: 0
02-09 04:21:57.844 E/bt_btif ( 2001): bta_av_co_get_active_peer: peer index out of bounds: 5
02-09 04:21:57.844 E/bt_btif ( 2001): btif_av_is_split_a2dp_enabled: No active peer codec config found, by default splitmode
02-09 04:21:57.844 E/bt_btif ( 2001): btif_media_send_reset_vendor_state:
02-09 04:21:57.844 D/bt_btif_a2dp_source( 2001): btif_a2dp_source_command_ready: event: 7 BTIF_MEDIA_RESET_VS_STATE
02-09 04:21:57.844 D/bt_btif_a2dp_source( 2001): btif_a2dp_source_command_ready: event: 2 BTIF_MEDIA_AUDIO_TX_STOP
02-09 04:21:57.844 E/bt_stack( 2001): [ERROR:a2dp_encoding.cc(2718)] read: BluetoothAudio HAL is not enabled
02-09 04:21:57.844 E/bt_btif ( 2001): btif_a2dp_source_startup: A2DP Source media task already running
02-09 04:21:57.844 D/A2dpService( 2001): A2DP offload flag set to true
02-09 04:21:57.844 E/bt_btif ( 2001): Invalid cmd pending for ack
02-09 04:21:57.844 D/bt_btif ( 2001): btif_av_state_idle_handler: event:UNKNOWN_EVENT flags: 0 on index: 0, codec_cfg_change: 0
02-09 04:21:57.844 D/bt_btif_a2dp_source( 2001): btif_a2dp_source_command_ready: event: 7 BTIF_MEDIA_RESET_VS_STATE
02-09 04:21:57.844 W/bt_btif ( 2001): btif_av_state_idle_handler: unhandled event=UNKNOWN_EVENT
02-09 04:21:57.844 E/bt_btif ( 2001): BTA_AvEnable:
02-09 04:21:57.844 I/liblog ( 2001): 7
02-09 04:21:57.845 I/liblog ( 2001): 25
02-09 04:21:57.845 I/DropBoxManagerService( 1523): add tag=SYSTEM_BOOT isTagEnabled=true flags=0x2
02-09 04:21:57.846 I/BootReceiver( 1523): Copying audit failures to DropBox
02-09 04:21:57.847 I/ActivityManager( 1523): Process com.qualcomm.qti.devicestatisticsservice (pid 2387) has died: pers PER
02-09 04:21:57.847 I/am_proc_died( 1523): [0,2387,com.qualcomm.qti.devicestatisticsservice,-800,0]
02-09 04:21:57.847 I/libprocessgroup( 1523): Successfully killed process cgroup uid 10061 pid 2387 in 0ms
02-09 04:21:57.847 I/BootReceiver( 1523): Checking for fsck errors
02-09 04:21:57.847 W/ActivityManager( 1523): Scheduling restart of crashed service com.qualcomm.qti.devicestatisticsservice/.DeviceStatisticsService in 0ms for persistent
02-09 04:21:57.847 I/am_schedule_service_restart( 1523): [0,com.qualcomm.qti.devicestatisticsservice/.DeviceStatisticsService,0]
02-09 04:21:57.847 I/am_uid_stopped( 1523): 10061
02-09 04:21:57.847 W/ActivityManager( 1523): Re-adding persistent process ProcessRecord{9d35c3b 2387:com.qualcomm.qti.devicestatisticsservice/u0a61}
02-09 04:21:57.847 I/am_uid_running( 1523): 10061
02-09 04:21:57.848 D/audio_hw_utils( 800): audio_extn_utils_compress_get_dsp_latency:: Using Fix DSP delay
02-09 04:21:57.848 D/audio_hw_utils( 800): audio_extn_utils_compress_get_dsp_latency:: delay in ms is 50
02-09 04:21:57.848 I/BootReceiver( 1523): fs_stat, partition:dsp_a stat:0x3
02-09 04:21:57.849 D/CompatibilityChangeReporter( 1523): Compat change id reported: 135634846; UID 10061; state: DISABLED
02-09 04:21:57.849 D/CompatibilityChangeReporter( 1523): Compat change id reported: 177438394; UID 10061; state: DISABLED
02-09 04:21:57.849 D/CompatibilityChangeReporter( 1523): Compat change id reported: 135772972; UID 10061; state: DISABLED
02-09 04:21:57.849 D/CompatibilityChangeReporter( 1523): Compat change id reported: 135754954; UID 10061; state: ENABLED
02-09 04:21:57.849 I/Zygote ( 666): Process 2387 exited due to signal 9 (Killed)
02-09 04:21:57.849 I/am_uid_active( 1523): 10061
02-09 04:21:57.849 D/CompatibilityChangeReporter( 1523): Compat change id reported: 143937733; UID 10061; state: ENABLED
02-09 04:21:57.849 I/BootReceiver( 1523): fs_stat, partition:persist stat:0x40b
02-09 04:21:57.850 D/audio_hw_primary( 800): adev_get_parameters:fm_status
02-09 04:21:57.850 D/audio_hw_spkr_prot( 800): fbsp_get_parameters: Speaker protection disabled
02-09 04:21:57.850 D/soundtrigger( 800): audio_extn_sound_trigger_get_parameters input string
02-09 04:21:57.850 D/soundtrigger( 800): extract_sm_handle input string param string
02-09 04:21:57.850 D/audio_hw_extn( 800): audio_extn_fm_get_parameters: Enter
02-09 04:21:57.850 D/audio_hw_extn( 800): audio_extn_get_parameters: returns fm_status=0
02-09 04:21:57.850 D/audio_hw_primary( 800): adev_get_parameters: exit: returns - fm_status=0
02-09 04:21:57.850 I/hash_map_utils( 897): system/bt/osi/src/hash_map_utils.cc:81 hash_map_utils_dump_string_keys_string_values: key: 'fm_status' value: ''
02-09 04:21:57.850 I/commit_sys_config_file( 1523): [log-files,1]
02-09 04:21:57.851 I/am_uid_active( 1523): 10023
02-09 04:21:57.851 W/.dataservices( 2147): ClassLoaderContext shared library size mismatch. Expected=0, found=2 (PCL[] | PCL[]{PCL[/system/system_ext/framework/com.qti.dpmframework.jar*681974938]#PCL[/system/system_ext/framework/dpmapi.jar*405663546]})
02-09 04:21:57.853 I/liblog ( 2001): 76
02-09 04:21:57.853 E/A2dpService( 2001): setActiveDevice(null): already set to active
02-09 04:21:57.853 D/A2dpService( 2001): profile started successfully
02-09 04:21:57.853 I/BluetoothHidHostServiceJni( 2001): classInitNative: succeeds
02-09 04:21:57.855 D/Zygote ( 666): Forked child process 3156
02-09 04:21:57.857 D/BluetoothHidHost( 2018): Proxy object connected
02-09 04:21:57.857 D/LOWI-9.0.0.87.a( 1318): [LOWINetlinkSocketReceiver] unpackRTMLinkMessage: RTM_NEWLINK - ifname vlan2, flags 0x1003 ([UP])
02-09 04:21:57.858 D/HidHostService( 2001): Received start request. Starting profile...
02-09 04:21:57.858 I/EthernetTracker( 1523): interfaceLinkStateChanged, iface: vlan2, up: false
02-09 04:21:57.858 I/bt_btif ( 2001): get_profile_interface: id = hidhost
02-09 04:21:57.858 D/BluetoothHidHostService( 2001): setHidHostService(): set to: com.android.bluetooth.hid.HidHostService@2e60fc1
02-09 04:21:57.858 I/mpu_uart( 645): [MSG-P:RECV]:No message received in 1000 ms
02-09 04:21:57.858 D/HidHostService( 2001): profile started successfully
02-09 04:21:57.858 I/bt_bta_hh( 2001): BTA_HhEnable sec_mask:0x36 p_cback:0x6fff17b258
02-09 04:21:57.858 W/bt_l2cap( 2001): L2CAP - L2CA_Register() called for PSM: 0x0011
02-09 04:21:57.858 W/bt_l2cap( 2001): L2CAP - L2CA_Register() called for PSM: 0x0013
02-09 04:21:57.859 V/bt_stack( 2001): [VERBOSE1:bta_gattc_act.cc(210)] bta_gattc_register: state:2
02-09 04:21:57.859 I/bt_stack( 2001): [INFO:gatt_api.cc(1223)] GATT_Register 3350fb05-0be3-b7d7-32a4-645b27dce219
02-09 04:21:57.859 I/bt_stack( 2001): [INFO:gatt_api.cc(1244)] allocated gatt_if=4
02-09 04:21:57.859 V/bt_stack( 2001): [VERBOSE1:gatt_api.cc(1369)] GATT_StartIf gatt_if=4
02-09 04:21:57.859 V/bt_stack( 2001): [VERBOSE1:gatt_utils.cc(293)] gatt_find_the_connected_bda start_idx=0
02-09 04:21:57.859 V/bt_stack( 2001): [VERBOSE1:gatt_utils.cc(305)] found=0 found_idx=5
02-09 04:21:57.859 I/bt_btif_storage( 2001): btif_storage_get_adapter_property service_mask:0x220100048
02-09 04:21:57.859 I/BluetoothPanServiceJni( 2001): classInitNative(L111): succeeds
02-09 04:21:57.859 W/bt_stack( 2001): [WARNING:btif_hh.cc(438)] Added device 87:73:00:01:31:64
02-09 04:21:57.859 V/bt_stack( 2001): [VERBOSE1:btm_inq.cc(1033)] BTM_InqDbRead: bd addr 87:73:00:01:31:64
02-09 04:21:57.859 W/bt_btif ( 2001): BTA_HH_ADD_DEV_EVT: status = 0, handle = 0
02-09 04:21:57.859 D/NetworkSecurityConfig( 2147): No Network Security Config specified, using platform default
02-09 04:21:57.859 W/nsconfig( 2147): .dataservices: New config does not match the previously set config.
02-09 04:21:57.859 D/BluetoothPan( 2018): Proxy object connected
02-09 04:21:57.860 D/PanService( 2001): Received start request. Starting profile...
02-09 04:21:57.860 I/mpu_uart( 645): [MSG-P:R]:recv sync frame timeout
02-09 04:21:57.860 I/am_proc_start( 1523): [0,3156,10061,com.qualcomm.qti.devicestatisticsservice,restart,com.qualcomm.qti.devicestatisticsservice]
02-09 04:21:57.860 I/ActivityManager( 1523): Start proc 3156:com.qualcomm.qti.devicestatisticsservice/u0a61 for restart com.qualcomm.qti.devicestatisticsservice
02-09 04:21:57.860 D/DpmServiceAppReceiver( 2147): Received Intent Intent { act=android.intent.action.BOOT_COMPLETED flg=0x89000010 cmp=com.qti.dpmserviceapp/.DpmServiceAppReceiver (has extras) }
02-09 04:21:57.861 D/BluetoothPanServiceJni( 2001): initializeNative(L116): pan
02-09 04:21:57.861 I/bt_btif ( 2001): get_profile_interface: id = pan
02-09 04:21:57.861 W/bt_l2cap( 2001): L2CAP - L2CA_Register() called for PSM: 0x000f
02-09 04:21:57.861 D/BluetoothPanServiceJni( 2001): control_state_callback(L63): state:0, local_role:3, ifname:bt-pan
02-09 04:21:57.861 D/PanService( 2001): profile started successfully
02-09 04:21:57.864 D/CompatibilityInfo( 1523): mCompatibilityFlags - 4
02-09 04:21:57.864 D/CompatibilityInfo( 1523): applicationDensity - 240
02-09 04:21:57.864 D/CompatibilityInfo( 1523): applicationScale - 1.0
02-09 04:21:57.866 E/atisticsservic( 3156): Not starting debugger since process cannot load the jdwp agent.
02-09 04:21:57.866 D/DpmServiceAppReceiver( 2147): DpmService Auto Boot Started Successfully
02-09 04:21:57.866 D/DpmServiceApp( 2147): Mwqem feature is disabled
02-09 04:21:57.866 D/DpmServiceApp( 2147): dpmd system daemon is enabled
02-09 04:21:57.867 D/DpmServiceApp( 2147): start dpm system service
02-09 04:21:57.867 D/BluetoothMap( 2018): Proxy object connected
02-09 04:21:57.867 D/BluetoothMap( 2018): getConnectedDevices()
02-09 04:21:57.867 D/BluetoothMapService( 2001): Received start request. Starting profile...
02-09 04:21:57.868 I/GameModeConfig( 1523): isGameModeOn = false
02-09 04:21:57.868 I/GameModeConfig( 1523): isGameModeOn = false
02-09 04:21:57.868 I/GameModeConfig( 1523): isGameModeOn = false
02-09 04:21:57.869 I/GameModeConfig( 1523): isGameModeOn = false
02-09 04:21:57.869 I/GameModeConfig( 1523): isGameModeOn = false
02-09 04:21:57.869 I/GameModeConfig( 1523): isGameModeOn = false
02-09 04:21:57.870 D/CompatibilityChangeReporter( 1523): Compat change id reported: 168419799; UID 10072; state: DISABLED
02-09 04:21:57.870 D/CompatibilityInfo( 1523): mCompatibilityFlags - 4
02-09 04:21:57.870 D/CompatibilityInfo( 1523): applicationDensity - 240
02-09 04:21:57.870 D/CompatibilityInfo( 1523): applicationScale - 1.0
01-02 09:38:38.030 I/binder ( 0): 3156:3156 ioctl 40046210 7ffaef2474 returned -22
02-09 04:21:57.871 D/BluetoothMapService( 2001): start()
02-09 04:21:57.872 D/ProcessState( 3156): Binder ioctl to enable oneway spam detection failed: Invalid argument
02-09 04:21:57.873 E/DPMJ ( 2147): |SERVICE| DPM SERVICE REGISTER SERVICE FOR NETWORK CHANGE.
02-09 04:21:57.874 D/BluetoothMapFixes( 2001): mSessionStatusHandler CREATE_MAS_INSTANCES
02-09 04:21:57.874 D/TelephonyRegistry( 1523): listen oscl: mHasNotifySubscriptionInfoChangedOccurred==false no callback
02-09 04:21:57.874 V/BluetoothMapService( 2001): Handler(): got msg=5
02-09 04:21:57.874 D/BluetoothMapService( 2001): CREATE_MAS_INSTANCES
02-09 04:21:57.874 D/BluetoothMapService( 2001): mSmsCapable :true
02-09 04:21:57.874 D/BluetoothMapService( 2001): setBluetoothMapService(): set to: com.android.bluetooth.map.BluetoothMapService@23c44c0
02-09 04:21:57.874 D/BluetoothVendorService( 2001): getProfileInfo profile_id: 3
02-09 04:21:57.874 D/BluetoothMapService( 2001): profile started successfully
02-09 04:21:57.874 I/BluetoothVendorJni( 2001): getProfileInfoNative
02-09 04:21:57.874 I/bt_btif_vendor( 2001): get_profile_info :3
02-09 04:21:57.874 W/bt_device_profile( 2001): profile_feature_fetch:profile 3
02-09 04:21:57.874 W/bt_device_profile( 2001): profile_feature_fetch:MAP_EMAIL_SUPPORT found 1
02-09 04:21:57.874 D/BluetoothMapAppObserver( 2001): isEmailSupported: true
02-09 04:21:57.875 I/DPMJ ( 2147): |REQ:RCVR| DPM creating socket
02-09 04:21:57.875 D/ConnectivityService( 1523): requestNetwork for uid/pid:1001/2147 activeRequest: null callbackRequest: 30 [NetworkRequest [ REQUEST id=31, [ Capabilities: INTERNET&NOT_RESTRICTED&TRUSTED&NOT_VCN_MANAGED Uid: 1001 RequestorUid: 1001 RequestorPkg: com.qti.dpmserviceapp] ]] callback flags: 0 priority: 2147483647
02-09 04:21:57.875 D/ConnectivityService( 1523): NetReassign [no changes]
02-09 04:21:57.875 I/am_proc_bound( 1523): [0,3156,com.qualcomm.qti.devicestatisticsservice]
02-09 04:21:57.876 D/Ethernet( 1523): got request NetworkRequest [ REQUEST id=31, [ Capabilities: INTERNET&NOT_RESTRICTED&TRUSTED&NOT_VCN_MANAGED Uid: 1001 RequestorUid: 1001 RequestorPkg: com.qti.dpmserviceapp] ]
02-09 04:21:57.876 D/CompatibilityInfo( 1523): mCompatibilityFlags - 4
02-09 04:21:57.876 D/CompatibilityInfo( 1523): applicationDensity - 240
