02-09 04:21:55.075 I/auditd ( 1194): type=1400 audit(0.0:227): avc: denied { read } for comm="Binder:1194_2" name="persist" dev="tmpfs" ino=12335 scontext=u:r:installd:s0 tcontext=u:object_r:tmpfs:s0 tclass=lnk_file permissive=0
02-09 04:21:55.080 D/StorageManagerService( 1523): Thinking about init, mBootCompleted=false, mDaemonConnected=true
02-09 04:21:55.080 D/StorageManagerService( 1523): Thinking about reset, mBootCompleted=false, mDaemonConnected=true
02-09 04:21:55.080 D/StorageManagerService( 1523): Thinking about init, mBootCompleted=false, mDaemonConnected=true
02-09 04:21:55.080 D/StorageManagerService( 1523): Thinking about reset, mBootCompleted=false, mDaemonConnected=true
02-09 04:21:55.081 I/SystemServerTiming( 1523): StartStorageStatsService
02-09 04:21:55.081 I/SystemServiceManager( 1523): Starting com.android.server.usage.StorageStatsService$Lifecycle
02-09 04:21:55.079 I/auditd ( 1194): type=1400 audit(0.0:228): avc: denied { read } for comm="Binder:1194_2" name="persist" dev="tmpfs" ino=12335 scontext=u:r:installd:s0 tcontext=u:object_r:tmpfs:s0 tclass=lnk_file permissive=0
02-09 04:21:55.079 I/auditd ( 1194): type=1400 audit(0.0:229): avc: denied { read } for comm="Binder:1194_2" name="persist" dev="tmpfs" ino=12335 scontext=u:r:installd:s0 tcontext=u:object_r:tmpfs:s0 tclass=lnk_file permissive=0
02-09 04:21:55.079 I/auditd ( 1194): type=1400 audit(0.0:230): avc: denied { read } for comm="Binder:1194_3" name="persist" dev="tmpfs" ino=12335 scontext=u:r:installd:s0 tcontext=u:object_r:tmpfs:s0 tclass=lnk_file permissive=0
02-09 04:21:55.079 I/auditd ( 1194): type=1400 audit(0.0:231): avc: denied { read } for comm="Binder:1194_3" name="persist" dev="tmpfs" ino=12335 scontext=u:r:installd:s0 tcontext=u:object_r:tmpfs:s0 tclass=lnk_file permissive=0
02-09 04:21:55.082 I/SystemServerTiming( 1523): StartUiModeManager
02-09 04:21:55.082 I/SystemServiceManager( 1523): Starting com.android.server.UiModeManagerService
02-09 04:21:55.084 I/SystemServerTimingAsync( 1523): InitThreadPoolExec:UiModeManager.onStart
02-09 04:21:55.084 I/SystemServerTiming( 1523): UpdatePackagesIfNeeded
02-09 04:21:55.084 I/Watchdog( 1523): Pausing HandlerChecker: main thread for reason: dexopt. Pause count: 1
02-09 04:21:55.084 I/Watchdog( 1523): Resuming HandlerChecker: main thread for reason: dexopt. Pause count: 0
02-09 04:21:55.084 I/SystemServerTiming( 1523): PerformFstrimIfNeeded
02-09 04:21:55.084 I/SystemServerTiming( 1523): StartLockSettingsService
02-09 04:21:55.084 I/SystemServiceManager( 1523): Starting com.android.server.locksettings.LockSettingsService$Lifecycle
02-09 04:21:55.086 D/PinnerService( 1523): pinRangeStream: null
02-09 04:21:55.089 D/PinnerService( 1523): pinRangeStream: null
02-09 04:21:55.089 D/PinnerService( 1523): pinRangeStream: null
02-09 04:21:55.090 D/PinnerService( 1523): pinRangeStream: null
02-09 04:21:55.090 D/PinnerService( 1523): pinRangeStream: null
02-09 04:21:55.091 E/PinnerService( 1523): Could not pin file /system/lib64/libsurfaceflinger.so
02-09 04:21:55.091 E/PinnerService( 1523): android.system.ErrnoException: open failed: ENOENT (No such file or directory)
02-09 04:21:55.091 E/PinnerService( 1523): at libcore.io.Linux.open(Native Method)
02-09 04:21:55.091 E/PinnerService( 1523): at libcore.io.ForwardingOs.open(ForwardingOs.java:567)
02-09 04:21:55.091 E/PinnerService( 1523): at libcore.io.BlockGuardOs.open(BlockGuardOs.java:273)
02-09 04:21:55.091 E/PinnerService( 1523): at android.system.Os.open(Os.java:501)
02-09 04:21:55.091 E/PinnerService( 1523): at com.android.server.PinnerService.pinFileRanges(PinnerService.java:939)
02-09 04:21:55.091 E/PinnerService( 1523): at com.android.server.PinnerService.pinFile(PinnerService.java:814)
02-09 04:21:55.091 E/PinnerService( 1523): at com.android.server.PinnerService.handlePinOnStart(PinnerService.java:273)
02-09 04:21:55.091 E/PinnerService( 1523): at com.android.server.PinnerService.access$1600(PinnerService.java:91)
02-09 04:21:55.091 E/PinnerService( 1523): at com.android.server.PinnerService$PinnerHandler.handleMessage(PinnerService.java:1183)
02-09 04:21:55.091 E/PinnerService( 1523): at android.os.Handler.dispatchMessage(Handler.java:106)
02-09 04:21:55.091 E/PinnerService( 1523): at android.os.Looper.loopOnce(Looper.java:201)
02-09 04:21:55.091 E/PinnerService( 1523): at android.os.Looper.loop(Looper.java:288)
02-09 04:21:55.091 E/PinnerService( 1523): at android.os.HandlerThread.run(HandlerThread.java:67)
02-09 04:21:55.091 E/PinnerService( 1523): Failed to pin file = /system/lib64/libsurfaceflinger.so
02-09 04:21:55.092 I/SystemServerTiming( 1523): StartPersistentDataBlock
02-09 04:21:55.092 I/SystemServiceManager( 1523): Starting com.android.server.PersistentDataBlockService
02-09 04:21:55.092 I/SystemServerTiming( 1523): StartTestHarnessMode
02-09 04:21:55.092 I/SystemServiceManager( 1523): Starting com.android.server.testharness.TestHarnessModeService
02-09 04:21:55.093 I/SystemServerTiming( 1523): StartOemLockService
02-09 04:21:55.093 I/SystemServiceManager( 1523): Starting com.android.server.oemlock.OemLockService
02-09 04:21:55.094 I/OemLock ( 1523): OemLock HAL not present on device
02-09 04:21:55.094 I/OemLock ( 1523): Using persistent data block based lock
02-09 04:21:55.094 I/SystemServerTiming( 1523): StartDeviceIdleController
02-09 04:21:55.094 I/SystemServiceManager( 1523): Starting com.android.server.DeviceIdleController
02-09 04:21:55.095 I/SystemServerTimingAsync( 1523): InitThreadPoolExec:PersistentDataBlockService.onStart
02-09 04:21:55.098 I/SystemServerTiming( 1523): StartDevicePolicyManager
02-09 04:21:55.098 I/SystemServiceManager( 1523): Starting com.android.server.devicepolicy.DevicePolicyManagerService$Lifecycle
02-09 04:21:55.099 E/PersistentDataBlockService( 1523): not able to find package com.google.android.gms
02-09 04:21:55.099 E/PersistentDataBlockService( 1523): android.content.pm.PackageManager$NameNotFoundException: com.google.android.gms
02-09 04:21:55.099 E/PersistentDataBlockService( 1523): at android.app.ApplicationPackageManager.getPackageUidAsUser(ApplicationPackageManager.java:364)
02-09 04:21:55.099 E/PersistentDataBlockService( 1523): at com.android.server.PersistentDataBlockService.getAllowedUid(PersistentDataBlockService.java:162)
02-09 04:21:55.099 E/PersistentDataBlockService( 1523): at com.android.server.PersistentDataBlockService.lambda$onStart$0$PersistentDataBlockService(PersistentDataBlockService.java:176)
02-09 04:21:55.099 E/PersistentDataBlockService( 1523): at com.android.server.PersistentDataBlockService$$ExternalSyntheticLambda0.run(Unknown Source:2)
02-09 04:21:55.099 E/PersistentDataBlockService( 1523): at com.android.server.SystemServerInitThreadPool.lambda$submitTask$0$SystemServerInitThreadPool(SystemServerInitThreadPool.java:105)
02-09 04:21:55.099 E/PersistentDataBlockService( 1523): at com.android.server.SystemServerInitThreadPool$$ExternalSyntheticLambda0.run(Unknown Source:6)
02-09 04:21:55.099 E/PersistentDataBlockService( 1523): at java.util.concurrent.Executors$RunnableAdapter.call(Executors.java:462)
02-09 04:21:55.099 E/PersistentDataBlockService( 1523): at java.util.concurrent.FutureTask.run(FutureTask.java:266)
02-09 04:21:55.099 E/PersistentDataBlockService( 1523): at java.util.concurrent.ThreadPoolExecutor.runWorker(ThreadPoolExecutor.java:1167)
02-09 04:21:55.099 E/PersistentDataBlockService( 1523): at java.util.concurrent.ThreadPoolExecutor$Worker.run(ThreadPoolExecutor.java:641)
02-09 04:21:55.099 E/PersistentDataBlockService( 1523): at com.android.internal.util.ConcurrentUtils$1$1.run(ConcurrentUtils.java:65)
02-09 04:21:55.100 I/snet_event_log( 1523): [172655291,-1,]
02-09 04:21:55.100 E/PowerManagerService( 1523): Tried to acquire wake lock for invalid display: 0
02-09 04:21:55.100 I/am_wtf ( 1523): [0,1523,system_server,-1,PowerManagerService,Tried to acquire wake lock for invalid display: 0]
02-09 04:21:55.101 I/DropBoxManagerService( 1523): add tag=system_server_wtf isTagEnabled=true flags=0x2
02-09 04:21:55.102 I/DevicePolicyManager( 1523): Set ro.organization_owned property to false
02-09 04:21:55.102 I/SystemServerTiming( 1523): StartStatusBarManagerService
02-09 04:21:55.103 D/SystemServer( 1523): MusicRecognitionManagerService not defined by OEM or disabled by flag
02-09 04:21:55.103 D/SystemServer( 1523): ContentCaptureService disabled because resource is not overlaid
02-09 04:21:55.103 D/SystemServer( 1523): AttentionService is not configured on this device
02-09 04:21:55.103 D/SystemServer( 1523): RotationResolverService is not configured on this device
02-09 04:21:55.103 D/SystemServer( 1523): SystemCaptionsManagerService disabled because resource is not overlaid
02-09 04:21:55.103 I/SystemServerTiming( 1523): StartTextToSpeechManagerService
02-09 04:21:55.103 I/SystemServiceManager( 1523): Starting com.android.server.texttospeech.TextToSpeechManagerService
02-09 04:21:55.106 I/SystemServerTiming( 1523): StartSpeechRecognitionManagerService
02-09 04:21:55.106 I/SystemServiceManager( 1523): Starting com.android.server.speech.SpeechRecognitionManagerService
02-09 04:21:55.106 D/SystemServer( 1523): AppPredictionService not defined by OEM
02-09 04:21:55.106 D/SystemServer( 1523): ContentSuggestionsService not defined by OEM
02-09 04:21:55.106 I/SystemServerTiming( 1523): StartSearchUiService
02-09 04:21:55.106 I/SystemServiceManager( 1523): Starting com.android.server.searchui.SearchUiManagerService
02-09 04:21:55.107 I/SystemServerTiming( 1523): StartSmartspaceService
02-09 04:21:55.107 I/SystemServiceManager( 1523): Starting com.android.server.smartspace.SmartspaceManagerService
02-09 04:21:55.107 I/SystemServerTiming( 1523): InitConnectivityModuleConnector
02-09 04:21:55.107 D/ConnectivityModuleConnector( 1523): Network stack init
02-09 04:21:55.108 I/SystemServerTiming( 1523): InitNetworkStackClient
02-09 04:21:55.108 I/SystemServerTiming( 1523): StartNetworkManagementService
02-09 04:21:55.111 I/SystemServerTiming( 1523): StartIpSecService
02-09 04:21:55.112 I/SystemServerTiming( 1523): StartFontManagerService
01-02 09:38:35.289 I/msm_vidc( 0): high: 00000001: ....e: Opening video instance: 0000000000000000, 0
01-02 09:38:35.289 I/msm_vidc( 0): err : 00000001: ....e: Failed to create debugfs for msm_vidc
01-02 09:38:35.294 I/msm_vidc( 0): high: 00000001: h265e: Closed video instance: 0000000000000000
01-02 09:38:35.305 I/msm_vidc( 0): high: 00000001: ....d: Opening video instance: 0000000000000000, 1
01-02 09:38:35.305 I/msm_vidc( 0): err : 00000001: ....d: Failed to create debugfs for msm_vidc
01-02 09:38:35.309 I/msm_vidc( 0): high: 00000001: h264d: Closed video instance: 0000000000000000
01-02 09:38:35.315 I/msm_vidc( 0): high: 00000001: ....d: Opening video instance: 0000000000000000, 1
01-02 09:38:35.315 I/msm_vidc( 0): err : 00000001: ....d: Failed to create debugfs for msm_vidc
01-02 09:38:35.318 I/msm_vidc( 0): high: 00000001: h264d: Closed video instance: 0000000000000000
02-09 04:21:55.169 I/SystemServerTiming( 1523): StartTextServicesManager
02-09 04:21:55.169 I/SystemServiceManager( 1523): Starting com.android.server.textservices.TextServicesManagerService$Lifecycle
02-09 04:21:55.169 I/SystemServerTiming( 1523): StartTextClassificationManagerService
02-09 04:21:55.170 I/SystemServiceManager( 1523): Starting com.android.server.textclassifier.TextClassificationManagerService$Lifecycle
02-09 04:21:55.170 I/SystemServerTiming( 1523): StartNetworkScoreService
02-09 04:21:55.170 I/SystemServiceManager( 1523): Starting com.android.server.NetworkScoreService$Lifecycle
02-09 04:21:55.171 I/SystemServerTiming( 1523): StartNetworkStatsService
01-02 09:38:35.335 I/msm_vidc( 0): high: 00000001: ....d: Opening video instance: 0000000000000000, 1
01-02 09:38:35.335 I/msm_vidc( 0): err : 00000001: ....d: Failed to create debugfs for msm_vidc
01-02 09:38:35.338 I/msm_vidc( 0): high: 00000001: h265d: Closed video instance: 0000000000000000
02-09 04:21:55.180 I/SystemServerTiming( 1523): StartNetworkPolicyManagerService
02-09 04:21:55.182 I/SystemServerTiming( 1523): StartWifi
01-02 09:38:35.341 I/msm_vidc( 0): high: 00000001: ....d: Opening video instance: 0000000000000000, 1
01-02 09:38:35.341 I/msm_vidc( 0): err : 00000001: ....d: Failed to create debugfs for msm_vidc
01-02 09:38:35.351 I/msm_vidc( 0): high: 00000001: h265d: Closed video instance: 0000000000000000
01-02 09:38:35.363 I/msm_vidc( 0): high: 00000001: ....d: Opening video instance: 0000000000000000, 1
01-02 09:38:35.363 I/msm_vidc( 0): err : 00000001: ....d: Failed to create debugfs for msm_vidc
01-02 09:38:35.365 I/msm_vidc( 0): high: 00000001: mpg2d: Closed video instance: 0000000000000000
02-09 04:21:55.210 I/SystemServiceManager( 1523): Starting com.android.server.wifi.WifiService
01-02 09:38:35.370 I/msm_vidc( 0): high: 00000001: ....d: Opening video instance: 0000000000000000, 1
01-02 09:38:35.370 I/msm_vidc( 0): err : 00000001: ....d: Failed to create debugfs for msm_vidc
01-02 09:38:35.373 I/msm_vidc( 0): high: 00000001: mpg2d: Closed video instance: 0000000000000000
01-02 09:38:35.385 I/msm_vidc( 0): high: 00000001: ....d: Opening video instance: 0000000000000000, 1
01-02 09:38:35.385 I/msm_vidc( 0): err : 00000001: ....d: Failed to create debugfs for msm_vidc
01-02 09:38:35.387 I/msm_vidc( 0): high: 00000001: vp8d: Closed video instance: 0000000000000000
01-02 09:38:35.402 I/msm_vidc( 0): high: 00000001: ....d: Opening video instance: 0000000000000000, 1
01-02 09:38:35.402 I/msm_vidc( 0): err : 00000001: ....d: Failed to create debugfs for msm_vidc
01-02 09:38:35.404 I/msm_vidc( 0): high: 00000001: vp9d: Closed video instance: 0000000000000000
01-02 09:38:35.408 I/msm_vidc( 0): high: 00000001: ....d: Opening video instance: 0000000000000000, 1
01-02 09:38:35.408 I/msm_vidc( 0): err : 00000001: ....d: Failed to create debugfs for msm_vidc
01-02 09:38:35.411 I/msm_vidc( 0): high: 00000001: vp9d: Closed video instance: 0000000000000000
02-09 04:21:55.259 I/auditd ( 919): type=1400 audit(0.0:232): avc: denied { read write } for comm="sensors.qti" name="diag" dev="tmpfs" ino=1103 scontext=u:r:vendor_sensors_qti:s0 tcontext=u:object_r:vendor_diag_device:s0 tclass=chr_file permissive=0
01-02 09:38:35.420 I/msm_vidc( 0): high: 00000001: ....e: Opening video instance: 0000000000000000, 0
01-02 09:38:35.420 I/msm_vidc( 0): err : 00000001: ....e: Failed to create debugfs for msm_vidc --------- beginning of radio
02-09 04:21:55.263 D/TelephonyRegistry( 1523): listen oscl: mHasNotifySubscriptionInfoChangedOccurred==false no callback
01-02 09:38:35.423 I/msm_vidc( 0): high: 00000001: h264e: Closed video instance: 0000000000000000
02-09 04:21:55.274 I/wificond( 1209): New wificond event callback registered
02-09 04:21:55.277 V/HistoricalRegistry( 1523): Interaction before persistence initialized
02-09 04:21:55.279 I/SystemServerTiming( 1523): StartWifiScanning
02-09 04:21:55.279 I/SystemServiceManager( 1523): Starting com.android.server.wifi.scanner.WifiScanningService
02-09 04:21:55.281 I/SystemServerTiming( 1523): StartRttService
02-09 04:21:55.282 I/SystemServiceManager( 1523): Starting com.android.server.wifi.rtt.RttService
02-09 04:21:55.282 I/SystemServerTiming( 1523): StartWifiAware
02-09 04:21:55.282 I/SystemServiceManager( 1523): Starting com.android.server.wifi.aware.WifiAwareService
02-09 04:21:55.283 I/SystemServerTiming( 1523): StartWifiP2P
02-09 04:21:55.283 I/SystemServiceManager( 1523): Starting com.android.server.wifi.p2p.WifiP2pService
02-09 04:21:55.285 I/SystemServerTiming( 1523): StartEthernet
02-09 04:21:55.285 I/SystemServiceManager( 1523): Starting com.android.server.ethernet.EthernetService
02-09 04:21:55.285 I/SystemServerTiming( 1523): StartPacProxyService
02-09 04:21:55.286 I/SystemServerTiming( 1523): StartConnectivityService
01-02 09:38:35.459 I/msm_vidc( 0): high: 00000001: ....e: Opening video instance: 0000000000000000, 0
01-02 09:38:35.459 I/msm_vidc( 0): err : 00000001: ....e: Failed to create debugfs for msm_vidc
02-09 04:21:55.302 I/SystemServiceManager( 1523): Starting com.android.server.ConnectivityServiceInitializer
01-02 09:38:35.463 I/msm_vidc( 0): high: 00000001: h265e: Closed video instance: 0000000000000000
01-02 09:38:35.472 I/msm_vidc( 0): high: 00000001: ....e: Opening video instance: 0000000000000000, 0
01-02 09:38:35.473 I/msm_vidc( 0): err : 00000001: ....e: Failed to create debugfs for msm_vidc
01-02 09:38:35.476 I/msm_vidc( 0): high: 00000001: h265e: Closed video instance: 0000000000000000
02-09 04:21:55.321 D/CompatibilityChangeReporter( 1523): Compat change id reported: 182478738; UID 1000; state: ENABLED
02-09 04:21:55.329 I/SystemServerTiming( 1523): StartVpnManagerService
02-09 04:21:55.332 I/SystemServerTiming( 1523): StartVcnManagementService
02-09 04:21:55.334 I/SystemServerTiming( 1523): StartNsdService
02-09 04:21:55.335 D/NsdService( 1523): Network service discovery is enabled
02-09 04:21:55.337 I/SystemServerTiming( 1523): StartSystemUpdateManagerService
02-09 04:21:55.337 I/SystemUpdateManagerService( 1523): No existing info file /data/system/system-update-info.xml
02-09 04:21:55.338 I/SystemServerTiming( 1523): StartUpdateLockService
02-09 04:21:55.338 I/SystemServerTiming( 1523): StartNotificationManager
02-09 04:21:55.338 I/SystemServiceManager( 1523): Starting com.android.server.notification.NotificationManagerService
01-02 09:38:35.499 I/msm_vidc( 0): high: 00000001: ....e: Opening video instance: 0000000000000000, 0
01-02 09:38:35.499 I/msm_vidc( 0): err : 00000001: ....e: Failed to create debugfs for msm_vidc
01-02 09:38:35.499 I/msm_vidc( 0): err : 00000001: ....e: msm_vidc_comm_update_ctrl: failed: control name Ltr Count, min 0, max 0, step 0, default_value 0
01-02 09:38:35.502 I/msm_vidc( 0): high: 00000001: vp8e: Closed video instance: 0000000000000000
02-09 04:21:55.345 D/ConditionProviders.SCP( 1523): new ScheduleConditionProvider()
02-09 04:21:55.365 I/NotificationAssistants( 1523): Read notification assistant permissions from xml
02-09 04:21:55.365 I/ConditionProviders( 1523): Read condition provider permissions from xml
02-09 04:21:55.365 I/ConditionProviders( 1523): Read condition provider permissions from xml
02-09 04:21:55.366 D/NotificationAssistants( 1523): Approving default notification assistant for user 0
02-09 04:21:55.366 I/ConditionProviders( 1523): Allowing condition provider android.ext.services/android.ext.services.notification.Assistant (userSet: true)
02-09 04:21:55.366 I/GameModeConfig( 1523): isGameModeOn cache is null
02-09 04:21:55.367 I/GameModeConfig( 1523): isGameModeOn = false
02-09 04:21:55.368 D/CompatibilityChangeReporter( 1523): Compat change id reported: 157233955; UID 1000; state: ENABLED
02-09 04:21:55.375 I/SystemServerTiming( 1523): StartDeviceMonitor
02-09 04:21:55.375 I/SystemServiceManager( 1523): Starting com.android.server.storage.DeviceStorageMonitorService
02-09 04:21:55.376 I/SystemServerTiming( 1523): StartLocationManagerService
02-09 04:21:55.376 I/SystemServiceManager( 1523): Starting com.android.server.location.LocationManagerService$Lifecycle
02-09 04:21:55.377 I/storage_state( 1523): [41217664-9172-527a-b3d5-edabb50a7d69,0,0,116363022336,118610538496]
02-09 04:21:55.378 I/SystemServerTiming( 1523): StartCountryDetectorService
02-09 04:21:55.378 I/SystemServerTiming( 1523): StartTimeDetectorService
02-09 04:21:55.378 I/SystemServiceManager( 1523): Starting com.android.server.timedetector.TimeDetectorService$Lifecycle
02-09 04:21:55.379 I/SystemServerTiming( 1523): StartTimeZoneDetectorService
02-09 04:21:55.379 I/SystemServiceManager( 1523): Starting com.android.server.timezonedetector.TimeZoneDetectorService$Lifecycle
02-09 04:21:55.380 I/SystemServerTiming( 1523): StartLocationTimeZoneManagerService
02-09 04:21:55.380 I/SystemServiceManager( 1523): Starting com.android.server.timezonedetector.location.LocationTimeZoneManagerService$Lifecycle
02-09 04:21:55.380 I/SystemServerTiming( 1523): StartSearchManagerService
02-09 04:21:55.380 I/SystemServiceManager( 1523): Starting com.android.server.search.SearchManagerService$Lifecycle
02-09 04:21:55.381 I/SystemServerTiming( 1523): StartWallpaperManagerService
02-09 04:21:55.381 I/SystemServiceManager( 1523): Starting com.android.server.wallpaper.WallpaperManagerService$Lifecycle
02-09 04:21:55.381 I/SystemServerTiming( 1523): StartAudioService
02-09 04:21:55.381 I/SystemServiceManager( 1523): Starting com.android.server.audio.AudioService$Lifecycle
02-09 04:21:55.411 I/SystemServerTiming( 1523): StartSoundTriggerMiddlewareService
02-09 04:21:55.411 I/SystemServiceManager( 1523): Starting com.android.server.soundtrigger_middleware.SoundTriggerMiddlewareService$Lifecycle
02-09 04:21:55.414 I/SystemServerTiming( 1523): StartDockObserver
02-09 04:21:55.414 I/SystemServiceManager( 1523): Starting com.android.server.DockObserver
02-09 04:21:55.414 W/DockObserver( 1523): This kernel does not have dock station support
02-09 04:21:55.414 I/SystemServerTiming( 1523): StartWiredAccessoryManager
02-09 04:21:55.415 W/WiredAccessoryManager( 1523): This kernel does not have usb audio support
02-09 04:21:55.415 W/WiredAccessoryManager( 1523): This kernel does not have HDMI audio support
02-09 04:21:55.415 E/WiredAccessoryManager( 1523): file /sys/devices/platform/soc/soc:qcom,msm-ext-disp/extcon/extcon3/name not found
02-09 04:21:55.415 W/WiredAccessoryManager( 1523): Conn soc:qcom,msm-ext-disp/3/0 does not have DP audio support
02-09 04:21:55.415 E/WiredAccessoryManager( 1523): file /sys/devices/platform/soc/soc:qcom,msm-ext-disp/extcon/extcon2/name not found
02-09 04:21:55.415 W/WiredAccessoryManager( 1523): Conn soc:qcom,msm-ext-disp/2/0 does not have DP audio support
02-09 04:21:55.415 E/WiredAccessoryManager( 1523): set dev_index 1
02-09 04:21:55.415 W/WiredAccessoryManager( 1523): checkCableIndex set cable 0
02-09 04:21:55.416 E/WiredAccessoryManager( 1523): set dev_index 0
02-09 04:21:55.416 W/WiredAccessoryManager( 1523): checkCableIndex set cable 0
02-09 04:21:55.416 I/SystemServerTiming( 1523): StartMidiManager
02-09 04:21:55.416 I/SystemServiceManager( 1523): Starting com.android.server.midi.MidiService$Lifecycle
02-09 04:21:55.416 I/SystemServerTiming( 1523): StartAdbService
02-09 04:21:55.416 I/SystemServiceManager( 1523): Starting com.android.server.adb.AdbService$Lifecycle
02-09 04:21:55.417 I/SystemServerTiming( 1523): StartUsbService
02-09 04:21:55.417 I/SystemServiceManager( 1523): Starting com.android.server.usb.UsbService$Lifecycle
02-09 04:21:55.417 I/SystemServerTiming( 1523): StartSerialService
02-09 04:21:55.417 I/SystemServerTimingAsync( 1523): InitThreadPoolExec:UsbService$Lifecycle#onStart
02-09 04:21:55.417 I/SystemServerTiming( 1523): StartHardwarePropertiesManagerService
02-09 04:21:55.418 E/UsbDeviceManager( 1523): failed to write to /sys/class/android_usb/android0/f_rndis/ethaddr
02-09 04:21:55.418 I/UsbDeviceManager( 1523): USB GADGET HAL not present in the device
02-09 04:21:55.418 I/UsbDeviceManager( 1523): java.util.NoSuchElementException
02-09 04:21:55.418 I/UsbDeviceManager( 1523): at android.os.HwBinder.getService(Native Method)
02-09 04:21:55.418 I/UsbDeviceManager( 1523): at android.hardware.usb.gadget.V1_0.IUsbGadget.getService(IUsbGadget.java:57)
02-09 04:21:55.418 I/UsbDeviceManager( 1523): at android.hardware.usb.gadget.V1_0.IUsbGadget.getService(IUsbGadget.java:64)
02-09 04:21:55.418 I/UsbDeviceManager( 1523): at com.android.server.usb.UsbDeviceManager.(UsbDeviceManager.java:293)
02-09 04:21:55.418 I/UsbDeviceManager( 1523): at com.android.server.usb.UsbService.(UsbService.java:178)
02-09 04:21:55.418 I/UsbDeviceManager( 1523): at com.android.server.usb.UsbService$Lifecycle.lambda$onStart$0$UsbService$Lifecycle(UsbService.java:92)
02-09 04:21:55.418 I/UsbDeviceManager( 1523): at com.android.server.usb.UsbService$Lifecycle$$ExternalSyntheticLambda1.run(Unknown Source:2)
02-09 04:21:55.418 I/UsbDeviceManager( 1523): at com.android.server.SystemServerInitThreadPool.lambda$submitTask$0$SystemServerInitThreadPool(SystemServerInitThreadPool.java:105)
02-09 04:21:55.418 I/UsbDeviceManager( 1523): at com.android.server.SystemServerInitThreadPool$$ExternalSyntheticLambda0.run(Unknown Source:6)
02-09 04:21:55.418 I/UsbDeviceManager( 1523): at java.util.concurrent.Executors$RunnableAdapter.call(Executors.java:462)
02-09 04:21:55.418 I/UsbDeviceManager( 1523): at java.util.concurrent.FutureTask.run(FutureTask.java:266)
02-09 04:21:55.418 I/UsbDeviceManager( 1523): at java.util.concurrent.ThreadPoolExecutor.runWorker(ThreadPoolExecutor.java:1167)
02-09 04:21:55.418 I/UsbDeviceManager( 1523): at java.util.concurrent.ThreadPoolExecutor$Worker.run(ThreadPoolExecutor.java:641)
02-09 04:21:55.418 I/UsbDeviceManager( 1523): at com.android.internal.util.ConcurrentUtils$1$1.run(ConcurrentUtils.java:65)
02-09 04:21:55.418 E/UsbDeviceManager( 1523): Failed to open control for mtp
02-09 04:21:55.418 E/UsbDeviceManager( 1523): Failed to open control for ptp
02-09 04:21:55.419 I/SystemServerTiming( 1523): StartTwilightService
02-09 04:21:55.419 I/SystemServiceManager( 1523): Starting com.android.server.twilight.TwilightService
02-09 04:21:55.419 I/SystemServerTiming( 1523): StartColorDisplay
02-09 04:21:55.419 I/SystemServiceManager( 1523): Starting com.android.server.display.color.ColorDisplayService
02-09 04:21:55.419 W/StorageManagerService( 1523): No primary storage defined yet; hacking together a stub
02-09 04:21:55.420 I/SystemServerTiming( 1523): StartJobScheduler
02-09 04:21:55.420 I/SystemServiceManager( 1523): Starting com.android.server.job.JobSchedulerService
01-02 09:38:35.579 I/ ( 0): acc_open
01-02 09:38:35.579 I/ ( 0): acc_release
02-09 04:21:55.422 I/UsbPortManager( 1523): Usb hal service started android.hardware.usb@1.0::IUsb default
02-09 04:21:55.424 I/UsbPortManager( 1523): USB HAL version: 12
02-09 04:21:55.424 D/JobStore( 1523): Start tag: job-info
02-09 04:21:55.425 W/JobStore( 1523): Periodic job for uid='10092' persisted run-time is too big [360:00:21, 720:00:21]. Clamping to [360:00:10,720:00:10]
02-09 04:21:55.426 W/JobStore( 1523): Periodic job for uid='1000' persisted run-time is too big [24:00:17, 48:00:17]. Clamping to [24:00:10,48:00:10]
02-09 04:21:55.426 W/JobStore( 1523): Periodic job for uid='1000' persisted run-time is too big [360:00:21, 720:00:21]. Clamping to [360:00:10,720:00:10]
02-09 04:21:55.426 I/JobStore( 1523): Read 6 jobs
01-02 09:38:35.594 I/msm_cvp ( 0): warn: DBLP Set: status 0 0
02-09 04:21:55.439 V/HistoricalRegistry( 1523): Interaction before persistence initialized
02-09 04:21:55.439 V/HistoricalRegistry( 1523): Interaction before persistence initialized
02-09 04:21:55.439 W/JobScheduler( 1523): !!! RTC not yet good; tracking time updates for job scheduling
02-09 04:21:55.444 I/SystemServerTiming( 1523): StartSoundTrigger
02-09 04:21:55.444 I/SystemServiceManager( 1523): Starting com.android.server.soundtrigger.SoundTriggerService
02-09 04:21:55.446 I/SystemServerTiming( 1523): StartTrustManager
02-09 04:21:55.446 I/SystemServiceManager( 1523): Starting com.android.server.trust.TrustManagerService
02-09 04:21:55.447 I/SystemServerTiming( 1523): StartBackupManager
02-09 04:21:55.447 I/SystemServiceManager( 1523): Starting com.android.server.backup.BackupManagerService$Lifecycle
02-09 04:21:55.453 I/SystemServerTiming( 1523): StartAppWidgetService
02-09 04:21:55.453 I/SystemServiceManager( 1523): Starting com.android.server.appwidget.AppWidgetService
02-09 04:21:55.456 I/SystemServerTiming( 1523): StartVoiceRecognitionManager
02-09 04:21:55.456 I/SystemServiceManager( 1523): Starting com.android.server.voiceinteraction.VoiceInteractionManagerService
02-09 04:21:55.459 I/auditd ( 919): type=1400 audit(0.0:233): avc: denied { read write } for comm="sensors.qti" name="diag" dev="tmpfs" ino=1103 scontext=u:r:vendor_sensors_qti:s0 tcontext=u:object_r:vendor_diag_device:s0 tclass=chr_file permissive=0
02-09 04:21:55.463 I/SystemServerTiming( 1523): StartAppHibernationService
02-09 04:21:55.464 I/SystemServiceManager( 1523): Starting com.android.server.apphibernation.AppHibernationService
02-09 04:21:55.466 I/SystemServerTiming( 1523): StartSensorNotification
02-09 04:21:55.466 I/SystemServiceManager( 1523): Starting com.android.server.SensorNotificationService
02-09 04:21:55.466 I/SystemServerTiming( 1523): StartDiskStatsService
02-09 04:21:55.468 I/SystemServerTiming( 1523): RuntimeService
02-09 04:21:55.469 I/SystemServerTiming( 1523): StartNetworkTimeUpdateService
02-09 04:21:55.467 I/auditd ( 1523): type=1400 audit(0.0:234): avc: denied { read } for comm="system_server" name="u:object_r:vendor_default_prop:s0" dev="tmpfs" ino=12634 scontext=u:r:system_server:s0 tcontext=u:object_r:vendor_default_prop:s0 tclass=file permissive=0
02-09 04:21:55.471 I/SystemServerTiming( 1523): CertBlacklister
02-09 04:21:55.472 I/SystemServerTiming( 1523): StartEmergencyAffordanceService
02-09 04:21:55.472 I/SystemServiceManager( 1523): Starting com.android.server.emergency.EmergencyAffordanceService
02-09 04:21:55.473 I/SystemServerTiming( 1523): startBlobStoreManagerService
02-09 04:21:55.474 I/SystemServiceManager( 1523): Starting com.android.server.blob.BlobStoreManagerService
02-09 04:21:55.476 I/SystemServerTiming( 1523): StartDreamManager
02-09 04:21:55.476 I/SystemServiceManager( 1523): Starting com.android.server.dreams.DreamManagerService
02-09 04:21:55.477 I/SystemServerTiming( 1523): AddGraphicsStatsService
02-09 04:21:55.482 I/SystemServerTiming( 1523): StartCompanionDeviceManager
02-09 04:21:55.482 I/SystemServiceManager( 1523): Starting com.android.server.companion.CompanionDeviceManagerService
02-09 04:21:55.484 I/SystemServerTiming( 1523): StartRestrictionManager
02-09 04:21:55.484 I/SystemServiceManager( 1523): Starting com.android.server.restrictions.RestrictionsManagerService
02-09 04:21:55.484 I/SystemServerTiming( 1523): StartMediaSessionService
02-09 04:21:55.485 I/SystemServiceManager( 1523): Starting com.android.server.media.MediaSessionService
02-09 04:21:55.486 I/SystemServerTiming( 1523): StartMediaResourceMonitor
02-09 04:21:55.486 I/SystemServiceManager( 1523): Starting com.android.server.media.MediaResourceMonitorService
02-09 04:21:55.486 I/SystemServerTiming( 1523): StartMediaRouterService
02-09 04:21:55.486 V/HistoricalRegistry( 1523): Interaction before persistence initialized
02-09 04:21:55.488 I/SystemServerTiming( 1523): StartFingerprintSensor
02-09 04:21:55.489 I/SystemServiceManager( 1523): Starting com.android.server.biometrics.sensors.fingerprint.FingerprintService
02-09 04:21:55.489 I/SystemServerTiming( 1523): StartBiometricService
02-09 04:21:55.489 I/SystemServiceManager( 1523): Starting com.android.server.biometrics.BiometricService
02-09 04:21:55.491 I/SystemServerTiming( 1523): StartAuthService
02-09 04:21:55.491 I/SystemServiceManager( 1523): Starting com.android.server.biometrics.AuthService
02-09 04:21:55.491 D/AuthService( 1523): Registering HIDL ID: 0 Modality: 2 Strength: 15
02-09 04:21:55.491 D/AuthService( 1523): Registering HIDL ID: 1 Modality: 8 Strength: 15
02-09 04:21:55.500 E/AuthService( 1523): HIDL face configuration exists, but FaceService is null.
02-09 04:21:55.501 I/SystemServerTiming( 1523): StartBackgroundDexOptService
02-09 04:21:55.501 W/BackgroundDexOptService( 1523): SysProp pm.dexopt.downgrade_after_inactive_days not set
02-09 04:21:55.501 I/SystemServerTiming( 1523): StartDynamicCodeLoggingService
02-09 04:21:55.501 I/SystemServerTiming( 1523): StartPruneInstantAppsJobService
02-09 04:21:55.502 I/SystemServerTiming( 1523): StartShortcutServiceLifecycle
02-09 04:21:55.502 I/SystemServiceManager( 1523): Starting com.android.server.pm.ShortcutService$Lifecycle
02-09 04:21:55.502 V/HistoricalRegistry( 1523): Interaction before persistence initialized
02-09 04:21:55.502 I/SystemServerTiming( 1523): StartLauncherAppsService
02-09 04:21:55.502 I/SystemServiceManager( 1523): Starting com.android.server.pm.LauncherAppsService
02-09 04:21:55.503 I/SystemServerTiming( 1523): StartCrossProfileAppsService
02-09 04:21:55.503 I/SystemServiceManager( 1523): Starting com.android.server.pm.CrossProfileAppsService
02-09 04:21:55.503 I/SystemServerTiming( 1523): StartPeopleService
02-09 04:21:55.503 I/SystemServiceManager( 1523): Starting com.android.server.people.PeopleService
02-09 04:21:55.504 I/SystemServerTiming( 1523): StartMediaMetricsManager
02-09 04:21:55.504 I/SystemServiceManager( 1523): Starting com.android.server.media.metrics.MediaMetricsManagerService
02-09 04:21:55.505 I/SystemServerTiming( 1523): StartMediaProjectionManager
02-09 04:21:55.505 I/SystemServiceManager( 1523): Starting com.android.server.media.projection.MediaProjectionManagerService
02-09 04:21:55.507 I/SystemServerTiming( 1523): StartSliceManagerService
02-09 04:21:55.507 I/SystemServiceManager( 1523): Starting com.android.server.slice.SliceManagerService$Lifecycle
02-09 04:21:55.508 I/SystemServerTiming( 1523): StartStatsCompanion
02-09 04:21:55.508 D/BiometricService( 1523): Registering ID: 0 Modality: 2 Strength: 15
02-09 04:21:55.509 D/BiometricStrengthController( 1523): updateStrengths: revert sensorId=0 to oemStrength=15
02-09 04:21:55.509 D/BiometricService/Sensor( 1523): updateStrength: Before(ID(0), oemStrength: 15, updatedStrength: 15, modality 2, state: 0, cookie: 0, props: ID: 0, Strength: 2, Type: 1) After(ID(0), oemStrength: 15, updatedStrength: 15, modality 2, state: 0, cookie: 0, props: ID: 0, Strength: 2, Type: 1)
02-09 04:21:55.513 I/SystemServiceManager( 1523): Starting com.android.server.stats.StatsCompanion$Lifecycle
02-09 04:21:55.514 I/stream_devices_changed( 1523): [3,0,2]
02-09 04:21:55.516 I/SystemServerTiming( 1523): StartRebootReadinessManagerService
02-09 04:21:55.523 I/SystemServiceManager( 1523): Starting com.android.server.scheduling.RebootReadinessManagerService$Lifecycle
01-02 09:38:35.686 I/msm_vidc( 0): high: 00000001: ....d: Opening video instance: 0000000000000000, 1
01-02 09:38:35.686 I/msm_vidc( 0): err : 00000001: ....d: Failed to create debugfs for msm_vidc
02-09 04:21:55.531 I/stream_devices_changed( 1523): [6,0,1]
02-09 04:21:55.532 I/SystemServerTiming( 1523): StartStatsPullAtomService
02-09 04:21:55.532 I/SystemServiceManager( 1523): Starting com.android.server.stats.pull.StatsPullAtomService
02-09 04:21:55.532 I/SystemServerTiming( 1523): StartIncidentCompanionService
02-09 04:21:55.532 I/SystemServiceManager( 1523): Starting com.android.server.incident.IncidentCompanionService
02-09 04:21:55.533 I/SystemServerTiming( 1523): StartMmsService
02-09 04:21:55.533 I/SystemServiceManager( 1523): Starting com.android.server.MmsServiceBroker
02-09 04:21:55.533 I/SystemServerTiming( 1523): StartAutoFillService
02-09 04:21:55.533 I/SystemServiceManager( 1523): Starting com.android.server.autofill.AutofillManagerService
02-09 04:21:55.537 D/SystemServer( 1523): TranslationService not defined by OEM
02-09 04:21:55.537 I/SystemServerTiming( 1523): StartClipboardService
02-09 04:21:55.537 I/SystemServiceManager( 1523): Starting com.android.server.clipboard.ClipboardService
02-09 04:21:55.539 I/SystemServerTiming( 1523): AppServiceManager
02-09 04:21:55.539 I/SystemServiceManager( 1523): Starting com.android.server.appbinding.AppBindingService$Lifecycle
02-09 04:21:55.540 I/SystemServerTiming( 1523): startTracingServiceProxy
02-09 04:21:55.540 I/SystemServiceManager( 1523): Starting com.android.server.tracing.TracingServiceProxy
02-09 04:21:55.541 I/SystemServerTiming( 1523): MakeLockSettingsServiceReady
02-09 04:21:55.545 I/SyntheticPasswordManager( 1523): Device does not support weaver
02-09 04:21:55.548 I/LockSettingsService( 1523): Device doesn't implement AuthSecret HAL
02-09 04:21:55.549 I/SystemServerTiming( 1523): StartBootPhaseLockSettingsReady
02-09 04:21:55.549 I/SystemServiceManager( 1523): Starting phase 480
02-09 04:21:55.549 I/SystemServerTiming( 1523): OnBootPhase_480
02-09 04:21:55.549 I/SystemServerTiming( 1523): OnBootPhase_480_com.android.server.security.FileIntegrityService
02-09 04:21:55.549 I/SystemServerTiming( 1523): OnBootPhase_480_com.android.server.pm.Installer
02-09 04:21:55.549 I/SystemServerTiming( 1523): OnBootPhase_480_com.android.server.os.DeviceIdentifiersPolicyService
02-09 04:21:55.549 I/SystemServerTiming( 1523): OnBootPhase_480_com.android.server.uri.UriGrantsManagerService$Lifecycle
02-09 04:21:55.549 I/SystemServerTiming( 1523): OnBootPhase_480_com.android.server.powerstats.PowerStatsService
02-09 04:21:55.549 I/SystemServerTiming( 1523): OnBootPhase_480_com.android.server.wm.ActivityTaskManagerService$Lifecycle
02-09 04:21:55.549 I/SystemServerTiming( 1523): OnBootPhase_480_com.android.server.am.ActivityManagerService$Lifecycle
02-09 04:21:55.549 I/SystemServerTiming( 1523): OnBootPhase_480_com.android.server.pm.DataLoaderManagerService
02-09 04:21:55.549 I/SystemServerTiming( 1523): OnBootPhase_480_com.android.server.power.PowerManagerService
02-09 04:21:55.549 I/SystemServerTiming( 1523): OnBootPhase_480_com.android.server.power.ThermalManagerService
02-09 04:21:55.549 I/SystemServerTiming( 1523): OnBootPhase_480_com.android.server.power.hint.HintManagerService
02-09 04:21:55.549 I/SystemServerTiming( 1523): OnBootPhase_480_com.android.server.recoverysystem.RecoverySystemService$Lifecycle
02-09 04:21:55.549 I/SystemServerTiming( 1523): OnBootPhase_480_com.android.server.lights.LightsService
02-09 04:21:55.549 I/SystemServerTiming( 1523): OnBootPhase_480_com.android.server.display.DisplayManagerService
02-09 04:21:55.549 I/SystemServerTiming( 1523): OnBootPhase_480_com.android.server.pm.verify.domain.DomainVerificationService
02-09 04:21:55.549 I/SystemServerTiming( 1523): OnBootPhase_480_com.android.server.pm.PackageInstallerService$Lifecycle
02-09 04:21:55.549 I/SystemServerTiming( 1523): OnBootPhase_480_com.android.server.pm.UserManagerService$LifeCycle
02-09 04:21:55.549 I/SystemServerTiming( 1523): OnBootPhase_480_com.android.server.om.OverlayManagerService
02-09 04:21:55.549 I/SystemServerTiming( 1523): OnBootPhase_480_com.android.server.SensorPrivacyService
02-09 04:21:55.549 I/SystemServerTiming( 1523): OnBootPhase_480_com.android.server.thunderperf.ThunderBoostPerfService
02-09 04:21:55.549 I/SystemServerTiming( 1523): OnBootPhase_480_com.android.server.sensors.SensorService
02-09 04:21:55.549 I/SystemServerTiming( 1523): OnBootPhase_480_com.android.server.SystemConfigService
02-09 04:21:55.549 I/SystemServerTiming( 1523): OnBootPhase_480_com.android.server.BatteryService
02-09 04:21:55.549 I/SystemServerTiming( 1523): OnBootPhase_480_com.android.server.usage.UsageStatsService
02-09 04:21:55.549 I/SystemServerTiming( 1523): OnBootPhase_480_com.android.server.webkit.WebViewUpdateService
02-09 04:21:55.549 I/SystemServerTiming( 1523): OnBootPhase_480_com.android.server.CachedDeviceStateService
02-09 04:21:55.549 I/SystemServerTiming( 1523): OnBootPhase_480_com.android.server.BinderCallsStatsService$LifeCycle
02-09 04:21:55.549 I/SystemServerTiming( 1523): OnBootPhase_480_com.android.server.LooperStatsService$Lifecycle
02-09 04:21:55.549 I/SystemServerTiming( 1523): OnBootPhase_480_com.android.server.rollback.RollbackManagerService
02-09 04:21:55.549 I/SystemServerTiming( 1523): OnBootPhase_480_com.android.server.os.NativeTombstoneManagerService
02-09 04:21:55.549 I/SystemServerTiming( 1523): OnBootPhase_480_com.android.server.os.BugreportManagerService
02-09 04:21:55.549 I/SystemServerTiming( 1523): OnBootPhase_480_com.android.server.gpu.GpuService
02-09 04:21:55.549 I/SystemServerTiming( 1523): OnBootPhase_480_com.android.server.security.KeyChainSystemService
02-09 04:21:55.549 I/SystemServerTiming( 1523): OnBootPhase_480_com.android.server.telecom.TelecomLoaderService
02-09 04:21:55.549 I/SystemServerTiming( 1523): OnBootPhase_480_com.android.server.accounts.AccountManagerService$Lifecycle
02-09 04:21:55.549 I/SystemServerTiming( 1523): OnBootPhase_480_com.android.server.content.ContentService$Lifecycle
02-09 04:21:55.549 I/SystemServerTiming( 1523): OnBootPhase_480_com.android.server.DropBoxManagerService
02-09 04:21:55.549 I/SystemServerTiming( 1523): OnBootPhase_480_com.android.role.RoleService
02-09 04:21:55.549 I/SystemServerTiming( 1523): OnBootPhase_480_com.android.server.vibrator.VibratorManagerService$Lifecycle
02-09 04:21:55.549 I/SystemServerTiming( 1523): OnBootPhase_480_com.android.server.alarm.AlarmManagerService
02-09 04:21:55.549 I/SystemServerTiming( 1523): OnBootPhase_480_com.android.server.devicestate.DeviceStateManagerService
02-09 04:21:55.549 I/SystemServerTiming( 1523): OnBootPhase_480_com.android.server.camera.CameraServiceProxy
02-09 04:21:55.549 I/SystemServerTiming( 1523): OnBootPhase_480_com.android.server.BluetoothService
02-09 04:21:55.549 I/SystemServerTiming( 1523): OnBootPhase_480_com.android.server.connectivity.IpConnectivityMetrics
02-09 04:21:55.549 I/SystemServerTiming( 1523): OnBootPhase_480_com.android.server.net.watchlist.NetworkWatchlistService$Lifecycle
02-09 04:21:55.549 I/SystemServerTiming( 1523): OnBootPhase_480_com.android.server.PinnerService
02-09 04:21:55.549 I/SystemServerTiming( 1523): OnBootPhase_480_com.google.android.startop.iorap.IorapForwardingService
02-09 04:21:55.549 I/SystemServerTiming( 1523): OnBootPhase_480_com.android.server.ActivityTriggerService
02-09 04:21:55.549 I/SystemServerTiming( 1523): OnBootPhase_480_com.android.server.integrity.AppIntegrityManagerService
02-09 04:21:55.549 I/SystemServerTiming( 1523): OnBootPhase_480_com.android.server.inputmethod.InputMethodManagerService$Lifecycle
02-09 04:21:55.549 I/SystemServerTiming( 1523): OnBootPhase_480_com.android.server.accessibility.AccessibilityManagerService$Lifecycle
02-09 04:21:55.549 I/SystemServerTiming( 1523): OnBootPhase_480_com.android.server.StorageManagerService$Lifecycle
02-09 04:21:55.549 I/SystemServerTiming( 1523): OnBootPhase_480_com.android.server.usage.StorageStatsService$Lifecycle
02-09 04:21:55.549 I/SystemServerTiming( 1523): OnBootPhase_480_com.android.server.UiModeManagerService
02-09 04:21:55.549 I/SystemServerTiming( 1523): OnBootPhase_480_com.android.server.locksettings.LockSettingsService$Lifecycle
02-09 04:21:55.549 I/SystemServerTiming( 1523): OnBootPhase_480_com.android.server.PersistentDataBlockService
02-09 04:21:55.549 I/SystemServerTiming( 1523): OnBootPhase_480_com.android.server.testharness.TestHarnessModeService
02-09 04:21:55.549 I/SystemServerTiming( 1523): OnBootPhase_480_com.android.server.oemlock.OemLockService
02-09 04:21:55.549 I/SystemServerTiming( 1523): OnBootPhase_480_com.android.server.DeviceIdleController
02-09 04:21:55.549 I/SystemServerTiming( 1523): OnBootPhase_480_com.android.server.devicepolicy.DevicePolicyManagerService$Lifecycle
02-09 04:21:55.551 I/DevicePolicyManager( 1523): Current version 2, latest version 2, not upgrading.
02-09 04:21:55.552 E/ActivityManager( 1523): Attempt to launch receivers of broadcast intent Intent { act=android.app.action.STATSD_STARTED flg=0x1000000 } before boot completion
02-09 04:21:55.554 I/SystemServerTiming( 1523): OnBootPhase_480_com.android.server.texttospeech.TextToSpeechManagerService
02-09 04:21:55.554 I/SystemServerTimingAsync( 1523): InitThreadPoolExec:DevicePolicyManager
02-09 04:21:55.554 I/SystemServerTiming( 1523): OnBootPhase_480_com.android.server.speech.SpeechRecognitionManagerService
02-09 04:21:55.554 I/SystemServerTiming( 1523): OnBootPhase_480_com.android.server.searchui.SearchUiManagerService
02-09 04:21:55.554 I/SystemServerTiming( 1523): OnBootPhase_480_com.android.server.smartspace.SmartspaceManagerService
02-09 04:21:55.554 I/SystemServerTiming( 1523): OnBootPhase_480_com.android.server.graphics.fonts.FontManagerService$Lifecycle
02-09 04:21:55.554 I/SystemServerTiming( 1523): OnBootPhase_480_com.android.server.textservices.TextServicesManagerService$Lifecycle
02-09 04:21:55.554 I/SystemServerTiming( 1523): OnBootPhase_480_com.android.server.textclassifier.TextClassificationManagerService$Lifecycle
02-09 04:21:55.554 I/SystemServerTiming( 1523): OnBootPhase_480_com.android.server.NetworkScoreService$Lifecycle
02-09 04:21:55.554 I/SystemServerTiming( 1523): OnBootPhase_480_com.android.server.wifi.WifiService
02-09 04:21:55.554 I/SystemServerTiming( 1523): OnBootPhase_480_com.android.server.wifi.scanner.WifiScanningService
02-09 04:21:55.554 I/SystemServerTiming( 1523): OnBootPhase_480_com.android.server.wifi.rtt.RttService
02-09 04:21:55.554 I/SystemServerTiming( 1523): OnBootPhase_480_com.android.server.wifi.aware.WifiAwareService
02-09 04:21:55.554 I/SystemServerTiming( 1523): OnBootPhase_480_com.android.server.wifi.p2p.WifiP2pService
02-09 04:21:55.554 I/SystemServerTiming( 1523): OnBootPhase_480_com.android.server.ethernet.EthernetService
02-09 04:21:55.554 I/SystemServerTiming( 1523): OnBootPhase_480_com.android.server.ConnectivityServiceInitializer
02-09 04:21:55.554 I/SystemServerTiming( 1523): OnBootPhase_480_com.android.server.notification.NotificationManagerService
02-09 04:21:55.554 I/SystemServerTiming( 1523): OnBootPhase_480_com.android.server.storage.DeviceStorageMonitorService
02-09 04:21:55.554 I/SystemServerTiming( 1523): OnBootPhase_480_com.android.server.location.LocationManagerService$Lifecycle
02-09 04:21:55.554 I/SystemServerTiming( 1523): OnBootPhase_480_com.android.server.timedetector.TimeDetectorService$Lifecycle
02-09 04:21:55.554 I/SystemServerTiming( 1523): OnBootPhase_480_com.android.server.timezonedetector.TimeZoneDetectorService$Lifecycle
02-09 04:21:55.554 I/SystemServerTiming( 1523): OnBootPhase_480_com.android.server.timezonedetector.location.LocationTimeZoneManagerService$Lifecycle
02-09 04:21:55.554 I/SystemServerTiming( 1523): OnBootPhase_480_com.android.server.search.SearchManagerService$Lifecycle
02-09 04:21:55.554 I/SystemServerTiming( 1523): OnBootPhase_480_com.android.server.wallpaper.WallpaperManagerService$Lifecycle
02-09 04:21:55.554 I/SystemServerTiming( 1523): OnBootPhase_480_com.android.server.audio.AudioService$Lifecycle
02-09 04:21:55.554 I/SystemServerTiming( 1523): OnBootPhase_480_com.android.server.soundtrigger_middleware.SoundTriggerMiddlewareService$Lifecycle
02-09 04:21:55.554 I/SystemServerTiming( 1523): OnBootPhase_480_com.android.server.DockObserver
02-09 04:21:55.554 I/SystemServerTiming( 1523): OnBootPhase_480_com.android.server.midi.MidiService$Lifecycle
02-09 04:21:55.554 I/SystemServerTiming( 1523): OnBootPhase_480_com.android.server.adb.AdbService$Lifecycle
02-09 04:21:55.554 I/SystemServerTiming( 1523): OnBootPhase_480_com.android.server.usb.UsbService$Lifecycle
02-09 04:21:55.554 I/SystemServerTiming( 1523): OnBootPhase_480_com.android.server.twilight.TwilightService
02-09 04:21:55.554 I/SystemServerTiming( 1523): OnBootPhase_480_com.android.server.display.color.ColorDisplayService
02-09 04:21:55.554 I/SystemServerTiming( 1523): OnBootPhase_480_com.android.server.job.JobSchedulerService
02-09 04:21:55.554 I/SystemServerTiming( 1523): OnBootPhase_480_com.android.server.soundtrigger.SoundTriggerService
02-09 04:21:55.554 D/SoundTriggerService( 1523): onBootPhase: 480 : false
02-09 04:21:55.554 I/SystemServerTiming( 1523): OnBootPhase_480_com.android.server.trust.TrustManagerService
02-09 04:21:55.554 I/SystemServerTiming( 1523): OnBootPhase_480_com.android.server.backup.BackupManagerService$Lifecycle
02-09 04:21:55.554 I/SystemServerTiming( 1523): OnBootPhase_480_com.android.server.appwidget.AppWidgetService
02-09 04:21:55.554 I/SystemServerTiming( 1523): OnBootPhase_480_com.android.server.voiceinteraction.VoiceInteractionManagerService
02-09 04:21:55.554 I/SystemServerTiming( 1523): OnBootPhase_480_com.android.server.apphibernation.AppHibernationService
02-09 04:21:55.554 I/SystemServerTiming( 1523): OnBootPhase_480_com.android.server.SensorNotificationService
02-09 04:21:55.554 I/SystemServerTiming( 1523): OnBootPhase_480_com.android.server.emergency.EmergencyAffordanceService
02-09 04:21:55.554 I/SystemServerTiming( 1523): OnBootPhase_480_com.android.server.blob.BlobStoreManagerService
02-09 04:21:55.554 I/SystemServerTiming( 1523): OnBootPhase_480_com.android.server.dreams.DreamManagerService
02-09 04:21:55.554 I/SystemServerTiming( 1523): OnBootPhase_480_com.android.server.companion.CompanionDeviceManagerService
02-09 04:21:55.554 I/SystemServerTiming( 1523): OnBootPhase_480_com.android.server.restrictions.RestrictionsManagerService
02-09 04:21:55.554 I/SystemServerTiming( 1523): OnBootPhase_480_com.android.server.media.MediaSessionService
02-09 04:21:55.554 I/SystemServerTiming( 1523): OnBootPhase_480_com.android.server.media.MediaResourceMonitorService
02-09 04:21:55.554 I/SystemServerTiming( 1523): OnBootPhase_480_com.android.server.biometrics.sensors.fingerprint.FingerprintService
02-09 04:21:55.554 I/SystemServerTiming( 1523): OnBootPhase_480_com.android.server.biometrics.BiometricService
02-09 04:21:55.554 I/SystemServerTiming( 1523): OnBootPhase_480_com.android.server.biometrics.AuthService
02-09 04:21:55.554 I/SystemServerTiming( 1523): OnBootPhase_480_com.android.server.pm.ShortcutService$Lifecycle
02-09 04:21:55.556 W/ShortcutService( 1523): Clock rewound
02-09 04:21:55.556 I/SystemServerTiming( 1523): OnBootPhase_480_com.android.server.pm.LauncherAppsService
02-09 04:21:55.556 I/SystemServerTiming( 1523): OnBootPhase_480_com.android.server.pm.CrossProfileAppsService
02-09 04:21:55.556 I/SystemServerTiming( 1523): OnBootPhase_480_com.android.server.people.PeopleService
02-09 04:21:55.556 I/SystemServerTiming( 1523): OnBootPhase_480_com.android.server.media.metrics.MediaMetricsManagerService
02-09 04:21:55.556 I/SystemServerTiming( 1523): OnBootPhase_480_com.android.server.media.projection.MediaProjectionManagerService
02-09 04:21:55.556 I/SystemServerTiming( 1523): OnBootPhase_480_com.android.server.slice.SliceManagerService$Lifecycle
02-09 04:21:55.556 I/SystemServerTiming( 1523): OnBootPhase_480_com.android.server.stats.StatsCompanion$Lifecycle
